Apr 11 17:02:26.800066 np0000165178 neutron-periodic-workers[105947]: DEBUG cotyledon.oslo_config_glue [-] ml2.overlay_ip_version = 4 {{(pid=105947) log_opt_values /opt/stack/data/venv/lib/python3.12/site-packages/oslo_config/cfg.py:3006}}
Apr 11 17:02:26.800066 np0000165178 neutron-periodic-workers[105947]: DEBUG cotyledon.oslo_config_glue [-] ml2.path_mtu = 0 {{(pid=105947) log_opt_values /opt/stack/data/venv/lib/python3.12/site-packages/oslo_config/cfg.py:3006}}
Apr 11 17:02:26.800066 np0000165178 neutron-periodic-workers[105947]: DEBUG cotyledon.oslo_config_glue [-] ml2.physical_network_mtus = {} {{(pid=105947) log_opt_values /opt/stack/data/venv/lib/python3.12/site-packages/oslo_config/cfg.py:3006}}
Apr 11 17:02:26.800066 np0000165178 neutron-periodic-workers[105947]: DEBUG cotyledon.oslo_config_glue [-] ml2.project_network_types = ['geneve'] {{(pid=105947) log_opt_values /opt/stack/data/venv/lib/python3.12/site-packages/oslo_config/cfg.py:3006}}
Apr 11 17:02:26.800066 np0000165178 neutron-periodic-workers[105947]: DEBUG cotyledon.oslo_config_glue [-] ml2.tunnelled_network_rp_name = rp_tunnelled {{(pid=105947) log_opt_values /opt/stack/data/venv/lib/python3.12/site-packages/oslo_config/cfg.py:3006}}
Apr 11 17:02:26.800066 np0000165178 neutron-periodic-workers[105947]: DEBUG cotyledon.oslo_config_glue [-] ml2.type_drivers = ['local', 'flat', 'vlan', 'geneve'] {{(pid=105947) log_opt_values /opt/stack/data/venv/lib/python3.12/site-packages/oslo_config/cfg.py:3006}}
Apr 11 17:02:26.800066 np0000165178 neutron-periodic-workers[105947]: DEBUG cotyledon.oslo_config_glue [-] ml2_type_flat.flat_networks = ['public'] {{(pid=105947) log_opt_values /opt/stack/data/venv/lib/python3.12/site-packages/oslo_config/cfg.py:3006}}
Apr 11 17:02:26.800066 np0000165178 neutron-periodic-workers[105947]: DEBUG cotyledon.oslo_config_glue [-] ml2_type_geneve.max_header_size = 38 {{(pid=105947) log_opt_values /opt/stack/data/venv/lib/python3.12/site-packages/oslo_config/cfg.py:3006}}
Apr 11 17:02:26.800285 np0000165178 neutron-periodic-workers[105947]: DEBUG cotyledon.oslo_config_glue [-] ml2_type_geneve.vni_ranges = ['1:65536'] {{(pid=105947) log_opt_values /opt/stack/data/venv/lib/python3.12/site-packages/oslo_config/cfg.py:3006}}
Apr 11 17:02:26.800285 np0000165178 neutron-periodic-workers[105947]: DEBUG cotyledon.oslo_config_glue [-] ml2_type_vlan.network_vlan_ranges = ['public'] {{(pid=105947) log_opt_values /opt/stack/data/venv/lib/python3.12/site-packages/oslo_config/cfg.py:3006}}
Apr 11 17:02:26.800285 np0000165178 neutron-periodic-workers[105947]: DEBUG cotyledon.oslo_config_glue [-] network_log.burst_limit = 25 {{(pid=105947) log_opt_values /opt/stack/data/venv/lib/python3.12/site-packages/oslo_config/cfg.py:3006}}
Apr 11 17:02:26.800285 np0000165178 neutron-periodic-workers[105947]: DEBUG cotyledon.oslo_config_glue [-] network_log.local_output_log_base = None {{(pid=105947) log_opt_values /opt/stack/data/venv/lib/python3.12/site-packages/oslo_config/cfg.py:3006}}
Apr 11 17:02:26.800285 np0000165178 neutron-periodic-workers[105947]: DEBUG cotyledon.oslo_config_glue [-] network_log.rate_limit = 100 {{(pid=105947) log_opt_values /opt/stack/data/venv/lib/python3.12/site-packages/oslo_config/cfg.py:3006}}
Apr 11 17:02:26.800285 np0000165178 neutron-periodic-workers[105947]: DEBUG cotyledon.oslo_config_glue [-] database.asyncio_connection = **** {{(pid=105947) log_opt_values /opt/stack/data/venv/lib/python3.12/site-packages/oslo_config/cfg.py:3006}}
Apr 11 17:02:26.800285 np0000165178 neutron-periodic-workers[105947]: DEBUG cotyledon.oslo_config_glue [-] database.asyncio_slave_connection = **** {{(pid=105947) log_opt_values /opt/stack/data/venv/lib/python3.12/site-packages/oslo_config/cfg.py:3006}}
Apr 11 17:02:26.800285 np0000165178 neutron-periodic-workers[105947]: DEBUG cotyledon.oslo_config_glue [-] database.backend = sqlalchemy {{(pid=105947) log_opt_values /opt/stack/data/venv/lib/python3.12/site-packages/oslo_config/cfg.py:3006}}
Apr 11 17:02:26.800285 np0000165178 neutron-periodic-workers[105947]: DEBUG cotyledon.oslo_config_glue [-] database.connection = **** {{(pid=105947) log_opt_values /opt/stack/data/venv/lib/python3.12/site-packages/oslo_config/cfg.py:3006}}
Apr 11 17:02:26.800491 np0000165178 neutron-periodic-workers[105947]: DEBUG cotyledon.oslo_config_glue [-] database.connection_debug = 0 {{(pid=105947) log_opt_values /opt/stack/data/venv/lib/python3.12/site-packages/oslo_config/cfg.py:3006}}
Apr 11 17:02:26.800491 np0000165178 neutron-periodic-workers[105947]: DEBUG cotyledon.oslo_config_glue [-] database.connection_parameters = {{(pid=105947) log_opt_values /opt/stack/data/venv/lib/python3.12/site-packages/oslo_config/cfg.py:3006}}
Apr 11 17:02:26.800491 np0000165178 neutron-periodic-workers[105947]: DEBUG cotyledon.oslo_config_glue [-] database.connection_recycle_time = 3600 {{(pid=105947) log_opt_values /opt/stack/data/venv/lib/python3.12/site-packages/oslo_config/cfg.py:3006}}
Apr 11 17:02:26.800491 np0000165178 neutron-periodic-workers[105947]: DEBUG cotyledon.oslo_config_glue [-] database.connection_trace = False {{(pid=105947) log_opt_values /opt/stack/data/venv/lib/python3.12/site-packages/oslo_config/cfg.py:3006}}
Apr 11 17:02:26.800491 np0000165178 neutron-periodic-workers[105947]: DEBUG cotyledon.oslo_config_glue [-] database.db_inc_retry_interval = True {{(pid=105947) log_opt_values /opt/stack/data/venv/lib/python3.12/site-packages/oslo_config/cfg.py:3006}}
Apr 11 17:02:26.800491 np0000165178 neutron-periodic-workers[105947]: DEBUG cotyledon.oslo_config_glue [-] database.db_max_retries = 20 {{(pid=105947) log_opt_values /opt/stack/data/venv/lib/python3.12/site-packages/oslo_config/cfg.py:3006}}
Apr 11 17:02:26.800491 np0000165178 neutron-periodic-workers[105947]: DEBUG cotyledon.oslo_config_glue [-] database.db_max_retry_interval = 10 {{(pid=105947) log_opt_values /opt/stack/data/venv/lib/python3.12/site-packages/oslo_config/cfg.py:3006}}
Apr 11 17:02:26.800491 np0000165178 neutron-periodic-workers[105947]: DEBUG cotyledon.oslo_config_glue [-] database.db_retry_interval = 1 {{(pid=105947) log_opt_values /opt/stack/data/venv/lib/python3.12/site-packages/oslo_config/cfg.py:3006}}
Apr 11 17:02:26.800491 np0000165178 neutron-periodic-workers[105947]: DEBUG cotyledon.oslo_config_glue [-] database.max_overflow = 50 {{(pid=105947) log_opt_values /opt/stack/data/venv/lib/python3.12/site-packages/oslo_config/cfg.py:3006}}
Apr 11 17:02:26.800705 np0000165178 neutron-periodic-workers[105947]: DEBUG cotyledon.oslo_config_glue [-] database.max_pool_size = 5 {{(pid=105947) log_opt_values /opt/stack/data/venv/lib/python3.12/site-packages/oslo_config/cfg.py:3006}}
Apr 11 17:02:26.800705 np0000165178 neutron-periodic-workers[105947]: DEBUG cotyledon.oslo_config_glue [-] database.max_retries = 10 {{(pid=105947) log_opt_values /opt/stack/data/venv/lib/python3.12/site-packages/oslo_config/cfg.py:3006}}
Apr 11 17:02:26.800705 np0000165178 neutron-periodic-workers[105947]: DEBUG cotyledon.oslo_config_glue [-] database.mysql_sql_mode = TRADITIONAL {{(pid=105947) log_opt_values /opt/stack/data/venv/lib/python3.12/site-packages/oslo_config/cfg.py:3006}}
Apr 11 17:02:26.800705 np0000165178 neutron-periodic-workers[105947]: DEBUG cotyledon.oslo_config_glue [-] database.mysql_wsrep_sync_wait = None {{(pid=105947) log_opt_values /opt/stack/data/venv/lib/python3.12/site-packages/oslo_config/cfg.py:3006}}
Apr 11 17:02:26.800705 np0000165178 neutron-periodic-workers[105947]: DEBUG cotyledon.oslo_config_glue [-] database.pool_timeout = None {{(pid=105947) log_opt_values /opt/stack/data/venv/lib/python3.12/site-packages/oslo_config/cfg.py:3006}}
Apr 11 17:02:26.800705 np0000165178 neutron-periodic-workers[105947]: DEBUG cotyledon.oslo_config_glue [-] database.retry_interval = 10 {{(pid=105947) log_opt_values /opt/stack/data/venv/lib/python3.12/site-packages/oslo_config/cfg.py:3006}}
Apr 11 17:02:26.800705 np0000165178 neutron-periodic-workers[105947]: DEBUG cotyledon.oslo_config_glue [-] database.slave_connection = **** {{(pid=105947) log_opt_values /opt/stack/data/venv/lib/python3.12/site-packages/oslo_config/cfg.py:3006}}
Apr 11 17:02:26.800705 np0000165178 neutron-periodic-workers[105947]: DEBUG cotyledon.oslo_config_glue [-] database.sqlite_synchronous = True {{(pid=105947) log_opt_values /opt/stack/data/venv/lib/python3.12/site-packages/oslo_config/cfg.py:3006}}
Apr 11 17:02:26.800705 np0000165178 neutron-periodic-workers[105947]: DEBUG cotyledon.oslo_config_glue [-] database.synchronous_reader = True {{(pid=105947) log_opt_values /opt/stack/data/venv/lib/python3.12/site-packages/oslo_config/cfg.py:3006}}
Apr 11 17:02:26.800914 np0000165178 neutron-periodic-workers[105947]: DEBUG cotyledon.oslo_config_glue [-] database.use_db_reconnect = False {{(pid=105947) log_opt_values /opt/stack/data/venv/lib/python3.12/site-packages/oslo_config/cfg.py:3006}}
Apr 11 17:02:26.800914 np0000165178 neutron-periodic-workers[105947]: DEBUG cotyledon.oslo_config_glue [-] ovn.bfd_min_rx = 1000 {{(pid=105947) log_opt_values /opt/stack/data/venv/lib/python3.12/site-packages/oslo_config/cfg.py:3006}}
Apr 11 17:02:26.800914 np0000165178 neutron-periodic-workers[105947]: DEBUG cotyledon.oslo_config_glue [-] ovn.bfd_min_tx = 100 {{(pid=105947) log_opt_values /opt/stack/data/venv/lib/python3.12/site-packages/oslo_config/cfg.py:3006}}
Apr 11 17:02:26.800914 np0000165178 neutron-periodic-workers[105947]: DEBUG cotyledon.oslo_config_glue [-] ovn.bfd_mult = 3 {{(pid=105947) log_opt_values /opt/stack/data/venv/lib/python3.12/site-packages/oslo_config/cfg.py:3006}}
Apr 11 17:02:26.800914 np0000165178 neutron-periodic-workers[105947]: DEBUG cotyledon.oslo_config_glue [-] ovn.broadcast_arps_to_all_routers = True {{(pid=105947) log_opt_values /opt/stack/data/venv/lib/python3.12/site-packages/oslo_config/cfg.py:3006}}
Apr 11 17:02:26.800914 np0000165178 neutron-periodic-workers[105947]: DEBUG cotyledon.oslo_config_glue [-] ovn.dhcp_default_lease_time = 43200 {{(pid=105947) log_opt_values /opt/stack/data/venv/lib/python3.12/site-packages/oslo_config/cfg.py:3006}}
Apr 11 17:02:26.800914 np0000165178 neutron-periodic-workers[105947]: DEBUG cotyledon.oslo_config_glue [-] ovn.disable_ovn_dhcp_for_baremetal_ports = False {{(pid=105947) log_opt_values /opt/stack/data/venv/lib/python3.12/site-packages/oslo_config/cfg.py:3006}}
Apr 11 17:02:26.800914 np0000165178 neutron-periodic-workers[105947]: DEBUG cotyledon.oslo_config_glue [-] ovn.dns_records_ovn_owned = False {{(pid=105947) log_opt_values /opt/stack/data/venv/lib/python3.12/site-packages/oslo_config/cfg.py:3006}}
Apr 11 17:02:26.800914 np0000165178 neutron-periodic-workers[105947]: DEBUG cotyledon.oslo_config_glue [-] ovn.dns_servers = [] {{(pid=105947) log_opt_values /opt/stack/data/venv/lib/python3.12/site-packages/oslo_config/cfg.py:3006}}
Apr 11 17:02:26.801119 np0000165178 neutron-periodic-workers[105947]: DEBUG cotyledon.oslo_config_glue [-] ovn.enable_distributed_floating_ip = False {{(pid=105947) log_opt_values /opt/stack/data/venv/lib/python3.12/site-packages/oslo_config/cfg.py:3006}}
Apr 11 17:02:26.801119 np0000165178 neutron-periodic-workers[105947]: DEBUG cotyledon.oslo_config_glue [-] ovn.fdb_age_threshold = 300 {{(pid=105947) log_opt_values /opt/stack/data/venv/lib/python3.12/site-packages/oslo_config/cfg.py:3006}}
Apr 11 17:02:26.801119 np0000165178 neutron-periodic-workers[105947]: DEBUG cotyledon.oslo_config_glue [-] ovn.ha_failover_strategy = normal {{(pid=105947) log_opt_values /opt/stack/data/venv/lib/python3.12/site-packages/oslo_config/cfg.py:3006}}
Apr 11 17:02:26.801119 np0000165178 neutron-periodic-workers[105947]: DEBUG cotyledon.oslo_config_glue [-] ovn.live_migration_activation_strategy = rarp {{(pid=105947) log_opt_values /opt/stack/data/venv/lib/python3.12/site-packages/oslo_config/cfg.py:3006}}
Apr 11 17:02:26.801119 np0000165178 neutron-periodic-workers[105947]: DEBUG cotyledon.oslo_config_glue [-] ovn.localnet_learn_fdb = False {{(pid=105947) log_opt_values /opt/stack/data/venv/lib/python3.12/site-packages/oslo_config/cfg.py:3006}}
Apr 11 17:02:26.801119 np0000165178 neutron-periodic-workers[105947]: DEBUG cotyledon.oslo_config_glue [-] ovn.mac_binding_age_threshold = 300 {{(pid=105947) log_opt_values /opt/stack/data/venv/lib/python3.12/site-packages/oslo_config/cfg.py:3006}}
Apr 11 17:02:26.801119 np0000165178 neutron-periodic-workers[105947]: DEBUG cotyledon.oslo_config_glue [-] ovn.neutron_sync_mode = log {{(pid=105947) log_opt_values /opt/stack/data/venv/lib/python3.12/site-packages/oslo_config/cfg.py:3006}}
Apr 11 17:02:26.801119 np0000165178 neutron-periodic-workers[105947]: DEBUG cotyledon.oslo_config_glue [-] ovn.ovn_dhcp4_global_options = {} {{(pid=105947) log_opt_values /opt/stack/data/venv/lib/python3.12/site-packages/oslo_config/cfg.py:3006}}
Apr 11 17:02:26.801119 np0000165178 neutron-periodic-workers[105947]: DEBUG cotyledon.oslo_config_glue [-] ovn.ovn_dhcp6_global_options = {} {{(pid=105947) log_opt_values /opt/stack/data/venv/lib/python3.12/site-packages/oslo_config/cfg.py:3006}}
Apr 11 17:02:26.801348 np0000165178 neutron-periodic-workers[105947]: DEBUG cotyledon.oslo_config_glue [-] ovn.ovn_l3_scheduler = leastloaded {{(pid=105947) log_opt_values /opt/stack/data/venv/lib/python3.12/site-packages/oslo_config/cfg.py:3006}}
Apr 11 17:02:26.801348 np0000165178 neutron-periodic-workers[105947]: DEBUG cotyledon.oslo_config_glue [-] ovn.ovn_metadata_enabled = True {{(pid=105947) log_opt_values /opt/stack/data/venv/lib/python3.12/site-packages/oslo_config/cfg.py:3006}}
Apr 11 17:02:26.801348 np0000165178 neutron-periodic-workers[105947]: DEBUG cotyledon.oslo_config_glue [-] ovn.ovn_nb_ca_cert = /opt/stack/data/CA/int-ca/ca-chain.pem {{(pid=105947) log_opt_values /opt/stack/data/venv/lib/python3.12/site-packages/oslo_config/cfg.py:3006}}
Apr 11 17:02:26.801348 np0000165178 neutron-periodic-workers[105947]: DEBUG cotyledon.oslo_config_glue [-] ovn.ovn_nb_certificate = /opt/stack/data/CA/int-ca/devstack-cert.crt {{(pid=105947) log_opt_values /opt/stack/data/venv/lib/python3.12/site-packages/oslo_config/cfg.py:3006}}
Apr 11 17:02:26.801348 np0000165178 neutron-periodic-workers[105947]: DEBUG cotyledon.oslo_config_glue [-] ovn.ovn_nb_connection = ['ssl:162.253.55.200:6641'] {{(pid=105947) log_opt_values /opt/stack/data/venv/lib/python3.12/site-packages/oslo_config/cfg.py:3006}}
Apr 11 17:02:26.801348 np0000165178 neutron-periodic-workers[105947]: DEBUG cotyledon.oslo_config_glue [-] ovn.ovn_nb_private_key = /opt/stack/data/CA/int-ca/private/devstack-cert.key {{(pid=105947) log_opt_values /opt/stack/data/venv/lib/python3.12/site-packages/oslo_config/cfg.py:3006}}
Apr 11 17:02:26.801348 np0000165178 neutron-periodic-workers[105947]: DEBUG cotyledon.oslo_config_glue [-] ovn.ovn_router_indirect_snat = False {{(pid=105947) log_opt_values /opt/stack/data/venv/lib/python3.12/site-packages/oslo_config/cfg.py:3006}}
Apr 11 17:02:26.801348 np0000165178 neutron-periodic-workers[105947]: DEBUG cotyledon.oslo_config_glue [-] ovn.ovn_sb_ca_cert = /opt/stack/data/CA/int-ca/ca-chain.pem {{(pid=105947) log_opt_values /opt/stack/data/venv/lib/python3.12/site-packages/oslo_config/cfg.py:3006}}
Apr 11 17:02:26.801534 np0000165178 neutron-periodic-workers[105947]: DEBUG cotyledon.oslo_config_glue [-] ovn.ovn_sb_certificate = /opt/stack/data/CA/int-ca/devstack-cert.crt {{(pid=105947) log_opt_values /opt/stack/data/venv/lib/python3.12/site-packages/oslo_config/cfg.py:3006}}
Apr 11 17:02:26.801534 np0000165178 neutron-periodic-workers[105947]: DEBUG cotyledon.oslo_config_glue [-] ovn.ovn_sb_connection = ['ssl:162.253.55.200:6642'] {{(pid=105947) log_opt_values /opt/stack/data/venv/lib/python3.12/site-packages/oslo_config/cfg.py:3006}}
Apr 11 17:02:26.801534 np0000165178 neutron-periodic-workers[105947]: DEBUG cotyledon.oslo_config_glue [-] ovn.ovn_sb_private_key = /opt/stack/data/CA/int-ca/private/devstack-cert.key {{(pid=105947) log_opt_values /opt/stack/data/venv/lib/python3.12/site-packages/oslo_config/cfg.py:3006}}
Apr 11 17:02:26.801534 np0000165178 neutron-periodic-workers[105947]: DEBUG cotyledon.oslo_config_glue [-] ovn.ovs_create_tap = False {{(pid=105947) log_opt_values /opt/stack/data/venv/lib/python3.12/site-packages/oslo_config/cfg.py:3006}}
Apr 11 17:02:26.801534 np0000165178 neutron-periodic-workers[105947]: DEBUG cotyledon.oslo_config_glue [-] ovn.ovsdb_connection_timeout = 180 {{(pid=105947) log_opt_values /opt/stack/data/venv/lib/python3.12/site-packages/oslo_config/cfg.py:3006}}
Apr 11 17:02:26.801534 np0000165178 neutron-periodic-workers[105947]: DEBUG cotyledon.oslo_config_glue [-] ovn.ovsdb_log_level = INFO {{(pid=105947) log_opt_values /opt/stack/data/venv/lib/python3.12/site-packages/oslo_config/cfg.py:3006}}
Apr 11 17:02:26.801534 np0000165178 neutron-periodic-workers[105947]: DEBUG cotyledon.oslo_config_glue [-] ovn.ovsdb_probe_interval = 60000 {{(pid=105947) log_opt_values /opt/stack/data/venv/lib/python3.12/site-packages/oslo_config/cfg.py:3006}}
Apr 11 17:02:26.801534 np0000165178 neutron-periodic-workers[105947]: DEBUG cotyledon.oslo_config_glue [-] ovn.ovsdb_retry_max_interval = 180 {{(pid=105947) log_opt_values /opt/stack/data/venv/lib/python3.12/site-packages/oslo_config/cfg.py:3006}}
Apr 11 17:02:26.801534 np0000165178 neutron-periodic-workers[105947]: DEBUG cotyledon.oslo_config_glue [-] ovn.stateless_nat_enabled = False {{(pid=105947) log_opt_values /opt/stack/data/venv/lib/python3.12/site-packages/oslo_config/cfg.py:3006}}
Apr 11 17:02:26.801738 np0000165178 neutron-periodic-workers[105947]: DEBUG cotyledon.oslo_config_glue [-] ovn.vhost_sock_dir = /var/run/openvswitch {{(pid=105947) log_opt_values /opt/stack/data/venv/lib/python3.12/site-packages/oslo_config/cfg.py:3006}}
Apr 11 17:02:26.801738 np0000165178 neutron-periodic-workers[105947]: DEBUG cotyledon.oslo_config_glue [-] OVS.bridge_mac_table_size = 50000 {{(pid=105947) log_opt_values /opt/stack/data/venv/lib/python3.12/site-packages/oslo_config/cfg.py:3006}}
Apr 11 17:02:26.801738 np0000165178 neutron-periodic-workers[105947]: DEBUG cotyledon.oslo_config_glue [-] OVS.igmp_flood = False {{(pid=105947) log_opt_values /opt/stack/data/venv/lib/python3.12/site-packages/oslo_config/cfg.py:3006}}
Apr 11 17:02:26.801738 np0000165178 neutron-periodic-workers[105947]: DEBUG cotyledon.oslo_config_glue [-] OVS.igmp_flood_reports = True {{(pid=105947) log_opt_values /opt/stack/data/venv/lib/python3.12/site-packages/oslo_config/cfg.py:3006}}
Apr 11 17:02:26.801738 np0000165178 neutron-periodic-workers[105947]: DEBUG cotyledon.oslo_config_glue [-] OVS.igmp_flood_unregistered = False {{(pid=105947) log_opt_values /opt/stack/data/venv/lib/python3.12/site-packages/oslo_config/cfg.py:3006}}
Apr 11 17:02:26.801738 np0000165178 neutron-periodic-workers[105947]: DEBUG cotyledon.oslo_config_glue [-] OVS.igmp_snooping_enable = False {{(pid=105947) log_opt_values /opt/stack/data/venv/lib/python3.12/site-packages/oslo_config/cfg.py:3006}}
Apr 11 17:02:26.801738 np0000165178 neutron-periodic-workers[105947]: DEBUG cotyledon.oslo_config_glue [-] OVS.ovsdb_timeout = 10 {{(pid=105947) log_opt_values /opt/stack/data/venv/lib/python3.12/site-packages/oslo_config/cfg.py:3006}}
Apr 11 17:02:26.801738 np0000165178 neutron-periodic-workers[105947]: DEBUG cotyledon.oslo_config_glue [-] ovn_nb_global.fdb_removal_limit = 0 {{(pid=105947) log_opt_values /opt/stack/data/venv/lib/python3.12/site-packages/oslo_config/cfg.py:3006}}
Apr 11 17:02:26.801738 np0000165178 neutron-periodic-workers[105947]: DEBUG cotyledon.oslo_config_glue [-] ovn_nb_global.ignore_lsp_down = False {{(pid=105947) log_opt_values /opt/stack/data/venv/lib/python3.12/site-packages/oslo_config/cfg.py:3006}}
Apr 11 17:02:26.801943 np0000165178 neutron-periodic-workers[105947]: DEBUG cotyledon.oslo_config_glue [-] ovn_nb_global.mac_binding_removal_limit = 0 {{(pid=105947) log_opt_values /opt/stack/data/venv/lib/python3.12/site-packages/oslo_config/cfg.py:3006}}
Apr 11 17:02:26.801943 np0000165178 neutron-periodic-workers[105947]: DEBUG cotyledon.oslo_config_glue [-] ******************************************************************************** {{(pid=105947) log_opt_values /opt/stack/data/venv/lib/python3.12/site-packages/oslo_config/cfg.py:3013}}
Apr 11 17:02:26.801943 np0000165178 neutron-periodic-workers[105947]: DEBUG cotyledon._service_worker [-] Run service ServiceWrapper(0) [105947] {{(pid=105947) wait_forever /opt/stack/data/venv/lib/python3.12/site-packages/cotyledon/_service_worker.py:218}}
Apr 11 17:02:36.438962 np0000165178 neutron-periodic-workers[105101]: DEBUG dbcounter [-] [105101] Writing DB stats neutron:SELECT=4 {{(pid=105101) stat_writer /opt/stack/data/venv/lib/python3.12/site-packages/dbcounter.py:115}}
Apr 11 17:03:07.777423 np0000165178 neutron-periodic-workers[105932]: DEBUG oslo_db.sqlalchemy.engines [None req-311c8bfb-bbd2-449b-bfd5-46819383461c None None] Parent process 105101 forked (105932) with an open database connection, which is being discarded and recreated. {{(pid=105932) checkout /opt/stack/data/venv/lib/python3.12/site-packages/oslo_db/sqlalchemy/engines.py:402}}
Apr 11 17:03:07.786512 np0000165178 neutron-periodic-workers[105932]: DEBUG dbcounter [-] [105932] Writer thread running {{(pid=105932) stat_writer /opt/stack/data/venv/lib/python3.12/site-packages/dbcounter.py:102}}
Apr 11 17:03:07.790377 np0000165178 neutron-periodic-workers[105932]: DEBUG neutron.db.agents_db [None req-311c8bfb-bbd2-449b-bfd5-46819383461c None None] Agent healthcheck: found 0 active agents {{(pid=105932) agent_health_check /opt/stack/neutron/neutron/db/agents_db.py:317}}
Apr 11 17:03:07.790593 np0000165178 neutron-periodic-workers[105932]: DEBUG oslo.service.backend._threading.loopingcall [None req-311c8bfb-bbd2-449b-bfd5-46819383461c None None] Fixed interval looping call 'neutron.plugins.ml2.plugin.AgentDbMixin.agent_health_check' sleeping for 36.98 seconds {{(pid=105932) _run_loop /opt/stack/data/venv/lib/python3.12/site-packages/oslo_service/backend/_threading/loopingcall.py:125}}
Apr 11 17:03:17.787193 np0000165178 neutron-periodic-workers[105932]: DEBUG dbcounter [-] [105932] Writing DB stats neutron:SELECT=1 {{(pid=105932) stat_writer /opt/stack/data/venv/lib/python3.12/site-packages/dbcounter.py:115}}
Apr 11 17:03:35.795076 np0000165178 neutron-periodic-workers[105924]: DEBUG dbcounter [-] [105924] Writer thread running {{(pid=105924) stat_writer /opt/stack/data/venv/lib/python3.12/site-packages/dbcounter.py:102}}
Apr 11 17:03:35.803543 np0000165178 neutron-periodic-workers[105924]: DEBUG oslo.service.backend._threading.loopingcall [None req-471a8ea2-2cda-43e7-a076-643e98549382 None None] Fixed interval looping call 'neutron.plugins.ml2.plugin.DhcpAgentSchedulerDbMixin.remove_networks_from_down_agents' sleeping for 36.98 seconds {{(pid=105924) _run_loop /opt/stack/data/venv/lib/python3.12/site-packages/oslo_service/backend/_threading/loopingcall.py:125}}
Apr 11 17:03:44.776323 np0000165178 neutron-periodic-workers[105932]: DEBUG neutron.db.agents_db [None req-311c8bfb-bbd2-449b-bfd5-46819383461c None None] Agent healthcheck: found 0 active agents {{(pid=105932) agent_health_check /opt/stack/neutron/neutron/db/agents_db.py:317}}
Apr 11 17:03:44.777095 np0000165178 neutron-periodic-workers[105932]: DEBUG oslo.service.backend._threading.loopingcall [None req-311c8bfb-bbd2-449b-bfd5-46819383461c None None] Fixed interval looping call 'neutron.plugins.ml2.plugin.AgentDbMixin.agent_health_check' sleeping for 36.99 seconds {{(pid=105932) _run_loop /opt/stack/data/venv/lib/python3.12/site-packages/oslo_service/backend/_threading/loopingcall.py:125}}
Apr 11 17:03:45.802586 np0000165178 neutron-periodic-workers[105924]: DEBUG dbcounter [-] [105924] Writing DB stats neutron:SELECT=3 {{(pid=105924) stat_writer /opt/stack/data/venv/lib/python3.12/site-packages/dbcounter.py:115}}
Apr 11 17:03:54.781399 np0000165178 neutron-periodic-workers[105932]: DEBUG dbcounter [-] [105932] Writing DB stats neutron:SELECT=1 {{(pid=105932) stat_writer /opt/stack/data/venv/lib/python3.12/site-packages/dbcounter.py:115}}
Apr 11 17:04:12.795023 np0000165178 neutron-periodic-workers[105924]: DEBUG oslo.service.backend._threading.loopingcall [None req-471a8ea2-2cda-43e7-a076-643e98549382 None None] Fixed interval looping call 'neutron.plugins.ml2.plugin.DhcpAgentSchedulerDbMixin.remove_networks_from_down_agents' sleeping for 36.99 seconds {{(pid=105924) _run_loop /opt/stack/data/venv/lib/python3.12/site-packages/oslo_service/backend/_threading/loopingcall.py:125}}
Apr 11 17:04:21.774316 np0000165178 neutron-periodic-workers[105932]: DEBUG neutron.db.agents_db [None req-311c8bfb-bbd2-449b-bfd5-46819383461c None None] Agent healthcheck: found 0 active agents {{(pid=105932) agent_health_check /opt/stack/neutron/neutron/db/agents_db.py:317}}
Apr 11 17:04:21.774848 np0000165178 neutron-periodic-workers[105932]: DEBUG oslo.service.backend._threading.loopingcall [None req-311c8bfb-bbd2-449b-bfd5-46819383461c None None] Fixed interval looping call 'neutron.plugins.ml2.plugin.AgentDbMixin.agent_health_check' sleeping for 36.99 seconds {{(pid=105932) _run_loop /opt/stack/data/venv/lib/python3.12/site-packages/oslo_service/backend/_threading/loopingcall.py:125}}
Apr 11 17:04:22.793654 np0000165178 neutron-periodic-workers[105924]: DEBUG dbcounter [-] [105924] Writing DB stats neutron:SELECT=3 {{(pid=105924) stat_writer /opt/stack/data/venv/lib/python3.12/site-packages/dbcounter.py:115}}
Apr 11 17:04:26.802794 np0000165178 neutron-periodic-workers[105941]: DEBUG dbcounter [-] [105941] Writer thread running {{(pid=105941) stat_writer /opt/stack/data/venv/lib/python3.12/site-packages/dbcounter.py:102}}
Apr 11 17:04:26.805699 np0000165178 neutron-periodic-workers[105941]: DEBUG oslo.service.backend._threading.loopingcall [None req-0d439037-d1a3-4803-9869-8cd6355c4e08 None None] Fixed interval looping call 'neutron.db.quota.driver_nolock.DbQuotaNoLockDriver._remove_expired_reservations' sleeping for 119.98 seconds {{(pid=105941) _run_loop /opt/stack/data/venv/lib/python3.12/site-packages/oslo_service/backend/_threading/loopingcall.py:125}}
Apr 11 17:04:31.771790 np0000165178 neutron-periodic-workers[105932]: DEBUG dbcounter [-] [105932] Writing DB stats neutron:SELECT=1 {{(pid=105932) stat_writer /opt/stack/data/venv/lib/python3.12/site-packages/dbcounter.py:115}}
Apr 11 17:04:36.834948 np0000165178 neutron-periodic-workers[105947]: DEBUG dbcounter [-] [105947] Writer thread running {{(pid=105947) stat_writer /opt/stack/data/venv/lib/python3.12/site-packages/dbcounter.py:102}}
Apr 11 17:04:36.845287 np0000165178 neutron-periodic-workers[105947]: DEBUG oslo.service.backend._threading.loopingcall [None req-12359749-c0f2-4223-ba69-40a13d4ebf5b None None] Fixed interval looping call 'neutron.services.ovn_l3.plugin.L3_NAT_dbonly_mixin._clean_garbage' sleeping for 299.96 seconds {{(pid=105947) _run_loop /opt/stack/data/venv/lib/python3.12/site-packages/oslo_service/backend/_threading/loopingcall.py:125}}
Apr 11 17:04:46.803908 np0000165178 neutron-periodic-workers[105941]: DEBUG dbcounter [-] [105941] Writing DB stats neutron:DELETE=1 {{(pid=105941) stat_writer /opt/stack/data/venv/lib/python3.12/site-packages/dbcounter.py:115}}
Apr 11 17:04:46.835626 np0000165178 neutron-periodic-workers[105947]: DEBUG dbcounter [-] [105947] Writing DB stats neutron:SELECT=1 {{(pid=105947) stat_writer /opt/stack/data/venv/lib/python3.12/site-packages/dbcounter.py:115}}
Apr 11 17:04:49.795842 np0000165178 neutron-periodic-workers[105924]: DEBUG oslo.service.backend._threading.loopingcall [None req-471a8ea2-2cda-43e7-a076-643e98549382 None None] Fixed interval looping call 'neutron.plugins.ml2.plugin.DhcpAgentSchedulerDbMixin.remove_networks_from_down_agents' sleeping for 36.99 seconds {{(pid=105924) _run_loop /opt/stack/data/venv/lib/python3.12/site-packages/oslo_service/backend/_threading/loopingcall.py:125}}
Apr 11 17:04:58.770801 np0000165178 neutron-periodic-workers[105932]: DEBUG neutron.db.agents_db [None req-311c8bfb-bbd2-449b-bfd5-46819383461c None None] Agent healthcheck: found 0 active agents {{(pid=105932) agent_health_check /opt/stack/neutron/neutron/db/agents_db.py:317}}
Apr 11 17:04:58.771640 np0000165178 neutron-periodic-workers[105932]: DEBUG oslo.service.backend._threading.loopingcall [None req-311c8bfb-bbd2-449b-bfd5-46819383461c None None] Fixed interval looping call 'neutron.plugins.ml2.plugin.AgentDbMixin.agent_health_check' sleeping for 36.99 seconds {{(pid=105932) _run_loop /opt/stack/data/venv/lib/python3.12/site-packages/oslo_service/backend/_threading/loopingcall.py:125}}
Apr 11 17:04:59.794585 np0000165178 neutron-periodic-workers[105924]: DEBUG dbcounter [-] [105924] Writing DB stats neutron:SELECT=3 {{(pid=105924) stat_writer /opt/stack/data/venv/lib/python3.12/site-packages/dbcounter.py:115}}
Apr 11 17:05:08.768796 np0000165178 neutron-periodic-workers[105932]: DEBUG dbcounter [-] [105932] Writing DB stats neutron:SELECT=1 {{(pid=105932) stat_writer /opt/stack/data/venv/lib/python3.12/site-packages/dbcounter.py:115}}
Apr 11 17:05:26.794980 np0000165178 neutron-periodic-workers[105924]: DEBUG oslo.service.backend._threading.loopingcall [None req-471a8ea2-2cda-43e7-a076-643e98549382 None None] Fixed interval looping call 'neutron.plugins.ml2.plugin.DhcpAgentSchedulerDbMixin.remove_networks_from_down_agents' sleeping for 36.99 seconds {{(pid=105924) _run_loop /opt/stack/data/venv/lib/python3.12/site-packages/oslo_service/backend/_threading/loopingcall.py:125}}
Apr 11 17:05:35.765446 np0000165178 neutron-periodic-workers[105932]: DEBUG neutron.db.agents_db [None req-311c8bfb-bbd2-449b-bfd5-46819383461c None None] Agent healthcheck: found 0 active agents {{(pid=105932) agent_health_check /opt/stack/neutron/neutron/db/agents_db.py:317}}
Apr 11 17:05:35.766039 np0000165178 neutron-periodic-workers[105932]: DEBUG oslo.service.backend._threading.loopingcall [None req-311c8bfb-bbd2-449b-bfd5-46819383461c None None] Fixed interval looping call 'neutron.plugins.ml2.plugin.AgentDbMixin.agent_health_check' sleeping for 37.00 seconds {{(pid=105932) _run_loop /opt/stack/data/venv/lib/python3.12/site-packages/oslo_service/backend/_threading/loopingcall.py:125}}
Apr 11 17:05:36.794171 np0000165178 neutron-periodic-workers[105924]: DEBUG dbcounter [-] [105924] Writing DB stats neutron:SELECT=3 {{(pid=105924) stat_writer /opt/stack/data/venv/lib/python3.12/site-packages/dbcounter.py:115}}
Apr 11 17:05:45.764030 np0000165178 neutron-periodic-workers[105932]: DEBUG dbcounter [-] [105932] Writing DB stats neutron:SELECT=1 {{(pid=105932) stat_writer /opt/stack/data/venv/lib/python3.12/site-packages/dbcounter.py:115}}
Apr 11 17:06:03.795260 np0000165178 neutron-periodic-workers[105924]: DEBUG oslo.service.backend._threading.loopingcall [None req-471a8ea2-2cda-43e7-a076-643e98549382 None None] Fixed interval looping call 'neutron.plugins.ml2.plugin.DhcpAgentSchedulerDbMixin.remove_networks_from_down_agents' sleeping for 36.99 seconds {{(pid=105924) _run_loop /opt/stack/data/venv/lib/python3.12/site-packages/oslo_service/backend/_threading/loopingcall.py:125}}
Apr 11 17:06:12.770968 np0000165178 neutron-periodic-workers[105932]: DEBUG neutron.db.agents_db [None req-311c8bfb-bbd2-449b-bfd5-46819383461c None None] Agent healthcheck: found 0 active agents {{(pid=105932) agent_health_check /opt/stack/neutron/neutron/db/agents_db.py:317}}
Apr 11 17:06:12.771517 np0000165178 neutron-periodic-workers[105932]: DEBUG oslo.service.backend._threading.loopingcall [None req-311c8bfb-bbd2-449b-bfd5-46819383461c None None] Fixed interval looping call 'neutron.plugins.ml2.plugin.AgentDbMixin.agent_health_check' sleeping for 36.99 seconds {{(pid=105932) _run_loop /opt/stack/data/venv/lib/python3.12/site-packages/oslo_service/backend/_threading/loopingcall.py:125}}
Apr 11 17:06:13.794123 np0000165178 neutron-periodic-workers[105924]: DEBUG dbcounter [-] [105924] Writing DB stats neutron:SELECT=3 {{(pid=105924) stat_writer /opt/stack/data/venv/lib/python3.12/site-packages/dbcounter.py:115}}
Apr 11 17:06:22.769247 np0000165178 neutron-periodic-workers[105932]: DEBUG dbcounter [-] [105932] Writing DB stats neutron:SELECT=1 {{(pid=105932) stat_writer /opt/stack/data/venv/lib/python3.12/site-packages/dbcounter.py:115}}
Apr 11 17:06:26.792013 np0000165178 neutron-periodic-workers[105941]: DEBUG oslo.service.backend._threading.loopingcall [None req-0d439037-d1a3-4803-9869-8cd6355c4e08 None None] Fixed interval looping call 'neutron.db.quota.driver_nolock.DbQuotaNoLockDriver._remove_expired_reservations' sleeping for 119.99 seconds {{(pid=105941) _run_loop /opt/stack/data/venv/lib/python3.12/site-packages/oslo_service/backend/_threading/loopingcall.py:125}}
Apr 11 17:06:36.790788 np0000165178 neutron-periodic-workers[105941]: DEBUG dbcounter [-] [105941] Writing DB stats neutron:DELETE=1 {{(pid=105941) stat_writer /opt/stack/data/venv/lib/python3.12/site-packages/dbcounter.py:115}}
Apr 11 17:06:40.796568 np0000165178 neutron-periodic-workers[105924]: DEBUG oslo.service.backend._threading.loopingcall [None req-471a8ea2-2cda-43e7-a076-643e98549382 None None] Fixed interval looping call 'neutron.plugins.ml2.plugin.DhcpAgentSchedulerDbMixin.remove_networks_from_down_agents' sleeping for 36.99 seconds {{(pid=105924) _run_loop /opt/stack/data/venv/lib/python3.12/site-packages/oslo_service/backend/_threading/loopingcall.py:125}}
Apr 11 17:06:49.766813 np0000165178 neutron-periodic-workers[105932]: DEBUG neutron.db.agents_db [None req-311c8bfb-bbd2-449b-bfd5-46819383461c None None] Agent healthcheck: found 0 active agents {{(pid=105932) agent_health_check /opt/stack/neutron/neutron/db/agents_db.py:317}}
Apr 11 17:06:49.767644 np0000165178 neutron-periodic-workers[105932]: DEBUG oslo.service.backend._threading.loopingcall [None req-311c8bfb-bbd2-449b-bfd5-46819383461c None None] Fixed interval looping call 'neutron.plugins.ml2.plugin.AgentDbMixin.agent_health_check' sleeping for 36.99 seconds {{(pid=105932) _run_loop /opt/stack/data/venv/lib/python3.12/site-packages/oslo_service/backend/_threading/loopingcall.py:125}}
Apr 11 17:06:50.795088 np0000165178 neutron-periodic-workers[105924]: DEBUG dbcounter [-] [105924] Writing DB stats neutron:SELECT=3 {{(pid=105924) stat_writer /opt/stack/data/venv/lib/python3.12/site-packages/dbcounter.py:115}}
Apr 11 17:06:59.764801 np0000165178 neutron-periodic-workers[105932]: DEBUG dbcounter [-] [105932] Writing DB stats neutron:SELECT=1 {{(pid=105932) stat_writer /opt/stack/data/venv/lib/python3.12/site-packages/dbcounter.py:115}}
Apr 11 17:07:17.796271 np0000165178 neutron-periodic-workers[105924]: DEBUG oslo.service.backend._threading.loopingcall [None req-471a8ea2-2cda-43e7-a076-643e98549382 None None] Fixed interval looping call 'neutron.plugins.ml2.plugin.DhcpAgentSchedulerDbMixin.remove_networks_from_down_agents' sleeping for 36.99 seconds {{(pid=105924) _run_loop /opt/stack/data/venv/lib/python3.12/site-packages/oslo_service/backend/_threading/loopingcall.py:125}}
Apr 11 17:07:26.764232 np0000165178 neutron-periodic-workers[105932]: DEBUG neutron.db.agents_db [None req-311c8bfb-bbd2-449b-bfd5-46819383461c None None] Agent healthcheck: found 0 active agents {{(pid=105932) agent_health_check /opt/stack/neutron/neutron/db/agents_db.py:317}}
Apr 11 17:07:26.764742 np0000165178 neutron-periodic-workers[105932]: DEBUG oslo.service.backend._threading.loopingcall [None req-311c8bfb-bbd2-449b-bfd5-46819383461c None None] Fixed interval looping call 'neutron.plugins.ml2.plugin.AgentDbMixin.agent_health_check' sleeping for 36.99 seconds {{(pid=105932) _run_loop /opt/stack/data/venv/lib/python3.12/site-packages/oslo_service/backend/_threading/loopingcall.py:125}}
Apr 11 17:07:27.794947 np0000165178 neutron-periodic-workers[105924]: DEBUG dbcounter [-] [105924] Writing DB stats neutron:SELECT=3 {{(pid=105924) stat_writer /opt/stack/data/venv/lib/python3.12/site-packages/dbcounter.py:115}}
Apr 11 17:07:36.761411 np0000165178 neutron-periodic-workers[105932]: DEBUG dbcounter [-] [105932] Writing DB stats neutron:SELECT=1 {{(pid=105932) stat_writer /opt/stack/data/venv/lib/python3.12/site-packages/dbcounter.py:115}}
Apr 11 17:07:54.794155 np0000165178 neutron-periodic-workers[105924]: DEBUG oslo.service.backend._threading.loopingcall [None req-471a8ea2-2cda-43e7-a076-643e98549382 None None] Fixed interval looping call 'neutron.plugins.ml2.plugin.DhcpAgentSchedulerDbMixin.remove_networks_from_down_agents' sleeping for 36.99 seconds {{(pid=105924) _run_loop /opt/stack/data/venv/lib/python3.12/site-packages/oslo_service/backend/_threading/loopingcall.py:125}}
Apr 11 17:08:03.760417 np0000165178 neutron-periodic-workers[105932]: DEBUG neutron.db.agents_db [None req-311c8bfb-bbd2-449b-bfd5-46819383461c None None] Agent healthcheck: found 0 active agents {{(pid=105932) agent_health_check /opt/stack/neutron/neutron/db/agents_db.py:317}}
Apr 11 17:08:03.761039 np0000165178 neutron-periodic-workers[105932]: DEBUG oslo.service.backend._threading.loopingcall [None req-311c8bfb-bbd2-449b-bfd5-46819383461c None None] Fixed interval looping call 'neutron.plugins.ml2.plugin.AgentDbMixin.agent_health_check' sleeping for 36.99 seconds {{(pid=105932) _run_loop /opt/stack/data/venv/lib/python3.12/site-packages/oslo_service/backend/_threading/loopingcall.py:125}}
Apr 11 17:08:04.793114 np0000165178 neutron-periodic-workers[105924]: DEBUG dbcounter [-] [105924] Writing DB stats neutron:SELECT=3 {{(pid=105924) stat_writer /opt/stack/data/venv/lib/python3.12/site-packages/dbcounter.py:115}}
Apr 11 17:08:13.758226 np0000165178 neutron-periodic-workers[105932]: DEBUG dbcounter [-] [105932] Writing DB stats neutron:SELECT=1 {{(pid=105932) stat_writer /opt/stack/data/venv/lib/python3.12/site-packages/dbcounter.py:115}}
Apr 11 17:08:26.787631 np0000165178 neutron-periodic-workers[105941]: DEBUG oslo.service.backend._threading.loopingcall [None req-0d439037-d1a3-4803-9869-8cd6355c4e08 None None] Fixed interval looping call 'neutron.db.quota.driver_nolock.DbQuotaNoLockDriver._remove_expired_reservations' sleeping for 119.99 seconds {{(pid=105941) _run_loop /opt/stack/data/venv/lib/python3.12/site-packages/oslo_service/backend/_threading/loopingcall.py:125}}
Apr 11 17:08:31.794417 np0000165178 neutron-periodic-workers[105924]: DEBUG oslo.service.backend._threading.loopingcall [None req-471a8ea2-2cda-43e7-a076-643e98549382 None None] Fixed interval looping call 'neutron.plugins.ml2.plugin.DhcpAgentSchedulerDbMixin.remove_networks_from_down_agents' sleeping for 36.99 seconds {{(pid=105924) _run_loop /opt/stack/data/venv/lib/python3.12/site-packages/oslo_service/backend/_threading/loopingcall.py:125}}
Apr 11 17:08:36.786249 np0000165178 neutron-periodic-workers[105941]: DEBUG dbcounter [-] [105941] Writing DB stats neutron:DELETE=1 {{(pid=105941) stat_writer /opt/stack/data/venv/lib/python3.12/site-packages/dbcounter.py:115}}
Apr 11 17:08:40.755519 np0000165178 neutron-periodic-workers[105932]: DEBUG neutron.db.agents_db [None req-311c8bfb-bbd2-449b-bfd5-46819383461c None None] Agent healthcheck: found 0 active agents {{(pid=105932) agent_health_check /opt/stack/neutron/neutron/db/agents_db.py:317}}
Apr 11 17:08:40.756320 np0000165178 neutron-periodic-workers[105932]: DEBUG oslo.service.backend._threading.loopingcall [None req-311c8bfb-bbd2-449b-bfd5-46819383461c None None] Fixed interval looping call 'neutron.plugins.ml2.plugin.AgentDbMixin.agent_health_check' sleeping for 37.00 seconds {{(pid=105932) _run_loop /opt/stack/data/venv/lib/python3.12/site-packages/oslo_service/backend/_threading/loopingcall.py:125}}
Apr 11 17:08:41.793329 np0000165178 neutron-periodic-workers[105924]: DEBUG dbcounter [-] [105924] Writing DB stats neutron:SELECT=3 {{(pid=105924) stat_writer /opt/stack/data/venv/lib/python3.12/site-packages/dbcounter.py:115}}
Apr 11 17:08:50.754136 np0000165178 neutron-periodic-workers[105932]: DEBUG dbcounter [-] [105932] Writing DB stats neutron:SELECT=1 {{(pid=105932) stat_writer /opt/stack/data/venv/lib/python3.12/site-packages/dbcounter.py:115}}
Apr 11 17:09:08.793119 np0000165178 neutron-periodic-workers[105924]: DEBUG oslo.service.backend._threading.loopingcall [None req-471a8ea2-2cda-43e7-a076-643e98549382 None None] Fixed interval looping call 'neutron.plugins.ml2.plugin.DhcpAgentSchedulerDbMixin.remove_networks_from_down_agents' sleeping for 36.99 seconds {{(pid=105924) _run_loop /opt/stack/data/venv/lib/python3.12/site-packages/oslo_service/backend/_threading/loopingcall.py:125}}
Apr 11 17:09:17.762113 np0000165178 neutron-periodic-workers[105932]: DEBUG neutron.db.agents_db [None req-311c8bfb-bbd2-449b-bfd5-46819383461c None None] Agent healthcheck: found 0 active agents {{(pid=105932) agent_health_check /opt/stack/neutron/neutron/db/agents_db.py:317}}
Apr 11 17:09:17.762705 np0000165178 neutron-periodic-workers[105932]: DEBUG oslo.service.backend._threading.loopingcall [None req-311c8bfb-bbd2-449b-bfd5-46819383461c None None] Fixed interval looping call 'neutron.plugins.ml2.plugin.AgentDbMixin.agent_health_check' sleeping for 36.99 seconds {{(pid=105932) _run_loop /opt/stack/data/venv/lib/python3.12/site-packages/oslo_service/backend/_threading/loopingcall.py:125}}
Apr 11 17:09:18.792451 np0000165178 neutron-periodic-workers[105924]: DEBUG dbcounter [-] [105924] Writing DB stats neutron:SELECT=3 {{(pid=105924) stat_writer /opt/stack/data/venv/lib/python3.12/site-packages/dbcounter.py:115}}
Apr 11 17:09:27.759314 np0000165178 neutron-periodic-workers[105932]: DEBUG dbcounter [-] [105932] Writing DB stats neutron:SELECT=1 {{(pid=105932) stat_writer /opt/stack/data/venv/lib/python3.12/site-packages/dbcounter.py:115}}
Apr 11 17:09:36.817076 np0000165178 neutron-periodic-workers[105947]: DEBUG oslo.service.backend._threading.loopingcall [None req-12359749-c0f2-4223-ba69-40a13d4ebf5b None None] Fixed interval looping call 'neutron.services.ovn_l3.plugin.L3_NAT_dbonly_mixin._clean_garbage' sleeping for 299.99 seconds {{(pid=105947) _run_loop /opt/stack/data/venv/lib/python3.12/site-packages/oslo_service/backend/_threading/loopingcall.py:125}}
Apr 11 17:09:45.795609 np0000165178 neutron-periodic-workers[105924]: DEBUG oslo.service.backend._threading.loopingcall [None req-471a8ea2-2cda-43e7-a076-643e98549382 None None] Fixed interval looping call 'neutron.plugins.ml2.plugin.DhcpAgentSchedulerDbMixin.remove_networks_from_down_agents' sleeping for 36.99 seconds {{(pid=105924) _run_loop /opt/stack/data/venv/lib/python3.12/site-packages/oslo_service/backend/_threading/loopingcall.py:125}}
Apr 11 17:09:46.809527 np0000165178 neutron-periodic-workers[105947]: DEBUG dbcounter [-] [105947] Writing DB stats neutron:SELECT=1 {{(pid=105947) stat_writer /opt/stack/data/venv/lib/python3.12/site-packages/dbcounter.py:115}}
Apr 11 17:09:54.757664 np0000165178 neutron-periodic-workers[105932]: DEBUG neutron.db.agents_db [None req-311c8bfb-bbd2-449b-bfd5-46819383461c None None] Agent healthcheck: found 0 active agents {{(pid=105932) agent_health_check /opt/stack/neutron/neutron/db/agents_db.py:317}}
Apr 11 17:09:54.758616 np0000165178 neutron-periodic-workers[105932]: DEBUG oslo.service.backend._threading.loopingcall [None req-311c8bfb-bbd2-449b-bfd5-46819383461c None None] Fixed interval looping call 'neutron.plugins.ml2.plugin.AgentDbMixin.agent_health_check' sleeping for 36.99 seconds {{(pid=105932) _run_loop /opt/stack/data/venv/lib/python3.12/site-packages/oslo_service/backend/_threading/loopingcall.py:125}}
Apr 11 17:09:55.792415 np0000165178 neutron-periodic-workers[105924]: DEBUG dbcounter [-] [105924] Writing DB stats neutron:SELECT=3 {{(pid=105924) stat_writer /opt/stack/data/venv/lib/python3.12/site-packages/dbcounter.py:115}}
Apr 11 17:10:04.756140 np0000165178 neutron-periodic-workers[105932]: DEBUG dbcounter [-] [105932] Writing DB stats neutron:SELECT=1 {{(pid=105932) stat_writer /opt/stack/data/venv/lib/python3.12/site-packages/dbcounter.py:115}}
Apr 11 17:10:22.795641 np0000165178 neutron-periodic-workers[105924]: DEBUG oslo.service.backend._threading.loopingcall [None req-471a8ea2-2cda-43e7-a076-643e98549382 None None] Fixed interval looping call 'neutron.plugins.ml2.plugin.DhcpAgentSchedulerDbMixin.remove_networks_from_down_agents' sleeping for 36.99 seconds {{(pid=105924) _run_loop /opt/stack/data/venv/lib/python3.12/site-packages/oslo_service/backend/_threading/loopingcall.py:125}}
Apr 11 17:10:26.782364 np0000165178 neutron-periodic-workers[105941]: DEBUG oslo.service.backend._threading.loopingcall [None req-0d439037-d1a3-4803-9869-8cd6355c4e08 None None] Fixed interval looping call 'neutron.db.quota.driver_nolock.DbQuotaNoLockDriver._remove_expired_reservations' sleeping for 120.00 seconds {{(pid=105941) _run_loop /opt/stack/data/venv/lib/python3.12/site-packages/oslo_service/backend/_threading/loopingcall.py:125}}
Apr 11 17:10:31.753097 np0000165178 neutron-periodic-workers[105932]: DEBUG neutron.db.agents_db [None req-311c8bfb-bbd2-449b-bfd5-46819383461c None None] Agent healthcheck: found 0 active agents {{(pid=105932) agent_health_check /opt/stack/neutron/neutron/db/agents_db.py:317}}
Apr 11 17:10:31.753761 np0000165178 neutron-periodic-workers[105932]: DEBUG oslo.service.backend._threading.loopingcall [None req-311c8bfb-bbd2-449b-bfd5-46819383461c None None] Fixed interval looping call 'neutron.plugins.ml2.plugin.AgentDbMixin.agent_health_check' sleeping for 36.99 seconds {{(pid=105932) _run_loop /opt/stack/data/venv/lib/python3.12/site-packages/oslo_service/backend/_threading/loopingcall.py:125}}
Apr 11 17:10:32.794161 np0000165178 neutron-periodic-workers[105924]: DEBUG dbcounter [-] [105924] Writing DB stats neutron:SELECT=3 {{(pid=105924) stat_writer /opt/stack/data/venv/lib/python3.12/site-packages/dbcounter.py:115}}
Apr 11 17:10:36.781087 np0000165178 neutron-periodic-workers[105941]: DEBUG dbcounter [-] [105941] Writing DB stats neutron:DELETE=1 {{(pid=105941) stat_writer /opt/stack/data/venv/lib/python3.12/site-packages/dbcounter.py:115}}
Apr 11 17:10:41.751567 np0000165178 neutron-periodic-workers[105932]: DEBUG dbcounter [-] [105932] Writing DB stats neutron:SELECT=1 {{(pid=105932) stat_writer /opt/stack/data/venv/lib/python3.12/site-packages/dbcounter.py:115}}
Apr 11 17:10:59.843328 np0000165178 neutron-periodic-workers[105924]: DEBUG oslo.service.backend._threading.loopingcall [None req-471a8ea2-2cda-43e7-a076-643e98549382 None None] Fixed interval looping call 'neutron.plugins.ml2.plugin.DhcpAgentSchedulerDbMixin.remove_networks_from_down_agents' sleeping for 36.96 seconds {{(pid=105924) _run_loop /opt/stack/data/venv/lib/python3.12/site-packages/oslo_service/backend/_threading/loopingcall.py:125}}
Apr 11 17:11:08.750275 np0000165178 neutron-periodic-workers[105932]: DEBUG neutron.db.agents_db [None req-311c8bfb-bbd2-449b-bfd5-46819383461c None None] Agent healthcheck: found 0 active agents {{(pid=105932) agent_health_check /opt/stack/neutron/neutron/db/agents_db.py:317}}
Apr 11 17:11:08.750709 np0000165178 neutron-periodic-workers[105932]: DEBUG oslo.service.backend._threading.loopingcall [None req-311c8bfb-bbd2-449b-bfd5-46819383461c None None] Fixed interval looping call 'neutron.plugins.ml2.plugin.AgentDbMixin.agent_health_check' sleeping for 36.99 seconds {{(pid=105932) _run_loop /opt/stack/data/venv/lib/python3.12/site-packages/oslo_service/backend/_threading/loopingcall.py:125}}
Apr 11 17:11:09.842391 np0000165178 neutron-periodic-workers[105924]: DEBUG dbcounter [-] [105924] Writing DB stats neutron:SELECT=3 {{(pid=105924) stat_writer /opt/stack/data/venv/lib/python3.12/site-packages/dbcounter.py:115}}
Apr 11 17:11:18.748287 np0000165178 neutron-periodic-workers[105932]: DEBUG dbcounter [-] [105932] Writing DB stats neutron:SELECT=1 {{(pid=105932) stat_writer /opt/stack/data/venv/lib/python3.12/site-packages/dbcounter.py:115}}
Apr 11 17:11:36.810348 np0000165178 neutron-periodic-workers[105924]: DEBUG oslo.service.backend._threading.loopingcall [None req-471a8ea2-2cda-43e7-a076-643e98549382 None None] Fixed interval looping call 'neutron.plugins.ml2.plugin.DhcpAgentSchedulerDbMixin.remove_networks_from_down_agents' sleeping for 36.99 seconds {{(pid=105924) _run_loop /opt/stack/data/venv/lib/python3.12/site-packages/oslo_service/backend/_threading/loopingcall.py:125}}
Apr 11 17:11:45.744772 np0000165178 neutron-periodic-workers[105932]: DEBUG neutron.db.agents_db [None req-311c8bfb-bbd2-449b-bfd5-46819383461c None None] Agent healthcheck: found 0 active agents {{(pid=105932) agent_health_check /opt/stack/neutron/neutron/db/agents_db.py:317}}
Apr 11 17:11:45.744772 np0000165178 neutron-periodic-workers[105932]: DEBUG oslo.service.backend._threading.loopingcall [None req-311c8bfb-bbd2-449b-bfd5-46819383461c None None] Fixed interval looping call 'neutron.plugins.ml2.plugin.AgentDbMixin.agent_health_check' sleeping for 37.00 seconds {{(pid=105932) _run_loop /opt/stack/data/venv/lib/python3.12/site-packages/oslo_service/backend/_threading/loopingcall.py:125}}
Apr 11 17:11:46.809851 np0000165178 neutron-periodic-workers[105924]: DEBUG dbcounter [-] [105924] Writing DB stats neutron:SELECT=3 {{(pid=105924) stat_writer /opt/stack/data/venv/lib/python3.12/site-packages/dbcounter.py:115}}
Apr 11 17:11:55.743459 np0000165178 neutron-periodic-workers[105932]: DEBUG dbcounter [-] [105932] Writing DB stats neutron:SELECT=1 {{(pid=105932) stat_writer /opt/stack/data/venv/lib/python3.12/site-packages/dbcounter.py:115}}
Apr 11 17:12:13.808314 np0000165178 neutron-periodic-workers[105924]: DEBUG oslo.service.backend._threading.loopingcall [None req-471a8ea2-2cda-43e7-a076-643e98549382 None None] Fixed interval looping call 'neutron.plugins.ml2.plugin.DhcpAgentSchedulerDbMixin.remove_networks_from_down_agents' sleeping for 36.99 seconds {{(pid=105924) _run_loop /opt/stack/data/venv/lib/python3.12/site-packages/oslo_service/backend/_threading/loopingcall.py:125}}
