+ COMMAND=start + start + for KEYSTONE_WSGI_SCRIPT in keystone-wsgi-public ++ type -p keystone-wsgi-public + cp -a /var/lib/openstack/bin/keystone-wsgi-public /var/www/cgi-bin/keystone/ + '[' -f /etc/apache2/envvars ']' + source /etc/apache2/envvars ++ unset HOME ++ '[' '' '!=' '' ']' ++ SUFFIX= ++ export APACHE_RUN_USER=www-data ++ APACHE_RUN_USER=www-data ++ export APACHE_RUN_GROUP=www-data ++ APACHE_RUN_GROUP=www-data ++ export APACHE_PID_FILE=/var/run/apache2/apache2.pid ++ APACHE_PID_FILE=/var/run/apache2/apache2.pid ++ export APACHE_RUN_DIR=/var/run/apache2 ++ APACHE_RUN_DIR=/var/run/apache2 ++ export APACHE_LOCK_DIR=/var/lock/apache2 ++ APACHE_LOCK_DIR=/var/lock/apache2 ++ export APACHE_LOG_DIR=/var/log/apache2 ++ APACHE_LOG_DIR=/var/log/apache2 ++ export LANG=C ++ LANG=C ++ export LANG + '[' -f /var/run/apache2/apache2.pid ']' + exec apache2 -DFOREGROUND AH00558: apache2: Could not reliably determine the server's fully qualified domain name, using 10.0.0.74. Set the 'ServerName' directive globally to suppress this message AH00558: apache2: Could not reliably determine the server's fully qualified domain name, using 10.0.0.74. Set the 'ServerName' directive globally to suppress this message
[Mon Jun 29 06:04:37.268937 2026] [mpm_event:notice] [pid 1:tid 140570727073664] AH00489: Apache/2.4.58 (Ubuntu) mod_wsgi/5.0.0 Python/3.12 configured -- resuming normal operations
[Mon Jun 29 06:04:37.269094 2026] [core:notice] [pid 1:tid 140570727073664] AH00094: Command line: 'apache2 -D FOREGROUND'
[Mon Jun 29 06:05:40.412023 2026] [wsgi:error] [pid 9:tid 140570089252544] /var/lib/openstack/lib/python3.12/site-packages/oslo_utils/importutils.py:77: EventletDeprecationWarning:
[Mon Jun 29 06:05:40.412069 2026] [wsgi:error] [pid 9:tid 140570089252544] Eventlet is deprecated. It is currently being maintained in bugfix mode, and
[Mon Jun 29 06:05:40.412071 2026] [wsgi:error] [pid 9:tid 140570089252544] we strongly recommend against using it for new projects.
[Mon Jun 29 06:05:40.412072 2026] [wsgi:error] [pid 9:tid 140570089252544]
[Mon Jun 29 06:05:40.412074 2026] [wsgi:error] [pid 9:tid 140570089252544] If you are already using Eventlet, we recommend migrating to a different
[Mon Jun 29 06:05:40.412075 2026] [wsgi:error] [pid 9:tid 140570089252544] framework. For more detail see
[Mon Jun 29 06:05:40.412076 2026] [wsgi:error] [pid 9:tid 140570089252544] https://eventlet.readthedocs.io/en/latest/asyncio/migration.html
[Mon Jun 29 06:05:40.412077 2026] [wsgi:error] [pid 9:tid 140570089252544]
[Mon Jun 29 06:05:40.412078 2026] [wsgi:error] [pid 9:tid 140570089252544] __import__(import_str)
[Mon Jun 29 06:05:40.422702 2026] [wsgi:error] [pid 12:tid 140570089252544] /var/lib/openstack/lib/python3.12/site-packages/oslo_utils/importutils.py:77: EventletDeprecationWarning:
[Mon Jun 29 06:05:40.422757 2026] [wsgi:error] [pid 12:tid 140570089252544] Eventlet is deprecated. It is currently being maintained in bugfix mode, and
[Mon Jun 29 06:05:40.422759 2026] [wsgi:error] [pid 12:tid 140570089252544] we strongly recommend against using it for new projects.
[Mon Jun 29 06:05:40.422761 2026] [wsgi:error] [pid 12:tid 140570089252544]
[Mon Jun 29 06:05:40.422762 2026] [wsgi:error] [pid 12:tid 140570089252544] If you are already using Eventlet, we recommend migrating to a different
[Mon Jun 29 06:05:40.422763 2026] [wsgi:error] [pid 12:tid 140570089252544] framework. For more detail see
[Mon Jun 29 06:05:40.422764 2026] [wsgi:error] [pid 12:tid 140570089252544] https://eventlet.readthedocs.io/en/latest/asyncio/migration.html
[Mon Jun 29 06:05:40.422765 2026] [wsgi:error] [pid 12:tid 140570089252544]
[Mon Jun 29 06:05:40.422766 2026] [wsgi:error] [pid 12:tid 140570089252544] __import__(import_str) 10.0.0.214 - - [29/Jun/2026:06:05:39 +0000] "GET /v3/ HTTP/1.1" 200 249 10.0.0.214 - - [29/Jun/2026:06:05:39 +0000] "GET /v3/ HTTP/1.1" 200 249
[Mon Jun 29 06:05:45.947855 2026] [wsgi:error] [pid 11:tid 140570089252544] /var/lib/openstack/lib/python3.12/site-packages/oslo_utils/importutils.py:77: EventletDeprecationWarning:
[Mon Jun 29 06:05:45.947898 2026] [wsgi:error] [pid 11:tid 140570089252544] Eventlet is deprecated. It is currently being maintained in bugfix mode, and
[Mon Jun 29 06:05:45.947900 2026] [wsgi:error] [pid 11:tid 140570089252544] we strongly recommend against using it for new projects.
[Mon Jun 29 06:05:45.947901 2026] [wsgi:error] [pid 11:tid 140570089252544]
[Mon Jun 29 06:05:45.947902 2026] [wsgi:error] [pid 11:tid 140570089252544] If you are already using Eventlet, we recommend migrating to a different
[Mon Jun 29 06:05:45.947903 2026] [wsgi:error] [pid 11:tid 140570089252544] framework. For more detail see
[Mon Jun 29 06:05:45.947904 2026] [wsgi:error] [pid 11:tid 140570089252544] https://eventlet.readthedocs.io/en/latest/asyncio/migration.html
[Mon Jun 29 06:05:45.947906 2026] [wsgi:error] [pid 11:tid 140570089252544]
[Mon Jun 29 06:05:45.947907 2026] [wsgi:error] [pid 11:tid 140570089252544] __import__(import_str) 10.0.0.214 - - [29/Jun/2026:06:05:45 +0000] "GET /v3/ HTTP/1.1" 200 249
[Mon Jun 29 06:05:54.496914 2026] [wsgi:error] [pid 10:tid 140570089252544] /var/lib/openstack/lib/python3.12/site-packages/oslo_utils/importutils.py:77: EventletDeprecationWarning:
[Mon Jun 29 06:05:54.496957 2026] [wsgi:error] [pid 10:tid 140570089252544] Eventlet is deprecated. It is currently being maintained in bugfix mode, and
[Mon Jun 29 06:05:54.496959 2026] [wsgi:error] [pid 10:tid 140570089252544] we strongly recommend against using it for new projects.
[Mon Jun 29 06:05:54.496961 2026] [wsgi:error] [pid 10:tid 140570089252544]
[Mon Jun 29 06:05:54.496962 2026] [wsgi:error] [pid 10:tid 140570089252544] If you are already using Eventlet, we recommend migrating to a different
[Mon Jun 29 06:05:54.496963 2026] [wsgi:error] [pid 10:tid 140570089252544] framework. For more detail see
[Mon Jun 29 06:05:54.496964 2026] [wsgi:error] [pid 10:tid 140570089252544] https://eventlet.readthedocs.io/en/latest/asyncio/migration.html
[Mon Jun 29 06:05:54.496965 2026] [wsgi:error] [pid 10:tid 140570089252544]
[Mon Jun 29 06:05:54.496967 2026] [wsgi:error] [pid 10:tid 140570089252544] __import__(import_str) 10.0.0.211 - - [29/Jun/2026:06:05:53 +0000] "GET / HTTP/1.1" 300 295
[Mon Jun 29 06:05:59.143163 2026] [wsgi:error] [pid 12:tid 140570089252544] [remote 10.0.0.211:33266] 2026-06-29 06:05:59.140 12 WARNING keystone.identity.core [None req-a9849852-d1ba-471c-819b-5ffc08218b5a - - - - - -] Invalid domain name (atmosphere) found in config file name: keystone.exception.DomainNotFound: Could not find domain: atmosphere.
[Mon Jun 29 06:05:59.197955 2026] [wsgi:error] [pid 12:tid 140570089252544] [remote 10.0.0.211:33266] 2026-06-29 06:05:59.197 12 WARNING keystone.common.password_hashing [None req-a9849852-d1ba-471c-819b-5ffc08218b5a - - - - - -] Truncating password to algorithm specific maximum length 72 characters.
[Mon Jun 29 06:05:59.481128 2026] [wsgi:error] [pid 12:tid 140570089252544] [remote 10.0.0.211:33266] 2026-06-29 06:05:59.480 12 WARNING keystone.common.fernet_utils [None req-a9849852-d1ba-471c-819b-5ffc08218b5a - - - - - -] key_repository is world readable: /etc/keystone/fernet-keys/ 10.0.0.211 - - [29/Jun/2026:06:05:58 +0000] "POST /v3/auth/tokens HTTP/1.1" 201 1360
[Mon Jun 29 06:05:59.840719 2026] [wsgi:error] [pid 9:tid 140570089252544] [remote 10.0.0.211:33266] 2026-06-29 06:05:59.837 9 WARNING keystone.identity.core [None req-d76c8d6b-8fe1-4a89-888a-c3de83034cec - - - - - -] Invalid domain name (atmosphere) found in config file name: keystone.exception.DomainNotFound: Could not find domain: atmosphere. 10.0.0.211 - - [29/Jun/2026:06:05:59 +0000] "POST /v3/domains HTTP/1.1" 201 261 10.0.0.46 - - [29/Jun/2026:06:06:11 +0000] "GET / HTTP/1.1" 300 295
[Mon Jun 29 06:06:12.095746 2026] [wsgi:error] [pid 10:tid 140570089252544] [remote 10.0.0.46:60846] 2026-06-29 06:06:12.095 10 WARNING keystone.common.password_hashing [None req-e602b9f0-4863-4f61-b517-717fc8a8a732 - - - - - -] Truncating password to algorithm specific maximum length 72 characters.
[Mon Jun 29 06:06:12.364576 2026] [wsgi:error] [pid 10:tid 140570089252544] [remote 10.0.0.46:60846] 2026-06-29 06:06:12.364 10 WARNING keystone.common.fernet_utils [None req-e602b9f0-4863-4f61-b517-717fc8a8a732 - - - - - -] key_repository is world readable: /etc/keystone/fernet-keys/ 10.0.0.46 - - [29/Jun/2026:06:06:11 +0000] "POST /v3/auth/tokens HTTP/1.1" 201 1360 10.0.0.46 - - [29/Jun/2026:06:06:12 +0000] "GET /v3/roles/admin HTTP/1.1" 404 83
[Mon Jun 29 06:06:12.615666 2026] [wsgi:error] [pid 9:tid 140570089252544] [remote 10.0.0.46:60846] 2026-06-29 06:06:12.615 9 WARNING keystone.common.rbac_enforcer.enforcer [None req-b99c5f52-3d95-4128-abb5-dd37959bb3af d77caf7947b3434bbb10e9f01aa67e67 1b1abdc1b0b0415c9a6f2f073dddcb76 - - default default] Deprecated policy rules found. Use oslopolicy-policy-generator and oslopolicy-policy-upgrade to detect and resolve deprecated policies in your configuration. 10.0.0.46 - - [29/Jun/2026:06:06:12 +0000] "GET /v3/roles?name=admin HTTP/1.1" 200 389
[Mon Jun 29 06:06:13.132896 2026] [wsgi:error] [pid 11:tid 140570089252544] [remote 10.0.0.46:60846] 2026-06-29 06:06:13.132 11 WARNING keystone.common.rbac_enforcer.enforcer [None req-a3007daa-c26c-4f3e-9d47-34c522668cdb d77caf7947b3434bbb10e9f01aa67e67 1b1abdc1b0b0415c9a6f2f073dddcb76 - - default default] Deprecated policy rules found. Use oslopolicy-policy-generator and oslopolicy-policy-upgrade to detect and resolve deprecated policies in your configuration. 10.0.0.46 - - [29/Jun/2026:06:06:12 +0000] "GET /v3/users/admin-RegionOne HTTP/1.1" 404 93
[Mon Jun 29 06:06:13.278499 2026] [wsgi:error] [pid 10:tid 140570089252544] [remote 10.0.0.46:60846] 2026-06-29 06:06:13.278 10 WARNING keystone.common.rbac_enforcer.enforcer [None req-4daa3862-0c5b-4ae0-b3d2-143dbc184a2e d77caf7947b3434bbb10e9f01aa67e67 1b1abdc1b0b0415c9a6f2f073dddcb76 - - default default] Deprecated policy rules found. Use oslopolicy-policy-generator and oslopolicy-policy-upgrade to detect and resolve deprecated policies in your configuration. 10.0.0.46 - - [29/Jun/2026:06:06:13 +0000] "GET /v3/users?name=admin-RegionOne HTTP/1.1" 200 422
[Mon Jun 29 06:06:13.556074 2026] [wsgi:error] [pid 12:tid 140570089252544] [remote 10.0.0.46:60846] 2026-06-29 06:06:13.555 12 WARNING keystone.common.rbac_enforcer.enforcer [None req-ad6c0023-745e-4ea9-8a55-709bef2d98d3 d77caf7947b3434bbb10e9f01aa67e67 1b1abdc1b0b0415c9a6f2f073dddcb76 - - default default] Deprecated policy rules found. Use oslopolicy-policy-generator and oslopolicy-policy-upgrade to detect and resolve deprecated policies in your configuration. 10.0.0.46 - - [29/Jun/2026:06:06:13 +0000] "GET /v3/domains/default HTTP/1.1" 200 224 10.0.0.46 - - [29/Jun/2026:06:06:13 +0000] "PUT /v3/domains/default/users/d77caf7947b3434bbb10e9f01aa67e67/roles/89657a401c254654a47ab7727631e2ae HTTP/1.1" 204 - 10.0.0.214 - - [29/Jun/2026:06:06:24 +0000] "GET / HTTP/1.1" 300 281 10.0.0.214 - - [29/Jun/2026:06:06:25 +0000] "GET /v3 HTTP/1.1" 200 266
[Mon Jun 29 06:06:25.599439 2026] [wsgi:error] [pid 12:tid 140570089252544] [remote 10.0.0.214:42074] 2026-06-29 06:06:25.599 12 WARNING keystone.common.password_hashing [None req-9c319d41-2ed0-491f-affe-620e5905aca4 - - - - - -] Truncating password to algorithm specific maximum length 72 characters.
[Mon Jun 29 06:06:25.873306 2026] [wsgi:error] [pid 12:tid 140570089252544] [remote 10.0.0.214:42074] 2026-06-29 06:06:25.873 12 WARNING keystone.common.fernet_utils [None req-9c319d41-2ed0-491f-affe-620e5905aca4 - - - - - -] key_repository is world readable: /etc/keystone/fernet-keys/ 10.0.0.214 - - [29/Jun/2026:06:06:25 +0000] "POST /v3/auth/tokens HTTP/1.1" 201 1360 10.0.0.214 - - [29/Jun/2026:06:06:25 +0000] "GET / HTTP/1.1" 300 281 10.0.0.214 - - [29/Jun/2026:06:06:25 +0000] "GET /v3/domains/atmosphere HTTP/1.1" 404 90 10.0.0.214 - - [29/Jun/2026:06:06:26 +0000] "GET /v3/domains?name=atmosphere HTTP/1.1" 200 370 10.0.0.214 - - [29/Jun/2026:06:06:26 +0000] "GET /v3/domains/29c01edc8d2e44f3904ac6ec86143b4e HTTP/1.1" 200 247 10.0.0.214 - - [29/Jun/2026:06:06:27 +0000] "GET /v3 HTTP/1.1" 200 266
[Mon Jun 29 06:06:27.057903 2026] [wsgi:error] [pid 11:tid 140570089252544] [remote 10.0.0.214:42074] 2026-06-29 06:06:27.057 11 WARNING keystone.common.password_hashing [None req-04b0e3c4-a831-41f3-81af-8babc12ccf09 - - - - - -] Truncating password to algorithm specific maximum length 72 characters.
[Mon Jun 29 06:06:27.361870 2026] [wsgi:error] [pid 11:tid 140570089252544] [remote 10.0.0.214:42074] 2026-06-29 06:06:27.361 11 WARNING keystone.common.fernet_utils [None req-04b0e3c4-a831-41f3-81af-8babc12ccf09 - - - - - -] key_repository is world readable: /etc/keystone/fernet-keys/ 10.0.0.214 - - [29/Jun/2026:06:06:27 +0000] "POST /v3/auth/tokens HTTP/1.1" 201 1360 10.0.0.214 - - [29/Jun/2026:06:06:27 +0000] "GET / HTTP/1.1" 300 281 10.0.0.214 - - [29/Jun/2026:06:06:27 +0000] "GET /v3/OS-FEDERATION/identity_providers/atmosphere HTTP/1.1" 404 101 10.0.0.214 - - [29/Jun/2026:06:06:27 +0000] "GET /v3/OS-FEDERATION/identity_providers HTTP/1.1" 200 156 10.0.0.214 - - [29/Jun/2026:06:06:27 +0000] "PUT /v3/OS-FEDERATION/identity_providers/atmosphere HTTP/1.1" 201 342 10.0.0.214 - - [29/Jun/2026:06:06:28 +0000] "GET /v3 HTTP/1.1" 200 266
[Mon Jun 29 06:06:28.198599 2026] [wsgi:error] [pid 12:tid 140570089252544] [remote 10.0.0.214:42062] 2026-06-29 06:06:28.198 12 WARNING keystone.common.password_hashing [None req-1d63519c-66f1-4950-93b9-e265fab62f1c - - - - - -] Truncating password to algorithm specific maximum length 72 characters.
[Mon Jun 29 06:06:28.474404 2026] [wsgi:error] [pid 12:tid 140570089252544] [remote 10.0.0.214:42062] 2026-06-29 06:06:28.474 12 WARNING keystone.common.fernet_utils [None req-1d63519c-66f1-4950-93b9-e265fab62f1c - - - - - -] key_repository is world readable: /etc/keystone/fernet-keys/ 10.0.0.214 - - [29/Jun/2026:06:06:28 +0000] "POST /v3/auth/tokens HTTP/1.1" 201 1360 10.0.0.214 - - [29/Jun/2026:06:06:28 +0000] "GET / HTTP/1.1" 300 281 10.0.0.214 - - [29/Jun/2026:06:06:28 +0000] "GET /v3/OS-FEDERATION/mappings/atmosphere-openid HTTP/1.1" 404 98 10.0.0.214 - - [29/Jun/2026:06:06:28 +0000] "GET /v3/OS-FEDERATION/mappings HTTP/1.1" 200 136 10.0.0.214 - - [29/Jun/2026:06:06:28 +0000] "PUT /v3/OS-FEDERATION/mappings/atmosphere-openid HTTP/1.1" 201 357 10.0.0.214 - - [29/Jun/2026:06:06:29 +0000] "GET /v3 HTTP/1.1" 200 266
[Mon Jun 29 06:06:29.471175 2026] [wsgi:error] [pid 11:tid 140570089252544] [remote 10.0.0.214:42062] 2026-06-29 06:06:29.470 11 WARNING keystone.common.password_hashing [None req-924c83fb-f5cb-4b1c-8bf4-7e4641f7404b - - - - - -] Truncating password to algorithm specific maximum length 72 characters.
[Mon Jun 29 06:06:29.744883 2026] [wsgi:error] [pid 11:tid 140570089252544] [remote 10.0.0.214:42062] 2026-06-29 06:06:29.744 11 WARNING keystone.common.fernet_utils [None req-924c83fb-f5cb-4b1c-8bf4-7e4641f7404b - - - - - -] key_repository is world readable: /etc/keystone/fernet-keys/ 10.0.0.214 - - [29/Jun/2026:06:06:29 +0000] "POST /v3/auth/tokens HTTP/1.1" 201 1360 10.0.0.214 - - [29/Jun/2026:06:06:29 +0000] "GET / HTTP/1.1" 300 281 10.0.0.214 - - [29/Jun/2026:06:06:29 +0000] "GET /v3/OS-FEDERATION/identity_providers/atmosphere/protocols/openid?idp_id=atmosphere HTTP/1.1" 404 131 10.0.0.214 - - [29/Jun/2026:06:06:29 +0000] "GET /v3/OS-FEDERATION/identity_providers/atmosphere/protocols HTTP/1.1" 200 168 10.0.0.214 - - [29/Jun/2026:06:06:29 +0000] "PUT /v3/OS-FEDERATION/identity_providers/atmosphere/protocols/openid HTTP/1.1" 201 224 10.0.0.214 - - [29/Jun/2026:06:06:39 +0000] "GET /v3/ HTTP/1.1" 200 249 10.0.0.214 - - [29/Jun/2026:06:06:39 +0000] "GET /v3/ HTTP/1.1" 200 249 10.0.0.214 - - [29/Jun/2026:06:07:39 +0000] "GET /v3/ HTTP/1.1" 200 249 10.0.0.214 - - [29/Jun/2026:06:07:39 +0000] "GET /v3/ HTTP/1.1" 200 249 10.0.0.68 - - [29/Jun/2026:06:07:53 +0000] "GET / HTTP/1.1" 300 295
[Mon Jun 29 06:07:53.755191 2026] [wsgi:error] [pid 12:tid 140570089252544] [remote 10.0.0.68:35642] 2026-06-29 06:07:53.754 12 WARNING keystone.common.password_hashing [None req-8b9f7d14-2293-4f3b-8639-605c77f34206 - - - - - -] Truncating password to algorithm specific maximum length 72 characters.
[Mon Jun 29 06:07:54.031262 2026] [wsgi:error] [pid 12:tid 140570089252544] [remote 10.0.0.68:35642] 2026-06-29 06:07:54.031 12 WARNING keystone.common.fernet_utils [None req-8b9f7d14-2293-4f3b-8639-605c77f34206 - - - - - -] key_repository is world readable: /etc/keystone/fernet-keys/ 10.0.0.68 - - [29/Jun/2026:06:07:53 +0000] "POST /v3/auth/tokens HTTP/1.1" 201 1360 10.0.0.68 - - [29/Jun/2026:06:07:54 +0000] "GET /v3/services HTTP/1.1" 200 355 10.0.0.68 - - [29/Jun/2026:06:07:57 +0000] "GET / HTTP/1.1" 300 295
[Mon Jun 29 06:07:57.928065 2026] [wsgi:error] [pid 10:tid 140570089252544] [remote 10.0.0.68:35652] 2026-06-29 06:07:57.927 10 WARNING keystone.common.password_hashing [None req-8997ecd0-c095-45f7-b429-73e1bc41428c - - - - - -] Truncating password to algorithm specific maximum length 72 characters.
[Mon Jun 29 06:07:58.211326 2026] [wsgi:error] [pid 10:tid 140570089252544] [remote 10.0.0.68:35652] 2026-06-29 06:07:58.211 10 WARNING keystone.common.fernet_utils [None req-8997ecd0-c095-45f7-b429-73e1bc41428c - - - - - -] key_repository is world readable: /etc/keystone/fernet-keys/ 10.0.0.68 - - [29/Jun/2026:06:07:57 +0000] "POST /v3/auth/tokens HTTP/1.1" 201 1360 10.0.0.68 - - [29/Jun/2026:06:07:58 +0000] "GET /v3/services HTTP/1.1" 200 355 10.0.0.68 - - [29/Jun/2026:06:08:01 +0000] "GET / HTTP/1.1" 300 295
[Mon Jun 29 06:08:02.011183 2026] [wsgi:error] [pid 11:tid 140570089252544] [remote 10.0.0.68:49172] 2026-06-29 06:08:02.011 11 WARNING keystone.common.password_hashing [None req-32ae03ca-fd17-4bb1-979b-8cedf4338fea - - - - - -] Truncating password to algorithm specific maximum length 72 characters.
[Mon Jun 29 06:08:02.295123 2026] [wsgi:error] [pid 11:tid 140570089252544] [remote 10.0.0.68:49172] 2026-06-29 06:08:02.294 11 WARNING keystone.common.fernet_utils [None req-32ae03ca-fd17-4bb1-979b-8cedf4338fea - - - - - -] key_repository is world readable: /etc/keystone/fernet-keys/ 10.0.0.68 - - [29/Jun/2026:06:08:01 +0000] "POST /v3/auth/tokens HTTP/1.1" 201 1360 10.0.0.68 - - [29/Jun/2026:06:08:02 +0000] "GET /v3/services HTTP/1.1" 200 355 10.0.0.68 - - [29/Jun/2026:06:08:05 +0000] "GET / HTTP/1.1" 300 295
[Mon Jun 29 06:08:05.955851 2026] [wsgi:error] [pid 9:tid 140570089252544] [remote 10.0.0.68:49180] 2026-06-29 06:08:05.955 9 WARNING keystone.common.password_hashing [None req-d05abee7-4f3a-4ffe-877a-80d62fee9df6 - - - - - -] Truncating password to algorithm specific maximum length 72 characters.
[Mon Jun 29 06:08:06.245963 2026] [wsgi:error] [pid 9:tid 140570089252544] [remote 10.0.0.68:49180] 2026-06-29 06:08:06.245 9 WARNING keystone.common.fernet_utils [None req-d05abee7-4f3a-4ffe-877a-80d62fee9df6 - - - - - -] key_repository is world readable: /etc/keystone/fernet-keys/ 10.0.0.68 - - [29/Jun/2026:06:08:05 +0000] "POST /v3/auth/tokens HTTP/1.1" 201 1360 10.0.0.68 - - [29/Jun/2026:06:08:06 +0000] "POST /v3/services HTTP/1.1" 201 296 10.0.0.138 - - [29/Jun/2026:06:08:17 +0000] "GET / HTTP/1.1" 300 295
[Mon Jun 29 06:08:17.990208 2026] [wsgi:error] [pid 12:tid 140570089252544] [remote 10.0.0.138:39702] 2026-06-29 06:08:17.989 12 WARNING keystone.common.password_hashing [None req-de5848a8-2fc8-4565-8da0-e6be934a0b34 - - - - - -] Truncating password to algorithm specific maximum length 72 characters. 10.0.0.138 - - [29/Jun/2026:06:08:18 +0000] "GET / HTTP/1.1" 300 295
[Mon Jun 29 06:08:18.105408 2026] [wsgi:error] [pid 11:tid 140570089252544] [remote 10.0.0.138:39708] 2026-06-29 06:08:18.105 11 WARNING keystone.common.password_hashing [None req-31b399e6-fc4c-42a9-b10d-28fd70bd9146 - - - - - -] Truncating password to algorithm specific maximum length 72 characters. 10.0.0.138 - - [29/Jun/2026:06:08:18 +0000] "GET / HTTP/1.1" 300 295
[Mon Jun 29 06:08:18.136940 2026] [wsgi:error] [pid 9:tid 140570089252544] [remote 10.0.0.138:39720] 2026-06-29 06:08:18.136 9 WARNING keystone.common.password_hashing [None req-54e61973-a414-4bd7-a363-ea0b78c0fad9 - - - - - -] Truncating password to algorithm specific maximum length 72 characters.
[Mon Jun 29 06:08:18.262922 2026] [wsgi:error] [pid 12:tid 140570089252544] [remote 10.0.0.138:39702] 2026-06-29 06:08:18.262 12 WARNING keystone.common.fernet_utils [None req-de5848a8-2fc8-4565-8da0-e6be934a0b34 - - - - - -] key_repository is world readable: /etc/keystone/fernet-keys/ 10.0.0.138 - - [29/Jun/2026:06:08:17 +0000] "POST /v3/auth/tokens HTTP/1.1" 201 1464
[Mon Jun 29 06:08:18.394325 2026] [wsgi:error] [pid 11:tid 140570089252544] [remote 10.0.0.138:39708] 2026-06-29 06:08:18.394 11 WARNING keystone.common.fernet_utils [None req-31b399e6-fc4c-42a9-b10d-28fd70bd9146 - - - - - -] key_repository is world readable: /etc/keystone/fernet-keys/ 10.0.0.138 - - [29/Jun/2026:06:08:18 +0000] "GET /v3/services HTTP/1.1" 200 639 10.0.0.138 - - [29/Jun/2026:06:08:18 +0000] "POST /v3/auth/tokens HTTP/1.1" 201 1464
[Mon Jun 29 06:08:18.420292 2026] [wsgi:error] [pid 9:tid 140570089252544] [remote 10.0.0.138:39720] 2026-06-29 06:08:18.420 9 WARNING keystone.common.fernet_utils [None req-54e61973-a414-4bd7-a363-ea0b78c0fad9 - - - - - -] key_repository is world readable: /etc/keystone/fernet-keys/ 10.0.0.138 - - [29/Jun/2026:06:08:18 +0000] "POST /v3/auth/tokens HTTP/1.1" 201 1464 10.0.0.138 - - [29/Jun/2026:06:08:18 +0000] "GET /v3/services HTTP/1.1" 200 639 10.0.0.138 - - [29/Jun/2026:06:08:18 +0000] "GET /v3/services HTTP/1.1" 200 639 10.0.0.138 - - [29/Jun/2026:06:08:19 +0000] "GET / HTTP/1.1" 300 295
[Mon Jun 29 06:08:19.930144 2026] [wsgi:error] [pid 9:tid 140570089252544] [remote 10.0.0.138:39728] 2026-06-29 06:08:19.929 9 WARNING keystone.common.password_hashing [None req-963ca815-a0d2-4141-862a-47268d1741d5 - - - - - -] Truncating password to algorithm specific maximum length 72 characters. 10.0.0.138 - - [29/Jun/2026:06:08:20 +0000] "GET / HTTP/1.1" 300 295 10.0.0.138 - - [29/Jun/2026:06:08:20 +0000] "GET / HTTP/1.1" 300 295
[Mon Jun 29 06:08:20.084495 2026] [wsgi:error] [pid 10:tid 140570089252544] [remote 10.0.0.138:39736] 2026-06-29 06:08:20.084 10 WARNING keystone.common.password_hashing [None req-3a745a84-789c-4956-82a4-666cfc78afa1 - - - - - -] Truncating password to algorithm specific maximum length 72 characters.
[Mon Jun 29 06:08:20.110569 2026] [wsgi:error] [pid 12:tid 140570089252544] [remote 10.0.0.138:39744] 2026-06-29 06:08:20.110 12 WARNING keystone.common.password_hashing [None req-391ecb03-a37e-479d-ac11-6c96fbaec73d - - - - - -] Truncating password to algorithm specific maximum length 72 characters.
[Mon Jun 29 06:08:20.226146 2026] [wsgi:error] [pid 9:tid 140570089252544] [remote 10.0.0.138:39728] 2026-06-29 06:08:20.225 9 WARNING keystone.common.fernet_utils [None req-963ca815-a0d2-4141-862a-47268d1741d5 - - - - - -] key_repository is world readable: /etc/keystone/fernet-keys/ 10.0.0.138 - - [29/Jun/2026:06:08:19 +0000] "POST /v3/auth/tokens HTTP/1.1" 201 1464
[Mon Jun 29 06:08:20.383202 2026] [wsgi:error] [pid 10:tid 140570089252544] [remote 10.0.0.138:39736] 2026-06-29 06:08:20.382 10 WARNING keystone.common.fernet_utils [None req-3a745a84-789c-4956-82a4-666cfc78afa1 - - - - - -] key_repository is world readable: /etc/keystone/fernet-keys/ 10.0.0.138 - - [29/Jun/2026:06:08:20 +0000] "GET /v3/endpoints HTTP/1.1" 200 1227 10.0.0.138 - - [29/Jun/2026:06:08:20 +0000] "POST /v3/auth/tokens HTTP/1.1" 201 1464
[Mon Jun 29 06:08:20.411979 2026] [wsgi:error] [pid 12:tid 140570089252544] [remote 10.0.0.138:39744] 2026-06-29 06:08:20.411 12 WARNING keystone.common.fernet_utils [None req-391ecb03-a37e-479d-ac11-6c96fbaec73d - - - - - -] key_repository is world readable: /etc/keystone/fernet-keys/ 10.0.0.138 - - [29/Jun/2026:06:08:20 +0000] "POST /v3/auth/tokens HTTP/1.1" 201 1464 10.0.0.138 - - [29/Jun/2026:06:08:20 +0000] "GET /v3/services/d7ca5e7356c94afd8fa2cf7134020710 HTTP/1.1" 200 233 10.0.0.138 - - [29/Jun/2026:06:08:20 +0000] "GET /v3/services/d7ca5e7356c94afd8fa2cf7134020710 HTTP/1.1" 200 233 10.0.0.138 - - [29/Jun/2026:06:08:20 +0000] "GET /v3/services/d7ca5e7356c94afd8fa2cf7134020710 HTTP/1.1" 200 233 10.0.0.138 - - [29/Jun/2026:06:08:20 +0000] "GET /v3/endpoints HTTP/1.1" 200 1227 10.0.0.138 - - [29/Jun/2026:06:08:20 +0000] "GET /v3/services/d7ca5e7356c94afd8fa2cf7134020710 HTTP/1.1" 200 233 10.0.0.138 - - [29/Jun/2026:06:08:20 +0000] "GET /v3/endpoints HTTP/1.1" 200 1227 10.0.0.138 - - [29/Jun/2026:06:08:20 +0000] "GET /v3/services/d7ca5e7356c94afd8fa2cf7134020710 HTTP/1.1" 200 233 10.0.0.138 - - [29/Jun/2026:06:08:20 +0000] "GET /v3/services/d7ca5e7356c94afd8fa2cf7134020710 HTTP/1.1" 200 233 10.0.0.138 - - [29/Jun/2026:06:08:20 +0000] "GET /v3/services/d7ca5e7356c94afd8fa2cf7134020710 HTTP/1.1" 200 233 10.0.0.138 - - [29/Jun/2026:06:08:20 +0000] "GET /v3/services/d7ca5e7356c94afd8fa2cf7134020710 HTTP/1.1" 200 233 10.0.0.138 - - [29/Jun/2026:06:08:20 +0000] "GET /v3/services/d7ca5e7356c94afd8fa2cf7134020710 HTTP/1.1" 200 233 10.0.0.138 - - [29/Jun/2026:06:08:21 +0000] "GET / HTTP/1.1" 300 295
[Mon Jun 29 06:08:21.996688 2026] [wsgi:error] [pid 10:tid 140570089252544] [remote 10.0.0.138:60726] 2026-06-29 06:08:21.996 10 WARNING keystone.common.password_hashing [None req-3b785a9f-b520-49ca-b0f6-23bf59d35eff - - - - - -] Truncating password to algorithm specific maximum length 72 characters. 10.0.0.138 - - [29/Jun/2026:06:08:22 +0000] "GET / HTTP/1.1" 300 295
[Mon Jun 29 06:08:22.278676 2026] [wsgi:error] [pid 11:tid 140570089252544] [remote 10.0.0.138:60730] 2026-06-29 06:08:22.278 11 WARNING keystone.common.password_hashing [None req-9ff4e74e-d700-44a9-bfae-3f189bc2d514 - - - - - -] Truncating password to algorithm specific maximum length 72 characters.
[Mon Jun 29 06:08:22.280245 2026] [wsgi:error] [pid 10:tid 140570089252544] [remote 10.0.0.138:60726] 2026-06-29 06:08:22.280 10 WARNING keystone.common.fernet_utils [None req-3b785a9f-b520-49ca-b0f6-23bf59d35eff - - - - - -] key_repository is world readable: /etc/keystone/fernet-keys/ 10.0.0.138 - - [29/Jun/2026:06:08:22 +0000] "GET / HTTP/1.1" 300 295 10.0.0.138 - - [29/Jun/2026:06:08:21 +0000] "POST /v3/auth/tokens HTTP/1.1" 201 1464
[Mon Jun 29 06:08:22.303501 2026] [wsgi:error] [pid 9:tid 140570089252544] [remote 10.0.0.138:60740] 2026-06-29 06:08:22.303 9 WARNING keystone.common.password_hashing [None req-799b32b2-16e9-4d43-b4fd-9c3c2cf47375 - - - - - -] Truncating password to algorithm specific maximum length 72 characters. 10.0.0.138 - - [29/Jun/2026:06:08:22 +0000] "GET /v3/services/3739c1c783fa49a5886f82ce2eb5bf7b HTTP/1.1" 200 296 10.0.0.138 - - [29/Jun/2026:06:08:22 +0000] "GET /v3/regions/RegionOne HTTP/1.1" 200 173
[Mon Jun 29 06:08:22.553244 2026] [wsgi:error] [pid 11:tid 140570089252544] [remote 10.0.0.138:60730] 2026-06-29 06:08:22.553 11 WARNING keystone.common.fernet_utils [None req-9ff4e74e-d700-44a9-bfae-3f189bc2d514 - - - - - -] key_repository is world readable: /etc/keystone/fernet-keys/ 10.0.0.138 - - [29/Jun/2026:06:08:22 +0000] "POST /v3/auth/tokens HTTP/1.1" 201 1464
[Mon Jun 29 06:08:22.577635 2026] [wsgi:error] [pid 9:tid 140570089252544] [remote 10.0.0.138:60740] 2026-06-29 06:08:22.577 9 WARNING keystone.common.fernet_utils [None req-799b32b2-16e9-4d43-b4fd-9c3c2cf47375 - - - - - -] key_repository is world readable: /etc/keystone/fernet-keys/ 10.0.0.138 - - [29/Jun/2026:06:08:22 +0000] "POST /v3/auth/tokens HTTP/1.1" 201 1464 10.0.0.138 - - [29/Jun/2026:06:08:22 +0000] "POST /v3/endpoints HTTP/1.1" 201 380 10.0.0.138 - - [29/Jun/2026:06:08:22 +0000] "GET /v3/services/3739c1c783fa49a5886f82ce2eb5bf7b HTTP/1.1" 200 296 10.0.0.138 - - [29/Jun/2026:06:08:22 +0000] "GET /v3/services/3739c1c783fa49a5886f82ce2eb5bf7b HTTP/1.1" 200 296 10.0.0.138 - - [29/Jun/2026:06:08:22 +0000] "GET /v3/regions/RegionOne HTTP/1.1" 200 173 10.0.0.138 - - [29/Jun/2026:06:08:22 +0000] "GET /v3/regions/RegionOne HTTP/1.1" 200 173 10.0.0.138 - - [29/Jun/2026:06:08:22 +0000] "POST /v3/endpoints HTTP/1.1" 201 370 10.0.0.138 - - [29/Jun/2026:06:08:22 +0000] "POST /v3/endpoints HTTP/1.1" 201 383 10.0.0.138 - - [29/Jun/2026:06:08:24 +0000] "GET / HTTP/1.1" 300 295
[Mon Jun 29 06:08:24.084320 2026] [wsgi:error] [pid 12:tid 140570089252544] [remote 10.0.0.138:60750] 2026-06-29 06:08:24.084 12 WARNING keystone.common.password_hashing [None req-098add34-1ded-4bd1-a1c7-b19bffd53a06 - - - - - -] Truncating password to algorithm specific maximum length 72 characters. 10.0.0.138 - - [29/Jun/2026:06:08:24 +0000] "GET / HTTP/1.1" 300 295
[Mon Jun 29 06:08:24.210344 2026] [wsgi:error] [pid 10:tid 140570089252544] [remote 10.0.0.138:60752] 2026-06-29 06:08:24.210 10 WARNING keystone.common.password_hashing [None req-aec9523d-6d61-4c75-8d06-1719db3df5b2 - - - - - -] Truncating password to algorithm specific maximum length 72 characters.
[Mon Jun 29 06:08:24.356143 2026] [wsgi:error] [pid 12:tid 140570089252544] [remote 10.0.0.138:60750] 2026-06-29 06:08:24.355 12 WARNING keystone.common.fernet_utils [None req-098add34-1ded-4bd1-a1c7-b19bffd53a06 - - - - - -] key_repository is world readable: /etc/keystone/fernet-keys/ 10.0.0.138 - - [29/Jun/2026:06:08:24 +0000] "GET / HTTP/1.1" 300 295 10.0.0.138 - - [29/Jun/2026:06:08:24 +0000] "POST /v3/auth/tokens HTTP/1.1" 201 1992
[Mon Jun 29 06:08:24.381124 2026] [wsgi:error] [pid 11:tid 140570089252544] [remote 10.0.0.138:60762] 2026-06-29 06:08:24.380 11 WARNING keystone.common.password_hashing [None req-b3c5f7e9-e92f-4b89-a482-c47c7c8d6d39 - - - - - -] Truncating password to algorithm specific maximum length 72 characters.
[Mon Jun 29 06:08:24.486997 2026] [wsgi:error] [pid 10:tid 140570089252544] [remote 10.0.0.138:60752] 2026-06-29 06:08:24.486 10 WARNING keystone.common.fernet_utils [None req-aec9523d-6d61-4c75-8d06-1719db3df5b2 - - - - - -] key_repository is world readable: /etc/keystone/fernet-keys/ 10.0.0.138 - - [29/Jun/2026:06:08:24 +0000] "GET /v3/endpoints/77b93f9591a7416fb4c929203eff43e1 HTTP/1.1" 200 380 10.0.0.138 - - [29/Jun/2026:06:08:24 +0000] "POST /v3/auth/tokens HTTP/1.1" 201 1992 10.0.0.138 - - [29/Jun/2026:06:08:24 +0000] "GET /v3/services/3739c1c783fa49a5886f82ce2eb5bf7b HTTP/1.1" 200 296 10.0.0.138 - - [29/Jun/2026:06:08:24 +0000] "GET /v3/endpoints/89c7966c47034db7b056b544aea10512 HTTP/1.1" 200 370 10.0.0.138 - - [29/Jun/2026:06:08:24 +0000] "GET /v3/services/3739c1c783fa49a5886f82ce2eb5bf7b HTTP/1.1" 200 296
[Mon Jun 29 06:08:24.650824 2026] [wsgi:error] [pid 11:tid 140570089252544] [remote 10.0.0.138:60762] 2026-06-29 06:08:24.650 11 WARNING keystone.common.fernet_utils [None req-b3c5f7e9-e92f-4b89-a482-c47c7c8d6d39 - - - - - -] key_repository is world readable: /etc/keystone/fernet-keys/ 10.0.0.138 - - [29/Jun/2026:06:08:24 +0000] "POST /v3/auth/tokens HTTP/1.1" 201 1992 10.0.0.138 - - [29/Jun/2026:06:08:24 +0000] "GET /v3/endpoints/c94271d0923242beb64bcc5cac988a1d HTTP/1.1" 200 383 10.0.0.138 - - [29/Jun/2026:06:08:24 +0000] "GET /v3/services/3739c1c783fa49a5886f82ce2eb5bf7b HTTP/1.1" 200 296 10.0.0.133 - - [29/Jun/2026:06:08:35 +0000] "GET / HTTP/1.1" 300 295
[Mon Jun 29 06:08:35.963607 2026] [wsgi:error] [pid 11:tid 140570089252544] [remote 10.0.0.133:49578] 2026-06-29 06:08:35.963 11 WARNING keystone.common.password_hashing [None req-fe8edbcb-51c2-4cb9-b6f8-157f1b32218b - - - - - -] Truncating password to algorithm specific maximum length 72 characters.
[Mon Jun 29 06:08:36.233111 2026] [wsgi:error] [pid 11:tid 140570089252544] [remote 10.0.0.133:49578] 2026-06-29 06:08:36.232 11 WARNING keystone.common.fernet_utils [None req-fe8edbcb-51c2-4cb9-b6f8-157f1b32218b - - - - - -] key_repository is world readable: /etc/keystone/fernet-keys/ 10.0.0.133 - - [29/Jun/2026:06:08:35 +0000] "POST /v3/auth/tokens HTTP/1.1" 201 1992 10.0.0.133 - - [29/Jun/2026:06:08:36 +0000] "POST /v3/domains HTTP/1.1" 201 284 10.0.0.133 - - [29/Jun/2026:06:08:37 +0000] "GET / HTTP/1.1" 300 295
[Mon Jun 29 06:08:37.974740 2026] [wsgi:error] [pid 10:tid 140570089252544] [remote 10.0.0.133:49582] 2026-06-29 06:08:37.974 10 WARNING keystone.common.password_hashing [None req-f01fc8b7-9e9c-4d91-af31-c908eb4d0de6 - - - - - -] Truncating password to algorithm specific maximum length 72 characters.
[Mon Jun 29 06:08:38.257016 2026] [wsgi:error] [pid 10:tid 140570089252544] [remote 10.0.0.133:49582] 2026-06-29 06:08:38.256 10 WARNING keystone.common.fernet_utils [None req-f01fc8b7-9e9c-4d91-af31-c908eb4d0de6 - - - - - -] key_repository is world readable: /etc/keystone/fernet-keys/ 10.0.0.133 - - [29/Jun/2026:06:08:37 +0000] "POST /v3/auth/tokens HTTP/1.1" 201 1992
[Mon Jun 29 06:08:38.439730 2026] [wsgi:error] [pid 11:tid 140570089252544] [remote 10.0.0.133:49582] 2026-06-29 06:08:38.424 11 ERROR keystone.server.flask.application [None req-1f63656a-0b0f-4b18-9a76-3f0375eb9e26 d77caf7947b3434bbb10e9f01aa67e67 1b1abdc1b0b0415c9a6f2f073dddcb76 - - default default] Conflict occurred attempting to store project - it is not permitted to have two projects acting as domains with the same name: service.: keystone.exception.Conflict: Conflict occurred attempting to store project - it is not permitted to have two projects acting as domains with the same name: service.
[Mon Jun 29 06:08:38.439758 2026] [wsgi:error] [pid 11:tid 140570089252544] [remote 10.0.0.133:49582] 2026-06-29 06:08:38.424 11 ERROR keystone.server.flask.application
Traceback (most recent call last):
[Mon Jun 29 06:08:38.439761 2026] [wsgi:error] [pid 11:tid 140570089252544] [remote 10.0.0.133:49582] 2026-06-29 06:08:38.424 11 ERROR keystone.server.flask.application
File "/var/lib/openstack/lib/python3.12/site-packages/sqlalchemy/engine/base.py", line 1969, in _exec_single_context
[Mon Jun 29 06:08:38.439762 2026] [wsgi:error] [pid 11:tid 140570089252544] [remote 10.0.0.133:49582] 2026-06-29 06:08:38.424 11 ERROR keystone.server.flask.application self.dialect.do_execute(
[Mon Jun 29 06:08:38.439764 2026] [wsgi:error] [pid 11:tid 140570089252544] [remote 10.0.0.133:49582] 2026-06-29 06:08:38.424 11 ERROR keystone.server.flask.application
File "/var/lib/openstack/lib/python3.12/site-packages/sqlalchemy/engine/default.py", line 952, in do_execute
[Mon Jun 29 06:08:38.439765 2026] [wsgi:error] [pid 11:tid 140570089252544] [remote 10.0.0.133:49582] 2026-06-29 06:08:38.424 11 ERROR keystone.server.flask.application cursor.execute(statement, parameters)
[Mon Jun 29 06:08:38.439767 2026] [wsgi:error] [pid 11:tid 140570089252544] [remote 10.0.0.133:49582] 2026-06-29 06:08:38.424 11 ERROR keystone.server.flask.application
File "/var/lib/openstack/lib/python3.12/site-packages/pymysql/cursors.py", line 159, in execute
[Mon Jun 29 06:08:38.439768 2026] [wsgi:error] [pid 11:tid 140570089252544] [remote 10.0.0.133:49582] 2026-06-29 06:08:38.424 11 ERROR keystone.server.flask.application result = self._query(query)
[Mon Jun 29 06:08:38.439770 2026] [wsgi:error] [pid 11:tid 140570089252544] [remote 10.0.0.133:49582] 2026-06-29 06:08:38.424 11 ERROR keystone.server.flask.application ^^^^^^^^^^^^^^^^^^
[Mon Jun 29 06:08:38.439771 2026] [wsgi:error] [pid 11:tid 140570089252544] [remote 10.0.0.133:49582] 2026-06-29 06:08:38.424 11 ERROR keystone.server.flask.application
File "/var/lib/openstack/lib/python3.12/site-packages/pymysql/cursors.py", line 330, in _query
[Mon Jun 29 06:08:38.439773 2026] [wsgi:error] [pid 11:tid 140570089252544] [remote 10.0.0.133:49582] 2026-06-29 06:08:38.424 11 ERROR keystone.server.flask.application conn.query(q)
[Mon Jun 29 06:08:38.439774 2026] [wsgi:error] [pid 11:tid 140570089252544] [remote 10.0.0.133:49582] 2026-06-29 06:08:38.424 11 ERROR keystone.server.flask.application
File "/var/lib/openstack/lib/python3.12/site-packages/pymysql/connections.py", line 582, in query
[Mon Jun 29 06:08:38.439776 2026] [wsgi:error] [pid 11:tid 140570089252544] [remote 10.0.0.133:49582] 2026-06-29 06:08:38.424 11 ERROR keystone.server.flask.application self._affected_rows = self._read_query_result(unbuffered=unbuffered)
[Mon Jun 29 06:08:38.439777 2026] [wsgi:error] [pid 11:tid 140570089252544] [remote 10.0.0.133:49582] 2026-06-29 06:08:38.424 11 ERROR keystone.server.flask.application ^^^^^^^^^^^^^^^^^^^^^^^^^^^^^^^^^^^^^^^^^^^^^^
[Mon Jun 29 06:08:38.439779 2026] [wsgi:error] [pid 11:tid 140570089252544] [remote 10.0.0.133:49582] 2026-06-29 06:08:38.424 11 ERROR keystone.server.flask.application
File "/var/lib/openstack/lib/python3.12/site-packages/pymysql/connections.py", line 847, in _read_query_result
[Mon Jun 29 06:08:38.439780 2026] [wsgi:error] [pid 11:tid 140570089252544] [remote 10.0.0.133:49582] 2026-06-29 06:08:38.424 11 ERROR keystone.server.flask.application result.read()
[Mon Jun 29 06:08:38.439783 2026] [wsgi:error] [pid 11:tid 140570089252544] [remote 10.0.0.133:49582] 2026-06-29 06:08:38.424 11 ERROR keystone.server.flask.application
File "/var/lib/openstack/lib/python3.12/site-packages/pymysql/connections.py", line 1245, in read
[Mon Jun 29 06:08:38.439785 2026] [wsgi:error] [pid 11:tid 140570089252544] [remote 10.0.0.133:49582] 2026-06-29 06:08:38.424 11 ERROR keystone.server.flask.application first_packet = self.connection._read_packet()
[Mon Jun 29 06:08:38.439786 2026] [wsgi:error] [pid 11:tid 140570089252544] [remote 10.0.0.133:49582] 2026-06-29 06:08:38.424 11 ERROR keystone.server.flask.application ^^^^^^^^^^^^^^^^^^^^^^^^^^^^^^
[Mon Jun 29 06:08:38.439788 2026] [wsgi:error] [pid 11:tid 140570089252544] [remote 10.0.0.133:49582] 2026-06-29 06:08:38.424 11 ERROR keystone.server.flask.application
File "/var/lib/openstack/lib/python3.12/site-packages/pymysql/connections.py", line 803, in _read_packet
[Mon Jun 29 06:08:38.440053 2026] [wsgi:error] [pid 11:tid 140570089252544] [remote 10.0.0.133:49582] 2026-06-29 06:08:38.424 11 ERROR keystone.server.flask.application packet.raise_for_error()
[Mon Jun 29 06:08:38.440059 2026] [wsgi:error] [pid 11:tid 140570089252544] [remote 10.0.0.133:49582] 2026-06-29 06:08:38.424 11 ERROR keystone.server.flask.application
File "/var/lib/openstack/lib/python3.12/site-packages/pymysql/protocol.py", line 219, in raise_for_error
[Mon Jun 29 06:08:38.440061 2026] [wsgi:error] [pid 11:tid 140570089252544] [remote 10.0.0.133:49582] 2026-06-29 06:08:38.424 11 ERROR keystone.server.flask.application err.raise_mysql_exception(self._data)
[Mon Jun 29 06:08:38.440062 2026] [wsgi:error] [pid 11:tid 140570089252544] [remote 10.0.0.133:49582] 2026-06-29 06:08:38.424 11 ERROR keystone.server.flask.application
File "/var/lib/openstack/lib/python3.12/site-packages/pymysql/err.py", line 154, in raise_mysql_exception
[Mon Jun 29 06:08:38.440064 2026] [wsgi:error] [pid 11:tid 140570089252544] [remote 10.0.0.133:49582] 2026-06-29 06:08:38.424 11 ERROR keystone.server.flask.application raise errorclass(errno, errval, sqlstate=sqlstate)
[Mon Jun 29 06:08:38.440066 2026] [wsgi:error] [pid 11:tid 140570089252544] [remote 10.0.0.133:49582] 2026-06-29 06:08:38.424 11 ERROR keystone.server.flask.application pymysql.err.IntegrityError: (1062, "Duplicate entry '<>-service' for key 'project.ixu_project_name_domain_id'")
[Mon Jun 29 06:08:38.440068 2026] [wsgi:error] [pid 11:tid 140570089252544] [remote 10.0.0.133:49582] 2026-06-29 06:08:38.424 11 ERROR keystone.server.flask.application
[Mon Jun 29 06:08:38.440069 2026] [wsgi:error] [pid 11:tid 140570089252544] [remote 10.0.0.133:49582] 2026-06-29 06:08:38.424 11 ERROR keystone.server.flask.application The above exception was the direct cause of the following exception:
[Mon Jun 29 06:08:38.440071 2026] [wsgi:error] [pid 11:tid 140570089252544] [remote 10.0.0.133:49582] 2026-06-29 06:08:38.424 11 ERROR keystone.server.flask.application
[Mon Jun 29 06:08:38.440072 2026] [wsgi:error] [pid 11:tid 140570089252544] [remote 10.0.0.133:49582] 2026-06-29 06:08:38.424 11 ERROR keystone.server.flask.application
Traceback (most recent call last):
[Mon Jun 29 06:08:38.440073 2026] [wsgi:error] [pid 11:tid 140570089252544] [remote 10.0.0.133:49582] 2026-06-29 06:08:38.424 11 ERROR keystone.server.flask.application
File "/var/lib/openstack/lib/python3.12/site-packages/keystone/common/sql/core.py", line 575, in wrapper
[Mon Jun 29 06:08:38.440075 2026] [wsgi:error] [pid 11:tid 140570089252544] [remote 10.0.0.133:49582] 2026-06-29 06:08:38.424 11 ERROR keystone.server.flask.application return method(*args, **kwargs)
[Mon Jun 29 06:08:38.440076 2026] [wsgi:error] [pid 11:tid 140570089252544] [remote 10.0.0.133:49582] 2026-06-29 06:08:38.424 11 ERROR keystone.server.flask.application ^^^^^^^^^^^^^^^^^^^^^^^
[Mon Jun 29 06:08:38.440077 2026] [wsgi:error] [pid 11:tid 140570089252544] [remote 10.0.0.133:49582] 2026-06-29 06:08:38.424 11 ERROR keystone.server.flask.application
File "/var/lib/openstack/lib/python3.12/site-packages/keystone/resource/backends/sql.py", line 278, in create_project
[Mon Jun 29 06:08:38.440079 2026] [wsgi:error] [pid 11:tid 140570089252544] [remote 10.0.0.133:49582] 2026-06-29 06:08:38.424 11 ERROR keystone.server.flask.application with sql.session_for_write() as session:
[Mon Jun 29 06:08:38.440080 2026] [wsgi:error] [pid 11:tid 140570089252544] [remote 10.0.0.133:49582] 2026-06-29 06:08:38.424 11 ERROR keystone.server.flask.application
File "/usr/lib/python3.12/contextlib.py", line 144, in __exit__
[Mon Jun 29 06:08:38.440081 2026] [wsgi:error] [pid 11:tid 140570089252544] [remote 10.0.0.133:49582] 2026-06-29 06:08:38.424 11 ERROR keystone.server.flask.application next(self.gen)
[Mon Jun 29 06:08:38.440083 2026] [wsgi:error] [pid 11:tid 140570089252544] [remote 10.0.0.133:49582] 2026-06-29 06:08:38.424 11 ERROR keystone.server.flask.application
File "/var/lib/openstack/lib/python3.12/site-packages/oslo_db/sqlalchemy/enginefacade.py", line 1175, in _transaction_scope
[Mon Jun 29 06:08:38.440086 2026] [wsgi:error] [pid 11:tid 140570089252544] [remote 10.0.0.133:49582] 2026-06-29 06:08:38.424 11 ERROR keystone.server.flask.application with current._produce_block(
[Mon Jun 29 06:08:38.440088 2026] [wsgi:error] [pid 11:tid 140570089252544] [remote 10.0.0.133:49582] 2026-06-29 06:08:38.424 11 ERROR keystone.server.flask.application
File "/usr/lib/python3.12/contextlib.py", line 144, in __exit__
[Mon Jun 29 06:08:38.440089 2026] [wsgi:error] [pid 11:tid 140570089252544] [remote 10.0.0.133:49582] 2026-06-29 06:08:38.424 11 ERROR keystone.server.flask.application next(self.gen)
[Mon Jun 29 06:08:38.440090 2026] [wsgi:error] [pid 11:tid 140570089252544] [remote 10.0.0.133:49582] 2026-06-29 06:08:38.424 11 ERROR keystone.server.flask.application
File "/var/lib/openstack/lib/python3.12/site-packages/oslo_db/sqlalchemy/enginefacade.py", line 837, in _session
[Mon Jun 29 06:08:38.440092 2026] [wsgi:error] [pid 11:tid 140570089252544] [remote 10.0.0.133:49582] 2026-06-29 06:08:38.424 11 ERROR keystone.server.flask.application with excutils.save_and_reraise_exception():
[Mon Jun 29 06:08:38.440245 2026] [wsgi:error] [pid 11:tid 140570089252544] [remote 10.0.0.133:49582] 2026-06-29 06:08:38.424 11 ERROR keystone.server.flask.application
File "/var/lib/openstack/lib/python3.12/site-packages/oslo_utils/excutils.py", line 266, in __exit__
[Mon Jun 29 06:08:38.440248 2026] [wsgi:error] [pid 11:tid 140570089252544] [remote 10.0.0.133:49582] 2026-06-29 06:08:38.424 11 ERROR keystone.server.flask.application self.force_reraise()
[Mon Jun 29 06:08:38.440250 2026] [wsgi:error] [pid 11:tid 140570089252544] [remote 10.0.0.133:49582] 2026-06-29 06:08:38.424 11 ERROR keystone.server.flask.application
File "/var/lib/openstack/lib/python3.12/site-packages/oslo_utils/excutils.py", line 232, in force_reraise
[Mon Jun 29 06:08:38.440252 2026] [wsgi:error] [pid 11:tid 140570089252544] [remote 10.0.0.133:49582] 2026-06-29 06:08:38.424 11 ERROR keystone.server.flask.application raise self.value
[Mon Jun 29 06:08:38.440254 2026] [wsgi:error] [pid 11:tid 140570089252544] [remote 10.0.0.133:49582] 2026-06-29 06:08:38.424 11 ERROR keystone.server.flask.application
File "/var/lib/openstack/lib/python3.12/site-packages/oslo_db/sqlalchemy/enginefacade.py", line 835, in _session
[Mon Jun 29 06:08:38.440255 2026] [wsgi:error] [pid 11:tid 140570089252544] [remote 10.0.0.133:49582] 2026-06-29 06:08:38.424 11 ERROR keystone.server.flask.application self._end_session_transaction(self.session)
[Mon Jun 29 06:08:38.440257 2026] [wsgi:error] [pid 11:tid 140570089252544] [remote 10.0.0.133:49582] 2026-06-29 06:08:38.424 11 ERROR keystone.server.flask.application
File "/var/lib/openstack/lib/python3.12/site-packages/oslo_db/sqlalchemy/enginefacade.py", line 748, in _end_session_transaction
[Mon Jun 29 06:08:38.440259 2026] [wsgi:error] [pid 11:tid 140570089252544] [remote 10.0.0.133:49582] 2026-06-29 06:08:38.424 11 ERROR keystone.server.flask.application session.commit()
[Mon Jun 29 06:08:38.440261 2026] [wsgi:error] [pid 11:tid 140570089252544] [remote 10.0.0.133:49582] 2026-06-29 06:08:38.424 11 ERROR keystone.server.flask.application
File "/var/lib/openstack/lib/python3.12/site-packages/sqlalchemy/orm/session.py", line 2034, in commit
[Mon Jun 29 06:08:38.440263 2026] [wsgi:error] [pid 11:tid 140570089252544] [remote 10.0.0.133:49582] 2026-06-29 06:08:38.424 11 ERROR keystone.server.flask.application trans.commit(_to_root=True)
[Mon Jun 29 06:08:38.440264 2026] [wsgi:error] [pid 11:tid 140570089252544] [remote 10.0.0.133:49582] 2026-06-29 06:08:38.424 11 ERROR keystone.server.flask.application File "", line 2, in commit
[Mon Jun 29 06:08:38.440266 2026] [wsgi:error] [pid 11:tid 140570089252544] [remote 10.0.0.133:49582] 2026-06-29 06:08:38.424 11 ERROR keystone.server.flask.application
File "/var/lib/openstack/lib/python3.12/site-packages/sqlalchemy/orm/state_changes.py", line 137, in _go
[Mon Jun 29 06:08:38.440388 2026] [wsgi:error] [pid 11:tid 140570089252544] [remote 10.0.0.133:49582] 2026-06-29 06:08:38.424 11 ERROR keystone.server.flask.application ret_value = fn(self, *arg, **kw)
[Mon Jun 29 06:08:38.440390 2026] [wsgi:error] [pid 11:tid 140570089252544] [remote 10.0.0.133:49582] 2026-06-29 06:08:38.424 11 ERROR keystone.server.flask.application ^^^^^^^^^^^^^^^^^^^^
[Mon Jun 29 06:08:38.440391 2026] [wsgi:error] [pid 11:tid 140570089252544] [remote 10.0.0.133:49582] 2026-06-29 06:08:38.424 11 ERROR keystone.server.flask.application
File "/var/lib/openstack/lib/python3.12/site-packages/sqlalchemy/orm/session.py", line 1315, in commit
[Mon Jun 29 06:08:38.440394 2026] [wsgi:error] [pid 11:tid 140570089252544] [remote 10.0.0.133:49582] 2026-06-29 06:08:38.424 11 ERROR keystone.server.flask.application self._prepare_impl()
[Mon Jun 29 06:08:38.440395 2026] [wsgi:error] [pid 11:tid 140570089252544] [remote 10.0.0.133:49582] 2026-06-29 06:08:38.424 11 ERROR keystone.server.flask.application File "", line 2, in _prepare_impl
[Mon Jun 29 06:08:38.440397 2026] [wsgi:error] [pid 11:tid 140570089252544] [remote 10.0.0.133:49582] 2026-06-29 06:08:38.424 11 ERROR keystone.server.flask.application
File "/var/lib/openstack/lib/python3.12/site-packages/sqlalchemy/orm/state_changes.py", line 137, in _go
[Mon Jun 29 06:08:38.440399 2026] [wsgi:error] [pid 11:tid 140570089252544] [remote 10.0.0.133:49582] 2026-06-29 06:08:38.424 11 ERROR keystone.server.flask.application ret_value = fn(self, *arg, **kw)
[Mon Jun 29 06:08:38.440400 2026] [wsgi:error] [pid 11:tid 140570089252544] [remote 10.0.0.133:49582] 2026-06-29 06:08:38.424 11 ERROR keystone.server.flask.application ^^^^^^^^^^^^^^^^^^^^
[Mon Jun 29 06:08:38.440402 2026] [wsgi:error] [pid 11:tid 140570089252544] [remote 10.0.0.133:49582] 2026-06-29 06:08:38.424 11 ERROR keystone.server.flask.application
File "/var/lib/openstack/lib/python3.12/site-packages/sqlalchemy/orm/session.py", line 1290, in _prepare_impl
[Mon Jun 29 06:08:38.440404 2026] [wsgi:error] [pid 11:tid 140570089252544] [remote 10.0.0.133:49582] 2026-06-29 06:08:38.424 11 ERROR keystone.server.flask.application self.session.flush()
[Mon Jun 29 06:08:38.440406 2026] [wsgi:error] [pid 11:tid 140570089252544] [remote 10.0.0.133:49582] 2026-06-29 06:08:38.424 11 ERROR keystone.server.flask.application
File "/var/lib/openstack/lib/python3.12/site-packages/sqlalchemy/orm/session.py", line 4352, in flush
[Mon Jun 29 06:08:38.440503 2026] [wsgi:error] [pid 11:tid 140570089252544] [remote 10.0.0.133:49582] 2026-06-29 06:08:38.424 11 ERROR keystone.server.flask.application self._flush(objects)
[Mon Jun 29 06:08:38.440510 2026] [wsgi:error] [pid 11:tid 140570089252544] [remote 10.0.0.133:49582] 2026-06-29 06:08:38.424 11 ERROR keystone.server.flask.application
File "/var/lib/openstack/lib/python3.12/site-packages/sqlalchemy/orm/session.py", line 4487, in _flush
[Mon Jun 29 06:08:38.440512 2026] [wsgi:error] [pid 11:tid 140570089252544] [remote 10.0.0.133:49582] 2026-06-29 06:08:38.424 11 ERROR keystone.server.flask.application with util.safe_reraise():
[Mon Jun 29 06:08:38.440514 2026] [wsgi:error] [pid 11:tid 140570089252544] [remote 10.0.0.133:49582] 2026-06-29 06:08:38.424 11 ERROR keystone.server.flask.application
File "/var/lib/openstack/lib/python3.12/site-packages/sqlalchemy/util/langhelpers.py", line 122, in __exit__
[Mon Jun 29 06:08:38.440516 2026] [wsgi:error] [pid 11:tid 140570089252544] [remote 10.0.0.133:49582] 2026-06-29 06:08:38.424 11 ERROR keystone.server.flask.application raise exc_value.with_traceback(exc_tb)
[Mon Jun 29 06:08:38.440518 2026] [wsgi:error] [pid 11:tid 140570089252544] [remote 10.0.0.133:49582] 2026-06-29 06:08:38.424 11 ERROR keystone.server.flask.application
File "/var/lib/openstack/lib/python3.12/site-packages/sqlalchemy/orm/session.py", line 4448, in _flush
[Mon Jun 29 06:08:38.440520 2026] [wsgi:error] [pid 11:tid 140570089252544] [remote 10.0.0.133:49582] 2026-06-29 06:08:38.424 11 ERROR keystone.server.flask.application flush_context.execute()
[Mon Jun 29 06:08:38.440521 2026] [wsgi:error] [pid 11:tid 140570089252544] [remote 10.0.0.133:49582] 2026-06-29 06:08:38.424 11 ERROR keystone.server.flask.application
