Mar 26 01:13:36.351819 np0000160901 neutron-periodic-workers[104630]: DEBUG cotyledon.oslo_config_glue [-] ml2.project_network_types = ['geneve'] {{(pid=104630) log_opt_values /opt/stack/data/venv/lib/python3.12/site-packages/oslo_config/cfg.py:3006}}
Mar 26 01:13:36.351910 np0000160901 neutron-periodic-workers[104630]: DEBUG cotyledon.oslo_config_glue [-] ml2.tunnelled_network_rp_name = rp_tunnelled {{(pid=104630) log_opt_values /opt/stack/data/venv/lib/python3.12/site-packages/oslo_config/cfg.py:3006}}
Mar 26 01:13:36.351970 np0000160901 neutron-periodic-workers[104630]: DEBUG cotyledon.oslo_config_glue [-] ml2.type_drivers = ['local', 'flat', 'vlan', 'geneve'] {{(pid=104630) log_opt_values /opt/stack/data/venv/lib/python3.12/site-packages/oslo_config/cfg.py:3006}}
Mar 26 01:13:36.352093 np0000160901 neutron-periodic-workers[104630]: DEBUG cotyledon.oslo_config_glue [-] ml2_type_flat.flat_networks = ['public'] {{(pid=104630) log_opt_values /opt/stack/data/venv/lib/python3.12/site-packages/oslo_config/cfg.py:3006}}
Mar 26 01:13:36.352162 np0000160901 neutron-periodic-workers[104630]: DEBUG cotyledon.oslo_config_glue [-] ml2_type_geneve.max_header_size = 38 {{(pid=104630) log_opt_values /opt/stack/data/venv/lib/python3.12/site-packages/oslo_config/cfg.py:3006}}
Mar 26 01:13:36.352239 np0000160901 neutron-periodic-workers[104630]: DEBUG cotyledon.oslo_config_glue [-] ml2_type_geneve.vni_ranges = ['1:65536'] {{(pid=104630) log_opt_values /opt/stack/data/venv/lib/python3.12/site-packages/oslo_config/cfg.py:3006}}
Mar 26 01:13:36.352325 np0000160901 neutron-periodic-workers[104630]: DEBUG cotyledon.oslo_config_glue [-] ml2_type_vlan.network_vlan_ranges = ['public'] {{(pid=104630) log_opt_values /opt/stack/data/venv/lib/python3.12/site-packages/oslo_config/cfg.py:3006}}
Mar 26 01:13:36.352423 np0000160901 neutron-periodic-workers[104630]: DEBUG cotyledon.oslo_config_glue [-] network_log.burst_limit = 25 {{(pid=104630) log_opt_values /opt/stack/data/venv/lib/python3.12/site-packages/oslo_config/cfg.py:3006}}
Mar 26 01:13:36.352487 np0000160901 neutron-periodic-workers[104630]: DEBUG cotyledon.oslo_config_glue [-] network_log.local_output_log_base = None {{(pid=104630) log_opt_values /opt/stack/data/venv/lib/python3.12/site-packages/oslo_config/cfg.py:3006}}
Mar 26 01:13:36.352557 np0000160901 neutron-periodic-workers[104630]: DEBUG cotyledon.oslo_config_glue [-] network_log.rate_limit = 100 {{(pid=104630) log_opt_values /opt/stack/data/venv/lib/python3.12/site-packages/oslo_config/cfg.py:3006}}
Mar 26 01:13:36.352647 np0000160901 neutron-periodic-workers[104630]: DEBUG cotyledon.oslo_config_glue [-] database.asyncio_connection = **** {{(pid=104630) log_opt_values /opt/stack/data/venv/lib/python3.12/site-packages/oslo_config/cfg.py:3006}}
Mar 26 01:13:36.352723 np0000160901 neutron-periodic-workers[104630]: DEBUG cotyledon.oslo_config_glue [-] database.asyncio_slave_connection = **** {{(pid=104630) log_opt_values /opt/stack/data/venv/lib/python3.12/site-packages/oslo_config/cfg.py:3006}}
Mar 26 01:13:36.352817 np0000160901 neutron-periodic-workers[104630]: DEBUG cotyledon.oslo_config_glue [-] database.backend = sqlalchemy {{(pid=104630) log_opt_values /opt/stack/data/venv/lib/python3.12/site-packages/oslo_config/cfg.py:3006}}
Mar 26 01:13:36.352905 np0000160901 neutron-periodic-workers[104630]: DEBUG cotyledon.oslo_config_glue [-] database.connection = **** {{(pid=104630) log_opt_values /opt/stack/data/venv/lib/python3.12/site-packages/oslo_config/cfg.py:3006}}
Mar 26 01:13:36.352998 np0000160901 neutron-periodic-workers[104630]: DEBUG cotyledon.oslo_config_glue [-] database.connection_debug = 0 {{(pid=104630) log_opt_values /opt/stack/data/venv/lib/python3.12/site-packages/oslo_config/cfg.py:3006}}
Mar 26 01:13:36.353062 np0000160901 neutron-periodic-workers[104630]: DEBUG cotyledon.oslo_config_glue [-] database.connection_parameters = {{(pid=104630) log_opt_values /opt/stack/data/venv/lib/python3.12/site-packages/oslo_config/cfg.py:3006}}
Mar 26 01:13:36.353146 np0000160901 neutron-periodic-workers[104630]: DEBUG cotyledon.oslo_config_glue [-] database.connection_recycle_time = 3600 {{(pid=104630) log_opt_values /opt/stack/data/venv/lib/python3.12/site-packages/oslo_config/cfg.py:3006}}
Mar 26 01:13:36.353212 np0000160901 neutron-periodic-workers[104630]: DEBUG cotyledon.oslo_config_glue [-] database.connection_trace = False {{(pid=104630) log_opt_values /opt/stack/data/venv/lib/python3.12/site-packages/oslo_config/cfg.py:3006}}
Mar 26 01:13:36.353281 np0000160901 neutron-periodic-workers[104630]: DEBUG cotyledon.oslo_config_glue [-] database.db_inc_retry_interval = True {{(pid=104630) log_opt_values /opt/stack/data/venv/lib/python3.12/site-packages/oslo_config/cfg.py:3006}}
Mar 26 01:13:36.353352 np0000160901 neutron-periodic-workers[104630]: DEBUG cotyledon.oslo_config_glue [-] database.db_max_retries = 20 {{(pid=104630) log_opt_values /opt/stack/data/venv/lib/python3.12/site-packages/oslo_config/cfg.py:3006}}
Mar 26 01:13:36.353420 np0000160901 neutron-periodic-workers[104630]: DEBUG cotyledon.oslo_config_glue [-] database.db_max_retry_interval = 10 {{(pid=104630) log_opt_values /opt/stack/data/venv/lib/python3.12/site-packages/oslo_config/cfg.py:3006}}
Mar 26 01:13:36.353489 np0000160901 neutron-periodic-workers[104630]: DEBUG cotyledon.oslo_config_glue [-] database.db_retry_interval = 1 {{(pid=104630) log_opt_values /opt/stack/data/venv/lib/python3.12/site-packages/oslo_config/cfg.py:3006}}
Mar 26 01:13:36.353558 np0000160901 neutron-periodic-workers[104630]: DEBUG cotyledon.oslo_config_glue [-] database.max_overflow = 50 {{(pid=104630) log_opt_values /opt/stack/data/venv/lib/python3.12/site-packages/oslo_config/cfg.py:3006}}
Mar 26 01:13:36.353639 np0000160901 neutron-periodic-workers[104630]: DEBUG cotyledon.oslo_config_glue [-] database.max_pool_size = 5 {{(pid=104630) log_opt_values /opt/stack/data/venv/lib/python3.12/site-packages/oslo_config/cfg.py:3006}}
Mar 26 01:13:36.353724 np0000160901 neutron-periodic-workers[104630]: DEBUG cotyledon.oslo_config_glue [-] database.max_retries = 10 {{(pid=104630) log_opt_values /opt/stack/data/venv/lib/python3.12/site-packages/oslo_config/cfg.py:3006}}
Mar 26 01:13:36.353812 np0000160901 neutron-periodic-workers[104630]: DEBUG cotyledon.oslo_config_glue [-] database.mysql_sql_mode = TRADITIONAL {{(pid=104630) log_opt_values /opt/stack/data/venv/lib/python3.12/site-packages/oslo_config/cfg.py:3006}}
Mar 26 01:13:36.353882 np0000160901 neutron-periodic-workers[104630]: DEBUG cotyledon.oslo_config_glue [-] database.mysql_wsrep_sync_wait = None {{(pid=104630) log_opt_values /opt/stack/data/venv/lib/python3.12/site-packages/oslo_config/cfg.py:3006}}
Mar 26 01:13:36.353968 np0000160901 neutron-periodic-workers[104630]: DEBUG cotyledon.oslo_config_glue [-] database.pool_timeout = None {{(pid=104630) log_opt_values /opt/stack/data/venv/lib/python3.12/site-packages/oslo_config/cfg.py:3006}}
Mar 26 01:13:36.354039 np0000160901 neutron-periodic-workers[104630]: DEBUG cotyledon.oslo_config_glue [-] database.retry_interval = 10 {{(pid=104630) log_opt_values /opt/stack/data/venv/lib/python3.12/site-packages/oslo_config/cfg.py:3006}}
Mar 26 01:13:36.354119 np0000160901 neutron-periodic-workers[104630]: DEBUG cotyledon.oslo_config_glue [-] database.slave_connection = **** {{(pid=104630) log_opt_values /opt/stack/data/venv/lib/python3.12/site-packages/oslo_config/cfg.py:3006}}
Mar 26 01:13:36.354210 np0000160901 neutron-periodic-workers[104630]: DEBUG cotyledon.oslo_config_glue [-] database.sqlite_synchronous = True {{(pid=104630) log_opt_values /opt/stack/data/venv/lib/python3.12/site-packages/oslo_config/cfg.py:3006}}
Mar 26 01:13:36.354276 np0000160901 neutron-periodic-workers[104630]: DEBUG cotyledon.oslo_config_glue [-] database.synchronous_reader = True {{(pid=104630) log_opt_values /opt/stack/data/venv/lib/python3.12/site-packages/oslo_config/cfg.py:3006}}
Mar 26 01:13:36.354346 np0000160901 neutron-periodic-workers[104630]: DEBUG cotyledon.oslo_config_glue [-] database.use_db_reconnect = False {{(pid=104630) log_opt_values /opt/stack/data/venv/lib/python3.12/site-packages/oslo_config/cfg.py:3006}}
Mar 26 01:13:36.354448 np0000160901 neutron-periodic-workers[104630]: DEBUG cotyledon.oslo_config_glue [-] ovn.bfd_min_rx = 1000 {{(pid=104630) log_opt_values /opt/stack/data/venv/lib/python3.12/site-packages/oslo_config/cfg.py:3006}}
Mar 26 01:13:36.354484 np0000160901 neutron-periodic-workers[104630]: DEBUG cotyledon.oslo_config_glue [-] ovn.bfd_min_tx = 100 {{(pid=104630) log_opt_values /opt/stack/data/venv/lib/python3.12/site-packages/oslo_config/cfg.py:3006}}
Mar 26 01:13:36.354578 np0000160901 neutron-periodic-workers[104630]: DEBUG cotyledon.oslo_config_glue [-] ovn.bfd_mult = 3 {{(pid=104630) log_opt_values /opt/stack/data/venv/lib/python3.12/site-packages/oslo_config/cfg.py:3006}}
Mar 26 01:13:36.354652 np0000160901 neutron-periodic-workers[104630]: DEBUG cotyledon.oslo_config_glue [-] ovn.broadcast_arps_to_all_routers = True {{(pid=104630) log_opt_values /opt/stack/data/venv/lib/python3.12/site-packages/oslo_config/cfg.py:3006}}
Mar 26 01:13:36.354719 np0000160901 neutron-periodic-workers[104630]: DEBUG cotyledon.oslo_config_glue [-] ovn.dhcp_default_lease_time = 43200 {{(pid=104630) log_opt_values /opt/stack/data/venv/lib/python3.12/site-packages/oslo_config/cfg.py:3006}}
Mar 26 01:13:36.354798 np0000160901 neutron-periodic-workers[104630]: DEBUG cotyledon.oslo_config_glue [-] ovn.disable_ovn_dhcp_for_baremetal_ports = False {{(pid=104630) log_opt_values /opt/stack/data/venv/lib/python3.12/site-packages/oslo_config/cfg.py:3006}}
Mar 26 01:13:36.354867 np0000160901 neutron-periodic-workers[104630]: DEBUG cotyledon.oslo_config_glue [-] ovn.dns_records_ovn_owned = False {{(pid=104630) log_opt_values /opt/stack/data/venv/lib/python3.12/site-packages/oslo_config/cfg.py:3006}}
Mar 26 01:13:36.354963 np0000160901 neutron-periodic-workers[104630]: DEBUG cotyledon.oslo_config_glue [-] ovn.dns_servers = [] {{(pid=104630) log_opt_values /opt/stack/data/venv/lib/python3.12/site-packages/oslo_config/cfg.py:3006}}
Mar 26 01:13:36.355050 np0000160901 neutron-periodic-workers[104630]: DEBUG cotyledon.oslo_config_glue [-] ovn.enable_distributed_floating_ip = False {{(pid=104630) log_opt_values /opt/stack/data/venv/lib/python3.12/site-packages/oslo_config/cfg.py:3006}}
Mar 26 01:13:36.355118 np0000160901 neutron-periodic-workers[104630]: DEBUG cotyledon.oslo_config_glue [-] ovn.fdb_age_threshold = 300 {{(pid=104630) log_opt_values /opt/stack/data/venv/lib/python3.12/site-packages/oslo_config/cfg.py:3006}}
Mar 26 01:13:36.355186 np0000160901 neutron-periodic-workers[104630]: DEBUG cotyledon.oslo_config_glue [-] ovn.ha_failover_strategy = normal {{(pid=104630) log_opt_values /opt/stack/data/venv/lib/python3.12/site-packages/oslo_config/cfg.py:3006}}
Mar 26 01:13:36.355254 np0000160901 neutron-periodic-workers[104630]: DEBUG cotyledon.oslo_config_glue [-] ovn.live_migration_activation_strategy = rarp {{(pid=104630) log_opt_values /opt/stack/data/venv/lib/python3.12/site-packages/oslo_config/cfg.py:3006}}
Mar 26 01:13:36.355322 np0000160901 neutron-periodic-workers[104630]: DEBUG cotyledon.oslo_config_glue [-] ovn.localnet_learn_fdb = False {{(pid=104630) log_opt_values /opt/stack/data/venv/lib/python3.12/site-packages/oslo_config/cfg.py:3006}}
Mar 26 01:13:36.355390 np0000160901 neutron-periodic-workers[104630]: DEBUG cotyledon.oslo_config_glue [-] ovn.mac_binding_age_threshold = 300 {{(pid=104630) log_opt_values /opt/stack/data/venv/lib/python3.12/site-packages/oslo_config/cfg.py:3006}}
Mar 26 01:13:36.355465 np0000160901 neutron-periodic-workers[104630]: DEBUG cotyledon.oslo_config_glue [-] ovn.neutron_sync_mode = log {{(pid=104630) log_opt_values /opt/stack/data/venv/lib/python3.12/site-packages/oslo_config/cfg.py:3006}}
Mar 26 01:13:36.355538 np0000160901 neutron-periodic-workers[104630]: DEBUG cotyledon.oslo_config_glue [-] ovn.ovn_dhcp4_global_options = {} {{(pid=104630) log_opt_values /opt/stack/data/venv/lib/python3.12/site-packages/oslo_config/cfg.py:3006}}
Mar 26 01:13:36.355576 np0000160901 neutron-periodic-workers[104630]: DEBUG cotyledon.oslo_config_glue [-] ovn.ovn_dhcp6_global_options = {} {{(pid=104630) log_opt_values /opt/stack/data/venv/lib/python3.12/site-packages/oslo_config/cfg.py:3006}}
Mar 26 01:13:36.355677 np0000160901 neutron-periodic-workers[104630]: DEBUG cotyledon.oslo_config_glue [-] ovn.ovn_l3_scheduler = leastloaded {{(pid=104630) log_opt_values /opt/stack/data/venv/lib/python3.12/site-packages/oslo_config/cfg.py:3006}}
Mar 26 01:13:36.355724 np0000160901 neutron-periodic-workers[104630]: DEBUG cotyledon.oslo_config_glue [-] ovn.ovn_metadata_enabled = True {{(pid=104630) log_opt_values /opt/stack/data/venv/lib/python3.12/site-packages/oslo_config/cfg.py:3006}}
Mar 26 01:13:36.355827 np0000160901 neutron-periodic-workers[104630]: DEBUG cotyledon.oslo_config_glue [-] ovn.ovn_nb_ca_cert = /opt/stack/data/CA/int-ca/ca-chain.pem {{(pid=104630) log_opt_values /opt/stack/data/venv/lib/python3.12/site-packages/oslo_config/cfg.py:3006}}
Mar 26 01:13:36.355909 np0000160901 neutron-periodic-workers[104630]: DEBUG cotyledon.oslo_config_glue [-] ovn.ovn_nb_certificate = /opt/stack/data/CA/int-ca/devstack-cert.crt {{(pid=104630) log_opt_values /opt/stack/data/venv/lib/python3.12/site-packages/oslo_config/cfg.py:3006}}
Mar 26 01:13:36.355986 np0000160901 neutron-periodic-workers[104630]: DEBUG cotyledon.oslo_config_glue [-] ovn.ovn_nb_connection = ['ssl:199.19.213.226:6641'] {{(pid=104630) log_opt_values /opt/stack/data/venv/lib/python3.12/site-packages/oslo_config/cfg.py:3006}}
Mar 26 01:13:36.356055 np0000160901 neutron-periodic-workers[104630]: DEBUG cotyledon.oslo_config_glue [-] ovn.ovn_nb_private_key = /opt/stack/data/CA/int-ca/private/devstack-cert.key {{(pid=104630) log_opt_values /opt/stack/data/venv/lib/python3.12/site-packages/oslo_config/cfg.py:3006}}
Mar 26 01:13:36.356125 np0000160901 neutron-periodic-workers[104630]: DEBUG cotyledon.oslo_config_glue [-] ovn.ovn_router_indirect_snat = False {{(pid=104630) log_opt_values /opt/stack/data/venv/lib/python3.12/site-packages/oslo_config/cfg.py:3006}}
Mar 26 01:13:36.356191 np0000160901 neutron-periodic-workers[104630]: DEBUG cotyledon.oslo_config_glue [-] ovn.ovn_sb_ca_cert = /opt/stack/data/CA/int-ca/ca-chain.pem {{(pid=104630) log_opt_values /opt/stack/data/venv/lib/python3.12/site-packages/oslo_config/cfg.py:3006}}
Mar 26 01:13:36.356268 np0000160901 neutron-periodic-workers[104630]: DEBUG cotyledon.oslo_config_glue [-] ovn.ovn_sb_certificate = /opt/stack/data/CA/int-ca/devstack-cert.crt {{(pid=104630) log_opt_values /opt/stack/data/venv/lib/python3.12/site-packages/oslo_config/cfg.py:3006}}
Mar 26 01:13:36.356308 np0000160901 neutron-periodic-workers[104630]: DEBUG cotyledon.oslo_config_glue [-] ovn.ovn_sb_connection = ['ssl:199.19.213.226:6642'] {{(pid=104630) log_opt_values /opt/stack/data/venv/lib/python3.12/site-packages/oslo_config/cfg.py:3006}}
Mar 26 01:13:36.356401 np0000160901 neutron-periodic-workers[104630]: DEBUG cotyledon.oslo_config_glue [-] ovn.ovn_sb_private_key = /opt/stack/data/CA/int-ca/private/devstack-cert.key {{(pid=104630) log_opt_values /opt/stack/data/venv/lib/python3.12/site-packages/oslo_config/cfg.py:3006}}
Mar 26 01:13:36.356448 np0000160901 neutron-periodic-workers[104630]: DEBUG cotyledon.oslo_config_glue [-] ovn.ovs_create_tap = False {{(pid=104630) log_opt_values /opt/stack/data/venv/lib/python3.12/site-packages/oslo_config/cfg.py:3006}}
Mar 26 01:13:36.356532 np0000160901 neutron-periodic-workers[104630]: DEBUG cotyledon.oslo_config_glue [-] ovn.ovsdb_connection_timeout = 180 {{(pid=104630) log_opt_values /opt/stack/data/venv/lib/python3.12/site-packages/oslo_config/cfg.py:3006}}
Mar 26 01:13:36.356595 np0000160901 neutron-periodic-workers[104630]: DEBUG cotyledon.oslo_config_glue [-] ovn.ovsdb_log_level = INFO {{(pid=104630) log_opt_values /opt/stack/data/venv/lib/python3.12/site-packages/oslo_config/cfg.py:3006}}
Mar 26 01:13:36.356680 np0000160901 neutron-periodic-workers[104630]: DEBUG cotyledon.oslo_config_glue [-] ovn.ovsdb_probe_interval = 60000 {{(pid=104630) log_opt_values /opt/stack/data/venv/lib/python3.12/site-packages/oslo_config/cfg.py:3006}}
Mar 26 01:13:36.356753 np0000160901 neutron-periodic-workers[104630]: DEBUG cotyledon.oslo_config_glue [-] ovn.ovsdb_retry_max_interval = 180 {{(pid=104630) log_opt_values /opt/stack/data/venv/lib/python3.12/site-packages/oslo_config/cfg.py:3006}}
Mar 26 01:13:36.356796 np0000160901 neutron-periodic-workers[104630]: DEBUG cotyledon.oslo_config_glue [-] ovn.stateless_nat_enabled = False {{(pid=104630) log_opt_values /opt/stack/data/venv/lib/python3.12/site-packages/oslo_config/cfg.py:3006}}
Mar 26 01:13:36.356907 np0000160901 neutron-periodic-workers[104630]: DEBUG cotyledon.oslo_config_glue [-] ovn.vhost_sock_dir = /var/run/openvswitch {{(pid=104630) log_opt_values /opt/stack/data/venv/lib/python3.12/site-packages/oslo_config/cfg.py:3006}}
Mar 26 01:13:36.356998 np0000160901 neutron-periodic-workers[104630]: DEBUG cotyledon.oslo_config_glue [-] OVS.bridge_mac_table_size = 50000 {{(pid=104630) log_opt_values /opt/stack/data/venv/lib/python3.12/site-packages/oslo_config/cfg.py:3006}}
Mar 26 01:13:36.357079 np0000160901 neutron-periodic-workers[104630]: DEBUG cotyledon.oslo_config_glue [-] OVS.igmp_flood = False {{(pid=104630) log_opt_values /opt/stack/data/venv/lib/python3.12/site-packages/oslo_config/cfg.py:3006}}
Mar 26 01:13:36.357156 np0000160901 neutron-periodic-workers[104630]: DEBUG cotyledon.oslo_config_glue [-] OVS.igmp_flood_reports = True {{(pid=104630) log_opt_values /opt/stack/data/venv/lib/python3.12/site-packages/oslo_config/cfg.py:3006}}
Mar 26 01:13:36.357232 np0000160901 neutron-periodic-workers[104630]: DEBUG cotyledon.oslo_config_glue [-] OVS.igmp_flood_unregistered = False {{(pid=104630) log_opt_values /opt/stack/data/venv/lib/python3.12/site-packages/oslo_config/cfg.py:3006}}
Mar 26 01:13:36.357300 np0000160901 neutron-periodic-workers[104630]: DEBUG cotyledon.oslo_config_glue [-] OVS.igmp_snooping_enable = False {{(pid=104630) log_opt_values /opt/stack/data/venv/lib/python3.12/site-packages/oslo_config/cfg.py:3006}}
Mar 26 01:13:36.357369 np0000160901 neutron-periodic-workers[104630]: DEBUG cotyledon.oslo_config_glue [-] OVS.ovsdb_timeout = 10 {{(pid=104630) log_opt_values /opt/stack/data/venv/lib/python3.12/site-packages/oslo_config/cfg.py:3006}}
Mar 26 01:13:36.357461 np0000160901 neutron-periodic-workers[104630]: DEBUG cotyledon.oslo_config_glue [-] ovn_nb_global.fdb_removal_limit = 0 {{(pid=104630) log_opt_values /opt/stack/data/venv/lib/python3.12/site-packages/oslo_config/cfg.py:3006}}
Mar 26 01:13:36.357535 np0000160901 neutron-periodic-workers[104630]: DEBUG cotyledon.oslo_config_glue [-] ovn_nb_global.ignore_lsp_down = False {{(pid=104630) log_opt_values /opt/stack/data/venv/lib/python3.12/site-packages/oslo_config/cfg.py:3006}}
Mar 26 01:13:36.357603 np0000160901 neutron-periodic-workers[104630]: DEBUG cotyledon.oslo_config_glue [-] ovn_nb_global.mac_binding_removal_limit = 0 {{(pid=104630) log_opt_values /opt/stack/data/venv/lib/python3.12/site-packages/oslo_config/cfg.py:3006}}
Mar 26 01:13:36.357680 np0000160901 neutron-periodic-workers[104630]: DEBUG cotyledon.oslo_config_glue [-] ******************************************************************************** {{(pid=104630) log_opt_values /opt/stack/data/venv/lib/python3.12/site-packages/oslo_config/cfg.py:3013}}
Mar 26 01:13:36.357867 np0000160901 neutron-periodic-workers[104630]: DEBUG cotyledon._service_worker [-] Run service ServiceWrapper(0) [104630] {{(pid=104630) wait_forever /opt/stack/data/venv/lib/python3.12/site-packages/cotyledon/_service_worker.py:218}}
Mar 26 01:13:46.010501 np0000160901 neutron-periodic-workers[103900]: DEBUG dbcounter [-] [103900] Writing DB stats neutron:SELECT=4 {{(pid=103900) stat_writer /opt/stack/data/venv/lib/python3.12/site-packages/dbcounter.py:115}}
Mar 26 01:14:16.300057 np0000160901 neutron-periodic-workers[104607]: DEBUG oslo_db.sqlalchemy.engines [None req-6af39110-6ce6-4e19-ac0d-b9cf46356be3 None None] Parent process 103900 forked (104607) with an open database connection, which is being discarded and recreated. {{(pid=104607) checkout /opt/stack/data/venv/lib/python3.12/site-packages/oslo_db/sqlalchemy/engines.py:402}}
Mar 26 01:14:16.307162 np0000160901 neutron-periodic-workers[104607]: DEBUG dbcounter [-] [104607] Writer thread running {{(pid=104607) stat_writer /opt/stack/data/venv/lib/python3.12/site-packages/dbcounter.py:102}}
Mar 26 01:14:16.317878 np0000160901 neutron-periodic-workers[104607]: DEBUG oslo.service.backend._threading.loopingcall [None req-6af39110-6ce6-4e19-ac0d-b9cf46356be3 None None] Fixed interval looping call 'neutron.plugins.ml2.plugin.DhcpAgentSchedulerDbMixin.remove_networks_from_down_agents' sleeping for 36.98 seconds {{(pid=104607) _run_loop /opt/stack/data/venv/lib/python3.12/site-packages/oslo_service/backend/_threading/loopingcall.py:125}}
Mar 26 01:14:21.326959 np0000160901 neutron-periodic-workers[104622]: DEBUG dbcounter [-] [104622] Writer thread running {{(pid=104622) stat_writer /opt/stack/data/venv/lib/python3.12/site-packages/dbcounter.py:102}}
Mar 26 01:14:21.330510 np0000160901 neutron-periodic-workers[104622]: DEBUG neutron.db.agents_db [None req-d74ffcfb-d2c2-4a81-90bc-f05e94a88c0a None None] Agent healthcheck: found 0 active agents {{(pid=104622) agent_health_check /opt/stack/neutron/neutron/db/agents_db.py:317}}
Mar 26 01:14:21.330697 np0000160901 neutron-periodic-workers[104622]: DEBUG oslo.service.backend._threading.loopingcall [None req-d74ffcfb-d2c2-4a81-90bc-f05e94a88c0a None None] Fixed interval looping call 'neutron.plugins.ml2.plugin.AgentDbMixin.agent_health_check' sleeping for 36.98 seconds {{(pid=104622) _run_loop /opt/stack/data/venv/lib/python3.12/site-packages/oslo_service/backend/_threading/loopingcall.py:125}}
Mar 26 01:14:26.316218 np0000160901 neutron-periodic-workers[104607]: DEBUG dbcounter [-] [104607] Writing DB stats neutron:SELECT=3 {{(pid=104607) stat_writer /opt/stack/data/venv/lib/python3.12/site-packages/dbcounter.py:115}}
Mar 26 01:14:31.327633 np0000160901 neutron-periodic-workers[104622]: DEBUG dbcounter [-] [104622] Writing DB stats neutron:SELECT=1 {{(pid=104622) stat_writer /opt/stack/data/venv/lib/python3.12/site-packages/dbcounter.py:115}}
Mar 26 01:14:53.307622 np0000160901 neutron-periodic-workers[104607]: DEBUG oslo.service.backend._threading.loopingcall [None req-6af39110-6ce6-4e19-ac0d-b9cf46356be3 None None] Fixed interval looping call 'neutron.plugins.ml2.plugin.DhcpAgentSchedulerDbMixin.remove_networks_from_down_agents' sleeping for 36.99 seconds {{(pid=104607) _run_loop /opt/stack/data/venv/lib/python3.12/site-packages/oslo_service/backend/_threading/loopingcall.py:125}}
Mar 26 01:14:58.318234 np0000160901 neutron-periodic-workers[104622]: DEBUG neutron.db.agents_db [None req-d74ffcfb-d2c2-4a81-90bc-f05e94a88c0a None None] Agent healthcheck: found 0 active agents {{(pid=104622) agent_health_check /opt/stack/neutron/neutron/db/agents_db.py:317}}
Mar 26 01:14:58.319398 np0000160901 neutron-periodic-workers[104622]: DEBUG oslo.service.backend._threading.loopingcall [None req-d74ffcfb-d2c2-4a81-90bc-f05e94a88c0a None None] Fixed interval looping call 'neutron.plugins.ml2.plugin.AgentDbMixin.agent_health_check' sleeping for 36.99 seconds {{(pid=104622) _run_loop /opt/stack/data/venv/lib/python3.12/site-packages/oslo_service/backend/_threading/loopingcall.py:125}}
Mar 26 01:15:03.306500 np0000160901 neutron-periodic-workers[104607]: DEBUG dbcounter [-] [104607] Writing DB stats neutron:SELECT=3 {{(pid=104607) stat_writer /opt/stack/data/venv/lib/python3.12/site-packages/dbcounter.py:115}}
Mar 26 01:15:08.315713 np0000160901 neutron-periodic-workers[104622]: DEBUG dbcounter [-] [104622] Writing DB stats neutron:SELECT=1 {{(pid=104622) stat_writer /opt/stack/data/venv/lib/python3.12/site-packages/dbcounter.py:115}}
Mar 26 01:15:30.315107 np0000160901 neutron-periodic-workers[104607]: DEBUG oslo.service.backend._threading.loopingcall [None req-6af39110-6ce6-4e19-ac0d-b9cf46356be3 None None] Fixed interval looping call 'neutron.plugins.ml2.plugin.DhcpAgentSchedulerDbMixin.remove_networks_from_down_agents' sleeping for 36.98 seconds {{(pid=104607) _run_loop /opt/stack/data/venv/lib/python3.12/site-packages/oslo_service/backend/_threading/loopingcall.py:125}}
Mar 26 01:15:35.312677 np0000160901 neutron-periodic-workers[104622]: DEBUG neutron.db.agents_db [None req-d74ffcfb-d2c2-4a81-90bc-f05e94a88c0a None None] Agent healthcheck: found 0 active agents {{(pid=104622) agent_health_check /opt/stack/neutron/neutron/db/agents_db.py:317}}
Mar 26 01:15:35.313309 np0000160901 neutron-periodic-workers[104622]: DEBUG oslo.service.backend._threading.loopingcall [None req-d74ffcfb-d2c2-4a81-90bc-f05e94a88c0a None None] Fixed interval looping call 'neutron.plugins.ml2.plugin.AgentDbMixin.agent_health_check' sleeping for 37.00 seconds {{(pid=104622) _run_loop /opt/stack/data/venv/lib/python3.12/site-packages/oslo_service/backend/_threading/loopingcall.py:125}}
Mar 26 01:15:36.374328 np0000160901 neutron-periodic-workers[104630]: DEBUG dbcounter [-] [104630] Writer thread running {{(pid=104630) stat_writer /opt/stack/data/venv/lib/python3.12/site-packages/dbcounter.py:102}}
Mar 26 01:15:36.376533 np0000160901 neutron-periodic-workers[104630]: DEBUG oslo.service.backend._threading.loopingcall [None req-24bd4c5e-87a8-4a61-8e05-f922cdf8c38f None None] Fixed interval looping call 'neutron.db.quota.driver_nolock.DbQuotaNoLockDriver._remove_expired_reservations' sleeping for 119.98 seconds {{(pid=104630) _run_loop /opt/stack/data/venv/lib/python3.12/site-packages/oslo_service/backend/_threading/loopingcall.py:125}}
Mar 26 01:15:40.312404 np0000160901 neutron-periodic-workers[104607]: DEBUG dbcounter [-] [104607] Writing DB stats neutron:SELECT=3 {{(pid=104607) stat_writer /opt/stack/data/venv/lib/python3.12/site-packages/dbcounter.py:115}}
Mar 26 01:15:45.311533 np0000160901 neutron-periodic-workers[104622]: DEBUG dbcounter [-] [104622] Writing DB stats neutron:SELECT=1 {{(pid=104622) stat_writer /opt/stack/data/venv/lib/python3.12/site-packages/dbcounter.py:115}}
Mar 26 01:15:46.375020 np0000160901 neutron-periodic-workers[104630]: DEBUG dbcounter [-] [104630] Writing DB stats neutron:DELETE=1 {{(pid=104630) stat_writer /opt/stack/data/venv/lib/python3.12/site-packages/dbcounter.py:115}}
Mar 26 01:16:07.306729 np0000160901 neutron-periodic-workers[104607]: DEBUG oslo.service.backend._threading.loopingcall [None req-6af39110-6ce6-4e19-ac0d-b9cf46356be3 None None] Fixed interval looping call 'neutron.plugins.ml2.plugin.DhcpAgentSchedulerDbMixin.remove_networks_from_down_agents' sleeping for 36.99 seconds {{(pid=104607) _run_loop /opt/stack/data/venv/lib/python3.12/site-packages/oslo_service/backend/_threading/loopingcall.py:125}}
Mar 26 01:16:12.320039 np0000160901 neutron-periodic-workers[104622]: DEBUG neutron.db.agents_db [None req-d74ffcfb-d2c2-4a81-90bc-f05e94a88c0a None None] Agent healthcheck: found 0 active agents {{(pid=104622) agent_health_check /opt/stack/neutron/neutron/db/agents_db.py:317}}
Mar 26 01:16:12.320775 np0000160901 neutron-periodic-workers[104622]: DEBUG oslo.service.backend._threading.loopingcall [None req-d74ffcfb-d2c2-4a81-90bc-f05e94a88c0a None None] Fixed interval looping call 'neutron.plugins.ml2.plugin.AgentDbMixin.agent_health_check' sleeping for 36.99 seconds {{(pid=104622) _run_loop /opt/stack/data/venv/lib/python3.12/site-packages/oslo_service/backend/_threading/loopingcall.py:125}}
Mar 26 01:16:17.305213 np0000160901 neutron-periodic-workers[104607]: DEBUG dbcounter [-] [104607] Writing DB stats neutron:SELECT=3 {{(pid=104607) stat_writer /opt/stack/data/venv/lib/python3.12/site-packages/dbcounter.py:115}}
Mar 26 01:16:22.317834 np0000160901 neutron-periodic-workers[104622]: DEBUG dbcounter [-] [104622] Writing DB stats neutron:SELECT=1 {{(pid=104622) stat_writer /opt/stack/data/venv/lib/python3.12/site-packages/dbcounter.py:115}}
Mar 26 01:16:31.375438 np0000160901 neutron-periodic-workers[104637]: DEBUG dbcounter [-] [104637] Writer thread running {{(pid=104637) stat_writer /opt/stack/data/venv/lib/python3.12/site-packages/dbcounter.py:102}}
Mar 26 01:16:31.386697 np0000160901 neutron-periodic-workers[104637]: DEBUG oslo.service.backend._threading.loopingcall [None req-ce4d464d-6666-4e78-affa-81067811e081 None None] Fixed interval looping call 'neutron.services.ovn_l3.plugin.L3_NAT_dbonly_mixin._clean_garbage' sleeping for 299.96 seconds {{(pid=104637) _run_loop /opt/stack/data/venv/lib/python3.12/site-packages/oslo_service/backend/_threading/loopingcall.py:125}}
Mar 26 01:16:41.376012 np0000160901 neutron-periodic-workers[104637]: DEBUG dbcounter [-] [104637] Writing DB stats neutron:SELECT=1 {{(pid=104637) stat_writer /opt/stack/data/venv/lib/python3.12/site-packages/dbcounter.py:115}}
Mar 26 01:16:44.313088 np0000160901 neutron-periodic-workers[104607]: DEBUG oslo.service.backend._threading.loopingcall [None req-6af39110-6ce6-4e19-ac0d-b9cf46356be3 None None] Fixed interval looping call 'neutron.plugins.ml2.plugin.DhcpAgentSchedulerDbMixin.remove_networks_from_down_agents' sleeping for 36.98 seconds {{(pid=104607) _run_loop /opt/stack/data/venv/lib/python3.12/site-packages/oslo_service/backend/_threading/loopingcall.py:125}}
Mar 26 01:16:49.317160 np0000160901 neutron-periodic-workers[104622]: DEBUG neutron.db.agents_db [None req-d74ffcfb-d2c2-4a81-90bc-f05e94a88c0a None None] Agent healthcheck: found 0 active agents {{(pid=104622) agent_health_check /opt/stack/neutron/neutron/db/agents_db.py:317}}
Mar 26 01:16:49.317720 np0000160901 neutron-periodic-workers[104622]: DEBUG oslo.service.backend._threading.loopingcall [None req-d74ffcfb-d2c2-4a81-90bc-f05e94a88c0a None None] Fixed interval looping call 'neutron.plugins.ml2.plugin.AgentDbMixin.agent_health_check' sleeping for 36.99 seconds {{(pid=104622) _run_loop /opt/stack/data/venv/lib/python3.12/site-packages/oslo_service/backend/_threading/loopingcall.py:125}}
Mar 26 01:16:54.311737 np0000160901 neutron-periodic-workers[104607]: DEBUG dbcounter [-] [104607] Writing DB stats neutron:SELECT=3 {{(pid=104607) stat_writer /opt/stack/data/venv/lib/python3.12/site-packages/dbcounter.py:115}}
Mar 26 01:16:59.315352 np0000160901 neutron-periodic-workers[104622]: DEBUG dbcounter [-] [104622] Writing DB stats neutron:SELECT=1 {{(pid=104622) stat_writer /opt/stack/data/venv/lib/python3.12/site-packages/dbcounter.py:115}}
Mar 26 01:17:21.304724 np0000160901 neutron-periodic-workers[104607]: DEBUG oslo.service.backend._threading.loopingcall [None req-6af39110-6ce6-4e19-ac0d-b9cf46356be3 None None] Fixed interval looping call 'neutron.plugins.ml2.plugin.DhcpAgentSchedulerDbMixin.remove_networks_from_down_agents' sleeping for 36.99 seconds {{(pid=104607) _run_loop /opt/stack/data/venv/lib/python3.12/site-packages/oslo_service/backend/_threading/loopingcall.py:125}}
Mar 26 01:17:26.312372 np0000160901 neutron-periodic-workers[104622]: DEBUG neutron.db.agents_db [None req-d74ffcfb-d2c2-4a81-90bc-f05e94a88c0a None None] Agent healthcheck: found 0 active agents {{(pid=104622) agent_health_check /opt/stack/neutron/neutron/db/agents_db.py:317}}
Mar 26 01:17:26.312860 np0000160901 neutron-periodic-workers[104622]: DEBUG oslo.service.backend._threading.loopingcall [None req-d74ffcfb-d2c2-4a81-90bc-f05e94a88c0a None None] Fixed interval looping call 'neutron.plugins.ml2.plugin.AgentDbMixin.agent_health_check' sleeping for 37.00 seconds {{(pid=104622) _run_loop /opt/stack/data/venv/lib/python3.12/site-packages/oslo_service/backend/_threading/loopingcall.py:125}}
Mar 26 01:17:31.302840 np0000160901 neutron-periodic-workers[104607]: DEBUG dbcounter [-] [104607] Writing DB stats neutron:SELECT=3 {{(pid=104607) stat_writer /opt/stack/data/venv/lib/python3.12/site-packages/dbcounter.py:115}}
Mar 26 01:17:36.310449 np0000160901 neutron-periodic-workers[104622]: DEBUG dbcounter [-] [104622] Writing DB stats neutron:SELECT=1 {{(pid=104622) stat_writer /opt/stack/data/venv/lib/python3.12/site-packages/dbcounter.py:115}}
Mar 26 01:17:36.362983 np0000160901 neutron-periodic-workers[104630]: DEBUG oslo.service.backend._threading.loopingcall [None req-24bd4c5e-87a8-4a61-8e05-f922cdf8c38f None None] Fixed interval looping call 'neutron.db.quota.driver_nolock.DbQuotaNoLockDriver._remove_expired_reservations' sleeping for 119.99 seconds {{(pid=104630) _run_loop /opt/stack/data/venv/lib/python3.12/site-packages/oslo_service/backend/_threading/loopingcall.py:125}}
Mar 26 01:17:46.361414 np0000160901 neutron-periodic-workers[104630]: DEBUG dbcounter [-] [104630] Writing DB stats neutron:DELETE=1 {{(pid=104630) stat_writer /opt/stack/data/venv/lib/python3.12/site-packages/dbcounter.py:115}}
Mar 26 01:17:58.306146 np0000160901 neutron-periodic-workers[104607]: DEBUG oslo.service.backend._threading.loopingcall [None req-6af39110-6ce6-4e19-ac0d-b9cf46356be3 None None] Fixed interval looping call 'neutron.plugins.ml2.plugin.DhcpAgentSchedulerDbMixin.remove_networks_from_down_agents' sleeping for 36.99 seconds {{(pid=104607) _run_loop /opt/stack/data/venv/lib/python3.12/site-packages/oslo_service/backend/_threading/loopingcall.py:125}}
Mar 26 01:18:03.318503 np0000160901 neutron-periodic-workers[104622]: DEBUG neutron.db.agents_db [None req-d74ffcfb-d2c2-4a81-90bc-f05e94a88c0a None None] Agent healthcheck: found 0 active agents {{(pid=104622) agent_health_check /opt/stack/neutron/neutron/db/agents_db.py:317}}
Mar 26 01:18:03.318951 np0000160901 neutron-periodic-workers[104622]: DEBUG oslo.service.backend._threading.loopingcall [None req-d74ffcfb-d2c2-4a81-90bc-f05e94a88c0a None None] Fixed interval looping call 'neutron.plugins.ml2.plugin.AgentDbMixin.agent_health_check' sleeping for 37.00 seconds {{(pid=104622) _run_loop /opt/stack/data/venv/lib/python3.12/site-packages/oslo_service/backend/_threading/loopingcall.py:125}}
Mar 26 01:18:08.304496 np0000160901 neutron-periodic-workers[104607]: DEBUG dbcounter [-] [104607] Writing DB stats neutron:SELECT=3 {{(pid=104607) stat_writer /opt/stack/data/venv/lib/python3.12/site-packages/dbcounter.py:115}}
Mar 26 01:18:13.316795 np0000160901 neutron-periodic-workers[104622]: DEBUG dbcounter [-] [104622] Writing DB stats neutron:SELECT=1 {{(pid=104622) stat_writer /opt/stack/data/venv/lib/python3.12/site-packages/dbcounter.py:115}}
Mar 26 01:18:35.305389 np0000160901 neutron-periodic-workers[104607]: DEBUG oslo.service.backend._threading.loopingcall [None req-6af39110-6ce6-4e19-ac0d-b9cf46356be3 None None] Fixed interval looping call 'neutron.plugins.ml2.plugin.DhcpAgentSchedulerDbMixin.remove_networks_from_down_agents' sleeping for 36.99 seconds {{(pid=104607) _run_loop /opt/stack/data/venv/lib/python3.12/site-packages/oslo_service/backend/_threading/loopingcall.py:125}}
Mar 26 01:18:40.324056 np0000160901 neutron-periodic-workers[104622]: DEBUG neutron.db.agents_db [None req-d74ffcfb-d2c2-4a81-90bc-f05e94a88c0a None None] Agent healthcheck: found 0 active agents {{(pid=104622) agent_health_check /opt/stack/neutron/neutron/db/agents_db.py:317}}
Mar 26 01:18:40.324764 np0000160901 neutron-periodic-workers[104622]: DEBUG oslo.service.backend._threading.loopingcall [None req-d74ffcfb-d2c2-4a81-90bc-f05e94a88c0a None None] Fixed interval looping call 'neutron.plugins.ml2.plugin.AgentDbMixin.agent_health_check' sleeping for 36.99 seconds {{(pid=104622) _run_loop /opt/stack/data/venv/lib/python3.12/site-packages/oslo_service/backend/_threading/loopingcall.py:125}}
Mar 26 01:18:45.304529 np0000160901 neutron-periodic-workers[104607]: DEBUG dbcounter [-] [104607] Writing DB stats neutron:SELECT=3 {{(pid=104607) stat_writer /opt/stack/data/venv/lib/python3.12/site-packages/dbcounter.py:115}}
Mar 26 01:18:50.322389 np0000160901 neutron-periodic-workers[104622]: DEBUG dbcounter [-] [104622] Writing DB stats neutron:SELECT=1 {{(pid=104622) stat_writer /opt/stack/data/venv/lib/python3.12/site-packages/dbcounter.py:115}}
Mar 26 01:19:12.306962 np0000160901 neutron-periodic-workers[104607]: DEBUG oslo.service.backend._threading.loopingcall [None req-6af39110-6ce6-4e19-ac0d-b9cf46356be3 None None] Fixed interval looping call 'neutron.plugins.ml2.plugin.DhcpAgentSchedulerDbMixin.remove_networks_from_down_agents' sleeping for 36.99 seconds {{(pid=104607) _run_loop /opt/stack/data/venv/lib/python3.12/site-packages/oslo_service/backend/_threading/loopingcall.py:125}}
Mar 26 01:19:17.320363 np0000160901 neutron-periodic-workers[104622]: DEBUG neutron.db.agents_db [None req-d74ffcfb-d2c2-4a81-90bc-f05e94a88c0a None None] Agent healthcheck: found 0 active agents {{(pid=104622) agent_health_check /opt/stack/neutron/neutron/db/agents_db.py:317}}
Mar 26 01:19:17.321102 np0000160901 neutron-periodic-workers[104622]: DEBUG oslo.service.backend._threading.loopingcall [None req-d74ffcfb-d2c2-4a81-90bc-f05e94a88c0a None None] Fixed interval looping call 'neutron.plugins.ml2.plugin.AgentDbMixin.agent_health_check' sleeping for 36.99 seconds {{(pid=104622) _run_loop /opt/stack/data/venv/lib/python3.12/site-packages/oslo_service/backend/_threading/loopingcall.py:125}}
Mar 26 01:19:22.305442 np0000160901 neutron-periodic-workers[104607]: DEBUG dbcounter [-] [104607] Writing DB stats neutron:SELECT=3 {{(pid=104607) stat_writer /opt/stack/data/venv/lib/python3.12/site-packages/dbcounter.py:115}}
Mar 26 01:19:27.318025 np0000160901 neutron-periodic-workers[104622]: DEBUG dbcounter [-] [104622] Writing DB stats neutron:SELECT=1 {{(pid=104622) stat_writer /opt/stack/data/venv/lib/python3.12/site-packages/dbcounter.py:115}}
Mar 26 01:19:36.359640 np0000160901 neutron-periodic-workers[104630]: DEBUG oslo.service.backend._threading.loopingcall [None req-24bd4c5e-87a8-4a61-8e05-f922cdf8c38f None None] Fixed interval looping call 'neutron.db.quota.driver_nolock.DbQuotaNoLockDriver._remove_expired_reservations' sleeping for 119.99 seconds {{(pid=104630) _run_loop /opt/stack/data/venv/lib/python3.12/site-packages/oslo_service/backend/_threading/loopingcall.py:125}}
Mar 26 01:19:46.357721 np0000160901 neutron-periodic-workers[104630]: DEBUG dbcounter [-] [104630] Writing DB stats neutron:DELETE=1 {{(pid=104630) stat_writer /opt/stack/data/venv/lib/python3.12/site-packages/dbcounter.py:115}}
Mar 26 01:19:49.308710 np0000160901 neutron-periodic-workers[104607]: DEBUG oslo.service.backend._threading.loopingcall [None req-6af39110-6ce6-4e19-ac0d-b9cf46356be3 None None] Fixed interval looping call 'neutron.plugins.ml2.plugin.DhcpAgentSchedulerDbMixin.remove_networks_from_down_agents' sleeping for 36.99 seconds {{(pid=104607) _run_loop /opt/stack/data/venv/lib/python3.12/site-packages/oslo_service/backend/_threading/loopingcall.py:125}}
Mar 26 01:19:54.316282 np0000160901 neutron-periodic-workers[104622]: DEBUG neutron.db.agents_db [None req-d74ffcfb-d2c2-4a81-90bc-f05e94a88c0a None None] Agent healthcheck: found 0 active agents {{(pid=104622) agent_health_check /opt/stack/neutron/neutron/db/agents_db.py:317}}
Mar 26 01:19:54.317038 np0000160901 neutron-periodic-workers[104622]: DEBUG oslo.service.backend._threading.loopingcall [None req-d74ffcfb-d2c2-4a81-90bc-f05e94a88c0a None None] Fixed interval looping call 'neutron.plugins.ml2.plugin.AgentDbMixin.agent_health_check' sleeping for 36.99 seconds {{(pid=104622) _run_loop /opt/stack/data/venv/lib/python3.12/site-packages/oslo_service/backend/_threading/loopingcall.py:125}}
Mar 26 01:19:59.307538 np0000160901 neutron-periodic-workers[104607]: DEBUG dbcounter [-] [104607] Writing DB stats neutron:SELECT=3 {{(pid=104607) stat_writer /opt/stack/data/venv/lib/python3.12/site-packages/dbcounter.py:115}}
Mar 26 01:20:04.314570 np0000160901 neutron-periodic-workers[104622]: DEBUG dbcounter [-] [104622] Writing DB stats neutron:SELECT=1 {{(pid=104622) stat_writer /opt/stack/data/venv/lib/python3.12/site-packages/dbcounter.py:115}}
Mar 26 01:20:26.309697 np0000160901 neutron-periodic-workers[104607]: DEBUG oslo.service.backend._threading.loopingcall [None req-6af39110-6ce6-4e19-ac0d-b9cf46356be3 None None] Fixed interval looping call 'neutron.plugins.ml2.plugin.DhcpAgentSchedulerDbMixin.remove_networks_from_down_agents' sleeping for 36.99 seconds {{(pid=104607) _run_loop /opt/stack/data/venv/lib/python3.12/site-packages/oslo_service/backend/_threading/loopingcall.py:125}}
Mar 26 01:20:31.310502 np0000160901 neutron-periodic-workers[104622]: DEBUG neutron.db.agents_db [None req-d74ffcfb-d2c2-4a81-90bc-f05e94a88c0a None None] Agent healthcheck: found 0 active agents {{(pid=104622) agent_health_check /opt/stack/neutron/neutron/db/agents_db.py:317}}
Mar 26 01:20:31.310891 np0000160901 neutron-periodic-workers[104622]: DEBUG oslo.service.backend._threading.loopingcall [None req-d74ffcfb-d2c2-4a81-90bc-f05e94a88c0a None None] Fixed interval looping call 'neutron.plugins.ml2.plugin.AgentDbMixin.agent_health_check' sleeping for 37.00 seconds {{(pid=104622) _run_loop /opt/stack/data/venv/lib/python3.12/site-packages/oslo_service/backend/_threading/loopingcall.py:125}}
Mar 26 01:20:36.308379 np0000160901 neutron-periodic-workers[104607]: DEBUG dbcounter [-] [104607] Writing DB stats neutron:SELECT=3 {{(pid=104607) stat_writer /opt/stack/data/venv/lib/python3.12/site-packages/dbcounter.py:115}}
Mar 26 01:20:41.309207 np0000160901 neutron-periodic-workers[104622]: DEBUG dbcounter [-] [104622] Writing DB stats neutron:SELECT=1 {{(pid=104622) stat_writer /opt/stack/data/venv/lib/python3.12/site-packages/dbcounter.py:115}}
Mar 26 01:21:03.309618 np0000160901 neutron-periodic-workers[104607]: DEBUG oslo.service.backend._threading.loopingcall [None req-6af39110-6ce6-4e19-ac0d-b9cf46356be3 None None] Fixed interval looping call 'neutron.plugins.ml2.plugin.DhcpAgentSchedulerDbMixin.remove_networks_from_down_agents' sleeping for 36.99 seconds {{(pid=104607) _run_loop /opt/stack/data/venv/lib/python3.12/site-packages/oslo_service/backend/_threading/loopingcall.py:125}}
Mar 26 01:21:08.317068 np0000160901 neutron-periodic-workers[104622]: DEBUG neutron.db.agents_db [None req-d74ffcfb-d2c2-4a81-90bc-f05e94a88c0a None None] Agent healthcheck: found 0 active agents {{(pid=104622) agent_health_check /opt/stack/neutron/neutron/db/agents_db.py:317}}
Mar 26 01:21:08.317667 np0000160901 neutron-periodic-workers[104622]: DEBUG oslo.service.backend._threading.loopingcall [None req-d74ffcfb-d2c2-4a81-90bc-f05e94a88c0a None None] Fixed interval looping call 'neutron.plugins.ml2.plugin.AgentDbMixin.agent_health_check' sleeping for 36.99 seconds {{(pid=104622) _run_loop /opt/stack/data/venv/lib/python3.12/site-packages/oslo_service/backend/_threading/loopingcall.py:125}}
Mar 26 01:21:13.308892 np0000160901 neutron-periodic-workers[104607]: DEBUG dbcounter [-] [104607] Writing DB stats neutron:SELECT=3 {{(pid=104607) stat_writer /opt/stack/data/venv/lib/python3.12/site-packages/dbcounter.py:115}}
Mar 26 01:21:18.314862 np0000160901 neutron-periodic-workers[104622]: DEBUG dbcounter [-] [104622] Writing DB stats neutron:SELECT=1 {{(pid=104622) stat_writer /opt/stack/data/venv/lib/python3.12/site-packages/dbcounter.py:115}}
Mar 26 01:21:31.363887 np0000160901 neutron-periodic-workers[104637]: DEBUG oslo.service.backend._threading.loopingcall [None req-ce4d464d-6666-4e78-affa-81067811e081 None None] Fixed interval looping call 'neutron.services.ovn_l3.plugin.L3_NAT_dbonly_mixin._clean_garbage' sleeping for 299.98 seconds {{(pid=104637) _run_loop /opt/stack/data/venv/lib/python3.12/site-packages/oslo_service/backend/_threading/loopingcall.py:125}}
Mar 26 01:21:36.352511 np0000160901 neutron-periodic-workers[104630]: DEBUG oslo.service.backend._threading.loopingcall [None req-24bd4c5e-87a8-4a61-8e05-f922cdf8c38f None None] Fixed interval looping call 'neutron.db.quota.driver_nolock.DbQuotaNoLockDriver._remove_expired_reservations' sleeping for 120.00 seconds {{(pid=104630) _run_loop /opt/stack/data/venv/lib/python3.12/site-packages/oslo_service/backend/_threading/loopingcall.py:125}}
Mar 26 01:21:40.309265 np0000160901 neutron-periodic-workers[104607]: DEBUG oslo.service.backend._threading.loopingcall [None req-6af39110-6ce6-4e19-ac0d-b9cf46356be3 None None] Fixed interval looping call 'neutron.plugins.ml2.plugin.DhcpAgentSchedulerDbMixin.remove_networks_from_down_agents' sleeping for 36.99 seconds {{(pid=104607) _run_loop /opt/stack/data/venv/lib/python3.12/site-packages/oslo_service/backend/_threading/loopingcall.py:125}}
Mar 26 01:21:41.353440 np0000160901 neutron-periodic-workers[104637]: DEBUG dbcounter [-] [104637] Writing DB stats neutron:SELECT=1 {{(pid=104637) stat_writer /opt/stack/data/venv/lib/python3.12/site-packages/dbcounter.py:115}}
Mar 26 01:21:45.311565 np0000160901 neutron-periodic-workers[104622]: DEBUG neutron.db.agents_db [None req-d74ffcfb-d2c2-4a81-90bc-f05e94a88c0a None None] Agent healthcheck: found 0 active agents {{(pid=104622) agent_health_check /opt/stack/neutron/neutron/db/agents_db.py:317}}
Mar 26 01:21:45.312318 np0000160901 neutron-periodic-workers[104622]: DEBUG oslo.service.backend._threading.loopingcall [None req-d74ffcfb-d2c2-4a81-90bc-f05e94a88c0a None None] Fixed interval looping call 'neutron.plugins.ml2.plugin.AgentDbMixin.agent_health_check' sleeping for 37.00 seconds {{(pid=104622) _run_loop /opt/stack/data/venv/lib/python3.12/site-packages/oslo_service/backend/_threading/loopingcall.py:125}}
Mar 26 01:21:46.352263 np0000160901 neutron-periodic-workers[104630]: DEBUG dbcounter [-] [104630] Writing DB stats neutron:DELETE=1 {{(pid=104630) stat_writer /opt/stack/data/venv/lib/python3.12/site-packages/dbcounter.py:115}}
Mar 26 01:21:50.308667 np0000160901 neutron-periodic-workers[104607]: DEBUG dbcounter [-] [104607] Writing DB stats neutron:SELECT=3 {{(pid=104607) stat_writer /opt/stack/data/venv/lib/python3.12/site-packages/dbcounter.py:115}}
Mar 26 01:21:55.310364 np0000160901 neutron-periodic-workers[104622]: DEBUG dbcounter [-] [104622] Writing DB stats neutron:SELECT=1 {{(pid=104622) stat_writer /opt/stack/data/venv/lib/python3.12/site-packages/dbcounter.py:115}}
Mar 26 01:22:17.310120 np0000160901 neutron-periodic-workers[104607]: DEBUG oslo.service.backend._threading.loopingcall [None req-6af39110-6ce6-4e19-ac0d-b9cf46356be3 None None] Fixed interval looping call 'neutron.plugins.ml2.plugin.DhcpAgentSchedulerDbMixin.remove_networks_from_down_agents' sleeping for 36.99 seconds {{(pid=104607) _run_loop /opt/stack/data/venv/lib/python3.12/site-packages/oslo_service/backend/_threading/loopingcall.py:125}}
Mar 26 01:22:22.318755 np0000160901 neutron-periodic-workers[104622]: DEBUG neutron.db.agents_db [None req-d74ffcfb-d2c2-4a81-90bc-f05e94a88c0a None None] Agent healthcheck: found 0 active agents {{(pid=104622) agent_health_check /opt/stack/neutron/neutron/db/agents_db.py:317}}
Mar 26 01:22:22.319328 np0000160901 neutron-periodic-workers[104622]: DEBUG oslo.service.backend._threading.loopingcall [None req-d74ffcfb-d2c2-4a81-90bc-f05e94a88c0a None None] Fixed interval looping call 'neutron.plugins.ml2.plugin.AgentDbMixin.agent_health_check' sleeping for 36.99 seconds {{(pid=104622) _run_loop /opt/stack/data/venv/lib/python3.12/site-packages/oslo_service/backend/_threading/loopingcall.py:125}}
Mar 26 01:22:27.310100 np0000160901 neutron-periodic-workers[104607]: DEBUG dbcounter [-] [104607] Writing DB stats neutron:SELECT=3 {{(pid=104607) stat_writer /opt/stack/data/venv/lib/python3.12/site-packages/dbcounter.py:115}}
Mar 26 01:22:32.316792 np0000160901 neutron-periodic-workers[104622]: DEBUG dbcounter [-] [104622] Writing DB stats neutron:SELECT=1 {{(pid=104622) stat_writer /opt/stack/data/venv/lib/python3.12/site-packages/dbcounter.py:115}}
Mar 26 01:22:54.308984 np0000160901 neutron-periodic-workers[104607]: DEBUG oslo.service.backend._threading.loopingcall [None req-6af39110-6ce6-4e19-ac0d-b9cf46356be3 None None] Fixed interval looping call 'neutron.plugins.ml2.plugin.DhcpAgentSchedulerDbMixin.remove_networks_from_down_agents' sleeping for 36.99 seconds {{(pid=104607) _run_loop /opt/stack/data/venv/lib/python3.12/site-packages/oslo_service/backend/_threading/loopingcall.py:125}}
Mar 26 01:22:59.314254 np0000160901 neutron-periodic-workers[104622]: DEBUG neutron.db.agents_db [None req-d74ffcfb-d2c2-4a81-90bc-f05e94a88c0a None None] Agent healthcheck: found 0 active agents {{(pid=104622) agent_health_check /opt/stack/neutron/neutron/db/agents_db.py:317}}
Mar 26 01:22:59.316219 np0000160901 neutron-periodic-workers[104622]: DEBUG oslo.service.backend._threading.loopingcall [None req-d74ffcfb-d2c2-4a81-90bc-f05e94a88c0a None None] Fixed interval looping call 'neutron.plugins.ml2.plugin.AgentDbMixin.agent_health_check' sleeping for 37.00 seconds {{(pid=104622) _run_loop /opt/stack/data/venv/lib/python3.12/site-packages/oslo_service/backend/_threading/loopingcall.py:125}}
Mar 26 01:23:04.308252 np0000160901 neutron-periodic-workers[104607]: DEBUG dbcounter [-] [104607] Writing DB stats neutron:SELECT=3 {{(pid=104607) stat_writer /opt/stack/data/venv/lib/python3.12/site-packages/dbcounter.py:115}}
Mar 26 01:23:09.313025 np0000160901 neutron-periodic-workers[104622]: DEBUG dbcounter [-] [104622] Writing DB stats neutron:SELECT=1 {{(pid=104622) stat_writer /opt/stack/data/venv/lib/python3.12/site-packages/dbcounter.py:115}}
Mar 26 01:23:31.309735 np0000160901 neutron-periodic-workers[104607]: DEBUG oslo.service.backend._threading.loopingcall [None req-6af39110-6ce6-4e19-ac0d-b9cf46356be3 None None] Fixed interval looping call 'neutron.plugins.ml2.plugin.DhcpAgentSchedulerDbMixin.remove_networks_from_down_agents' sleeping for 36.99 seconds {{(pid=104607) _run_loop /opt/stack/data/venv/lib/python3.12/site-packages/oslo_service/backend/_threading/loopingcall.py:125}}
