Jun 20 01:11:01.002653 np0000182335 devstack@neutron-api.service[103661]: DEBUG neutron.plugins.ml2.drivers.ovn.mech_driver.ovsdb.ovsdb_monitor [None req-9a196687-9f95-4c1a-90b6-2ddc9ecaff05 None None] ChassisAgentWriteEvent : Matched Chassis_Private, create, None None {{(pid=103661) matches /opt/stack/neutron/neutron/plugins/ml2/drivers/ovn/mech_driver/ovsdb/ovsdb_monitor.py:64}}
Jun 20 01:11:01.005919 np0000182335 devstack@neutron-api.service[103661]: INFO neutron.plugins.ml2.drivers.ovn.mech_driver.mech_driver [None req-9a196687-9f95-4c1a-90b6-2ddc9ecaff05 None None] WorkerService process has finished the post initialization
Jun 20 01:11:01.006358 np0000182335 devstack@neutron-api.service[103661]: DEBUG oslo_concurrency.processutils [None req-9a196687-9f95-4c1a-90b6-2ddc9ecaff05 None None] Running cmd (subprocess): ovsdb-client transact ssl:199.204.45.25:6641 --timeout 180 -p /opt/stack/data/CA/int-ca/private/devstack-cert.key -c /opt/stack/data/CA/int-ca/devstack-cert.crt -C /opt/stack/data/CA/int-ca/ca-chain.pem ["OVN_Northbound", {"op": "wait", "timeout": 0, "table": "Port_Group", "where": [["name", "==", "pvlan_pg_drop"]], "until": "==", "rows": []}, {"op": "insert", "table": "ACL", "row": {"action": "drop", "direction": "to-lport", "match": "outport == @pvlan_pg_drop && ip", "priority": 1010}, "uuid-name": "pvlandroptoport"}, {"op": "insert", "table": "ACL", "row": {"action": "drop", "direction": "from-lport", "match": "inport == @pvlan_pg_drop && ip", "priority": 1010}, "uuid-name": "pvlandropfromport"}, {"op": "insert", "table": "Port_Group", "row": {"name": "pvlan_pg_drop", "acls": ["set", [["named-uuid", "pvlandroptoport"], ["named-uuid", "pvlandropfromport"]]]}}] {{(pid=103661) execute /opt/stack/data/venv/lib/python3.12/site-packages/oslo_concurrency/processutils.py:440}}
Jun 20 01:11:01.043545 np0000182335 devstack@neutron-api.service[103661]: DEBUG oslo_concurrency.processutils [None req-9a196687-9f95-4c1a-90b6-2ddc9ecaff05 None None] CMD "ovsdb-client transact ssl:199.204.45.25:6641 --timeout 180 -p /opt/stack/data/CA/int-ca/private/devstack-cert.key -c /opt/stack/data/CA/int-ca/devstack-cert.crt -C /opt/stack/data/CA/int-ca/ca-chain.pem ["OVN_Northbound", {"op": "wait", "timeout": 0, "table": "Port_Group", "where": [["name", "==", "pvlan_pg_drop"]], "until": "==", "rows": []}, {"op": "insert", "table": "ACL", "row": {"action": "drop", "direction": "to-lport", "match": "outport == @pvlan_pg_drop && ip", "priority": 1010}, "uuid-name": "pvlandroptoport"}, {"op": "insert", "table": "ACL", "row": {"action": "drop", "direction": "from-lport", "match": "inport == @pvlan_pg_drop && ip", "priority": 1010}, "uuid-name": "pvlandropfromport"}, {"op": "insert", "table": "Port_Group", "row": {"name": "pvlan_pg_drop", "acls": ["set", [["named-uuid", "pvlandroptoport"], ["named-uuid", "pvlandropfromport"]]]}}]" returned: 0 in 0.037s {{(pid=103661) execute /opt/stack/data/venv/lib/python3.12/site-packages/oslo_concurrency/processutils.py:468}}
Jun 20 01:11:01.047739 np0000182335 devstack@neutron-api.service[103661]: WSGI app 0 (mountpoint='') ready in 8 seconds on interpreter 0x7462498a3668 pid: 103661 (default app)
Jun 20 01:11:02.878660 np0000182335 devstack@neutron-api.service[103662]: DEBUG neutron.plugins.ml2.drivers.ovn.mech_driver.ovsdb.ovsdb_monitor [-] Hash Ring: Node 66bc820c5a505c3cb2c91ef25edbe116 (host: np0000182335) handling event "update" for row fa0ebf9d-8577-481a-9690-d80593e907e6 (table: Connection) {{(pid=103662) notify /opt/stack/neutron/neutron/plugins/ml2/drivers/ovn/mech_driver/ovsdb/ovsdb_monitor.py:1015}}
Jun 20 01:11:02.881940 np0000182335 devstack@neutron-api.service[103663]: DEBUG neutron.common.ovn.hash_ring_manager [-] Allow caching, nodes 4>=4 {{(pid=103663) _wait_startup_before_caching /opt/stack/neutron/neutron/common/ovn/hash_ring_manager.py:71}}
Jun 20 01:11:02.882243 np0000182335 devstack@neutron-api.service[103663]: DEBUG neutron.plugins.ml2.drivers.ovn.mech_driver.ovsdb.ovsdb_monitor [-] Hash Ring: Node 4c86729309eb535a8351308bdbf7d83f (host: np0000182335) handling event "update" for row fa0ebf9d-8577-481a-9690-d80593e907e6 (table: Connection) {{(pid=103663) notify /opt/stack/neutron/neutron/plugins/ml2/drivers/ovn/mech_driver/ovsdb/ovsdb_monitor.py:1015}}
Jun 20 01:11:05.373833 np0000182335 devstack@neutron-api.service[103663]: DEBUG neutron.plugins.ml2.drivers.ovn.mech_driver.ovsdb.ovsdb_monitor [-] Hash Ring: Node 4c86729309eb535a8351308bdbf7d83f (host: np0000182335) handling event "update" for row fa0ebf9d-8577-481a-9690-d80593e907e6 (table: Connection) {{(pid=103663) notify /opt/stack/neutron/neutron/plugins/ml2/drivers/ovn/mech_driver/ovsdb/ovsdb_monitor.py:1015}}
Jun 20 01:11:05.377496 np0000182335 devstack@neutron-api.service[103662]: DEBUG neutron.plugins.ml2.drivers.ovn.mech_driver.ovsdb.ovsdb_monitor [-] Hash Ring: Node 66bc820c5a505c3cb2c91ef25edbe116 (host: np0000182335) handling event "update" for row fa0ebf9d-8577-481a-9690-d80593e907e6 (table: Connection) {{(pid=103662) notify /opt/stack/neutron/neutron/plugins/ml2/drivers/ovn/mech_driver/ovsdb/ovsdb_monitor.py:1015}}
Jun 20 01:11:07.050489 np0000182335 devstack@neutron-api.service[103663]: DEBUG neutron.api.wsgi [None req-e596aae0-3ac4-42c4-8aca-095364f124c6 admin admin] Missing Content-Type {{(pid=103663) get_content_type /opt/stack/neutron/neutron/api/wsgi.py:80}}
Jun 20 01:11:07.051484 np0000182335 devstack@neutron-api.service[103663]: DEBUG neutron.api.wsgi [None req-e596aae0-3ac4-42c4-8aca-095364f124c6 admin admin] https://199.204.45.25/networking/v2.0/extensions returned with HTTP 200 {{(pid=103663) __call__ /opt/stack/neutron/neutron/api/wsgi.py:540}}
Jun 20 01:11:07.051484 np0000182335 devstack@neutron-api.service[103663]: [pid: 103663|app: 0|req: 2/2] 199.204.45.25 () {64 vars in 1316 bytes} [Sat Jun 20 01:11:06 2026] GET /networking/v2.0/extensions => generated 16171 bytes in 453 msecs (HTTP/1.1 200) 4 headers in 159 bytes (1 switches on core 0)
Jun 20 01:11:07.473983 np0000182335 devstack@neutron-api.service[103662]: DEBUG neutron.api.v2.base [None req-b42fe4bb-c5a7-4a78-b782-0b75e551bc6a admin admin] Request body: {'subnetpool': {'shared': True, 'name': 'shared-default-subnetpool-v4', 'default_prefixlen': 26, 'is_default': True, 'prefixes': ['10.1.0.0/20']}} {{(pid=103662) prepare_request_body /opt/stack/neutron/neutron/api/v2/base.py:727}}
Jun 20 01:11:07.687890 np0000182335 devstack@neutron-api.service[103662]: DEBUG neutron.policy [None req-b42fe4bb-c5a7-4a78-b782-0b75e551bc6a admin admin] Loaded default policies from ['neutron'] under neutron.policies entry points {{(pid=103662) register_rules /opt/stack/neutron/neutron/policy.py:65}}
Jun 20 01:11:07.853986 np0000182335 devstack@neutron-api.service[103662]: DEBUG neutron_lib.callbacks.manager [None req-b42fe4bb-c5a7-4a78-b782-0b75e551bc6a admin admin] Publish callbacks ['neutron.objects.securitygroup.RbacNeutronDbObjectMixin.validate_rbac_policy_change-1418543591599', 'neutron.objects.address_group.RbacNeutronDbObjectMixin.validate_rbac_policy_change-1418544482930', 'neutron.objects.network.RbacNeutronDbObjectMixin.validate_rbac_policy_change-1418543627913', 'neutron.objects.qos.policy.RbacNeutronDbObjectMixin.validate_rbac_policy_change-1418543601863', 'neutron.objects.subnetpool.RbacNeutronDbObjectMixin.validate_rbac_policy_change-1418543524230', 'neutron.objects.address_scope.RbacNeutronDbObjectMixin.validate_rbac_policy_change-1418543509443', 'neutron.plugins.ml2.plugin.External_net_db_mixin._process_ext_policy_create-484453', 'neutron.plugins.ml2.plugin.NeutronDbPluginV2.validate_network_rbac_policy_change-505869'] for rbac-policy (None), before_create {{(pid=103662) _notify_loop /opt/stack/data/venv/lib/python3.12/site-packages/neutron_lib/callbacks/manager.py:184}}
Jun 20 01:11:07.901768 np0000182335 devstack@neutron-api.service[103662]: DEBUG neutron_lib.callbacks.manager [None req-b42fe4bb-c5a7-4a78-b782-0b75e551bc6a admin admin] Publish callbacks [] for subnetpool (None), before_response {{(pid=103662) _notify_loop /opt/stack/data/venv/lib/python3.12/site-packages/neutron_lib/callbacks/manager.py:184}}
Jun 20 01:11:07.902537 np0000182335 devstack@neutron-api.service[103662]: [pid: 103662|app: 0|req: 1/3] 199.204.45.25 () {68 vars in 1360 bytes} [Sat Jun 20 01:11:07 2026] POST /networking/v2.0/subnetpools => generated 533 bytes in 548 msecs (HTTP/1.1 201) 4 headers in 162 bytes (1 switches on core 0)
Jun 20 01:11:08.252097 np0000182335 devstack@neutron-api.service[103660]: DEBUG neutron.api.v2.base [None req-458650ef-1604-4c4e-a3af-c38056b05377 admin admin] Request body: {'subnetpool': {'shared': True, 'name': 'shared-default-subnetpool-v6', 'default_prefixlen': 64, 'is_default': True, 'prefixes': ['fd4a:dcad:11c6::/56']}} {{(pid=103660) prepare_request_body /opt/stack/neutron/neutron/api/v2/base.py:727}}
Jun 20 01:11:08.436450 np0000182335 devstack@neutron-api.service[103660]: DEBUG neutron.policy [None req-458650ef-1604-4c4e-a3af-c38056b05377 admin admin] Loaded default policies from ['neutron'] under neutron.policies entry points {{(pid=103660) register_rules /opt/stack/neutron/neutron/policy.py:65}}
Jun 20 01:11:08.601243 np0000182335 devstack@neutron-api.service[103660]: DEBUG neutron_lib.callbacks.manager [None req-458650ef-1604-4c4e-a3af-c38056b05377 admin admin] Publish callbacks ['neutron.objects.securitygroup.RbacNeutronDbObjectMixin.validate_rbac_policy_change-1418543595215', 'neutron.objects.address_group.RbacNeutronDbObjectMixin.validate_rbac_policy_change-1418544482302', 'neutron.objects.network.RbacNeutronDbObjectMixin.validate_rbac_policy_change-1418543625582', 'neutron.objects.qos.policy.RbacNeutronDbObjectMixin.validate_rbac_policy_change-1418543626624', 'neutron.objects.subnetpool.RbacNeutronDbObjectMixin.validate_rbac_policy_change-1418543610709', 'neutron.objects.address_scope.RbacNeutronDbObjectMixin.validate_rbac_policy_change-1418543509479', 'neutron.plugins.ml2.plugin.External_net_db_mixin._process_ext_policy_create-280031', 'neutron.plugins.ml2.plugin.NeutronDbPluginV2.validate_network_rbac_policy_change-272871'] for rbac-policy (None), before_create {{(pid=103660) _notify_loop /opt/stack/data/venv/lib/python3.12/site-packages/neutron_lib/callbacks/manager.py:184}}
Jun 20 01:11:08.648798 np0000182335 devstack@neutron-api.service[103660]: DEBUG neutron_lib.callbacks.manager [None req-458650ef-1604-4c4e-a3af-c38056b05377 admin admin] Publish callbacks [] for subnetpool (None), before_response {{(pid=103660) _notify_loop /opt/stack/data/venv/lib/python3.12/site-packages/neutron_lib/callbacks/manager.py:184}}
Jun 20 01:11:08.649499 np0000182335 devstack@neutron-api.service[103660]: [pid: 103660|app: 0|req: 1/4] 199.204.45.25 () {68 vars in 1360 bytes} [Sat Jun 20 01:11:08 2026] POST /networking/v2.0/subnetpools => generated 543 bytes in 519 msecs (HTTP/1.1 201) 4 headers in 162 bytes (1 switches on core 0)
Jun 20 01:11:09.107756 np0000182335 devstack@neutron-api.service[103661]: DEBUG neutron.api.v2.base [None req-3f364210-980a-407e-bf36-1e716880aa9b admin admin] Request body: {'network': {'admin_state_up': True, 'name': 'private'}} {{(pid=103661) prepare_request_body /opt/stack/neutron/neutron/api/v2/base.py:727}}
Jun 20 01:11:09.148387 np0000182335 devstack@neutron-api.service[103661]: DEBUG neutron.pecan_wsgi.hooks.quota_enforcement [None req-3f364210-980a-407e-bf36-1e716880aa9b admin admin] Made reservation on behalf of c10b589be3894eb18616f4d393ba053d for: {'network': 1} {{(pid=103661) before /opt/stack/neutron/neutron/pecan_wsgi/hooks/quota_enforcement.py:66}}
Jun 20 01:11:09.332566 np0000182335 devstack@neutron-api.service[103661]: DEBUG neutron.policy [None req-3f364210-980a-407e-bf36-1e716880aa9b admin admin] Loaded default policies from ['neutron'] under neutron.policies entry points {{(pid=103661) register_rules /opt/stack/neutron/neutron/policy.py:65}}
Jun 20 01:11:09.448954 np0000182335 devstack@neutron-api.service[103661]: DEBUG neutron_lib.callbacks.manager [None req-3f364210-980a-407e-bf36-1e716880aa9b admin admin] Publish callbacks ['neutron.plugins.ml2.plugin.SecurityGroupDbMixin._ensure_default_security_group_handler-251436'] for network (None), before_create {{(pid=103661) _notify_loop /opt/stack/data/venv/lib/python3.12/site-packages/neutron_lib/callbacks/manager.py:184}}
Jun 20 01:11:09.470669 np0000182335 devstack@neutron-api.service[103661]: DEBUG neutron_lib.callbacks.manager [None req-3f364210-980a-407e-bf36-1e716880aa9b admin admin] Publish callbacks [] for security_group (None), before_create {{(pid=103661) _notify_loop /opt/stack/data/venv/lib/python3.12/site-packages/neutron_lib/callbacks/manager.py:184}}
Jun 20 01:11:09.564787 np0000182335 devstack@neutron-api.service[103661]: DEBUG neutron_lib.callbacks.manager [None req-3f364210-980a-407e-bf36-1e716880aa9b admin admin] Publish callbacks ['neutron.plugins.ml2.drivers.ovn.mech_driver.mech_driver.OVNMechanismDriver._create_security_group_precommit-834541'] for security_group (872ae824-adee-4d8c-be50-1da2b80a5b16), precommit_create {{(pid=103661) _notify_loop /opt/stack/data/venv/lib/python3.12/site-packages/neutron_lib/callbacks/manager.py:184}}
Jun 20 01:11:09.565042 np0000182335 devstack@neutron-api.service[103661]: DEBUG neutron.db.ovn_revision_numbers_db [None req-3f364210-980a-407e-bf36-1e716880aa9b admin admin] create_initial_revision uuid=872ae824-adee-4d8c-be50-1da2b80a5b16, type=security_groups, rev=-1 {{(pid=103661) create_initial_revision /opt/stack/neutron/neutron/db/ovn_revision_numbers_db.py:98}}
Jun 20 01:11:09.567454 np0000182335 devstack@neutron-api.service[103661]: DEBUG neutron.db.ovn_revision_numbers_db [None req-3f364210-980a-407e-bf36-1e716880aa9b admin admin] create_initial_revision uuid=02fdc726-5d32-4c80-8cb6-aaaada2ca9ee, type=security_group_rules, rev=-1 {{(pid=103661) create_initial_revision /opt/stack/neutron/neutron/db/ovn_revision_numbers_db.py:98}}
Jun 20 01:11:09.568546 np0000182335 devstack@neutron-api.service[103661]: DEBUG neutron.db.ovn_revision_numbers_db [None req-3f364210-980a-407e-bf36-1e716880aa9b admin admin] create_initial_revision uuid=038bfa57-1a48-48b7-afc3-45f7cbb5f889, type=security_group_rules, rev=-1 {{(pid=103661) create_initial_revision /opt/stack/neutron/neutron/db/ovn_revision_numbers_db.py:98}}
Jun 20 01:11:09.569671 np0000182335 devstack@neutron-api.service[103661]: DEBUG neutron.db.ovn_revision_numbers_db [None req-3f364210-980a-407e-bf36-1e716880aa9b admin admin] create_initial_revision uuid=bdfbee04-8068-4e7b-86f9-51b80223e0bf, type=security_group_rules, rev=-1 {{(pid=103661) create_initial_revision /opt/stack/neutron/neutron/db/ovn_revision_numbers_db.py:98}}
Jun 20 01:11:09.570761 np0000182335 devstack@neutron-api.service[103661]: DEBUG neutron.db.ovn_revision_numbers_db [None req-3f364210-980a-407e-bf36-1e716880aa9b admin admin] create_initial_revision uuid=ea2f94b5-bdb9-41e3-8260-52d7b9063ad7, type=security_group_rules, rev=-1 {{(pid=103661) create_initial_revision /opt/stack/neutron/neutron/db/ovn_revision_numbers_db.py:98}}
Jun 20 01:11:09.580767 np0000182335 devstack@neutron-api.service[103661]: DEBUG neutron_lib.callbacks.manager [None req-3f364210-980a-407e-bf36-1e716880aa9b admin admin] Publish callbacks ['neutron.plugins.ml2.drivers.ovn.mech_driver.mech_driver.OVNMechanismDriver._create_security_group-834547', 'neutron.plugins.ml2.ovo_rpc._ObjectChangeHandler.handle_event-3865587'] for security_group (872ae824-adee-4d8c-be50-1da2b80a5b16), after_create {{(pid=103661) _notify_loop /opt/stack/data/venv/lib/python3.12/site-packages/neutron_lib/callbacks/manager.py:184}}
Jun 20 01:11:09.581135 np0000182335 devstack@neutron-api.service[103661]: INFO neutron.plugins.ml2.drivers.ovn.mech_driver.ovsdb.extensions.qos [None req-3f364210-980a-407e-bf36-1e716880aa9b admin admin] Starting OVNClientQosExtension
Jun 20 01:11:09.581508 np0000182335 devstack@neutron-api.service[103661]: INFO neutron.plugins.ml2.drivers.ovn.mech_driver.ovsdb.extensions.placement [None req-3f364210-980a-407e-bf36-1e716880aa9b admin admin] Starting OVNClientPlacementExtension
Jun 20 01:11:09.583703 np0000182335 devstack@neutron-api.service[103661]: DEBUG ovsdbapp.backend.ovs_idl.transaction [-] Running txn n=1 command(idx=0): PgAddCommand(_result=None, name=pg_872ae824_adee_4d8c_be50_1da2b80a5b16, may_exist=False, columns={'acls': [], 'external_ids': {'neutron:security_group_id': '872ae824-adee-4d8c-be50-1da2b80a5b16'}}) {{(pid=103661) do_commit /opt/stack/data/venv/lib/python3.12/site-packages/ovsdbapp/backend/ovs_idl/transaction.py:89}}
Jun 20 01:11:09.586423 np0000182335 devstack@neutron-api.service[103661]: DEBUG ovsdbapp.backend.ovs_idl.transaction [-] Running txn n=1 command(idx=1): PgAclAddCommand(_result=None, entity=pg_872ae824_adee_4d8c_be50_1da2b80a5b16, direction=from-lport, priority=1002, match=inport == @pg_872ae824_adee_4d8c_be50_1da2b80a5b16 && ip6, action=allow-related, log=False, may_exist=True, severity=[], name=[], meter=[], external_ids={'neutron:security_group_rule_id': '02fdc726-5d32-4c80-8cb6-aaaada2ca9ee'}) {{(pid=103661) do_commit /opt/stack/data/venv/lib/python3.12/site-packages/ovsdbapp/backend/ovs_idl/transaction.py:89}}
Jun 20 01:11:09.587074 np0000182335 devstack@neutron-api.service[103661]: DEBUG ovsdbapp.backend.ovs_idl.transaction [-] Running txn n=1 command(idx=2): PgAclAddCommand(_result=None, entity=pg_872ae824_adee_4d8c_be50_1da2b80a5b16, direction=to-lport, priority=1002, match=outport == @pg_872ae824_adee_4d8c_be50_1da2b80a5b16 && ip6 && ip6.src == $pg_872ae824_adee_4d8c_be50_1da2b80a5b16_ip6, action=allow-related, log=False, may_exist=True, severity=[], name=[], meter=[], external_ids={'neutron:security_group_rule_id': '038bfa57-1a48-48b7-afc3-45f7cbb5f889'}) {{(pid=103661) do_commit /opt/stack/data/venv/lib/python3.12/site-packages/ovsdbapp/backend/ovs_idl/transaction.py:89}}
Jun 20 01:11:09.587628 np0000182335 devstack@neutron-api.service[103661]: DEBUG ovsdbapp.backend.ovs_idl.transaction [-] Running txn n=1 command(idx=3): PgAclAddCommand(_result=None, entity=pg_872ae824_adee_4d8c_be50_1da2b80a5b16, direction=to-lport, priority=1002, match=outport == @pg_872ae824_adee_4d8c_be50_1da2b80a5b16 && ip4 && ip4.src == $pg_872ae824_adee_4d8c_be50_1da2b80a5b16_ip4, action=allow-related, log=False, may_exist=True, severity=[], name=[], meter=[], external_ids={'neutron:security_group_rule_id': 'bdfbee04-8068-4e7b-86f9-51b80223e0bf'}) {{(pid=103661) do_commit /opt/stack/data/venv/lib/python3.12/site-packages/ovsdbapp/backend/ovs_idl/transaction.py:89}}
Jun 20 01:11:09.588097 np0000182335 devstack@neutron-api.service[103661]: DEBUG ovsdbapp.backend.ovs_idl.transaction [-] Running txn n=1 command(idx=4): PgAclAddCommand(_result=None, entity=pg_872ae824_adee_4d8c_be50_1da2b80a5b16, direction=from-lport, priority=1002, match=inport == @pg_872ae824_adee_4d8c_be50_1da2b80a5b16 && ip4, action=allow-related, log=False, may_exist=True, severity=[], name=[], meter=[], external_ids={'neutron:security_group_rule_id': 'ea2f94b5-bdb9-41e3-8260-52d7b9063ad7'}) {{(pid=103661) do_commit /opt/stack/data/venv/lib/python3.12/site-packages/ovsdbapp/backend/ovs_idl/transaction.py:89}}
Jun 20 01:11:09.597453 np0000182335 devstack@neutron-api.service[103661]: DEBUG neutron.plugins.ml2.drivers.ovn.mech_driver.ovsdb.ovsdb_monitor [-] Hash Ring: Node 3c2f069d31215b2a88c79548b354d1d2 (host: np0000182335) handling event "create" for row 56f7cfe8-0f6b-4ebf-9d23-c08ae74f318a (table: ACL) {{(pid=103661) notify /opt/stack/neutron/neutron/plugins/ml2/drivers/ovn/mech_driver/ovsdb/ovsdb_monitor.py:1015}}
Jun 20 01:11:09.599158 np0000182335 devstack@neutron-api.service[103663]: DEBUG neutron.plugins.ml2.drivers.ovn.mech_driver.ovsdb.ovsdb_monitor [-] Hash Ring: Node 4c86729309eb535a8351308bdbf7d83f (host: np0000182335) handling event "create" for row 182a1beb-018d-4644-b861-aeaea5c5f5b8 (table: ACL) {{(pid=103663) notify /opt/stack/neutron/neutron/plugins/ml2/drivers/ovn/mech_driver/ovsdb/ovsdb_monitor.py:1015}}
Jun 20 01:11:09.600338 np0000182335 devstack@neutron-api.service[103663]: DEBUG neutron.plugins.ml2.drivers.ovn.mech_driver.ovsdb.ovsdb_monitor [-] Hash Ring: Node 4c86729309eb535a8351308bdbf7d83f (host: np0000182335) handling event "create" for row 3b888e84-7bc6-407e-b564-a5d8b9aebaf6 (table: ACL) {{(pid=103663) notify /opt/stack/neutron/neutron/plugins/ml2/drivers/ovn/mech_driver/ovsdb/ovsdb_monitor.py:1015}}
Jun 20 01:11:09.600338 np0000182335 devstack@neutron-api.service[103663]: DEBUG neutron.plugins.ml2.drivers.ovn.mech_driver.ovsdb.ovsdb_monitor [-] Hash Ring: Node 4c86729309eb535a8351308bdbf7d83f (host: np0000182335) handling event "create" for row 56f7cfe8-0f6b-4ebf-9d23-c08ae74f318a (table: ACL) {{(pid=103663) notify /opt/stack/neutron/neutron/plugins/ml2/drivers/ovn/mech_driver/ovsdb/ovsdb_monitor.py:1015}}
Jun 20 01:11:09.600338 np0000182335 devstack@neutron-api.service[103663]: DEBUG neutron.plugins.ml2.drivers.ovn.mech_driver.ovsdb.ovsdb_monitor [-] Hash Ring: Node 4c86729309eb535a8351308bdbf7d83f (host: np0000182335) handling event "create" for row a25a157f-542b-4fbb-8280-f61e983fd898 (table: ACL) {{(pid=103663) notify /opt/stack/neutron/neutron/plugins/ml2/drivers/ovn/mech_driver/ovsdb/ovsdb_monitor.py:1015}}
Jun 20 01:11:09.600338 np0000182335 devstack@neutron-api.service[103663]: DEBUG neutron.plugins.ml2.drivers.ovn.mech_driver.ovsdb.ovsdb_monitor [-] Hash Ring: Node 4c86729309eb535a8351308bdbf7d83f (host: np0000182335) handling event "create" for row 0ccaee84-4604-4239-b289-2beadf62df90 (table: Port_Group) {{(pid=103663) notify /opt/stack/neutron/neutron/plugins/ml2/drivers/ovn/mech_driver/ovsdb/ovsdb_monitor.py:1015}}
Jun 20 01:11:09.605162 np0000182335 devstack@neutron-api.service[103662]: DEBUG neutron.plugins.ml2.drivers.ovn.mech_driver.ovsdb.ovsdb_monitor [-] Hash Ring: Node 66bc820c5a505c3cb2c91ef25edbe116 (host: np0000182335) handling event "create" for row 3b888e84-7bc6-407e-b564-a5d8b9aebaf6 (table: ACL) {{(pid=103662) notify /opt/stack/neutron/neutron/plugins/ml2/drivers/ovn/mech_driver/ovsdb/ovsdb_monitor.py:1015}}
Jun 20 01:11:09.627822 np0000182335 devstack@neutron-api.service[103661]: INFO neutron.db.ovn_revision_numbers_db [None req-3f364210-980a-407e-bf36-1e716880aa9b admin admin] Successfully bumped revision number for resource 872ae824-adee-4d8c-be50-1da2b80a5b16 (type: security_groups) to 1
Jun 20 01:11:09.644336 np0000182335 devstack@neutron-api.service[103661]: INFO neutron.db.ovn_revision_numbers_db [None req-3f364210-980a-407e-bf36-1e716880aa9b admin admin] Successfully bumped revision number for resource 02fdc726-5d32-4c80-8cb6-aaaada2ca9ee (type: security_group_rules) to 0
Jun 20 01:11:09.657390 np0000182335 devstack@neutron-api.service[103661]: INFO neutron.db.ovn_revision_numbers_db [None req-3f364210-980a-407e-bf36-1e716880aa9b admin admin] Successfully bumped revision number for resource 038bfa57-1a48-48b7-afc3-45f7cbb5f889 (type: security_group_rules) to 0
Jun 20 01:11:09.675286 np0000182335 devstack@neutron-api.service[103661]: INFO neutron.db.ovn_revision_numbers_db [None req-3f364210-980a-407e-bf36-1e716880aa9b admin admin] Successfully bumped revision number for resource bdfbee04-8068-4e7b-86f9-51b80223e0bf (type: security_group_rules) to 0
Jun 20 01:11:09.693906 np0000182335 devstack@neutron-api.service[103661]: INFO neutron.db.ovn_revision_numbers_db [None req-3f364210-980a-407e-bf36-1e716880aa9b admin admin] Successfully bumped revision number for resource ea2f94b5-bdb9-41e3-8260-52d7b9063ad7 (type: security_group_rules) to 0
Jun 20 01:11:09.721403 np0000182335 devstack@neutron-api.service[103661]: DEBUG neutron.api.rpc.handlers.resources_rpc [None req-3f364210-980a-407e-bf36-1e716880aa9b admin admin] Pushing event updated for resources: {'SecurityGroup': ['ID=872ae824-adee-4d8c-be50-1da2b80a5b16,revision_number=1']} {{(pid=103661) push /opt/stack/neutron/neutron/api/rpc/handlers/resources_rpc.py:237}}
Jun 20 01:11:09.731651 np0000182335 devstack@neutron-api.service[103661]: DEBUG ovsdbapp.backend.ovs_idl.transaction [-] Running txn n=1 command(idx=0): CheckLivenessCommand(_result=None) {{(pid=103661) do_commit /opt/stack/data/venv/lib/python3.12/site-packages/ovsdbapp/backend/ovs_idl/transaction.py:89}}
Jun 20 01:11:09.741357 np0000182335 devstack@neutron-api.service[103661]: DEBUG neutron.api.rpc.callbacks.version_manager [None req-3f364210-980a-407e-bf36-1e716880aa9b admin admin] Tracked resource versions report:
Jun 20 01:11:09.741357 np0000182335 devstack@neutron-api.service[103661]: pushed versions:
Jun 20 01:11:09.741357 np0000182335 devstack@neutron-api.service[103661]: { 'AddressGroup': {'1.2'},
Jun 20 01:11:09.741357 np0000182335 devstack@neutron-api.service[103661]: 'Agent': {'1.1'},
Jun 20 01:11:09.741357 np0000182335 devstack@neutron-api.service[103661]: 'ConntrackHelper': {'1.0'},
Jun 20 01:11:09.741357 np0000182335 devstack@neutron-api.service[103661]: 'LocalIPAssociation': {'1.0'},
Jun 20 01:11:09.741357 np0000182335 devstack@neutron-api.service[103661]: 'Log': {'1.0'},
Jun 20 01:11:09.741357 np0000182335 devstack@neutron-api.service[103661]: 'NDPProxy': {'1.0'},
Jun 20 01:11:09.741357 np0000182335 devstack@neutron-api.service[103661]: 'Network': {'1.3'},
Jun 20 01:11:09.741357 np0000182335 devstack@neutron-api.service[103661]: 'Port': {'1.11'},
Jun 20 01:11:09.741357 np0000182335 devstack@neutron-api.service[103661]: 'PortForwarding': {'1.3'},
Jun 20 01:11:09.741357 np0000182335 devstack@neutron-api.service[103661]: 'QosPolicy': {'1.10'},
Jun 20 01:11:09.741357 np0000182335 devstack@neutron-api.service[103661]: 'SecurityGroup': {'1.6'},
Jun 20 01:11:09.741357 np0000182335 devstack@neutron-api.service[103661]: 'SecurityGroupRule': {'1.3'},
Jun 20 01:11:09.741357 np0000182335 devstack@neutron-api.service[103661]: 'SubPort': {'1.0'},
Jun 20 01:11:09.741357 np0000182335 devstack@neutron-api.service[103661]: 'Subnet': {'1.2'},
Jun 20 01:11:09.741357 np0000182335 devstack@neutron-api.service[103661]: 'Trunk': {'1.1'}}
Jun 20 01:11:09.741357 np0000182335 devstack@neutron-api.service[103661]: consumer versions:
Jun 20 01:11:09.741357 np0000182335 devstack@neutron-api.service[103661]: {}
Jun 20 01:11:09.741357 np0000182335 devstack@neutron-api.service[103661]: {{(pid=103661) report /opt/stack/neutron/neutron/api/rpc/callbacks/version_manager.py:183}}
Jun 20 01:11:09.742719 np0000182335 devstack@neutron-api.service[103660]: DEBUG neutron.plugins.ml2.drivers.ovn.mech_driver.ovsdb.ovsdb_monitor [-] Hash Ring: Node bbff2738782b5caba0d8a7eaeecb3f3f (host: np0000182335) handling event "update" for row 036a3344-2f38-458e-b5be-74f01f1b8761 (table: NB_Global) {{(pid=103660) notify /opt/stack/neutron/neutron/plugins/ml2/drivers/ovn/mech_driver/ovsdb/ovsdb_monitor.py:1015}}
Jun 20 01:11:09.742719 np0000182335 devstack@neutron-api.service[103660]: DEBUG neutron.plugins.ml2.drivers.ovn.mech_driver.ovsdb.ovsdb_monitor [-] ChassisAgentWriteEvent : Matched Chassis_Private, update, None None {{(pid=103660) matches /opt/stack/neutron/neutron/plugins/ml2/drivers/ovn/mech_driver/ovsdb/ovsdb_monitor.py:64}}
Jun 20 01:11:09.743111 np0000182335 devstack@neutron-api.service[103663]: DEBUG neutron.plugins.ml2.drivers.ovn.mech_driver.ovsdb.ovsdb_monitor [-] ChassisAgentWriteEvent : Matched Chassis_Private, update, None None {{(pid=103663) matches /opt/stack/neutron/neutron/plugins/ml2/drivers/ovn/mech_driver/ovsdb/ovsdb_monitor.py:64}}
Jun 20 01:11:09.745038 np0000182335 devstack@neutron-api.service[103663]: DEBUG neutron.plugins.ml2.drivers.ovn.mech_driver.ovsdb.ovsdb_monitor [-] Hash Ring: Node 4c86729309eb535a8351308bdbf7d83f (host: np0000182335) handling event "update" for row 036a3344-2f38-458e-b5be-74f01f1b8761 (table: NB_Global) {{(pid=103663) notify /opt/stack/neutron/neutron/plugins/ml2/drivers/ovn/mech_driver/ovsdb/ovsdb_monitor.py:1015}}
Jun 20 01:11:09.745172 np0000182335 devstack@neutron-api.service[103660]: DEBUG neutron.plugins.ml2.drivers.ovn.mech_driver.ovsdb.ovsdb_monitor [-] Hash Ring: Node bbff2738782b5caba0d8a7eaeecb3f3f (host: np0000182335) handling event "update" for row 2dcd0ab1-8efe-4770-a3d9-9012683f7094 (table: Chassis_Private) {{(pid=103660) notify /opt/stack/neutron/neutron/plugins/ml2/drivers/ovn/mech_driver/ovsdb/ovsdb_monitor.py:1015}}
Jun 20 01:11:09.745760 np0000182335 devstack@neutron-api.service[103662]: DEBUG neutron.plugins.ml2.drivers.ovn.mech_driver.ovsdb.ovsdb_monitor [-] ChassisAgentWriteEvent : Matched Chassis_Private, update, None None {{(pid=103662) matches /opt/stack/neutron/neutron/plugins/ml2/drivers/ovn/mech_driver/ovsdb/ovsdb_monitor.py:64}}
Jun 20 01:11:09.747531 np0000182335 devstack@neutron-api.service[103660]: DEBUG neutron.plugins.ml2.drivers.ovn.mech_driver.ovsdb.ovsdb_monitor [-] ChassisOVNAgentWriteEvent : Matched Chassis_Private, update, None None {{(pid=103660) matches /opt/stack/neutron/neutron/plugins/ml2/drivers/ovn/mech_driver/ovsdb/ovsdb_monitor.py:64}}
Jun 20 01:11:09.747531 np0000182335 devstack@neutron-api.service[103660]: DEBUG neutron.plugins.ml2.drivers.ovn.mech_driver.ovsdb.ovsdb_monitor [-] Hash Ring: Node bbff2738782b5caba0d8a7eaeecb3f3f (host: np0000182335) handling event "update" for row 2dcd0ab1-8efe-4770-a3d9-9012683f7094 (table: Chassis_Private) {{(pid=103660) notify /opt/stack/neutron/neutron/plugins/ml2/drivers/ovn/mech_driver/ovsdb/ovsdb_monitor.py:1015}}
Jun 20 01:11:09.748114 np0000182335 devstack@neutron-api.service[103662]: DEBUG neutron.plugins.ml2.drivers.ovn.mech_driver.ovsdb.ovsdb_monitor [-] ChassisOVNAgentWriteEvent : Matched Chassis_Private, update, None None {{(pid=103662) matches /opt/stack/neutron/neutron/plugins/ml2/drivers/ovn/mech_driver/ovsdb/ovsdb_monitor.py:64}}
Jun 20 01:11:09.748425 np0000182335 devstack@neutron-api.service[103663]: DEBUG neutron.plugins.ml2.drivers.ovn.mech_driver.ovsdb.ovsdb_monitor [-] Hash Ring: Node 4c86729309eb535a8351308bdbf7d83f (host: np0000182335) handling event "update" for row 036a3344-2f38-458e-b5be-74f01f1b8761 (table: NB_Global) {{(pid=103663) notify /opt/stack/neutron/neutron/plugins/ml2/drivers/ovn/mech_driver/ovsdb/ovsdb_monitor.py:1015}}
Jun 20 01:11:09.749486 np0000182335 devstack@neutron-api.service[103660]: DEBUG neutron.plugins.ml2.drivers.ovn.mech_driver.ovsdb.ovsdb_monitor [-] Hash Ring: Node bbff2738782b5caba0d8a7eaeecb3f3f (host: np0000182335) handling event "update" for row 036a3344-2f38-458e-b5be-74f01f1b8761 (table: NB_Global) {{(pid=103660) notify /opt/stack/neutron/neutron/plugins/ml2/drivers/ovn/mech_driver/ovsdb/ovsdb_monitor.py:1015}}
Jun 20 01:11:09.750911 np0000182335 devstack@neutron-api.service[103660]: DEBUG neutron.plugins.ml2.drivers.ovn.mech_driver.ovsdb.ovsdb_monitor [-] Hash Ring: Node bbff2738782b5caba0d8a7eaeecb3f3f (host: np0000182335) handling event "update" for row 036a3344-2f38-458e-b5be-74f01f1b8761 (table: NB_Global) {{(pid=103660) notify /opt/stack/neutron/neutron/plugins/ml2/drivers/ovn/mech_driver/ovsdb/ovsdb_monitor.py:1015}}
Jun 20 01:11:09.753914 np0000182335 devstack@neutron-api.service[103663]: DEBUG neutron.plugins.ml2.drivers.ovn.mech_driver.ovsdb.ovsdb_monitor [-] Hash Ring: Node 4c86729309eb535a8351308bdbf7d83f (host: np0000182335) handling event "update" for row 036a3344-2f38-458e-b5be-74f01f1b8761 (table: NB_Global) {{(pid=103663) notify /opt/stack/neutron/neutron/plugins/ml2/drivers/ovn/mech_driver/ovsdb/ovsdb_monitor.py:1015}}
Jun 20 01:11:09.754500 np0000182335 devstack@neutron-api.service[103661]: DEBUG neutron.plugins.ml2.drivers.ovn.mech_driver.ovsdb.ovsdb_monitor [-] ChassisAgentWriteEvent : Matched Chassis_Private, update, None None {{(pid=103661) matches /opt/stack/neutron/neutron/plugins/ml2/drivers/ovn/mech_driver/ovsdb/ovsdb_monitor.py:64}}
Jun 20 01:11:09.755711 np0000182335 devstack@neutron-api.service[103661]: DEBUG neutron.plugins.ml2.drivers.ovn.mech_driver.ovsdb.ovsdb_monitor [-] ChassisOVNAgentWriteEvent : Matched Chassis_Private, update, None None {{(pid=103661) matches /opt/stack/neutron/neutron/plugins/ml2/drivers/ovn/mech_driver/ovsdb/ovsdb_monitor.py:64}}
Jun 20 01:11:09.758992 np0000182335 devstack@neutron-api.service[103663]: DEBUG neutron.common.ovn.hash_ring_manager [-] Allow caching, nodes 4>=4 {{(pid=103663) _wait_startup_before_caching /opt/stack/neutron/neutron/common/ovn/hash_ring_manager.py:71}}
Jun 20 01:11:09.758992 np0000182335 devstack@neutron-api.service[103663]: DEBUG neutron.plugins.ml2.drivers.ovn.mech_driver.ovsdb.ovsdb_monitor [-] Hash Ring: Node 4c86729309eb535a8351308bdbf7d83f (host: np0000182335) handling event "update" for row 2dcd0ab1-8efe-4770-a3d9-9012683f7094 (table: Chassis_Private) {{(pid=103663) notify /opt/stack/neutron/neutron/plugins/ml2/drivers/ovn/mech_driver/ovsdb/ovsdb_monitor.py:1015}}
Jun 20 01:11:09.762273 np0000182335 devstack@neutron-api.service[103663]: DEBUG neutron.plugins.ml2.drivers.ovn.mech_driver.ovsdb.ovsdb_monitor [-] ChassisOVNAgentWriteEvent : Matched Chassis_Private, update, None None {{(pid=103663) matches /opt/stack/neutron/neutron/plugins/ml2/drivers/ovn/mech_driver/ovsdb/ovsdb_monitor.py:64}}
Jun 20 01:11:09.762723 np0000182335 devstack@neutron-api.service[103663]: DEBUG neutron.plugins.ml2.drivers.ovn.mech_driver.ovsdb.ovsdb_monitor [-] Hash Ring: Node 4c86729309eb535a8351308bdbf7d83f (host: np0000182335) handling event "update" for row 2dcd0ab1-8efe-4770-a3d9-9012683f7094 (table: Chassis_Private) {{(pid=103663) notify /opt/stack/neutron/neutron/plugins/ml2/drivers/ovn/mech_driver/ovsdb/ovsdb_monitor.py:1015}}
Jun 20 01:11:09.807389 np0000182335 devstack@neutron-api.service[103661]: DEBUG neutron.plugins.ml2.drivers.helpers [None req-3f364210-980a-407e-bf36-1e716880aa9b admin admin] geneve segment allocate from pool success with {'geneve_vni': 52036} {{(pid=103661) allocate_partially_specified_segment /opt/stack/neutron/neutron/plugins/ml2/drivers/helpers.py:142}}
Jun 20 01:11:09.820574 np0000182335 devstack@neutron-api.service[103661]: DEBUG neutron_lib.callbacks.manager [None req-3f364210-980a-407e-bf36-1e716880aa9b admin admin] Publish callbacks ['neutron.services.segments.db._add_segment_host_mapping_for_segment-7997835889004', 'neutron.plugins.ml2.plugin.Ml2Plugin._handle_segment_change-991416'] for segment (f3091660-67c1-4af0-9bcd-40ba42e68b2f), precommit_create {{(pid=103661) _notify_loop /opt/stack/data/venv/lib/python3.12/site-packages/neutron_lib/callbacks/manager.py:184}}
Jun 20 01:11:09.820732 np0000182335 devstack@neutron-api.service[103661]: INFO neutron.db.segments_db [None req-3f364210-980a-407e-bf36-1e716880aa9b admin admin] Added segment f3091660-67c1-4af0-9bcd-40ba42e68b2f of type geneve for network e49d0fb2-7fd4-43a4-b538-6782c9382fd2
Jun 20 01:11:09.868235 np0000182335 devstack@neutron-api.service[103661]: DEBUG neutron_lib.callbacks.manager [None req-3f364210-980a-407e-bf36-1e716880aa9b admin admin] Publish callbacks ['neutron.services.auto_allocate.db._ensure_external_network_default_value_callback-7997834617046'] for network (e49d0fb2-7fd4-43a4-b538-6782c9382fd2), precommit_create {{(pid=103661) _notify_loop /opt/stack/data/venv/lib/python3.12/site-packages/neutron_lib/callbacks/manager.py:184}}
Jun 20 01:11:09.886770 np0000182335 devstack@neutron-api.service[103661]: DEBUG neutron.plugins.ml2.drivers.ovn.mech_driver.mech_driver [None req-3f364210-980a-407e-bf36-1e716880aa9b admin admin] Validating network segment with type geneve, segmentation ID 52036, physical network None {{(pid=103661) _validate_network_segments /opt/stack/neutron/neutron/plugins/ml2/drivers/ovn/mech_driver/mech_driver.py:646}}
Jun 20 01:11:09.886914 np0000182335 devstack@neutron-api.service[103661]: DEBUG neutron.db.ovn_revision_numbers_db [None req-3f364210-980a-407e-bf36-1e716880aa9b admin admin] create_initial_revision uuid=e49d0fb2-7fd4-43a4-b538-6782c9382fd2, type=networks, rev=-1 {{(pid=103661) create_initial_revision /opt/stack/neutron/neutron/db/ovn_revision_numbers_db.py:98}}
Jun 20 01:11:09.907461 np0000182335 devstack@neutron-api.service[103661]: DEBUG neutron_lib.callbacks.manager [None req-3f364210-980a-407e-bf36-1e716880aa9b admin admin] Publish callbacks ['neutron.plugins.ml2.ovo_rpc._ObjectChangeHandler.handle_event-3865100'] for network (e49d0fb2-7fd4-43a4-b538-6782c9382fd2), after_create {{(pid=103661) _notify_loop /opt/stack/data/venv/lib/python3.12/site-packages/neutron_lib/callbacks/manager.py:184}}
Jun 20 01:11:09.962405 np0000182335 devstack@neutron-api.service[103661]: DEBUG neutron.api.rpc.handlers.resources_rpc [None req-3f364210-980a-407e-bf36-1e716880aa9b admin admin] Pushing event updated for resources: {'Network': ['ID=e49d0fb2-7fd4-43a4-b538-6782c9382fd2,revision_number=1']} {{(pid=103661) push /opt/stack/neutron/neutron/api/rpc/handlers/resources_rpc.py:237}}
Jun 20 01:11:09.972524 np0000182335 devstack@neutron-api.service[103661]: DEBUG ovsdbapp.backend.ovs_idl.transaction [-] Running txn n=1 command(idx=0): AddNetworkCommand(_result=None, network_uuid=e49d0fb2-7fd4-43a4-b538-6782c9382fd2, may_exist=True, columns={'external_ids': {'neutron:network_name': 'private', 'neutron:mtu': '1372', 'neutron:revision_number': '1', 'neutron:availability_zone_hints': '', 'neutron:provnet-network-type': 'geneve'}, 'other_config': {'mcast_snoop': 'false', 'mcast_flood_unregistered': 'false', 'vlan-passthru': 'false'}}) {{(pid=103661) do_commit /opt/stack/data/venv/lib/python3.12/site-packages/ovsdbapp/backend/ovs_idl/transaction.py:89}}
Jun 20 01:11:09.973136 np0000182335 devstack@neutron-api.service[103661]: DEBUG neutron.common.ovn.utils [-] OVS persist_uuid supported=True {{(pid=103661) ovs_persist_uuid_supported /opt/stack/neutron/neutron/common/ovn/utils.py:1544}}
Jun 20 01:11:09.979419 np0000182335 devstack@neutron-api.service[103663]: DEBUG neutron.plugins.ml2.drivers.ovn.mech_driver.ovsdb.ovsdb_monitor [-] Hash Ring: Node 4c86729309eb535a8351308bdbf7d83f (host: np0000182335) handling event "create" for row e49d0fb2-7fd4-43a4-b538-6782c9382fd2 (table: Logical_Switch) {{(pid=103663) notify /opt/stack/neutron/neutron/plugins/ml2/drivers/ovn/mech_driver/ovsdb/ovsdb_monitor.py:1015}}
Jun 20 01:11:09.983138 np0000182335 devstack@neutron-api.service[103662]: DEBUG neutron.plugins.ml2.drivers.ovn.mech_driver.ovsdb.ovsdb_monitor [-] Hash Ring: Node 66bc820c5a505c3cb2c91ef25edbe116 (host: np0000182335) handling event "create" for row e49d0fb2-7fd4-43a4-b538-6782c9382fd2 (table: Logical_Switch) {{(pid=103662) notify /opt/stack/neutron/neutron/plugins/ml2/drivers/ovn/mech_driver/ovsdb/ovsdb_monitor.py:1015}}
Jun 20 01:11:09.985724 np0000182335 devstack@neutron-api.service[103663]: DEBUG neutron.plugins.ml2.drivers.ovn.mech_driver.ovsdb.ovsdb_monitor [-] Hash Ring: Node 4c86729309eb535a8351308bdbf7d83f (host: np0000182335) handling event "create" for row 9739c9e1-0531-4da6-9f1c-84ba9d2943aa (table: Datapath_Binding) {{(pid=103663) notify /opt/stack/neutron/neutron/plugins/ml2/drivers/ovn/mech_driver/ovsdb/ovsdb_monitor.py:1015}}
Jun 20 01:11:09.987477 np0000182335 devstack@neutron-api.service[103660]: DEBUG neutron.plugins.ml2.drivers.ovn.mech_driver.ovsdb.ovsdb_monitor [-] Hash Ring: Node bbff2738782b5caba0d8a7eaeecb3f3f (host: np0000182335) handling event "create" for row 9739c9e1-0531-4da6-9f1c-84ba9d2943aa (table: Datapath_Binding) {{(pid=103660) notify /opt/stack/neutron/neutron/plugins/ml2/drivers/ovn/mech_driver/ovsdb/ovsdb_monitor.py:1015}}
Jun 20 01:11:10.014635 np0000182335 devstack@neutron-api.service[103661]: INFO neutron.db.ovn_revision_numbers_db [None req-3f364210-980a-407e-bf36-1e716880aa9b admin admin] Successfully bumped revision number for resource e49d0fb2-7fd4-43a4-b538-6782c9382fd2 (type: networks) to 1
Jun 20 01:11:10.088050 np0000182335 devstack@neutron-api.service[103661]: DEBUG neutron_lib.callbacks.manager [None req-3f364210-980a-407e-bf36-1e716880aa9b admin admin] Publish callbacks ['neutron.plugins.ml2.plugin.SecurityGroupDbMixin._ensure_default_security_group_handler-251436'] for port (None), before_create {{(pid=103661) _notify_loop /opt/stack/data/venv/lib/python3.12/site-packages/neutron_lib/callbacks/manager.py:184}}
Jun 20 01:11:10.513860 np0000182335 devstack@neutron-api.service[103661]: DEBUG neutron_lib.callbacks.manager [None req-3f364210-980a-407e-bf36-1e716880aa9b admin admin] Publish callbacks ['neutron.plugins.ml2.drivers.ovn.mech_driver.mech_driver.OVNMechanismDriver._validate_allowed_address_pairs-834405'] for allowed_address_pair (da620b0f-d0cc-4800-b98e-3548582e7b12), before_create {{(pid=103661) _notify_loop /opt/stack/data/venv/lib/python3.12/site-packages/neutron_lib/callbacks/manager.py:184}}
Jun 20 01:11:10.514716 np0000182335 devstack@neutron-api.service[103661]: DEBUG neutron_lib.callbacks.manager [None req-3f364210-980a-407e-bf36-1e716880aa9b admin admin] Publish callbacks [] for port (da620b0f-d0cc-4800-b98e-3548582e7b12), precommit_create {{(pid=103661) _notify_loop /opt/stack/data/venv/lib/python3.12/site-packages/neutron_lib/callbacks/manager.py:184}}
Jun 20 01:11:10.514716 np0000182335 devstack@neutron-api.service[103661]: DEBUG neutron.plugins.ml2.drivers.ovn.mech_driver.mech_driver [None req-3f364210-980a-407e-bf36-1e716880aa9b admin admin] No provisioning block for port da620b0f-d0cc-4800-b98e-3548582e7b12 since it does not have a host {{(pid=103661) _is_port_provisioning_required /opt/stack/neutron/neutron/plugins/ml2/drivers/ovn/mech_driver/mech_driver.py:899}}
Jun 20 01:11:10.514716 np0000182335 devstack@neutron-api.service[103661]: DEBUG neutron.db.ovn_revision_numbers_db [None req-3f364210-980a-407e-bf36-1e716880aa9b admin admin] create_initial_revision uuid=da620b0f-d0cc-4800-b98e-3548582e7b12, type=ports, rev=-1 {{(pid=103661) create_initial_revision /opt/stack/neutron/neutron/db/ovn_revision_numbers_db.py:98}}
Jun 20 01:11:10.605213 np0000182335 devstack@neutron-api.service[103661]: DEBUG neutron_lib.callbacks.manager [None req-3f364210-980a-407e-bf36-1e716880aa9b admin admin] Publish callbacks ['neutron.plugins.ml2.ovo_rpc._ObjectChangeHandler.handle_event-3865599'] for port (da620b0f-d0cc-4800-b98e-3548582e7b12), after_create {{(pid=103661) _notify_loop /opt/stack/data/venv/lib/python3.12/site-packages/neutron_lib/callbacks/manager.py:184}}
Jun 20 01:11:10.675801 np0000182335 devstack@neutron-api.service[103661]: DEBUG neutron.api.rpc.handlers.resources_rpc [None req-3f364210-980a-407e-bf36-1e716880aa9b admin admin] Pushing event updated for resources: {'Port': ['ID=da620b0f-d0cc-4800-b98e-3548582e7b12,revision_number=1']} {{(pid=103661) push /opt/stack/neutron/neutron/api/rpc/handlers/resources_rpc.py:237}}
Jun 20 01:11:10.717439 np0000182335 devstack@neutron-api.service[103661]: DEBUG neutron.plugins.ml2.drivers.ovn.mech_driver.ovsdb.commands [None req-3f364210-980a-407e-bf36-1e716880aa9b admin admin] Converting tag [] to a tag_request {{(pid=103661) _tag_column_to_tag_request /opt/stack/neutron/neutron/plugins/ml2/drivers/ovn/mech_driver/ovsdb/commands.py:205}}
Jun 20 01:11:10.718115 np0000182335 devstack@neutron-api.service[103661]: DEBUG ovsdbapp.backend.ovs_idl.transaction [-] Running txn n=1 command(idx=0): AddLSwitchPortCommand(_result=None, lport=da620b0f-d0cc-4800-b98e-3548582e7b12, lswitch=neutron-e49d0fb2-7fd4-43a4-b538-6782c9382fd2, may_exist=True, network_uuid=e49d0fb2-7fd4-43a4-b538-6782c9382fd2, columns={'addresses': ['fa:16:3e:c1:1e:ac'], 'external_ids': {'neutron:port_name': '', 'neutron:device_id': 'ovnmeta-e49d0fb2-7fd4-43a4-b538-6782c9382fd2', 'neutron:project_id': 'c10b589be3894eb18616f4d393ba053d', 'neutron:cidrs': '', 'neutron:device_owner': 'network:distributed', 'neutron:subnet_pool_addr_scope4': '', 'neutron:subnet_pool_addr_scope6': '', 'neutron:network_name': 'neutron-e49d0fb2-7fd4-43a4-b538-6782c9382fd2', 'neutron:security_group_ids': '', 'neutron:revision_number': '1', 'neutron:vnic_type': 'normal', 'neutron:port_capabilities': '', 'neutron:mtu': '1372'}, 'parent_name': [], 'enabled': True, 'options': {}, 'type': 'localport', 'port_security': [], 'dhcpv4_options': [], 'dhcpv6_options': [], 'tag_request': []}) {{(pid=103661) do_commit /opt/stack/data/venv/lib/python3.12/site-packages/ovsdbapp/backend/ovs_idl/transaction.py:89}}
Jun 20 01:11:10.718696 np0000182335 devstack@neutron-api.service[103661]: DEBUG ovsdbapp.backend.ovs_idl.transaction [-] Running txn n=1 command(idx=1): QoSDelCommand(_result=None, switch=neutron-e49d0fb2-7fd4-43a4-b538-6782c9382fd2, conditions=[('direction', '=', 'to-lport'), ('priority', '=', 2002), ('match', '=', 'outport == "da620b0f-d0cc-4800-b98e-3548582e7b12"')], if_exists=True) {{(pid=103661) do_commit /opt/stack/data/venv/lib/python3.12/site-packages/ovsdbapp/backend/ovs_idl/transaction.py:89}}
Jun 20 01:11:10.718877 np0000182335 devstack@neutron-api.service[103661]: DEBUG ovsdbapp.backend.ovs_idl.transaction [-] Running txn n=1 command(idx=2): QoSDelCommand(_result=None, switch=neutron-e49d0fb2-7fd4-43a4-b538-6782c9382fd2, conditions=[('direction', '=', 'from-lport'), ('priority', '=', 2002), ('match', '=', 'inport == "da620b0f-d0cc-4800-b98e-3548582e7b12"')], if_exists=True) {{(pid=103661) do_commit /opt/stack/data/venv/lib/python3.12/site-packages/ovsdbapp/backend/ovs_idl/transaction.py:89}}
Jun 20 01:11:10.729568 np0000182335 devstack@neutron-api.service[103663]: DEBUG neutron.plugins.ml2.drivers.ovn.mech_driver.ovsdb.ovsdb_monitor [-] Hash Ring: Node 4c86729309eb535a8351308bdbf7d83f (host: np0000182335) handling event "create" for row 6b1116d0-2924-441e-8556-6e4521075c2b (table: Port_Binding) {{(pid=103663) notify /opt/stack/neutron/neutron/plugins/ml2/drivers/ovn/mech_driver/ovsdb/ovsdb_monitor.py:1015}}
Jun 20 01:11:10.730850 np0000182335 devstack@neutron-api.service[103662]: DEBUG neutron.plugins.ml2.drivers.ovn.mech_driver.ovsdb.ovsdb_monitor [-] Hash Ring: Node 66bc820c5a505c3cb2c91ef25edbe116 (host: np0000182335) handling event "create" for row 6b1116d0-2924-441e-8556-6e4521075c2b (table: Port_Binding) {{(pid=103662) notify /opt/stack/neutron/neutron/plugins/ml2/drivers/ovn/mech_driver/ovsdb/ovsdb_monitor.py:1015}}
Jun 20 01:11:10.731731 np0000182335 devstack@neutron-api.service[103663]: DEBUG neutron.plugins.ml2.drivers.ovn.mech_driver.ovsdb.ovsdb_monitor [-] Hash Ring: Node 4c86729309eb535a8351308bdbf7d83f (host: np0000182335) handling event "update" for row e49d0fb2-7fd4-43a4-b538-6782c9382fd2 (table: Logical_Switch) {{(pid=103663) notify /opt/stack/neutron/neutron/plugins/ml2/drivers/ovn/mech_driver/ovsdb/ovsdb_monitor.py:1015}}
Jun 20 01:11:10.731731 np0000182335 devstack@neutron-api.service[103663]: DEBUG neutron.plugins.ml2.drivers.ovn.mech_driver.ovsdb.ovsdb_monitor [-] Hash Ring: Node 4c86729309eb535a8351308bdbf7d83f (host: np0000182335) handling event "create" for row 3d8167f0-f65e-4f99-814e-a0d8af2f84cd (table: Logical_Switch_Port) {{(pid=103663) notify /opt/stack/neutron/neutron/plugins/ml2/drivers/ovn/mech_driver/ovsdb/ovsdb_monitor.py:1015}}
Jun 20 01:11:10.732131 np0000182335 devstack@neutron-api.service[103662]: DEBUG neutron.plugins.ml2.drivers.ovn.mech_driver.ovsdb.ovsdb_monitor [-] Hash Ring: Node 66bc820c5a505c3cb2c91ef25edbe116 (host: np0000182335) handling event "update" for row e49d0fb2-7fd4-43a4-b538-6782c9382fd2 (table: Logical_Switch) {{(pid=103662) notify /opt/stack/neutron/neutron/plugins/ml2/drivers/ovn/mech_driver/ovsdb/ovsdb_monitor.py:1015}}
Jun 20 01:11:10.732131 np0000182335 devstack@neutron-api.service[103662]: DEBUG neutron.plugins.ml2.drivers.ovn.mech_driver.ovsdb.ovsdb_monitor [-] Hash Ring: Node 66bc820c5a505c3cb2c91ef25edbe116 (host: np0000182335) handling event "create" for row 3d8167f0-f65e-4f99-814e-a0d8af2f84cd (table: Logical_Switch_Port) {{(pid=103662) notify /opt/stack/neutron/neutron/plugins/ml2/drivers/ovn/mech_driver/ovsdb/ovsdb_monitor.py:1015}}
Jun 20 01:11:10.732518 np0000182335 devstack@neutron-api.service[103663]: DEBUG ovsdbapp.backend.ovs_idl.event [-] Matched CREATE: LogicalSwitchPortCreateEvent(events=('create',), table='Logical_Switch_Port', conditions=[], old_conditions=None), priority=20 to row=Logical_Switch_Port(uuid=3d8167f0-f65e-4f99-814e-a0d8af2f84cd, addresses=['fa:16:3e:c1:1e:ac'], dhcpv4_options=[], dhcpv6_options=[], dynamic_addresses=[], enabled=True, external_ids={'neutron:cidrs': '', 'neutron:device_id': 'ovnmeta-e49d0fb2-7fd4-43a4-b538-6782c9382fd2', 'neutron:device_owner': 'network:distributed', 'neutron:mtu': '1372', 'neutron:network_name': 'neutron-e49d0fb2-7fd4-43a4-b538-6782c9382fd2', 'neutron:port_capabilities': '', 'neutron:port_name': '', 'neutron:project_id': 'c10b589be3894eb18616f4d393ba053d', 'neutron:revision_number': '1', 'neutron:security_group_ids': '', 'neutron:subnet_pool_addr_scope4': '', 'neutron:subnet_pool_addr_scope6': '', 'neutron:vnic_type': 'normal'}, ha_chassis_group=[], mirror_rules=[], name='da620b0f-d0cc-4800-b98e-3548582e7b12', options={}, parent_name=[], port_security=[], tag=[], tag_request=[], type='localport', up=[]) old= {{(pid=103663) matches /opt/stack/data/venv/lib/python3.12/site-packages/ovsdbapp/backend/ovs_idl/event.py:55}}
