Jun 20 01:11:00.302262 np0000182335 devstack@neutron-api.service[103662]: DEBUG neutron_lib.callbacks.manager [None req-a951272b-6d78-45c8-9411-5f4afca84fcf None None] Subscribe: > router after_update 55550000, False {{(pid=103662) subscribe /opt/stack/data/venv/lib/python3.12/site-packages/neutron_lib/callbacks/manager.py:52}}
Jun 20 01:11:00.302411 np0000182335 devstack@neutron-api.service[103662]: DEBUG neutron.services.service_base [None req-a951272b-6d78-45c8-9411-5f4afca84fcf None None] Loaded 'neutron.services.ovn_l3.service_providers.ovn.OvnDriver' provider for service L3_ROUTER_NAT {{(pid=103662) load_drivers /opt/stack/neutron/neutron/services/service_base.py:49}}
Jun 20 01:11:00.302569 np0000182335 devstack@neutron-api.service[103662]: DEBUG neutron_lib.callbacks.manager [None req-a951272b-6d78-45c8-9411-5f4afca84fcf None None] Subscribe: > process after_init 55550001, True {{(pid=103662) subscribe /opt/stack/data/venv/lib/python3.12/site-packages/neutron_lib/callbacks/manager.py:52}}
Jun 20 01:11:00.302729 np0000182335 devstack@neutron-api.service[103662]: DEBUG neutron.manager [None req-a951272b-6d78-45c8-9411-5f4afca84fcf None None] Successfully loaded L3_ROUTER_NAT plugin. Description: L3 Router Service Plugin for basic L3 forwarding using OVN {{(pid=103662) _create_and_add_service_plugin /opt/stack/neutron/neutron/manager.py:239}}
Jun 20 01:11:00.302845 np0000182335 devstack@neutron-api.service[103662]: INFO neutron.manager [None req-a951272b-6d78-45c8-9411-5f4afca84fcf None None] Loading Plugin: auto_allocate
Jun 20 01:11:00.304053 np0000182335 devstack@neutron-api.service[103662]: DEBUG neutron_lib.callbacks.manager [None req-a951272b-6d78-45c8-9411-5f4afca84fcf None None] Subscribe: network precommit_update 55550000, False {{(pid=103662) subscribe /opt/stack/data/venv/lib/python3.12/site-packages/neutron_lib/callbacks/manager.py:52}}
Jun 20 01:11:00.304180 np0000182335 devstack@neutron-api.service[103662]: DEBUG neutron_lib.callbacks.manager [None req-a951272b-6d78-45c8-9411-5f4afca84fcf None None] Subscribe: network precommit_create 55550000, False {{(pid=103662) subscribe /opt/stack/data/venv/lib/python3.12/site-packages/neutron_lib/callbacks/manager.py:52}}
Jun 20 01:11:00.304437 np0000182335 devstack@neutron-api.service[103662]: DEBUG neutron.manager [None req-a951272b-6d78-45c8-9411-5f4afca84fcf None None] Successfully loaded auto-allocated-topology plugin. Description: Auto Allocated Topology - aka get me a network. {{(pid=103662) _create_and_add_service_plugin /opt/stack/neutron/neutron/manager.py:239}}
Jun 20 01:11:00.304525 np0000182335 devstack@neutron-api.service[103662]: INFO neutron.manager [None req-a951272b-6d78-45c8-9411-5f4afca84fcf None None] Loading Plugin: tag
Jun 20 01:11:00.307493 np0000182335 devstack@neutron-api.service[103662]: DEBUG neutron.manager [None req-a951272b-6d78-45c8-9411-5f4afca84fcf None None] Successfully loaded TAG plugin. Description: Tag support {{(pid=103662) _create_and_add_service_plugin /opt/stack/neutron/neutron/manager.py:239}}
Jun 20 01:11:00.307580 np0000182335 devstack@neutron-api.service[103662]: INFO neutron.manager [None req-a951272b-6d78-45c8-9411-5f4afca84fcf None None] Loading Plugin: timestamp
Jun 20 01:11:00.308823 np0000182335 devstack@neutron-api.service[103662]: DEBUG neutron.manager [None req-a951272b-6d78-45c8-9411-5f4afca84fcf None None] Successfully loaded timestamp plugin. Description: Adds timestamps to Neutron resources with standard attributes {{(pid=103662) _create_and_add_service_plugin /opt/stack/neutron/neutron/manager.py:239}}
Jun 20 01:11:00.308920 np0000182335 devstack@neutron-api.service[103662]: INFO neutron.manager [None req-a951272b-6d78-45c8-9411-5f4afca84fcf None None] Loading Plugin: network_ip_availability
Jun 20 01:11:00.310552 np0000182335 devstack@neutron-api.service[103662]: DEBUG neutron.manager [None req-a951272b-6d78-45c8-9411-5f4afca84fcf None None] Successfully loaded network-ip-availability plugin. Description: Provides IP availability data for each network and subnet. {{(pid=103662) _create_and_add_service_plugin /opt/stack/neutron/neutron/manager.py:239}}
Jun 20 01:11:00.310650 np0000182335 devstack@neutron-api.service[103662]: INFO neutron.manager [None req-a951272b-6d78-45c8-9411-5f4afca84fcf None None] Loading Plugin: flavors
Jun 20 01:11:00.311457 np0000182335 devstack@neutron-api.service[103662]: DEBUG neutron.manager [None req-a951272b-6d78-45c8-9411-5f4afca84fcf None None] Successfully loaded FLAVORS plugin. Description: Neutron Flavors and Service Profiles manager plugin {{(pid=103662) _create_and_add_service_plugin /opt/stack/neutron/neutron/manager.py:239}}
Jun 20 01:11:00.311578 np0000182335 devstack@neutron-api.service[103662]: INFO neutron.manager [None req-a951272b-6d78-45c8-9411-5f4afca84fcf None None] Loading Plugin: revisions
Jun 20 01:11:00.311776 np0000182335 devstack@neutron-api.service[103660]: INFO neutron.plugins.ml2.drivers.type_vlan [None req-d25a3bcd-7235-4d3a-9656-6df42773f5c9 None None] VlanTypeDriver initialization complete
Jun 20 01:11:00.312008 np0000182335 devstack@neutron-api.service[103660]: INFO neutron.plugins.ml2.managers [None req-d25a3bcd-7235-4d3a-9656-6df42773f5c9 None None] Initializing extension driver 'port_security'
Jun 20 01:11:00.312008 np0000182335 devstack@neutron-api.service[103660]: INFO neutron.plugins.ml2.extensions.port_security [None req-d25a3bcd-7235-4d3a-9656-6df42773f5c9 None None] PortSecurityExtensionDriver initialization complete
Jun 20 01:11:00.312145 np0000182335 devstack@neutron-api.service[103660]: INFO neutron.plugins.ml2.managers [None req-d25a3bcd-7235-4d3a-9656-6df42773f5c9 None None] Initializing extension driver 'qos'
Jun 20 01:11:00.312224 np0000182335 devstack@neutron-api.service[103660]: DEBUG neutron.plugins.ml2.extensions.qos [None req-d25a3bcd-7235-4d3a-9656-6df42773f5c9 None None] QosExtensionDriver initialization complete {{(pid=103660) initialize /opt/stack/neutron/neutron/plugins/ml2/extensions/qos.py:31}}
Jun 20 01:11:00.312355 np0000182335 devstack@neutron-api.service[103660]: INFO neutron.plugins.ml2.managers [None req-d25a3bcd-7235-4d3a-9656-6df42773f5c9 None None] Initializing mechanism driver 'ovn'
Jun 20 01:11:00.312419 np0000182335 devstack@neutron-api.service[103660]: INFO neutron.plugins.ml2.drivers.ovn.mech_driver.mech_driver [None req-d25a3bcd-7235-4d3a-9656-6df42773f5c9 None None] Starting OVNMechanismDriver
Jun 20 01:11:00.312520 np0000182335 devstack@neutron-api.service[103662]: DEBUG neutron.manager [None req-a951272b-6d78-45c8-9411-5f4afca84fcf None None] Successfully loaded revision_plugin plugin. Description: Adds revision numbers to resources. {{(pid=103662) _create_and_add_service_plugin /opt/stack/neutron/neutron/manager.py:239}}
Jun 20 01:11:00.312659 np0000182335 devstack@neutron-api.service[103662]: DEBUG oslo_concurrency.lockutils [None req-a951272b-6d78-45c8-9411-5f4afca84fcf None None] Lock "manager" "released" by "neutron.manager.NeutronManager._create_instance" :: held 4.843s {{(pid=103662) inner /opt/stack/data/venv/lib/python3.12/site-packages/oslo_concurrency/lockutils.py:543}}
Jun 20 01:11:00.312901 np0000182335 devstack@neutron-api.service[103662]: DEBUG neutron.api.extensions [None req-a951272b-6d78-45c8-9411-5f4afca84fcf None None] get_extension_paths = OrderedDict({'/opt/stack/neutron/neutron/extensions': 1}) {{(pid=103662) get_extensions_path /opt/stack/neutron/neutron/api/extensions.py:640}}
Jun 20 01:11:00.312947 np0000182335 devstack@neutron-api.service[103662]: INFO neutron.api.extensions [None req-a951272b-6d78-45c8-9411-5f4afca84fcf None None] Initializing extension manager.
Jun 20 01:11:00.313243 np0000182335 devstack@neutron-api.service[103662]: DEBUG neutron.api.extensions [None req-a951272b-6d78-45c8-9411-5f4afca84fcf None None] Loading extension file: __init__.py {{(pid=103662) _load_all_extensions_from_path /opt/stack/neutron/neutron/api/extensions.py:449}}
Jun 20 01:11:00.313334 np0000182335 devstack@neutron-api.service[103662]: DEBUG neutron.api.extensions [None req-a951272b-6d78-45c8-9411-5f4afca84fcf None None] Loading extension file: __pycache__ {{(pid=103662) _load_all_extensions_from_path /opt/stack/neutron/neutron/api/extensions.py:449}}
Jun 20 01:11:00.313433 np0000182335 devstack@neutron-api.service[103662]: DEBUG neutron.api.extensions [None req-a951272b-6d78-45c8-9411-5f4afca84fcf None None] Loading extension file: aap_reject_multicast.py {{(pid=103662) _load_all_extensions_from_path /opt/stack/neutron/neutron/api/extensions.py:449}}
Jun 20 01:11:00.313694 np0000182335 devstack@neutron-api.service[103662]: DEBUG neutron.api.extensions [None req-a951272b-6d78-45c8-9411-5f4afca84fcf None None] Ext name="Allowed address pairs reject multicast extension" alias="aap-reject-multicast" description="Reject multicast addresses in Allowed Address Pairs" updated="2026-04-01T00:00:00-00:00" {{(pid=103662) _check_extension /opt/stack/neutron/neutron/api/extensions.py:415}}
Jun 20 01:11:00.314067 np0000182335 devstack@neutron-api.service[103662]: INFO neutron.api.extensions [None req-a951272b-6d78-45c8-9411-5f4afca84fcf None None] Extension aap-reject-multicast not supported by any of loaded plugins
Jun 20 01:11:00.314191 np0000182335 devstack@neutron-api.service[103660]: DEBUG neutron_lib.callbacks.manager [None req-d25a3bcd-7235-4d3a-9656-6df42773f5c9 None None] Subscribe: > process before_spawn 55550000, False {{(pid=103660) subscribe /opt/stack/data/venv/lib/python3.12/site-packages/neutron_lib/callbacks/manager.py:52}}
Jun 20 01:11:00.314239 np0000182335 devstack@neutron-api.service[103662]: DEBUG neutron.api.extensions [None req-a951272b-6d78-45c8-9411-5f4afca84fcf None None] Loading extension file: address_group.py {{(pid=103662) _load_all_extensions_from_path /opt/stack/neutron/neutron/api/extensions.py:449}}
Jun 20 01:11:00.314332 np0000182335 devstack@neutron-api.service[103660]: DEBUG neutron_lib.callbacks.manager [None req-d25a3bcd-7235-4d3a-9656-6df42773f5c9 None None] Subscribe: > process after_init 55550000, True {{(pid=103660) subscribe /opt/stack/data/venv/lib/python3.12/site-packages/neutron_lib/callbacks/manager.py:52}}
Jun 20 01:11:00.314445 np0000182335 devstack@neutron-api.service[103660]: DEBUG neutron_lib.callbacks.manager [None req-d25a3bcd-7235-4d3a-9656-6df42773f5c9 None None] Subscribe: > segment after_create 55550000, False {{(pid=103660) subscribe /opt/stack/data/venv/lib/python3.12/site-packages/neutron_lib/callbacks/manager.py:52}}
Jun 20 01:11:00.314562 np0000182335 devstack@neutron-api.service[103660]: DEBUG neutron_lib.callbacks.manager [None req-d25a3bcd-7235-4d3a-9656-6df42773f5c9 None None] Subscribe: > segment after_create 55550000, False {{(pid=103660) subscribe /opt/stack/data/venv/lib/python3.12/site-packages/neutron_lib/callbacks/manager.py:52}}
Jun 20 01:11:00.314604 np0000182335 devstack@neutron-api.service[103662]: DEBUG neutron.api.extensions [None req-a951272b-6d78-45c8-9411-5f4afca84fcf None None] Ext name="Address group" alias="address-group" description="Support address group" updated="2020-07-15T10:00:00-00:00" {{(pid=103662) _check_extension /opt/stack/neutron/neutron/api/extensions.py:415}}
Jun 20 01:11:00.314663 np0000182335 devstack@neutron-api.service[103660]: DEBUG neutron_lib.callbacks.manager [None req-d25a3bcd-7235-4d3a-9656-6df42773f5c9 None None] Subscribe: > segment after_delete 55550000, False {{(pid=103660) subscribe /opt/stack/data/venv/lib/python3.12/site-packages/neutron_lib/callbacks/manager.py:52}}
Jun 20 01:11:00.314783 np0000182335 devstack@neutron-api.service[103660]: DEBUG neutron_lib.callbacks.manager [None req-d25a3bcd-7235-4d3a-9656-6df42773f5c9 None None] Subscribe: > allowed_address_pair before_create 55550000, False {{(pid=103660) subscribe /opt/stack/data/venv/lib/python3.12/site-packages/neutron_lib/callbacks/manager.py:52}}
Jun 20 01:11:00.314856 np0000182335 devstack@neutron-api.service[103662]: INFO neutron.api.extensions [None req-a951272b-6d78-45c8-9411-5f4afca84fcf None None] Loaded extension: address-group
Jun 20 01:11:00.314901 np0000182335 devstack@neutron-api.service[103660]: DEBUG neutron_lib.callbacks.manager [None req-d25a3bcd-7235-4d3a-9656-6df42773f5c9 None None] Subscribe: > security_group precommit_create 55550000, False {{(pid=103660) subscribe /opt/stack/data/venv/lib/python3.12/site-packages/neutron_lib/callbacks/manager.py:52}}
Jun 20 01:11:00.314974 np0000182335 devstack@neutron-api.service[103662]: DEBUG neutron.api.extensions [None req-a951272b-6d78-45c8-9411-5f4afca84fcf None None] Loading extension file: address_scope.py {{(pid=103662) _load_all_extensions_from_path /opt/stack/neutron/neutron/api/extensions.py:449}}
Jun 20 01:11:00.315018 np0000182335 devstack@neutron-api.service[103660]: DEBUG neutron_lib.callbacks.manager [None req-d25a3bcd-7235-4d3a-9656-6df42773f5c9 None None] Subscribe: > security_group after_update 55550000, False {{(pid=103660) subscribe /opt/stack/data/venv/lib/python3.12/site-packages/neutron_lib/callbacks/manager.py:52}}
Jun 20 01:11:00.315081 np0000182335 devstack@neutron-api.service[103660]: DEBUG neutron_lib.callbacks.manager [None req-d25a3bcd-7235-4d3a-9656-6df42773f5c9 None None] Subscribe: > security_group after_create 55550000, False {{(pid=103660) subscribe /opt/stack/data/venv/lib/python3.12/site-packages/neutron_lib/callbacks/manager.py:52}}
Jun 20 01:11:00.315231 np0000182335 devstack@neutron-api.service[103660]: DEBUG neutron_lib.callbacks.manager [None req-d25a3bcd-7235-4d3a-9656-6df42773f5c9 None None] Subscribe: > security_group precommit_delete 55550000, False {{(pid=103660) subscribe /opt/stack/data/venv/lib/python3.12/site-packages/neutron_lib/callbacks/manager.py:52}}
Jun 20 01:11:00.315365 np0000182335 devstack@neutron-api.service[103662]: DEBUG neutron.api.extensions [None req-a951272b-6d78-45c8-9411-5f4afca84fcf None None] Ext name="Address scope" alias="address-scope" description="Address scopes extension." updated="2015-07-26T10:00:00-00:00" {{(pid=103662) _check_extension /opt/stack/neutron/neutron/api/extensions.py:415}}
Jun 20 01:11:00.315407 np0000182335 devstack@neutron-api.service[103660]: DEBUG neutron_lib.callbacks.manager [None req-d25a3bcd-7235-4d3a-9656-6df42773f5c9 None None] Subscribe: > security_group after_delete 55550000, False {{(pid=103660) subscribe /opt/stack/data/venv/lib/python3.12/site-packages/neutron_lib/callbacks/manager.py:52}}
Jun 20 01:11:00.315407 np0000182335 devstack@neutron-api.service[103660]: DEBUG neutron_lib.callbacks.manager [None req-d25a3bcd-7235-4d3a-9656-6df42773f5c9 None None] Subscribe: > security_group_rule precommit_create 55550000, False {{(pid=103660) subscribe /opt/stack/data/venv/lib/python3.12/site-packages/neutron_lib/callbacks/manager.py:52}}
Jun 20 01:11:00.315471 np0000182335 devstack@neutron-api.service[103662]: INFO neutron.api.extensions [None req-a951272b-6d78-45c8-9411-5f4afca84fcf None None] Loaded extension: address-scope
Jun 20 01:11:00.315503 np0000182335 devstack@neutron-api.service[103660]: DEBUG neutron_lib.callbacks.manager [None req-d25a3bcd-7235-4d3a-9656-6df42773f5c9 None None] Subscribe: > security_group_rule after_create 55550000, False {{(pid=103660) subscribe /opt/stack/data/venv/lib/python3.12/site-packages/neutron_lib/callbacks/manager.py:52}}
Jun 20 01:11:00.315559 np0000182335 devstack@neutron-api.service[103662]: DEBUG neutron.api.extensions [None req-a951272b-6d78-45c8-9411-5f4afca84fcf None None] Loading extension file: admin_state_down_before_update.py {{(pid=103662) _load_all_extensions_from_path /opt/stack/neutron/neutron/api/extensions.py:449}}
Jun 20 01:11:00.315601 np0000182335 devstack@neutron-api.service[103660]: DEBUG neutron_lib.callbacks.manager [None req-d25a3bcd-7235-4d3a-9656-6df42773f5c9 None None] Subscribe: > security_group_rule before_delete 55550000, False {{(pid=103660) subscribe /opt/stack/data/venv/lib/python3.12/site-packages/neutron_lib/callbacks/manager.py:52}}
Jun 20 01:11:00.315698 np0000182335 devstack@neutron-api.service[103660]: DEBUG neutron_lib.callbacks.manager [None req-d25a3bcd-7235-4d3a-9656-6df42773f5c9 None None] Subscribe: > address_group after_create 55550000, False {{(pid=103660) subscribe /opt/stack/data/venv/lib/python3.12/site-packages/neutron_lib/callbacks/manager.py:52}}
Jun 20 01:11:00.315800 np0000182335 devstack@neutron-api.service[103662]: DEBUG neutron.api.extensions [None req-a951272b-6d78-45c8-9411-5f4afca84fcf None None] Ext name="Enforce Router's Admin State Down Before Update Extension" alias="router-admin-state-down-before-update" description="Ensure that the admin state of a router is DOWN (admin_state_up=False) before updating the distributed attribute" updated="2019-07-02T15:56:00" {{(pid=103662) _check_extension /opt/stack/neutron/neutron/api/extensions.py:415}}
Jun 20 01:11:00.315848 np0000182335 devstack@neutron-api.service[103660]: DEBUG neutron_lib.callbacks.manager [None req-d25a3bcd-7235-4d3a-9656-6df42773f5c9 None None] Subscribe: > address_group after_update 55550000, False {{(pid=103660) subscribe /opt/stack/data/venv/lib/python3.12/site-packages/neutron_lib/callbacks/manager.py:52}}
Jun 20 01:11:00.315889 np0000182335 devstack@neutron-api.service[103660]: DEBUG neutron_lib.callbacks.manager [None req-d25a3bcd-7235-4d3a-9656-6df42773f5c9 None None] Subscribe: > address_group after_delete 55550000, False {{(pid=103660) subscribe /opt/stack/data/venv/lib/python3.12/site-packages/neutron_lib/callbacks/manager.py:52}}
Jun 20 01:11:00.315969 np0000182335 devstack@neutron-api.service[103662]: INFO neutron.api.extensions [None req-a951272b-6d78-45c8-9411-5f4afca84fcf None None] Extension router-admin-state-down-before-update not supported by any of loaded plugins
Jun 20 01:11:00.316068 np0000182335 devstack@neutron-api.service[103662]: DEBUG neutron.api.extensions [None req-a951272b-6d78-45c8-9411-5f4afca84fcf None None] Loading extension file: agent.py {{(pid=103662) _load_all_extensions_from_path /opt/stack/neutron/neutron/api/extensions.py:449}}
Jun 20 01:11:00.316114 np0000182335 devstack@neutron-api.service[103660]: DEBUG neutron_lib.callbacks.manager [None req-d25a3bcd-7235-4d3a-9656-6df42773f5c9 None None] Subscribe: > qos_plugin after_init 55550000, False {{(pid=103660) subscribe /opt/stack/data/venv/lib/python3.12/site-packages/neutron_lib/callbacks/manager.py:52}}
Jun 20 01:11:00.316334 np0000182335 devstack@neutron-api.service[103660]: DEBUG neutron_lib.callbacks.manager [None req-d25a3bcd-7235-4d3a-9656-6df42773f5c9 None None] Subscribe: > trunk_plugin after_init 55550000, False {{(pid=103660) subscribe /opt/stack/data/venv/lib/python3.12/site-packages/neutron_lib/callbacks/manager.py:52}}
Jun 20 01:11:00.316428 np0000182335 devstack@neutron-api.service[103662]: DEBUG neutron.api.extensions [None req-a951272b-6d78-45c8-9411-5f4afca84fcf None None] Ext name="agent" alias="agent" description="The agent management extension." updated="2013-02-03T10:00:00-00:00" {{(pid=103662) _check_extension /opt/stack/neutron/neutron/api/extensions.py:415}}
Jun 20 01:11:00.316549 np0000182335 devstack@neutron-api.service[103660]: DEBUG neutron_lib.callbacks.manager [None req-d25a3bcd-7235-4d3a-9656-6df42773f5c9 None None] Subscribe: > logging-plugin after_init 55550000, False {{(pid=103660) subscribe /opt/stack/data/venv/lib/python3.12/site-packages/neutron_lib/callbacks/manager.py:52}}
Jun 20 01:11:00.316588 np0000182335 devstack@neutron-api.service[103662]: INFO neutron.api.extensions [None req-a951272b-6d78-45c8-9411-5f4afca84fcf None None] Loaded extension: agent
Jun 20 01:11:00.316675 np0000182335 devstack@neutron-api.service[103662]: DEBUG neutron.api.extensions [None req-a951272b-6d78-45c8-9411-5f4afca84fcf None None] Loading extension file: agent_resources_synced.py {{(pid=103662) _load_all_extensions_from_path /opt/stack/neutron/neutron/api/extensions.py:449}}
Jun 20 01:11:00.316890 np0000182335 devstack@neutron-api.service[103662]: DEBUG neutron.api.extensions [None req-a951272b-6d78-45c8-9411-5f4afca84fcf None None] Ext name="Agent's Resource View Synced to Placement" alias="agent-resources-synced" description="Stores success/failure of last sync to Placement" updated="2018-12-19T00:00:00-00:00" {{(pid=103662) _check_extension /opt/stack/neutron/neutron/api/extensions.py:415}}
Jun 20 01:11:00.316941 np0000182335 devstack@neutron-api.service[103660]: INFO neutron.services.logapi.drivers.ovn.driver [None req-d25a3bcd-7235-4d3a-9656-6df42773f5c9 None None] OVN logging driver registered
Jun 20 01:11:00.317060 np0000182335 devstack@neutron-api.service[103660]: DEBUG neutron_lib.callbacks.manager [None req-d25a3bcd-7235-4d3a-9656-6df42773f5c9 None None] Subscribe: ._register_pvlan_driver at 0x7462411bdf80> pvlan_plugin before_spawn 55550000, False {{(pid=103660) subscribe /opt/stack/data/venv/lib/python3.12/site-packages/neutron_lib/callbacks/manager.py:52}}
Jun 20 01:11:00.317099 np0000182335 devstack@neutron-api.service[103662]: INFO neutron.api.extensions [None req-a951272b-6d78-45c8-9411-5f4afca84fcf None None] Extension agent-resources-synced not supported by any of loaded plugins
Jun 20 01:11:00.317230 np0000182335 devstack@neutron-api.service[103660]: DEBUG neutron_lib.callbacks.manager [None req-d25a3bcd-7235-4d3a-9656-6df42773f5c9 None None] Subscribe: process after_init 55550000, False {{(pid=103660) subscribe /opt/stack/data/venv/lib/python3.12/site-packages/neutron_lib/callbacks/manager.py:52}}
Jun 20 01:11:00.317344 np0000182335 devstack@neutron-api.service[103662]: DEBUG neutron.api.extensions [None req-a951272b-6d78-45c8-9411-5f4afca84fcf None None] Loading extension file: agent_sort_key.py {{(pid=103662) _load_all_extensions_from_path /opt/stack/neutron/neutron/api/extensions.py:449}}
Jun 20 01:11:00.317438 np0000182335 devstack@neutron-api.service[103662]: DEBUG neutron.api.extensions [None req-a951272b-6d78-45c8-9411-5f4afca84fcf None None] Ext name="Agents Sort Key" alias="agent_sort_key" description="Enabling the keyword sort_key for sorting in agents." updated="2013-02-03T10:00:00-00:00" {{(pid=103662) _check_extension /opt/stack/neutron/neutron/api/extensions.py:415}}
Jun 20 01:11:00.317641 np0000182335 devstack@neutron-api.service[103662]: INFO neutron.api.extensions [None req-a951272b-6d78-45c8-9411-5f4afca84fcf None None] Extension agent_sort_key not supported by any of loaded plugins
Jun 20 01:11:00.317732 np0000182335 devstack@neutron-api.service[103662]: DEBUG neutron.api.extensions [None req-a951272b-6d78-45c8-9411-5f4afca84fcf None None] Loading extension file: allowedaddresspairs.py {{(pid=103662) _load_all_extensions_from_path /opt/stack/neutron/neutron/api/extensions.py:449}}
Jun 20 01:11:00.318472 np0000182335 devstack@neutron-api.service[103662]: DEBUG neutron.api.extensions [None req-a951272b-6d78-45c8-9411-5f4afca84fcf None None] Ext name="Allowed Address Pairs" alias="allowed-address-pairs" description="Provides allowed address pairs" updated="2013-07-23T10:00:00-00:00" {{(pid=103662) _check_extension /opt/stack/neutron/neutron/api/extensions.py:415}}
Jun 20 01:11:00.318647 np0000182335 devstack@neutron-api.service[103662]: INFO neutron.api.extensions [None req-a951272b-6d78-45c8-9411-5f4afca84fcf None None] Loaded extension: allowed-address-pairs
Jun 20 01:11:00.318693 np0000182335 devstack@neutron-api.service[103660]: DEBUG neutron.plugins.ml2.plugin [None req-d25a3bcd-7235-4d3a-9656-6df42773f5c9 None None] neutron.plugins.ml2.plugin.Ml2Plugin method _start_rpc_notifiers called with arguments () {} {{(pid=103660) wrapper /opt/stack/data/venv/lib/python3.12/site-packages/oslo_log/helpers.py:77}}
Jun 20 01:11:00.318770 np0000182335 devstack@neutron-api.service[103662]: DEBUG neutron.api.extensions [None req-a951272b-6d78-45c8-9411-5f4afca84fcf None None] Loading extension file: auto_allocated_topology.py {{(pid=103662) _load_all_extensions_from_path /opt/stack/neutron/neutron/api/extensions.py:449}}
Jun 20 01:11:00.318967 np0000182335 devstack@neutron-api.service[103660]: DEBUG neutron_lib.callbacks.manager [None req-d25a3bcd-7235-4d3a-9656-6df42773f5c9 None None] Subscribe: > port after_create 55550000, False {{(pid=103660) subscribe /opt/stack/data/venv/lib/python3.12/site-packages/neutron_lib/callbacks/manager.py:52}}
Jun 20 01:11:00.319008 np0000182335 devstack@neutron-api.service[103662]: DEBUG neutron.api.extensions [None req-a951272b-6d78-45c8-9411-5f4afca84fcf None None] Ext name="Auto Allocated Topology Services" alias="auto-allocated-topology" description="Auto Allocated Topology Services." updated="2016-01-01T00:00:00-00:00" {{(pid=103662) _check_extension /opt/stack/neutron/neutron/api/extensions.py:415}}
Jun 20 01:11:00.319132 np0000182335 devstack@neutron-api.service[103660]: DEBUG neutron_lib.callbacks.manager [None req-d25a3bcd-7235-4d3a-9656-6df42773f5c9 None None] Subscribe: > port after_update 55550000, False {{(pid=103660) subscribe /opt/stack/data/venv/lib/python3.12/site-packages/neutron_lib/callbacks/manager.py:52}}
Jun 20 01:11:00.319191 np0000182335 devstack@neutron-api.service[103662]: INFO neutron.api.extensions [None req-a951272b-6d78-45c8-9411-5f4afca84fcf None None] Loaded extension: auto-allocated-topology
Jun 20 01:11:00.319304 np0000182335 devstack@neutron-api.service[103660]: DEBUG neutron_lib.callbacks.manager [None req-d25a3bcd-7235-4d3a-9656-6df42773f5c9 None None] Subscribe: > port after_delete 55550000, False {{(pid=103660) subscribe /opt/stack/data/venv/lib/python3.12/site-packages/neutron_lib/callbacks/manager.py:52}}
Jun 20 01:11:00.319354 np0000182335 devstack@neutron-api.service[103662]: DEBUG neutron.api.extensions [None req-a951272b-6d78-45c8-9411-5f4afca84fcf None None] Loading extension file: availability_zone.py {{(pid=103662) _load_all_extensions_from_path /opt/stack/neutron/neutron/api/extensions.py:449}}
Jun 20 01:11:00.319461 np0000182335 devstack@neutron-api.service[103660]: DEBUG neutron_lib.callbacks.manager [None req-d25a3bcd-7235-4d3a-9656-6df42773f5c9 None None] Subscribe: > subnet after_create 55550000, False {{(pid=103660) subscribe /opt/stack/data/venv/lib/python3.12/site-packages/neutron_lib/callbacks/manager.py:52}}
Jun 20 01:11:00.319584 np0000182335 devstack@neutron-api.service[103660]: DEBUG neutron_lib.callbacks.manager [None req-d25a3bcd-7235-4d3a-9656-6df42773f5c9 None None] Subscribe: > subnet after_update 55550000, False {{(pid=103660) subscribe /opt/stack/data/venv/lib/python3.12/site-packages/neutron_lib/callbacks/manager.py:52}}
Jun 20 01:11:00.319643 np0000182335 devstack@neutron-api.service[103660]: DEBUG neutron_lib.callbacks.manager [None req-d25a3bcd-7235-4d3a-9656-6df42773f5c9 None None] Subscribe: > subnet after_delete 55550000, False {{(pid=103660) subscribe /opt/stack/data/venv/lib/python3.12/site-packages/neutron_lib/callbacks/manager.py:52}}
Jun 20 01:11:00.319690 np0000182335 devstack@neutron-api.service[103662]: DEBUG neutron.api.extensions [None req-a951272b-6d78-45c8-9411-5f4afca84fcf None None] Ext name="Availability Zone" alias="availability_zone" description="The availability zone extension." updated="2015-01-01T10:00:00-00:00" {{(pid=103662) _check_extension /opt/stack/neutron/neutron/api/extensions.py:415}}
Jun 20 01:11:00.319848 np0000182335 devstack@neutron-api.service[103660]: DEBUG neutron_lib.callbacks.manager [None req-d25a3bcd-7235-4d3a-9656-6df42773f5c9 None None] Subscribe: > network after_create 55550000, False {{(pid=103660) subscribe /opt/stack/data/venv/lib/python3.12/site-packages/neutron_lib/callbacks/manager.py:52}}
Jun 20 01:11:00.319848 np0000182335 devstack@neutron-api.service[103660]: DEBUG neutron_lib.callbacks.manager [None req-d25a3bcd-7235-4d3a-9656-6df42773f5c9 None None] Subscribe: > network after_update 55550000, False {{(pid=103660) subscribe /opt/stack/data/venv/lib/python3.12/site-packages/neutron_lib/callbacks/manager.py:52}}
Jun 20 01:11:00.319919 np0000182335 devstack@neutron-api.service[103662]: INFO neutron.api.extensions [None req-a951272b-6d78-45c8-9411-5f4afca84fcf None None] Loaded extension: availability_zone
Jun 20 01:11:00.320038 np0000182335 devstack@neutron-api.service[103660]: DEBUG neutron_lib.callbacks.manager [None req-d25a3bcd-7235-4d3a-9656-6df42773f5c9 None None] Subscribe: > network after_delete 55550000, False {{(pid=103660) subscribe /opt/stack/data/venv/lib/python3.12/site-packages/neutron_lib/callbacks/manager.py:52}}
Jun 20 01:11:00.320076 np0000182335 devstack@neutron-api.service[103662]: DEBUG neutron.api.extensions [None req-a951272b-6d78-45c8-9411-5f4afca84fcf None None] Loading extension file: availability_zone_filter.py {{(pid=103662) _load_all_extensions_from_path /opt/stack/neutron/neutron/api/extensions.py:449}}
Jun 20 01:11:00.320152 np0000182335 devstack@neutron-api.service[103660]: DEBUG neutron_lib.callbacks.manager [None req-d25a3bcd-7235-4d3a-9656-6df42773f5c9 None None] Subscribe: > security_group after_create 55550000, False {{(pid=103660) subscribe /opt/stack/data/venv/lib/python3.12/site-packages/neutron_lib/callbacks/manager.py:52}}
Jun 20 01:11:00.320152 np0000182335 devstack@neutron-api.service[103660]: DEBUG neutron_lib.callbacks.manager [None req-d25a3bcd-7235-4d3a-9656-6df42773f5c9 None None] Subscribe: > security_group after_update 55550000, False {{(pid=103660) subscribe /opt/stack/data/venv/lib/python3.12/site-packages/neutron_lib/callbacks/manager.py:52}}
Jun 20 01:11:00.320325 np0000182335 devstack@neutron-api.service[103662]: DEBUG neutron.api.extensions [None req-a951272b-6d78-45c8-9411-5f4afca84fcf None None] Ext name="Availability Zone Filter Extension" alias="availability_zone_filter" description="Add filter parameters to AvailabilityZone resource" updated="2018-06-22T10:00:00-00:00" {{(pid=103662) _check_extension /opt/stack/neutron/neutron/api/extensions.py:415}}
Jun 20 01:11:00.320366 np0000182335 devstack@neutron-api.service[103660]: DEBUG neutron_lib.callbacks.manager [None req-d25a3bcd-7235-4d3a-9656-6df42773f5c9 None None] Subscribe: > security_group after_delete 55550000, False {{(pid=103660) subscribe /opt/stack/data/venv/lib/python3.12/site-packages/neutron_lib/callbacks/manager.py:52}}
Jun 20 01:11:00.320366 np0000182335 devstack@neutron-api.service[103660]: DEBUG neutron_lib.callbacks.manager [None req-d25a3bcd-7235-4d3a-9656-6df42773f5c9 None None] Subscribe: > security_group_rule after_create 55550000, False {{(pid=103660) subscribe /opt/stack/data/venv/lib/python3.12/site-packages/neutron_lib/callbacks/manager.py:52}}
Jun 20 01:11:00.320511 np0000182335 devstack@neutron-api.service[103662]: INFO neutron.api.extensions [None req-a951272b-6d78-45c8-9411-5f4afca84fcf None None] Extension availability_zone_filter not supported by any of loaded plugins
Jun 20 01:11:00.320587 np0000182335 devstack@neutron-api.service[103660]: DEBUG neutron_lib.callbacks.manager [None req-d25a3bcd-7235-4d3a-9656-6df42773f5c9 None None] Subscribe: > security_group_rule after_update 55550000, False {{(pid=103660) subscribe /opt/stack/data/venv/lib/python3.12/site-packages/neutron_lib/callbacks/manager.py:52}}
Jun 20 01:11:00.320663 np0000182335 devstack@neutron-api.service[103662]: DEBUG neutron.api.extensions [None req-a951272b-6d78-45c8-9411-5f4afca84fcf None None] Loading extension file: data_plane_status.py {{(pid=103662) _load_all_extensions_from_path /opt/stack/neutron/neutron/api/extensions.py:449}}
Jun 20 01:11:00.320739 np0000182335 devstack@neutron-api.service[103660]: DEBUG neutron_lib.callbacks.manager [None req-d25a3bcd-7235-4d3a-9656-6df42773f5c9 None None] Subscribe: > security_group_rule after_delete 55550000, False {{(pid=103660) subscribe /opt/stack/data/venv/lib/python3.12/site-packages/neutron_lib/callbacks/manager.py:52}}
Jun 20 01:11:00.320739 np0000182335 devstack@neutron-api.service[103660]: DEBUG neutron_lib.callbacks.manager [None req-d25a3bcd-7235-4d3a-9656-6df42773f5c9 None None] Subscribe: > address_group after_create 55550000, False {{(pid=103660) subscribe /opt/stack/data/venv/lib/python3.12/site-packages/neutron_lib/callbacks/manager.py:52}}
Jun 20 01:11:00.320739 np0000182335 devstack@neutron-api.service[103660]: DEBUG neutron_lib.callbacks.manager [None req-d25a3bcd-7235-4d3a-9656-6df42773f5c9 None None] Subscribe: > address_group after_update 55550000, False {{(pid=103660) subscribe /opt/stack/data/venv/lib/python3.12/site-packages/neutron_lib/callbacks/manager.py:52}}
Jun 20 01:11:00.320930 np0000182335 devstack@neutron-api.service[103662]: DEBUG neutron.api.extensions [None req-a951272b-6d78-45c8-9411-5f4afca84fcf None None] Ext name="Port data plane status extension" alias="data-plane-status" description="Expose status of underlying data plane" updated="2017-01-24T10:00:00-00:00" {{(pid=103662) _check_extension /opt/stack/neutron/neutron/api/extensions.py:415}}
Jun 20 01:11:00.321037 np0000182335 devstack@neutron-api.service[103660]: DEBUG neutron_lib.callbacks.manager [None req-d25a3bcd-7235-4d3a-9656-6df42773f5c9 None None] Subscribe: > address_group after_delete 55550000, False {{(pid=103660) subscribe /opt/stack/data/venv/lib/python3.12/site-packages/neutron_lib/callbacks/manager.py:52}}
Jun 20 01:11:00.321037 np0000182335 devstack@neutron-api.service[103660]: DEBUG neutron.plugins.ml2.ovo_rpc [None req-d25a3bcd-7235-4d3a-9656-6df42773f5c9 None None] ML2 OVO RPC backend initialized. {{(pid=103660) __init__ /opt/stack/neutron/neutron/plugins/ml2/ovo_rpc.py:117}}
Jun 20 01:11:00.321213 np0000182335 devstack@neutron-api.service[103662]: INFO neutron.api.extensions [None req-a951272b-6d78-45c8-9411-5f4afca84fcf None None] Extension data-plane-status not supported by any of loaded plugins
Jun 20 01:11:00.321213 np0000182335 devstack@neutron-api.service[103662]: DEBUG neutron.api.extensions [None req-a951272b-6d78-45c8-9411-5f4afca84fcf None None] Loading extension file: default_subnetpools.py {{(pid=103662) _load_all_extensions_from_path /opt/stack/neutron/neutron/api/extensions.py:449}}
Jun 20 01:11:00.321398 np0000182335 devstack@neutron-api.service[103662]: DEBUG neutron.api.extensions [None req-a951272b-6d78-45c8-9411-5f4afca84fcf None None] Ext name="Default Subnetpools" alias="default-subnetpools" description="Provides ability to mark and use a subnetpool as the default." updated="2016-02-18T18:00:00-00:00" {{(pid=103662) _check_extension /opt/stack/neutron/neutron/api/extensions.py:415}}
Jun 20 01:11:00.321737 np0000182335 devstack@neutron-api.service[103662]: INFO neutron.api.extensions [None req-a951272b-6d78-45c8-9411-5f4afca84fcf None None] Loaded extension: default-subnetpools
Jun 20 01:11:00.321737 np0000182335 devstack@neutron-api.service[103662]: DEBUG neutron.api.extensions [None req-a951272b-6d78-45c8-9411-5f4afca84fcf None None] Loading extension file: dhcpagentscheduler.py {{(pid=103662) _load_all_extensions_from_path /opt/stack/neutron/neutron/api/extensions.py:449}}
Jun 20 01:11:00.321924 np0000182335 devstack@neutron-api.service[103660]: INFO neutron.quota [None req-d25a3bcd-7235-4d3a-9656-6df42773f5c9 None None] Loaded quota_driver: .
Jun 20 01:11:00.322005 np0000182335 devstack@neutron-api.service[103660]: INFO neutron.plugins.ml2.plugin [None req-d25a3bcd-7235-4d3a-9656-6df42773f5c9 None None] Modular L2 Plugin initialization complete
Jun 20 01:11:00.322207 np0000182335 devstack@neutron-api.service[103660]: DEBUG neutron.manager [None req-d25a3bcd-7235-4d3a-9656-6df42773f5c9 None None] Loading services supported by the core plugin {{(pid=103660) _load_services_from_core_plugin /opt/stack/neutron/neutron/manager.py:170}}
Jun 20 01:11:00.322246 np0000182335 devstack@neutron-api.service[103662]: DEBUG neutron.api.extensions [None req-a951272b-6d78-45c8-9411-5f4afca84fcf None None] Ext name="DHCP Agent Scheduler" alias="dhcp_agent_scheduler" description="Schedule networks among dhcp agents" updated="2013-02-07T10:00:00-00:00" {{(pid=103662) _check_extension /opt/stack/neutron/neutron/api/extensions.py:415}}
Jun 20 01:11:00.322353 np0000182335 devstack@neutron-api.service[103660]: INFO neutron.plugins.ml2.managers [None req-d25a3bcd-7235-4d3a-9656-6df42773f5c9 None None] Got port-security extension from driver 'port_security'
Jun 20 01:11:00.322447 np0000182335 devstack@neutron-api.service[103662]: INFO neutron.api.extensions [None req-a951272b-6d78-45c8-9411-5f4afca84fcf None None] Loaded extension: dhcp_agent_scheduler
Jun 20 01:11:00.322571 np0000182335 devstack@neutron-api.service[103662]: DEBUG neutron.api.extensions [None req-a951272b-6d78-45c8-9411-5f4afca84fcf None None] Loading extension file: dns.py {{(pid=103662) _load_all_extensions_from_path /opt/stack/neutron/neutron/api/extensions.py:449}}
Jun 20 01:11:00.322698 np0000182335 devstack@neutron-api.service[103660]: DEBUG neutron.manager [None req-d25a3bcd-7235-4d3a-9656-6df42773f5c9 None None] Loading service plugins: ['ovn-router', 'auto_allocate', 'tag', 'timestamp', 'network_ip_availability', 'flavors', 'revisions'] {{(pid=103660) _load_service_plugins /opt/stack/neutron/neutron/manager.py:195}}
Jun 20 01:11:00.322822 np0000182335 devstack@neutron-api.service[103660]: INFO neutron.manager [None req-d25a3bcd-7235-4d3a-9656-6df42773f5c9 None None] Loading Plugin: ovn-router
Jun 20 01:11:00.322849 np0000182335 devstack@neutron-api.service[103662]: DEBUG neutron.api.extensions [None req-a951272b-6d78-45c8-9411-5f4afca84fcf None None] Ext name="DNS Integration" alias="dns-integration" description="Provides integration with DNS." updated="2015-08-15T18:00:00-00:00" {{(pid=103662) _check_extension /opt/stack/neutron/neutron/api/extensions.py:415}}
Jun 20 01:11:00.323058 np0000182335 devstack@neutron-api.service[103662]: INFO neutron.api.extensions [None req-a951272b-6d78-45c8-9411-5f4afca84fcf None None] Loaded extension: dns-integration
Jun 20 01:11:00.323166 np0000182335 devstack@neutron-api.service[103662]: DEBUG neutron.api.extensions [None req-a951272b-6d78-45c8-9411-5f4afca84fcf None None] Loading extension file: dns_domain_ports.py {{(pid=103662) _load_all_extensions_from_path /opt/stack/neutron/neutron/api/extensions.py:449}}
Jun 20 01:11:00.323476 np0000182335 devstack@neutron-api.service[103662]: DEBUG neutron.api.extensions [None req-a951272b-6d78-45c8-9411-5f4afca84fcf None None] Ext name="dns_domain for ports" alias="dns-domain-ports" description="Allows the DNS domain to be specified for a network port." updated="2017-04-24T10:00:00-00:00" {{(pid=103662) _check_extension /opt/stack/neutron/neutron/api/extensions.py:415}}
Jun 20 01:11:00.323724 np0000182335 devstack@neutron-api.service[103662]: INFO neutron.api.extensions [None req-a951272b-6d78-45c8-9411-5f4afca84fcf None None] Loaded extension: dns-domain-ports
Jun 20 01:11:00.323827 np0000182335 devstack@neutron-api.service[103662]: DEBUG neutron.api.extensions [None req-a951272b-6d78-45c8-9411-5f4afca84fcf None None] Loading extension file: dns_integration_domain_keywords.py {{(pid=103662) _load_all_extensions_from_path /opt/stack/neutron/neutron/api/extensions.py:449}}
Jun 20 01:11:00.324127 np0000182335 devstack@neutron-api.service[103662]: DEBUG neutron.api.extensions [None req-a951272b-6d78-45c8-9411-5f4afca84fcf None None] Ext name="DNS domain names with keywords allowed" alias="dns-integration-domain-keywords" description="Allows to use keywords like , , and as DNS domain name" updated="2020-06-15T18:00:00-00:00" {{(pid=103662) _check_extension /opt/stack/neutron/neutron/api/extensions.py:415}}
Jun 20 01:11:00.324364 np0000182335 devstack@neutron-api.service[103662]: INFO neutron.api.extensions [None req-a951272b-6d78-45c8-9411-5f4afca84fcf None None] Loaded extension: dns-integration-domain-keywords
Jun 20 01:11:00.324474 np0000182335 devstack@neutron-api.service[103662]: DEBUG neutron.api.extensions [None req-a951272b-6d78-45c8-9411-5f4afca84fcf None None] Loading extension file: dvr.py {{(pid=103662) _load_all_extensions_from_path /opt/stack/neutron/neutron/api/extensions.py:449}}
Jun 20 01:11:00.324724 np0000182335 devstack@neutron-api.service[103662]: DEBUG neutron.api.extensions [None req-a951272b-6d78-45c8-9411-5f4afca84fcf None None] Ext name="Distributed Virtual Router" alias="dvr" description="Enables configuration of Distributed Virtual Routers." updated="2014-06-1T10:00:00-00:00" {{(pid=103662) _check_extension /opt/stack/neutron/neutron/api/extensions.py:415}}
Jun 20 01:11:00.324888 np0000182335 devstack@neutron-api.service[103662]: INFO neutron.api.extensions [None req-a951272b-6d78-45c8-9411-5f4afca84fcf None None] Extension dvr not supported by any of loaded plugins
Jun 20 01:11:00.324979 np0000182335 devstack@neutron-api.service[103662]: DEBUG neutron.api.extensions [None req-a951272b-6d78-45c8-9411-5f4afca84fcf None None] Loading extension file: ecmp_routes.py {{(pid=103662) _load_all_extensions_from_path /opt/stack/neutron/neutron/api/extensions.py:449}}
Jun 20 01:11:00.325240 np0000182335 devstack@neutron-api.service[103662]: DEBUG neutron.api.extensions [None req-a951272b-6d78-45c8-9411-5f4afca84fcf None None] Ext name="Equal Cost Multipath Routing" alias="ecmp_routes" description="Allows traffic to reach thesame destination via multiple different links " updated="2020-11-26T18:00:00-00:00" {{(pid=103662) _check_extension /opt/stack/neutron/neutron/api/extensions.py:415}}
Jun 20 01:11:00.325418 np0000182335 devstack@neutron-api.service[103662]: INFO neutron.api.extensions [None req-a951272b-6d78-45c8-9411-5f4afca84fcf None None] Extension ecmp_routes not supported by any of loaded plugins
Jun 20 01:11:00.325511 np0000182335 devstack@neutron-api.service[103662]: DEBUG neutron.api.extensions [None req-a951272b-6d78-45c8-9411-5f4afca84fcf None None] Loading extension file: empty_string_filtering.py {{(pid=103662) _load_all_extensions_from_path /opt/stack/neutron/neutron/api/extensions.py:449}}
Jun 20 01:11:00.325760 np0000182335 devstack@neutron-api.service[103662]: DEBUG neutron.api.extensions [None req-a951272b-6d78-45c8-9411-5f4afca84fcf None None] Ext name="Empty String Filtering Extension" alias="empty-string-filtering" description="Allow filtering by attributes with empty string value" updated="2018-05-01T10:00:00-00:00" {{(pid=103662) _check_extension /opt/stack/neutron/neutron/api/extensions.py:415}}
Jun 20 01:11:00.325939 np0000182335 devstack@neutron-api.service[103662]: INFO neutron.api.extensions [None req-a951272b-6d78-45c8-9411-5f4afca84fcf None None] Loaded extension: empty-string-filtering
Jun 20 01:11:00.326061 np0000182335 devstack@neutron-api.service[103662]: DEBUG neutron.api.extensions [None req-a951272b-6d78-45c8-9411-5f4afca84fcf None None] Loading extension file: evpn.py {{(pid=103662) _load_all_extensions_from_path /opt/stack/neutron/neutron/api/extensions.py:449}}
Jun 20 01:11:00.326268 np0000182335 devstack@neutron-api.service[103662]: DEBUG neutron.api.extensions [None req-a951272b-6d78-45c8-9411-5f4afca84fcf None None] Ext name="EVPN" alias="evpn" description="Router extension to support EVPN Type-5 route advertisement" updated="2026-04-28T00:00:00-00:00" {{(pid=103662) _check_extension /opt/stack/neutron/neutron/api/extensions.py:415}}
Jun 20 01:11:00.326442 np0000182335 devstack@neutron-api.service[103662]: INFO neutron.api.extensions [None req-a951272b-6d78-45c8-9411-5f4afca84fcf None None] Extension evpn not supported by any of loaded plugins
Jun 20 01:11:00.326549 np0000182335 devstack@neutron-api.service[103662]: DEBUG neutron.api.extensions [None req-a951272b-6d78-45c8-9411-5f4afca84fcf None None] Loading extension file: expose_l3_conntrack_helper.py {{(pid=103662) _load_all_extensions_from_path /opt/stack/neutron/neutron/api/extensions.py:449}}
Jun 20 01:11:00.326764 np0000182335 devstack@neutron-api.service[103662]: DEBUG neutron.api.extensions [None req-a951272b-6d78-45c8-9411-5f4afca84fcf None None] Ext name="Expose CT target rules for conntrack helper" alias="expose-l3-conntrack-helper" description="Expose allow adding CT target rules for conntrack helper" updated="2019-04-04T10:00:00-00:00" {{(pid=103662) _check_extension /opt/stack/neutron/neutron/api/extensions.py:415}}
Jun 20 01:11:00.326940 np0000182335 devstack@neutron-api.service[103662]: INFO neutron.api.extensions [None req-a951272b-6d78-45c8-9411-5f4afca84fcf None None] Extension expose-l3-conntrack-helper not supported by any of loaded plugins
Jun 20 01:11:00.327057 np0000182335 devstack@neutron-api.service[103661]: INFO neutron.plugins.ml2.drivers.type_vlan [None req-9a196687-9f95-4c1a-90b6-2ddc9ecaff05 None None] VlanTypeDriver initialization complete
Jun 20 01:11:00.327361 np0000182335 devstack@neutron-api.service[103662]: DEBUG neutron.api.extensions [None req-a951272b-6d78-45c8-9411-5f4afca84fcf None None] Loading extension file: expose_port_forwarding_in_fip.py {{(pid=103662) _load_all_extensions_from_path /opt/stack/neutron/neutron/api/extensions.py:449}}
Jun 20 01:11:00.327472 np0000182335 devstack@neutron-api.service[103661]: INFO neutron.plugins.ml2.managers [None req-9a196687-9f95-4c1a-90b6-2ddc9ecaff05 None None] Initializing extension driver 'port_security'
Jun 20 01:11:00.327472 np0000182335 devstack@neutron-api.service[103661]: INFO neutron.plugins.ml2.extensions.port_security [None req-9a196687-9f95-4c1a-90b6-2ddc9ecaff05 None None] PortSecurityExtensionDriver initialization complete
Jun 20 01:11:00.327616 np0000182335 devstack@neutron-api.service[103662]: DEBUG neutron.api.extensions [None req-a951272b-6d78-45c8-9411-5f4afca84fcf None None] Ext name="Expose Floating IP port forwardings" alias="expose-port-forwarding-in-fip" description="Expose port forwarding fields in floating IP response" updated="2018-06-28T16:00:00-00:00" {{(pid=103662) _check_extension /opt/stack/neutron/neutron/api/extensions.py:415}}
Jun 20 01:11:00.327647 np0000182335 devstack@neutron-api.service[103661]: INFO neutron.plugins.ml2.managers [None req-9a196687-9f95-4c1a-90b6-2ddc9ecaff05 None None] Initializing extension driver 'qos'
Jun 20 01:11:00.327703 np0000182335 devstack@neutron-api.service[103662]: INFO neutron.api.extensions [None req-a951272b-6d78-45c8-9411-5f4afca84fcf None None] Extension expose-port-forwarding-in-fip not supported by any of loaded plugins
Jun 20 01:11:00.327748 np0000182335 devstack@neutron-api.service[103661]: DEBUG neutron.plugins.ml2.extensions.qos [None req-9a196687-9f95-4c1a-90b6-2ddc9ecaff05 None None] QosExtensionDriver initialization complete {{(pid=103661) initialize /opt/stack/neutron/neutron/plugins/ml2/extensions/qos.py:31}}
Jun 20 01:11:00.327812 np0000182335 devstack@neutron-api.service[103662]: DEBUG neutron.api.extensions [None req-a951272b-6d78-45c8-9411-5f4afca84fcf None None] Loading extension file: external_net.py {{(pid=103662) _load_all_extensions_from_path /opt/stack/neutron/neutron/api/extensions.py:449}}
Jun 20 01:11:00.327877 np0000182335 devstack@neutron-api.service[103661]: INFO neutron.plugins.ml2.managers [None req-9a196687-9f95-4c1a-90b6-2ddc9ecaff05 None None] Initializing mechanism driver 'ovn'
Jun 20 01:11:00.327877 np0000182335 devstack@neutron-api.service[103661]: INFO neutron.plugins.ml2.drivers.ovn.mech_driver.mech_driver [None req-9a196687-9f95-4c1a-90b6-2ddc9ecaff05 None None] Starting OVNMechanismDriver
Jun 20 01:11:00.327932 np0000182335 devstack@neutron-api.service[103662]: DEBUG neutron.api.extensions [None req-a951272b-6d78-45c8-9411-5f4afca84fcf None None] Ext name="Neutron external network" alias="external-net" description="Adds external network attribute to network resource." updated="2013-01-14T10:00:00-00:00" {{(pid=103662) _check_extension /opt/stack/neutron/neutron/api/extensions.py:415}}
Jun 20 01:11:00.328021 np0000182335 devstack@neutron-api.service[103662]: INFO neutron.api.extensions [None req-a951272b-6d78-45c8-9411-5f4afca84fcf None None] Loaded extension: external-net
Jun 20 01:11:00.328076 np0000182335 devstack@neutron-api.service[103662]: DEBUG neutron.api.extensions [None req-a951272b-6d78-45c8-9411-5f4afca84fcf None None] Loading extension file: extra_dhcp_opt.py {{(pid=103662) _load_all_extensions_from_path /opt/stack/neutron/neutron/api/extensions.py:449}}
Jun 20 01:11:00.328339 np0000182335 devstack@neutron-api.service[103662]: DEBUG neutron.api.extensions [None req-a951272b-6d78-45c8-9411-5f4afca84fcf None None] Ext name="Neutron Extra DHCP options" alias="extra_dhcp_opt" description="Extra options configuration for DHCP. For example PXE boot options to DHCP clients can be specified (e.g. tftp-server, server-ip-address, bootfile-name)" updated="2013-03-17T12:00:00-00:00" {{(pid=103662) _check_extension /opt/stack/neutron/neutron/api/extensions.py:415}}
Jun 20 01:11:00.328488 np0000182335 devstack@neutron-api.service[103662]: INFO neutron.api.extensions [None req-a951272b-6d78-45c8-9411-5f4afca84fcf None None] Loaded extension: extra_dhcp_opt
Jun 20 01:11:00.328609 np0000182335 devstack@neutron-api.service[103662]: DEBUG neutron.api.extensions [None req-a951272b-6d78-45c8-9411-5f4afca84fcf None None] Loading extension file: extraroute.py {{(pid=103662) _load_all_extensions_from_path /opt/stack/neutron/neutron/api/extensions.py:449}}
Jun 20 01:11:00.328809 np0000182335 devstack@neutron-api.service[103662]: DEBUG neutron.api.extensions [None req-a951272b-6d78-45c8-9411-5f4afca84fcf None None] Ext name="Neutron Extra Route" alias="extraroute" description="Extra routes configuration for L3 router" updated="2013-02-01T10:00:00-00:00" {{(pid=103662) _check_extension /opt/stack/neutron/neutron/api/extensions.py:415}}
Jun 20 01:11:00.328982 np0000182335 devstack@neutron-api.service[103662]: INFO neutron.api.extensions [None req-a951272b-6d78-45c8-9411-5f4afca84fcf None None] Loaded extension: extraroute
Jun 20 01:11:00.329075 np0000182335 devstack@neutron-api.service[103662]: DEBUG neutron.api.extensions [None req-a951272b-6d78-45c8-9411-5f4afca84fcf None None] Loading extension file: extraroute_atomic.py {{(pid=103662) _load_all_extensions_from_path /opt/stack/neutron/neutron/api/extensions.py:449}}
