Jun 20 01:11:00.628817 np0000182335 devstack@neutron-api.service[103661]: DEBUG neutron.api.extensions [None req-9a196687-9f95-4c1a-90b6-2ddc9ecaff05 None None] Ext name="Stateful security group" alias="stateful-security-group" description="Indicates if the security group is stateful or not" updated="2019-11-26T09:00:00-00:00" {{(pid=103661) _check_extension /opt/stack/neutron/neutron/api/extensions.py:415}}
Jun 20 01:11:00.628817 np0000182335 devstack@neutron-api.service[103661]: INFO neutron.api.extensions [None req-9a196687-9f95-4c1a-90b6-2ddc9ecaff05 None None] Loaded extension: stateful-security-group
Jun 20 01:11:00.629102 np0000182335 devstack@neutron-api.service[103660]: DEBUG neutron.api.extensions [None req-d25a3bcd-7235-4d3a-9656-6df42773f5c9 None None] Extended resource: tags {{(pid=103660) __init__ /opt/stack/neutron/neutron/api/extensions.py:156}}
Jun 20 01:11:00.629331 np0000182335 devstack@neutron-api.service[103661]: DEBUG neutron.api.extensions [None req-9a196687-9f95-4c1a-90b6-2ddc9ecaff05 None None] Loading extension file: stdattrs_common.py {{(pid=103661) _load_all_extensions_from_path /opt/stack/neutron/neutron/api/extensions.py:449}}
Jun 20 01:11:00.629331 np0000182335 devstack@neutron-api.service[103661]: WARNING neutron.api.extensions [None req-9a196687-9f95-4c1a-90b6-2ddc9ecaff05 None None] Did not find expected name "Stdattrs_common" in /opt/stack/neutron/neutron/extensions/stdattrs_common.py
Jun 20 01:11:00.629331 np0000182335 devstack@neutron-api.service[103661]: DEBUG neutron.api.extensions [None req-9a196687-9f95-4c1a-90b6-2ddc9ecaff05 None None] Loading extension file: subnet_dns_publish_fixed_ip.py {{(pid=103661) _load_all_extensions_from_path /opt/stack/neutron/neutron/api/extensions.py:449}}
Jun 20 01:11:00.629331 np0000182335 devstack@neutron-api.service[103661]: DEBUG neutron.api.extensions [None req-9a196687-9f95-4c1a-90b6-2ddc9ecaff05 None None] Ext name="Subnet DNS publish fixed IP" alias="subnet-dns-publish-fixed-ip" description="Support choosing to publish DNS records for IPs from a subnet" updated="2019-05-24T10:00:00-00:00" {{(pid=103661) _check_extension /opt/stack/neutron/neutron/api/extensions.py:415}}
Jun 20 01:11:00.629331 np0000182335 devstack@neutron-api.service[103661]: INFO neutron.api.extensions [None req-9a196687-9f95-4c1a-90b6-2ddc9ecaff05 None None] Loaded extension: subnet-dns-publish-fixed-ip
Jun 20 01:11:00.629331 np0000182335 devstack@neutron-api.service[103661]: DEBUG neutron.api.extensions [None req-9a196687-9f95-4c1a-90b6-2ddc9ecaff05 None None] Loading extension file: subnet_external_network.py {{(pid=103661) _load_all_extensions_from_path /opt/stack/neutron/neutron/api/extensions.py:449}}
Jun 20 01:11:00.629331 np0000182335 devstack@neutron-api.service[103661]: DEBUG neutron.api.extensions [None req-9a196687-9f95-4c1a-90b6-2ddc9ecaff05 None None] Ext name="Subnet belongs to an external network" alias="subnet-external-network" description="Informs if the subnet belongs to an external network" updated="2024-02-05T18:00:00-00:00" {{(pid=103661) _check_extension /opt/stack/neutron/neutron/api/extensions.py:415}}
Jun 20 01:11:00.630013 np0000182335 devstack@neutron-api.service[103660]: DEBUG neutron.api.extensions [None req-d25a3bcd-7235-4d3a-9656-6df42773f5c9 None None] Extended resource: tags {{(pid=103660) __init__ /opt/stack/neutron/neutron/api/extensions.py:156}}
Jun 20 01:11:00.630166 np0000182335 devstack@neutron-api.service[103661]: INFO neutron.api.extensions [None req-9a196687-9f95-4c1a-90b6-2ddc9ecaff05 None None] Loaded extension: subnet-external-network
Jun 20 01:11:00.630166 np0000182335 devstack@neutron-api.service[103661]: DEBUG neutron.api.extensions [None req-9a196687-9f95-4c1a-90b6-2ddc9ecaff05 None None] Loading extension file: subnet_onboard.py {{(pid=103661) _load_all_extensions_from_path /opt/stack/neutron/neutron/api/extensions.py:449}}
Jun 20 01:11:00.630166 np0000182335 devstack@neutron-api.service[103661]: DEBUG neutron.api.extensions [None req-9a196687-9f95-4c1a-90b6-2ddc9ecaff05 None None] Ext name="Subnet Onboard" alias="subnet_onboard" description="Provides support for onboarding subnets into subnet pools" updated="2018-12-18T09:00:00-00:00" {{(pid=103661) _check_extension /opt/stack/neutron/neutron/api/extensions.py:415}}
Jun 20 01:11:00.630166 np0000182335 devstack@neutron-api.service[103661]: INFO neutron.api.extensions [None req-9a196687-9f95-4c1a-90b6-2ddc9ecaff05 None None] Loaded extension: subnet_onboard
Jun 20 01:11:00.630166 np0000182335 devstack@neutron-api.service[103661]: DEBUG neutron.api.extensions [None req-9a196687-9f95-4c1a-90b6-2ddc9ecaff05 None None] Loading extension file: subnet_segmentid_writable.py {{(pid=103661) _load_all_extensions_from_path /opt/stack/neutron/neutron/api/extensions.py:449}}
Jun 20 01:11:00.630475 np0000182335 devstack@neutron-api.service[103660]: DEBUG neutron.api.extensions [None req-d25a3bcd-7235-4d3a-9656-6df42773f5c9 None None] Extended resource: tags {{(pid=103660) __init__ /opt/stack/neutron/neutron/api/extensions.py:156}}
Jun 20 01:11:00.630601 np0000182335 devstack@neutron-api.service[103661]: DEBUG neutron.api.extensions [None req-9a196687-9f95-4c1a-90b6-2ddc9ecaff05 None None] Ext name="Subnet SegmentID (writable)" alias="subnet-segmentid-writable" description="Provides a writable segment_id attribute for a subnet resource." updated="2018-03-12T00:00:00-00:00" {{(pid=103661) _check_extension /opt/stack/neutron/neutron/api/extensions.py:415}}
Jun 20 01:11:00.630601 np0000182335 devstack@neutron-api.service[103661]: INFO neutron.api.extensions [None req-9a196687-9f95-4c1a-90b6-2ddc9ecaff05 None None] Extension subnet-segmentid-writable not supported by any of loaded plugins
Jun 20 01:11:00.630601 np0000182335 devstack@neutron-api.service[103661]: DEBUG neutron.api.extensions [None req-9a196687-9f95-4c1a-90b6-2ddc9ecaff05 None None] Loading extension file: subnet_service_types.py {{(pid=103661) _load_all_extensions_from_path /opt/stack/neutron/neutron/api/extensions.py:449}}
Jun 20 01:11:00.630601 np0000182335 devstack@neutron-api.service[103661]: DEBUG neutron.api.extensions [None req-9a196687-9f95-4c1a-90b6-2ddc9ecaff05 None None] Ext name="Subnet service types" alias="subnet-service-types" description="Provides ability to set the subnet service_types field" updated="2016-03-15T18:00:00-00:00" {{(pid=103661) _check_extension /opt/stack/neutron/neutron/api/extensions.py:415}}
Jun 20 01:11:00.630601 np0000182335 devstack@neutron-api.service[103661]: INFO neutron.api.extensions [None req-9a196687-9f95-4c1a-90b6-2ddc9ecaff05 None None] Loaded extension: subnet-service-types
Jun 20 01:11:00.630601 np0000182335 devstack@neutron-api.service[103661]: DEBUG neutron.api.extensions [None req-9a196687-9f95-4c1a-90b6-2ddc9ecaff05 None None] Loading extension file: subnetallocation.py {{(pid=103661) _load_all_extensions_from_path /opt/stack/neutron/neutron/api/extensions.py:449}}
Jun 20 01:11:00.630940 np0000182335 devstack@neutron-api.service[103660]: DEBUG neutron.api.extensions [None req-d25a3bcd-7235-4d3a-9656-6df42773f5c9 None None] Extended resource: tags {{(pid=103660) __init__ /opt/stack/neutron/neutron/api/extensions.py:156}}
Jun 20 01:11:00.631065 np0000182335 devstack@neutron-api.service[103661]: DEBUG neutron.api.extensions [None req-9a196687-9f95-4c1a-90b6-2ddc9ecaff05 None None] Ext name="Subnet Allocation" alias="subnet_allocation" description="Enables allocation of subnets from a subnet pool" updated="2015-03-30T10:00:00-00:00" {{(pid=103661) _check_extension /opt/stack/neutron/neutron/api/extensions.py:415}}
Jun 20 01:11:00.631065 np0000182335 devstack@neutron-api.service[103661]: INFO neutron.api.extensions [None req-9a196687-9f95-4c1a-90b6-2ddc9ecaff05 None None] Loaded extension: subnet_allocation
Jun 20 01:11:00.631065 np0000182335 devstack@neutron-api.service[103661]: DEBUG neutron.api.extensions [None req-9a196687-9f95-4c1a-90b6-2ddc9ecaff05 None None] Loading extension file: subnetpool_prefix_ops.py {{(pid=103661) _load_all_extensions_from_path /opt/stack/neutron/neutron/api/extensions.py:449}}
Jun 20 01:11:00.631065 np0000182335 devstack@neutron-api.service[103661]: DEBUG neutron.api.extensions [None req-9a196687-9f95-4c1a-90b6-2ddc9ecaff05 None None] Ext name="Subnet Pool Prefix Operations" alias="subnetpool-prefix-ops" description="Provides support for adjusting the prefix list of subnet pools" updated="2019-02-08T10:00:00-00:00" {{(pid=103661) _check_extension /opt/stack/neutron/neutron/api/extensions.py:415}}
Jun 20 01:11:00.631358 np0000182335 devstack@neutron-api.service[103660]: DEBUG neutron.api.extensions [None req-d25a3bcd-7235-4d3a-9656-6df42773f5c9 None None] Extended resource: tags {{(pid=103660) __init__ /opt/stack/neutron/neutron/api/extensions.py:156}}
Jun 20 01:11:00.631811 np0000182335 devstack@neutron-api.service[103661]: INFO neutron.api.extensions [None req-9a196687-9f95-4c1a-90b6-2ddc9ecaff05 None None] Loaded extension: subnetpool-prefix-ops
Jun 20 01:11:00.631811 np0000182335 devstack@neutron-api.service[103661]: DEBUG neutron.api.extensions [None req-9a196687-9f95-4c1a-90b6-2ddc9ecaff05 None None] Loading extension file: tag_creation.py {{(pid=103661) _load_all_extensions_from_path /opt/stack/neutron/neutron/api/extensions.py:449}}
Jun 20 01:11:00.631811 np0000182335 devstack@neutron-api.service[103661]: DEBUG neutron.api.extensions [None req-9a196687-9f95-4c1a-90b6-2ddc9ecaff05 None None] Ext name="Tag creation extension" alias="tag-creation" description="Allow to create multiple tags for a resource" updated="2024-23-07T10:00:00-00:00" {{(pid=103661) _check_extension /opt/stack/neutron/neutron/api/extensions.py:415}}
Jun 20 01:11:00.631811 np0000182335 devstack@neutron-api.service[103661]: INFO neutron.api.extensions [None req-9a196687-9f95-4c1a-90b6-2ddc9ecaff05 None None] Loaded extension: tag-creation
Jun 20 01:11:00.631811 np0000182335 devstack@neutron-api.service[103661]: DEBUG neutron.api.extensions [None req-9a196687-9f95-4c1a-90b6-2ddc9ecaff05 None None] Loading extension file: tag_ports_during_bulk_creation.py {{(pid=103661) _load_all_extensions_from_path /opt/stack/neutron/neutron/api/extensions.py:449}}
Jun 20 01:11:00.632076 np0000182335 devstack@neutron-api.service[103660]: DEBUG neutron.api.extensions [None req-d25a3bcd-7235-4d3a-9656-6df42773f5c9 None None] Extended resource: tags {{(pid=103660) __init__ /opt/stack/neutron/neutron/api/extensions.py:156}}
Jun 20 01:11:00.632272 np0000182335 devstack@neutron-api.service[103661]: DEBUG neutron.api.extensions [None req-9a196687-9f95-4c1a-90b6-2ddc9ecaff05 None None] Ext name="Tag Ports During Bulk Creation" alias="tag-ports-during-bulk-creation" description="Allow to tag ports during bulk creation" updated="2019-12-29T19:00:00-00:00" {{(pid=103661) _check_extension /opt/stack/neutron/neutron/api/extensions.py:415}}
Jun 20 01:11:00.632272 np0000182335 devstack@neutron-api.service[103661]: INFO neutron.api.extensions [None req-9a196687-9f95-4c1a-90b6-2ddc9ecaff05 None None] Extension tag-ports-during-bulk-creation not supported by any of loaded plugins
Jun 20 01:11:00.632272 np0000182335 devstack@neutron-api.service[103661]: DEBUG neutron.api.extensions [None req-9a196687-9f95-4c1a-90b6-2ddc9ecaff05 None None] Loading extension file: tagging.py {{(pid=103661) _load_all_extensions_from_path /opt/stack/neutron/neutron/api/extensions.py:449}}
Jun 20 01:11:00.632564 np0000182335 devstack@neutron-api.service[103660]: DEBUG neutron.api.extensions [None req-d25a3bcd-7235-4d3a-9656-6df42773f5c9 None None] Extended resource: tags {{(pid=103660) __init__ /opt/stack/neutron/neutron/api/extensions.py:156}}
Jun 20 01:11:00.632769 np0000182335 devstack@neutron-api.service[103661]: DEBUG neutron.api.extensions [None req-9a196687-9f95-4c1a-90b6-2ddc9ecaff05 None None] Ext name="Tag support for resources with standard attribute: port, subnet, subnetpool, network, security_group, router, floatingip, policy, trunk, network_segment_range" alias="standard-attr-tag" description="Enables to set tag on resources with standard attribute." updated="2017-01-01T00:00:00-00:00" {{(pid=103661) _check_extension /opt/stack/neutron/neutron/api/extensions.py:415}}
Jun 20 01:11:00.632769 np0000182335 devstack@neutron-api.service[103661]: INFO neutron.api.extensions [None req-9a196687-9f95-4c1a-90b6-2ddc9ecaff05 None None] Loaded extension: standard-attr-tag
Jun 20 01:11:00.632769 np0000182335 devstack@neutron-api.service[103661]: DEBUG neutron.api.extensions [None req-9a196687-9f95-4c1a-90b6-2ddc9ecaff05 None None] Loading extension file: timestamp.py {{(pid=103661) _load_all_extensions_from_path /opt/stack/neutron/neutron/api/extensions.py:449}}
Jun 20 01:11:00.633527 np0000182335 devstack@neutron-api.service[103660]: DEBUG neutron.api.extensions [None req-d25a3bcd-7235-4d3a-9656-6df42773f5c9 None None] Extended resource: tags {{(pid=103660) __init__ /opt/stack/neutron/neutron/api/extensions.py:156}}
Jun 20 01:11:00.633717 np0000182335 devstack@neutron-api.service[103661]: DEBUG neutron.api.extensions [None req-9a196687-9f95-4c1a-90b6-2ddc9ecaff05 None None] Ext name="Resource timestamps" alias="standard-attr-timestamp" description="Adds created_at and updated_at fields to all Neutron resources that have Neutron standard attributes." updated="2016-09-12T10:00:00-00:00" {{(pid=103661) _check_extension /opt/stack/neutron/neutron/api/extensions.py:415}}
Jun 20 01:11:00.633717 np0000182335 devstack@neutron-api.service[103661]: INFO neutron.api.extensions [None req-9a196687-9f95-4c1a-90b6-2ddc9ecaff05 None None] Loaded extension: standard-attr-timestamp
Jun 20 01:11:00.633717 np0000182335 devstack@neutron-api.service[103661]: DEBUG neutron.api.extensions [None req-9a196687-9f95-4c1a-90b6-2ddc9ecaff05 None None] Loading extension file: trunk.py {{(pid=103661) _load_all_extensions_from_path /opt/stack/neutron/neutron/api/extensions.py:449}}
Jun 20 01:11:00.633717 np0000182335 devstack@neutron-api.service[103661]: DEBUG neutron.api.extensions [None req-9a196687-9f95-4c1a-90b6-2ddc9ecaff05 None None] Ext name="Trunk Extension" alias="trunk" description="Provides support for trunk ports" updated="2016-01-01T10:00:00-00:00" {{(pid=103661) _check_extension /opt/stack/neutron/neutron/api/extensions.py:415}}
Jun 20 01:11:00.633717 np0000182335 devstack@neutron-api.service[103661]: INFO neutron.api.extensions [None req-9a196687-9f95-4c1a-90b6-2ddc9ecaff05 None None] Extension trunk not supported by any of loaded plugins
Jun 20 01:11:00.633717 np0000182335 devstack@neutron-api.service[103661]: DEBUG neutron.api.extensions [None req-9a196687-9f95-4c1a-90b6-2ddc9ecaff05 None None] Loading extension file: trunk_details.py {{(pid=103661) _load_all_extensions_from_path /opt/stack/neutron/neutron/api/extensions.py:449}}
Jun 20 01:11:00.634357 np0000182335 devstack@neutron-api.service[103660]: DEBUG neutron.api.extensions [None req-d25a3bcd-7235-4d3a-9656-6df42773f5c9 None None] Extended resource: tags {{(pid=103660) __init__ /opt/stack/neutron/neutron/api/extensions.py:156}}
Jun 20 01:11:00.634477 np0000182335 devstack@neutron-api.service[103661]: DEBUG neutron.api.extensions [None req-9a196687-9f95-4c1a-90b6-2ddc9ecaff05 None None] Ext name="Trunk port details" alias="trunk-details" description="Expose trunk port details" updated="2016-01-01T10:00:00-00:00" {{(pid=103661) _check_extension /opt/stack/neutron/neutron/api/extensions.py:415}}
Jun 20 01:11:00.634477 np0000182335 devstack@neutron-api.service[103661]: INFO neutron.api.extensions [None req-9a196687-9f95-4c1a-90b6-2ddc9ecaff05 None None] Extension trunk-details not supported by any of loaded plugins
Jun 20 01:11:00.634477 np0000182335 devstack@neutron-api.service[103661]: DEBUG neutron.api.extensions [None req-9a196687-9f95-4c1a-90b6-2ddc9ecaff05 None None] Loading extension file: uplink_status_propagation.py {{(pid=103661) _load_all_extensions_from_path /opt/stack/neutron/neutron/api/extensions.py:449}}
Jun 20 01:11:00.634477 np0000182335 devstack@neutron-api.service[103661]: DEBUG neutron.api.extensions [None req-9a196687-9f95-4c1a-90b6-2ddc9ecaff05 None None] Ext name="Uplink status propagation extension" alias="uplink-status-propagation" description="Provides ability to propagate port uplink status." updated="2018-05-31T18:00:00-00:00" {{(pid=103661) _check_extension /opt/stack/neutron/neutron/api/extensions.py:415}}
Jun 20 01:11:00.634477 np0000182335 devstack@neutron-api.service[103661]: INFO neutron.api.extensions [None req-9a196687-9f95-4c1a-90b6-2ddc9ecaff05 None None] Extension uplink-status-propagation not supported by any of loaded plugins
Jun 20 01:11:00.634477 np0000182335 devstack@neutron-api.service[103661]: DEBUG neutron.api.extensions [None req-9a196687-9f95-4c1a-90b6-2ddc9ecaff05 None None] Loading extension file: uplink_status_propagation_updatable.py {{(pid=103661) _load_all_extensions_from_path /opt/stack/neutron/neutron/api/extensions.py:449}}
Jun 20 01:11:00.634912 np0000182335 devstack@neutron-api.service[103661]: DEBUG neutron.api.extensions [None req-9a196687-9f95-4c1a-90b6-2ddc9ecaff05 None None] Ext name="Uplink status propagation updatable extension" alias="uplink-status-propagation-updatable" description="Provides ability to update the port uplink status." updated="2024-09-03T18:00:00-00:00" {{(pid=103661) _check_extension /opt/stack/neutron/neutron/api/extensions.py:415}}
Jun 20 01:11:00.634912 np0000182335 devstack@neutron-api.service[103661]: INFO neutron.api.extensions [None req-9a196687-9f95-4c1a-90b6-2ddc9ecaff05 None None] Extension uplink-status-propagation-updatable not supported by any of loaded plugins
Jun 20 01:11:00.634912 np0000182335 devstack@neutron-api.service[103661]: DEBUG neutron.api.extensions [None req-9a196687-9f95-4c1a-90b6-2ddc9ecaff05 None None] Loading extension file: vlantransparent.py {{(pid=103661) _load_all_extensions_from_path /opt/stack/neutron/neutron/api/extensions.py:449}}
Jun 20 01:11:00.634912 np0000182335 devstack@neutron-api.service[103661]: DEBUG neutron.api.extensions [None req-9a196687-9f95-4c1a-90b6-2ddc9ecaff05 None None] Ext name="Vlantransparent" alias="vlan-transparent" description="Provides Vlan Transparent Networks" updated="2015-03-23T09:00:00-00:00" {{(pid=103661) _check_extension /opt/stack/neutron/neutron/api/extensions.py:415}}
Jun 20 01:11:00.635105 np0000182335 devstack@neutron-api.service[103661]: INFO neutron.api.extensions [None req-9a196687-9f95-4c1a-90b6-2ddc9ecaff05 None None] Loaded extension: vlan-transparent
Jun 20 01:11:00.636858 np0000182335 devstack@neutron-api.service[103661]: INFO neutron.quota.resource_registry [None req-9a196687-9f95-4c1a-90b6-2ddc9ecaff05 None None] Creating instance of TrackedResource for resource:network
Jun 20 01:11:00.637279 np0000182335 devstack@neutron-api.service[103661]: INFO neutron.quota.resource_registry [None req-9a196687-9f95-4c1a-90b6-2ddc9ecaff05 None None] Creating instance of TrackedResource for resource:subnet
Jun 20 01:11:00.637607 np0000182335 devstack@neutron-api.service[103662]: DEBUG oslo_concurrency.processutils [None req-a951272b-6d78-45c8-9411-5f4afca84fcf None None] CMD "ovsdb-client transact ssl:199.204.45.25:6641 --timeout 180 -p /opt/stack/data/CA/int-ca/private/devstack-cert.key -c /opt/stack/data/CA/int-ca/devstack-cert.crt -C /opt/stack/data/CA/int-ca/ca-chain.pem ["OVN_Northbound", {"op": "wait", "timeout": 0, "table": "Port_Group", "where": [["name", "==", "neutron_pg_drop"]], "until": "==", "rows": []}, {"op": "insert", "table": "ACL", "row": {"action": "drop", "direction": "to-lport", "match": "outport == @neutron_pg_drop && ip", "priority": 1001}, "uuid-name": "droptoport"}, {"op": "insert", "table": "ACL", "row": {"action": "drop", "direction": "from-lport", "match": "inport == @neutron_pg_drop && ip", "priority": 1001}, "uuid-name": "dropfromport"}, {"op": "insert", "table": "Port_Group", "row": {"name": "neutron_pg_drop", "acls": ["set", [["named-uuid", "droptoport"], ["named-uuid", "dropfromport"]]]}}]" returned: 0 in 0.038s {{(pid=103662) execute /opt/stack/data/venv/lib/python3.12/site-packages/oslo_concurrency/processutils.py:468}}
Jun 20 01:11:00.637795 np0000182335 devstack@neutron-api.service[103661]: INFO neutron.quota.resource_registry [None req-9a196687-9f95-4c1a-90b6-2ddc9ecaff05 None None] Creating instance of TrackedResource for resource:subnetpool
Jun 20 01:11:00.637795 np0000182335 devstack@neutron-api.service[103661]: INFO neutron.quota.resource_registry [None req-9a196687-9f95-4c1a-90b6-2ddc9ecaff05 None None] Creating instance of TrackedResource for resource:port
Jun 20 01:11:00.637931 np0000182335 devstack@neutron-api.service[103662]: DEBUG neutron_lib.callbacks.manager [None req-a951272b-6d78-45c8-9411-5f4afca84fcf None None] Publish callbacks ['neutron.plugins.ml2.drivers.ovn.mech_driver.mech_driver.OVNMechanismDriver.post_fork_initialize-198987', 'neutron.services.pvlan.drivers.ovn.driver._initialize_pvlan_pg_drop-7997835465742', 'neutron.services.ovn_l3.plugin.OVNL3RouterPlugin._post_fork_initialize-485555'] for process (None), after_init {{(pid=103662) _notify_loop /opt/stack/data/venv/lib/python3.12/site-packages/neutron_lib/callbacks/manager.py:184}}
Jun 20 01:11:00.638295 np0000182335 devstack@neutron-api.service[103662]: DEBUG oslo_concurrency.lockutils [None req-a951272b-6d78-45c8-9411-5f4afca84fcf None None] Acquiring lock "singleton_lock" {{(pid=103662) lock /opt/stack/data/venv/lib/python3.12/site-packages/oslo_concurrency/lockutils.py:395}}
Jun 20 01:11:00.638424 np0000182335 devstack@neutron-api.service[103662]: DEBUG oslo_concurrency.lockutils [None req-a951272b-6d78-45c8-9411-5f4afca84fcf None None] Acquired lock "singleton_lock" {{(pid=103662) lock /opt/stack/data/venv/lib/python3.12/site-packages/oslo_concurrency/lockutils.py:398}}
Jun 20 01:11:00.638786 np0000182335 devstack@neutron-api.service[103662]: DEBUG oslo_concurrency.lockutils [None req-a951272b-6d78-45c8-9411-5f4afca84fcf None None] Releasing lock "singleton_lock" {{(pid=103662) lock /opt/stack/data/venv/lib/python3.12/site-packages/oslo_concurrency/lockutils.py:418}}
Jun 20 01:11:00.638853 np0000182335 devstack@neutron-api.service[103661]: DEBUG neutron.api.v2.resource_helper [None req-9a196687-9f95-4c1a-90b6-2ddc9ecaff05 None None] Service L3_ROUTER_NAT assigned prefix: {{(pid=103661) build_resource_info /opt/stack/neutron/neutron/api/v2/resource_helper.py:77}}
Jun 20 01:11:00.639360 np0000182335 devstack@neutron-api.service[103661]: DEBUG neutron.api.v2.resource_helper [None req-9a196687-9f95-4c1a-90b6-2ddc9ecaff05 None None] Service FLAVORS assigned prefix: {{(pid=103661) build_resource_info /opt/stack/neutron/neutron/api/v2/resource_helper.py:77}}
Jun 20 01:11:00.640289 np0000182335 devstack@neutron-api.service[103661]: DEBUG neutron.api.v2.resource_helper [None req-9a196687-9f95-4c1a-90b6-2ddc9ecaff05 None None] Service L3_ROUTER_NAT assigned prefix: {{(pid=103661) build_resource_info /opt/stack/neutron/neutron/api/v2/resource_helper.py:77}}
Jun 20 01:11:00.640675 np0000182335 devstack@neutron-api.service[103661]: DEBUG neutron.api.v2.resource_helper [None req-9a196687-9f95-4c1a-90b6-2ddc9ecaff05 None None] Service L3_ROUTER_NAT assigned prefix: {{(pid=103661) build_resource_info /opt/stack/neutron/neutron/api/v2/resource_helper.py:77}}
Jun 20 01:11:00.640795 np0000182335 devstack@neutron-api.service[103661]: INFO neutron.quota.resource_registry [None req-9a196687-9f95-4c1a-90b6-2ddc9ecaff05 None None] Creating instance of TrackedResource for resource:router
Jun 20 01:11:00.641244 np0000182335 devstack@neutron-api.service[103661]: INFO neutron.quota.resource_registry [None req-9a196687-9f95-4c1a-90b6-2ddc9ecaff05 None None] Creating instance of TrackedResource for resource:floatingip
Jun 20 01:11:00.641416 np0000182335 devstack@neutron-api.service[103662]: DEBUG neutron.plugins.ml2.drivers.ovn.mech_driver.mech_driver [None req-a951272b-6d78-45c8-9411-5f4afca84fcf None None] Hash Ring setup using WSGI start time 2026-06-20 01:10:53+00:00 {{(pid=103662) _init_hash_ring /opt/stack/neutron/neutron/plugins/ml2/drivers/ovn/mech_driver/mech_driver.py:404}}
Jun 20 01:11:00.642330 np0000182335 devstack@neutron-api.service[103661]: INFO neutron.quota.resource_registry [None req-9a196687-9f95-4c1a-90b6-2ddc9ecaff05 None None] Creating instance of CountableResource for resource:rbac_policy
Jun 20 01:11:00.643216 np0000182335 devstack@neutron-api.service[103661]: INFO neutron.quota.resource_registry [None req-9a196687-9f95-4c1a-90b6-2ddc9ecaff05 None None] Creating instance of TrackedResource for resource:security_group
Jun 20 01:11:00.643536 np0000182335 devstack@neutron-api.service[103661]: INFO neutron.quota.resource_registry [None req-9a196687-9f95-4c1a-90b6-2ddc9ecaff05 None None] Creating instance of TrackedResource for resource:security_group_rule
Jun 20 01:11:00.644127 np0000182335 devstack@neutron-api.service[103661]: DEBUG neutron.api.v2.resource_helper [None req-9a196687-9f95-4c1a-90b6-2ddc9ecaff05 None None] Service CORE assigned prefix: {{(pid=103661) build_resource_info /opt/stack/neutron/neutron/api/v2/resource_helper.py:77}}
Jun 20 01:11:00.644245 np0000182335 devstack@neutron-api.service[103661]: INFO neutron.quota.resource_registry [None req-9a196687-9f95-4c1a-90b6-2ddc9ecaff05 None None] Creating instance of TrackedResource for resource:subnetpool
Jun 20 01:11:00.644406 np0000182335 devstack@neutron-api.service[103661]: WARNING neutron.quota.resource_registry [None req-9a196687-9f95-4c1a-90b6-2ddc9ecaff05 None None] subnetpool is already registered
Jun 20 01:11:00.644744 np0000182335 devstack@neutron-api.service[103661]: DEBUG neutron.api.v2.resource_helper [None req-9a196687-9f95-4c1a-90b6-2ddc9ecaff05 None None] Service CORE assigned prefix: {{(pid=103661) build_resource_info /opt/stack/neutron/neutron/api/v2/resource_helper.py:77}}
Jun 20 01:11:00.644874 np0000182335 devstack@neutron-api.service[103661]: INFO neutron.quota.resource_registry [None req-9a196687-9f95-4c1a-90b6-2ddc9ecaff05 None None] Creating instance of TrackedResource for resource:subnetpool
Jun 20 01:11:00.645001 np0000182335 devstack@neutron-api.service[103661]: WARNING neutron.quota.resource_registry [None req-9a196687-9f95-4c1a-90b6-2ddc9ecaff05 None None] subnetpool is already registered
Jun 20 01:11:00.647190 np0000182335 devstack@neutron-api.service[103661]: DEBUG neutron.api.v2.resource_helper [None req-9a196687-9f95-4c1a-90b6-2ddc9ecaff05 None None] Service L3_ROUTER_NAT assigned prefix: {{(pid=103661) build_resource_info /opt/stack/neutron/neutron/api/v2/resource_helper.py:77}}
Jun 20 01:11:00.647582 np0000182335 devstack@neutron-api.service[103661]: DEBUG neutron.api.v2.resource_helper [None req-9a196687-9f95-4c1a-90b6-2ddc9ecaff05 None None] Service FLAVORS assigned prefix: {{(pid=103661) build_resource_info /opt/stack/neutron/neutron/api/v2/resource_helper.py:77}}
Jun 20 01:11:00.647723 np0000182335 devstack@neutron-api.service[103660]: DEBUG neutron_lib.callbacks.manager [None req-d25a3bcd-7235-4d3a-9656-6df42773f5c9 None None] Publish callbacks ['neutron.plugins.ml2.drivers.ovn.mech_driver.mech_driver.OVNMechanismDriver.pre_fork_initialize-206224'] for process (None), before_spawn {{(pid=103660) _notify_loop /opt/stack/data/venv/lib/python3.12/site-packages/neutron_lib/callbacks/manager.py:184}}
Jun 20 01:11:00.648087 np0000182335 devstack@neutron-api.service[103660]: DEBUG oslo_concurrency.processutils [None req-d25a3bcd-7235-4d3a-9656-6df42773f5c9 None None] Running cmd (subprocess): ovsdb-client transact ssl:199.204.45.25:6641 --timeout 180 -p /opt/stack/data/CA/int-ca/private/devstack-cert.key -c /opt/stack/data/CA/int-ca/devstack-cert.crt -C /opt/stack/data/CA/int-ca/ca-chain.pem ["OVN_Northbound", {"op": "wait", "timeout": 0, "table": "Port_Group", "where": [["name", "==", "neutron_pg_drop"]], "until": "==", "rows": []}, {"op": "insert", "table": "ACL", "row": {"action": "drop", "direction": "to-lport", "match": "outport == @neutron_pg_drop && ip", "priority": 1001}, "uuid-name": "droptoport"}, {"op": "insert", "table": "ACL", "row": {"action": "drop", "direction": "from-lport", "match": "inport == @neutron_pg_drop && ip", "priority": 1001}, "uuid-name": "dropfromport"}, {"op": "insert", "table": "Port_Group", "row": {"name": "neutron_pg_drop", "acls": ["set", [["named-uuid", "droptoport"], ["named-uuid", "dropfromport"]]]}}] {{(pid=103660) execute /opt/stack/data/venv/lib/python3.12/site-packages/oslo_concurrency/processutils.py:440}}
Jun 20 01:11:00.648464 np0000182335 devstack@neutron-api.service[103662]: INFO neutron.db.ovn_hash_ring_db [None req-a951272b-6d78-45c8-9411-5f4afca84fcf None None] Nodes from host "np0000182335" and group "mechanism_driver" removed from the Hash Ring created at 2026-06-20 01:10:53+00:00
Jun 20 01:11:00.648528 np0000182335 devstack@neutron-api.service[103661]: DEBUG neutron.api.v2.resource_helper [None req-9a196687-9f95-4c1a-90b6-2ddc9ecaff05 None None] Service L3_ROUTER_NAT assigned prefix: {{(pid=103661) build_resource_info /opt/stack/neutron/neutron/api/v2/resource_helper.py:77}}
Jun 20 01:11:00.648921 np0000182335 devstack@neutron-api.service[103661]: DEBUG neutron.api.v2.resource_helper [None req-9a196687-9f95-4c1a-90b6-2ddc9ecaff05 None None] Service L3_ROUTER_NAT assigned prefix: {{(pid=103661) build_resource_info /opt/stack/neutron/neutron/api/v2/resource_helper.py:77}}
Jun 20 01:11:00.649218 np0000182335 devstack@neutron-api.service[103661]: INFO neutron.quota.resource_registry [None req-9a196687-9f95-4c1a-90b6-2ddc9ecaff05 None None] Creating instance of TrackedResource for resource:router
Jun 20 01:11:00.649218 np0000182335 devstack@neutron-api.service[103661]: WARNING neutron.quota.resource_registry [None req-9a196687-9f95-4c1a-90b6-2ddc9ecaff05 None None] router is already registered
Jun 20 01:11:00.649706 np0000182335 devstack@neutron-api.service[103661]: INFO neutron.quota.resource_registry [None req-9a196687-9f95-4c1a-90b6-2ddc9ecaff05 None None] Creating instance of TrackedResource for resource:floatingip
Jun 20 01:11:00.649831 np0000182335 devstack@neutron-api.service[103661]: WARNING neutron.quota.resource_registry [None req-9a196687-9f95-4c1a-90b6-2ddc9ecaff05 None None] floatingip is already registered
Jun 20 01:11:00.650862 np0000182335 devstack@neutron-api.service[103661]: INFO neutron.quota.resource_registry [None req-9a196687-9f95-4c1a-90b6-2ddc9ecaff05 None None] Creating instance of CountableResource for resource:rbac_policy
Jun 20 01:11:00.650978 np0000182335 devstack@neutron-api.service[103661]: WARNING neutron.quota.resource_registry [None req-9a196687-9f95-4c1a-90b6-2ddc9ecaff05 None None] rbac_policy is already registered
Jun 20 01:11:00.651735 np0000182335 devstack@neutron-api.service[103661]: INFO neutron.quota.resource_registry [None req-9a196687-9f95-4c1a-90b6-2ddc9ecaff05 None None] Creating instance of TrackedResource for resource:security_group
Jun 20 01:11:00.651905 np0000182335 devstack@neutron-api.service[103661]: WARNING neutron.quota.resource_registry [None req-9a196687-9f95-4c1a-90b6-2ddc9ecaff05 None None] security_group is already registered
Jun 20 01:11:00.652051 np0000182335 devstack@neutron-api.service[103662]: INFO neutron.db.ovn_hash_ring_db [None req-a951272b-6d78-45c8-9411-5f4afca84fcf None None] Node 66bc820c5a505c3cb2c91ef25edbe116 from host "np0000182335" and group "mechanism_driver" added to the Hash Ring
Jun 20 01:11:00.652300 np0000182335 devstack@neutron-api.service[103661]: INFO neutron.quota.resource_registry [None req-9a196687-9f95-4c1a-90b6-2ddc9ecaff05 None None] Creating instance of TrackedResource for resource:security_group_rule
Jun 20 01:11:00.652489 np0000182335 devstack@neutron-api.service[103661]: WARNING neutron.quota.resource_registry [None req-9a196687-9f95-4c1a-90b6-2ddc9ecaff05 None None] security_group_rule is already registered
Jun 20 01:11:00.653135 np0000182335 devstack@neutron-api.service[103661]: DEBUG neutron.api.v2.resource_helper [None req-9a196687-9f95-4c1a-90b6-2ddc9ecaff05 None None] Service CORE assigned prefix: {{(pid=103661) build_resource_info /opt/stack/neutron/neutron/api/v2/resource_helper.py:77}}
Jun 20 01:11:00.653286 np0000182335 devstack@neutron-api.service[103661]: INFO neutron.quota.resource_registry [None req-9a196687-9f95-4c1a-90b6-2ddc9ecaff05 None None] Creating instance of TrackedResource for resource:subnetpool
Jun 20 01:11:00.653416 np0000182335 devstack@neutron-api.service[103661]: WARNING neutron.quota.resource_registry [None req-9a196687-9f95-4c1a-90b6-2ddc9ecaff05 None None] subnetpool is already registered
Jun 20 01:11:00.653879 np0000182335 devstack@neutron-api.service[103661]: DEBUG neutron.api.v2.resource_helper [None req-9a196687-9f95-4c1a-90b6-2ddc9ecaff05 None None] Service CORE assigned prefix: {{(pid=103661) build_resource_info /opt/stack/neutron/neutron/api/v2/resource_helper.py:77}}
Jun 20 01:11:00.653879 np0000182335 devstack@neutron-api.service[103661]: INFO neutron.quota.resource_registry [None req-9a196687-9f95-4c1a-90b6-2ddc9ecaff05 None None] Creating instance of TrackedResource for resource:subnetpool
Jun 20 01:11:00.654074 np0000182335 devstack@neutron-api.service[103661]: WARNING neutron.quota.resource_registry [None req-9a196687-9f95-4c1a-90b6-2ddc9ecaff05 None None] subnetpool is already registered
Jun 20 01:11:00.654526 np0000182335 devstack@neutron-api.service[103661]: DEBUG neutron.api.extensions [None req-9a196687-9f95-4c1a-90b6-2ddc9ecaff05 None None] Extended resource: extensions {{(pid=103661) __init__ /opt/stack/neutron/neutron/api/extensions.py:156}}
Jun 20 01:11:00.655237 np0000182335 devstack@neutron-api.service[103661]: DEBUG neutron.api.extensions [None req-9a196687-9f95-4c1a-90b6-2ddc9ecaff05 None None] Extended resource: address-groups {{(pid=103661) __init__ /opt/stack/neutron/neutron/api/extensions.py:156}}
Jun 20 01:11:00.656066 np0000182335 devstack@neutron-api.service[103661]: DEBUG neutron.api.extensions [None req-9a196687-9f95-4c1a-90b6-2ddc9ecaff05 None None] Extended resource: address-scopes {{(pid=103661) __init__ /opt/stack/neutron/neutron/api/extensions.py:156}}
Jun 20 01:11:00.656763 np0000182335 devstack@neutron-api.service[103661]: DEBUG neutron.api.extensions [None req-9a196687-9f95-4c1a-90b6-2ddc9ecaff05 None None] Extended resource: agents {{(pid=103661) __init__ /opt/stack/neutron/neutron/api/extensions.py:156}}
Jun 20 01:11:00.656898 np0000182335 devstack@neutron-api.service[103662]: DEBUG neutron.plugins.ml2.drivers.ovn.mech_driver.mech_driver [None req-a951272b-6d78-45c8-9411-5f4afca84fcf None None] Hash Ring setup, this worker has detected 2 OVN hash ring registers in the database {{(pid=103662) _init_hash_ring /opt/stack/neutron/neutron/plugins/ml2/drivers/ovn/mech_driver/mech_driver.py:414}}
Jun 20 01:11:00.657030 np0000182335 devstack@neutron-api.service[103661]: DEBUG neutron.api.extensions [None req-9a196687-9f95-4c1a-90b6-2ddc9ecaff05 None None] Extended resource: auto-allocated-topology {{(pid=103661) __init__ /opt/stack/neutron/neutron/api/extensions.py:156}}
Jun 20 01:11:00.657589 np0000182335 devstack@neutron-api.service[103661]: DEBUG neutron.api.extensions [None req-9a196687-9f95-4c1a-90b6-2ddc9ecaff05 None None] Extended resource: availability_zones {{(pid=103661) __init__ /opt/stack/neutron/neutron/api/extensions.py:156}}
Jun 20 01:11:00.658141 np0000182335 devstack@neutron-api.service[103661]: DEBUG neutron.api.extensions [None req-9a196687-9f95-4c1a-90b6-2ddc9ecaff05 None None] Extended resource: dhcp-networks {{(pid=103661) __init__ /opt/stack/neutron/neutron/api/extensions.py:156}}
Jun 20 01:11:00.658810 np0000182335 devstack@neutron-api.service[103661]: DEBUG neutron.api.extensions [None req-9a196687-9f95-4c1a-90b6-2ddc9ecaff05 None None] Extended resource: dhcp-agents {{(pid=103661) __init__ /opt/stack/neutron/neutron/api/extensions.py:156}}
Jun 20 01:11:00.659523 np0000182335 devstack@neutron-api.service[103661]: DEBUG neutron.api.extensions [None req-9a196687-9f95-4c1a-90b6-2ddc9ecaff05 None None] Extended resource: routers {{(pid=103661) __init__ /opt/stack/neutron/neutron/api/extensions.py:156}}
Jun 20 01:11:00.660476 np0000182335 devstack@neutron-api.service[103661]: DEBUG neutron.api.extensions [None req-9a196687-9f95-4c1a-90b6-2ddc9ecaff05 None None] Extended resource: flavors {{(pid=103661) __init__ /opt/stack/neutron/neutron/api/extensions.py:156}}
Jun 20 01:11:00.662185 np0000182335 devstack@neutron-api.service[103661]: DEBUG neutron.api.extensions [None req-9a196687-9f95-4c1a-90b6-2ddc9ecaff05 None None] Extended resource: service_profiles {{(pid=103661) __init__ /opt/stack/neutron/neutron/api/extensions.py:156}}
Jun 20 01:11:00.662484 np0000182335 devstack@neutron-api.service[103661]: DEBUG neutron.api.extensions [None req-9a196687-9f95-4c1a-90b6-2ddc9ecaff05 None None] Extended resource: next_providers {{(pid=103661) __init__ /opt/stack/neutron/neutron/api/extensions.py:156}}
Jun 20 01:11:00.663092 np0000182335 devstack@neutron-api.service[103661]: DEBUG neutron.api.extensions [None req-9a196687-9f95-4c1a-90b6-2ddc9ecaff05 None None] Extended resource: service_profiles {{(pid=103661) __init__ /opt/stack/neutron/neutron/api/extensions.py:156}}
Jun 20 01:11:00.663796 np0000182335 devstack@neutron-api.service[103661]: DEBUG neutron.api.extensions [None req-9a196687-9f95-4c1a-90b6-2ddc9ecaff05 None None] Extended resource: floatingip-pools {{(pid=103661) __init__ /opt/stack/neutron/neutron/api/extensions.py:156}}
Jun 20 01:11:00.664309 np0000182335 devstack@neutron-api.service[103661]: DEBUG neutron.api.extensions [None req-9a196687-9f95-4c1a-90b6-2ddc9ecaff05 None None] Extended resource: routers {{(pid=103661) __init__ /opt/stack/neutron/neutron/api/extensions.py:156}}
Jun 20 01:11:00.664904 np0000182335 devstack@neutron-api.service[103662]: DEBUG neutron.plugins.ml2.drivers.ovn.mech_driver.ovsdb.maintenance [None req-a951272b-6d78-45c8-9411-5f4afca84fcf None None] Periodic task found: HashRingHealthCheckPeriodics.touch_hash_ring_node {{(pid=103662) add_periodics /opt/stack/neutron/neutron/plugins/ml2/drivers/ovn/mech_driver/ovsdb/maintenance.py:146}}
Jun 20 01:11:00.665331 np0000182335 devstack@neutron-api.service[103661]: DEBUG neutron.api.extensions [None req-9a196687-9f95-4c1a-90b6-2ddc9ecaff05 None None] Extended resource: floatingips {{(pid=103661) __init__ /opt/stack/neutron/neutron/api/extensions.py:156}}
Jun 20 01:11:00.665877 np0000182335 devstack@neutron-api.service[103661]: DEBUG neutron.api.extensions [None req-9a196687-9f95-4c1a-90b6-2ddc9ecaff05 None None] Extended resource: l3-routers {{(pid=103661) __init__ /opt/stack/neutron/neutron/api/extensions.py:156}}
Jun 20 01:11:00.665951 np0000182335 devstack@neutron-api.service[103662]: INFO neutron.plugins.ml2.drivers.ovn.mech_driver.mech_driver [None req-a951272b-6d78-45c8-9411-5f4afca84fcf None None] Hash Ring probing thread for node 66bc820c5a505c3cb2c91ef25edbe116 has started
Jun 20 01:11:00.666547 np0000182335 devstack@neutron-api.service[103661]: DEBUG neutron.api.extensions [None req-9a196687-9f95-4c1a-90b6-2ddc9ecaff05 None None] Extended resource: l3-agents {{(pid=103661) __init__ /opt/stack/neutron/neutron/api/extensions.py:156}}
Jun 20 01:11:00.666715 np0000182335 devstack@neutron-api.service[103662]: INFO neutron.plugins.ml2.drivers.ovn.mech_driver.ovsdb.impl_idl_ovn [None req-a951272b-6d78-45c8-9411-5f4afca84fcf None None] Getting OvsdbNbOvnIdl for WorkerService with retry
Jun 20 01:11:00.667190 np0000182335 devstack@neutron-api.service[103661]: DEBUG neutron.api.extensions [None req-9a196687-9f95-4c1a-90b6-2ddc9ecaff05 None None] Extended resource: network-ip-availabilities {{(pid=103661) __init__ /opt/stack/neutron/neutron/api/extensions.py:156}}
Jun 20 01:11:00.667873 np0000182335 devstack@neutron-api.service[103661]: DEBUG neutron.api.extensions [None req-9a196687-9f95-4c1a-90b6-2ddc9ecaff05 None None] Extended resource: network-ip-availabilities {{(pid=103661) __init__ /opt/stack/neutron/neutron/api/extensions.py:156}}
Jun 20 01:11:00.668464 np0000182335 devstack@neutron-api.service[103661]: DEBUG neutron.api.extensions [None req-9a196687-9f95-4c1a-90b6-2ddc9ecaff05 None None] Extended resource: bindings {{(pid=103661) __init__ /opt/stack/neutron/neutron/api/extensions.py:156}}
Jun 20 01:11:00.669228 np0000182335 devstack@neutron-api.service[103661]: DEBUG neutron.api.extensions [None req-9a196687-9f95-4c1a-90b6-2ddc9ecaff05 None None] Extended resource: quotas {{(pid=103661) __init__ /opt/stack/neutron/neutron/api/extensions.py:156}}
Jun 20 01:11:00.669972 np0000182335 devstack@neutron-api.service[103661]: DEBUG neutron.api.extensions [None req-9a196687-9f95-4c1a-90b6-2ddc9ecaff05 None None] Extended resource: quotas {{(pid=103661) __init__ /opt/stack/neutron/neutron/api/extensions.py:156}}
Jun 20 01:11:00.670724 np0000182335 devstack@neutron-api.service[103661]: DEBUG neutron.api.extensions [None req-9a196687-9f95-4c1a-90b6-2ddc9ecaff05 None None] Extended resource: rbac-policies {{(pid=103661) __init__ /opt/stack/neutron/neutron/api/extensions.py:156}}
Jun 20 01:11:00.671163 np0000182335 devstack@neutron-api.service[103661]: DEBUG neutron.api.extensions [None req-9a196687-9f95-4c1a-90b6-2ddc9ecaff05 None None] Extended resource: default-security-group-rules {{(pid=103661) __init__ /opt/stack/neutron/neutron/api/extensions.py:156}}
Jun 20 01:11:00.671836 np0000182335 devstack@neutron-api.service[103661]: DEBUG neutron.api.extensions [None req-9a196687-9f95-4c1a-90b6-2ddc9ecaff05 None None] Extended resource: security-groups-default-statefulness {{(pid=103661) __init__ /opt/stack/neutron/neutron/api/extensions.py:156}}
Jun 20 01:11:00.672432 np0000182335 devstack@neutron-api.service[103661]: DEBUG neutron.api.extensions [None req-9a196687-9f95-4c1a-90b6-2ddc9ecaff05 None None] Extended resource: security-groups {{(pid=103661) __init__ /opt/stack/neutron/neutron/api/extensions.py:156}}
Jun 20 01:11:00.673022 np0000182335 devstack@neutron-api.service[103661]: DEBUG neutron.api.extensions [None req-9a196687-9f95-4c1a-90b6-2ddc9ecaff05 None None] Extended resource: security-group-rules {{(pid=103661) __init__ /opt/stack/neutron/neutron/api/extensions.py:156}}
Jun 20 01:11:00.673546 np0000182335 devstack@neutron-api.service[103661]: DEBUG neutron.api.extensions [None req-9a196687-9f95-4c1a-90b6-2ddc9ecaff05 None None] Extended resource: service-providers {{(pid=103661) __init__ /opt/stack/neutron/neutron/api/extensions.py:156}}
Jun 20 01:11:00.674103 np0000182335 devstack@neutron-api.service[103661]: DEBUG neutron.api.extensions [None req-9a196687-9f95-4c1a-90b6-2ddc9ecaff05 None None] Extended resource: subnetpools {{(pid=103661) __init__ /opt/stack/neutron/neutron/api/extensions.py:156}}
Jun 20 01:11:00.674708 np0000182335 devstack@neutron-api.service[103661]: DEBUG neutron.api.extensions [None req-9a196687-9f95-4c1a-90b6-2ddc9ecaff05 None None] Extended resource: subnetpools {{(pid=103661) __init__ /opt/stack/neutron/neutron/api/extensions.py:156}}
Jun 20 01:11:00.675461 np0000182335 devstack@neutron-api.service[103661]: DEBUG neutron.api.extensions [None req-9a196687-9f95-4c1a-90b6-2ddc9ecaff05 None None] Extended resource: tags {{(pid=103661) __init__ /opt/stack/neutron/neutron/api/extensions.py:156}}
Jun 20 01:11:00.677516 np0000182335 devstack@neutron-api.service[103661]: DEBUG neutron.api.extensions [None req-9a196687-9f95-4c1a-90b6-2ddc9ecaff05 None None] Extended resource: tags {{(pid=103661) __init__ /opt/stack/neutron/neutron/api/extensions.py:156}}
Jun 20 01:11:00.677516 np0000182335 devstack@neutron-api.service[103661]: DEBUG neutron.api.extensions [None req-9a196687-9f95-4c1a-90b6-2ddc9ecaff05 None None] Extended resource: tags {{(pid=103661) __init__ /opt/stack/neutron/neutron/api/extensions.py:156}}
Jun 20 01:11:00.677985 np0000182335 devstack@neutron-api.service[103661]: DEBUG neutron.api.extensions [None req-9a196687-9f95-4c1a-90b6-2ddc9ecaff05 None None] Extended resource: tags {{(pid=103661) __init__ /opt/stack/neutron/neutron/api/extensions.py:156}}
Jun 20 01:11:00.679008 np0000182335 devstack@neutron-api.service[103661]: DEBUG neutron.api.extensions [None req-9a196687-9f95-4c1a-90b6-2ddc9ecaff05 None None] Extended resource: tags {{(pid=103661) __init__ /opt/stack/neutron/neutron/api/extensions.py:156}}
Jun 20 01:11:00.679521 np0000182335 devstack@neutron-api.service[103661]: DEBUG neutron.api.extensions [None req-9a196687-9f95-4c1a-90b6-2ddc9ecaff05 None None] Extended resource: tags {{(pid=103661) __init__ /opt/stack/neutron/neutron/api/extensions.py:156}}
Jun 20 01:11:00.680360 np0000182335 devstack@neutron-api.service[103661]: DEBUG neutron.api.extensions [None req-9a196687-9f95-4c1a-90b6-2ddc9ecaff05 None None] Extended resource: tags {{(pid=103661) __init__ /opt/stack/neutron/neutron/api/extensions.py:156}}
Jun 20 01:11:00.681143 np0000182335 devstack@neutron-api.service[103661]: DEBUG neutron.api.extensions [None req-9a196687-9f95-4c1a-90b6-2ddc9ecaff05 None None] Extended resource: tags {{(pid=103661) __init__ /opt/stack/neutron/neutron/api/extensions.py:156}}
Jun 20 01:11:00.682372 np0000182335 devstack@neutron-api.service[103661]: DEBUG neutron.api.extensions [None req-9a196687-9f95-4c1a-90b6-2ddc9ecaff05 None None] Extended resource: tags {{(pid=103661) __init__ /opt/stack/neutron/neutron/api/extensions.py:156}}
Jun 20 01:11:00.683065 np0000182335 devstack@neutron-api.service[103661]: DEBUG neutron.api.extensions [None req-9a196687-9f95-4c1a-90b6-2ddc9ecaff05 None None] Extended resource: tags {{(pid=103661) __init__ /opt/stack/neutron/neutron/api/extensions.py:156}}
Jun 20 01:11:00.691054 np0000182335 devstack@neutron-api.service[103660]: DEBUG oslo_concurrency.processutils [None req-d25a3bcd-7235-4d3a-9656-6df42773f5c9 None None] CMD "ovsdb-client transact ssl:199.204.45.25:6641 --timeout 180 -p /opt/stack/data/CA/int-ca/private/devstack-cert.key -c /opt/stack/data/CA/int-ca/devstack-cert.crt -C /opt/stack/data/CA/int-ca/ca-chain.pem ["OVN_Northbound", {"op": "wait", "timeout": 0, "table": "Port_Group", "where": [["name", "==", "neutron_pg_drop"]], "until": "==", "rows": []}, {"op": "insert", "table": "ACL", "row": {"action": "drop", "direction": "to-lport", "match": "outport == @neutron_pg_drop && ip", "priority": 1001}, "uuid-name": "droptoport"}, {"op": "insert", "table": "ACL", "row": {"action": "drop", "direction": "from-lport", "match": "inport == @neutron_pg_drop && ip", "priority": 1001}, "uuid-name": "dropfromport"}, {"op": "insert", "table": "Port_Group", "row": {"name": "neutron_pg_drop", "acls": ["set", [["named-uuid", "droptoport"], ["named-uuid", "dropfromport"]]]}}]" returned: 0 in 0.042s {{(pid=103660) execute /opt/stack/data/venv/lib/python3.12/site-packages/oslo_concurrency/processutils.py:468}}
Jun 20 01:11:00.691565 np0000182335 devstack@neutron-api.service[103660]: DEBUG neutron_lib.callbacks.manager [None req-d25a3bcd-7235-4d3a-9656-6df42773f5c9 None None] Publish callbacks ['neutron.plugins.ml2.drivers.ovn.mech_driver.mech_driver.OVNMechanismDriver.post_fork_initialize-206264', 'neutron.services.pvlan.drivers.ovn.driver._initialize_pvlan_pg_drop-7997835452316', 'neutron.services.ovn_l3.plugin.OVNL3RouterPlugin._post_fork_initialize-483458'] for process (None), after_init {{(pid=103660) _notify_loop /opt/stack/data/venv/lib/python3.12/site-packages/neutron_lib/callbacks/manager.py:184}}
Jun 20 01:11:00.691992 np0000182335 devstack@neutron-api.service[103660]: DEBUG oslo_concurrency.lockutils [None req-d25a3bcd-7235-4d3a-9656-6df42773f5c9 None None] Acquiring lock "singleton_lock" {{(pid=103660) lock /opt/stack/data/venv/lib/python3.12/site-packages/oslo_concurrency/lockutils.py:395}}
Jun 20 01:11:00.692140 np0000182335 devstack@neutron-api.service[103660]: DEBUG oslo_concurrency.lockutils [None req-d25a3bcd-7235-4d3a-9656-6df42773f5c9 None None] Acquired lock "singleton_lock" {{(pid=103660) lock /opt/stack/data/venv/lib/python3.12/site-packages/oslo_concurrency/lockutils.py:398}}
Jun 20 01:11:00.692663 np0000182335 devstack@neutron-api.service[103660]: DEBUG oslo_concurrency.lockutils [None req-d25a3bcd-7235-4d3a-9656-6df42773f5c9 None None] Releasing lock "singleton_lock" {{(pid=103660) lock /opt/stack/data/venv/lib/python3.12/site-packages/oslo_concurrency/lockutils.py:418}}
Jun 20 01:11:00.692872 np0000182335 devstack@neutron-api.service[103661]: DEBUG neutron_lib.callbacks.manager [None req-9a196687-9f95-4c1a-90b6-2ddc9ecaff05 None None] Publish callbacks ['neutron.plugins.ml2.drivers.ovn.mech_driver.mech_driver.OVNMechanismDriver.pre_fork_initialize-823537'] for process (None), before_spawn {{(pid=103661) _notify_loop /opt/stack/data/venv/lib/python3.12/site-packages/neutron_lib/callbacks/manager.py:184}}
Jun 20 01:11:00.693228 np0000182335 devstack@neutron-api.service[103661]: DEBUG oslo_concurrency.processutils [None req-9a196687-9f95-4c1a-90b6-2ddc9ecaff05 None None] Running cmd (subprocess): ovsdb-client transact ssl:199.204.45.25:6641 --timeout 180 -p /opt/stack/data/CA/int-ca/private/devstack-cert.key -c /opt/stack/data/CA/int-ca/devstack-cert.crt -C /opt/stack/data/CA/int-ca/ca-chain.pem ["OVN_Northbound", {"op": "wait", "timeout": 0, "table": "Port_Group", "where": [["name", "==", "neutron_pg_drop"]], "until": "==", "rows": []}, {"op": "insert", "table": "ACL", "row": {"action": "drop", "direction": "to-lport", "match": "outport == @neutron_pg_drop && ip", "priority": 1001}, "uuid-name": "droptoport"}, {"op": "insert", "table": "ACL", "row": {"action": "drop", "direction": "from-lport", "match": "inport == @neutron_pg_drop && ip", "priority": 1001}, "uuid-name": "dropfromport"}, {"op": "insert", "table": "Port_Group", "row": {"name": "neutron_pg_drop", "acls": ["set", [["named-uuid", "droptoport"], ["named-uuid", "dropfromport"]]]}}] {{(pid=103661) execute /opt/stack/data/venv/lib/python3.12/site-packages/oslo_concurrency/processutils.py:440}}
