May 20 05:22:49.301834 np0000175274 systemd[1]: Starting devstack@n-api.service - Devstack devstack@n-api.service...
May 20 05:22:49.308599 np0000175274 devstack@n-api.service[99651]: [uWSGI] getting INI configuration from /etc/nova/nova-api-uwsgi.ini
May 20 05:22:49.311545 np0000175274 devstack@n-api.service[99651]: *** Starting uWSGI 2.0.24-debian (64bit) on [Wed May 20 05:22:49 2026] ***
May 20 05:22:49.311545 np0000175274 devstack@n-api.service[99651]: compiled with version: 13.2.0 on 17 April 2024 16:23:48
May 20 05:22:49.311545 np0000175274 devstack@n-api.service[99651]: os: Linux-6.8.0-111-generic #111-Ubuntu SMP PREEMPT_DYNAMIC Sat Apr 11 23:16:02 UTC 2026
May 20 05:22:49.311545 np0000175274 devstack@n-api.service[99651]: nodename: np0000175274
May 20 05:22:49.311545 np0000175274 devstack@n-api.service[99651]: machine: x86_64
May 20 05:22:49.311545 np0000175274 devstack@n-api.service[99651]: clock source: unix
May 20 05:22:49.311545 np0000175274 devstack@n-api.service[99651]: pcre jit disabled
May 20 05:22:49.311545 np0000175274 devstack@n-api.service[99651]: detected number of CPU cores: 16
May 20 05:22:49.311545 np0000175274 devstack@n-api.service[99651]: current working directory: /
May 20 05:22:49.311545 np0000175274 devstack@n-api.service[99651]: detected binary path: /usr/bin/uwsgi-core
May 20 05:22:49.311545 np0000175274 devstack@n-api.service[99651]: your processes number limit is 256917
May 20 05:22:49.311545 np0000175274 devstack@n-api.service[99651]: your memory page size is 4096 bytes
May 20 05:22:49.311545 np0000175274 devstack@n-api.service[99651]: detected max file descriptor number: 2048
May 20 05:22:49.311545 np0000175274 devstack@n-api.service[99651]: lock engine: pthread robust mutexes
May 20 05:22:49.312361 np0000175274 devstack@n-api.service[99651]: thunder lock: enabled
May 20 05:22:49.312361 np0000175274 devstack@n-api.service[99651]: uwsgi socket 0 bound to UNIX address /var/run/uwsgi/nova-api.socket fd 4
May 20 05:22:49.312361 np0000175274 devstack@n-api.service[99651]: Python version: 3.12.3 (main, Mar 23 2026, 19:04:32) [GCC 13.3.0]
May 20 05:22:49.312361 np0000175274 devstack@n-api.service[99651]: PEP 405 virtualenv detected: /opt/stack/data/venv
May 20 05:22:49.312361 np0000175274 devstack@n-api.service[99651]: Set PythonHome to /opt/stack/data/venv
May 20 05:22:49.348215 np0000175274 devstack@n-api.service[99651]: Python main interpreter initialized at 0x7ad82aea3668
May 20 05:22:49.348215 np0000175274 devstack@n-api.service[99651]: python threads support enabled
May 20 05:22:49.348215 np0000175274 devstack@n-api.service[99651]: your server socket listen backlog is limited to 100 connections
May 20 05:22:49.348215 np0000175274 devstack@n-api.service[99651]: your mercy for graceful operations on workers is 80 seconds
May 20 05:22:49.348791 np0000175274 devstack@n-api.service[99651]: mapped 671795 bytes (656 KB) for 4 cores
May 20 05:22:49.348891 np0000175274 devstack@n-api.service[99651]: *** Operational MODE: preforking ***
May 20 05:22:49.349017 np0000175274 devstack@n-api.service[99651]: *** uWSGI is running in multiple interpreter mode ***
May 20 05:22:49.349017 np0000175274 devstack@n-api.service[99651]: spawned uWSGI master process (pid: 99651)
May 20 05:22:49.349203 np0000175274 systemd[1]: Started devstack@n-api.service - Devstack devstack@n-api.service.
May 20 05:22:49.349698 np0000175274 devstack@n-api.service[99651]: spawned uWSGI worker 1 (pid: 99652, cores: 1)
May 20 05:22:49.350201 np0000175274 devstack@n-api.service[99651]: spawned uWSGI worker 2 (pid: 99653, cores: 1)
May 20 05:22:49.350710 np0000175274 devstack@n-api.service[99651]: spawned uWSGI worker 3 (pid: 99654, cores: 1)
May 20 05:22:49.351295 np0000175274 devstack@n-api.service[99651]: spawned uWSGI worker 4 (pid: 99655, cores: 1)
May 20 05:22:49.351295 np0000175274 devstack@n-api.service[99651]: running "unix_signal:15 gracefully_kill_them_all" (master-start)...
May 20 05:22:51.049997 np0000175274 devstack@n-api.service[99655]: INFO dbcounter [None req-96e7df5b-1b26-46e1-86d5-2daf16e7fc8c None None] Registered counter for database nova_api
May 20 05:22:51.063195 np0000175274 devstack@n-api.service[99655]: DEBUG oslo_db.sqlalchemy.engines [None req-96e7df5b-1b26-46e1-86d5-2daf16e7fc8c None None] MySQL server mode set to STRICT_TRANS_TABLES,STRICT_ALL_TABLES,NO_ZERO_IN_DATE,NO_ZERO_DATE,ERROR_FOR_DIVISION_BY_ZERO,TRADITIONAL,NO_ENGINE_SUBSTITUTION {{(pid=99655) _check_effective_sql_mode /opt/stack/data/venv/lib/python3.12/site-packages/oslo_db/sqlalchemy/engines.py:325}}
May 20 05:22:51.087466 np0000175274 devstack@n-api.service[99652]: INFO dbcounter [None req-6cbea502-ce6f-4ffb-922d-cb33381615f2 None None] Registered counter for database nova_api
May 20 05:22:51.095074 np0000175274 devstack@n-api.service[99655]: DEBUG dbcounter [-] [99655] Writer thread running {{(pid=99655) stat_writer /opt/stack/data/venv/lib/python3.12/site-packages/dbcounter.py:102}}
May 20 05:22:51.097439 np0000175274 devstack@n-api.service[99655]: DEBUG nova.context [None req-96e7df5b-1b26-46e1-86d5-2daf16e7fc8c None None] Found 2 cells: 00000000-0000-0000-0000-000000000000(cell0),8ae8d390-e408-4698-8da9-78f03c8cdf50(cell1) {{(pid=99655) load_cells /opt/stack/nova/nova/context.py:509}}
May 20 05:22:51.097632 np0000175274 devstack@n-api.service[99655]: INFO nova.utils [None req-96e7df5b-1b26-46e1-86d5-2daf16e7fc8c None None] The cell worker thread pool MainProcess.cell_worker is initialized
May 20 05:22:51.099265 np0000175274 devstack@n-api.service[99655]: DEBUG oslo_concurrency.lockutils [None req-96e7df5b-1b26-46e1-86d5-2daf16e7fc8c None None] Acquiring lock "00000000-0000-0000-0000-000000000000" by "nova.context.set_target_cell..get_or_set_cached_cell_and_set_connections" {{(pid=99655) inner /opt/stack/data/venv/lib/python3.12/site-packages/oslo_concurrency/lockutils.py:511}}
May 20 05:22:51.099560 np0000175274 devstack@n-api.service[99655]: DEBUG oslo_concurrency.lockutils [None req-96e7df5b-1b26-46e1-86d5-2daf16e7fc8c None None] Lock "00000000-0000-0000-0000-000000000000" acquired by "nova.context.set_target_cell..get_or_set_cached_cell_and_set_connections" :: waited 0.000s {{(pid=99655) inner /opt/stack/data/venv/lib/python3.12/site-packages/oslo_concurrency/lockutils.py:524}}
May 20 05:22:51.099777 np0000175274 devstack@n-api.service[99655]: DEBUG oslo_concurrency.lockutils [None req-96e7df5b-1b26-46e1-86d5-2daf16e7fc8c None None] Lock "00000000-0000-0000-0000-000000000000" "released" by "nova.context.set_target_cell..get_or_set_cached_cell_and_set_connections" :: held 0.000s {{(pid=99655) inner /opt/stack/data/venv/lib/python3.12/site-packages/oslo_concurrency/lockutils.py:543}}
May 20 05:22:51.099905 np0000175274 devstack@n-api.service[99652]: DEBUG oslo_db.sqlalchemy.engines [None req-6cbea502-ce6f-4ffb-922d-cb33381615f2 None None] MySQL server mode set to STRICT_TRANS_TABLES,STRICT_ALL_TABLES,NO_ZERO_IN_DATE,NO_ZERO_DATE,ERROR_FOR_DIVISION_BY_ZERO,TRADITIONAL,NO_ENGINE_SUBSTITUTION {{(pid=99652) _check_effective_sql_mode /opt/stack/data/venv/lib/python3.12/site-packages/oslo_db/sqlalchemy/engines.py:325}}
May 20 05:22:51.100580 np0000175274 devstack@n-api.service[99655]: DEBUG oslo_concurrency.lockutils [None req-96e7df5b-1b26-46e1-86d5-2daf16e7fc8c None None] Acquiring lock "8ae8d390-e408-4698-8da9-78f03c8cdf50" by "nova.context.set_target_cell..get_or_set_cached_cell_and_set_connections" {{(pid=99655) inner /opt/stack/data/venv/lib/python3.12/site-packages/oslo_concurrency/lockutils.py:511}}
May 20 05:22:51.100705 np0000175274 devstack@n-api.service[99655]: DEBUG oslo_concurrency.lockutils [None req-96e7df5b-1b26-46e1-86d5-2daf16e7fc8c None None] Lock "8ae8d390-e408-4698-8da9-78f03c8cdf50" acquired by "nova.context.set_target_cell..get_or_set_cached_cell_and_set_connections" :: waited 0.000s {{(pid=99655) inner /opt/stack/data/venv/lib/python3.12/site-packages/oslo_concurrency/lockutils.py:524}}
May 20 05:22:51.101483 np0000175274 devstack@n-api.service[99655]: DEBUG oslo_concurrency.lockutils [None req-96e7df5b-1b26-46e1-86d5-2daf16e7fc8c None None] Lock "8ae8d390-e408-4698-8da9-78f03c8cdf50" "released" by "nova.context.set_target_cell..get_or_set_cached_cell_and_set_connections" :: held 0.001s {{(pid=99655) inner /opt/stack/data/venv/lib/python3.12/site-packages/oslo_concurrency/lockutils.py:543}}
May 20 05:22:51.104447 np0000175274 devstack@n-api.service[99655]: INFO dbcounter [None req-96e7df5b-1b26-46e1-86d5-2daf16e7fc8c None None] Registered counter for database nova_cell0
May 20 05:22:51.106235 np0000175274 devstack@n-api.service[99653]: INFO dbcounter [None req-12750bc5-6e2a-4f43-96d3-d23a9a7fe57c None None] Registered counter for database nova_api
May 20 05:22:51.107778 np0000175274 devstack@n-api.service[99655]: INFO dbcounter [None req-96e7df5b-1b26-46e1-86d5-2daf16e7fc8c None None] Registered counter for database nova_cell1
May 20 05:22:51.117093 np0000175274 devstack@n-api.service[99655]: DEBUG oslo_db.sqlalchemy.engines [None req-96e7df5b-1b26-46e1-86d5-2daf16e7fc8c None None] MySQL server mode set to STRICT_TRANS_TABLES,STRICT_ALL_TABLES,NO_ZERO_IN_DATE,NO_ZERO_DATE,ERROR_FOR_DIVISION_BY_ZERO,TRADITIONAL,NO_ENGINE_SUBSTITUTION {{(pid=99655) _check_effective_sql_mode /opt/stack/data/venv/lib/python3.12/site-packages/oslo_db/sqlalchemy/engines.py:325}}
May 20 05:22:51.121320 np0000175274 devstack@n-api.service[99655]: DEBUG oslo_db.sqlalchemy.engines [None req-96e7df5b-1b26-46e1-86d5-2daf16e7fc8c None None] MySQL server mode set to STRICT_TRANS_TABLES,STRICT_ALL_TABLES,NO_ZERO_IN_DATE,NO_ZERO_DATE,ERROR_FOR_DIVISION_BY_ZERO,TRADITIONAL,NO_ENGINE_SUBSTITUTION {{(pid=99655) _check_effective_sql_mode /opt/stack/data/venv/lib/python3.12/site-packages/oslo_db/sqlalchemy/engines.py:325}}
May 20 05:22:51.125554 np0000175274 devstack@n-api.service[99653]: DEBUG oslo_db.sqlalchemy.engines [None req-12750bc5-6e2a-4f43-96d3-d23a9a7fe57c None None] MySQL server mode set to STRICT_TRANS_TABLES,STRICT_ALL_TABLES,NO_ZERO_IN_DATE,NO_ZERO_DATE,ERROR_FOR_DIVISION_BY_ZERO,TRADITIONAL,NO_ENGINE_SUBSTITUTION {{(pid=99653) _check_effective_sql_mode /opt/stack/data/venv/lib/python3.12/site-packages/oslo_db/sqlalchemy/engines.py:325}}
May 20 05:22:51.135187 np0000175274 devstack@n-api.service[99652]: DEBUG dbcounter [-] [99652] Writer thread running {{(pid=99652) stat_writer /opt/stack/data/venv/lib/python3.12/site-packages/dbcounter.py:102}}
May 20 05:22:51.137587 np0000175274 devstack@n-api.service[99652]: DEBUG nova.context [None req-6cbea502-ce6f-4ffb-922d-cb33381615f2 None None] Found 2 cells: 00000000-0000-0000-0000-000000000000(cell0),8ae8d390-e408-4698-8da9-78f03c8cdf50(cell1) {{(pid=99652) load_cells /opt/stack/nova/nova/context.py:509}}
May 20 05:22:51.137815 np0000175274 devstack@n-api.service[99652]: INFO nova.utils [None req-6cbea502-ce6f-4ffb-922d-cb33381615f2 None None] The cell worker thread pool MainProcess.cell_worker is initialized
May 20 05:22:51.139605 np0000175274 devstack@n-api.service[99652]: DEBUG oslo_concurrency.lockutils [None req-6cbea502-ce6f-4ffb-922d-cb33381615f2 None None] Acquiring lock "00000000-0000-0000-0000-000000000000" by "nova.context.set_target_cell..get_or_set_cached_cell_and_set_connections" {{(pid=99652) inner /opt/stack/data/venv/lib/python3.12/site-packages/oslo_concurrency/lockutils.py:511}}
May 20 05:22:51.139770 np0000175274 devstack@n-api.service[99652]: DEBUG oslo_concurrency.lockutils [None req-6cbea502-ce6f-4ffb-922d-cb33381615f2 None None] Lock "00000000-0000-0000-0000-000000000000" acquired by "nova.context.set_target_cell..get_or_set_cached_cell_and_set_connections" :: waited 0.000s {{(pid=99652) inner /opt/stack/data/venv/lib/python3.12/site-packages/oslo_concurrency/lockutils.py:524}}
May 20 05:22:51.140129 np0000175274 devstack@n-api.service[99652]: DEBUG oslo_concurrency.lockutils [None req-6cbea502-ce6f-4ffb-922d-cb33381615f2 None None] Lock "00000000-0000-0000-0000-000000000000" "released" by "nova.context.set_target_cell..get_or_set_cached_cell_and_set_connections" :: held 0.000s {{(pid=99652) inner /opt/stack/data/venv/lib/python3.12/site-packages/oslo_concurrency/lockutils.py:543}}
May 20 05:22:51.141117 np0000175274 devstack@n-api.service[99652]: DEBUG oslo_concurrency.lockutils [None req-6cbea502-ce6f-4ffb-922d-cb33381615f2 None None] Acquiring lock "8ae8d390-e408-4698-8da9-78f03c8cdf50" by "nova.context.set_target_cell..get_or_set_cached_cell_and_set_connections" {{(pid=99652) inner /opt/stack/data/venv/lib/python3.12/site-packages/oslo_concurrency/lockutils.py:511}}
May 20 05:22:51.141267 np0000175274 devstack@n-api.service[99652]: DEBUG oslo_concurrency.lockutils [None req-6cbea502-ce6f-4ffb-922d-cb33381615f2 None None] Lock "8ae8d390-e408-4698-8da9-78f03c8cdf50" acquired by "nova.context.set_target_cell..get_or_set_cached_cell_and_set_connections" :: waited 0.000s {{(pid=99652) inner /opt/stack/data/venv/lib/python3.12/site-packages/oslo_concurrency/lockutils.py:524}}
May 20 05:22:51.142163 np0000175274 devstack@n-api.service[99652]: DEBUG oslo_concurrency.lockutils [None req-6cbea502-ce6f-4ffb-922d-cb33381615f2 None None] Lock "8ae8d390-e408-4698-8da9-78f03c8cdf50" "released" by "nova.context.set_target_cell..get_or_set_cached_cell_and_set_connections" :: held 0.001s {{(pid=99652) inner /opt/stack/data/venv/lib/python3.12/site-packages/oslo_concurrency/lockutils.py:543}}
May 20 05:22:51.146055 np0000175274 devstack@n-api.service[99652]: INFO dbcounter [None req-6cbea502-ce6f-4ffb-922d-cb33381615f2 None None] Registered counter for database nova_cell0
May 20 05:22:51.154094 np0000175274 devstack@n-api.service[99652]: INFO dbcounter [None req-6cbea502-ce6f-4ffb-922d-cb33381615f2 None None] Registered counter for database nova_cell1
May 20 05:22:51.160900 np0000175274 devstack@n-api.service[99653]: DEBUG dbcounter [-] [99653] Writer thread running {{(pid=99653) stat_writer /opt/stack/data/venv/lib/python3.12/site-packages/dbcounter.py:102}}
May 20 05:22:51.162952 np0000175274 devstack@n-api.service[99653]: DEBUG nova.context [None req-12750bc5-6e2a-4f43-96d3-d23a9a7fe57c None None] Found 2 cells: 00000000-0000-0000-0000-000000000000(cell0),8ae8d390-e408-4698-8da9-78f03c8cdf50(cell1) {{(pid=99653) load_cells /opt/stack/nova/nova/context.py:509}}
May 20 05:22:51.163165 np0000175274 devstack@n-api.service[99653]: INFO nova.utils [None req-12750bc5-6e2a-4f43-96d3-d23a9a7fe57c None None] The cell worker thread pool MainProcess.cell_worker is initialized
May 20 05:22:51.164825 np0000175274 devstack@n-api.service[99653]: DEBUG oslo_concurrency.lockutils [None req-12750bc5-6e2a-4f43-96d3-d23a9a7fe57c None None] Acquiring lock "00000000-0000-0000-0000-000000000000" by "nova.context.set_target_cell..get_or_set_cached_cell_and_set_connections" {{(pid=99653) inner /opt/stack/data/venv/lib/python3.12/site-packages/oslo_concurrency/lockutils.py:511}}
May 20 05:22:51.164985 np0000175274 devstack@n-api.service[99653]: DEBUG oslo_concurrency.lockutils [None req-12750bc5-6e2a-4f43-96d3-d23a9a7fe57c None None] Lock "00000000-0000-0000-0000-000000000000" acquired by "nova.context.set_target_cell..get_or_set_cached_cell_and_set_connections" :: waited 0.000s {{(pid=99653) inner /opt/stack/data/venv/lib/python3.12/site-packages/oslo_concurrency/lockutils.py:524}}
May 20 05:22:51.165345 np0000175274 devstack@n-api.service[99653]: DEBUG oslo_concurrency.lockutils [None req-12750bc5-6e2a-4f43-96d3-d23a9a7fe57c None None] Lock "00000000-0000-0000-0000-000000000000" "released" by "nova.context.set_target_cell..get_or_set_cached_cell_and_set_connections" :: held 0.000s {{(pid=99653) inner /opt/stack/data/venv/lib/python3.12/site-packages/oslo_concurrency/lockutils.py:543}}
May 20 05:22:51.165439 np0000175274 devstack@n-api.service[99652]: DEBUG oslo_db.sqlalchemy.engines [None req-6cbea502-ce6f-4ffb-922d-cb33381615f2 None None] MySQL server mode set to STRICT_TRANS_TABLES,STRICT_ALL_TABLES,NO_ZERO_IN_DATE,NO_ZERO_DATE,ERROR_FOR_DIVISION_BY_ZERO,TRADITIONAL,NO_ENGINE_SUBSTITUTION {{(pid=99652) _check_effective_sql_mode /opt/stack/data/venv/lib/python3.12/site-packages/oslo_db/sqlalchemy/engines.py:325}}
May 20 05:22:51.166370 np0000175274 devstack@n-api.service[99653]: DEBUG oslo_concurrency.lockutils [None req-12750bc5-6e2a-4f43-96d3-d23a9a7fe57c None None] Acquiring lock "8ae8d390-e408-4698-8da9-78f03c8cdf50" by "nova.context.set_target_cell..get_or_set_cached_cell_and_set_connections" {{(pid=99653) inner /opt/stack/data/venv/lib/python3.12/site-packages/oslo_concurrency/lockutils.py:511}}
May 20 05:22:51.166370 np0000175274 devstack@n-api.service[99653]: DEBUG oslo_concurrency.lockutils [None req-12750bc5-6e2a-4f43-96d3-d23a9a7fe57c None None] Lock "8ae8d390-e408-4698-8da9-78f03c8cdf50" acquired by "nova.context.set_target_cell..get_or_set_cached_cell_and_set_connections" :: waited 0.000s {{(pid=99653) inner /opt/stack/data/venv/lib/python3.12/site-packages/oslo_concurrency/lockutils.py:524}}
May 20 05:22:51.167208 np0000175274 devstack@n-api.service[99653]: DEBUG oslo_concurrency.lockutils [None req-12750bc5-6e2a-4f43-96d3-d23a9a7fe57c None None] Lock "8ae8d390-e408-4698-8da9-78f03c8cdf50" "released" by "nova.context.set_target_cell..get_or_set_cached_cell_and_set_connections" :: held 0.001s {{(pid=99653) inner /opt/stack/data/venv/lib/python3.12/site-packages/oslo_concurrency/lockutils.py:543}}
May 20 05:22:51.169544 np0000175274 devstack@n-api.service[99653]: INFO dbcounter [None req-12750bc5-6e2a-4f43-96d3-d23a9a7fe57c None None] Registered counter for database nova_cell0
May 20 05:22:51.172625 np0000175274 devstack@n-api.service[99652]: DEBUG oslo_db.sqlalchemy.engines [None req-6cbea502-ce6f-4ffb-922d-cb33381615f2 None None] MySQL server mode set to STRICT_TRANS_TABLES,STRICT_ALL_TABLES,NO_ZERO_IN_DATE,NO_ZERO_DATE,ERROR_FOR_DIVISION_BY_ZERO,TRADITIONAL,NO_ENGINE_SUBSTITUTION {{(pid=99652) _check_effective_sql_mode /opt/stack/data/venv/lib/python3.12/site-packages/oslo_db/sqlalchemy/engines.py:325}}
May 20 05:22:51.174369 np0000175274 devstack@n-api.service[99653]: INFO dbcounter [None req-12750bc5-6e2a-4f43-96d3-d23a9a7fe57c None None] Registered counter for database nova_cell1
May 20 05:22:51.178145 np0000175274 devstack@n-api.service[99654]: INFO dbcounter [None req-536bfdd8-b0a0-4338-956f-772018c7b28d None None] Registered counter for database nova_api
May 20 05:22:51.185316 np0000175274 devstack@n-api.service[99653]: DEBUG oslo_db.sqlalchemy.engines [None req-12750bc5-6e2a-4f43-96d3-d23a9a7fe57c None None] MySQL server mode set to STRICT_TRANS_TABLES,STRICT_ALL_TABLES,NO_ZERO_IN_DATE,NO_ZERO_DATE,ERROR_FOR_DIVISION_BY_ZERO,TRADITIONAL,NO_ENGINE_SUBSTITUTION {{(pid=99653) _check_effective_sql_mode /opt/stack/data/venv/lib/python3.12/site-packages/oslo_db/sqlalchemy/engines.py:325}}
May 20 05:22:51.187088 np0000175274 devstack@n-api.service[99653]: DEBUG oslo_db.sqlalchemy.engines [None req-12750bc5-6e2a-4f43-96d3-d23a9a7fe57c None None] MySQL server mode set to STRICT_TRANS_TABLES,STRICT_ALL_TABLES,NO_ZERO_IN_DATE,NO_ZERO_DATE,ERROR_FOR_DIVISION_BY_ZERO,TRADITIONAL,NO_ENGINE_SUBSTITUTION {{(pid=99653) _check_effective_sql_mode /opt/stack/data/venv/lib/python3.12/site-packages/oslo_db/sqlalchemy/engines.py:325}}
May 20 05:22:51.195264 np0000175274 devstack@n-api.service[99654]: DEBUG oslo_db.sqlalchemy.engines [None req-536bfdd8-b0a0-4338-956f-772018c7b28d None None] MySQL server mode set to STRICT_TRANS_TABLES,STRICT_ALL_TABLES,NO_ZERO_IN_DATE,NO_ZERO_DATE,ERROR_FOR_DIVISION_BY_ZERO,TRADITIONAL,NO_ENGINE_SUBSTITUTION {{(pid=99654) _check_effective_sql_mode /opt/stack/data/venv/lib/python3.12/site-packages/oslo_db/sqlalchemy/engines.py:325}}
May 20 05:22:51.221638 np0000175274 devstack@n-api.service[99655]: DEBUG dbcounter [-] [99655] Writer thread running {{(pid=99655) stat_writer /opt/stack/data/venv/lib/python3.12/site-packages/dbcounter.py:102}}
May 20 05:22:51.227392 np0000175274 devstack@n-api.service[99655]: DEBUG dbcounter [-] [99655] Writer thread running {{(pid=99655) stat_writer /opt/stack/data/venv/lib/python3.12/site-packages/dbcounter.py:102}}
May 20 05:22:51.229399 np0000175274 devstack@n-api.service[99654]: DEBUG dbcounter [-] [99654] Writer thread running {{(pid=99654) stat_writer /opt/stack/data/venv/lib/python3.12/site-packages/dbcounter.py:102}}
May 20 05:22:51.232419 np0000175274 devstack@n-api.service[99655]: INFO dbcounter [None req-96e7df5b-1b26-46e1-86d5-2daf16e7fc8c None None] Registered counter for database nova_cell0
May 20 05:22:51.234410 np0000175274 devstack@n-api.service[99654]: DEBUG nova.context [None req-536bfdd8-b0a0-4338-956f-772018c7b28d None None] Found 2 cells: 00000000-0000-0000-0000-000000000000(cell0),8ae8d390-e408-4698-8da9-78f03c8cdf50(cell1) {{(pid=99654) load_cells /opt/stack/nova/nova/context.py:509}}
May 20 05:22:51.234856 np0000175274 devstack@n-api.service[99654]: INFO nova.utils [None req-536bfdd8-b0a0-4338-956f-772018c7b28d None None] The cell worker thread pool MainProcess.cell_worker is initialized
May 20 05:22:51.236386 np0000175274 devstack@n-api.service[99654]: DEBUG oslo_concurrency.lockutils [None req-536bfdd8-b0a0-4338-956f-772018c7b28d None None] Acquiring lock "00000000-0000-0000-0000-000000000000" by "nova.context.set_target_cell..get_or_set_cached_cell_and_set_connections" {{(pid=99654) inner /opt/stack/data/venv/lib/python3.12/site-packages/oslo_concurrency/lockutils.py:511}}
May 20 05:22:51.236616 np0000175274 devstack@n-api.service[99654]: DEBUG oslo_concurrency.lockutils [None req-536bfdd8-b0a0-4338-956f-772018c7b28d None None] Lock "00000000-0000-0000-0000-000000000000" acquired by "nova.context.set_target_cell..get_or_set_cached_cell_and_set_connections" :: waited 0.000s {{(pid=99654) inner /opt/stack/data/venv/lib/python3.12/site-packages/oslo_concurrency/lockutils.py:524}}
May 20 05:22:51.236902 np0000175274 devstack@n-api.service[99654]: DEBUG oslo_concurrency.lockutils [None req-536bfdd8-b0a0-4338-956f-772018c7b28d None None] Lock "00000000-0000-0000-0000-000000000000" "released" by "nova.context.set_target_cell..get_or_set_cached_cell_and_set_connections" :: held 0.000s {{(pid=99654) inner /opt/stack/data/venv/lib/python3.12/site-packages/oslo_concurrency/lockutils.py:543}}
May 20 05:22:51.237625 np0000175274 devstack@n-api.service[99654]: DEBUG oslo_concurrency.lockutils [None req-536bfdd8-b0a0-4338-956f-772018c7b28d None None] Acquiring lock "8ae8d390-e408-4698-8da9-78f03c8cdf50" by "nova.context.set_target_cell..get_or_set_cached_cell_and_set_connections" {{(pid=99654) inner /opt/stack/data/venv/lib/python3.12/site-packages/oslo_concurrency/lockutils.py:511}}
May 20 05:22:51.237767 np0000175274 devstack@n-api.service[99654]: DEBUG oslo_concurrency.lockutils [None req-536bfdd8-b0a0-4338-956f-772018c7b28d None None] Lock "8ae8d390-e408-4698-8da9-78f03c8cdf50" acquired by "nova.context.set_target_cell..get_or_set_cached_cell_and_set_connections" :: waited 0.000s {{(pid=99654) inner /opt/stack/data/venv/lib/python3.12/site-packages/oslo_concurrency/lockutils.py:524}}
May 20 05:22:51.238606 np0000175274 devstack@n-api.service[99654]: DEBUG oslo_concurrency.lockutils [None req-536bfdd8-b0a0-4338-956f-772018c7b28d None None] Lock "8ae8d390-e408-4698-8da9-78f03c8cdf50" "released" by "nova.context.set_target_cell..get_or_set_cached_cell_and_set_connections" :: held 0.001s {{(pid=99654) inner /opt/stack/data/venv/lib/python3.12/site-packages/oslo_concurrency/lockutils.py:543}}
May 20 05:22:51.241349 np0000175274 devstack@n-api.service[99655]: DEBUG oslo_db.sqlalchemy.engines [None req-96e7df5b-1b26-46e1-86d5-2daf16e7fc8c None None] MySQL server mode set to STRICT_TRANS_TABLES,STRICT_ALL_TABLES,NO_ZERO_IN_DATE,NO_ZERO_DATE,ERROR_FOR_DIVISION_BY_ZERO,TRADITIONAL,NO_ENGINE_SUBSTITUTION {{(pid=99655) _check_effective_sql_mode /opt/stack/data/venv/lib/python3.12/site-packages/oslo_db/sqlalchemy/engines.py:325}}
May 20 05:22:51.242084 np0000175274 devstack@n-api.service[99654]: INFO dbcounter [None req-536bfdd8-b0a0-4338-956f-772018c7b28d None None] Registered counter for database nova_cell0
May 20 05:22:51.247030 np0000175274 devstack@n-api.service[99654]: INFO dbcounter [None req-536bfdd8-b0a0-4338-956f-772018c7b28d None None] Registered counter for database nova_cell1
May 20 05:22:51.251424 np0000175274 devstack@n-api.service[99655]: DEBUG dbcounter [-] [99655] Writer thread running {{(pid=99655) stat_writer /opt/stack/data/venv/lib/python3.12/site-packages/dbcounter.py:102}}
May 20 05:22:51.257038 np0000175274 devstack@n-api.service[99654]: DEBUG oslo_db.sqlalchemy.engines [None req-536bfdd8-b0a0-4338-956f-772018c7b28d None None] MySQL server mode set to STRICT_TRANS_TABLES,STRICT_ALL_TABLES,NO_ZERO_IN_DATE,NO_ZERO_DATE,ERROR_FOR_DIVISION_BY_ZERO,TRADITIONAL,NO_ENGINE_SUBSTITUTION {{(pid=99654) _check_effective_sql_mode /opt/stack/data/venv/lib/python3.12/site-packages/oslo_db/sqlalchemy/engines.py:325}}
May 20 05:22:51.268334 np0000175274 devstack@n-api.service[99654]: DEBUG oslo_db.sqlalchemy.engines [None req-536bfdd8-b0a0-4338-956f-772018c7b28d None None] MySQL server mode set to STRICT_TRANS_TABLES,STRICT_ALL_TABLES,NO_ZERO_IN_DATE,NO_ZERO_DATE,ERROR_FOR_DIVISION_BY_ZERO,TRADITIONAL,NO_ENGINE_SUBSTITUTION {{(pid=99654) _check_effective_sql_mode /opt/stack/data/venv/lib/python3.12/site-packages/oslo_db/sqlalchemy/engines.py:325}}
May 20 05:22:51.271774 np0000175274 devstack@n-api.service[99652]: DEBUG dbcounter [-] [99652] Writer thread running {{(pid=99652) stat_writer /opt/stack/data/venv/lib/python3.12/site-packages/dbcounter.py:102}}
May 20 05:22:51.272475 np0000175274 devstack@n-api.service[99652]: DEBUG dbcounter [-] [99652] Writer thread running {{(pid=99652) stat_writer /opt/stack/data/venv/lib/python3.12/site-packages/dbcounter.py:102}}
May 20 05:22:51.274802 np0000175274 devstack@n-api.service[99653]: DEBUG dbcounter [-] [99653] Writer thread running {{(pid=99653) stat_writer /opt/stack/data/venv/lib/python3.12/site-packages/dbcounter.py:102}}
May 20 05:22:51.278130 np0000175274 devstack@n-api.service[99653]: DEBUG dbcounter [-] [99653] Writer thread running {{(pid=99653) stat_writer /opt/stack/data/venv/lib/python3.12/site-packages/dbcounter.py:102}}
May 20 05:22:51.329624 np0000175274 devstack@n-api.service[99652]: INFO dbcounter [None req-6cbea502-ce6f-4ffb-922d-cb33381615f2 None None] Registered counter for database nova_cell0
May 20 05:22:51.330003 np0000175274 devstack@n-api.service[99653]: INFO dbcounter [None req-12750bc5-6e2a-4f43-96d3-d23a9a7fe57c None None] Registered counter for database nova_cell0
May 20 05:22:51.341176 np0000175274 devstack@n-api.service[99653]: DEBUG oslo_db.sqlalchemy.engines [None req-12750bc5-6e2a-4f43-96d3-d23a9a7fe57c None None] MySQL server mode set to STRICT_TRANS_TABLES,STRICT_ALL_TABLES,NO_ZERO_IN_DATE,NO_ZERO_DATE,ERROR_FOR_DIVISION_BY_ZERO,TRADITIONAL,NO_ENGINE_SUBSTITUTION {{(pid=99653) _check_effective_sql_mode /opt/stack/data/venv/lib/python3.12/site-packages/oslo_db/sqlalchemy/engines.py:325}}
May 20 05:22:51.346725 np0000175274 devstack@n-api.service[99652]: DEBUG oslo_db.sqlalchemy.engines [None req-6cbea502-ce6f-4ffb-922d-cb33381615f2 None None] MySQL server mode set to STRICT_TRANS_TABLES,STRICT_ALL_TABLES,NO_ZERO_IN_DATE,NO_ZERO_DATE,ERROR_FOR_DIVISION_BY_ZERO,TRADITIONAL,NO_ENGINE_SUBSTITUTION {{(pid=99652) _check_effective_sql_mode /opt/stack/data/venv/lib/python3.12/site-packages/oslo_db/sqlalchemy/engines.py:325}}
May 20 05:22:51.348435 np0000175274 devstack@n-api.service[99653]: DEBUG dbcounter [-] [99653] Writer thread running {{(pid=99653) stat_writer /opt/stack/data/venv/lib/python3.12/site-packages/dbcounter.py:102}}
May 20 05:22:51.352751 np0000175274 devstack@n-api.service[99652]: DEBUG dbcounter [-] [99652] Writer thread running {{(pid=99652) stat_writer /opt/stack/data/venv/lib/python3.12/site-packages/dbcounter.py:102}}
May 20 05:22:51.370267 np0000175274 devstack@n-api.service[99654]: DEBUG dbcounter [-] [99654] Writer thread running {{(pid=99654) stat_writer /opt/stack/data/venv/lib/python3.12/site-packages/dbcounter.py:102}}
May 20 05:22:51.371054 np0000175274 devstack@n-api.service[99654]: DEBUG dbcounter [-] [99654] Writer thread running {{(pid=99654) stat_writer /opt/stack/data/venv/lib/python3.12/site-packages/dbcounter.py:102}}
May 20 05:22:51.375783 np0000175274 devstack@n-api.service[99654]: INFO dbcounter [None req-536bfdd8-b0a0-4338-956f-772018c7b28d None None] Registered counter for database nova_cell0
May 20 05:22:51.388151 np0000175274 devstack@n-api.service[99654]: DEBUG oslo_db.sqlalchemy.engines [None req-536bfdd8-b0a0-4338-956f-772018c7b28d None None] MySQL server mode set to STRICT_TRANS_TABLES,STRICT_ALL_TABLES,NO_ZERO_IN_DATE,NO_ZERO_DATE,ERROR_FOR_DIVISION_BY_ZERO,TRADITIONAL,NO_ENGINE_SUBSTITUTION {{(pid=99654) _check_effective_sql_mode /opt/stack/data/venv/lib/python3.12/site-packages/oslo_db/sqlalchemy/engines.py:325}}
May 20 05:22:51.398198 np0000175274 devstack@n-api.service[99654]: DEBUG dbcounter [-] [99654] Writer thread running {{(pid=99654) stat_writer /opt/stack/data/venv/lib/python3.12/site-packages/dbcounter.py:102}}
May 20 05:22:51.708619 np0000175274 devstack@n-api.service[99655]: DEBUG oslo_concurrency.processutils [None req-96e7df5b-1b26-46e1-86d5-2daf16e7fc8c None None] Running cmd (subprocess): grep -F node.session.scan /sbin/iscsiadm {{(pid=99655) execute /opt/stack/data/venv/lib/python3.12/site-packages/oslo_concurrency/processutils.py:440}}
May 20 05:22:51.728360 np0000175274 devstack@n-api.service[99655]: DEBUG oslo_concurrency.processutils [None req-96e7df5b-1b26-46e1-86d5-2daf16e7fc8c None None] CMD "grep -F node.session.scan /sbin/iscsiadm" returned: 0 in 0.020s {{(pid=99655) execute /opt/stack/data/venv/lib/python3.12/site-packages/oslo_concurrency/processutils.py:468}}
May 20 05:22:51.795876 np0000175274 devstack@n-api.service[99653]: DEBUG oslo_concurrency.processutils [None req-12750bc5-6e2a-4f43-96d3-d23a9a7fe57c None None] Running cmd (subprocess): grep -F node.session.scan /sbin/iscsiadm {{(pid=99653) execute /opt/stack/data/venv/lib/python3.12/site-packages/oslo_concurrency/processutils.py:440}}
May 20 05:22:51.796404 np0000175274 devstack@n-api.service[99652]: DEBUG oslo_concurrency.processutils [None req-6cbea502-ce6f-4ffb-922d-cb33381615f2 None None] Running cmd (subprocess): grep -F node.session.scan /sbin/iscsiadm {{(pid=99652) execute /opt/stack/data/venv/lib/python3.12/site-packages/oslo_concurrency/processutils.py:440}}
May 20 05:22:51.814359 np0000175274 devstack@n-api.service[99652]: DEBUG oslo_concurrency.processutils [None req-6cbea502-ce6f-4ffb-922d-cb33381615f2 None None] CMD "grep -F node.session.scan /sbin/iscsiadm" returned: 0 in 0.018s {{(pid=99652) execute /opt/stack/data/venv/lib/python3.12/site-packages/oslo_concurrency/processutils.py:468}}
May 20 05:22:51.814667 np0000175274 devstack@n-api.service[99653]: DEBUG oslo_concurrency.processutils [None req-12750bc5-6e2a-4f43-96d3-d23a9a7fe57c None None] CMD "grep -F node.session.scan /sbin/iscsiadm" returned: 0 in 0.018s {{(pid=99653) execute /opt/stack/data/venv/lib/python3.12/site-packages/oslo_concurrency/processutils.py:468}}
May 20 05:22:51.836718 np0000175274 devstack@n-api.service[99654]: DEBUG oslo_concurrency.processutils [None req-536bfdd8-b0a0-4338-956f-772018c7b28d None None] Running cmd (subprocess): grep -F node.session.scan /sbin/iscsiadm {{(pid=99654) execute /opt/stack/data/venv/lib/python3.12/site-packages/oslo_concurrency/processutils.py:440}}
May 20 05:22:51.855888 np0000175274 devstack@n-api.service[99654]: DEBUG oslo_concurrency.processutils [None req-536bfdd8-b0a0-4338-956f-772018c7b28d None None] CMD "grep -F node.session.scan /sbin/iscsiadm" returned: 0 in 0.019s {{(pid=99654) execute /opt/stack/data/venv/lib/python3.12/site-packages/oslo_concurrency/processutils.py:468}}
May 20 05:22:52.320155 np0000175274 devstack@n-api.service[99655]: DEBUG nova.api.openstack.wsgi_app [None req-96e7df5b-1b26-46e1-86d5-2daf16e7fc8c None None] ******************************************************************************** {{(pid=99655) log_opt_values /opt/stack/data/venv/lib/python3.12/site-packages/oslo_config/cfg.py:3229}}
May 20 05:22:52.320969 np0000175274 devstack@n-api.service[99655]: DEBUG nova.api.openstack.wsgi_app [None req-96e7df5b-1b26-46e1-86d5-2daf16e7fc8c None None] Configuration options gathered from: {{(pid=99655) log_opt_values /opt/stack/data/venv/lib/python3.12/site-packages/oslo_config/cfg.py:3230}}
May 20 05:22:52.320969 np0000175274 devstack@n-api.service[99655]: DEBUG nova.api.openstack.wsgi_app [None req-96e7df5b-1b26-46e1-86d5-2daf16e7fc8c None None] command line args: [] {{(pid=99655) log_opt_values /opt/stack/data/venv/lib/python3.12/site-packages/oslo_config/cfg.py:3231}}
May 20 05:22:52.320969 np0000175274 devstack@n-api.service[99655]: DEBUG nova.api.openstack.wsgi_app [None req-96e7df5b-1b26-46e1-86d5-2daf16e7fc8c None None] config files: ['/etc/nova/api-paste.ini', '/etc/nova/nova.conf'] {{(pid=99655) log_opt_values /opt/stack/data/venv/lib/python3.12/site-packages/oslo_config/cfg.py:3232}}
May 20 05:22:52.320969 np0000175274 devstack@n-api.service[99655]: DEBUG nova.api.openstack.wsgi_app [None req-96e7df5b-1b26-46e1-86d5-2daf16e7fc8c None None] ================================================================================ {{(pid=99655) log_opt_values /opt/stack/data/venv/lib/python3.12/site-packages/oslo_config/cfg.py:3237}}
May 20 05:22:52.320969 np0000175274 devstack@n-api.service[99655]: DEBUG nova.api.openstack.wsgi_app [None req-96e7df5b-1b26-46e1-86d5-2daf16e7fc8c None None] allow_resize_to_same_host = True {{(pid=99655) log_opt_values /opt/stack/data/venv/lib/python3.12/site-packages/oslo_config/cfg.py:3245}}
May 20 05:22:52.321263 np0000175274 devstack@n-api.service[99655]: DEBUG nova.api.openstack.wsgi_app [None req-96e7df5b-1b26-46e1-86d5-2daf16e7fc8c None None] arq_binding_timeout = 300 {{(pid=99655) log_opt_values /opt/stack/data/venv/lib/python3.12/site-packages/oslo_config/cfg.py:3245}}
May 20 05:22:52.321263 np0000175274 devstack@n-api.service[99655]: DEBUG nova.api.openstack.wsgi_app [None req-96e7df5b-1b26-46e1-86d5-2daf16e7fc8c None None] block_device_allocate_retries = 60 {{(pid=99655) log_opt_values /opt/stack/data/venv/lib/python3.12/site-packages/oslo_config/cfg.py:3245}}
May 20 05:22:52.321440 np0000175274 devstack@n-api.service[99655]: DEBUG nova.api.openstack.wsgi_app [None req-96e7df5b-1b26-46e1-86d5-2daf16e7fc8c None None] block_device_allocate_retries_interval = 3 {{(pid=99655) log_opt_values /opt/stack/data/venv/lib/python3.12/site-packages/oslo_config/cfg.py:3245}}
May 20 05:22:52.321500 np0000175274 devstack@n-api.service[99655]: DEBUG nova.api.openstack.wsgi_app [None req-96e7df5b-1b26-46e1-86d5-2daf16e7fc8c None None] cell_worker_thread_pool_size = 5 {{(pid=99655) log_opt_values /opt/stack/data/venv/lib/python3.12/site-packages/oslo_config/cfg.py:3245}}
May 20 05:22:52.321771 np0000175274 devstack@n-api.service[99655]: DEBUG nova.api.openstack.wsgi_app [None req-96e7df5b-1b26-46e1-86d5-2daf16e7fc8c None None] cert = self.pem {{(pid=99655) log_opt_values /opt/stack/data/venv/lib/python3.12/site-packages/oslo_config/cfg.py:3245}}
May 20 05:22:52.321771 np0000175274 devstack@n-api.service[99655]: DEBUG nova.api.openstack.wsgi_app [None req-96e7df5b-1b26-46e1-86d5-2daf16e7fc8c None None] compute_driver = libvirt.LibvirtDriver {{(pid=99655) log_opt_values /opt/stack/data/venv/lib/python3.12/site-packages/oslo_config/cfg.py:3245}}
May 20 05:22:52.322001 np0000175274 devstack@n-api.service[99655]: DEBUG nova.api.openstack.wsgi_app [None req-96e7df5b-1b26-46e1-86d5-2daf16e7fc8c None None] compute_monitors = [] {{(pid=99655) log_opt_values /opt/stack/data/venv/lib/python3.12/site-packages/oslo_config/cfg.py:3245}}
May 20 05:22:52.322001 np0000175274 devstack@n-api.service[99655]: DEBUG nova.api.openstack.wsgi_app [None req-96e7df5b-1b26-46e1-86d5-2daf16e7fc8c None None] config_dir = [] {{(pid=99655) log_opt_values /opt/stack/data/venv/lib/python3.12/site-packages/oslo_config/cfg.py:3245}}
May 20 05:22:52.322342 np0000175274 devstack@n-api.service[99655]: DEBUG nova.api.openstack.wsgi_app [None req-96e7df5b-1b26-46e1-86d5-2daf16e7fc8c None None] config_drive_format = iso9660 {{(pid=99655) log_opt_values /opt/stack/data/venv/lib/python3.12/site-packages/oslo_config/cfg.py:3245}}
May 20 05:22:52.322342 np0000175274 devstack@n-api.service[99655]: DEBUG nova.api.openstack.wsgi_app [None req-96e7df5b-1b26-46e1-86d5-2daf16e7fc8c None None] config_file = ['/etc/nova/api-paste.ini', '/etc/nova/nova.conf'] {{(pid=99655) log_opt_values /opt/stack/data/venv/lib/python3.12/site-packages/oslo_config/cfg.py:3245}}
May 20 05:22:52.322732 np0000175274 devstack@n-api.service[99655]: DEBUG nova.api.openstack.wsgi_app [None req-96e7df5b-1b26-46e1-86d5-2daf16e7fc8c None None] config_source = [] {{(pid=99655) log_opt_values /opt/stack/data/venv/lib/python3.12/site-packages/oslo_config/cfg.py:3245}}
May 20 05:22:52.322732 np0000175274 devstack@n-api.service[99655]: DEBUG nova.api.openstack.wsgi_app [None req-96e7df5b-1b26-46e1-86d5-2daf16e7fc8c None None] console_host = np0000175274 {{(pid=99655) log_opt_values /opt/stack/data/venv/lib/python3.12/site-packages/oslo_config/cfg.py:3245}}
May 20 05:22:52.322732 np0000175274 devstack@n-api.service[99655]: DEBUG nova.api.openstack.wsgi_app [None req-96e7df5b-1b26-46e1-86d5-2daf16e7fc8c None None] control_exchange = nova {{(pid=99655) log_opt_values /opt/stack/data/venv/lib/python3.12/site-packages/oslo_config/cfg.py:3245}}
May 20 05:22:52.323192 np0000175274 devstack@n-api.service[99655]: DEBUG nova.api.openstack.wsgi_app [None req-96e7df5b-1b26-46e1-86d5-2daf16e7fc8c None None] cpu_allocation_ratio = None {{(pid=99655) log_opt_values /opt/stack/data/venv/lib/python3.12/site-packages/oslo_config/cfg.py:3245}}
May 20 05:22:52.323192 np0000175274 devstack@n-api.service[99655]: DEBUG nova.api.openstack.wsgi_app [None req-96e7df5b-1b26-46e1-86d5-2daf16e7fc8c None None] daemon = False {{(pid=99655) log_opt_values /opt/stack/data/venv/lib/python3.12/site-packages/oslo_config/cfg.py:3245}}
May 20 05:22:52.323192 np0000175274 devstack@n-api.service[99655]: DEBUG nova.api.openstack.wsgi_app [None req-96e7df5b-1b26-46e1-86d5-2daf16e7fc8c None None] debug = True {{(pid=99655) log_opt_values /opt/stack/data/venv/lib/python3.12/site-packages/oslo_config/cfg.py:3245}}
May 20 05:22:52.323192 np0000175274 devstack@n-api.service[99655]: DEBUG nova.api.openstack.wsgi_app [None req-96e7df5b-1b26-46e1-86d5-2daf16e7fc8c None None] default_access_ip_network_name = None {{(pid=99655) log_opt_values /opt/stack/data/venv/lib/python3.12/site-packages/oslo_config/cfg.py:3245}}
May 20 05:22:52.323416 np0000175274 devstack@n-api.service[99655]: DEBUG nova.api.openstack.wsgi_app [None req-96e7df5b-1b26-46e1-86d5-2daf16e7fc8c None None] default_availability_zone = nova {{(pid=99655) log_opt_values /opt/stack/data/venv/lib/python3.12/site-packages/oslo_config/cfg.py:3245}}
May 20 05:22:52.323416 np0000175274 devstack@n-api.service[99655]: DEBUG nova.api.openstack.wsgi_app [None req-96e7df5b-1b26-46e1-86d5-2daf16e7fc8c None None] default_ephemeral_format = ext4 {{(pid=99655) log_opt_values /opt/stack/data/venv/lib/python3.12/site-packages/oslo_config/cfg.py:3245}}
May 20 05:22:52.323542 np0000175274 devstack@n-api.service[99655]: DEBUG nova.api.openstack.wsgi_app [None req-96e7df5b-1b26-46e1-86d5-2daf16e7fc8c None None] default_green_pool_size = 1000 {{(pid=99655) log_opt_values /opt/stack/data/venv/lib/python3.12/site-packages/oslo_config/cfg.py:3245}}
May 20 05:22:52.323916 np0000175274 devstack@n-api.service[99655]: DEBUG nova.api.openstack.wsgi_app [None req-96e7df5b-1b26-46e1-86d5-2daf16e7fc8c None None] default_log_levels = ['amqp=WARN', 'boto=WARN', 'sqlalchemy=WARN', 'suds=INFO', 'oslo.messaging=INFO', 'oslo_messaging=INFO', 'iso8601=WARN', 'requests.packages.urllib3.connectionpool=WARN', 'urllib3.connectionpool=WARN', 'websocket=WARN', 'requests.packages.urllib3.util.retry=WARN', 'urllib3.util.retry=WARN', 'keystonemiddleware=WARN', 'routes.middleware=WARN', 'stevedore=WARN', 'taskflow=WARN', 'keystoneauth=WARN', 'oslo.cache=INFO', 'oslo_policy=INFO', 'dogpile.core.dogpile=INFO', 'glanceclient=WARN', 'oslo.privsep.daemon=INFO'] {{(pid=99655) log_opt_values /opt/stack/data/venv/lib/python3.12/site-packages/oslo_config/cfg.py:3245}}
May 20 05:22:52.323916 np0000175274 devstack@n-api.service[99655]: DEBUG nova.api.openstack.wsgi_app [None req-96e7df5b-1b26-46e1-86d5-2daf16e7fc8c None None] default_schedule_zone = None {{(pid=99655) log_opt_values /opt/stack/data/venv/lib/python3.12/site-packages/oslo_config/cfg.py:3245}}
May 20 05:22:52.324297 np0000175274 devstack@n-api.service[99655]: DEBUG nova.api.openstack.wsgi_app [None req-96e7df5b-1b26-46e1-86d5-2daf16e7fc8c None None] default_thread_pool_size = 10 {{(pid=99655) log_opt_values /opt/stack/data/venv/lib/python3.12/site-packages/oslo_config/cfg.py:3245}}
May 20 05:22:52.324297 np0000175274 devstack@n-api.service[99655]: DEBUG nova.api.openstack.wsgi_app [None req-96e7df5b-1b26-46e1-86d5-2daf16e7fc8c None None] disk_allocation_ratio = None {{(pid=99655) log_opt_values /opt/stack/data/venv/lib/python3.12/site-packages/oslo_config/cfg.py:3245}}
May 20 05:22:52.324297 np0000175274 devstack@n-api.service[99655]: DEBUG nova.api.openstack.wsgi_app [None req-96e7df5b-1b26-46e1-86d5-2daf16e7fc8c None None] enable_new_services = True {{(pid=99655) log_opt_values /opt/stack/data/venv/lib/python3.12/site-packages/oslo_config/cfg.py:3245}}
May 20 05:22:52.324620 np0000175274 devstack@n-api.service[99655]: DEBUG nova.api.openstack.wsgi_app [None req-96e7df5b-1b26-46e1-86d5-2daf16e7fc8c None None] flat_injected = False {{(pid=99655) log_opt_values /opt/stack/data/venv/lib/python3.12/site-packages/oslo_config/cfg.py:3245}}
May 20 05:22:52.324620 np0000175274 devstack@n-api.service[99655]: DEBUG nova.api.openstack.wsgi_app [None req-96e7df5b-1b26-46e1-86d5-2daf16e7fc8c None None] force_config_drive = False {{(pid=99655) log_opt_values /opt/stack/data/venv/lib/python3.12/site-packages/oslo_config/cfg.py:3245}}
May 20 05:22:52.324620 np0000175274 devstack@n-api.service[99655]: DEBUG nova.api.openstack.wsgi_app [None req-96e7df5b-1b26-46e1-86d5-2daf16e7fc8c None None] force_raw_images = True {{(pid=99655) log_opt_values /opt/stack/data/venv/lib/python3.12/site-packages/oslo_config/cfg.py:3245}}
May 20 05:22:52.324837 np0000175274 devstack@n-api.service[99655]: DEBUG nova.api.openstack.wsgi_app [None req-96e7df5b-1b26-46e1-86d5-2daf16e7fc8c None None] graceful_shutdown_timeout = 5 {{(pid=99655) log_opt_values /opt/stack/data/venv/lib/python3.12/site-packages/oslo_config/cfg.py:3245}}
May 20 05:22:52.324902 np0000175274 devstack@n-api.service[99655]: DEBUG nova.api.openstack.wsgi_app [None req-96e7df5b-1b26-46e1-86d5-2daf16e7fc8c None None] heal_instance_info_cache_interval = -1 {{(pid=99655) log_opt_values /opt/stack/data/venv/lib/python3.12/site-packages/oslo_config/cfg.py:3245}}
May 20 05:22:52.325073 np0000175274 devstack@n-api.service[99655]: DEBUG nova.api.openstack.wsgi_app [None req-96e7df5b-1b26-46e1-86d5-2daf16e7fc8c None None] host = np0000175274 {{(pid=99655) log_opt_values /opt/stack/data/venv/lib/python3.12/site-packages/oslo_config/cfg.py:3245}}
May 20 05:22:52.325217 np0000175274 devstack@n-api.service[99655]: DEBUG nova.api.openstack.wsgi_app [None req-96e7df5b-1b26-46e1-86d5-2daf16e7fc8c None None] initial_cpu_allocation_ratio = 4.0 {{(pid=99655) log_opt_values /opt/stack/data/venv/lib/python3.12/site-packages/oslo_config/cfg.py:3245}}
May 20 05:22:52.325364 np0000175274 devstack@n-api.service[99655]: DEBUG nova.api.openstack.wsgi_app [None req-96e7df5b-1b26-46e1-86d5-2daf16e7fc8c None None] initial_disk_allocation_ratio = 1.0 {{(pid=99655) log_opt_values /opt/stack/data/venv/lib/python3.12/site-packages/oslo_config/cfg.py:3245}}
May 20 05:22:52.325510 np0000175274 devstack@n-api.service[99655]: DEBUG nova.api.openstack.wsgi_app [None req-96e7df5b-1b26-46e1-86d5-2daf16e7fc8c None None] initial_ram_allocation_ratio = 1.0 {{(pid=99655) log_opt_values /opt/stack/data/venv/lib/python3.12/site-packages/oslo_config/cfg.py:3245}}
May 20 05:22:52.325660 np0000175274 devstack@n-api.service[99655]: DEBUG nova.api.openstack.wsgi_app [None req-96e7df5b-1b26-46e1-86d5-2daf16e7fc8c None None] injected_network_template = /opt/stack/nova/nova/virt/interfaces.template {{(pid=99655) log_opt_values /opt/stack/data/venv/lib/python3.12/site-packages/oslo_config/cfg.py:3245}}
May 20 05:22:52.325799 np0000175274 devstack@n-api.service[99655]: DEBUG nova.api.openstack.wsgi_app [None req-96e7df5b-1b26-46e1-86d5-2daf16e7fc8c None None] instance_build_timeout = 0 {{(pid=99655) log_opt_values /opt/stack/data/venv/lib/python3.12/site-packages/oslo_config/cfg.py:3245}}
May 20 05:22:52.325920 np0000175274 devstack@n-api.service[99655]: DEBUG nova.api.openstack.wsgi_app [None req-96e7df5b-1b26-46e1-86d5-2daf16e7fc8c None None] instance_delete_interval = 300 {{(pid=99655) log_opt_values /opt/stack/data/venv/lib/python3.12/site-packages/oslo_config/cfg.py:3245}}
May 20 05:22:52.326109 np0000175274 devstack@n-api.service[99655]: DEBUG nova.api.openstack.wsgi_app [None req-96e7df5b-1b26-46e1-86d5-2daf16e7fc8c None None] instance_format = [instance: %(uuid)s] {{(pid=99655) log_opt_values /opt/stack/data/venv/lib/python3.12/site-packages/oslo_config/cfg.py:3245}}
May 20 05:22:52.326180 np0000175274 devstack@n-api.service[99655]: DEBUG nova.api.openstack.wsgi_app [None req-96e7df5b-1b26-46e1-86d5-2daf16e7fc8c None None] instance_name_template = instance-%08x {{(pid=99655) log_opt_values /opt/stack/data/venv/lib/python3.12/site-packages/oslo_config/cfg.py:3245}}
May 20 05:22:52.326344 np0000175274 devstack@n-api.service[99655]: DEBUG nova.api.openstack.wsgi_app [None req-96e7df5b-1b26-46e1-86d5-2daf16e7fc8c None None] instance_usage_audit = False {{(pid=99655) log_opt_values /opt/stack/data/venv/lib/python3.12/site-packages/oslo_config/cfg.py:3245}}
May 20 05:22:52.326497 np0000175274 devstack@n-api.service[99655]: DEBUG nova.api.openstack.wsgi_app [None req-96e7df5b-1b26-46e1-86d5-2daf16e7fc8c None None] instance_usage_audit_period = month {{(pid=99655) log_opt_values /opt/stack/data/venv/lib/python3.12/site-packages/oslo_config/cfg.py:3245}}
May 20 05:22:52.326580 np0000175274 devstack@n-api.service[99655]: DEBUG nova.api.openstack.wsgi_app [None req-96e7df5b-1b26-46e1-86d5-2daf16e7fc8c None None] instance_uuid_format = [instance: %(uuid)s] {{(pid=99655) log_opt_values /opt/stack/data/venv/lib/python3.12/site-packages/oslo_config/cfg.py:3245}}
May 20 05:22:52.326733 np0000175274 devstack@n-api.service[99655]: DEBUG nova.api.openstack.wsgi_app [None req-96e7df5b-1b26-46e1-86d5-2daf16e7fc8c None None] instances_path = /opt/stack/data/nova/instances {{(pid=99655) log_opt_values /opt/stack/data/venv/lib/python3.12/site-packages/oslo_config/cfg.py:3245}}
May 20 05:22:52.326865 np0000175274 devstack@n-api.service[99653]: DEBUG nova.api.openstack.wsgi_app [None req-12750bc5-6e2a-4f43-96d3-d23a9a7fe57c None None] ******************************************************************************** {{(pid=99653) log_opt_values /opt/stack/data/venv/lib/python3.12/site-packages/oslo_config/cfg.py:3229}}
May 20 05:22:52.327389 np0000175274 devstack@n-api.service[99655]: DEBUG nova.api.openstack.wsgi_app [None req-96e7df5b-1b26-46e1-86d5-2daf16e7fc8c None None] internal_service_availability_zone = internal {{(pid=99655) log_opt_values /opt/stack/data/venv/lib/python3.12/site-packages/oslo_config/cfg.py:3245}}
May 20 05:22:52.327578 np0000175274 devstack@n-api.service[99653]: DEBUG nova.api.openstack.wsgi_app [None req-12750bc5-6e2a-4f43-96d3-d23a9a7fe57c None None] Configuration options gathered from: {{(pid=99653) log_opt_values /opt/stack/data/venv/lib/python3.12/site-packages/oslo_config/cfg.py:3230}}
May 20 05:22:52.327655 np0000175274 devstack@n-api.service[99655]: DEBUG nova.api.openstack.wsgi_app [None req-96e7df5b-1b26-46e1-86d5-2daf16e7fc8c None None] key = None {{(pid=99655) log_opt_values /opt/stack/data/venv/lib/python3.12/site-packages/oslo_config/cfg.py:3245}}
May 20 05:22:52.327708 np0000175274 devstack@n-api.service[99652]: DEBUG nova.api.openstack.wsgi_app [None req-6cbea502-ce6f-4ffb-922d-cb33381615f2 None None] ******************************************************************************** {{(pid=99652) log_opt_values /opt/stack/data/venv/lib/python3.12/site-packages/oslo_config/cfg.py:3229}}
May 20 05:22:52.327708 np0000175274 devstack@n-api.service[99652]: DEBUG nova.api.openstack.wsgi_app [None req-6cbea502-ce6f-4ffb-922d-cb33381615f2 None None] Configuration options gathered from: {{(pid=99652) log_opt_values /opt/stack/data/venv/lib/python3.12/site-packages/oslo_config/cfg.py:3230}}
May 20 05:22:52.328104 np0000175274 devstack@n-api.service[99655]: DEBUG nova.api.openstack.wsgi_app [None req-96e7df5b-1b26-46e1-86d5-2daf16e7fc8c None None] live_migration_retry_count = 30 {{(pid=99655) log_opt_values /opt/stack/data/venv/lib/python3.12/site-packages/oslo_config/cfg.py:3245}}
May 20 05:22:52.328104 np0000175274 devstack@n-api.service[99655]: DEBUG nova.api.openstack.wsgi_app [None req-96e7df5b-1b26-46e1-86d5-2daf16e7fc8c None None] log_color = False {{(pid=99655) log_opt_values /opt/stack/data/venv/lib/python3.12/site-packages/oslo_config/cfg.py:3245}}
May 20 05:22:52.328201 np0000175274 devstack@n-api.service[99653]: DEBUG nova.api.openstack.wsgi_app [None req-12750bc5-6e2a-4f43-96d3-d23a9a7fe57c None None] command line args: [] {{(pid=99653) log_opt_values /opt/stack/data/venv/lib/python3.12/site-packages/oslo_config/cfg.py:3231}}
May 20 05:22:52.328251 np0000175274 devstack@n-api.service[99655]: DEBUG nova.api.openstack.wsgi_app [None req-96e7df5b-1b26-46e1-86d5-2daf16e7fc8c None None] log_config_append = None {{(pid=99655) log_opt_values /opt/stack/data/venv/lib/python3.12/site-packages/oslo_config/cfg.py:3245}}
