Feb 17 22:39:33.795500 np0000156236 neutron-periodic-workers[105100]: DEBUG cotyledon.oslo_config_glue [-] ml2.tunnelled_network_rp_name = rp_tunnelled {{(pid=105100) log_opt_values /opt/stack/data/venv/lib/python3.12/site-packages/oslo_config/cfg.py:2824}}
Feb 17 22:39:33.795500 np0000156236 neutron-periodic-workers[105100]: DEBUG cotyledon.oslo_config_glue [-] ml2.type_drivers = ['local', 'flat', 'vlan', 'geneve'] {{(pid=105100) log_opt_values /opt/stack/data/venv/lib/python3.12/site-packages/oslo_config/cfg.py:2824}}
Feb 17 22:39:33.796023 np0000156236 neutron-periodic-workers[105100]: DEBUG cotyledon.oslo_config_glue [-] ml2_type_flat.flat_networks = ['public'] {{(pid=105100) log_opt_values /opt/stack/data/venv/lib/python3.12/site-packages/oslo_config/cfg.py:2824}}
Feb 17 22:39:33.796023 np0000156236 neutron-periodic-workers[105100]: DEBUG cotyledon.oslo_config_glue [-] ml2_type_geneve.max_header_size = 38 {{(pid=105100) log_opt_values /opt/stack/data/venv/lib/python3.12/site-packages/oslo_config/cfg.py:2824}}
Feb 17 22:39:33.796023 np0000156236 neutron-periodic-workers[105100]: DEBUG cotyledon.oslo_config_glue [-] ml2_type_geneve.vni_ranges = ['1:65536'] {{(pid=105100) log_opt_values /opt/stack/data/venv/lib/python3.12/site-packages/oslo_config/cfg.py:2824}}
Feb 17 22:39:33.796023 np0000156236 neutron-periodic-workers[105100]: DEBUG cotyledon.oslo_config_glue [-] ml2_type_vlan.network_vlan_ranges = ['public'] {{(pid=105100) log_opt_values /opt/stack/data/venv/lib/python3.12/site-packages/oslo_config/cfg.py:2824}}
Feb 17 22:39:33.796023 np0000156236 neutron-periodic-workers[105100]: DEBUG cotyledon.oslo_config_glue [-] network_log.burst_limit = 25 {{(pid=105100) log_opt_values /opt/stack/data/venv/lib/python3.12/site-packages/oslo_config/cfg.py:2824}}
Feb 17 22:39:33.796023 np0000156236 neutron-periodic-workers[105100]: DEBUG cotyledon.oslo_config_glue [-] network_log.local_output_log_base = None {{(pid=105100) log_opt_values /opt/stack/data/venv/lib/python3.12/site-packages/oslo_config/cfg.py:2824}}
Feb 17 22:39:33.796023 np0000156236 neutron-periodic-workers[105100]: DEBUG cotyledon.oslo_config_glue [-] network_log.rate_limit = 100 {{(pid=105100) log_opt_values /opt/stack/data/venv/lib/python3.12/site-packages/oslo_config/cfg.py:2824}}
Feb 17 22:39:33.796023 np0000156236 neutron-periodic-workers[105100]: DEBUG cotyledon.oslo_config_glue [-] database.asyncio_connection = **** {{(pid=105100) log_opt_values /opt/stack/data/venv/lib/python3.12/site-packages/oslo_config/cfg.py:2824}}
Feb 17 22:39:33.796023 np0000156236 neutron-periodic-workers[105100]: DEBUG cotyledon.oslo_config_glue [-] database.asyncio_slave_connection = **** {{(pid=105100) log_opt_values /opt/stack/data/venv/lib/python3.12/site-packages/oslo_config/cfg.py:2824}}
Feb 17 22:39:33.796427 np0000156236 neutron-periodic-workers[105100]: DEBUG cotyledon.oslo_config_glue [-] database.backend = sqlalchemy {{(pid=105100) log_opt_values /opt/stack/data/venv/lib/python3.12/site-packages/oslo_config/cfg.py:2824}}
Feb 17 22:39:33.796427 np0000156236 neutron-periodic-workers[105100]: DEBUG cotyledon.oslo_config_glue [-] database.connection = **** {{(pid=105100) log_opt_values /opt/stack/data/venv/lib/python3.12/site-packages/oslo_config/cfg.py:2824}}
Feb 17 22:39:33.796427 np0000156236 neutron-periodic-workers[105100]: DEBUG cotyledon.oslo_config_glue [-] database.connection_debug = 0 {{(pid=105100) log_opt_values /opt/stack/data/venv/lib/python3.12/site-packages/oslo_config/cfg.py:2824}}
Feb 17 22:39:33.796427 np0000156236 neutron-periodic-workers[105100]: DEBUG cotyledon.oslo_config_glue [-] database.connection_parameters = {{(pid=105100) log_opt_values /opt/stack/data/venv/lib/python3.12/site-packages/oslo_config/cfg.py:2824}}
Feb 17 22:39:33.796427 np0000156236 neutron-periodic-workers[105100]: DEBUG cotyledon.oslo_config_glue [-] database.connection_recycle_time = 3600 {{(pid=105100) log_opt_values /opt/stack/data/venv/lib/python3.12/site-packages/oslo_config/cfg.py:2824}}
Feb 17 22:39:33.796427 np0000156236 neutron-periodic-workers[105100]: DEBUG cotyledon.oslo_config_glue [-] database.connection_trace = False {{(pid=105100) log_opt_values /opt/stack/data/venv/lib/python3.12/site-packages/oslo_config/cfg.py:2824}}
Feb 17 22:39:33.796427 np0000156236 neutron-periodic-workers[105100]: DEBUG cotyledon.oslo_config_glue [-] database.db_inc_retry_interval = True {{(pid=105100) log_opt_values /opt/stack/data/venv/lib/python3.12/site-packages/oslo_config/cfg.py:2824}}
Feb 17 22:39:33.796427 np0000156236 neutron-periodic-workers[105100]: DEBUG cotyledon.oslo_config_glue [-] database.db_max_retries = 20 {{(pid=105100) log_opt_values /opt/stack/data/venv/lib/python3.12/site-packages/oslo_config/cfg.py:2824}}
Feb 17 22:39:33.796427 np0000156236 neutron-periodic-workers[105100]: DEBUG cotyledon.oslo_config_glue [-] database.db_max_retry_interval = 10 {{(pid=105100) log_opt_values /opt/stack/data/venv/lib/python3.12/site-packages/oslo_config/cfg.py:2824}}
Feb 17 22:39:33.796882 np0000156236 neutron-periodic-workers[105100]: DEBUG cotyledon.oslo_config_glue [-] database.db_retry_interval = 1 {{(pid=105100) log_opt_values /opt/stack/data/venv/lib/python3.12/site-packages/oslo_config/cfg.py:2824}}
Feb 17 22:39:33.796882 np0000156236 neutron-periodic-workers[105100]: DEBUG cotyledon.oslo_config_glue [-] database.max_overflow = 50 {{(pid=105100) log_opt_values /opt/stack/data/venv/lib/python3.12/site-packages/oslo_config/cfg.py:2824}}
Feb 17 22:39:33.796882 np0000156236 neutron-periodic-workers[105100]: DEBUG cotyledon.oslo_config_glue [-] database.max_pool_size = 5 {{(pid=105100) log_opt_values /opt/stack/data/venv/lib/python3.12/site-packages/oslo_config/cfg.py:2824}}
Feb 17 22:39:33.796882 np0000156236 neutron-periodic-workers[105100]: DEBUG cotyledon.oslo_config_glue [-] database.max_retries = 10 {{(pid=105100) log_opt_values /opt/stack/data/venv/lib/python3.12/site-packages/oslo_config/cfg.py:2824}}
Feb 17 22:39:33.796882 np0000156236 neutron-periodic-workers[105100]: DEBUG cotyledon.oslo_config_glue [-] database.mysql_sql_mode = TRADITIONAL {{(pid=105100) log_opt_values /opt/stack/data/venv/lib/python3.12/site-packages/oslo_config/cfg.py:2824}}
Feb 17 22:39:33.796882 np0000156236 neutron-periodic-workers[105100]: DEBUG cotyledon.oslo_config_glue [-] database.mysql_wsrep_sync_wait = None {{(pid=105100) log_opt_values /opt/stack/data/venv/lib/python3.12/site-packages/oslo_config/cfg.py:2824}}
Feb 17 22:39:33.796882 np0000156236 neutron-periodic-workers[105100]: DEBUG cotyledon.oslo_config_glue [-] database.pool_timeout = None {{(pid=105100) log_opt_values /opt/stack/data/venv/lib/python3.12/site-packages/oslo_config/cfg.py:2824}}
Feb 17 22:39:33.796882 np0000156236 neutron-periodic-workers[105100]: DEBUG cotyledon.oslo_config_glue [-] database.retry_interval = 10 {{(pid=105100) log_opt_values /opt/stack/data/venv/lib/python3.12/site-packages/oslo_config/cfg.py:2824}}
Feb 17 22:39:33.796882 np0000156236 neutron-periodic-workers[105100]: DEBUG cotyledon.oslo_config_glue [-] database.slave_connection = **** {{(pid=105100) log_opt_values /opt/stack/data/venv/lib/python3.12/site-packages/oslo_config/cfg.py:2824}}
Feb 17 22:39:33.797244 np0000156236 neutron-periodic-workers[105100]: DEBUG cotyledon.oslo_config_glue [-] database.sqlite_synchronous = True {{(pid=105100) log_opt_values /opt/stack/data/venv/lib/python3.12/site-packages/oslo_config/cfg.py:2824}}
Feb 17 22:39:33.797244 np0000156236 neutron-periodic-workers[105100]: DEBUG cotyledon.oslo_config_glue [-] database.synchronous_reader = True {{(pid=105100) log_opt_values /opt/stack/data/venv/lib/python3.12/site-packages/oslo_config/cfg.py:2824}}
Feb 17 22:39:33.797244 np0000156236 neutron-periodic-workers[105100]: DEBUG cotyledon.oslo_config_glue [-] database.use_db_reconnect = False {{(pid=105100) log_opt_values /opt/stack/data/venv/lib/python3.12/site-packages/oslo_config/cfg.py:2824}}
Feb 17 22:39:33.797244 np0000156236 neutron-periodic-workers[105100]: DEBUG cotyledon.oslo_config_glue [-] ovn.broadcast_arps_to_all_routers = True {{(pid=105100) log_opt_values /opt/stack/data/venv/lib/python3.12/site-packages/oslo_config/cfg.py:2824}}
Feb 17 22:39:33.797244 np0000156236 neutron-periodic-workers[105100]: DEBUG cotyledon.oslo_config_glue [-] ovn.dhcp_default_lease_time = 43200 {{(pid=105100) log_opt_values /opt/stack/data/venv/lib/python3.12/site-packages/oslo_config/cfg.py:2824}}
Feb 17 22:39:33.797244 np0000156236 neutron-periodic-workers[105100]: DEBUG cotyledon.oslo_config_glue [-] ovn.disable_ovn_dhcp_for_baremetal_ports = False {{(pid=105100) log_opt_values /opt/stack/data/venv/lib/python3.12/site-packages/oslo_config/cfg.py:2824}}
Feb 17 22:39:33.797244 np0000156236 neutron-periodic-workers[105100]: DEBUG cotyledon.oslo_config_glue [-] ovn.dns_records_ovn_owned = False {{(pid=105100) log_opt_values /opt/stack/data/venv/lib/python3.12/site-packages/oslo_config/cfg.py:2824}}
Feb 17 22:39:33.797244 np0000156236 neutron-periodic-workers[105100]: DEBUG cotyledon.oslo_config_glue [-] ovn.dns_servers = [] {{(pid=105100) log_opt_values /opt/stack/data/venv/lib/python3.12/site-packages/oslo_config/cfg.py:2824}}
Feb 17 22:39:33.797244 np0000156236 neutron-periodic-workers[105100]: DEBUG cotyledon.oslo_config_glue [-] ovn.enable_distributed_floating_ip = False {{(pid=105100) log_opt_values /opt/stack/data/venv/lib/python3.12/site-packages/oslo_config/cfg.py:2824}}
Feb 17 22:39:33.797648 np0000156236 neutron-periodic-workers[105100]: DEBUG cotyledon.oslo_config_glue [-] ovn.fdb_age_threshold = 0 {{(pid=105100) log_opt_values /opt/stack/data/venv/lib/python3.12/site-packages/oslo_config/cfg.py:2824}}
Feb 17 22:39:33.797648 np0000156236 neutron-periodic-workers[105100]: DEBUG cotyledon.oslo_config_glue [-] ovn.live_migration_activation_strategy = rarp {{(pid=105100) log_opt_values /opt/stack/data/venv/lib/python3.12/site-packages/oslo_config/cfg.py:2824}}
Feb 17 22:39:33.797648 np0000156236 neutron-periodic-workers[105100]: DEBUG cotyledon.oslo_config_glue [-] ovn.localnet_learn_fdb = False {{(pid=105100) log_opt_values /opt/stack/data/venv/lib/python3.12/site-packages/oslo_config/cfg.py:2824}}
Feb 17 22:39:33.797648 np0000156236 neutron-periodic-workers[105100]: DEBUG cotyledon.oslo_config_glue [-] ovn.mac_binding_age_threshold = 0 {{(pid=105100) log_opt_values /opt/stack/data/venv/lib/python3.12/site-packages/oslo_config/cfg.py:2824}}
Feb 17 22:39:33.797648 np0000156236 neutron-periodic-workers[105100]: DEBUG cotyledon.oslo_config_glue [-] ovn.neutron_sync_mode = log {{(pid=105100) log_opt_values /opt/stack/data/venv/lib/python3.12/site-packages/oslo_config/cfg.py:2824}}
Feb 17 22:39:33.797648 np0000156236 neutron-periodic-workers[105100]: DEBUG cotyledon.oslo_config_glue [-] ovn.ovn_dhcp4_global_options = {} {{(pid=105100) log_opt_values /opt/stack/data/venv/lib/python3.12/site-packages/oslo_config/cfg.py:2824}}
Feb 17 22:39:33.797648 np0000156236 neutron-periodic-workers[105100]: DEBUG cotyledon.oslo_config_glue [-] ovn.ovn_dhcp6_global_options = {} {{(pid=105100) log_opt_values /opt/stack/data/venv/lib/python3.12/site-packages/oslo_config/cfg.py:2824}}
Feb 17 22:39:33.797648 np0000156236 neutron-periodic-workers[105100]: DEBUG cotyledon.oslo_config_glue [-] ovn.ovn_l3_scheduler = leastloaded {{(pid=105100) log_opt_values /opt/stack/data/venv/lib/python3.12/site-packages/oslo_config/cfg.py:2824}}
Feb 17 22:39:33.797648 np0000156236 neutron-periodic-workers[105100]: DEBUG cotyledon.oslo_config_glue [-] ovn.ovn_metadata_enabled = True {{(pid=105100) log_opt_values /opt/stack/data/venv/lib/python3.12/site-packages/oslo_config/cfg.py:2824}}
Feb 17 22:39:33.798081 np0000156236 neutron-periodic-workers[105100]: DEBUG cotyledon.oslo_config_glue [-] ovn.ovn_nb_ca_cert = /opt/stack/data/CA/int-ca/ca-chain.pem {{(pid=105100) log_opt_values /opt/stack/data/venv/lib/python3.12/site-packages/oslo_config/cfg.py:2824}}
Feb 17 22:39:33.798081 np0000156236 neutron-periodic-workers[105100]: DEBUG cotyledon.oslo_config_glue [-] ovn.ovn_nb_certificate = /opt/stack/data/CA/int-ca/devstack-cert.crt {{(pid=105100) log_opt_values /opt/stack/data/venv/lib/python3.12/site-packages/oslo_config/cfg.py:2824}}
Feb 17 22:39:33.798081 np0000156236 neutron-periodic-workers[105100]: DEBUG cotyledon.oslo_config_glue [-] ovn.ovn_nb_connection = ['ssl:162.253.55.207:6641'] {{(pid=105100) log_opt_values /opt/stack/data/venv/lib/python3.12/site-packages/oslo_config/cfg.py:2824}}
Feb 17 22:39:33.798081 np0000156236 neutron-periodic-workers[105100]: DEBUG cotyledon.oslo_config_glue [-] ovn.ovn_nb_private_key = /opt/stack/data/CA/int-ca/private/devstack-cert.key {{(pid=105100) log_opt_values /opt/stack/data/venv/lib/python3.12/site-packages/oslo_config/cfg.py:2824}}
Feb 17 22:39:33.798081 np0000156236 neutron-periodic-workers[105100]: DEBUG cotyledon.oslo_config_glue [-] ovn.ovn_router_indirect_snat = False {{(pid=105100) log_opt_values /opt/stack/data/venv/lib/python3.12/site-packages/oslo_config/cfg.py:2824}}
Feb 17 22:39:33.798081 np0000156236 neutron-periodic-workers[105100]: DEBUG cotyledon.oslo_config_glue [-] ovn.ovn_sb_ca_cert = /opt/stack/data/CA/int-ca/ca-chain.pem {{(pid=105100) log_opt_values /opt/stack/data/venv/lib/python3.12/site-packages/oslo_config/cfg.py:2824}}
Feb 17 22:39:33.798081 np0000156236 neutron-periodic-workers[105100]: DEBUG cotyledon.oslo_config_glue [-] ovn.ovn_sb_certificate = /opt/stack/data/CA/int-ca/devstack-cert.crt {{(pid=105100) log_opt_values /opt/stack/data/venv/lib/python3.12/site-packages/oslo_config/cfg.py:2824}}
Feb 17 22:39:33.798081 np0000156236 neutron-periodic-workers[105100]: DEBUG cotyledon.oslo_config_glue [-] ovn.ovn_sb_connection = ['ssl:162.253.55.207:6642'] {{(pid=105100) log_opt_values /opt/stack/data/venv/lib/python3.12/site-packages/oslo_config/cfg.py:2824}}
Feb 17 22:39:33.798443 np0000156236 neutron-periodic-workers[105100]: DEBUG cotyledon.oslo_config_glue [-] ovn.ovn_sb_private_key = /opt/stack/data/CA/int-ca/private/devstack-cert.key {{(pid=105100) log_opt_values /opt/stack/data/venv/lib/python3.12/site-packages/oslo_config/cfg.py:2824}}
Feb 17 22:39:33.798443 np0000156236 neutron-periodic-workers[105100]: DEBUG cotyledon.oslo_config_glue [-] ovn.ovs_create_tap = False {{(pid=105100) log_opt_values /opt/stack/data/venv/lib/python3.12/site-packages/oslo_config/cfg.py:2824}}
Feb 17 22:39:33.798443 np0000156236 neutron-periodic-workers[105100]: DEBUG cotyledon.oslo_config_glue [-] ovn.ovsdb_connection_timeout = 180 {{(pid=105100) log_opt_values /opt/stack/data/venv/lib/python3.12/site-packages/oslo_config/cfg.py:2824}}
Feb 17 22:39:33.798443 np0000156236 neutron-periodic-workers[105100]: DEBUG cotyledon.oslo_config_glue [-] ovn.ovsdb_log_level = INFO {{(pid=105100) log_opt_values /opt/stack/data/venv/lib/python3.12/site-packages/oslo_config/cfg.py:2824}}
Feb 17 22:39:33.798443 np0000156236 neutron-periodic-workers[105100]: DEBUG cotyledon.oslo_config_glue [-] ovn.ovsdb_probe_interval = 60000 {{(pid=105100) log_opt_values /opt/stack/data/venv/lib/python3.12/site-packages/oslo_config/cfg.py:2824}}
Feb 17 22:39:33.798443 np0000156236 neutron-periodic-workers[105100]: DEBUG cotyledon.oslo_config_glue [-] ovn.ovsdb_retry_max_interval = 180 {{(pid=105100) log_opt_values /opt/stack/data/venv/lib/python3.12/site-packages/oslo_config/cfg.py:2824}}
Feb 17 22:39:33.798443 np0000156236 neutron-periodic-workers[105100]: DEBUG cotyledon.oslo_config_glue [-] ovn.stateless_nat_enabled = False {{(pid=105100) log_opt_values /opt/stack/data/venv/lib/python3.12/site-packages/oslo_config/cfg.py:2824}}
Feb 17 22:39:33.798443 np0000156236 neutron-periodic-workers[105100]: DEBUG cotyledon.oslo_config_glue [-] ovn.vhost_sock_dir = /var/run/openvswitch {{(pid=105100) log_opt_values /opt/stack/data/venv/lib/python3.12/site-packages/oslo_config/cfg.py:2824}}
Feb 17 22:39:33.798443 np0000156236 neutron-periodic-workers[105100]: DEBUG cotyledon.oslo_config_glue [-] OVS.bridge_mac_table_size = 50000 {{(pid=105100) log_opt_values /opt/stack/data/venv/lib/python3.12/site-packages/oslo_config/cfg.py:2824}}
Feb 17 22:39:33.798849 np0000156236 neutron-periodic-workers[105100]: DEBUG cotyledon.oslo_config_glue [-] OVS.igmp_flood = False {{(pid=105100) log_opt_values /opt/stack/data/venv/lib/python3.12/site-packages/oslo_config/cfg.py:2824}}
Feb 17 22:39:33.798849 np0000156236 neutron-periodic-workers[105100]: DEBUG cotyledon.oslo_config_glue [-] OVS.igmp_flood_reports = True {{(pid=105100) log_opt_values /opt/stack/data/venv/lib/python3.12/site-packages/oslo_config/cfg.py:2824}}
Feb 17 22:39:33.798849 np0000156236 neutron-periodic-workers[105100]: DEBUG cotyledon.oslo_config_glue [-] OVS.igmp_flood_unregistered = False {{(pid=105100) log_opt_values /opt/stack/data/venv/lib/python3.12/site-packages/oslo_config/cfg.py:2824}}
Feb 17 22:39:33.798849 np0000156236 neutron-periodic-workers[105100]: DEBUG cotyledon.oslo_config_glue [-] OVS.igmp_snooping_enable = False {{(pid=105100) log_opt_values /opt/stack/data/venv/lib/python3.12/site-packages/oslo_config/cfg.py:2824}}
Feb 17 22:39:33.798849 np0000156236 neutron-periodic-workers[105100]: DEBUG cotyledon.oslo_config_glue [-] OVS.ovsdb_timeout = 10 {{(pid=105100) log_opt_values /opt/stack/data/venv/lib/python3.12/site-packages/oslo_config/cfg.py:2824}}
Feb 17 22:39:33.798849 np0000156236 neutron-periodic-workers[105100]: DEBUG cotyledon.oslo_config_glue [-] ovn_nb_global.fdb_removal_limit = 0 {{(pid=105100) log_opt_values /opt/stack/data/venv/lib/python3.12/site-packages/oslo_config/cfg.py:2824}}
Feb 17 22:39:33.798849 np0000156236 neutron-periodic-workers[105100]: DEBUG cotyledon.oslo_config_glue [-] ovn_nb_global.ignore_lsp_down = False {{(pid=105100) log_opt_values /opt/stack/data/venv/lib/python3.12/site-packages/oslo_config/cfg.py:2824}}
Feb 17 22:39:33.798849 np0000156236 neutron-periodic-workers[105100]: DEBUG cotyledon.oslo_config_glue [-] ovn_nb_global.mac_binding_removal_limit = 0 {{(pid=105100) log_opt_values /opt/stack/data/venv/lib/python3.12/site-packages/oslo_config/cfg.py:2824}}
Feb 17 22:39:33.798849 np0000156236 neutron-periodic-workers[105100]: DEBUG cotyledon.oslo_config_glue [-] ******************************************************************************** {{(pid=105100) log_opt_values /opt/stack/data/venv/lib/python3.12/site-packages/oslo_config/cfg.py:2828}}
Feb 17 22:39:33.799236 np0000156236 neutron-periodic-workers[105100]: DEBUG cotyledon._service_worker [-] Run service ServiceWrapper(0) [105100] {{(pid=105100) wait_forever /opt/stack/data/venv/lib/python3.12/site-packages/cotyledon/_service_worker.py:218}}
Feb 17 22:39:43.414477 np0000156236 neutron-periodic-workers[104434]: DEBUG dbcounter [-] [104434] Writing DB stats neutron:SELECT=4 {{(pid=104434) stat_writer /opt/stack/data/venv/lib/python3.12/site-packages/dbcounter.py:115}}
Feb 17 22:40:12.762285 np0000156236 neutron-periodic-workers[105080]: DEBUG oslo_db.sqlalchemy.engines [None req-c60fa4ab-0f1f-40ca-86e5-e5835205a1fd None None] Parent process 104434 forked (105080) with an open database connection, which is being discarded and recreated. {{(pid=105080) checkout /opt/stack/data/venv/lib/python3.12/site-packages/oslo_db/sqlalchemy/engines.py:402}}
Feb 17 22:40:12.769112 np0000156236 neutron-periodic-workers[105080]: DEBUG dbcounter [-] [105080] Writer thread running {{(pid=105080) stat_writer /opt/stack/data/venv/lib/python3.12/site-packages/dbcounter.py:102}}
Feb 17 22:40:12.775281 np0000156236 neutron-periodic-workers[105080]: DEBUG neutron.db.agents_db [None req-c60fa4ab-0f1f-40ca-86e5-e5835205a1fd None None] Agent healthcheck: found 0 active agents {{(pid=105080) agent_health_check /opt/stack/neutron/neutron/db/agents_db.py:317}}
Feb 17 22:40:12.775648 np0000156236 neutron-periodic-workers[105080]: DEBUG oslo.service.backend._threading.loopingcall [None req-c60fa4ab-0f1f-40ca-86e5-e5835205a1fd None None] Fixed interval looping call 'neutron.plugins.ml2.plugin.AgentDbMixin.agent_health_check' sleeping for 36.98 seconds {{(pid=105080) _run_loop /opt/stack/data/venv/lib/python3.12/site-packages/oslo_service/backend/_threading/loopingcall.py:125}}
Feb 17 22:40:32.769786 np0000156236 neutron-periodic-workers[105080]: DEBUG dbcounter [-] [105080] Writing DB stats neutron:SELECT=1 {{(pid=105080) stat_writer /opt/stack/data/venv/lib/python3.12/site-packages/dbcounter.py:115}}
Feb 17 22:40:45.747632 np0000156236 neutron-periodic-workers[105072]: DEBUG dbcounter [-] [105072] Writer thread running {{(pid=105072) stat_writer /opt/stack/data/venv/lib/python3.12/site-packages/dbcounter.py:102}}
Feb 17 22:40:45.758988 np0000156236 neutron-periodic-workers[105072]: DEBUG oslo.service.backend._threading.loopingcall [None req-c3c3cf24-1c89-4c79-8ec6-376c06779ffc None None] Fixed interval looping call 'neutron.plugins.ml2.plugin.DhcpAgentSchedulerDbMixin.remove_networks_from_down_agents' sleeping for 36.98 seconds {{(pid=105072) _run_loop /opt/stack/data/venv/lib/python3.12/site-packages/oslo_service/backend/_threading/loopingcall.py:125}}
Feb 17 22:40:49.761016 np0000156236 neutron-periodic-workers[105080]: DEBUG neutron.db.agents_db [None req-c60fa4ab-0f1f-40ca-86e5-e5835205a1fd None None] Agent healthcheck: found 0 active agents {{(pid=105080) agent_health_check /opt/stack/neutron/neutron/db/agents_db.py:317}}
Feb 17 22:40:49.761687 np0000156236 neutron-periodic-workers[105080]: DEBUG oslo.service.backend._threading.loopingcall [None req-c60fa4ab-0f1f-40ca-86e5-e5835205a1fd None None] Fixed interval looping call 'neutron.plugins.ml2.plugin.AgentDbMixin.agent_health_check' sleeping for 36.99 seconds {{(pid=105080) _run_loop /opt/stack/data/venv/lib/python3.12/site-packages/oslo_service/backend/_threading/loopingcall.py:125}}
Feb 17 22:40:55.756605 np0000156236 neutron-periodic-workers[105072]: DEBUG dbcounter [-] [105072] Writing DB stats neutron:SELECT=3 {{(pid=105072) stat_writer /opt/stack/data/venv/lib/python3.12/site-packages/dbcounter.py:115}}
Feb 17 22:40:59.759404 np0000156236 neutron-periodic-workers[105080]: DEBUG dbcounter [-] [105080] Writing DB stats neutron:SELECT=1 {{(pid=105080) stat_writer /opt/stack/data/venv/lib/python3.12/site-packages/dbcounter.py:115}}
Feb 17 22:41:22.749043 np0000156236 neutron-periodic-workers[105072]: DEBUG oslo.service.backend._threading.loopingcall [None req-c3c3cf24-1c89-4c79-8ec6-376c06779ffc None None] Fixed interval looping call 'neutron.plugins.ml2.plugin.DhcpAgentSchedulerDbMixin.remove_networks_from_down_agents' sleeping for 36.99 seconds {{(pid=105072) _run_loop /opt/stack/data/venv/lib/python3.12/site-packages/oslo_service/backend/_threading/loopingcall.py:125}}
Feb 17 22:41:22.824874 np0000156236 neutron-periodic-workers[105100]: DEBUG dbcounter [-] [105100] Writer thread running {{(pid=105100) stat_writer /opt/stack/data/venv/lib/python3.12/site-packages/dbcounter.py:102}}
Feb 17 22:41:22.835941 np0000156236 neutron-periodic-workers[105100]: DEBUG oslo.service.backend._threading.loopingcall [None req-977609f9-ce17-4233-b5d7-a52a214eef54 None None] Fixed interval looping call 'neutron.services.ovn_l3.plugin.L3_NAT_dbonly_mixin._clean_garbage' sleeping for 299.95 seconds {{(pid=105100) _run_loop /opt/stack/data/venv/lib/python3.12/site-packages/oslo_service/backend/_threading/loopingcall.py:125}}
Feb 17 22:41:26.756189 np0000156236 neutron-periodic-workers[105080]: DEBUG neutron.db.agents_db [None req-c60fa4ab-0f1f-40ca-86e5-e5835205a1fd None None] Agent healthcheck: found 0 active agents {{(pid=105080) agent_health_check /opt/stack/neutron/neutron/db/agents_db.py:317}}
Feb 17 22:41:26.756189 np0000156236 neutron-periodic-workers[105080]: DEBUG oslo.service.backend._threading.loopingcall [None req-c60fa4ab-0f1f-40ca-86e5-e5835205a1fd None None] Fixed interval looping call 'neutron.plugins.ml2.plugin.AgentDbMixin.agent_health_check' sleeping for 37.00 seconds {{(pid=105080) _run_loop /opt/stack/data/venv/lib/python3.12/site-packages/oslo_service/backend/_threading/loopingcall.py:125}}
Feb 17 22:41:32.748257 np0000156236 neutron-periodic-workers[105072]: DEBUG dbcounter [-] [105072] Writing DB stats neutron:SELECT=3 {{(pid=105072) stat_writer /opt/stack/data/venv/lib/python3.12/site-packages/dbcounter.py:115}}
Feb 17 22:41:32.825697 np0000156236 neutron-periodic-workers[105100]: DEBUG dbcounter [-] [105100] Writing DB stats neutron:SELECT=1 {{(pid=105100) stat_writer /opt/stack/data/venv/lib/python3.12/site-packages/dbcounter.py:115}}
Feb 17 22:41:33.787390 np0000156236 neutron-periodic-workers[105090]: DEBUG dbcounter [-] [105090] Writer thread running {{(pid=105090) stat_writer /opt/stack/data/venv/lib/python3.12/site-packages/dbcounter.py:102}}
Feb 17 22:41:33.790080 np0000156236 neutron-periodic-workers[105090]: DEBUG oslo.service.backend._threading.loopingcall [None req-a236eccb-1abb-481e-8651-5d4a18409920 None None] Fixed interval looping call 'neutron.db.quota.driver_nolock.DbQuotaNoLockDriver._remove_expired_reservations' sleeping for 119.98 seconds {{(pid=105090) _run_loop /opt/stack/data/venv/lib/python3.12/site-packages/oslo_service/backend/_threading/loopingcall.py:125}}
Feb 17 22:41:36.754662 np0000156236 neutron-periodic-workers[105080]: DEBUG dbcounter [-] [105080] Writing DB stats neutron:SELECT=1 {{(pid=105080) stat_writer /opt/stack/data/venv/lib/python3.12/site-packages/dbcounter.py:115}}
Feb 17 22:41:53.788175 np0000156236 neutron-periodic-workers[105090]: DEBUG dbcounter [-] [105090] Writing DB stats neutron:DELETE=1 {{(pid=105090) stat_writer /opt/stack/data/venv/lib/python3.12/site-packages/dbcounter.py:115}}
Feb 17 22:41:59.748997 np0000156236 neutron-periodic-workers[105072]: DEBUG oslo.service.backend._threading.loopingcall [None req-c3c3cf24-1c89-4c79-8ec6-376c06779ffc None None] Fixed interval looping call 'neutron.plugins.ml2.plugin.DhcpAgentSchedulerDbMixin.remove_networks_from_down_agents' sleeping for 36.99 seconds {{(pid=105072) _run_loop /opt/stack/data/venv/lib/python3.12/site-packages/oslo_service/backend/_threading/loopingcall.py:125}}
Feb 17 22:42:03.761845 np0000156236 neutron-periodic-workers[105080]: DEBUG neutron.db.agents_db [None req-c60fa4ab-0f1f-40ca-86e5-e5835205a1fd None None] Agent healthcheck: found 0 active agents {{(pid=105080) agent_health_check /opt/stack/neutron/neutron/db/agents_db.py:317}}
Feb 17 22:42:03.762348 np0000156236 neutron-periodic-workers[105080]: DEBUG oslo.service.backend._threading.loopingcall [None req-c60fa4ab-0f1f-40ca-86e5-e5835205a1fd None None] Fixed interval looping call 'neutron.plugins.ml2.plugin.AgentDbMixin.agent_health_check' sleeping for 36.99 seconds {{(pid=105080) _run_loop /opt/stack/data/venv/lib/python3.12/site-packages/oslo_service/backend/_threading/loopingcall.py:125}}
Feb 17 22:42:09.747097 np0000156236 neutron-periodic-workers[105072]: DEBUG dbcounter [-] [105072] Writing DB stats neutron:SELECT=3 {{(pid=105072) stat_writer /opt/stack/data/venv/lib/python3.12/site-packages/dbcounter.py:115}}
Feb 17 22:42:13.760502 np0000156236 neutron-periodic-workers[105080]: DEBUG dbcounter [-] [105080] Writing DB stats neutron:SELECT=1 {{(pid=105080) stat_writer /opt/stack/data/venv/lib/python3.12/site-packages/dbcounter.py:115}}
Feb 17 22:42:36.749318 np0000156236 neutron-periodic-workers[105072]: DEBUG oslo.service.backend._threading.loopingcall [None req-c3c3cf24-1c89-4c79-8ec6-376c06779ffc None None] Fixed interval looping call 'neutron.plugins.ml2.plugin.DhcpAgentSchedulerDbMixin.remove_networks_from_down_agents' sleeping for 36.99 seconds {{(pid=105072) _run_loop /opt/stack/data/venv/lib/python3.12/site-packages/oslo_service/backend/_threading/loopingcall.py:125}}
Feb 17 22:42:40.757261 np0000156236 neutron-periodic-workers[105080]: DEBUG neutron.db.agents_db [None req-c60fa4ab-0f1f-40ca-86e5-e5835205a1fd None None] Agent healthcheck: found 0 active agents {{(pid=105080) agent_health_check /opt/stack/neutron/neutron/db/agents_db.py:317}}
Feb 17 22:42:40.758038 np0000156236 neutron-periodic-workers[105080]: DEBUG oslo.service.backend._threading.loopingcall [None req-c60fa4ab-0f1f-40ca-86e5-e5835205a1fd None None] Fixed interval looping call 'neutron.plugins.ml2.plugin.AgentDbMixin.agent_health_check' sleeping for 36.99 seconds {{(pid=105080) _run_loop /opt/stack/data/venv/lib/python3.12/site-packages/oslo_service/backend/_threading/loopingcall.py:125}}
Feb 17 22:42:46.748223 np0000156236 neutron-periodic-workers[105072]: DEBUG dbcounter [-] [105072] Writing DB stats neutron:SELECT=3 {{(pid=105072) stat_writer /opt/stack/data/venv/lib/python3.12/site-packages/dbcounter.py:115}}
Feb 17 22:42:50.755422 np0000156236 neutron-periodic-workers[105080]: DEBUG dbcounter [-] [105080] Writing DB stats neutron:SELECT=1 {{(pid=105080) stat_writer /opt/stack/data/venv/lib/python3.12/site-packages/dbcounter.py:115}}
Feb 17 22:43:13.749084 np0000156236 neutron-periodic-workers[105072]: DEBUG oslo.service.backend._threading.loopingcall [None req-c3c3cf24-1c89-4c79-8ec6-376c06779ffc None None] Fixed interval looping call 'neutron.plugins.ml2.plugin.DhcpAgentSchedulerDbMixin.remove_networks_from_down_agents' sleeping for 36.99 seconds {{(pid=105072) _run_loop /opt/stack/data/venv/lib/python3.12/site-packages/oslo_service/backend/_threading/loopingcall.py:125}}
Feb 17 22:43:17.753227 np0000156236 neutron-periodic-workers[105080]: DEBUG neutron.db.agents_db [None req-c60fa4ab-0f1f-40ca-86e5-e5835205a1fd None None] Agent healthcheck: found 0 active agents {{(pid=105080) agent_health_check /opt/stack/neutron/neutron/db/agents_db.py:317}}
Feb 17 22:43:17.753227 np0000156236 neutron-periodic-workers[105080]: DEBUG oslo.service.backend._threading.loopingcall [None req-c60fa4ab-0f1f-40ca-86e5-e5835205a1fd None None] Fixed interval looping call 'neutron.plugins.ml2.plugin.AgentDbMixin.agent_health_check' sleeping for 36.99 seconds {{(pid=105080) _run_loop /opt/stack/data/venv/lib/python3.12/site-packages/oslo_service/backend/_threading/loopingcall.py:125}}
Feb 17 22:43:23.748323 np0000156236 neutron-periodic-workers[105072]: DEBUG dbcounter [-] [105072] Writing DB stats neutron:SELECT=3 {{(pid=105072) stat_writer /opt/stack/data/venv/lib/python3.12/site-packages/dbcounter.py:115}}
Feb 17 22:43:27.751720 np0000156236 neutron-periodic-workers[105080]: DEBUG dbcounter [-] [105080] Writing DB stats neutron:SELECT=1 {{(pid=105080) stat_writer /opt/stack/data/venv/lib/python3.12/site-packages/dbcounter.py:115}}
Feb 17 22:43:33.778583 np0000156236 neutron-periodic-workers[105090]: DEBUG oslo.service.backend._threading.loopingcall [None req-a236eccb-1abb-481e-8651-5d4a18409920 None None] Fixed interval looping call 'neutron.db.quota.driver_nolock.DbQuotaNoLockDriver._remove_expired_reservations' sleeping for 119.99 seconds {{(pid=105090) _run_loop /opt/stack/data/venv/lib/python3.12/site-packages/oslo_service/backend/_threading/loopingcall.py:125}}
Feb 17 22:43:43.776974 np0000156236 neutron-periodic-workers[105090]: DEBUG dbcounter [-] [105090] Writing DB stats neutron:DELETE=1 {{(pid=105090) stat_writer /opt/stack/data/venv/lib/python3.12/site-packages/dbcounter.py:115}}
Feb 17 22:43:50.747784 np0000156236 neutron-periodic-workers[105072]: DEBUG oslo.service.backend._threading.loopingcall [None req-c3c3cf24-1c89-4c79-8ec6-376c06779ffc None None] Fixed interval looping call 'neutron.plugins.ml2.plugin.DhcpAgentSchedulerDbMixin.remove_networks_from_down_agents' sleeping for 36.99 seconds {{(pid=105072) _run_loop /opt/stack/data/venv/lib/python3.12/site-packages/oslo_service/backend/_threading/loopingcall.py:125}}
Feb 17 22:43:54.749215 np0000156236 neutron-periodic-workers[105080]: DEBUG neutron.db.agents_db [None req-c60fa4ab-0f1f-40ca-86e5-e5835205a1fd None None] Agent healthcheck: found 0 active agents {{(pid=105080) agent_health_check /opt/stack/neutron/neutron/db/agents_db.py:317}}
Feb 17 22:43:54.749883 np0000156236 neutron-periodic-workers[105080]: DEBUG oslo.service.backend._threading.loopingcall [None req-c60fa4ab-0f1f-40ca-86e5-e5835205a1fd None None] Fixed interval looping call 'neutron.plugins.ml2.plugin.AgentDbMixin.agent_health_check' sleeping for 36.99 seconds {{(pid=105080) _run_loop /opt/stack/data/venv/lib/python3.12/site-packages/oslo_service/backend/_threading/loopingcall.py:125}}
Feb 17 22:44:00.747029 np0000156236 neutron-periodic-workers[105072]: DEBUG dbcounter [-] [105072] Writing DB stats neutron:SELECT=3 {{(pid=105072) stat_writer /opt/stack/data/venv/lib/python3.12/site-packages/dbcounter.py:115}}
Feb 17 22:44:04.747327 np0000156236 neutron-periodic-workers[105080]: DEBUG dbcounter [-] [105080] Writing DB stats neutron:SELECT=1 {{(pid=105080) stat_writer /opt/stack/data/venv/lib/python3.12/site-packages/dbcounter.py:115}}
Feb 17 22:44:27.832836 np0000156236 neutron-periodic-workers[105072]: DEBUG oslo.service.backend._threading.loopingcall [None req-c3c3cf24-1c89-4c79-8ec6-376c06779ffc None None] Fixed interval looping call 'neutron.plugins.ml2.plugin.DhcpAgentSchedulerDbMixin.remove_networks_from_down_agents' sleeping for 36.99 seconds {{(pid=105072) _run_loop /opt/stack/data/venv/lib/python3.12/site-packages/oslo_service/backend/_threading/loopingcall.py:125}}
Feb 17 22:44:31.745661 np0000156236 neutron-periodic-workers[105080]: DEBUG neutron.db.agents_db [None req-c60fa4ab-0f1f-40ca-86e5-e5835205a1fd None None] Agent healthcheck: found 0 active agents {{(pid=105080) agent_health_check /opt/stack/neutron/neutron/db/agents_db.py:317}}
Feb 17 22:44:31.746369 np0000156236 neutron-periodic-workers[105080]: DEBUG oslo.service.backend._threading.loopingcall [None req-c60fa4ab-0f1f-40ca-86e5-e5835205a1fd None None] Fixed interval looping call 'neutron.plugins.ml2.plugin.AgentDbMixin.agent_health_check' sleeping for 36.99 seconds {{(pid=105080) _run_loop /opt/stack/data/venv/lib/python3.12/site-packages/oslo_service/backend/_threading/loopingcall.py:125}}
Feb 17 22:44:37.746720 np0000156236 neutron-periodic-workers[105072]: DEBUG dbcounter [-] [105072] Writing DB stats neutron:SELECT=3 {{(pid=105072) stat_writer /opt/stack/data/venv/lib/python3.12/site-packages/dbcounter.py:115}}
Feb 17 22:44:41.744445 np0000156236 neutron-periodic-workers[105080]: DEBUG dbcounter [-] [105080] Writing DB stats neutron:SELECT=1 {{(pid=105080) stat_writer /opt/stack/data/venv/lib/python3.12/site-packages/dbcounter.py:115}}
Feb 17 22:45:04.747974 np0000156236 neutron-periodic-workers[105072]: DEBUG oslo.service.backend._threading.loopingcall [None req-c3c3cf24-1c89-4c79-8ec6-376c06779ffc None None] Fixed interval looping call 'neutron.plugins.ml2.plugin.DhcpAgentSchedulerDbMixin.remove_networks_from_down_agents' sleeping for 36.99 seconds {{(pid=105072) _run_loop /opt/stack/data/venv/lib/python3.12/site-packages/oslo_service/backend/_threading/loopingcall.py:125}}
Feb 17 22:45:08.741855 np0000156236 neutron-periodic-workers[105080]: DEBUG neutron.db.agents_db [None req-c60fa4ab-0f1f-40ca-86e5-e5835205a1fd None None] Agent healthcheck: found 0 active agents {{(pid=105080) agent_health_check /opt/stack/neutron/neutron/db/agents_db.py:317}}
Feb 17 22:45:08.742452 np0000156236 neutron-periodic-workers[105080]: DEBUG oslo.service.backend._threading.loopingcall [None req-c60fa4ab-0f1f-40ca-86e5-e5835205a1fd None None] Fixed interval looping call 'neutron.plugins.ml2.plugin.AgentDbMixin.agent_health_check' sleeping for 36.99 seconds {{(pid=105080) _run_loop /opt/stack/data/venv/lib/python3.12/site-packages/oslo_service/backend/_threading/loopingcall.py:125}}
Feb 17 22:45:14.747343 np0000156236 neutron-periodic-workers[105072]: DEBUG dbcounter [-] [105072] Writing DB stats neutron:SELECT=3 {{(pid=105072) stat_writer /opt/stack/data/venv/lib/python3.12/site-packages/dbcounter.py:115}}
Feb 17 22:45:18.740049 np0000156236 neutron-periodic-workers[105080]: DEBUG dbcounter [-] [105080] Writing DB stats neutron:SELECT=1 {{(pid=105080) stat_writer /opt/stack/data/venv/lib/python3.12/site-packages/dbcounter.py:115}}
Feb 17 22:45:33.774456 np0000156236 neutron-periodic-workers[105090]: DEBUG oslo.service.backend._threading.loopingcall [None req-a236eccb-1abb-481e-8651-5d4a18409920 None None] Fixed interval looping call 'neutron.db.quota.driver_nolock.DbQuotaNoLockDriver._remove_expired_reservations' sleeping for 119.99 seconds {{(pid=105090) _run_loop /opt/stack/data/venv/lib/python3.12/site-packages/oslo_service/backend/_threading/loopingcall.py:125}}
Feb 17 22:45:41.748249 np0000156236 neutron-periodic-workers[105072]: DEBUG oslo.service.backend._threading.loopingcall [None req-c3c3cf24-1c89-4c79-8ec6-376c06779ffc None None] Fixed interval looping call 'neutron.plugins.ml2.plugin.DhcpAgentSchedulerDbMixin.remove_networks_from_down_agents' sleeping for 36.99 seconds {{(pid=105072) _run_loop /opt/stack/data/venv/lib/python3.12/site-packages/oslo_service/backend/_threading/loopingcall.py:125}}
Feb 17 22:45:43.772881 np0000156236 neutron-periodic-workers[105090]: DEBUG dbcounter [-] [105090] Writing DB stats neutron:DELETE=1 {{(pid=105090) stat_writer /opt/stack/data/venv/lib/python3.12/site-packages/dbcounter.py:115}}
Feb 17 22:45:45.737845 np0000156236 neutron-periodic-workers[105080]: DEBUG neutron.db.agents_db [None req-c60fa4ab-0f1f-40ca-86e5-e5835205a1fd None None] Agent healthcheck: found 0 active agents {{(pid=105080) agent_health_check /opt/stack/neutron/neutron/db/agents_db.py:317}}
Feb 17 22:45:45.738376 np0000156236 neutron-periodic-workers[105080]: DEBUG oslo.service.backend._threading.loopingcall [None req-c60fa4ab-0f1f-40ca-86e5-e5835205a1fd None None] Fixed interval looping call 'neutron.plugins.ml2.plugin.AgentDbMixin.agent_health_check' sleeping for 36.99 seconds {{(pid=105080) _run_loop /opt/stack/data/venv/lib/python3.12/site-packages/oslo_service/backend/_threading/loopingcall.py:125}}
Feb 17 22:45:51.746653 np0000156236 neutron-periodic-workers[105072]: DEBUG dbcounter [-] [105072] Writing DB stats neutron:SELECT=3 {{(pid=105072) stat_writer /opt/stack/data/venv/lib/python3.12/site-packages/dbcounter.py:115}}
Feb 17 22:45:55.735755 np0000156236 neutron-periodic-workers[105080]: DEBUG dbcounter [-] [105080] Writing DB stats neutron:SELECT=1 {{(pid=105080) stat_writer /opt/stack/data/venv/lib/python3.12/site-packages/dbcounter.py:115}}
Feb 17 22:46:18.749866 np0000156236 neutron-periodic-workers[105072]: DEBUG oslo.service.backend._threading.loopingcall [None req-c3c3cf24-1c89-4c79-8ec6-376c06779ffc None None] Fixed interval looping call 'neutron.plugins.ml2.plugin.DhcpAgentSchedulerDbMixin.remove_networks_from_down_agents' sleeping for 36.99 seconds {{(pid=105072) _run_loop /opt/stack/data/venv/lib/python3.12/site-packages/oslo_service/backend/_threading/loopingcall.py:125}}
Feb 17 22:46:22.908363 np0000156236 neutron-periodic-workers[105080]: DEBUG neutron.db.agents_db [None req-c60fa4ab-0f1f-40ca-86e5-e5835205a1fd None None] Agent healthcheck: found 0 active agents {{(pid=105080) agent_health_check /opt/stack/neutron/neutron/db/agents_db.py:317}}
Feb 17 22:46:22.908363 np0000156236 neutron-periodic-workers[105080]: DEBUG oslo.service.backend._threading.loopingcall [None req-c60fa4ab-0f1f-40ca-86e5-e5835205a1fd None None] Fixed interval looping call 'neutron.plugins.ml2.plugin.AgentDbMixin.agent_health_check' sleeping for 37.00 seconds {{(pid=105080) _run_loop /opt/stack/data/venv/lib/python3.12/site-packages/oslo_service/backend/_threading/loopingcall.py:125}}
Feb 17 22:46:22.909327 np0000156236 neutron-periodic-workers[105100]: DEBUG oslo.service.backend._threading.loopingcall [None req-977609f9-ce17-4233-b5d7-a52a214eef54 None None] Fixed interval looping call 'neutron.services.ovn_l3.plugin.L3_NAT_dbonly_mixin._clean_garbage' sleeping for 299.99 seconds {{(pid=105100) _run_loop /opt/stack/data/venv/lib/python3.12/site-packages/oslo_service/backend/_threading/loopingcall.py:125}}
Feb 17 22:46:28.747807 np0000156236 neutron-periodic-workers[105072]: DEBUG dbcounter [-] [105072] Writing DB stats neutron:SELECT=3 {{(pid=105072) stat_writer /opt/stack/data/venv/lib/python3.12/site-packages/dbcounter.py:115}}
Feb 17 22:46:32.731639 np0000156236 neutron-periodic-workers[105080]: DEBUG dbcounter [-] [105080] Writing DB stats neutron:SELECT=1 {{(pid=105080) stat_writer /opt/stack/data/venv/lib/python3.12/site-packages/dbcounter.py:115}}
Feb 17 22:46:32.790066 np0000156236 neutron-periodic-workers[105100]: DEBUG dbcounter [-] [105100] Writing DB stats neutron:SELECT=1 {{(pid=105100) stat_writer /opt/stack/data/venv/lib/python3.12/site-packages/dbcounter.py:115}}
Feb 17 22:46:55.750205 np0000156236 neutron-periodic-workers[105072]: DEBUG oslo.service.backend._threading.loopingcall [None req-c3c3cf24-1c89-4c79-8ec6-376c06779ffc None None] Fixed interval looping call 'neutron.plugins.ml2.plugin.DhcpAgentSchedulerDbMixin.remove_networks_from_down_agents' sleeping for 36.99 seconds {{(pid=105072) _run_loop /opt/stack/data/venv/lib/python3.12/site-packages/oslo_service/backend/_threading/loopingcall.py:125}}
Feb 17 22:46:59.739016 np0000156236 neutron-periodic-workers[105080]: DEBUG neutron.db.agents_db [None req-c60fa4ab-0f1f-40ca-86e5-e5835205a1fd None None] Agent healthcheck: found 0 active agents {{(pid=105080) agent_health_check /opt/stack/neutron/neutron/db/agents_db.py:317}}
Feb 17 22:46:59.739633 np0000156236 neutron-periodic-workers[105080]: DEBUG oslo.service.backend._threading.loopingcall [None req-c60fa4ab-0f1f-40ca-86e5-e5835205a1fd None None] Fixed interval looping call 'neutron.plugins.ml2.plugin.AgentDbMixin.agent_health_check' sleeping for 36.99 seconds {{(pid=105080) _run_loop /opt/stack/data/venv/lib/python3.12/site-packages/oslo_service/backend/_threading/loopingcall.py:125}}
Feb 17 22:47:05.748710 np0000156236 neutron-periodic-workers[105072]: DEBUG dbcounter [-] [105072] Writing DB stats neutron:SELECT=3 {{(pid=105072) stat_writer /opt/stack/data/venv/lib/python3.12/site-packages/dbcounter.py:115}}
Feb 17 22:47:09.737532 np0000156236 neutron-periodic-workers[105080]: DEBUG dbcounter [-] [105080] Writing DB stats neutron:SELECT=1 {{(pid=105080) stat_writer /opt/stack/data/venv/lib/python3.12/site-packages/dbcounter.py:115}}
Feb 17 22:47:32.748302 np0000156236 neutron-periodic-workers[105072]: DEBUG oslo.service.backend._threading.loopingcall [None req-c3c3cf24-1c89-4c79-8ec6-376c06779ffc None None] Fixed interval looping call 'neutron.plugins.ml2.plugin.DhcpAgentSchedulerDbMixin.remove_networks_from_down_agents' sleeping for 36.99 seconds {{(pid=105072) _run_loop /opt/stack/data/venv/lib/python3.12/site-packages/oslo_service/backend/_threading/loopingcall.py:125}}
Feb 17 22:47:33.768066 np0000156236 neutron-periodic-workers[105090]: DEBUG oslo.service.backend._threading.loopingcall [None req-a236eccb-1abb-481e-8651-5d4a18409920 None None] Fixed interval looping call 'neutron.db.quota.driver_nolock.DbQuotaNoLockDriver._remove_expired_reservations' sleeping for 120.00 seconds {{(pid=105090) _run_loop /opt/stack/data/venv/lib/python3.12/site-packages/oslo_service/backend/_threading/loopingcall.py:125}}
Feb 17 22:47:36.734778 np0000156236 neutron-periodic-workers[105080]: DEBUG neutron.db.agents_db [None req-c60fa4ab-0f1f-40ca-86e5-e5835205a1fd None None] Agent healthcheck: found 0 active agents {{(pid=105080) agent_health_check /opt/stack/neutron/neutron/db/agents_db.py:317}}
Feb 17 22:47:36.735469 np0000156236 neutron-periodic-workers[105080]: DEBUG oslo.service.backend._threading.loopingcall [None req-c60fa4ab-0f1f-40ca-86e5-e5835205a1fd None None] Fixed interval looping call 'neutron.plugins.ml2.plugin.AgentDbMixin.agent_health_check' sleeping for 36.99 seconds {{(pid=105080) _run_loop /opt/stack/data/venv/lib/python3.12/site-packages/oslo_service/backend/_threading/loopingcall.py:125}}
Feb 17 22:47:42.747493 np0000156236 neutron-periodic-workers[105072]: DEBUG dbcounter [-] [105072] Writing DB stats neutron:SELECT=3 {{(pid=105072) stat_writer /opt/stack/data/venv/lib/python3.12/site-packages/dbcounter.py:115}}
Feb 17 22:47:43.767280 np0000156236 neutron-periodic-workers[105090]: DEBUG dbcounter [-] [105090] Writing DB stats neutron:DELETE=1 {{(pid=105090) stat_writer /opt/stack/data/venv/lib/python3.12/site-packages/dbcounter.py:115}}
Feb 17 22:47:46.733338 np0000156236 neutron-periodic-workers[105080]: DEBUG dbcounter [-] [105080] Writing DB stats neutron:SELECT=1 {{(pid=105080) stat_writer /opt/stack/data/venv/lib/python3.12/site-packages/dbcounter.py:115}}
Feb 17 22:48:09.748512 np0000156236 neutron-periodic-workers[105072]: DEBUG oslo.service.backend._threading.loopingcall [None req-c3c3cf24-1c89-4c79-8ec6-376c06779ffc None None] Fixed interval looping call 'neutron.plugins.ml2.plugin.DhcpAgentSchedulerDbMixin.remove_networks_from_down_agents' sleeping for 36.99 seconds {{(pid=105072) _run_loop /opt/stack/data/venv/lib/python3.12/site-packages/oslo_service/backend/_threading/loopingcall.py:125}}
Feb 17 22:48:13.730822 np0000156236 neutron-periodic-workers[105080]: DEBUG neutron.db.agents_db [None req-c60fa4ab-0f1f-40ca-86e5-e5835205a1fd None None] Agent healthcheck: found 0 active agents {{(pid=105080) agent_health_check /opt/stack/neutron/neutron/db/agents_db.py:317}}
Feb 17 22:48:13.731487 np0000156236 neutron-periodic-workers[105080]: DEBUG oslo.service.backend._threading.loopingcall [None req-c60fa4ab-0f1f-40ca-86e5-e5835205a1fd None None] Fixed interval looping call 'neutron.plugins.ml2.plugin.AgentDbMixin.agent_health_check' sleeping for 36.99 seconds {{(pid=105080) _run_loop /opt/stack/data/venv/lib/python3.12/site-packages/oslo_service/backend/_threading/loopingcall.py:125}}
Feb 17 22:48:19.747273 np0000156236 neutron-periodic-workers[105072]: DEBUG dbcounter [-] [105072] Writing DB stats neutron:SELECT=3 {{(pid=105072) stat_writer /opt/stack/data/venv/lib/python3.12/site-packages/dbcounter.py:115}}
Feb 17 22:48:23.728820 np0000156236 neutron-periodic-workers[105080]: DEBUG dbcounter [-] [105080] Writing DB stats neutron:SELECT=1 {{(pid=105080) stat_writer /opt/stack/data/venv/lib/python3.12/site-packages/dbcounter.py:115}}
Feb 17 22:48:46.747861 np0000156236 neutron-periodic-workers[105072]: DEBUG oslo.service.backend._threading.loopingcall [None req-c3c3cf24-1c89-4c79-8ec6-376c06779ffc None None] Fixed interval looping call 'neutron.plugins.ml2.plugin.DhcpAgentSchedulerDbMixin.remove_networks_from_down_agents' sleeping for 36.99 seconds {{(pid=105072) _run_loop /opt/stack/data/venv/lib/python3.12/site-packages/oslo_service/backend/_threading/loopingcall.py:125}}
Feb 17 22:48:50.727190 np0000156236 neutron-periodic-workers[105080]: DEBUG neutron.db.agents_db [None req-c60fa4ab-0f1f-40ca-86e5-e5835205a1fd None None] Agent healthcheck: found 0 active agents {{(pid=105080) agent_health_check /opt/stack/neutron/neutron/db/agents_db.py:317}}
Feb 17 22:48:50.727892 np0000156236 neutron-periodic-workers[105080]: DEBUG oslo.service.backend._threading.loopingcall [None req-c60fa4ab-0f1f-40ca-86e5-e5835205a1fd None None] Fixed interval looping call 'neutron.plugins.ml2.plugin.AgentDbMixin.agent_health_check' sleeping for 36.99 seconds {{(pid=105080) _run_loop /opt/stack/data/venv/lib/python3.12/site-packages/oslo_service/backend/_threading/loopingcall.py:125}}
Feb 17 22:48:56.746551 np0000156236 neutron-periodic-workers[105072]: DEBUG dbcounter [-] [105072] Writing DB stats neutron:SELECT=3 {{(pid=105072) stat_writer /opt/stack/data/venv/lib/python3.12/site-packages/dbcounter.py:115}}
Feb 17 22:49:00.725229 np0000156236 neutron-periodic-workers[105080]: DEBUG dbcounter [-] [105080] Writing DB stats neutron:SELECT=1 {{(pid=105080) stat_writer /opt/stack/data/venv/lib/python3.12/site-packages/dbcounter.py:115}}
Feb 17 22:49:23.746451 np0000156236 neutron-periodic-workers[105072]: DEBUG oslo.service.backend._threading.loopingcall [None req-c3c3cf24-1c89-4c79-8ec6-376c06779ffc None None] Fixed interval looping call 'neutron.plugins.ml2.plugin.DhcpAgentSchedulerDbMixin.remove_networks_from_down_agents' sleeping for 36.99 seconds {{(pid=105072) _run_loop /opt/stack/data/venv/lib/python3.12/site-packages/oslo_service/backend/_threading/loopingcall.py:125}}
Feb 17 22:49:27.723142 np0000156236 neutron-periodic-workers[105080]: DEBUG neutron.db.agents_db [None req-c60fa4ab-0f1f-40ca-86e5-e5835205a1fd None None] Agent healthcheck: found 0 active agents {{(pid=105080) agent_health_check /opt/stack/neutron/neutron/db/agents_db.py:317}}
Feb 17 22:49:27.724302 np0000156236 neutron-periodic-workers[105080]: DEBUG oslo.service.backend._threading.loopingcall [None req-c60fa4ab-0f1f-40ca-86e5-e5835205a1fd None None] Fixed interval looping call 'neutron.plugins.ml2.plugin.AgentDbMixin.agent_health_check' sleeping for 36.99 seconds {{(pid=105080) _run_loop /opt/stack/data/venv/lib/python3.12/site-packages/oslo_service/backend/_threading/loopingcall.py:125}}
Feb 17 22:49:33.745352 np0000156236 neutron-periodic-workers[105072]: DEBUG dbcounter [-] [105072] Writing DB stats neutron:SELECT=3 {{(pid=105072) stat_writer /opt/stack/data/venv/lib/python3.12/site-packages/dbcounter.py:115}}
Feb 17 22:49:33.772826 np0000156236 neutron-periodic-workers[105090]: DEBUG oslo.service.backend._threading.loopingcall [None req-a236eccb-1abb-481e-8651-5d4a18409920 None None] Fixed interval looping call 'neutron.db.quota.driver_nolock.DbQuotaNoLockDriver._remove_expired_reservations' sleeping for 120.00 seconds {{(pid=105090) _run_loop /opt/stack/data/venv/lib/python3.12/site-packages/oslo_service/backend/_threading/loopingcall.py:125}}
Feb 17 22:49:37.721595 np0000156236 neutron-periodic-workers[105080]: DEBUG dbcounter [-] [105080] Writing DB stats neutron:SELECT=1 {{(pid=105080) stat_writer /opt/stack/data/venv/lib/python3.12/site-packages/dbcounter.py:115}}
Feb 17 22:49:43.771379 np0000156236 neutron-periodic-workers[105090]: DEBUG dbcounter [-] [105090] Writing DB stats neutron:DELETE=1 {{(pid=105090) stat_writer /opt/stack/data/venv/lib/python3.12/site-packages/dbcounter.py:115}}
