2026-07-08 20:11:54.159 7 INFO placement.requestlog [None req-2ac1c6df-8c97-4015-9777-5a72503543e7 f6294d49fa024bf2861916f708ded6cf daae4527268b4b5884cae5b77b562a47 - - d11e9f97e2dc4cb796d95e3b80ff6dfd d11e9f97e2dc4cb796d95e3b80ff6dfd] 10.0.0.151 "GET /resource_providers/17efcae2-7fc0-4c05-889c-b235e750b7ac/aggregates" status: 404 len: 235 microversion: 1.1 [pid: 7|app: 0|req: 433/867] 10.0.0.151 () {32 vars in 816 bytes} [Wed Jul 8 20:11:54 2026] GET /resource_providers/17efcae2-7fc0-4c05-889c-b235e750b7ac/aggregates => generated 235 bytes in 13 msecs (HTTP/1.1 404) 5 headers in 202 bytes (1 switches on core 0)
2026-07-08 20:11:54.175 8 INFO placement.requestlog [None req-73d46712-f8f4-451f-9365-63571cb89e5f f6294d49fa024bf2861916f708ded6cf daae4527268b4b5884cae5b77b562a47 - - d11e9f97e2dc4cb796d95e3b80ff6dfd d11e9f97e2dc4cb796d95e3b80ff6dfd] 10.0.0.151 "DELETE /resource_providers/17efcae2-7fc0-4c05-889c-b235e750b7ac" status: 404 len: 246 microversion: 1.1 [pid: 8|app: 0|req: 435/868] 10.0.0.151 () {34 vars in 816 bytes} [Wed Jul 8 20:11:54 2026] DELETE /resource_providers/17efcae2-7fc0-4c05-889c-b235e750b7ac => generated 246 bytes in 10 msecs (HTTP/1.1 404) 6 headers in 231 bytes (1 switches on core 0)
2026-07-08 20:11:54.177 7 INFO placement.requestlog [None req-c0dccc7f-a4a1-4513-8353-bc84d44f9c6f f6294d49fa024bf2861916f708ded6cf daae4527268b4b5884cae5b77b562a47 - - d11e9f97e2dc4cb796d95e3b80ff6dfd d11e9f97e2dc4cb796d95e3b80ff6dfd] 10.0.0.151 "DELETE /resource_providers/17efcae2-7fc0-4c05-889c-b235e750b7ac" status: 404 len: 246 microversion: 1.1 [pid: 7|app: 0|req: 434/869] 10.0.0.151 () {34 vars in 816 bytes} [Wed Jul 8 20:11:54 2026] DELETE /resource_providers/17efcae2-7fc0-4c05-889c-b235e750b7ac => generated 246 bytes in 8 msecs (HTTP/1.1 404) 6 headers in 231 bytes (1 switches on core 0)
2026-07-08 20:11:54.443 8 INFO placement.requestlog [req-9f02d07c-0a50-41a5-bcec-567d9e42cb44 req-a15e900b-8a39-48a1-ad15-07b88ec3b688 e2ca2915be37488baeebd047f480a38f daae4527268b4b5884cae5b77b562a47 - - d11e9f97e2dc4cb796d95e3b80ff6dfd d11e9f97e2dc4cb796d95e3b80ff6dfd] 10.0.0.206 "GET /allocation_candidates?limit=1000&resources=DISK_GB%3A1%2CMEMORY_MB%3A512%2CVCPU%3A1&root_required=%21COMPUTE_STATUS_DISABLED" status: 200 len: 2640 microversion: 1.36 [pid: 8|app: 0|req: 436/870] 10.0.0.206 () {34 vars in 1012 bytes} [Wed Jul 8 20:11:54 2026] GET /allocation_candidates?limit=1000&resources=DISK_GB%3A1%2CMEMORY_MB%3A512%2CVCPU%3A1&root_required=%21COMPUTE_STATUS_DISABLED => generated 2640 bytes in 45 msecs (HTTP/1.1 200) 8 headers in 297 bytes (1 switches on core 0)
2026-07-08 20:11:54.474 7 INFO placement.requestlog [req-9f02d07c-0a50-41a5-bcec-567d9e42cb44 req-89081181-97e9-489c-859a-d76b181e7966 e2ca2915be37488baeebd047f480a38f daae4527268b4b5884cae5b77b562a47 - - d11e9f97e2dc4cb796d95e3b80ff6dfd d11e9f97e2dc4cb796d95e3b80ff6dfd] 10.0.0.206 "GET /allocations/723e2f95-36ee-4483-b2c5-8e4045fb7258" status: 200 len: 19 microversion: 1.28 [pid: 7|app: 0|req: 435/871] 10.0.0.206 () {34 vars in 861 bytes} [Wed Jul 8 20:11:54 2026] GET /allocations/723e2f95-36ee-4483-b2c5-8e4045fb7258 => generated 19 bytes in 14 msecs (HTTP/1.1 200) 8 headers in 295 bytes (1 switches on core 0)
2026-07-08 20:11:54.579 8 INFO placement.requestlog [req-9f02d07c-0a50-41a5-bcec-567d9e42cb44 req-29210af3-ab4b-4bf5-bd46-a58cdef7b013 e2ca2915be37488baeebd047f480a38f daae4527268b4b5884cae5b77b562a47 - - d11e9f97e2dc4cb796d95e3b80ff6dfd d11e9f97e2dc4cb796d95e3b80ff6dfd] 10.0.0.206 "PUT /allocations/723e2f95-36ee-4483-b2c5-8e4045fb7258" status: 204 len: 0 microversion: 1.36 [pid: 8|app: 0|req: 437/872] 10.0.0.206 () {38 vars in 914 bytes} [Wed Jul 8 20:11:54 2026] PUT /allocations/723e2f95-36ee-4483-b2c5-8e4045fb7258 => generated 0 bytes in 99 msecs (HTTP/1.1 204) 5 headers in 199 bytes (1 switches on core 0)
2026-07-08 20:11:56.073 7 INFO placement.requestlog [req-9f02d07c-0a50-41a5-bcec-567d9e42cb44 req-081c12c0-4a0f-4177-8253-94052d82fa99 e2ca2915be37488baeebd047f480a38f daae4527268b4b5884cae5b77b562a47 - - d11e9f97e2dc4cb796d95e3b80ff6dfd d11e9f97e2dc4cb796d95e3b80ff6dfd] 199.204.45.229 "GET /allocations/723e2f95-36ee-4483-b2c5-8e4045fb7258" status: 200 len: 257 microversion: 1.28 [pid: 7|app: 0|req: 436/873] 199.204.45.229 () {34 vars in 863 bytes} [Wed Jul 8 20:11:56 2026] GET /allocations/723e2f95-36ee-4483-b2c5-8e4045fb7258 => generated 257 bytes in 19 msecs (HTTP/1.1 200) 8 headers in 296 bytes (1 switches on core 0)
2026-07-08 20:11:57.114 8 INFO placement.requestlog [req-9f02d07c-0a50-41a5-bcec-567d9e42cb44 req-4212423f-f48b-45db-a70c-d13d8324ad79 e2ca2915be37488baeebd047f480a38f daae4527268b4b5884cae5b77b562a47 - - d11e9f97e2dc4cb796d95e3b80ff6dfd d11e9f97e2dc4cb796d95e3b80ff6dfd] 199.204.45.229 "GET /resource_providers/b987fe69-479a-47e0-9399-0bd682a4008e/allocations" status: 200 len: 152 microversion: 1.0 [pid: 8|app: 0|req: 438/874] 199.204.45.229 () {32 vars in 857 bytes} [Wed Jul 8 20:11:57 2026] GET /resource_providers/b987fe69-479a-47e0-9399-0bd682a4008e/allocations => generated 152 bytes in 17 msecs (HTTP/1.1 200) 6 headers in 224 bytes (1 switches on core 0)
2026-07-08 20:11:57.132 7 INFO placement.requestlog [req-9f02d07c-0a50-41a5-bcec-567d9e42cb44 req-a275d060-0189-413a-beb3-912f056a3f7b e2ca2915be37488baeebd047f480a38f daae4527268b4b5884cae5b77b562a47 - - d11e9f97e2dc4cb796d95e3b80ff6dfd d11e9f97e2dc4cb796d95e3b80ff6dfd] 199.204.45.229 "GET /allocations/723e2f95-36ee-4483-b2c5-8e4045fb7258" status: 200 len: 257 microversion: 1.28 [pid: 7|app: 0|req: 437/875] 199.204.45.229 () {34 vars in 863 bytes} [Wed Jul 8 20:11:57 2026] GET /allocations/723e2f95-36ee-4483-b2c5-8e4045fb7258 => generated 257 bytes in 14 msecs (HTTP/1.1 200) 8 headers in 296 bytes (1 switches on core 0)
2026-07-08 20:11:58.890 8 INFO placement.requestlog [None req-e980997c-5778-4202-b225-991b570474b7 - - - - - -] 10.0.0.253 "GET /" status: 200 len: 136 microversion: 1.0
2026-07-08 20:11:58.890 7 INFO placement.requestlog [None req-a87d7aea-1cc7-4843-8a50-6c908ac989b4 - - - - - -] 10.0.0.253 "GET /" status: 200 len: 136 microversion: 1.0
2026-07-08 20:12:02.226 8 INFO placement.requestlog [None req-b0bf6f6e-a52f-4e7c-9dd2-e55b1aa5dff5 f6294d49fa024bf2861916f708ded6cf daae4527268b4b5884cae5b77b562a47 - - d11e9f97e2dc4cb796d95e3b80ff6dfd d11e9f97e2dc4cb796d95e3b80ff6dfd] 10.0.0.151 "GET /resource_providers/ec945f45-dd36-4d6a-aa58-5979caa501a6/aggregates" status: 404 len: 235 microversion: 1.1 [pid: 8|app: 0|req: 440/878] 10.0.0.151 () {32 vars in 816 bytes} [Wed Jul 8 20:12:02 2026] GET /resource_providers/ec945f45-dd36-4d6a-aa58-5979caa501a6/aggregates => generated 235 bytes in 10 msecs (HTTP/1.1 404) 5 headers in 202 bytes (1 switches on core 0)
2026-07-08 20:12:02.229 7 INFO placement.requestlog [None req-41cdcb6e-9f3a-4e91-be50-8b92524fb4ec f6294d49fa024bf2861916f708ded6cf daae4527268b4b5884cae5b77b562a47 - - d11e9f97e2dc4cb796d95e3b80ff6dfd d11e9f97e2dc4cb796d95e3b80ff6dfd] 10.0.0.151 "GET /resource_providers/ec945f45-dd36-4d6a-aa58-5979caa501a6/aggregates" status: 404 len: 235 microversion: 1.1 [pid: 7|app: 0|req: 439/879] 10.0.0.151 () {32 vars in 816 bytes} [Wed Jul 8 20:12:02 2026] GET /resource_providers/ec945f45-dd36-4d6a-aa58-5979caa501a6/aggregates => generated 235 bytes in 12 msecs (HTTP/1.1 404) 5 headers in 202 bytes (1 switches on core 0)
2026-07-08 20:12:02.241 8 INFO placement.requestlog [None req-9bfcaa5d-83f9-4304-98f8-ee42a397016b f6294d49fa024bf2861916f708ded6cf daae4527268b4b5884cae5b77b562a47 - - d11e9f97e2dc4cb796d95e3b80ff6dfd d11e9f97e2dc4cb796d95e3b80ff6dfd] 10.0.0.151 "DELETE /resource_providers/ec945f45-dd36-4d6a-aa58-5979caa501a6" status: 404 len: 246 microversion: 1.1 [pid: 8|app: 0|req: 441/880] 10.0.0.151 () {34 vars in 816 bytes} [Wed Jul 8 20:12:02 2026] DELETE /resource_providers/ec945f45-dd36-4d6a-aa58-5979caa501a6 => generated 246 bytes in 6 msecs (HTTP/1.1 404) 6 headers in 231 bytes (1 switches on core 0)
2026-07-08 20:12:02.251 7 INFO placement.requestlog [None req-812bbed4-ac94-4817-870f-185f0e14a934 f6294d49fa024bf2861916f708ded6cf daae4527268b4b5884cae5b77b562a47 - - d11e9f97e2dc4cb796d95e3b80ff6dfd d11e9f97e2dc4cb796d95e3b80ff6dfd] 10.0.0.151 "DELETE /resource_providers/ec945f45-dd36-4d6a-aa58-5979caa501a6" status: 404 len: 246 microversion: 1.1 [pid: 7|app: 0|req: 440/881] 10.0.0.151 () {34 vars in 816 bytes} [Wed Jul 8 20:12:02 2026] DELETE /resource_providers/ec945f45-dd36-4d6a-aa58-5979caa501a6 => generated 246 bytes in 12 msecs (HTTP/1.1 404) 6 headers in 231 bytes (1 switches on core 0)
2026-07-08 20:12:02.288 8 INFO placement.requestlog [req-357016f8-aefa-4d57-b350-a5d2a8d10b2e req-0b3bb4b1-d360-4ea5-94d6-5c6efbfa5e7c e2ca2915be37488baeebd047f480a38f daae4527268b4b5884cae5b77b562a47 - - d11e9f97e2dc4cb796d95e3b80ff6dfd d11e9f97e2dc4cb796d95e3b80ff6dfd] 199.204.45.229 "GET /resource_providers/b987fe69-479a-47e0-9399-0bd682a4008e/allocations" status: 200 len: 152 microversion: 1.0 [pid: 8|app: 0|req: 442/882] 199.204.45.229 () {32 vars in 857 bytes} [Wed Jul 8 20:12:02 2026] GET /resource_providers/b987fe69-479a-47e0-9399-0bd682a4008e/allocations => generated 152 bytes in 24 msecs (HTTP/1.1 200) 6 headers in 224 bytes (1 switches on core 0)
2026-07-08 20:12:02.314 7 INFO placement.requestlog [req-357016f8-aefa-4d57-b350-a5d2a8d10b2e req-92d328dd-d9a7-4303-9e60-b2926b642df4 e2ca2915be37488baeebd047f480a38f daae4527268b4b5884cae5b77b562a47 - - d11e9f97e2dc4cb796d95e3b80ff6dfd d11e9f97e2dc4cb796d95e3b80ff6dfd] 199.204.45.229 "GET /resource_providers/b987fe69-479a-47e0-9399-0bd682a4008e/allocations" status: 200 len: 152 microversion: 1.0 [pid: 7|app: 0|req: 441/883] 199.204.45.229 () {32 vars in 857 bytes} [Wed Jul 8 20:12:02 2026] GET /resource_providers/b987fe69-479a-47e0-9399-0bd682a4008e/allocations => generated 152 bytes in 16 msecs (HTTP/1.1 200) 6 headers in 224 bytes (1 switches on core 0)
2026-07-08 20:12:02.341 8 INFO placement.requestlog [req-357016f8-aefa-4d57-b350-a5d2a8d10b2e req-a3c6faa4-d1ed-4caf-aca9-534e090ff8a3 e2ca2915be37488baeebd047f480a38f daae4527268b4b5884cae5b77b562a47 - - d11e9f97e2dc4cb796d95e3b80ff6dfd d11e9f97e2dc4cb796d95e3b80ff6dfd] 199.204.45.229 "GET /allocations/723e2f95-36ee-4483-b2c5-8e4045fb7258" status: 200 len: 257 microversion: 1.28 [pid: 8|app: 0|req: 443/884] 199.204.45.229 () {34 vars in 863 bytes} [Wed Jul 8 20:12:02 2026] GET /allocations/723e2f95-36ee-4483-b2c5-8e4045fb7258 => generated 257 bytes in 21 msecs (HTTP/1.1 200) 8 headers in 296 bytes (1 switches on core 0)
2026-07-08 20:12:02.931 8 INFO placement.requestlog [None req-afb90ef8-f132-4681-9dbf-62af3415e0bf f6294d49fa024bf2861916f708ded6cf daae4527268b4b5884cae5b77b562a47 - - d11e9f97e2dc4cb796d95e3b80ff6dfd d11e9f97e2dc4cb796d95e3b80ff6dfd] 10.0.0.151 "GET /resource_providers/69508c70-f887-41a0-8e92-ce6ca9700cf1/aggregates" status: 404 len: 235 microversion: 1.1 [pid: 8|app: 0|req: 444/885] 10.0.0.151 () {32 vars in 816 bytes} [Wed Jul 8 20:12:02 2026] GET /resource_providers/69508c70-f887-41a0-8e92-ce6ca9700cf1/aggregates => generated 235 bytes in 12 msecs (HTTP/1.1 404) 5 headers in 202 bytes (1 switches on core 0)
2026-07-08 20:12:02.934 7 INFO placement.requestlog [None req-212c98e7-ab76-420d-a45b-be680e5b47c2 f6294d49fa024bf2861916f708ded6cf daae4527268b4b5884cae5b77b562a47 - - d11e9f97e2dc4cb796d95e3b80ff6dfd d11e9f97e2dc4cb796d95e3b80ff6dfd] 10.0.0.151 "GET /resource_providers/69508c70-f887-41a0-8e92-ce6ca9700cf1/aggregates" status: 404 len: 235 microversion: 1.1 [pid: 7|app: 0|req: 442/886] 10.0.0.151 () {32 vars in 816 bytes} [Wed Jul 8 20:12:02 2026] GET /resource_providers/69508c70-f887-41a0-8e92-ce6ca9700cf1/aggregates => generated 235 bytes in 14 msecs (HTTP/1.1 404) 5 headers in 202 bytes (1 switches on core 0)
2026-07-08 20:12:02.953 7 INFO placement.requestlog [None req-edceaa9a-33d8-4268-ab4d-e8312d72f38f f6294d49fa024bf2861916f708ded6cf daae4527268b4b5884cae5b77b562a47 - - d11e9f97e2dc4cb796d95e3b80ff6dfd d11e9f97e2dc4cb796d95e3b80ff6dfd] 10.0.0.151 "DELETE /resource_providers/69508c70-f887-41a0-8e92-ce6ca9700cf1" status: 404 len: 246 microversion: 1.1 [pid: 7|app: 0|req: 443/887] 10.0.0.151 () {34 vars in 816 bytes} [Wed Jul 8 20:12:02 2026] DELETE /resource_providers/69508c70-f887-41a0-8e92-ce6ca9700cf1 => generated 246 bytes in 9 msecs (HTTP/1.1 404) 6 headers in 231 bytes (1 switches on core 0)
2026-07-08 20:12:02.959 8 INFO placement.requestlog [None req-507774ed-913b-42c1-bf47-515b1f26a653 f6294d49fa024bf2861916f708ded6cf daae4527268b4b5884cae5b77b562a47 - - d11e9f97e2dc4cb796d95e3b80ff6dfd d11e9f97e2dc4cb796d95e3b80ff6dfd] 10.0.0.151 "DELETE /resource_providers/69508c70-f887-41a0-8e92-ce6ca9700cf1" status: 404 len: 246 microversion: 1.1 [pid: 8|app: 0|req: 445/888] 10.0.0.151 () {34 vars in 816 bytes} [Wed Jul 8 20:12:02 2026] DELETE /resource_providers/69508c70-f887-41a0-8e92-ce6ca9700cf1 => generated 246 bytes in 17 msecs (HTTP/1.1 404) 6 headers in 231 bytes (1 switches on core 0)
2026-07-08 20:12:04.260 7 INFO placement.requestlog [None req-ae09dcd4-9a24-4b87-9f1e-df5ed63d6ad4 f6294d49fa024bf2861916f708ded6cf daae4527268b4b5884cae5b77b562a47 - - d11e9f97e2dc4cb796d95e3b80ff6dfd d11e9f97e2dc4cb796d95e3b80ff6dfd] 10.0.0.151 "GET /resource_providers/57bd74b7-961e-40a4-a393-cb93063a23cc/aggregates" status: 404 len: 235 microversion: 1.1 [pid: 7|app: 0|req: 444/889] 10.0.0.151 () {32 vars in 816 bytes} [Wed Jul 8 20:12:04 2026] GET /resource_providers/57bd74b7-961e-40a4-a393-cb93063a23cc/aggregates => generated 235 bytes in 12 msecs (HTTP/1.1 404) 5 headers in 202 bytes (1 switches on core 0)
2026-07-08 20:12:04.275 8 INFO placement.requestlog [None req-daf9afaf-7cb6-4166-ab96-109320c39592 f6294d49fa024bf2861916f708ded6cf daae4527268b4b5884cae5b77b562a47 - - d11e9f97e2dc4cb796d95e3b80ff6dfd d11e9f97e2dc4cb796d95e3b80ff6dfd] 10.0.0.151 "GET /resource_providers/57bd74b7-961e-40a4-a393-cb93063a23cc/aggregates" status: 404 len: 235 microversion: 1.1 [pid: 8|app: 0|req: 446/890] 10.0.0.151 () {32 vars in 816 bytes} [Wed Jul 8 20:12:04 2026] GET /resource_providers/57bd74b7-961e-40a4-a393-cb93063a23cc/aggregates => generated 235 bytes in 17 msecs (HTTP/1.1 404) 5 headers in 202 bytes (1 switches on core 0)
2026-07-08 20:12:04.283 7 INFO placement.requestlog [None req-c6d9dbf6-51be-4bcb-b786-5f6adf0b4dd2 f6294d49fa024bf2861916f708ded6cf daae4527268b4b5884cae5b77b562a47 - - d11e9f97e2dc4cb796d95e3b80ff6dfd d11e9f97e2dc4cb796d95e3b80ff6dfd] 10.0.0.151 "DELETE /resource_providers/57bd74b7-961e-40a4-a393-cb93063a23cc" status: 404 len: 246 microversion: 1.1 [pid: 7|app: 0|req: 445/891] 10.0.0.151 () {34 vars in 816 bytes} [Wed Jul 8 20:12:04 2026] DELETE /resource_providers/57bd74b7-961e-40a4-a393-cb93063a23cc => generated 246 bytes in 10 msecs (HTTP/1.1 404) 6 headers in 231 bytes (1 switches on core 0)
2026-07-08 20:12:04.293 8 INFO placement.requestlog [None req-794f926f-45f6-4917-8f63-ed3103bc82df f6294d49fa024bf2861916f708ded6cf daae4527268b4b5884cae5b77b562a47 - - d11e9f97e2dc4cb796d95e3b80ff6dfd d11e9f97e2dc4cb796d95e3b80ff6dfd] 10.0.0.151 "DELETE /resource_providers/57bd74b7-961e-40a4-a393-cb93063a23cc" status: 404 len: 246 microversion: 1.1 [pid: 8|app: 0|req: 447/892] 10.0.0.151 () {34 vars in 816 bytes} [Wed Jul 8 20:12:04 2026] DELETE /resource_providers/57bd74b7-961e-40a4-a393-cb93063a23cc => generated 246 bytes in 12 msecs (HTTP/1.1 404) 6 headers in 231 bytes (1 switches on core 0)
2026-07-08 20:12:04.971 7 INFO placement.requestlog [None req-f1ac6657-bd58-4594-8120-2b1235427917 f6294d49fa024bf2861916f708ded6cf daae4527268b4b5884cae5b77b562a47 - - d11e9f97e2dc4cb796d95e3b80ff6dfd d11e9f97e2dc4cb796d95e3b80ff6dfd] 10.0.0.151 "GET /resource_providers/06f8633a-78d2-46a7-b154-d1130185680c/aggregates" status: 404 len: 235 microversion: 1.1 [pid: 7|app: 0|req: 446/893] 10.0.0.151 () {32 vars in 816 bytes} [Wed Jul 8 20:12:04 2026] GET /resource_providers/06f8633a-78d2-46a7-b154-d1130185680c/aggregates => generated 235 bytes in 9 msecs (HTTP/1.1 404) 5 headers in 202 bytes (1 switches on core 0)
2026-07-08 20:12:04.978 8 INFO placement.requestlog [None req-2032bb61-da23-4180-8071-721ef376f2e4 f6294d49fa024bf2861916f708ded6cf daae4527268b4b5884cae5b77b562a47 - - d11e9f97e2dc4cb796d95e3b80ff6dfd d11e9f97e2dc4cb796d95e3b80ff6dfd] 10.0.0.151 "GET /resource_providers/06f8633a-78d2-46a7-b154-d1130185680c/aggregates" status: 404 len: 235 microversion: 1.1 [pid: 8|app: 0|req: 448/894] 10.0.0.151 () {32 vars in 816 bytes} [Wed Jul 8 20:12:04 2026] GET /resource_providers/06f8633a-78d2-46a7-b154-d1130185680c/aggregates => generated 235 bytes in 8 msecs (HTTP/1.1 404) 5 headers in 202 bytes (1 switches on core 0)
2026-07-08 20:12:04.987 7 INFO placement.requestlog [None req-5a0df53c-fecf-4451-a981-bfed11b3bb39 f6294d49fa024bf2861916f708ded6cf daae4527268b4b5884cae5b77b562a47 - - d11e9f97e2dc4cb796d95e3b80ff6dfd d11e9f97e2dc4cb796d95e3b80ff6dfd] 10.0.0.151 "DELETE /resource_providers/06f8633a-78d2-46a7-b154-d1130185680c" status: 404 len: 246 microversion: 1.1 [pid: 7|app: 0|req: 447/895] 10.0.0.151 () {34 vars in 816 bytes} [Wed Jul 8 20:12:04 2026] DELETE /resource_providers/06f8633a-78d2-46a7-b154-d1130185680c => generated 246 bytes in 7 msecs (HTTP/1.1 404) 6 headers in 231 bytes (1 switches on core 0)
2026-07-08 20:12:04.993 8 INFO placement.requestlog [None req-fb01431b-7ee6-47f9-b476-48be1f2b2804 f6294d49fa024bf2861916f708ded6cf daae4527268b4b5884cae5b77b562a47 - - d11e9f97e2dc4cb796d95e3b80ff6dfd d11e9f97e2dc4cb796d95e3b80ff6dfd] 10.0.0.151 "DELETE /resource_providers/06f8633a-78d2-46a7-b154-d1130185680c" status: 404 len: 246 microversion: 1.1 [pid: 8|app: 0|req: 449/896] 10.0.0.151 () {34 vars in 816 bytes} [Wed Jul 8 20:12:04 2026] DELETE /resource_providers/06f8633a-78d2-46a7-b154-d1130185680c => generated 246 bytes in 9 msecs (HTTP/1.1 404) 6 headers in 231 bytes (1 switches on core 0)
2026-07-08 20:12:08.891 8 INFO placement.requestlog [None req-c05b6850-c1d0-4b91-a679-4fae292b0ed9 - - - - - -] 10.0.0.253 "GET /" status: 200 len: 136 microversion: 1.0
2026-07-08 20:12:08.892 7 INFO placement.requestlog [None req-22eb73a1-31dd-4c7b-ab21-c2b99562abb5 - - - - - -] 10.0.0.253 "GET /" status: 200 len: 136 microversion: 1.0
2026-07-08 20:12:09.278 8 INFO placement.requestlog [None req-8afc7dd7-5e33-416b-b0bb-592cf89d1a16 f6294d49fa024bf2861916f708ded6cf daae4527268b4b5884cae5b77b562a47 - - d11e9f97e2dc4cb796d95e3b80ff6dfd d11e9f97e2dc4cb796d95e3b80ff6dfd] 10.0.0.151 "GET /resource_providers/816712ad-cfea-444e-8fa2-bb3cab6f84bb/aggregates" status: 404 len: 235 microversion: 1.1 [pid: 8|app: 0|req: 451/899] 10.0.0.151 () {32 vars in 816 bytes} [Wed Jul 8 20:12:09 2026] GET /resource_providers/816712ad-cfea-444e-8fa2-bb3cab6f84bb/aggregates => generated 235 bytes in 9 msecs (HTTP/1.1 404) 5 headers in 202 bytes (1 switches on core 0)
2026-07-08 20:12:09.281 7 INFO placement.requestlog [None req-85ae4d29-9dd0-478a-83b4-931021d813ac f6294d49fa024bf2861916f708ded6cf daae4527268b4b5884cae5b77b562a47 - - d11e9f97e2dc4cb796d95e3b80ff6dfd d11e9f97e2dc4cb796d95e3b80ff6dfd] 10.0.0.151 "GET /resource_providers/816712ad-cfea-444e-8fa2-bb3cab6f84bb/aggregates" status: 404 len: 235 microversion: 1.1 [pid: 7|app: 0|req: 449/900] 10.0.0.151 () {32 vars in 816 bytes} [Wed Jul 8 20:12:09 2026] GET /resource_providers/816712ad-cfea-444e-8fa2-bb3cab6f84bb/aggregates => generated 235 bytes in 12 msecs (HTTP/1.1 404) 5 headers in 202 bytes (1 switches on core 0)
2026-07-08 20:12:09.304 7 INFO placement.requestlog [None req-7f1dcd1f-a780-405c-8ba6-26604f1b2af6 f6294d49fa024bf2861916f708ded6cf daae4527268b4b5884cae5b77b562a47 - - d11e9f97e2dc4cb796d95e3b80ff6dfd d11e9f97e2dc4cb796d95e3b80ff6dfd] 10.0.0.151 "DELETE /resource_providers/816712ad-cfea-444e-8fa2-bb3cab6f84bb" status: 404 len: 246 microversion: 1.1
2026-07-08 20:12:09.304 8 INFO placement.requestlog [None req-50fde780-b3cb-498a-8119-dc14d2568633 f6294d49fa024bf2861916f708ded6cf daae4527268b4b5884cae5b77b562a47 - - d11e9f97e2dc4cb796d95e3b80ff6dfd d11e9f97e2dc4cb796d95e3b80ff6dfd] 10.0.0.151 "DELETE /resource_providers/816712ad-cfea-444e-8fa2-bb3cab6f84bb" status: 404 len: 246 microversion: 1.1 [pid: 7|app: 0|req: 450/901] 10.0.0.151 () {34 vars in 816 bytes} [Wed Jul 8 20:12:09 2026] DELETE /resource_providers/816712ad-cfea-444e-8fa2-bb3cab6f84bb => generated 246 bytes in 8 msecs (HTTP/1.1 404) 6 headers in 231 bytes (1 switches on core 0) [pid: 8|app: 0|req: 452/902] 10.0.0.151 () {34 vars in 816 bytes} [Wed Jul 8 20:12:09 2026] DELETE /resource_providers/816712ad-cfea-444e-8fa2-bb3cab6f84bb => generated 246 bytes in 9 msecs (HTTP/1.1 404) 6 headers in 231 bytes (1 switches on core 0)
2026-07-08 20:12:10.580 7 INFO placement.requestlog [None req-115dbd0c-1edc-4cca-b91f-b0647aecf39e f6294d49fa024bf2861916f708ded6cf daae4527268b4b5884cae5b77b562a47 - - d11e9f97e2dc4cb796d95e3b80ff6dfd d11e9f97e2dc4cb796d95e3b80ff6dfd] 10.0.0.151 "GET /resource_providers/fc6d8a60-c20d-4f5c-8932-64cbe6312cd7/aggregates" status: 404 len: 235 microversion: 1.1 [pid: 7|app: 0|req: 451/903] 10.0.0.151 () {32 vars in 816 bytes} [Wed Jul 8 20:12:10 2026] GET /resource_providers/fc6d8a60-c20d-4f5c-8932-64cbe6312cd7/aggregates => generated 235 bytes in 12 msecs (HTTP/1.1 404) 5 headers in 202 bytes (1 switches on core 0)
2026-07-08 20:12:10.582 8 INFO placement.requestlog [None req-bbc46259-337d-40ca-bc71-ebe6f4bd1074 f6294d49fa024bf2861916f708ded6cf daae4527268b4b5884cae5b77b562a47 - - d11e9f97e2dc4cb796d95e3b80ff6dfd d11e9f97e2dc4cb796d95e3b80ff6dfd] 10.0.0.151 "GET /resource_providers/fc6d8a60-c20d-4f5c-8932-64cbe6312cd7/aggregates" status: 404 len: 235 microversion: 1.1 [pid: 8|app: 0|req: 453/904] 10.0.0.151 () {32 vars in 816 bytes} [Wed Jul 8 20:12:10 2026] GET /resource_providers/fc6d8a60-c20d-4f5c-8932-64cbe6312cd7/aggregates => generated 235 bytes in 9 msecs (HTTP/1.1 404) 5 headers in 202 bytes (1 switches on core 0)
2026-07-08 20:12:10.602 7 INFO placement.requestlog [None req-38b20524-f740-4980-b1b9-6d8573835f41 f6294d49fa024bf2861916f708ded6cf daae4527268b4b5884cae5b77b562a47 - - d11e9f97e2dc4cb796d95e3b80ff6dfd d11e9f97e2dc4cb796d95e3b80ff6dfd] 10.0.0.151 "DELETE /resource_providers/fc6d8a60-c20d-4f5c-8932-64cbe6312cd7" status: 404 len: 246 microversion: 1.1 [pid: 7|app: 0|req: 452/905] 10.0.0.151 () {34 vars in 816 bytes} [Wed Jul 8 20:12:10 2026] DELETE /resource_providers/fc6d8a60-c20d-4f5c-8932-64cbe6312cd7 => generated 246 bytes in 8 msecs (HTTP/1.1 404) 6 headers in 231 bytes (1 switches on core 0)
2026-07-08 20:12:10.610 8 INFO placement.requestlog [None req-4a3d3232-dc81-46e2-9024-e20458a4e04e f6294d49fa024bf2861916f708ded6cf daae4527268b4b5884cae5b77b562a47 - - d11e9f97e2dc4cb796d95e3b80ff6dfd d11e9f97e2dc4cb796d95e3b80ff6dfd] 10.0.0.151 "DELETE /resource_providers/fc6d8a60-c20d-4f5c-8932-64cbe6312cd7" status: 404 len: 246 microversion: 1.1 [pid: 8|app: 0|req: 454/906] 10.0.0.151 () {34 vars in 816 bytes} [Wed Jul 8 20:12:10 2026] DELETE /resource_providers/fc6d8a60-c20d-4f5c-8932-64cbe6312cd7 => generated 246 bytes in 12 msecs (HTTP/1.1 404) 6 headers in 231 bytes (1 switches on core 0)
2026-07-08 20:12:12.420 8 INFO placement.requestlog [None req-b5fd0e99-6156-4e3b-bece-dc1512ce4ea2 f6294d49fa024bf2861916f708ded6cf daae4527268b4b5884cae5b77b562a47 - - d11e9f97e2dc4cb796d95e3b80ff6dfd d11e9f97e2dc4cb796d95e3b80ff6dfd] 10.0.0.151 "GET /resource_providers/627cc38d-af74-4dca-922d-56719e877f63/aggregates" status: 404 len: 235 microversion: 1.1 [pid: 8|app: 0|req: 455/907] 10.0.0.151 () {32 vars in 816 bytes} [Wed Jul 8 20:12:12 2026] GET /resource_providers/627cc38d-af74-4dca-922d-56719e877f63/aggregates => generated 235 bytes in 11 msecs (HTTP/1.1 404) 5 headers in 202 bytes (1 switches on core 0)
2026-07-08 20:12:12.421 7 INFO placement.requestlog [None req-cb03651a-2882-4313-b882-9675f580a4b7 f6294d49fa024bf2861916f708ded6cf daae4527268b4b5884cae5b77b562a47 - - d11e9f97e2dc4cb796d95e3b80ff6dfd d11e9f97e2dc4cb796d95e3b80ff6dfd] 10.0.0.151 "GET /resource_providers/627cc38d-af74-4dca-922d-56719e877f63/aggregates" status: 404 len: 235 microversion: 1.1 [pid: 7|app: 0|req: 453/908] 10.0.0.151 () {32 vars in 816 bytes} [Wed Jul 8 20:12:12 2026] GET /resource_providers/627cc38d-af74-4dca-922d-56719e877f63/aggregates => generated 235 bytes in 14 msecs (HTTP/1.1 404) 5 headers in 202 bytes (1 switches on core 0)
2026-07-08 20:12:12.445 8 INFO placement.requestlog [None req-dc1957de-0b17-4aa9-b686-21e055d2e3a0 f6294d49fa024bf2861916f708ded6cf daae4527268b4b5884cae5b77b562a47 - - d11e9f97e2dc4cb796d95e3b80ff6dfd d11e9f97e2dc4cb796d95e3b80ff6dfd] 10.0.0.151 "DELETE /resource_providers/627cc38d-af74-4dca-922d-56719e877f63" status: 404 len: 246 microversion: 1.1 [pid: 8|app: 0|req: 456/909] 10.0.0.151 () {34 vars in 816 bytes} [Wed Jul 8 20:12:12 2026] DELETE /resource_providers/627cc38d-af74-4dca-922d-56719e877f63 => generated 246 bytes in 10 msecs (HTTP/1.1 404) 6 headers in 231 bytes (1 switches on core 0)
2026-07-08 20:12:12.457 7 INFO placement.requestlog [None req-6453e387-24fb-4e2c-b183-aeae353058c4 f6294d49fa024bf2861916f708ded6cf daae4527268b4b5884cae5b77b562a47 - - d11e9f97e2dc4cb796d95e3b80ff6dfd d11e9f97e2dc4cb796d95e3b80ff6dfd] 10.0.0.151 "DELETE /resource_providers/627cc38d-af74-4dca-922d-56719e877f63" status: 404 len: 246 microversion: 1.1 [pid: 7|app: 0|req: 454/910] 10.0.0.151 () {34 vars in 816 bytes} [Wed Jul 8 20:12:12 2026] DELETE /resource_providers/627cc38d-af74-4dca-922d-56719e877f63 => generated 246 bytes in 19 msecs (HTTP/1.1 404) 6 headers in 231 bytes (1 switches on core 0)
2026-07-08 20:12:13.330 8 INFO placement.requestlog [None req-15072af0-010f-4a6b-8532-c71ac6e068fa f6294d49fa024bf2861916f708ded6cf daae4527268b4b5884cae5b77b562a47 - - d11e9f97e2dc4cb796d95e3b80ff6dfd d11e9f97e2dc4cb796d95e3b80ff6dfd] 10.0.0.151 "GET /resource_providers/378247c4-375f-4f7f-a9fe-73e523f0a418/aggregates" status: 404 len: 235 microversion: 1.1 [pid: 8|app: 0|req: 457/911] 10.0.0.151 () {32 vars in 816 bytes} [Wed Jul 8 20:12:13 2026] GET /resource_providers/378247c4-375f-4f7f-a9fe-73e523f0a418/aggregates => generated 235 bytes in 7 msecs (HTTP/1.1 404) 5 headers in 202 bytes (1 switches on core 0)
2026-07-08 20:12:13.336 7 INFO placement.requestlog [None req-c63bacc5-d52e-496c-a81a-5f369ea59b34 f6294d49fa024bf2861916f708ded6cf daae4527268b4b5884cae5b77b562a47 - - d11e9f97e2dc4cb796d95e3b80ff6dfd d11e9f97e2dc4cb796d95e3b80ff6dfd] 10.0.0.151 "GET /resource_providers/378247c4-375f-4f7f-a9fe-73e523f0a418/aggregates" status: 404 len: 235 microversion: 1.1 [pid: 7|app: 0|req: 455/912] 10.0.0.151 () {32 vars in 816 bytes} [Wed Jul 8 20:12:13 2026] GET /resource_providers/378247c4-375f-4f7f-a9fe-73e523f0a418/aggregates => generated 235 bytes in 8 msecs (HTTP/1.1 404) 5 headers in 202 bytes (1 switches on core 0)
2026-07-08 20:12:13.349 8 INFO placement.requestlog [None req-0f5dee9d-329e-4a7b-bf78-9670efb37b67 f6294d49fa024bf2861916f708ded6cf daae4527268b4b5884cae5b77b562a47 - - d11e9f97e2dc4cb796d95e3b80ff6dfd d11e9f97e2dc4cb796d95e3b80ff6dfd] 10.0.0.151 "DELETE /resource_providers/378247c4-375f-4f7f-a9fe-73e523f0a418" status: 404 len: 246 microversion: 1.1 [pid: 8|app: 0|req: 458/913] 10.0.0.151 () {34 vars in 816 bytes} [Wed Jul 8 20:12:13 2026] DELETE /resource_providers/378247c4-375f-4f7f-a9fe-73e523f0a418 => generated 246 bytes in 5 msecs (HTTP/1.1 404) 6 headers in 231 bytes (1 switches on core 0)
2026-07-08 20:12:13.361 7 INFO placement.requestlog [None req-4fb86a79-7570-49be-8045-390a1e421cb6 f6294d49fa024bf2861916f708ded6cf daae4527268b4b5884cae5b77b562a47 - - d11e9f97e2dc4cb796d95e3b80ff6dfd d11e9f97e2dc4cb796d95e3b80ff6dfd] 10.0.0.151 "DELETE /resource_providers/378247c4-375f-4f7f-a9fe-73e523f0a418" status: 404 len: 246 microversion: 1.1 [pid: 7|app: 0|req: 456/914] 10.0.0.151 () {34 vars in 816 bytes} [Wed Jul 8 20:12:13 2026] DELETE /resource_providers/378247c4-375f-4f7f-a9fe-73e523f0a418 => generated 246 bytes in 6 msecs (HTTP/1.1 404) 6 headers in 231 bytes (1 switches on core 0)
2026-07-08 20:12:18.892 8 INFO placement.requestlog [None req-bbd73ed4-be83-462a-bd67-8c5321148466 - - - - - -] 10.0.0.253 "GET /" status: 200 len: 136 microversion: 1.0
2026-07-08 20:12:18.892 7 INFO placement.requestlog [None req-70dace54-949c-4116-bb92-afd501fa02e1 - - - - - -] 10.0.0.253 "GET /" status: 200 len: 136 microversion: 1.0
2026-07-08 20:12:21.380 7 INFO placement.requestlog [req-24c8324e-eeb9-4b5c-9f81-80de457ca95e req-e6ba4052-76b0-4a79-b044-79d543ab9d34 e2ca2915be37488baeebd047f480a38f daae4527268b4b5884cae5b77b562a47 - - d11e9f97e2dc4cb796d95e3b80ff6dfd d11e9f97e2dc4cb796d95e3b80ff6dfd] 10.0.0.206 "GET /allocation_candidates?limit=1000&resources=DISK_GB%3A1%2CMEMORY_MB%3A512%2CVCPU%3A1&root_required=%21COMPUTE_STATUS_DISABLED" status: 200 len: 2642 microversion: 1.36 [pid: 7|app: 0|req: 458/917] 10.0.0.206 () {34 vars in 1012 bytes} [Wed Jul 8 20:12:21 2026] GET /allocation_candidates?limit=1000&resources=DISK_GB%3A1%2CMEMORY_MB%3A512%2CVCPU%3A1&root_required=%21COMPUTE_STATUS_DISABLED => generated 2642 bytes in 44 msecs (HTTP/1.1 200) 8 headers in 297 bytes (1 switches on core 0)
2026-07-08 20:12:21.412 8 INFO placement.requestlog [req-24c8324e-eeb9-4b5c-9f81-80de457ca95e req-efa58bfc-3024-46e5-98c7-16393acd4903 e2ca2915be37488baeebd047f480a38f daae4527268b4b5884cae5b77b562a47 - - d11e9f97e2dc4cb796d95e3b80ff6dfd d11e9f97e2dc4cb796d95e3b80ff6dfd] 10.0.0.206 "GET /allocations/79476d9a-05cd-4eac-80a4-62ada1109bcb" status: 200 len: 19 microversion: 1.28 [pid: 8|app: 0|req: 460/918] 10.0.0.206 () {34 vars in 861 bytes} [Wed Jul 8 20:12:21 2026] GET /allocations/79476d9a-05cd-4eac-80a4-62ada1109bcb => generated 19 bytes in 13 msecs (HTTP/1.1 200) 8 headers in 295 bytes (1 switches on core 0)
2026-07-08 20:12:21.478 7 INFO placement.requestlog [req-24c8324e-eeb9-4b5c-9f81-80de457ca95e req-990e6a19-5f46-40e6-93a7-2d00892e57c2 e2ca2915be37488baeebd047f480a38f daae4527268b4b5884cae5b77b562a47 - - d11e9f97e2dc4cb796d95e3b80ff6dfd d11e9f97e2dc4cb796d95e3b80ff6dfd] 10.0.0.206 "PUT /allocations/79476d9a-05cd-4eac-80a4-62ada1109bcb" status: 204 len: 0 microversion: 1.36 [pid: 7|app: 0|req: 459/919] 10.0.0.206 () {38 vars in 914 bytes} [Wed Jul 8 20:12:21 2026] PUT /allocations/79476d9a-05cd-4eac-80a4-62ada1109bcb => generated 0 bytes in 61 msecs (HTTP/1.1 204) 5 headers in 199 bytes (1 switches on core 0)
2026-07-08 20:12:22.675 7 INFO placement.requestlog [None req-d521114a-c884-4d1b-9bcf-dc828790319a f6294d49fa024bf2861916f708ded6cf daae4527268b4b5884cae5b77b562a47 - - d11e9f97e2dc4cb796d95e3b80ff6dfd d11e9f97e2dc4cb796d95e3b80ff6dfd] 10.0.0.151 "GET /resource_providers/deb98dea-49bb-4959-80af-571b3dd2e768/aggregates" status: 404 len: 235 microversion: 1.1 [pid: 7|app: 0|req: 460/920] 10.0.0.151 () {32 vars in 816 bytes} [Wed Jul 8 20:12:22 2026] GET /resource_providers/deb98dea-49bb-4959-80af-571b3dd2e768/aggregates => generated 235 bytes in 12 msecs (HTTP/1.1 404) 5 headers in 202 bytes (1 switches on core 0)
2026-07-08 20:12:22.684 8 INFO placement.requestlog [None req-b7c4ddb2-d17e-4eb5-ba77-beb54bd73186 f6294d49fa024bf2861916f708ded6cf daae4527268b4b5884cae5b77b562a47 - - d11e9f97e2dc4cb796d95e3b80ff6dfd d11e9f97e2dc4cb796d95e3b80ff6dfd] 10.0.0.151 "GET /resource_providers/deb98dea-49bb-4959-80af-571b3dd2e768/aggregates" status: 404 len: 235 microversion: 1.1 [pid: 8|app: 0|req: 461/921] 10.0.0.151 () {32 vars in 816 bytes} [Wed Jul 8 20:12:22 2026] GET /resource_providers/deb98dea-49bb-4959-80af-571b3dd2e768/aggregates => generated 235 bytes in 20 msecs (HTTP/1.1 404) 5 headers in 202 bytes (1 switches on core 0)
2026-07-08 20:12:22.692 7 INFO placement.requestlog [None req-94e4728a-aa17-4e2b-91fe-8b45f6cf9a4f f6294d49fa024bf2861916f708ded6cf daae4527268b4b5884cae5b77b562a47 - - d11e9f97e2dc4cb796d95e3b80ff6dfd d11e9f97e2dc4cb796d95e3b80ff6dfd] 10.0.0.151 "DELETE /resource_providers/deb98dea-49bb-4959-80af-571b3dd2e768" status: 404 len: 246 microversion: 1.1 [pid: 7|app: 0|req: 461/922] 10.0.0.151 () {34 vars in 816 bytes} [Wed Jul 8 20:12:22 2026] DELETE /resource_providers/deb98dea-49bb-4959-80af-571b3dd2e768 => generated 246 bytes in 6 msecs (HTTP/1.1 404) 6 headers in 231 bytes (1 switches on core 0)
2026-07-08 20:12:22.705 8 INFO placement.requestlog [None req-82c8ae95-a976-4603-b0e5-0bb5c6a7b959 f6294d49fa024bf2861916f708ded6cf daae4527268b4b5884cae5b77b562a47 - - d11e9f97e2dc4cb796d95e3b80ff6dfd d11e9f97e2dc4cb796d95e3b80ff6dfd] 10.0.0.151 "DELETE /resource_providers/deb98dea-49bb-4959-80af-571b3dd2e768" status: 404 len: 246 microversion: 1.1 [pid: 8|app: 0|req: 462/923] 10.0.0.151 () {34 vars in 816 bytes} [Wed Jul 8 20:12:22 2026] DELETE /resource_providers/deb98dea-49bb-4959-80af-571b3dd2e768 => generated 246 bytes in 7 msecs (HTTP/1.1 404) 6 headers in 231 bytes (1 switches on core 0)
2026-07-08 20:12:22.996 7 INFO placement.requestlog [req-24c8324e-eeb9-4b5c-9f81-80de457ca95e req-c0732fc5-e9e8-4819-ae37-0343c0d3070a e2ca2915be37488baeebd047f480a38f daae4527268b4b5884cae5b77b562a47 - - d11e9f97e2dc4cb796d95e3b80ff6dfd d11e9f97e2dc4cb796d95e3b80ff6dfd] 199.204.45.229 "GET /allocations/79476d9a-05cd-4eac-80a4-62ada1109bcb" status: 200 len: 258 microversion: 1.28 [pid: 7|app: 0|req: 462/924] 199.204.45.229 () {34 vars in 863 bytes} [Wed Jul 8 20:12:22 2026] GET /allocations/79476d9a-05cd-4eac-80a4-62ada1109bcb => generated 258 bytes in 15 msecs (HTTP/1.1 200) 8 headers in 296 bytes (1 switches on core 0)
2026-07-08 20:12:24.038 8 INFO placement.requestlog [req-24c8324e-eeb9-4b5c-9f81-80de457ca95e req-720da11b-160e-4d40-b897-cae237748d81 e2ca2915be37488baeebd047f480a38f daae4527268b4b5884cae5b77b562a47 - - d11e9f97e2dc4cb796d95e3b80ff6dfd d11e9f97e2dc4cb796d95e3b80ff6dfd] 199.204.45.229 "GET /resource_providers/b987fe69-479a-47e0-9399-0bd682a4008e/allocations" status: 200 len: 253 microversion: 1.0 [pid: 8|app: 0|req: 463/925] 199.204.45.229 () {32 vars in 857 bytes} [Wed Jul 8 20:12:24 2026] GET /resource_providers/b987fe69-479a-47e0-9399-0bd682a4008e/allocations => generated 253 bytes in 17 msecs (HTTP/1.1 200) 6 headers in 224 bytes (1 switches on core 0)
2026-07-08 20:12:24.058 7 INFO placement.requestlog [req-24c8324e-eeb9-4b5c-9f81-80de457ca95e req-e3ca2eb7-dac6-4eb2-8b42-f107e1012ac6 e2ca2915be37488baeebd047f480a38f daae4527268b4b5884cae5b77b562a47 - - d11e9f97e2dc4cb796d95e3b80ff6dfd d11e9f97e2dc4cb796d95e3b80ff6dfd] 199.204.45.229 "GET /allocations/723e2f95-36ee-4483-b2c5-8e4045fb7258" status: 200 len: 258 microversion: 1.28 [pid: 7|app: 0|req: 463/926] 199.204.45.229 () {34 vars in 863 bytes} [Wed Jul 8 20:12:24 2026] GET /allocations/723e2f95-36ee-4483-b2c5-8e4045fb7258 => generated 258 bytes in 13 msecs (HTTP/1.1 200) 8 headers in 296 bytes (1 switches on core 0)
2026-07-08 20:12:24.073 8 INFO placement.requestlog [req-24c8324e-eeb9-4b5c-9f81-80de457ca95e req-27856bff-d55c-40cb-951c-33c5ccc13a71 e2ca2915be37488baeebd047f480a38f daae4527268b4b5884cae5b77b562a47 - - d11e9f97e2dc4cb796d95e3b80ff6dfd d11e9f97e2dc4cb796d95e3b80ff6dfd] 199.204.45.229 "GET /allocations/79476d9a-05cd-4eac-80a4-62ada1109bcb" status: 200 len: 258 microversion: 1.28 [pid: 8|app: 0|req: 464/927] 199.204.45.229 () {34 vars in 863 bytes} [Wed Jul 8 20:12:24 2026] GET /allocations/79476d9a-05cd-4eac-80a4-62ada1109bcb => generated 258 bytes in 9 msecs (HTTP/1.1 200) 8 headers in 296 bytes (1 switches on core 0)
2026-07-08 20:12:25.133 7 INFO placement.requestlog [None req-12e37a0c-08a9-4c03-9b06-d1a6888e8714 f6294d49fa024bf2861916f708ded6cf daae4527268b4b5884cae5b77b562a47 - - d11e9f97e2dc4cb796d95e3b80ff6dfd d11e9f97e2dc4cb796d95e3b80ff6dfd] 10.0.0.151 "GET /resource_providers/34684683-1bd0-4ded-93a1-f44c3aab6317/aggregates" status: 404 len: 235 microversion: 1.1 [pid: 7|app: 0|req: 464/928] 10.0.0.151 () {32 vars in 816 bytes} [Wed Jul 8 20:12:25 2026] GET /resource_providers/34684683-1bd0-4ded-93a1-f44c3aab6317/aggregates => generated 235 bytes in 13 msecs (HTTP/1.1 404) 5 headers in 202 bytes (1 switches on core 0)
2026-07-08 20:12:25.139 8 INFO placement.requestlog [None req-896cdae0-9a8a-413b-920a-174e361ebaea f6294d49fa024bf2861916f708ded6cf daae4527268b4b5884cae5b77b562a47 - - d11e9f97e2dc4cb796d95e3b80ff6dfd d11e9f97e2dc4cb796d95e3b80ff6dfd] 10.0.0.151 "GET /resource_providers/34684683-1bd0-4ded-93a1-f44c3aab6317/aggregates" status: 404 len: 235 microversion: 1.1 [pid: 8|app: 0|req: 465/929] 10.0.0.151 () {32 vars in 816 bytes} [Wed Jul 8 20:12:25 2026] GET /resource_providers/34684683-1bd0-4ded-93a1-f44c3aab6317/aggregates => generated 235 bytes in 12 msecs (HTTP/1.1 404) 5 headers in 202 bytes (1 switches on core 0)
2026-07-08 20:12:25.151 7 INFO placement.requestlog [None req-49fe478b-0fdc-4b42-a7c6-e0d8167783f6 f6294d49fa024bf2861916f708ded6cf daae4527268b4b5884cae5b77b562a47 - - d11e9f97e2dc4cb796d95e3b80ff6dfd d11e9f97e2dc4cb796d95e3b80ff6dfd] 10.0.0.151 "DELETE /resource_providers/34684683-1bd0-4ded-93a1-f44c3aab6317" status: 404 len: 246 microversion: 1.1 [pid: 7|app: 0|req: 465/930] 10.0.0.151 () {34 vars in 816 bytes} [Wed Jul 8 20:12:25 2026] DELETE /resource_providers/34684683-1bd0-4ded-93a1-f44c3aab6317 => generated 246 bytes in 8 msecs (HTTP/1.1 404) 6 headers in 231 bytes (1 switches on core 0)
2026-07-08 20:12:25.155 8 INFO placement.requestlog [None req-ec5001aa-c0d8-4e90-81f2-8ac98537f849 f6294d49fa024bf2861916f708ded6cf daae4527268b4b5884cae5b77b562a47 - - d11e9f97e2dc4cb796d95e3b80ff6dfd d11e9f97e2dc4cb796d95e3b80ff6dfd] 10.0.0.151 "DELETE /resource_providers/34684683-1bd0-4ded-93a1-f44c3aab6317" status: 404 len: 246 microversion: 1.1 [pid: 8|app: 0|req: 466/931] 10.0.0.151 () {34 vars in 816 bytes} [Wed Jul 8 20:12:25 2026] DELETE /resource_providers/34684683-1bd0-4ded-93a1-f44c3aab6317 => generated 246 bytes in 6 msecs (HTTP/1.1 404) 6 headers in 231 bytes (1 switches on core 0)
2026-07-08 20:12:28.890 8 INFO placement.requestlog [None req-d7c51eca-5927-4cd6-80ba-b99ab99e57c4 - - - - - -] 10.0.0.253 "GET /" status: 200 len: 136 microversion: 1.0
2026-07-08 20:12:28.891 7 INFO placement.requestlog [None req-fd86c1f2-7a41-4a90-b4d8-c888f36fbffd - - - - - -] 10.0.0.253 "GET /" status: 200 len: 136 microversion: 1.0
2026-07-08 20:12:29.020 8 INFO placement.requestlog [None req-67e706bb-fbbe-44de-bc8b-0259839938c4 f6294d49fa024bf2861916f708ded6cf daae4527268b4b5884cae5b77b562a47 - - d11e9f97e2dc4cb796d95e3b80ff6dfd d11e9f97e2dc4cb796d95e3b80ff6dfd] 10.0.0.151 "GET /resource_providers/c33276cb-69cc-4767-afe4-adbaa14bbe69/aggregates" status: 404 len: 235 microversion: 1.1 [pid: 8|app: 0|req: 468/934] 10.0.0.151 () {32 vars in 816 bytes} [Wed Jul 8 20:12:29 2026] GET /resource_providers/c33276cb-69cc-4767-afe4-adbaa14bbe69/aggregates => generated 235 bytes in 10 msecs (HTTP/1.1 404) 5 headers in 202 bytes (1 switches on core 0)
2026-07-08 20:12:29.024 7 INFO placement.requestlog [None req-5359f63c-532e-40d5-b8ab-0ea84012f3fa f6294d49fa024bf2861916f708ded6cf daae4527268b4b5884cae5b77b562a47 - - d11e9f97e2dc4cb796d95e3b80ff6dfd d11e9f97e2dc4cb796d95e3b80ff6dfd] 10.0.0.151 "GET /resource_providers/c33276cb-69cc-4767-afe4-adbaa14bbe69/aggregates" status: 404 len: 235 microversion: 1.1 [pid: 7|app: 0|req: 467/935] 10.0.0.151 () {32 vars in 816 bytes} [Wed Jul 8 20:12:29 2026] GET /resource_providers/c33276cb-69cc-4767-afe4-adbaa14bbe69/aggregates => generated 235 bytes in 10 msecs (HTTP/1.1 404) 5 headers in 202 bytes (1 switches on core 0)
2026-07-08 20:12:29.038 8 INFO placement.requestlog [None req-adcfcb26-6bb7-4449-b410-01be22003afd f6294d49fa024bf2861916f708ded6cf daae4527268b4b5884cae5b77b562a47 - - d11e9f97e2dc4cb796d95e3b80ff6dfd d11e9f97e2dc4cb796d95e3b80ff6dfd] 10.0.0.151 "DELETE /resource_providers/c33276cb-69cc-4767-afe4-adbaa14bbe69" status: 404 len: 246 microversion: 1.1 [pid: 8|app: 0|req: 469/936] 10.0.0.151 () {34 vars in 816 bytes} [Wed Jul 8 20:12:29 2026] DELETE /resource_providers/c33276cb-69cc-4767-afe4-adbaa14bbe69 => generated 246 bytes in 10 msecs (HTTP/1.1 404) 6 headers in 231 bytes (1 switches on core 0)
2026-07-08 20:12:29.047 7 INFO placement.requestlog [None req-7743474c-170d-40fc-a108-f5d5134e67e8 f6294d49fa024bf2861916f708ded6cf daae4527268b4b5884cae5b77b562a47 - - d11e9f97e2dc4cb796d95e3b80ff6dfd d11e9f97e2dc4cb796d95e3b80ff6dfd] 10.0.0.151 "DELETE /resource_providers/c33276cb-69cc-4767-afe4-adbaa14bbe69" status: 404 len: 246 microversion: 1.1 [pid: 7|app: 0|req: 468/937] 10.0.0.151 () {34 vars in 816 bytes} [Wed Jul 8 20:12:29 2026] DELETE /resource_providers/c33276cb-69cc-4767-afe4-adbaa14bbe69 => generated 246 bytes in 9 msecs (HTTP/1.1 404) 6 headers in 231 bytes (1 switches on core 0)
2026-07-08 20:12:37.212 8 INFO placement.requestlog [req-38e6b9e2-ba74-45bc-b6d7-2f94108a64e3 req-5a7a2cf7-8e49-4211-bd7f-294a341c4502 e2ca2915be37488baeebd047f480a38f daae4527268b4b5884cae5b77b562a47 - - d11e9f97e2dc4cb796d95e3b80ff6dfd d11e9f97e2dc4cb796d95e3b80ff6dfd] 199.204.45.229 "GET /resource_providers/b987fe69-479a-47e0-9399-0bd682a4008e/allocations" status: 200 len: 253 microversion: 1.0 [pid: 8|app: 0|req: 470/938] 199.204.45.229 () {32 vars in 857 bytes} [Wed Jul 8 20:12:37 2026] GET /resource_providers/b987fe69-479a-47e0-9399-0bd682a4008e/allocations => generated 253 bytes in 29 msecs (HTTP/1.1 200) 6 headers in 224 bytes (1 switches on core 0)
2026-07-08 20:12:37.243 7 INFO placement.requestlog [req-38e6b9e2-ba74-45bc-b6d7-2f94108a64e3 req-02297492-1c15-4364-a561-ce8aa2b41ac9 e2ca2915be37488baeebd047f480a38f daae4527268b4b5884cae5b77b562a47 - - d11e9f97e2dc4cb796d95e3b80ff6dfd d11e9f97e2dc4cb796d95e3b80ff6dfd] 199.204.45.229 "GET /allocations/723e2f95-36ee-4483-b2c5-8e4045fb7258" status: 200 len: 258 microversion: 1.28 [pid: 7|app: 0|req: 469/939] 199.204.45.229 () {34 vars in 863 bytes} [Wed Jul 8 20:12:37 2026] GET /allocations/723e2f95-36ee-4483-b2c5-8e4045fb7258 => generated 258 bytes in 23 msecs (HTTP/1.1 200) 8 headers in 296 bytes (1 switches on core 0)
2026-07-08 20:12:37.269 8 INFO placement.requestlog [req-38e6b9e2-ba74-45bc-b6d7-2f94108a64e3 req-fe908985-ad9b-4738-8873-56753ef932fe e2ca2915be37488baeebd047f480a38f daae4527268b4b5884cae5b77b562a47 - - d11e9f97e2dc4cb796d95e3b80ff6dfd d11e9f97e2dc4cb796d95e3b80ff6dfd] 199.204.45.229 "GET /allocations/79476d9a-05cd-4eac-80a4-62ada1109bcb" status: 200 len: 258 microversion: 1.28 [pid: 8|app: 0|req: 471/940] 199.204.45.229 () {34 vars in 863 bytes} [Wed Jul 8 20:12:37 2026] GET /allocations/79476d9a-05cd-4eac-80a4-62ada1109bcb => generated 258 bytes in 16 msecs (HTTP/1.1 200) 8 headers in 296 bytes (1 switches on core 0)
2026-07-08 20:12:38.320 7 INFO placement.requestlog [req-38e6b9e2-ba74-45bc-b6d7-2f94108a64e3 req-1e7bf9bf-c7b2-4c7c-9afb-54800bf1df25 e2ca2915be37488baeebd047f480a38f daae4527268b4b5884cae5b77b562a47 - - d11e9f97e2dc4cb796d95e3b80ff6dfd d11e9f97e2dc4cb796d95e3b80ff6dfd] 199.204.45.229 "DELETE /allocations/723e2f95-36ee-4483-b2c5-8e4045fb7258" status: 204 len: 0 microversion: 1.0 [pid: 7|app: 0|req: 470/941] 199.204.45.229 () {34 vars in 841 bytes} [Wed Jul 8 20:12:38 2026] DELETE /allocations/723e2f95-36ee-4483-b2c5-8e4045fb7258 => generated 0 bytes in 27 msecs (HTTP/1.1 204) 5 headers in 198 bytes (1 switches on core 0)
2026-07-08 20:12:38.674 7 INFO placement.requestlog [None req-1a9ff0b1-e557-4e25-aefc-cdcceb2cca3b f6294d49fa024bf2861916f708ded6cf daae4527268b4b5884cae5b77b562a47 - - d11e9f97e2dc4cb796d95e3b80ff6dfd d11e9f97e2dc4cb796d95e3b80ff6dfd] 10.0.0.151 "GET /resource_providers/1dbf56b0-ec5b-4a04-beac-40ebf7948523/aggregates" status: 404 len: 235 microversion: 1.1 [pid: 7|app: 0|req: 471/942] 10.0.0.151 () {32 vars in 816 bytes} [Wed Jul 8 20:12:38 2026] GET /resource_providers/1dbf56b0-ec5b-4a04-beac-40ebf7948523/aggregates => generated 235 bytes in 12 msecs (HTTP/1.1 404) 5 headers in 202 bytes (1 switches on core 0)
2026-07-08 20:12:38.677 8 INFO placement.requestlog [None req-40ab562a-6200-46cb-b58e-11a89453d900 f6294d49fa024bf2861916f708ded6cf daae4527268b4b5884cae5b77b562a47 - - d11e9f97e2dc4cb796d95e3b80ff6dfd d11e9f97e2dc4cb796d95e3b80ff6dfd] 10.0.0.151 "GET /resource_providers/1dbf56b0-ec5b-4a04-beac-40ebf7948523/aggregates" status: 404 len: 235 microversion: 1.1 [pid: 8|app: 0|req: 472/943] 10.0.0.151 () {32 vars in 816 bytes} [Wed Jul 8 20:12:38 2026] GET /resource_providers/1dbf56b0-ec5b-4a04-beac-40ebf7948523/aggregates => generated 235 bytes in 15 msecs (HTTP/1.1 404) 5 headers in 202 bytes (1 switches on core 0)
2026-07-08 20:12:38.698 7 INFO placement.requestlog [None req-69227b3d-fd89-4a76-99b1-2caa34d99d73 f6294d49fa024bf2861916f708ded6cf daae4527268b4b5884cae5b77b562a47 - - d11e9f97e2dc4cb796d95e3b80ff6dfd d11e9f97e2dc4cb796d95e3b80ff6dfd] 10.0.0.151 "DELETE /resource_providers/1dbf56b0-ec5b-4a04-beac-40ebf7948523" status: 404 len: 246 microversion: 1.1 [pid: 7|app: 0|req: 472/944] 10.0.0.151 () {34 vars in 816 bytes} [Wed Jul 8 20:12:38 2026] DELETE /resource_providers/1dbf56b0-ec5b-4a04-beac-40ebf7948523 => generated 246 bytes in 8 msecs (HTTP/1.1 404) 6 headers in 231 bytes (1 switches on core 0)
2026-07-08 20:12:38.707 8 INFO placement.requestlog [None req-5d1982d7-72d7-4a88-a84d-4a094b39abd3 f6294d49fa024bf2861916f708ded6cf daae4527268b4b5884cae5b77b562a47 - - d11e9f97e2dc4cb796d95e3b80ff6dfd d11e9f97e2dc4cb796d95e3b80ff6dfd] 10.0.0.151 "DELETE /resource_providers/1dbf56b0-ec5b-4a04-beac-40ebf7948523" status: 404 len: 246 microversion: 1.1 [pid: 8|app: 0|req: 473/945] 10.0.0.151 () {34 vars in 816 bytes} [Wed Jul 8 20:12:38 2026] DELETE /resource_providers/1dbf56b0-ec5b-4a04-beac-40ebf7948523 => generated 246 bytes in 10 msecs (HTTP/1.1 404) 6 headers in 231 bytes (1 switches on core 0)
2026-07-08 20:12:38.891 8 INFO placement.requestlog [None req-716188a2-e01a-40fc-b894-3e3186013597 - - - - - -] 10.0.0.253 "GET /" status: 200 len: 136 microversion: 1.0
2026-07-08 20:12:38.891 7 INFO placement.requestlog [None req-6ef56179-c974-48e6-a83a-bc1cdb392a11 - - - - - -] 10.0.0.253 "GET /" status: 200 len: 136 microversion: 1.0
2026-07-08 20:12:42.245 8 INFO placement.requestlog [None req-ef754e31-663f-41c6-b77c-8cb27bd53a7f f6294d49fa024bf2861916f708ded6cf daae4527268b4b5884cae5b77b562a47 - - d11e9f97e2dc4cb796d95e3b80ff6dfd d11e9f97e2dc4cb796d95e3b80ff6dfd] 10.0.0.151 "GET /resource_providers/6007171e-a810-47c7-a2d2-4b2c2260dc96/aggregates" status: 404 len: 235 microversion: 1.1 [pid: 8|app: 0|req: 475/948] 10.0.0.151 () {32 vars in 816 bytes} [Wed Jul 8 20:12:42 2026] GET /resource_providers/6007171e-a810-47c7-a2d2-4b2c2260dc96/aggregates => generated 235 bytes in 11 msecs (HTTP/1.1 404) 5 headers in 202 bytes (1 switches on core 0)
2026-07-08 20:12:42.255 7 INFO placement.requestlog [None req-a8c8454b-70b6-4ba1-821c-b8f6989e4a37 f6294d49fa024bf2861916f708ded6cf daae4527268b4b5884cae5b77b562a47 - - d11e9f97e2dc4cb796d95e3b80ff6dfd d11e9f97e2dc4cb796d95e3b80ff6dfd] 10.0.0.151 "GET /resource_providers/6007171e-a810-47c7-a2d2-4b2c2260dc96/aggregates" status: 404 len: 235 microversion: 1.1 [pid: 7|app: 0|req: 474/949] 10.0.0.151 () {32 vars in 816 bytes} [Wed Jul 8 20:12:42 2026] GET /resource_providers/6007171e-a810-47c7-a2d2-4b2c2260dc96/aggregates => generated 235 bytes in 18 msecs (HTTP/1.1 404) 5 headers in 202 bytes (1 switches on core 0)
2026-07-08 20:12:42.263 8 INFO placement.requestlog [None req-d1303f2a-d482-465d-adcf-6e56ef278f8d f6294d49fa024bf2861916f708ded6cf daae4527268b4b5884cae5b77b562a47 - - d11e9f97e2dc4cb796d95e3b80ff6dfd d11e9f97e2dc4cb796d95e3b80ff6dfd] 10.0.0.151 "DELETE /resource_providers/6007171e-a810-47c7-a2d2-4b2c2260dc96" status: 404 len: 246 microversion: 1.1 [pid: 8|app: 0|req: 476/950] 10.0.0.151 () {34 vars in 816 bytes} [Wed Jul 8 20:12:42 2026] DELETE /resource_providers/6007171e-a810-47c7-a2d2-4b2c2260dc96 => generated 246 bytes in 8 msecs (HTTP/1.1 404) 6 headers in 231 bytes (1 switches on core 0)
2026-07-08 20:12:42.273 7 INFO placement.requestlog [None req-29a397fd-f982-4ba6-be1b-c76955fe73d6 f6294d49fa024bf2861916f708ded6cf daae4527268b4b5884cae5b77b562a47 - - d11e9f97e2dc4cb796d95e3b80ff6dfd d11e9f97e2dc4cb796d95e3b80ff6dfd] 10.0.0.151 "DELETE /resource_providers/6007171e-a810-47c7-a2d2-4b2c2260dc96" status: 404 len: 246 microversion: 1.1 [pid: 7|app: 0|req: 475/951] 10.0.0.151 () {34 vars in 816 bytes} [Wed Jul 8 20:12:42 2026] DELETE /resource_providers/6007171e-a810-47c7-a2d2-4b2c2260dc96 => generated 246 bytes in 8 msecs (HTTP/1.1 404) 6 headers in 231 bytes (1 switches on core 0)
2026-07-08 20:12:44.890 8 INFO placement.requestlog [None req-5640f7dc-3e52-4f61-a7dc-af9fb83ea87a f6294d49fa024bf2861916f708ded6cf daae4527268b4b5884cae5b77b562a47 - - d11e9f97e2dc4cb796d95e3b80ff6dfd d11e9f97e2dc4cb796d95e3b80ff6dfd] 10.0.0.151 "GET /resource_providers/c7cf03ad-3460-4c9f-ba92-e1dbf8f5d0d7/aggregates" status: 404 len: 235 microversion: 1.1 [pid: 8|app: 0|req: 477/952] 10.0.0.151 () {32 vars in 816 bytes} [Wed Jul 8 20:12:44 2026] GET /resource_providers/c7cf03ad-3460-4c9f-ba92-e1dbf8f5d0d7/aggregates => generated 235 bytes in 11 msecs (HTTP/1.1 404) 5 headers in 202 bytes (1 switches on core 0)
2026-07-08 20:12:44.893 7 INFO placement.requestlog [None req-3301dffb-e195-4faf-ad4c-920dddbedf05 f6294d49fa024bf2861916f708ded6cf daae4527268b4b5884cae5b77b562a47 - - d11e9f97e2dc4cb796d95e3b80ff6dfd d11e9f97e2dc4cb796d95e3b80ff6dfd] 10.0.0.151 "GET /resource_providers/c7cf03ad-3460-4c9f-ba92-e1dbf8f5d0d7/aggregates" status: 404 len: 235 microversion: 1.1 [pid: 7|app: 0|req: 476/953] 10.0.0.151 () {32 vars in 816 bytes} [Wed Jul 8 20:12:44 2026] GET /resource_providers/c7cf03ad-3460-4c9f-ba92-e1dbf8f5d0d7/aggregates => generated 235 bytes in 13 msecs (HTTP/1.1 404) 5 headers in 202 bytes (1 switches on core 0)
