2026-07-08 20:05:57.355 8 INFO placement.requestlog [req-692b2126-fed2-48cd-931a-563c96f432b7 req-5648afac-2a31-43be-8199-85a2be47e5a5 e2ca2915be37488baeebd047f480a38f daae4527268b4b5884cae5b77b562a47 - - d11e9f97e2dc4cb796d95e3b80ff6dfd d11e9f97e2dc4cb796d95e3b80ff6dfd] 199.204.45.229 "GET /resource_providers/b987fe69-479a-47e0-9399-0bd682a4008e/allocations" status: 200 len: 54 microversion: 1.0 [pid: 8|app: 0|req: 289/578] 199.204.45.229 () {32 vars in 857 bytes} [Wed Jul 8 20:05:57 2026] GET /resource_providers/b987fe69-479a-47e0-9399-0bd682a4008e/allocations => generated 54 bytes in 144 msecs (HTTP/1.1 200) 6 headers in 223 bytes (1 switches on core 0)
2026-07-08 20:05:57.381 7 INFO placement.requestlog [req-692b2126-fed2-48cd-931a-563c96f432b7 req-9eead5e7-f703-4452-ad63-03c054bf8cfd e2ca2915be37488baeebd047f480a38f daae4527268b4b5884cae5b77b562a47 - - d11e9f97e2dc4cb796d95e3b80ff6dfd d11e9f97e2dc4cb796d95e3b80ff6dfd] 199.204.45.229 "GET /resource_providers?in_tree=b987fe69-479a-47e0-9399-0bd682a4008e" status: 200 len: 797 microversion: 1.14 [pid: 7|app: 0|req: 290/579] 199.204.45.229 () {34 vars in 892 bytes} [Wed Jul 8 20:05:57 2026] GET /resource_providers?in_tree=b987fe69-479a-47e0-9399-0bd682a4008e => generated 797 bytes in 21 msecs (HTTP/1.1 200) 6 headers in 225 bytes (1 switches on core 0)
2026-07-08 20:05:57.399 8 INFO placement.requestlog [req-692b2126-fed2-48cd-931a-563c96f432b7 req-9e59c11f-1e52-447f-8dd4-c3dba9ab91d2 e2ca2915be37488baeebd047f480a38f daae4527268b4b5884cae5b77b562a47 - - d11e9f97e2dc4cb796d95e3b80ff6dfd d11e9f97e2dc4cb796d95e3b80ff6dfd] 199.204.45.229 "GET /resource_providers/b987fe69-479a-47e0-9399-0bd682a4008e/inventories" status: 200 len: 400 microversion: 1.0 [pid: 8|app: 0|req: 290/580] 199.204.45.229 () {32 vars in 857 bytes} [Wed Jul 8 20:05:57 2026] GET /resource_providers/b987fe69-479a-47e0-9399-0bd682a4008e/inventories => generated 400 bytes in 14 msecs (HTTP/1.1 200) 6 headers in 224 bytes (1 switches on core 0)
2026-07-08 20:05:57.416 7 INFO placement.requestlog [req-692b2126-fed2-48cd-931a-563c96f432b7 req-a45857da-8390-4d40-ba4b-3e580f92939c e2ca2915be37488baeebd047f480a38f daae4527268b4b5884cae5b77b562a47 - - d11e9f97e2dc4cb796d95e3b80ff6dfd d11e9f97e2dc4cb796d95e3b80ff6dfd] 199.204.45.229 "GET /resource_providers/b987fe69-479a-47e0-9399-0bd682a4008e/aggregates" status: 200 len: 53 microversion: 1.19 [pid: 7|app: 0|req: 291/581] 199.204.45.229 () {34 vars in 899 bytes} [Wed Jul 8 20:05:57 2026] GET /resource_providers/b987fe69-479a-47e0-9399-0bd682a4008e/aggregates => generated 53 bytes in 11 msecs (HTTP/1.1 200) 8 headers in 295 bytes (1 switches on core 0)
2026-07-08 20:05:57.439 8 INFO placement.requestlog [req-692b2126-fed2-48cd-931a-563c96f432b7 req-bea8c0c4-6aa8-4d36-94a0-64a254426eab e2ca2915be37488baeebd047f480a38f daae4527268b4b5884cae5b77b562a47 - - d11e9f97e2dc4cb796d95e3b80ff6dfd d11e9f97e2dc4cb796d95e3b80ff6dfd] 199.204.45.229 "GET /resource_providers/b987fe69-479a-47e0-9399-0bd682a4008e/traits" status: 200 len: 2175 microversion: 1.6 [pid: 8|app: 0|req: 291/582] 199.204.45.229 () {34 vars in 890 bytes} [Wed Jul 8 20:05:57 2026] GET /resource_providers/b987fe69-479a-47e0-9399-0bd682a4008e/traits => generated 2175 bytes in 16 msecs (HTTP/1.1 200) 6 headers in 225 bytes (1 switches on core 0)
2026-07-08 20:05:57.462 7 INFO placement.requestlog [req-692b2126-fed2-48cd-931a-563c96f432b7 req-a384b357-9cc5-4da0-b4c2-35ae49a0e6cb e2ca2915be37488baeebd047f480a38f daae4527268b4b5884cae5b77b562a47 - - d11e9f97e2dc4cb796d95e3b80ff6dfd d11e9f97e2dc4cb796d95e3b80ff6dfd] 199.204.45.229 "GET /resource_providers/b987fe69-479a-47e0-9399-0bd682a4008e/allocations" status: 200 len: 54 microversion: 1.0 [pid: 7|app: 0|req: 292/583] 199.204.45.229 () {32 vars in 857 bytes} [Wed Jul 8 20:05:57 2026] GET /resource_providers/b987fe69-479a-47e0-9399-0bd682a4008e/allocations => generated 54 bytes in 16 msecs (HTTP/1.1 200) 6 headers in 223 bytes (1 switches on core 0)
2026-07-08 20:05:58.891 8 INFO placement.requestlog [None req-76986ded-3427-411d-a46e-af805e032076 - - - - - -] 10.0.0.253 "GET /" status: 200 len: 136 microversion: 1.0
2026-07-08 20:05:58.892 7 INFO placement.requestlog [None req-73bd9a8f-2f9b-4956-a078-5851b7047794 - - - - - -] 10.0.0.253 "GET /" status: 200 len: 136 microversion: 1.0
2026-07-08 20:06:08.890 7 INFO placement.requestlog [None req-e66cc35f-ff62-458d-928a-5b23525124c2 - - - - - -] 10.0.0.253 "GET /" status: 200 len: 136 microversion: 1.0
2026-07-08 20:06:08.890 8 INFO placement.requestlog [None req-750f9c18-cbe6-4025-bc32-23e2df9c1242 - - - - - -] 10.0.0.253 "GET /" status: 200 len: 136 microversion: 1.0
2026-07-08 20:06:18.891 7 INFO placement.requestlog [None req-efde50f1-62f9-47f4-bb1b-9baa7aa9810a - - - - - -] 10.0.0.253 "GET /" status: 200 len: 136 microversion: 1.0
2026-07-08 20:06:18.891 8 INFO placement.requestlog [None req-c57f55d3-981e-4911-9099-9ac1196ef50d - - - - - -] 10.0.0.253 "GET /" status: 200 len: 136 microversion: 1.0
2026-07-08 20:06:28.891 7 INFO placement.requestlog [None req-2e2348bd-84c2-49eb-9c30-1159df96793a - - - - - -] 10.0.0.253 "GET /" status: 200 len: 136 microversion: 1.0
2026-07-08 20:06:28.891 8 INFO placement.requestlog [None req-c97e293a-fa34-4193-aafc-c9bc8f22f454 - - - - - -] 10.0.0.253 "GET /" status: 200 len: 136 microversion: 1.0
2026-07-08 20:06:38.891 7 INFO placement.requestlog [None req-1c8915b2-627b-4109-a37d-280460d396a6 - - - - - -] 10.0.0.253 "GET /" status: 200 len: 136 microversion: 1.0
2026-07-08 20:06:38.892 8 INFO placement.requestlog [None req-6fb79d48-0da8-4419-8c28-01b20758b9e1 - - - - - -] 10.0.0.253 "GET /" status: 200 len: 136 microversion: 1.0
2026-07-08 20:06:48.890 7 INFO placement.requestlog [None req-ef7e241e-984d-43fb-831c-4f719263519d - - - - - -] 10.0.0.253 "GET /" status: 200 len: 136 microversion: 1.0
2026-07-08 20:06:48.890 8 INFO placement.requestlog [None req-696d5234-5c75-45e8-b7ad-9f2cd780f75c - - - - - -] 10.0.0.253 "GET /" status: 200 len: 136 microversion: 1.0
2026-07-08 20:06:58.782 7 INFO placement.requestlog [req-3f4e1165-e8a4-4ec3-893e-171da2416fe5 req-b5b62a07-3494-49a9-83ef-bb6be0cf31d3 e2ca2915be37488baeebd047f480a38f daae4527268b4b5884cae5b77b562a47 - - d11e9f97e2dc4cb796d95e3b80ff6dfd d11e9f97e2dc4cb796d95e3b80ff6dfd] 199.204.45.229 "GET /resource_providers/b987fe69-479a-47e0-9399-0bd682a4008e/allocations" status: 200 len: 54 microversion: 1.0 [pid: 7|app: 0|req: 299/596] 199.204.45.229 () {32 vars in 857 bytes} [Wed Jul 8 20:06:58 2026] GET /resource_providers/b987fe69-479a-47e0-9399-0bd682a4008e/allocations => generated 54 bytes in 16 msecs (HTTP/1.1 200) 6 headers in 223 bytes (1 switches on core 0)
2026-07-08 20:06:58.799 8 INFO placement.requestlog [req-3f4e1165-e8a4-4ec3-893e-171da2416fe5 req-47fdd4d2-b7d0-428c-b63d-acb883092058 e2ca2915be37488baeebd047f480a38f daae4527268b4b5884cae5b77b562a47 - - d11e9f97e2dc4cb796d95e3b80ff6dfd d11e9f97e2dc4cb796d95e3b80ff6dfd] 199.204.45.229 "GET /resource_providers/b987fe69-479a-47e0-9399-0bd682a4008e/allocations" status: 200 len: 54 microversion: 1.0 [pid: 8|app: 0|req: 298/597] 199.204.45.229 () {32 vars in 857 bytes} [Wed Jul 8 20:06:58 2026] GET /resource_providers/b987fe69-479a-47e0-9399-0bd682a4008e/allocations => generated 54 bytes in 12 msecs (HTTP/1.1 200) 6 headers in 223 bytes (1 switches on core 0)
2026-07-08 20:06:58.891 7 INFO placement.requestlog [None req-e1c194c7-9caf-4a2b-ace8-a66180e3a87c - - - - - -] 10.0.0.253 "GET /" status: 200 len: 136 microversion: 1.0
2026-07-08 20:06:58.891 8 INFO placement.requestlog [None req-8528a91a-2321-46a2-a63e-a2c89290561d - - - - - -] 10.0.0.253 "GET /" status: 200 len: 136 microversion: 1.0
2026-07-08 20:07:08.891 7 INFO placement.requestlog [None req-5ff08ee7-091c-4e91-a537-fb2e43eecdd6 - - - - - -] 10.0.0.253 "GET /" status: 200 len: 136 microversion: 1.0
2026-07-08 20:07:08.891 8 INFO placement.requestlog [None req-add3c64c-3450-4bdd-afe6-b2f02be2757a - - - - - -] 10.0.0.253 "GET /" status: 200 len: 136 microversion: 1.0
2026-07-08 20:07:18.893 7 INFO placement.requestlog [None req-03c65d25-20a3-4d79-b794-be79f0224a62 - - - - - -] 10.0.0.253 "GET /" status: 200 len: 136 microversion: 1.0
2026-07-08 20:07:18.893 8 INFO placement.requestlog [None req-674b94e5-41b4-4618-8703-6a68386d5cf1 - - - - - -] 10.0.0.253 "GET /" status: 200 len: 136 microversion: 1.0
2026-07-08 20:07:28.891 8 INFO placement.requestlog [None req-c22a1de0-90d0-4c4e-98ba-1259897df2a7 - - - - - -] 10.0.0.253 "GET /" status: 200 len: 136 microversion: 1.0
2026-07-08 20:07:28.891 7 INFO placement.requestlog [None req-99e55f5a-fcec-4961-86a5-ec79cdbd4c5f - - - - - -] 10.0.0.253 "GET /" status: 200 len: 136 microversion: 1.0
2026-07-08 20:07:38.891 8 INFO placement.requestlog [None req-00e2ce75-7770-4c35-9ff2-952015eb273a - - - - - -] 10.0.0.253 "GET /" status: 200 len: 136 microversion: 1.0
2026-07-08 20:07:38.891 7 INFO placement.requestlog [None req-4f51bd79-dd41-457e-bc08-b89e1ded753d - - - - - -] 10.0.0.253 "GET /" status: 200 len: 136 microversion: 1.0
2026-07-08 20:07:48.892 7 INFO placement.requestlog [None req-01440d15-b67a-4211-89bf-ce1003a8566e - - - - - -] 10.0.0.253 "GET /" status: 200 len: 136 microversion: 1.0
2026-07-08 20:07:48.892 8 INFO placement.requestlog [None req-6251348a-d04f-48fb-b549-dc5c36cae648 - - - - - -] 10.0.0.253 "GET /" status: 200 len: 136 microversion: 1.0
2026-07-08 20:07:58.155 7 INFO placement.requestlog [req-7b3c5ccd-9350-4652-b8f8-38ee477e24ea req-740a28c3-0412-453e-87c8-a01096640281 e2ca2915be37488baeebd047f480a38f daae4527268b4b5884cae5b77b562a47 - - d11e9f97e2dc4cb796d95e3b80ff6dfd d11e9f97e2dc4cb796d95e3b80ff6dfd] 199.204.45.229 "GET /resource_providers/b987fe69-479a-47e0-9399-0bd682a4008e/allocations" status: 200 len: 54 microversion: 1.0 [pid: 7|app: 0|req: 306/610] 199.204.45.229 () {32 vars in 857 bytes} [Wed Jul 8 20:07:58 2026] GET /resource_providers/b987fe69-479a-47e0-9399-0bd682a4008e/allocations => generated 54 bytes in 16 msecs (HTTP/1.1 200) 6 headers in 223 bytes (1 switches on core 0)
2026-07-08 20:07:58.183 8 INFO placement.requestlog [req-7b3c5ccd-9350-4652-b8f8-38ee477e24ea req-569237ee-2428-4de7-8004-493672fba209 e2ca2915be37488baeebd047f480a38f daae4527268b4b5884cae5b77b562a47 - - d11e9f97e2dc4cb796d95e3b80ff6dfd d11e9f97e2dc4cb796d95e3b80ff6dfd] 199.204.45.229 "GET /resource_providers/b987fe69-479a-47e0-9399-0bd682a4008e/allocations" status: 200 len: 54 microversion: 1.0 [pid: 8|app: 0|req: 305/611] 199.204.45.229 () {32 vars in 857 bytes} [Wed Jul 8 20:07:58 2026] GET /resource_providers/b987fe69-479a-47e0-9399-0bd682a4008e/allocations => generated 54 bytes in 21 msecs (HTTP/1.1 200) 6 headers in 223 bytes (1 switches on core 0)
2026-07-08 20:07:58.890 7 INFO placement.requestlog [None req-758f2a12-3d7f-4b76-bc1e-f4c53f9d67f5 - - - - - -] 10.0.0.253 "GET /" status: 200 len: 136 microversion: 1.0
2026-07-08 20:07:58.890 8 INFO placement.requestlog [None req-3b7b5b5d-6c30-46f6-b7c4-dcb5cb6120ef - - - - - -] 10.0.0.253 "GET /" status: 200 len: 136 microversion: 1.0
2026-07-08 20:08:08.891 7 INFO placement.requestlog [None req-21c3ea99-9d2b-4435-ae72-2ddb5fcef407 - - - - - -] 10.0.0.253 "GET /" status: 200 len: 136 microversion: 1.0
2026-07-08 20:08:08.891 8 INFO placement.requestlog [None req-2802b23e-271e-4fd8-8774-450c1671153f - - - - - -] 10.0.0.253 "GET /" status: 200 len: 136 microversion: 1.0
2026-07-08 20:08:18.890 7 INFO placement.requestlog [None req-86099661-4e58-471d-995d-2858b75cc7f3 - - - - - -] 10.0.0.253 "GET /" status: 200 len: 136 microversion: 1.0
2026-07-08 20:08:18.891 8 INFO placement.requestlog [None req-c9cc629e-8444-4d8f-870d-dcc6d148fc21 - - - - - -] 10.0.0.253 "GET /" status: 200 len: 136 microversion: 1.0
2026-07-08 20:08:28.891 8 INFO placement.requestlog [None req-a32a5087-959b-4eb1-a773-f6124112f893 - - - - - -] 10.0.0.253 "GET /" status: 200 len: 136 microversion: 1.0
2026-07-08 20:08:28.892 7 INFO placement.requestlog [None req-24a9688f-3518-4fcd-9a55-158d1bfc7fc0 - - - - - -] 10.0.0.253 "GET /" status: 200 len: 136 microversion: 1.0
2026-07-08 20:08:38.891 7 INFO placement.requestlog [None req-827aa5ec-b078-418a-8781-827a01d585ff - - - - - -] 10.0.0.253 "GET /" status: 200 len: 136 microversion: 1.0
2026-07-08 20:08:38.891 8 INFO placement.requestlog [None req-19501f31-ea1d-45ae-a28f-5fd6b6542596 - - - - - -] 10.0.0.253 "GET /" status: 200 len: 136 microversion: 1.0
2026-07-08 20:08:48.891 8 INFO placement.requestlog [None req-df8cf4ab-94e2-4d0f-9b2b-30c60bc3700c - - - - - -] 10.0.0.253 "GET /" status: 200 len: 136 microversion: 1.0
2026-07-08 20:08:48.893 7 INFO placement.requestlog [None req-492a37ad-cdd4-44d0-8509-cbbf66485468 - - - - - -] 10.0.0.253 "GET /" status: 200 len: 136 microversion: 1.0
2026-07-08 20:08:52.821 7 INFO placement.requestlog [None req-e2f63900-c281-45fd-af21-ad603eb05a06 f6294d49fa024bf2861916f708ded6cf daae4527268b4b5884cae5b77b562a47 - - d11e9f97e2dc4cb796d95e3b80ff6dfd d11e9f97e2dc4cb796d95e3b80ff6dfd] 10.0.0.151 "GET /resource_providers/6939d452-512b-47a5-9622-a4fe92bc42ee/aggregates" status: 404 len: 235 microversion: 1.1 [pid: 7|app: 0|req: 313/624] 10.0.0.151 () {32 vars in 816 bytes} [Wed Jul 8 20:08:52 2026] GET /resource_providers/6939d452-512b-47a5-9622-a4fe92bc42ee/aggregates => generated 235 bytes in 156 msecs (HTTP/1.1 404) 5 headers in 202 bytes (1 switches on core 0)
2026-07-08 20:08:52.828 8 INFO placement.requestlog [None req-a465d393-fce8-4514-84ee-927630e911ed f6294d49fa024bf2861916f708ded6cf daae4527268b4b5884cae5b77b562a47 - - d11e9f97e2dc4cb796d95e3b80ff6dfd d11e9f97e2dc4cb796d95e3b80ff6dfd] 10.0.0.151 "GET /resource_providers/6939d452-512b-47a5-9622-a4fe92bc42ee/aggregates" status: 404 len: 235 microversion: 1.1 [pid: 8|app: 0|req: 312/625] 10.0.0.151 () {32 vars in 816 bytes} [Wed Jul 8 20:08:52 2026] GET /resource_providers/6939d452-512b-47a5-9622-a4fe92bc42ee/aggregates => generated 235 bytes in 170 msecs (HTTP/1.1 404) 5 headers in 202 bytes (1 switches on core 0)
2026-07-08 20:08:52.838 7 INFO placement.requestlog [None req-968c0e37-d75d-4105-9226-b2c7a02d4c05 f6294d49fa024bf2861916f708ded6cf daae4527268b4b5884cae5b77b562a47 - - d11e9f97e2dc4cb796d95e3b80ff6dfd d11e9f97e2dc4cb796d95e3b80ff6dfd] 10.0.0.151 "DELETE /resource_providers/6939d452-512b-47a5-9622-a4fe92bc42ee" status: 404 len: 246 microversion: 1.1 [pid: 7|app: 0|req: 314/626] 10.0.0.151 () {34 vars in 816 bytes} [Wed Jul 8 20:08:52 2026] DELETE /resource_providers/6939d452-512b-47a5-9622-a4fe92bc42ee => generated 246 bytes in 8 msecs (HTTP/1.1 404) 6 headers in 231 bytes (1 switches on core 0)
2026-07-08 20:08:52.842 8 INFO placement.requestlog [None req-091552d1-880b-457d-be9f-41a3cd9d3d99 f6294d49fa024bf2861916f708ded6cf daae4527268b4b5884cae5b77b562a47 - - d11e9f97e2dc4cb796d95e3b80ff6dfd d11e9f97e2dc4cb796d95e3b80ff6dfd] 10.0.0.151 "DELETE /resource_providers/6939d452-512b-47a5-9622-a4fe92bc42ee" status: 404 len: 246 microversion: 1.1 [pid: 8|app: 0|req: 313/627] 10.0.0.151 () {34 vars in 816 bytes} [Wed Jul 8 20:08:52 2026] DELETE /resource_providers/6939d452-512b-47a5-9622-a4fe92bc42ee => generated 246 bytes in 7 msecs (HTTP/1.1 404) 6 headers in 231 bytes (1 switches on core 0)
2026-07-08 20:08:53.962 8 INFO placement.requestlog [None req-a7ec1f81-f601-483a-823d-2e197acc7e7a f6294d49fa024bf2861916f708ded6cf daae4527268b4b5884cae5b77b562a47 - - d11e9f97e2dc4cb796d95e3b80ff6dfd d11e9f97e2dc4cb796d95e3b80ff6dfd] 10.0.0.151 "GET /resource_providers/d1898407-b3b7-4121-8b2c-0acb14060ccd/aggregates" status: 404 len: 235 microversion: 1.1 [pid: 8|app: 0|req: 314/628] 10.0.0.151 () {32 vars in 816 bytes} [Wed Jul 8 20:08:53 2026] GET /resource_providers/d1898407-b3b7-4121-8b2c-0acb14060ccd/aggregates => generated 235 bytes in 181 msecs (HTTP/1.1 404) 5 headers in 202 bytes (1 switches on core 0)
2026-07-08 20:08:53.977 8 INFO placement.requestlog [None req-74230fe0-5dfe-49ce-9b63-f11754416307 f6294d49fa024bf2861916f708ded6cf daae4527268b4b5884cae5b77b562a47 - - d11e9f97e2dc4cb796d95e3b80ff6dfd d11e9f97e2dc4cb796d95e3b80ff6dfd] 10.0.0.151 "DELETE /resource_providers/d1898407-b3b7-4121-8b2c-0acb14060ccd" status: 404 len: 246 microversion: 1.1 [pid: 8|app: 0|req: 315/629] 10.0.0.151 () {34 vars in 816 bytes} [Wed Jul 8 20:08:53 2026] DELETE /resource_providers/d1898407-b3b7-4121-8b2c-0acb14060ccd => generated 246 bytes in 7 msecs (HTTP/1.1 404) 6 headers in 231 bytes (1 switches on core 0)
2026-07-08 20:08:54.027 7 INFO placement.requestlog [None req-384618ee-e924-447d-80eb-4680c65483ef f6294d49fa024bf2861916f708ded6cf daae4527268b4b5884cae5b77b562a47 - - d11e9f97e2dc4cb796d95e3b80ff6dfd d11e9f97e2dc4cb796d95e3b80ff6dfd] 10.0.0.151 "GET /resource_providers/d1898407-b3b7-4121-8b2c-0acb14060ccd/aggregates" status: 404 len: 235 microversion: 1.1 [pid: 7|app: 0|req: 315/630] 10.0.0.151 () {32 vars in 816 bytes} [Wed Jul 8 20:08:53 2026] GET /resource_providers/d1898407-b3b7-4121-8b2c-0acb14060ccd/aggregates => generated 235 bytes in 288 msecs (HTTP/1.1 404) 5 headers in 202 bytes (1 switches on core 0)
2026-07-08 20:08:54.045 8 INFO placement.requestlog [None req-5c2882ca-049e-4d24-a540-f0480c72bfc9 f6294d49fa024bf2861916f708ded6cf daae4527268b4b5884cae5b77b562a47 - - d11e9f97e2dc4cb796d95e3b80ff6dfd d11e9f97e2dc4cb796d95e3b80ff6dfd] 10.0.0.151 "DELETE /resource_providers/d1898407-b3b7-4121-8b2c-0acb14060ccd" status: 404 len: 246 microversion: 1.1 [pid: 8|app: 0|req: 316/631] 10.0.0.151 () {34 vars in 816 bytes} [Wed Jul 8 20:08:54 2026] DELETE /resource_providers/d1898407-b3b7-4121-8b2c-0acb14060ccd => generated 246 bytes in 8 msecs (HTTP/1.1 404) 6 headers in 231 bytes (1 switches on core 0)
2026-07-08 20:08:54.375 7 INFO placement.requestlog [req-a26c544e-b51e-43b1-8bf2-0ba52aefe4ff req-51c4c973-d94a-4d2f-a2b9-e7015208c021 e2ca2915be37488baeebd047f480a38f daae4527268b4b5884cae5b77b562a47 - - d11e9f97e2dc4cb796d95e3b80ff6dfd d11e9f97e2dc4cb796d95e3b80ff6dfd] 10.0.0.206 "GET /allocation_candidates?limit=1000&resources=MEMORY_MB%3A512%2CVCPU%3A1&root_required=%21COMPUTE_STATUS_DISABLED" status: 200 len: 2626 microversion: 1.36 [pid: 7|app: 0|req: 316/632] 10.0.0.206 () {34 vars in 984 bytes} [Wed Jul 8 20:08:54 2026] GET /allocation_candidates?limit=1000&resources=MEMORY_MB%3A512%2CVCPU%3A1&root_required=%21COMPUTE_STATUS_DISABLED => generated 2626 bytes in 158 msecs (HTTP/1.1 200) 8 headers in 297 bytes (1 switches on core 0)
2026-07-08 20:08:54.412 8 INFO placement.requestlog [req-a26c544e-b51e-43b1-8bf2-0ba52aefe4ff req-73624ded-854d-4730-b492-de27529dcb4d e2ca2915be37488baeebd047f480a38f daae4527268b4b5884cae5b77b562a47 - - d11e9f97e2dc4cb796d95e3b80ff6dfd d11e9f97e2dc4cb796d95e3b80ff6dfd] 10.0.0.206 "GET /allocations/420ebde2-a1af-4286-8529-8e6069afd496" status: 200 len: 19 microversion: 1.28 [pid: 8|app: 0|req: 317/633] 10.0.0.206 () {34 vars in 861 bytes} [Wed Jul 8 20:08:54 2026] GET /allocations/420ebde2-a1af-4286-8529-8e6069afd496 => generated 19 bytes in 10 msecs (HTTP/1.1 200) 8 headers in 295 bytes (1 switches on core 0)
2026-07-08 20:08:54.508 7 INFO placement.requestlog [req-a26c544e-b51e-43b1-8bf2-0ba52aefe4ff req-a9047702-2573-46bf-8221-d889d8a6ecfa e2ca2915be37488baeebd047f480a38f daae4527268b4b5884cae5b77b562a47 - - d11e9f97e2dc4cb796d95e3b80ff6dfd d11e9f97e2dc4cb796d95e3b80ff6dfd] 10.0.0.206 "PUT /allocations/420ebde2-a1af-4286-8529-8e6069afd496" status: 204 len: 0 microversion: 1.36 [pid: 7|app: 0|req: 317/634] 10.0.0.206 () {38 vars in 914 bytes} [Wed Jul 8 20:08:54 2026] PUT /allocations/420ebde2-a1af-4286-8529-8e6069afd496 => generated 0 bytes in 92 msecs (HTTP/1.1 204) 5 headers in 199 bytes (1 switches on core 0)
2026-07-08 20:08:56.005 8 INFO placement.requestlog [req-a26c544e-b51e-43b1-8bf2-0ba52aefe4ff req-c5b00bc2-66f5-41fc-ae8a-f8636277ea04 e2ca2915be37488baeebd047f480a38f daae4527268b4b5884cae5b77b562a47 - - d11e9f97e2dc4cb796d95e3b80ff6dfd d11e9f97e2dc4cb796d95e3b80ff6dfd] 199.204.45.229 "GET /allocations/420ebde2-a1af-4286-8529-8e6069afd496" status: 200 len: 243 microversion: 1.28 [pid: 8|app: 0|req: 318/635] 199.204.45.229 () {34 vars in 863 bytes} [Wed Jul 8 20:08:55 2026] GET /allocations/420ebde2-a1af-4286-8529-8e6069afd496 => generated 243 bytes in 11 msecs (HTTP/1.1 200) 8 headers in 296 bytes (1 switches on core 0)
2026-07-08 20:08:57.053 7 INFO placement.requestlog [req-a26c544e-b51e-43b1-8bf2-0ba52aefe4ff req-d5799ce1-3e98-429b-8038-3d1d9a71849d e2ca2915be37488baeebd047f480a38f daae4527268b4b5884cae5b77b562a47 - - d11e9f97e2dc4cb796d95e3b80ff6dfd d11e9f97e2dc4cb796d95e3b80ff6dfd] 199.204.45.229 "GET /resource_providers/b987fe69-479a-47e0-9399-0bd682a4008e/allocations" status: 200 len: 138 microversion: 1.0 [pid: 7|app: 0|req: 318/636] 199.204.45.229 () {32 vars in 857 bytes} [Wed Jul 8 20:08:57 2026] GET /resource_providers/b987fe69-479a-47e0-9399-0bd682a4008e/allocations => generated 138 bytes in 17 msecs (HTTP/1.1 200) 6 headers in 224 bytes (1 switches on core 0)
2026-07-08 20:08:57.069 8 INFO placement.requestlog [req-a26c544e-b51e-43b1-8bf2-0ba52aefe4ff req-58d7d09f-d235-4176-8fe1-80e14e075a77 e2ca2915be37488baeebd047f480a38f daae4527268b4b5884cae5b77b562a47 - - d11e9f97e2dc4cb796d95e3b80ff6dfd d11e9f97e2dc4cb796d95e3b80ff6dfd] 199.204.45.229 "GET /allocations/420ebde2-a1af-4286-8529-8e6069afd496" status: 200 len: 243 microversion: 1.28 [pid: 8|app: 0|req: 319/637] 199.204.45.229 () {34 vars in 863 bytes} [Wed Jul 8 20:08:57 2026] GET /allocations/420ebde2-a1af-4286-8529-8e6069afd496 => generated 243 bytes in 10 msecs (HTTP/1.1 200) 8 headers in 296 bytes (1 switches on core 0)
2026-07-08 20:08:58.891 8 INFO placement.requestlog [None req-6cb2fb58-8a76-45d5-a918-72434a11f673 - - - - - -] 10.0.0.253 "GET /" status: 200 len: 136 microversion: 1.0
2026-07-08 20:08:58.892 7 INFO placement.requestlog [None req-e4c86b39-95b0-4709-bc04-eee96147a1b1 - - - - - -] 10.0.0.253 "GET /" status: 200 len: 136 microversion: 1.0
2026-07-08 20:09:00.964 8 INFO placement.requestlog [req-bdb03e4d-df8f-4841-afcf-5117a2d21059 req-5a7b3ade-bb29-4a7f-9f95-13abf2da5dd7 e2ca2915be37488baeebd047f480a38f daae4527268b4b5884cae5b77b562a47 - - d11e9f97e2dc4cb796d95e3b80ff6dfd d11e9f97e2dc4cb796d95e3b80ff6dfd] 199.204.45.229 "GET /resource_providers/b987fe69-479a-47e0-9399-0bd682a4008e/allocations" status: 200 len: 138 microversion: 1.0 [pid: 8|app: 0|req: 321/640] 199.204.45.229 () {32 vars in 857 bytes} [Wed Jul 8 20:09:00 2026] GET /resource_providers/b987fe69-479a-47e0-9399-0bd682a4008e/allocations => generated 138 bytes in 10 msecs (HTTP/1.1 200) 6 headers in 224 bytes (1 switches on core 0)
2026-07-08 20:09:00.994 7 INFO placement.requestlog [req-bdb03e4d-df8f-4841-afcf-5117a2d21059 req-f842c0f8-69c1-4576-8abb-d55b95b69fe6 e2ca2915be37488baeebd047f480a38f daae4527268b4b5884cae5b77b562a47 - - d11e9f97e2dc4cb796d95e3b80ff6dfd d11e9f97e2dc4cb796d95e3b80ff6dfd] 199.204.45.229 "GET /resource_providers/b987fe69-479a-47e0-9399-0bd682a4008e/allocations" status: 200 len: 138 microversion: 1.0 [pid: 7|app: 0|req: 320/641] 199.204.45.229 () {32 vars in 857 bytes} [Wed Jul 8 20:09:00 2026] GET /resource_providers/b987fe69-479a-47e0-9399-0bd682a4008e/allocations => generated 138 bytes in 19 msecs (HTTP/1.1 200) 6 headers in 224 bytes (1 switches on core 0)
2026-07-08 20:09:01.006 8 INFO placement.requestlog [req-bdb03e4d-df8f-4841-afcf-5117a2d21059 req-d930385c-fa0f-48ac-8c4f-fd6450248abb e2ca2915be37488baeebd047f480a38f daae4527268b4b5884cae5b77b562a47 - - d11e9f97e2dc4cb796d95e3b80ff6dfd d11e9f97e2dc4cb796d95e3b80ff6dfd] 199.204.45.229 "GET /allocations/420ebde2-a1af-4286-8529-8e6069afd496" status: 200 len: 243 microversion: 1.28 [pid: 8|app: 0|req: 322/642] 199.204.45.229 () {34 vars in 863 bytes} [Wed Jul 8 20:09:00 2026] GET /allocations/420ebde2-a1af-4286-8529-8e6069afd496 => generated 243 bytes in 8 msecs (HTTP/1.1 200) 8 headers in 296 bytes (1 switches on core 0)
2026-07-08 20:09:08.762 7 INFO placement.requestlog [req-6db145f3-b968-49f4-8696-e488d5b512cf req-5d5f2211-00a8-418e-8436-0a30f1797e29 e2ca2915be37488baeebd047f480a38f daae4527268b4b5884cae5b77b562a47 - - d11e9f97e2dc4cb796d95e3b80ff6dfd d11e9f97e2dc4cb796d95e3b80ff6dfd] 10.0.0.206 "GET /allocation_candidates?limit=1000&resources=DISK_GB%3A1%2CMEMORY_MB%3A512%2CVCPU%3A1&root_required=%21COMPUTE_STATUS_DISABLED" status: 200 len: 2642 microversion: 1.36 [pid: 7|app: 0|req: 321/643] 10.0.0.206 () {34 vars in 1012 bytes} [Wed Jul 8 20:09:08 2026] GET /allocation_candidates?limit=1000&resources=DISK_GB%3A1%2CMEMORY_MB%3A512%2CVCPU%3A1&root_required=%21COMPUTE_STATUS_DISABLED => generated 2642 bytes in 48 msecs (HTTP/1.1 200) 8 headers in 297 bytes (1 switches on core 0)
2026-07-08 20:09:08.807 7 INFO placement.requestlog [req-6db145f3-b968-49f4-8696-e488d5b512cf req-8caffc9e-9914-4a00-b9e0-bd25e2e5be28 e2ca2915be37488baeebd047f480a38f daae4527268b4b5884cae5b77b562a47 - - d11e9f97e2dc4cb796d95e3b80ff6dfd d11e9f97e2dc4cb796d95e3b80ff6dfd] 10.0.0.206 "GET /allocations/450a1d28-65d4-4f75-b8ff-9e62cbfa92d0" status: 200 len: 19 microversion: 1.28 [pid: 7|app: 0|req: 322/644] 10.0.0.206 () {34 vars in 861 bytes} [Wed Jul 8 20:09:08 2026] GET /allocations/450a1d28-65d4-4f75-b8ff-9e62cbfa92d0 => generated 19 bytes in 14 msecs (HTTP/1.1 200) 8 headers in 295 bytes (1 switches on core 0)
2026-07-08 20:09:08.820 8 INFO placement.requestlog [req-28e9069d-3289-4de1-a77d-012c0ddb458f req-dd2231cd-6368-4b1f-8791-cd992a13c689 e2ca2915be37488baeebd047f480a38f daae4527268b4b5884cae5b77b562a47 - - d11e9f97e2dc4cb796d95e3b80ff6dfd d11e9f97e2dc4cb796d95e3b80ff6dfd] 10.0.0.206 "GET /allocation_candidates?limit=1000&resources=DISK_GB%3A1%2CMEMORY_MB%3A512%2CVCPU%3A1&root_required=%21COMPUTE_STATUS_DISABLED" status: 200 len: 2642 microversion: 1.36 [pid: 8|app: 0|req: 323/645] 10.0.0.206 () {34 vars in 1012 bytes} [Wed Jul 8 20:09:08 2026] GET /allocation_candidates?limit=1000&resources=DISK_GB%3A1%2CMEMORY_MB%3A512%2CVCPU%3A1&root_required=%21COMPUTE_STATUS_DISABLED => generated 2642 bytes in 53 msecs (HTTP/1.1 200) 8 headers in 297 bytes (1 switches on core 0)
2026-07-08 20:09:08.848 8 INFO placement.requestlog [req-28e9069d-3289-4de1-a77d-012c0ddb458f req-ddfc50ff-5cee-4be1-a267-220263762373 e2ca2915be37488baeebd047f480a38f daae4527268b4b5884cae5b77b562a47 - - d11e9f97e2dc4cb796d95e3b80ff6dfd d11e9f97e2dc4cb796d95e3b80ff6dfd] 10.0.0.206 "GET /allocations/d67cbddf-4217-4d9f-bc98-158d3c65377f" status: 200 len: 19 microversion: 1.28 [pid: 8|app: 0|req: 324/646] 10.0.0.206 () {34 vars in 861 bytes} [Wed Jul 8 20:09:08 2026] GET /allocations/d67cbddf-4217-4d9f-bc98-158d3c65377f => generated 19 bytes in 11 msecs (HTTP/1.1 200) 8 headers in 295 bytes (1 switches on core 0)
2026-07-08 20:09:08.876 7 INFO placement.requestlog [req-6db145f3-b968-49f4-8696-e488d5b512cf req-5cb84337-7e67-4eec-8e11-e19f6486f383 e2ca2915be37488baeebd047f480a38f daae4527268b4b5884cae5b77b562a47 - - d11e9f97e2dc4cb796d95e3b80ff6dfd d11e9f97e2dc4cb796d95e3b80ff6dfd] 10.0.0.206 "PUT /allocations/450a1d28-65d4-4f75-b8ff-9e62cbfa92d0" status: 204 len: 0 microversion: 1.36 [pid: 7|app: 0|req: 323/647] 10.0.0.206 () {38 vars in 914 bytes} [Wed Jul 8 20:09:08 2026] PUT /allocations/450a1d28-65d4-4f75-b8ff-9e62cbfa92d0 => generated 0 bytes in 64 msecs (HTTP/1.1 204) 5 headers in 199 bytes (1 switches on core 0)
2026-07-08 20:09:08.890 7 INFO placement.requestlog [None req-4448b290-2da1-4bed-8f66-14ce963baa5e - - - - - -] 10.0.0.253 "GET /" status: 200 len: 136 microversion: 1.0
2026-07-08 20:09:08.891 7 INFO placement.requestlog [None req-ea9df425-23f4-4864-b610-e11ee1c599b0 - - - - - -] 10.0.0.253 "GET /" status: 200 len: 136 microversion: 1.0
2026-07-08 20:09:08.930 8 INFO placement.requestlog [req-28e9069d-3289-4de1-a77d-012c0ddb458f req-957299dc-7bb6-4f3c-935b-a42c80b4a6c6 e2ca2915be37488baeebd047f480a38f daae4527268b4b5884cae5b77b562a47 - - d11e9f97e2dc4cb796d95e3b80ff6dfd d11e9f97e2dc4cb796d95e3b80ff6dfd] 10.0.0.206 "PUT /allocations/d67cbddf-4217-4d9f-bc98-158d3c65377f" status: 204 len: 0 microversion: 1.36 [pid: 8|app: 0|req: 325/650] 10.0.0.206 () {38 vars in 914 bytes} [Wed Jul 8 20:09:08 2026] PUT /allocations/d67cbddf-4217-4d9f-bc98-158d3c65377f => generated 0 bytes in 76 msecs (HTTP/1.1 204) 5 headers in 199 bytes (1 switches on core 0)
2026-07-08 20:09:10.449 7 INFO placement.requestlog [req-28e9069d-3289-4de1-a77d-012c0ddb458f req-ffe483a2-305a-4ebb-883c-a9b32a841d81 e2ca2915be37488baeebd047f480a38f daae4527268b4b5884cae5b77b562a47 - - d11e9f97e2dc4cb796d95e3b80ff6dfd d11e9f97e2dc4cb796d95e3b80ff6dfd] 199.204.45.229 "GET /allocations/d67cbddf-4217-4d9f-bc98-158d3c65377f" status: 200 len: 257 microversion: 1.28 [pid: 7|app: 0|req: 326/651] 199.204.45.229 () {34 vars in 863 bytes} [Wed Jul 8 20:09:10 2026] GET /allocations/d67cbddf-4217-4d9f-bc98-158d3c65377f => generated 257 bytes in 17 msecs (HTTP/1.1 200) 8 headers in 296 bytes (1 switches on core 0)
2026-07-08 20:09:10.502 8 INFO placement.requestlog [req-6db145f3-b968-49f4-8696-e488d5b512cf req-615340fb-c8ad-48f8-bc6c-26c136405226 e2ca2915be37488baeebd047f480a38f daae4527268b4b5884cae5b77b562a47 - - d11e9f97e2dc4cb796d95e3b80ff6dfd d11e9f97e2dc4cb796d95e3b80ff6dfd] 199.204.45.229 "GET /allocations/450a1d28-65d4-4f75-b8ff-9e62cbfa92d0" status: 200 len: 257 microversion: 1.28 [pid: 8|app: 0|req: 326/652] 199.204.45.229 () {34 vars in 863 bytes} [Wed Jul 8 20:09:10 2026] GET /allocations/450a1d28-65d4-4f75-b8ff-9e62cbfa92d0 => generated 257 bytes in 18 msecs (HTTP/1.1 200) 8 headers in 296 bytes (1 switches on core 0)
2026-07-08 20:09:11.497 7 INFO placement.requestlog [req-28e9069d-3289-4de1-a77d-012c0ddb458f req-582711ff-c50f-45bc-87a7-bd16bec4fca6 e2ca2915be37488baeebd047f480a38f daae4527268b4b5884cae5b77b562a47 - - d11e9f97e2dc4cb796d95e3b80ff6dfd d11e9f97e2dc4cb796d95e3b80ff6dfd] 199.204.45.229 "GET /resource_providers/b987fe69-479a-47e0-9399-0bd682a4008e/allocations" status: 200 len: 338 microversion: 1.0 [pid: 7|app: 0|req: 327/653] 199.204.45.229 () {32 vars in 857 bytes} [Wed Jul 8 20:09:11 2026] GET /resource_providers/b987fe69-479a-47e0-9399-0bd682a4008e/allocations => generated 338 bytes in 27 msecs (HTTP/1.1 200) 6 headers in 224 bytes (1 switches on core 0)
2026-07-08 20:09:11.519 8 INFO placement.requestlog [req-28e9069d-3289-4de1-a77d-012c0ddb458f req-9bfbcaef-69d9-4386-8bee-bf7eb9717881 e2ca2915be37488baeebd047f480a38f daae4527268b4b5884cae5b77b562a47 - - d11e9f97e2dc4cb796d95e3b80ff6dfd d11e9f97e2dc4cb796d95e3b80ff6dfd] 199.204.45.229 "GET /allocations/d67cbddf-4217-4d9f-bc98-158d3c65377f" status: 200 len: 257 microversion: 1.28 [pid: 8|app: 0|req: 327/654] 199.204.45.229 () {34 vars in 863 bytes} [Wed Jul 8 20:09:11 2026] GET /allocations/d67cbddf-4217-4d9f-bc98-158d3c65377f => generated 257 bytes in 17 msecs (HTTP/1.1 200) 8 headers in 296 bytes (1 switches on core 0)
2026-07-08 20:09:11.539 7 INFO placement.requestlog [req-28e9069d-3289-4de1-a77d-012c0ddb458f req-48ffc426-b74c-4746-8ef7-6bb32f715e2c e2ca2915be37488baeebd047f480a38f daae4527268b4b5884cae5b77b562a47 - - d11e9f97e2dc4cb796d95e3b80ff6dfd d11e9f97e2dc4cb796d95e3b80ff6dfd] 199.204.45.229 "GET /allocations/420ebde2-a1af-4286-8529-8e6069afd496" status: 200 len: 243 microversion: 1.28 [pid: 7|app: 0|req: 328/655] 199.204.45.229 () {34 vars in 863 bytes} [Wed Jul 8 20:09:11 2026] GET /allocations/420ebde2-a1af-4286-8529-8e6069afd496 => generated 243 bytes in 13 msecs (HTTP/1.1 200) 8 headers in 296 bytes (1 switches on core 0)
2026-07-08 20:09:11.561 8 INFO placement.requestlog [req-28e9069d-3289-4de1-a77d-012c0ddb458f req-2f613b20-c838-4854-ae40-b0e461766d75 e2ca2915be37488baeebd047f480a38f daae4527268b4b5884cae5b77b562a47 - - d11e9f97e2dc4cb796d95e3b80ff6dfd d11e9f97e2dc4cb796d95e3b80ff6dfd] 199.204.45.229 "GET /allocations/450a1d28-65d4-4f75-b8ff-9e62cbfa92d0" status: 200 len: 257 microversion: 1.28 [pid: 8|app: 0|req: 328/656] 199.204.45.229 () {34 vars in 863 bytes} [Wed Jul 8 20:09:11 2026] GET /allocations/450a1d28-65d4-4f75-b8ff-9e62cbfa92d0 => generated 257 bytes in 18 msecs (HTTP/1.1 200) 8 headers in 296 bytes (1 switches on core 0)
2026-07-08 20:09:13.627 7 INFO placement.requestlog [req-6db145f3-b968-49f4-8696-e488d5b512cf req-8b37cb3e-7aad-4a04-b1b1-da7355f62368 e2ca2915be37488baeebd047f480a38f daae4527268b4b5884cae5b77b562a47 - - d11e9f97e2dc4cb796d95e3b80ff6dfd d11e9f97e2dc4cb796d95e3b80ff6dfd] 199.204.45.229 "GET /resource_providers/b987fe69-479a-47e0-9399-0bd682a4008e/allocations" status: 200 len: 338 microversion: 1.0 [pid: 7|app: 0|req: 329/657] 199.204.45.229 () {32 vars in 857 bytes} [Wed Jul 8 20:09:13 2026] GET /resource_providers/b987fe69-479a-47e0-9399-0bd682a4008e/allocations => generated 338 bytes in 17 msecs (HTTP/1.1 200) 6 headers in 224 bytes (1 switches on core 0)
2026-07-08 20:09:13.646 8 INFO placement.requestlog [req-6db145f3-b968-49f4-8696-e488d5b512cf req-68248bbe-a6ad-449b-b0cd-3c158a466473 e2ca2915be37488baeebd047f480a38f daae4527268b4b5884cae5b77b562a47 - - d11e9f97e2dc4cb796d95e3b80ff6dfd d11e9f97e2dc4cb796d95e3b80ff6dfd] 199.204.45.229 "GET /allocations/d67cbddf-4217-4d9f-bc98-158d3c65377f" status: 200 len: 257 microversion: 1.28 [pid: 8|app: 0|req: 329/658] 199.204.45.229 () {34 vars in 863 bytes} [Wed Jul 8 20:09:13 2026] GET /allocations/d67cbddf-4217-4d9f-bc98-158d3c65377f => generated 257 bytes in 11 msecs (HTTP/1.1 200) 8 headers in 296 bytes (1 switches on core 0)
2026-07-08 20:09:13.664 7 INFO placement.requestlog [req-6db145f3-b968-49f4-8696-e488d5b512cf req-a9cbf3ad-1c3d-405c-9fe0-bf4f84aa8b97 e2ca2915be37488baeebd047f480a38f daae4527268b4b5884cae5b77b562a47 - - d11e9f97e2dc4cb796d95e3b80ff6dfd d11e9f97e2dc4cb796d95e3b80ff6dfd] 199.204.45.229 "GET /allocations/420ebde2-a1af-4286-8529-8e6069afd496" status: 200 len: 243 microversion: 1.28 [pid: 7|app: 0|req: 330/659] 199.204.45.229 () {34 vars in 863 bytes} [Wed Jul 8 20:09:13 2026] GET /allocations/420ebde2-a1af-4286-8529-8e6069afd496 => generated 243 bytes in 11 msecs (HTTP/1.1 200) 8 headers in 296 bytes (1 switches on core 0)
2026-07-08 20:09:13.684 8 INFO placement.requestlog [req-6db145f3-b968-49f4-8696-e488d5b512cf req-13c5d14c-6284-4cdd-8326-f8c814f4841a e2ca2915be37488baeebd047f480a38f daae4527268b4b5884cae5b77b562a47 - - d11e9f97e2dc4cb796d95e3b80ff6dfd d11e9f97e2dc4cb796d95e3b80ff6dfd] 199.204.45.229 "GET /allocations/450a1d28-65d4-4f75-b8ff-9e62cbfa92d0" status: 200 len: 257 microversion: 1.28 [pid: 8|app: 0|req: 330/660] 199.204.45.229 () {34 vars in 863 bytes} [Wed Jul 8 20:09:13 2026] GET /allocations/450a1d28-65d4-4f75-b8ff-9e62cbfa92d0 => generated 257 bytes in 15 msecs (HTTP/1.1 200) 8 headers in 296 bytes (1 switches on core 0)
2026-07-08 20:09:18.892 8 INFO placement.requestlog [None req-212fdcec-9ee0-42c5-8521-9309427f193e - - - - - -] 10.0.0.253 "GET /" status: 200 len: 136 microversion: 1.0
2026-07-08 20:09:18.892 7 INFO placement.requestlog [None req-9de4ec73-74fe-4426-9f31-f12b69902d74 - - - - - -] 10.0.0.253 "GET /" status: 200 len: 136 microversion: 1.0
2026-07-08 20:09:21.322 8 INFO placement.requestlog [None req-1cd5e486-9181-454b-bf73-921c0044a81f f6294d49fa024bf2861916f708ded6cf daae4527268b4b5884cae5b77b562a47 - - d11e9f97e2dc4cb796d95e3b80ff6dfd d11e9f97e2dc4cb796d95e3b80ff6dfd] 10.0.0.151 "GET /resource_providers/6e572816-45c4-4dcb-b5d2-37d666051eac/aggregates" status: 404 len: 235 microversion: 1.1 [pid: 8|app: 0|req: 332/663] 10.0.0.151 () {32 vars in 816 bytes} [Wed Jul 8 20:09:21 2026] GET /resource_providers/6e572816-45c4-4dcb-b5d2-37d666051eac/aggregates => generated 235 bytes in 14 msecs (HTTP/1.1 404) 5 headers in 202 bytes (1 switches on core 0)
2026-07-08 20:09:21.328 7 INFO placement.requestlog [None req-9d559749-9b11-42df-bb33-b19c70efcc1f f6294d49fa024bf2861916f708ded6cf daae4527268b4b5884cae5b77b562a47 - - d11e9f97e2dc4cb796d95e3b80ff6dfd d11e9f97e2dc4cb796d95e3b80ff6dfd] 10.0.0.151 "GET /resource_providers/6e572816-45c4-4dcb-b5d2-37d666051eac/aggregates" status: 404 len: 235 microversion: 1.1 [pid: 7|app: 0|req: 332/664] 10.0.0.151 () {32 vars in 816 bytes} [Wed Jul 8 20:09:21 2026] GET /resource_providers/6e572816-45c4-4dcb-b5d2-37d666051eac/aggregates => generated 235 bytes in 15 msecs (HTTP/1.1 404) 5 headers in 202 bytes (1 switches on core 0)
2026-07-08 20:09:21.346 8 INFO placement.requestlog [None req-896ace63-5773-4cc7-b848-bbee5d24f8fc f6294d49fa024bf2861916f708ded6cf daae4527268b4b5884cae5b77b562a47 - - d11e9f97e2dc4cb796d95e3b80ff6dfd d11e9f97e2dc4cb796d95e3b80ff6dfd] 10.0.0.151 "DELETE /resource_providers/6e572816-45c4-4dcb-b5d2-37d666051eac" status: 404 len: 246 microversion: 1.1 [pid: 8|app: 0|req: 333/665] 10.0.0.151 () {34 vars in 816 bytes} [Wed Jul 8 20:09:21 2026] DELETE /resource_providers/6e572816-45c4-4dcb-b5d2-37d666051eac => generated 246 bytes in 9 msecs (HTTP/1.1 404) 6 headers in 231 bytes (1 switches on core 0)
2026-07-08 20:09:21.351 7 INFO placement.requestlog [None req-6dab031d-2d99-44a5-9d60-9c68a7469d03 f6294d49fa024bf2861916f708ded6cf daae4527268b4b5884cae5b77b562a47 - - d11e9f97e2dc4cb796d95e3b80ff6dfd d11e9f97e2dc4cb796d95e3b80ff6dfd] 10.0.0.151 "DELETE /resource_providers/6e572816-45c4-4dcb-b5d2-37d666051eac" status: 404 len: 246 microversion: 1.1 [pid: 7|app: 0|req: 333/666] 10.0.0.151 () {34 vars in 816 bytes} [Wed Jul 8 20:09:21 2026] DELETE /resource_providers/6e572816-45c4-4dcb-b5d2-37d666051eac => generated 246 bytes in 12 msecs (HTTP/1.1 404) 6 headers in 231 bytes (1 switches on core 0)
2026-07-08 20:09:28.892 8 INFO placement.requestlog [None req-c9812be0-7d98-47d9-b0b7-1cb8696745e3 - - - - - -] 10.0.0.253 "GET /" status: 200 len: 136 microversion: 1.0
2026-07-08 20:09:28.892 7 INFO placement.requestlog [None req-814a74bf-5ef7-4fd9-a5af-445689ed50db - - - - - -] 10.0.0.253 "GET /" status: 200 len: 136 microversion: 1.0
2026-07-08 20:09:29.665 7 INFO placement.requestlog [None req-419e3097-da72-4878-9a4d-3d70262c9c27 f6294d49fa024bf2861916f708ded6cf daae4527268b4b5884cae5b77b562a47 - - d11e9f97e2dc4cb796d95e3b80ff6dfd d11e9f97e2dc4cb796d95e3b80ff6dfd] 10.0.0.151 "GET /resource_providers/a90b121c-80b0-466f-9f66-5e2e369340da/aggregates" status: 404 len: 235 microversion: 1.1 [pid: 7|app: 0|req: 335/669] 10.0.0.151 () {32 vars in 816 bytes} [Wed Jul 8 20:09:29 2026] GET /resource_providers/a90b121c-80b0-466f-9f66-5e2e369340da/aggregates => generated 235 bytes in 13 msecs (HTTP/1.1 404) 5 headers in 202 bytes (1 switches on core 0)
2026-07-08 20:09:29.667 8 INFO placement.requestlog [None req-97c28e94-f051-496c-9c35-3448e7418dcb f6294d49fa024bf2861916f708ded6cf daae4527268b4b5884cae5b77b562a47 - - d11e9f97e2dc4cb796d95e3b80ff6dfd d11e9f97e2dc4cb796d95e3b80ff6dfd] 10.0.0.151 "GET /resource_providers/a90b121c-80b0-466f-9f66-5e2e369340da/aggregates" status: 404 len: 235 microversion: 1.1 [pid: 8|app: 0|req: 335/670] 10.0.0.151 () {32 vars in 816 bytes} [Wed Jul 8 20:09:29 2026] GET /resource_providers/a90b121c-80b0-466f-9f66-5e2e369340da/aggregates => generated 235 bytes in 11 msecs (HTTP/1.1 404) 5 headers in 202 bytes (1 switches on core 0)
2026-07-08 20:09:29.684 7 INFO placement.requestlog [None req-c0a58433-fee8-462b-9c31-a43037a04dad f6294d49fa024bf2861916f708ded6cf daae4527268b4b5884cae5b77b562a47 - - d11e9f97e2dc4cb796d95e3b80ff6dfd d11e9f97e2dc4cb796d95e3b80ff6dfd] 10.0.0.151 "DELETE /resource_providers/a90b121c-80b0-466f-9f66-5e2e369340da" status: 404 len: 246 microversion: 1.1 [pid: 7|app: 0|req: 336/671] 10.0.0.151 () {34 vars in 816 bytes} [Wed Jul 8 20:09:29 2026] DELETE /resource_providers/a90b121c-80b0-466f-9f66-5e2e369340da => generated 246 bytes in 9 msecs (HTTP/1.1 404) 6 headers in 231 bytes (1 switches on core 0)
2026-07-08 20:09:29.689 8 INFO placement.requestlog [None req-bc100be0-a855-41de-9b2d-fab184cd09a8 f6294d49fa024bf2861916f708ded6cf daae4527268b4b5884cae5b77b562a47 - - d11e9f97e2dc4cb796d95e3b80ff6dfd d11e9f97e2dc4cb796d95e3b80ff6dfd] 10.0.0.151 "DELETE /resource_providers/a90b121c-80b0-466f-9f66-5e2e369340da" status: 404 len: 246 microversion: 1.1 [pid: 8|app: 0|req: 336/672] 10.0.0.151 () {34 vars in 816 bytes} [Wed Jul 8 20:09:29 2026] DELETE /resource_providers/a90b121c-80b0-466f-9f66-5e2e369340da => generated 246 bytes in 12 msecs (HTTP/1.1 404) 6 headers in 231 bytes (1 switches on core 0)
2026-07-08 20:09:31.884 7 INFO placement.requestlog [None req-c7a0dc35-abbf-4641-b989-7a232d55e4b8 f6294d49fa024bf2861916f708ded6cf daae4527268b4b5884cae5b77b562a47 - - d11e9f97e2dc4cb796d95e3b80ff6dfd d11e9f97e2dc4cb796d95e3b80ff6dfd] 10.0.0.151 "GET /resource_providers/5cc6f701-0d15-427e-a92d-e956b5e18d17/aggregates" status: 404 len: 235 microversion: 1.1 [pid: 7|app: 0|req: 337/673] 10.0.0.151 () {32 vars in 816 bytes} [Wed Jul 8 20:09:31 2026] GET /resource_providers/5cc6f701-0d15-427e-a92d-e956b5e18d17/aggregates => generated 235 bytes in 10 msecs (HTTP/1.1 404) 5 headers in 202 bytes (1 switches on core 0)
2026-07-08 20:09:31.886 8 INFO placement.requestlog [None req-7e8cefdf-f714-4b8c-9f32-3cc04f138075 f6294d49fa024bf2861916f708ded6cf daae4527268b4b5884cae5b77b562a47 - - d11e9f97e2dc4cb796d95e3b80ff6dfd d11e9f97e2dc4cb796d95e3b80ff6dfd] 10.0.0.151 "GET /resource_providers/5cc6f701-0d15-427e-a92d-e956b5e18d17/aggregates" status: 404 len: 235 microversion: 1.1 [pid: 8|app: 0|req: 337/674] 10.0.0.151 () {32 vars in 816 bytes} [Wed Jul 8 20:09:31 2026] GET /resource_providers/5cc6f701-0d15-427e-a92d-e956b5e18d17/aggregates => generated 235 bytes in 10 msecs (HTTP/1.1 404) 5 headers in 202 bytes (1 switches on core 0)
2026-07-08 20:09:31.911 8 INFO placement.requestlog [None req-9c20cf2c-6ecf-4749-afdb-877a1a5d177e f6294d49fa024bf2861916f708ded6cf daae4527268b4b5884cae5b77b562a47 - - d11e9f97e2dc4cb796d95e3b80ff6dfd d11e9f97e2dc4cb796d95e3b80ff6dfd] 10.0.0.151 "DELETE /resource_providers/5cc6f701-0d15-427e-a92d-e956b5e18d17" status: 404 len: 246 microversion: 1.1 [pid: 8|app: 0|req: 338/675] 10.0.0.151 () {34 vars in 816 bytes} [Wed Jul 8 20:09:31 2026] DELETE /resource_providers/5cc6f701-0d15-427e-a92d-e956b5e18d17 => generated 246 bytes in 10 msecs (HTTP/1.1 404) 6 headers in 231 bytes (1 switches on core 0)
2026-07-08 20:09:31.912 7 INFO placement.requestlog [None req-66ee734f-a04d-4c4b-bfde-591df067eea0 f6294d49fa024bf2861916f708ded6cf daae4527268b4b5884cae5b77b562a47 - - d11e9f97e2dc4cb796d95e3b80ff6dfd d11e9f97e2dc4cb796d95e3b80ff6dfd] 10.0.0.151 "DELETE /resource_providers/5cc6f701-0d15-427e-a92d-e956b5e18d17" status: 404 len: 246 microversion: 1.1 [pid: 7|app: 0|req: 338/676] 10.0.0.151 () {34 vars in 816 bytes} [Wed Jul 8 20:09:31 2026] DELETE /resource_providers/5cc6f701-0d15-427e-a92d-e956b5e18d17 => generated 246 bytes in 12 msecs (HTTP/1.1 404) 6 headers in 231 bytes (1 switches on core 0)
2026-07-08 20:09:33.813 8 INFO placement.requestlog [req-f69c6679-9771-4798-86a6-940104e4e1be req-d97258a5-aff0-4b8e-b570-bd01038f7485 e2ca2915be37488baeebd047f480a38f daae4527268b4b5884cae5b77b562a47 - - d11e9f97e2dc4cb796d95e3b80ff6dfd d11e9f97e2dc4cb796d95e3b80ff6dfd] 199.204.45.229 "GET /resource_providers/b987fe69-479a-47e0-9399-0bd682a4008e/allocations" status: 200 len: 338 microversion: 1.0 [pid: 8|app: 0|req: 339/677] 199.204.45.229 () {32 vars in 857 bytes} [Wed Jul 8 20:09:33 2026] GET /resource_providers/b987fe69-479a-47e0-9399-0bd682a4008e/allocations => generated 338 bytes in 25 msecs (HTTP/1.1 200) 6 headers in 224 bytes (1 switches on core 0)
2026-07-08 20:09:33.835 7 INFO placement.requestlog [req-f69c6679-9771-4798-86a6-940104e4e1be req-69cddccb-aa57-44d1-ad5d-85e74b752d8e e2ca2915be37488baeebd047f480a38f daae4527268b4b5884cae5b77b562a47 - - d11e9f97e2dc4cb796d95e3b80ff6dfd d11e9f97e2dc4cb796d95e3b80ff6dfd] 199.204.45.229 "GET /allocations/d67cbddf-4217-4d9f-bc98-158d3c65377f" status: 200 len: 257 microversion: 1.28 [pid: 7|app: 0|req: 339/678] 199.204.45.229 () {34 vars in 863 bytes} [Wed Jul 8 20:09:33 2026] GET /allocations/d67cbddf-4217-4d9f-bc98-158d3c65377f => generated 257 bytes in 17 msecs (HTTP/1.1 200) 8 headers in 296 bytes (1 switches on core 0)
2026-07-08 20:09:33.856 8 INFO placement.requestlog [req-f69c6679-9771-4798-86a6-940104e4e1be req-bbdb901b-7ecc-4f24-9979-62a4216ff7e7 e2ca2915be37488baeebd047f480a38f daae4527268b4b5884cae5b77b562a47 - - d11e9f97e2dc4cb796d95e3b80ff6dfd d11e9f97e2dc4cb796d95e3b80ff6dfd] 199.204.45.229 "GET /allocations/420ebde2-a1af-4286-8529-8e6069afd496" status: 200 len: 243 microversion: 1.28 [pid: 8|app: 0|req: 340/679] 199.204.45.229 () {34 vars in 863 bytes} [Wed Jul 8 20:09:33 2026] GET /allocations/420ebde2-a1af-4286-8529-8e6069afd496 => generated 243 bytes in 11 msecs (HTTP/1.1 200) 8 headers in 296 bytes (1 switches on core 0)
2026-07-08 20:09:33.874 7 INFO placement.requestlog [req-f69c6679-9771-4798-86a6-940104e4e1be req-992c8258-fc23-4ddd-b2bc-4c9e5deb1987 e2ca2915be37488baeebd047f480a38f daae4527268b4b5884cae5b77b562a47 - - d11e9f97e2dc4cb796d95e3b80ff6dfd d11e9f97e2dc4cb796d95e3b80ff6dfd] 199.204.45.229 "GET /allocations/450a1d28-65d4-4f75-b8ff-9e62cbfa92d0" status: 200 len: 257 microversion: 1.28 [pid: 7|app: 0|req: 340/680] 199.204.45.229 () {34 vars in 863 bytes} [Wed Jul 8 20:09:33 2026] GET /allocations/450a1d28-65d4-4f75-b8ff-9e62cbfa92d0 => generated 257 bytes in 12 msecs (HTTP/1.1 200) 8 headers in 296 bytes (1 switches on core 0)
2026-07-08 20:09:34.924 8 INFO placement.requestlog [req-f69c6679-9771-4798-86a6-940104e4e1be req-60273be3-7bb7-461c-b62c-9c634679f6b6 e2ca2915be37488baeebd047f480a38f daae4527268b4b5884cae5b77b562a47 - - d11e9f97e2dc4cb796d95e3b80ff6dfd d11e9f97e2dc4cb796d95e3b80ff6dfd] 199.204.45.229 "DELETE /allocations/d67cbddf-4217-4d9f-bc98-158d3c65377f" status: 204 len: 0 microversion: 1.0 [pid: 8|app: 0|req: 341/681] 199.204.45.229 () {34 vars in 841 bytes} [Wed Jul 8 20:09:34 2026] DELETE /allocations/d67cbddf-4217-4d9f-bc98-158d3c65377f => generated 0 bytes in 25 msecs (HTTP/1.1 204) 5 headers in 198 bytes (1 switches on core 0)
2026-07-08 20:09:35.245 7 INFO placement.requestlog [req-474e9d4a-2dbc-4155-9d9f-ad4f594b7333 req-f43414bc-118d-460d-8774-0fca8826d4e9 e2ca2915be37488baeebd047f480a38f daae4527268b4b5884cae5b77b562a47 - - d11e9f97e2dc4cb796d95e3b80ff6dfd d11e9f97e2dc4cb796d95e3b80ff6dfd] 199.204.45.229 "GET /resource_providers/b987fe69-479a-47e0-9399-0bd682a4008e/allocations" status: 200 len: 238 microversion: 1.0 [pid: 7|app: 0|req: 341/682] 199.204.45.229 () {32 vars in 857 bytes} [Wed Jul 8 20:09:35 2026] GET /resource_providers/b987fe69-479a-47e0-9399-0bd682a4008e/allocations => generated 238 bytes in 16 msecs (HTTP/1.1 200) 6 headers in 224 bytes (1 switches on core 0)
2026-07-08 20:09:35.261 8 INFO placement.requestlog [req-474e9d4a-2dbc-4155-9d9f-ad4f594b7333 req-7b2ec316-b034-4061-97f7-ba2953cc3492 e2ca2915be37488baeebd047f480a38f daae4527268b4b5884cae5b77b562a47 - - d11e9f97e2dc4cb796d95e3b80ff6dfd d11e9f97e2dc4cb796d95e3b80ff6dfd] 199.204.45.229 "GET /allocations/420ebde2-a1af-4286-8529-8e6069afd496" status: 200 len: 243 microversion: 1.28 [pid: 8|app: 0|req: 342/683] 199.204.45.229 () {34 vars in 863 bytes} [Wed Jul 8 20:09:35 2026] GET /allocations/420ebde2-a1af-4286-8529-8e6069afd496 => generated 243 bytes in 11 msecs (HTTP/1.1 200) 8 headers in 296 bytes (1 switches on core 0)
2026-07-08 20:09:35.278 7 INFO placement.requestlog [req-474e9d4a-2dbc-4155-9d9f-ad4f594b7333 req-fb769ed7-097b-4c22-9a58-407804cd399e e2ca2915be37488baeebd047f480a38f daae4527268b4b5884cae5b77b562a47 - - d11e9f97e2dc4cb796d95e3b80ff6dfd d11e9f97e2dc4cb796d95e3b80ff6dfd] 199.204.45.229 "GET /allocations/450a1d28-65d4-4f75-b8ff-9e62cbfa92d0" status: 200 len: 257 microversion: 1.28 [pid: 7|app: 0|req: 342/684] 199.204.45.229 () {34 vars in 863 bytes} [Wed Jul 8 20:09:35 2026] GET /allocations/450a1d28-65d4-4f75-b8ff-9e62cbfa92d0 => generated 257 bytes in 13 msecs (HTTP/1.1 200) 8 headers in 296 bytes (1 switches on core 0)
2026-07-08 20:09:36.328 8 INFO placement.requestlog [req-474e9d4a-2dbc-4155-9d9f-ad4f594b7333 req-a6562795-1e24-4902-af0d-4db1b5360896 e2ca2915be37488baeebd047f480a38f daae4527268b4b5884cae5b77b562a47 - - d11e9f97e2dc4cb796d95e3b80ff6dfd d11e9f97e2dc4cb796d95e3b80ff6dfd] 199.204.45.229 "DELETE /allocations/420ebde2-a1af-4286-8529-8e6069afd496" status: 204 len: 0 microversion: 1.0 [pid: 8|app: 0|req: 343/685] 199.204.45.229 () {34 vars in 841 bytes} [Wed Jul 8 20:09:36 2026] DELETE /allocations/420ebde2-a1af-4286-8529-8e6069afd496 => generated 0 bytes in 20 msecs (HTTP/1.1 204) 5 headers in 198 bytes (1 switches on core 0)
2026-07-08 20:09:37.841 7 INFO placement.requestlog [None req-e65453b3-b6b0-4706-b65b-d8e794f36b47 f6294d49fa024bf2861916f708ded6cf daae4527268b4b5884cae5b77b562a47 - - d11e9f97e2dc4cb796d95e3b80ff6dfd d11e9f97e2dc4cb796d95e3b80ff6dfd] 10.0.0.151 "GET /resource_providers/936cbbc8-2110-4b7c-bde2-e55d216c84ad/aggregates" status: 404 len: 235 microversion: 1.1 [pid: 7|app: 0|req: 343/686] 10.0.0.151 () {32 vars in 816 bytes} [Wed Jul 8 20:09:37 2026] GET /resource_providers/936cbbc8-2110-4b7c-bde2-e55d216c84ad/aggregates => generated 235 bytes in 7 msecs (HTTP/1.1 404) 5 headers in 202 bytes (1 switches on core 0)
2026-07-08 20:09:37.848 8 INFO placement.requestlog [None req-85b85f19-edcc-4801-9f52-d04a5f3fc950 f6294d49fa024bf2861916f708ded6cf daae4527268b4b5884cae5b77b562a47 - - d11e9f97e2dc4cb796d95e3b80ff6dfd d11e9f97e2dc4cb796d95e3b80ff6dfd] 10.0.0.151 "GET /resource_providers/936cbbc8-2110-4b7c-bde2-e55d216c84ad/aggregates" status: 404 len: 235 microversion: 1.1 [pid: 8|app: 0|req: 344/687] 10.0.0.151 () {32 vars in 816 bytes} [Wed Jul 8 20:09:37 2026] GET /resource_providers/936cbbc8-2110-4b7c-bde2-e55d216c84ad/aggregates => generated 235 bytes in 11 msecs (HTTP/1.1 404) 5 headers in 202 bytes (1 switches on core 0)
