2026-07-08 20:12:43.849 7 INFO neutron.db.ovn_revision_numbers_db [None req-8358007f-5026-4cea-9cea-74612ab3b978 268c9c6873d0469cb5d1d553c0f196d4 9a5b25fc2c09412abc3c70046359b9dd - - default default] Successfully bumped revision number for resource 55bef5af-a9b0-4702-b891-8cd00e738178 (type: routers) to 8 [pid: 7|app: 0|req: 1082/2254] 10.0.0.180 () {34 vars in 707 bytes} [Wed Jul 8 20:12:43 2026] POST /v2.0/vpn/ipsec-site-connections => generated 805 bytes in 839 msecs (HTTP/1.1 201) 4 headers in 162 bytes (1 switches on core 0) [pid: 8|app: 0|req: 1173/2255] 10.0.0.180 () {32 vars in 724 bytes} [Wed Jul 8 20:12:43 2026] DELETE /v2.0/routers/1becf73f-6d6d-4631-9ccd-483044fb85ca => generated 0 bytes in 869 msecs (HTTP/1.1 204) 2 headers in 112 bytes (1 switches on core 0) [pid: 8|app: 0|req: 1174/2256] 10.0.0.31 () {34 vars in 989 bytes} [Wed Jul 8 20:12:44 2026] GET /v2.0/ports?device_id=79476d9a-05cd-4eac-80a4-62ada1109bcb => generated 969 bytes in 38 msecs (HTTP/1.1 200) 4 headers in 157 bytes (1 switches on core 0)
2026-07-08 20:12:44.450 7 INFO neutron.db.ovn_revision_numbers_db [None req-ff5ff37d-b003-4ee2-875e-6cdc7026b91d 268c9c6873d0469cb5d1d553c0f196d4 9a5b25fc2c09412abc3c70046359b9dd - - default default] Successfully bumped revision number for resource 55bef5af-a9b0-4702-b891-8cd00e738178 (type: routers) to 9 [pid: 7|app: 0|req: 1083/2257] 10.0.0.180 () {32 vars in 762 bytes} [Wed Jul 8 20:12:43 2026] DELETE /v2.0/vpn/ipsec-site-connections/bb107e69-7d70-48fe-b410-787c8b319828 => generated 0 bytes in 595 msecs (HTTP/1.1 204) 2 headers in 112 bytes (1 switches on core 0) [pid: 7|app: 0|req: 1084/2258] 10.0.0.31 () {34 vars in 1039 bytes} [Wed Jul 8 20:12:44 2026] GET /v2.0/security-groups?id=de39afcf-4bd1-420c-8732-c567ef77d367&fields=id&fields=name => generated 88 bytes in 28 msecs (HTTP/1.1 200) 4 headers in 156 bytes (1 switches on core 0) [pid: 7|app: 0|req: 1085/2259] 10.0.0.180 () {32 vars in 685 bytes} [Wed Jul 8 20:12:44 2026] GET /v2.0/vpn/ipsec-site-connections => generated 796 bytes in 8 msecs (HTTP/1.1 200) 4 headers in 157 bytes (1 switches on core 0)
2026-07-08 20:12:44.535 7 INFO neutron.api.v2.resource [None req-619155c3-381d-4451-aaf1-3691f3114676 268c9c6873d0469cb5d1d553c0f196d4 9a5b25fc2c09412abc3c70046359b9dd - - default default] delete failed (client error): The resource could not be found. [pid: 7|app: 0|req: 1086/2260] 10.0.0.180 () {32 vars in 762 bytes} [Wed Jul 8 20:12:44 2026] DELETE /v2.0/vpn/ipsec-site-connections/bb107e69-7d70-48fe-b410-787c8b319828 => generated 154 bytes in 13 msecs (HTTP/1.1 404) 4 headers in 164 bytes (1 switches on core 0) [pid: 8|app: 0|req: 1175/2261] 10.0.0.180 () {32 vars in 724 bytes} [Wed Jul 8 20:12:44 2026] DELETE /v2.0/subnets/a5111cf7-cfc3-4753-916e-a3ab80edebe4 => generated 0 bytes in 226 msecs (HTTP/1.1 204) 3 headers in 131 bytes (1 switches on core 0) [pid: 7|app: 0|req: 1087/2262] 10.0.0.180 () {34 vars in 693 bytes} [Wed Jul 8 20:12:44 2026] POST /v2.0/vpn/endpoint-groups => generated 289 bytes in 46 msecs (HTTP/1.1 201) 4 headers in 162 bytes (1 switches on core 0) [pid: 7|app: 0|req: 1088/2263] 10.0.0.180 () {30 vars in 702 bytes} [Wed Jul 8 20:12:44 2026] PUT /v2.0/vpn/endpoint-groups/ef0f3c51-702a-4bb7-8d23-48033ff3b3f7 => generated 289 bytes in 15 msecs (HTTP/1.1 200) 4 headers in 157 bytes (1 switches on core 0) [pid: 7|app: 0|req: 1089/2264] 10.0.0.180 () {32 vars in 745 bytes} [Wed Jul 8 20:12:44 2026] GET /v2.0/vpn/endpoint-groups/ef0f3c51-702a-4bb7-8d23-48033ff3b3f7 => generated 289 bytes in 10 msecs (HTTP/1.1 200) 4 headers in 157 bytes (1 switches on core 0) [pid: 7|app: 0|req: 1090/2265] 10.0.0.180 () {32 vars in 748 bytes} [Wed Jul 8 20:12:44 2026] DELETE /v2.0/vpn/endpoint-groups/ef0f3c51-702a-4bb7-8d23-48033ff3b3f7 => generated 0 bytes in 20 msecs (HTTP/1.1 204) 2 headers in 112 bytes (1 switches on core 0) [pid: 7|app: 0|req: 1091/2266] 10.0.0.180 () {32 vars in 671 bytes} [Wed Jul 8 20:12:44 2026] GET /v2.0/vpn/endpoint-groups => generated 632 bytes in 6 msecs (HTTP/1.1 200) 4 headers in 157 bytes (1 switches on core 0) [pid: 7|app: 0|req: 1092/2267] 10.0.0.180 () {32 vars in 671 bytes} [Wed Jul 8 20:12:44 2026] GET /v2.0/vpn/endpoint-groups => generated 632 bytes in 7 msecs (HTTP/1.1 200) 4 headers in 157 bytes (1 switches on core 0)
2026-07-08 20:12:44.689 8 INFO neutron_taas.services.taas.taas_plugin [None req-ebcd6450-0bac-4598-a81a-f5d55da0be71 b52a348bc0964d709040a7a75cdea789 51b52e064efc4460b91d5871f515bc29 - - default default] TaaS: Handle Delete Port: fed576f3-7fe5-482a-adf1-80883eede2a2
2026-07-08 20:12:44.691 8 INFO neutron_taas.services.taas.tap_mirror_plugin [None req-ebcd6450-0bac-4598-a81a-f5d55da0be71 b52a348bc0964d709040a7a75cdea789 51b52e064efc4460b91d5871f515bc29 - - default default] Tap Mirror: Handle Delete Port: fed576f3-7fe5-482a-adf1-80883eede2a2 [pid: 7|app: 0|req: 1093/2268] 10.0.0.180 () {34 vars in 685 bytes} [Wed Jul 8 20:12:44 2026] POST /v2.0/vpn/ikepolicies => generated 403 bytes in 39 msecs (HTTP/1.1 201) 4 headers in 162 bytes (1 switches on core 0) [pid: 7|app: 0|req: 1094/2269] 10.0.0.180 () {30 vars in 695 bytes} [Wed Jul 8 20:12:44 2026] PUT /v2.0/vpn/ikepolicies/602cedb8-e25a-43ee-bc90-6973e922c424 => generated 418 bytes in 16 msecs (HTTP/1.1 200) 4 headers in 157 bytes (1 switches on core 0) [pid: 7|app: 0|req: 1095/2270] 10.0.0.180 () {32 vars in 737 bytes} [Wed Jul 8 20:12:44 2026] GET /v2.0/vpn/ikepolicies/602cedb8-e25a-43ee-bc90-6973e922c424 => generated 418 bytes in 9 msecs (HTTP/1.1 200) 4 headers in 157 bytes (1 switches on core 0) [pid: 7|app: 0|req: 1096/2271] 10.0.0.180 () {32 vars in 740 bytes} [Wed Jul 8 20:12:44 2026] DELETE /v2.0/vpn/ikepolicies/602cedb8-e25a-43ee-bc90-6973e922c424 => generated 0 bytes in 36 msecs (HTTP/1.1 204) 2 headers in 112 bytes (1 switches on core 0) [pid: 7|app: 0|req: 1097/2272] 10.0.0.180 () {32 vars in 663 bytes} [Wed Jul 8 20:12:44 2026] GET /v2.0/vpn/ikepolicies => generated 408 bytes in 15 msecs (HTTP/1.1 200) 4 headers in 157 bytes (1 switches on core 0) [pid: 7|app: 0|req: 1098/2273] 10.0.0.180 () {32 vars in 663 bytes} [Wed Jul 8 20:12:44 2026] GET /v2.0/vpn/ikepolicies => generated 408 bytes in 7 msecs (HTTP/1.1 200) 4 headers in 157 bytes (1 switches on core 0) [pid: 7|app: 0|req: 1099/2274] 10.0.0.180 () {34 vars in 689 bytes} [Wed Jul 8 20:12:44 2026] POST /v2.0/vpn/ipsecpolicies => generated 412 bytes in 41 msecs (HTTP/1.1 201) 4 headers in 162 bytes (1 switches on core 0)
2026-07-08 20:12:44.893 8 INFO neutron.services.segments.plugin [-] Segment c7cf03ad-3460-4c9f-ba92-e1dbf8f5d0d7 resource provider aggregate not found
2026-07-08 20:12:44.902 8 INFO neutron.services.segments.plugin [-] Segment c7cf03ad-3460-4c9f-ba92-e1dbf8f5d0d7 resource provider aggregate not found [pid: 7|app: 0|req: 1100/2275] 10.0.0.180 () {30 vars in 699 bytes} [Wed Jul 8 20:12:44 2026] PUT /v2.0/vpn/ipsecpolicies/72a47345-1c94-451b-9ffd-3561732f0439 => generated 430 bytes in 31 msecs (HTTP/1.1 200) 4 headers in 157 bytes (1 switches on core 0)
2026-07-08 20:12:44.916 8 INFO neutron.services.segments.plugin [-] Segment c7cf03ad-3460-4c9f-ba92-e1dbf8f5d0d7 resource provider not found; error: Placement Client Error (4xx): {"errors": [{"status": 404, "title": "Not Found", "detail": "The resource could not be found.\n\n No resource provider with uuid c7cf03ad-3460-4c9f-ba92-e1dbf8f5d0d7 found for delete ", "request_id": "req-347f4094-a0b8-44ed-a8f4-591129e5cd5a"}]}
2026-07-08 20:12:44.919 8 INFO neutron.services.segments.plugin [-] Segment c7cf03ad-3460-4c9f-ba92-e1dbf8f5d0d7 resource provider not found; error: Placement Client Error (4xx): {"errors": [{"status": 404, "title": "Not Found", "detail": "The resource could not be found.\n\n No resource provider with uuid c7cf03ad-3460-4c9f-ba92-e1dbf8f5d0d7 found for delete ", "request_id": "req-77c6be3e-98cc-4673-acdd-f6b843fb8d7a"}]} [pid: 7|app: 0|req: 1101/2276] 10.0.0.180 () {32 vars in 744 bytes} [Wed Jul 8 20:12:44 2026] DELETE /v2.0/vpn/ipsecpolicies/72a47345-1c94-451b-9ffd-3561732f0439 => generated 0 bytes in 35 msecs (HTTP/1.1 204) 2 headers in 112 bytes (1 switches on core 0)
2026-07-08 20:12:44.965 7 INFO neutron.api.v2.resource [None req-369cc537-b4b7-47bc-bf11-11b06b06c68c 268c9c6873d0469cb5d1d553c0f196d4 9a5b25fc2c09412abc3c70046359b9dd - - default default] delete failed (client error): The resource could not be found. [pid: 7|app: 0|req: 1102/2277] 10.0.0.180 () {32 vars in 744 bytes} [Wed Jul 8 20:12:44 2026] DELETE /v2.0/vpn/ipsecpolicies/72a47345-1c94-451b-9ffd-3561732f0439 => generated 145 bytes in 21 msecs (HTTP/1.1 404) 4 headers in 164 bytes (1 switches on core 0) [pid: 8|app: 0|req: 1176/2278] 10.0.0.180 () {32 vars in 726 bytes} [Wed Jul 8 20:12:44 2026] DELETE /v2.0/networks/177f019d-1ac4-424c-b633-d9a5dec4deca => generated 0 bytes in 399 msecs (HTTP/1.1 204) 3 headers in 131 bytes (1 switches on core 0)
2026-07-08 20:12:44.979 7 INFO neutron.api.v2.resource [None req-4b1eb9f1-53f3-40f5-b08f-f4cf356a5964 268c9c6873d0469cb5d1d553c0f196d4 9a5b25fc2c09412abc3c70046359b9dd - - default default] delete failed (client error): The resource could not be found. [pid: 7|app: 0|req: 1103/2279] 10.0.0.180 () {32 vars in 744 bytes} [Wed Jul 8 20:12:44 2026] DELETE /v2.0/vpn/ipsecpolicies/72a47345-1c94-451b-9ffd-3561732f0439 => generated 145 bytes in 9 msecs (HTTP/1.1 404) 4 headers in 164 bytes (1 switches on core 0)
2026-07-08 20:12:45.063 8 INFO neutron.db.segments_db [None req-b9fafddd-0e79-496d-9247-fc869f470260 268c9c6873d0469cb5d1d553c0f196d4 9a5b25fc2c09412abc3c70046359b9dd - - default default] Added segment 062d85cd-4ed4-46e3-a662-19897cc963c5 of type geneve for network 52f677be-3172-4301-ba27-1ee38fd25e46
2026-07-08 20:12:45.187 8 INFO neutron.db.ovn_revision_numbers_db [None req-b9fafddd-0e79-496d-9247-fc869f470260 268c9c6873d0469cb5d1d553c0f196d4 9a5b25fc2c09412abc3c70046359b9dd - - default default] Successfully bumped revision number for resource 52f677be-3172-4301-ba27-1ee38fd25e46 (type: networks) to 1
2026-07-08 20:12:45.337 8 WARNING neutron.scheduler.dhcp_agent_scheduler [None req-b9fafddd-0e79-496d-9247-fc869f470260 268c9c6873d0469cb5d1d553c0f196d4 9a5b25fc2c09412abc3c70046359b9dd - - default default] No more DHCP agents
2026-07-08 20:12:45.339 8 WARNING neutron.api.rpc.agentnotifiers.dhcp_rpc_agent_api [None req-b9fafddd-0e79-496d-9247-fc869f470260 268c9c6873d0469cb5d1d553c0f196d4 9a5b25fc2c09412abc3c70046359b9dd - - default default] Unable to schedule network 52f677be-3172-4301-ba27-1ee38fd25e46: no agents available; will retry on subsequent port and subnet creation events. [pid: 7|app: 0|req: 1104/2280] 10.0.0.180 () {32 vars in 774 bytes} [Wed Jul 8 20:12:45 2026] GET /v2.0/security-groups?tenant_id=a91ba9c828ab4a3cbd48ca6022254cb4&name=default => generated 2925 bytes in 33 msecs (HTTP/1.1 200) 4 headers in 158 bytes (1 switches on core 0)
2026-07-08 20:12:45.510 8 INFO neutron.db.ovn_revision_numbers_db [None req-b9fafddd-0e79-496d-9247-fc869f470260 268c9c6873d0469cb5d1d553c0f196d4 9a5b25fc2c09412abc3c70046359b9dd - - default default] Successfully bumped revision number for resource 4b901f0c-b4d4-4be7-a6ad-66876b087778 (type: ports) to 1 [pid: 8|app: 0|req: 1177/2281] 10.0.0.180 () {34 vars in 670 bytes} [Wed Jul 8 20:12:44 2026] POST /v2.0/networks => generated 669 bytes in 564 msecs (HTTP/1.1 201) 4 headers in 162 bytes (1 switches on core 0) [pid: 7|app: 0|req: 1105/2282] 10.0.0.180 () {32 vars in 740 bytes} [Wed Jul 8 20:12:45 2026] DELETE /v2.0/security-groups/71a72350-d129-4115-8fac-b8d797768ac1 => generated 0 bytes in 386 msecs (HTTP/1.1 204) 2 headers in 112 bytes (1 switches on core 0)
2026-07-08 20:12:45.926 8 INFO neutron.db.ovn_revision_numbers_db [None req-ebcf104b-7d3c-412f-bea0-17e2b67489c3 b52a348bc0964d709040a7a75cdea789 51b52e064efc4460b91d5871f515bc29 - - default default] Successfully bumped revision number for resource 2580f105-d631-4b45-a5d2-d897a78b2fbb (type: security_groups) to 1
2026-07-08 20:12:45.937 8 INFO neutron.db.ovn_revision_numbers_db [None req-ebcf104b-7d3c-412f-bea0-17e2b67489c3 b52a348bc0964d709040a7a75cdea789 51b52e064efc4460b91d5871f515bc29 - - default default] Successfully bumped revision number for resource 0ff52294-d435-4b9d-a0ca-02378ed5c9cc (type: security_group_rules) to 0
2026-07-08 20:12:45.949 8 INFO neutron.db.ovn_revision_numbers_db [None req-ebcf104b-7d3c-412f-bea0-17e2b67489c3 b52a348bc0964d709040a7a75cdea789 51b52e064efc4460b91d5871f515bc29 - - default default] Successfully bumped revision number for resource 5dbe82f1-8bb9-4f71-9a00-8c1570d64849 (type: security_group_rules) to 0
2026-07-08 20:12:45.960 8 INFO neutron.db.ovn_revision_numbers_db [None req-ebcf104b-7d3c-412f-bea0-17e2b67489c3 b52a348bc0964d709040a7a75cdea789 51b52e064efc4460b91d5871f515bc29 - - default default] Successfully bumped revision number for resource 7f3efcfe-f118-4c38-a0e2-fc5e57d9ed06 (type: security_group_rules) to 0
2026-07-08 20:12:45.971 8 INFO neutron.db.ovn_revision_numbers_db [None req-ebcf104b-7d3c-412f-bea0-17e2b67489c3 b52a348bc0964d709040a7a75cdea789 51b52e064efc4460b91d5871f515bc29 - - default default] Successfully bumped revision number for resource bae91a0a-fcee-4f0b-81c5-fb80ad6b6d28 (type: security_group_rules) to 0 [pid: 8|app: 0|req: 1178/2283] 10.0.0.180 () {32 vars in 774 bytes} [Wed Jul 8 20:12:45 2026] GET /v2.0/security-groups?tenant_id=5cea4a494c36411bb0789293d1f68727&name=default => generated 2925 bytes in 457 msecs (HTTP/1.1 200) 4 headers in 158 bytes (1 switches on core 0)
2026-07-08 20:12:46.017 7 WARNING neutron.scheduler.dhcp_agent_scheduler [None req-316e2ad1-db18-4142-8eaf-946f3e228b77 268c9c6873d0469cb5d1d553c0f196d4 9a5b25fc2c09412abc3c70046359b9dd - - default default] No more DHCP agents
2026-07-08 20:12:46.018 7 WARNING neutron.api.rpc.agentnotifiers.dhcp_rpc_agent_api [None req-316e2ad1-db18-4142-8eaf-946f3e228b77 268c9c6873d0469cb5d1d553c0f196d4 9a5b25fc2c09412abc3c70046359b9dd - - default default] Unable to schedule network 52f677be-3172-4301-ba27-1ee38fd25e46: no agents available; will retry on subsequent port and subnet creation events. [pid: 8|app: 0|req: 1179/2284] 10.0.0.31 () {34 vars in 989 bytes} [Wed Jul 8 20:12:46 2026] GET /v2.0/ports?device_id=79476d9a-05cd-4eac-80a4-62ada1109bcb => generated 969 bytes in 60 msecs (HTTP/1.1 200) 4 headers in 157 bytes (1 switches on core 0) [pid: 8|app: 0|req: 1180/2285] 10.0.0.180 () {32 vars in 774 bytes} [Wed Jul 8 20:12:46 2026] GET /v2.0/security-groups?tenant_id=6b93b6d044714812b1e53c9c2d7ba564&name=default => generated 2925 bytes in 22 msecs (HTTP/1.1 200) 4 headers in 158 bytes (1 switches on core 0) [pid: 8|app: 0|req: 1181/2286] 10.0.0.180 () {32 vars in 740 bytes} [Wed Jul 8 20:12:46 2026] DELETE /v2.0/security-groups/2580f105-d631-4b45-a5d2-d897a78b2fbb => generated 0 bytes in 263 msecs (HTTP/1.1 204) 2 headers in 112 bytes (1 switches on core 0) [pid: 8|app: 0|req: 1182/2287] 10.0.0.31 () {34 vars in 1039 bytes} [Wed Jul 8 20:12:46 2026] GET /v2.0/security-groups?id=de39afcf-4bd1-420c-8732-c567ef77d367&fields=id&fields=name => generated 88 bytes in 26 msecs (HTTP/1.1 200) 4 headers in 156 bytes (1 switches on core 0)
2026-07-08 20:12:46.512 7 INFO neutron.db.ovn_revision_numbers_db [None req-64380cde-e1ed-4005-8b76-89df841bb359 - - - - - -] Successfully bumped revision number for resource 4b901f0c-b4d4-4be7-a6ad-66876b087778 (type: ports) to 2
2026-07-08 20:12:46.555 7 INFO neutron.db.ovn_revision_numbers_db [None req-64380cde-e1ed-4005-8b76-89df841bb359 - - - - - -] Successfully bumped revision number for resource 67b37f1c-8d03-4e92-8a3c-0cd6c4091c03 (type: subnets) to 0 [pid: 7|app: 0|req: 1106/2288] 10.0.0.180 () {34 vars in 669 bytes} [Wed Jul 8 20:12:45 2026] POST /v2.0/subnets => generated 629 bytes in 809 msecs (HTTP/1.1 201) 4 headers in 162 bytes (1 switches on core 0) [pid: 8|app: 0|req: 1183/2289] 10.0.0.180 () {32 vars in 740 bytes} [Wed Jul 8 20:12:46 2026] DELETE /v2.0/security-groups/5ab5273f-ad6f-47ac-9207-9c6d4439489e => generated 0 bytes in 343 msecs (HTTP/1.1 204) 2 headers in 112 bytes (1 switches on core 0)
2026-07-08 20:12:47.011 7 WARNING neutron.scheduler.dhcp_agent_scheduler [None req-12646b8a-35fb-4307-bf76-652e266e6adf 268c9c6873d0469cb5d1d553c0f196d4 9a5b25fc2c09412abc3c70046359b9dd - - default default] No more DHCP agents
2026-07-08 20:12:47.012 7 WARNING neutron.api.rpc.agentnotifiers.dhcp_rpc_agent_api [None req-12646b8a-35fb-4307-bf76-652e266e6adf 268c9c6873d0469cb5d1d553c0f196d4 9a5b25fc2c09412abc3c70046359b9dd - - default default] Unable to schedule network c806d7c0-2146-4863-a150-7d06c28e605b: no agents available; will retry on subsequent port and subnet creation events.
2026-07-08 20:12:47.211 7 INFO neutron.db.ovn_revision_numbers_db [None req-12646b8a-35fb-4307-bf76-652e266e6adf 268c9c6873d0469cb5d1d553c0f196d4 9a5b25fc2c09412abc3c70046359b9dd - - default default] Successfully bumped revision number for resource aacac70b-872f-4973-ae47-74bc2d1d77b2 (type: ports) to 1 [pid: 8|app: 0|req: 1184/2290] 10.0.0.31 () {34 vars in 989 bytes} [Wed Jul 8 20:12:47 2026] GET /v2.0/ports?device_id=79476d9a-05cd-4eac-80a4-62ada1109bcb => generated 969 bytes in 42 msecs (HTTP/1.1 200) 4 headers in 157 bytes (1 switches on core 0) [pid: 8|app: 0|req: 1185/2291] 10.0.0.31 () {34 vars in 1039 bytes} [Wed Jul 8 20:12:47 2026] GET /v2.0/security-groups?id=de39afcf-4bd1-420c-8732-c567ef77d367&fields=id&fields=name => generated 88 bytes in 25 msecs (HTTP/1.1 200) 4 headers in 156 bytes (1 switches on core 0)
2026-07-08 20:12:47.835 7 INFO neutron.plugins.ml2.drivers.ovn.mech_driver.ovsdb.commands [None req-11f5e856-13b1-4937-95e2-30c2f0ffcfd7 - - - - - -] Schedule LRP lrp-aacac70b-872f-4973-ae47-74bc2d1d77b2 on gateway 0e4368bf-f8f7-4ce5-bf0f-e843cabf2fa1 with priority 1
2026-07-08 20:12:47.953 7 INFO neutron.db.ovn_revision_numbers_db [None req-12646b8a-35fb-4307-bf76-652e266e6adf 268c9c6873d0469cb5d1d553c0f196d4 9a5b25fc2c09412abc3c70046359b9dd - - default default] Successfully bumped revision number for resource aacac70b-872f-4973-ae47-74bc2d1d77b2 (type: router_ports) to 1
2026-07-08 20:12:48.032 7 INFO neutron.db.ovn_revision_numbers_db [None req-12646b8a-35fb-4307-bf76-652e266e6adf 268c9c6873d0469cb5d1d553c0f196d4 9a5b25fc2c09412abc3c70046359b9dd - - default default] Successfully bumped revision number for resource c4b1b156-4cd5-464b-b80c-ffc5a2f57f79 (type: routers) to 2 [pid: 7|app: 0|req: 1107/2292] 10.0.0.180 () {34 vars in 669 bytes} [Wed Jul 8 20:12:46 2026] POST /v2.0/routers => generated 937 bytes in 1463 msecs (HTTP/1.1 201) 4 headers in 162 bytes (1 switches on core 0)
2026-07-08 20:12:48.590 8 WARNING neutron.scheduler.dhcp_agent_scheduler [None req-fb9c2d53-3048-42b6-8b1a-7da1ad7d677d 268c9c6873d0469cb5d1d553c0f196d4 9a5b25fc2c09412abc3c70046359b9dd - - default default] No more DHCP agents
2026-07-08 20:12:48.592 8 WARNING neutron.api.rpc.agentnotifiers.dhcp_rpc_agent_api [None req-fb9c2d53-3048-42b6-8b1a-7da1ad7d677d 268c9c6873d0469cb5d1d553c0f196d4 9a5b25fc2c09412abc3c70046359b9dd - - default default] Unable to schedule network 52f677be-3172-4301-ba27-1ee38fd25e46: no agents available; will retry on subsequent port and subnet creation events.
2026-07-08 20:12:48.608 7 WARNING neutron.plugins.ml2.drivers.ovn.mech_driver.ovsdb.ovn_client [None req-21bfd064-1f93-42d0-9d09-76f10ddb1926 - - - - - -] No hosting information found for port c9c194ce-c348-443d-a0a7-cc864c776754: RuntimeError: No hosting information found for port c9c194ce-c348-443d-a0a7-cc864c776754
2026-07-08 20:12:48.608 7 INFO neutron.plugins.ml2.drivers.ovn.mech_driver.mech_driver [None req-21bfd064-1f93-42d0-9d09-76f10ddb1926 - - - - - -] OVN reports status up for port: a1520c0e-c2ca-4a8d-b5ff-4331b9bbb850
2026-07-08 20:12:48.629 7 INFO neutron.plugins.ml2.plugin [None req-21bfd064-1f93-42d0-9d09-76f10ddb1926 - - - - - -] Attempt 1 to provision port a1520c0e-c2ca-4a8d-b5ff-4331b9bbb850
2026-07-08 20:12:48.782 8 INFO neutron.db.ovn_revision_numbers_db [None req-fb9c2d53-3048-42b6-8b1a-7da1ad7d677d 268c9c6873d0469cb5d1d553c0f196d4 9a5b25fc2c09412abc3c70046359b9dd - - default default] Successfully bumped revision number for resource 42510efa-7b02-41bf-b099-c8d5e03daebb (type: ports) to 1 [pid: 7|app: 0|req: 1108/2293] 10.0.0.31 () {34 vars in 989 bytes} [Wed Jul 8 20:12:48 2026] GET /v2.0/ports?device_id=79476d9a-05cd-4eac-80a4-62ada1109bcb => generated 969 bytes in 284 msecs (HTTP/1.1 200) 4 headers in 157 bytes (1 switches on core 0) [pid: 7|app: 0|req: 1109/2294] 10.0.0.31 () {34 vars in 1039 bytes} [Wed Jul 8 20:12:48 2026] GET /v2.0/security-groups?id=de39afcf-4bd1-420c-8732-c567ef77d367&fields=id&fields=name => generated 88 bytes in 66 msecs (HTTP/1.1 200) 4 headers in 156 bytes (1 switches on core 0)
2026-07-08 20:12:49.062 7 INFO neutron.db.ovn_revision_numbers_db [None req-21bfd064-1f93-42d0-9d09-76f10ddb1926 - - - - - -] Successfully bumped revision number for resource a1520c0e-c2ca-4a8d-b5ff-4331b9bbb850 (type: ports) to 4
2026-07-08 20:12:49.191 7 INFO neutron.plugins.ml2.drivers.ovn.mech_driver.mech_driver [None req-c23ce4f0-26f2-4f6c-a58e-329eca5c82eb - - - - - -] OVN reports status down for port: 489fccdf-e535-445c-89b5-509ead538078
2026-07-08 20:12:49.259 7 WARNING neutron.plugins.ml2.drivers.ovn.mech_driver.ovsdb.ovn_client [None req-c23ce4f0-26f2-4f6c-a58e-329eca5c82eb - - - - - -] Logical_Switch_Port 489fccdf-e535-445c-89b5-509ead538078 host information not removed, the port state is up
2026-07-08 20:12:49.299 7 INFO neutron.plugins.ml2.drivers.ovn.mech_driver.mech_driver [None req-c23ce4f0-26f2-4f6c-a58e-329eca5c82eb - - - - - -] OVN reports status up for port: 7cc81e18-eb0e-4c92-9092-d2b7ff3002d9
2026-07-08 20:12:49.310 7 INFO neutron.plugins.ml2.plugin [None req-c23ce4f0-26f2-4f6c-a58e-329eca5c82eb - - - - - -] Attempt 1 to provision port 7cc81e18-eb0e-4c92-9092-d2b7ff3002d9
2026-07-08 20:12:49.608 7 INFO neutron.db.ovn_revision_numbers_db [None req-c23ce4f0-26f2-4f6c-a58e-329eca5c82eb - - - - - -] Successfully bumped revision number for resource 7cc81e18-eb0e-4c92-9092-d2b7ff3002d9 (type: ports) to 4
2026-07-08 20:12:49.616 8 WARNING neutron.scheduler.dhcp_agent_scheduler [None req-fb9c2d53-3048-42b6-8b1a-7da1ad7d677d 268c9c6873d0469cb5d1d553c0f196d4 9a5b25fc2c09412abc3c70046359b9dd - - default default] No more DHCP agents
2026-07-08 20:12:49.617 8 WARNING neutron.api.rpc.agentnotifiers.dhcp_rpc_agent_api [None req-fb9c2d53-3048-42b6-8b1a-7da1ad7d677d 268c9c6873d0469cb5d1d553c0f196d4 9a5b25fc2c09412abc3c70046359b9dd - - default default] Unable to schedule network 52f677be-3172-4301-ba27-1ee38fd25e46: no agents available; will retry on subsequent port and subnet creation events.
2026-07-08 20:12:49.721 7 INFO neutron.plugins.ml2.drivers.ovn.mech_driver.mech_driver [None req-af527e16-8a1b-456e-bcb2-999827afffb8 - - - - - -] OVN reports status up for port: 489fccdf-e535-445c-89b5-509ead538078
2026-07-08 20:12:49.735 7 INFO neutron.plugins.ml2.plugin [None req-af527e16-8a1b-456e-bcb2-999827afffb8 - - - - - -] Attempt 1 to provision port 489fccdf-e535-445c-89b5-509ead538078
2026-07-08 20:12:49.973 8 INFO neutron.db.ovn_revision_numbers_db [None req-fb9c2d53-3048-42b6-8b1a-7da1ad7d677d 268c9c6873d0469cb5d1d553c0f196d4 9a5b25fc2c09412abc3c70046359b9dd - - default default] Successfully bumped revision number for resource 42510efa-7b02-41bf-b099-c8d5e03daebb (type: router_ports) to 1 [pid: 8|app: 0|req: 1186/2295] 10.0.0.180 () {34 vars in 783 bytes} [Wed Jul 8 20:12:48 2026] PUT /v2.0/routers/c4b1b156-4cd5-464b-b80c-ffc5a2f57f79/add_router_interface => generated 309 bytes in 1921 msecs (HTTP/1.1 200) 4 headers in 157 bytes (1 switches on core 0) [pid: 8|app: 0|req: 1187/2296] 10.0.0.31 () {34 vars in 989 bytes} [Wed Jul 8 20:12:50 2026] GET /v2.0/ports?device_id=79476d9a-05cd-4eac-80a4-62ada1109bcb => generated 969 bytes in 45 msecs (HTTP/1.1 200) 4 headers in 157 bytes (1 switches on core 0) [pid: 8|app: 0|req: 1188/2297] 10.0.0.31 () {34 vars in 1039 bytes} [Wed Jul 8 20:12:50 2026] GET /v2.0/security-groups?id=de39afcf-4bd1-420c-8732-c567ef77d367&fields=id&fields=name => generated 88 bytes in 25 msecs (HTTP/1.1 200) 4 headers in 156 bytes (1 switches on core 0)
2026-07-08 20:12:50.650 7 INFO neutron.db.ovn_revision_numbers_db [None req-af527e16-8a1b-456e-bcb2-999827afffb8 - - - - - -] Successfully bumped revision number for resource 489fccdf-e535-445c-89b5-509ead538078 (type: ports) to 2
2026-07-08 20:12:50.850 8 INFO neutron.db.ovn_revision_numbers_db [None req-900ddd6f-ae23-44ba-a75c-39745e1893d0 a8a2da99f6924f00800a3b0918426a58 e6b257587f0f4f7a92be7a74562cd9a4 - - default default] Successfully bumped revision number for resource 875c12a2-c5c3-4061-9e53-6b74111960b5 (type: security_groups) to 1
2026-07-08 20:12:50.863 8 INFO neutron.db.ovn_revision_numbers_db [None req-900ddd6f-ae23-44ba-a75c-39745e1893d0 a8a2da99f6924f00800a3b0918426a58 e6b257587f0f4f7a92be7a74562cd9a4 - - default default] Successfully bumped revision number for resource 87d7740e-c645-4f90-aaab-b28d1b62e142 (type: security_group_rules) to 0
2026-07-08 20:12:50.872 8 INFO neutron.db.ovn_revision_numbers_db [None req-900ddd6f-ae23-44ba-a75c-39745e1893d0 a8a2da99f6924f00800a3b0918426a58 e6b257587f0f4f7a92be7a74562cd9a4 - - default default] Successfully bumped revision number for resource a8d54130-53ab-42b9-b62b-41de0c32d956 (type: security_group_rules) to 0
2026-07-08 20:12:50.885 8 INFO neutron.db.ovn_revision_numbers_db [None req-900ddd6f-ae23-44ba-a75c-39745e1893d0 a8a2da99f6924f00800a3b0918426a58 e6b257587f0f4f7a92be7a74562cd9a4 - - default default] Successfully bumped revision number for resource cde854a3-9ef8-4b55-a582-845c32b9e14b (type: security_group_rules) to 0
2026-07-08 20:12:50.897 8 INFO neutron.db.ovn_revision_numbers_db [None req-900ddd6f-ae23-44ba-a75c-39745e1893d0 a8a2da99f6924f00800a3b0918426a58 e6b257587f0f4f7a92be7a74562cd9a4 - - default default] Successfully bumped revision number for resource f357bcf6-9f24-4e97-ac39-2abac50af1ab (type: security_group_rules) to 0
2026-07-08 20:12:50.912 7 WARNING neutron.scheduler.dhcp_agent_scheduler [None req-db169759-097f-4282-a268-76e9960a3cd0 - - - - - -] No more DHCP agents
2026-07-08 20:12:50.915 7 WARNING neutron.api.rpc.agentnotifiers.dhcp_rpc_agent_api [None req-db169759-097f-4282-a268-76e9960a3cd0 - - - - - -] Unable to schedule network c806d7c0-2146-4863-a150-7d06c28e605b: no agents available; will retry on subsequent port and subnet creation events.
2026-07-08 20:12:51.017 8 INFO neutron.db.ovn_revision_numbers_db [None req-900ddd6f-ae23-44ba-a75c-39745e1893d0 a8a2da99f6924f00800a3b0918426a58 e6b257587f0f4f7a92be7a74562cd9a4 - - default default] Successfully bumped revision number for resource 280baa0a-4a7a-47bd-a7dd-e1558993bc7c (type: security_groups) to 1
2026-07-08 20:12:51.030 8 INFO neutron.db.ovn_revision_numbers_db [None req-900ddd6f-ae23-44ba-a75c-39745e1893d0 a8a2da99f6924f00800a3b0918426a58 e6b257587f0f4f7a92be7a74562cd9a4 - - default default] Successfully bumped revision number for resource 1eaf02eb-ef2b-4f37-8832-6f117d486ee3 (type: security_group_rules) to 0
2026-07-08 20:12:51.041 8 INFO neutron.db.ovn_revision_numbers_db [None req-900ddd6f-ae23-44ba-a75c-39745e1893d0 a8a2da99f6924f00800a3b0918426a58 e6b257587f0f4f7a92be7a74562cd9a4 - - default default] Successfully bumped revision number for resource 2038298c-380c-45b3-94f5-eb63ffe32f6d (type: security_group_rules) to 0 [pid: 8|app: 0|req: 1189/2298] 10.0.0.180 () {34 vars in 684 bytes} [Wed Jul 8 20:12:50 2026] POST /v2.0/security-groups => generated 1601 bytes in 595 msecs (HTTP/1.1 201) 4 headers in 163 bytes (1 switches on core 0)
2026-07-08 20:12:51.130 7 INFO neutron.db.ovn_revision_numbers_db [None req-db169759-097f-4282-a268-76e9960a3cd0 - - - - - -] Successfully bumped revision number for resource d177650a-92a0-400d-9024-079519e572b1 (type: ports) to 1
2026-07-08 20:12:51.311 8 INFO neutron.db.ovn_revision_numbers_db [None req-31a20167-4461-481b-8dd6-027656428be0 ceea83d07ddd4791943a9cae6dcd6a26 3af712ec2f2b4fcd9817d7e30b918462 - - default default] Successfully bumped revision number for resource c5616b16-c146-4db1-8f45-fe5f9977f955 (type: security_groups) to 1
2026-07-08 20:12:51.321 8 INFO neutron.db.ovn_revision_numbers_db [None req-31a20167-4461-481b-8dd6-027656428be0 ceea83d07ddd4791943a9cae6dcd6a26 3af712ec2f2b4fcd9817d7e30b918462 - - default default] Successfully bumped revision number for resource 3efeaf97-5244-45b5-a39d-ccd8046234d6 (type: security_group_rules) to 0
2026-07-08 20:12:51.333 8 INFO neutron.db.ovn_revision_numbers_db [None req-31a20167-4461-481b-8dd6-027656428be0 ceea83d07ddd4791943a9cae6dcd6a26 3af712ec2f2b4fcd9817d7e30b918462 - - default default] Successfully bumped revision number for resource 7c065877-e997-434b-b1b4-10ddac649cd6 (type: security_group_rules) to 0
2026-07-08 20:12:51.344 8 INFO neutron.db.ovn_revision_numbers_db [None req-31a20167-4461-481b-8dd6-027656428be0 ceea83d07ddd4791943a9cae6dcd6a26 3af712ec2f2b4fcd9817d7e30b918462 - - default default] Successfully bumped revision number for resource b4ab7cfe-4663-4b57-ba94-b24d591e4757 (type: security_group_rules) to 0
2026-07-08 20:12:51.358 8 INFO neutron.db.ovn_revision_numbers_db [None req-31a20167-4461-481b-8dd6-027656428be0 ceea83d07ddd4791943a9cae6dcd6a26 3af712ec2f2b4fcd9817d7e30b918462 - - default default] Successfully bumped revision number for resource eee29bd1-8ab5-4e4b-92cd-142ba385fdb9 (type: security_group_rules) to 0
2026-07-08 20:12:51.410 7 INFO neutron.db.ovn_revision_numbers_db [None req-db169759-097f-4282-a268-76e9960a3cd0 - - - - - -] Successfully bumped revision number for resource d177650a-92a0-400d-9024-079519e572b1 (type: ports) to 3
2026-07-08 20:12:51.458 8 INFO neutron.db.segments_db [None req-31a20167-4461-481b-8dd6-027656428be0 ceea83d07ddd4791943a9cae6dcd6a26 3af712ec2f2b4fcd9817d7e30b918462 - - default default] Added segment 2951e980-8c3c-4576-aba5-ec92c3765f01 of type geneve for network 547d9cd7-465a-440c-926c-a5f7953152ac
2026-07-08 20:12:51.471 7 INFO neutron.db.segments_db [None req-db169759-097f-4282-a268-76e9960a3cd0 - - - - - -] Added segment 00e80a0e-b4ca-4634-a441-86a0b60da68a of type geneve for network 10f19112-2f29-4dda-8a25-96dda4b4ecbc
2026-07-08 20:12:51.612 8 INFO neutron.db.ovn_revision_numbers_db [None req-31a20167-4461-481b-8dd6-027656428be0 ceea83d07ddd4791943a9cae6dcd6a26 3af712ec2f2b4fcd9817d7e30b918462 - - default default] Successfully bumped revision number for resource 547d9cd7-465a-440c-926c-a5f7953152ac (type: networks) to 1
2026-07-08 20:12:51.679 7 INFO neutron.db.ovn_revision_numbers_db [None req-ce635190-bbcb-4c3c-a682-564567fca038 - - - - - -] Successfully bumped revision number for resource 10f19112-2f29-4dda-8a25-96dda4b4ecbc (type: networks) to 1
2026-07-08 20:12:51.796 8 WARNING neutron.scheduler.dhcp_agent_scheduler [None req-31a20167-4461-481b-8dd6-027656428be0 ceea83d07ddd4791943a9cae6dcd6a26 3af712ec2f2b4fcd9817d7e30b918462 - - default default] No more DHCP agents
2026-07-08 20:12:51.798 8 WARNING neutron.api.rpc.agentnotifiers.dhcp_rpc_agent_api [None req-31a20167-4461-481b-8dd6-027656428be0 ceea83d07ddd4791943a9cae6dcd6a26 3af712ec2f2b4fcd9817d7e30b918462 - - default default] Unable to schedule network 547d9cd7-465a-440c-926c-a5f7953152ac: no agents available; will retry on subsequent port and subnet creation events.
2026-07-08 20:12:51.814 7 WARNING neutron.scheduler.dhcp_agent_scheduler [None req-ce635190-bbcb-4c3c-a682-564567fca038 - - - - - -] No more DHCP agents
2026-07-08 20:12:51.816 7 WARNING neutron.api.rpc.agentnotifiers.dhcp_rpc_agent_api [None req-ce635190-bbcb-4c3c-a682-564567fca038 - - - - - -] Unable to schedule network 10f19112-2f29-4dda-8a25-96dda4b4ecbc: no agents available; will retry on subsequent port and subnet creation events.
2026-07-08 20:12:51.923 8 INFO neutron.db.ovn_revision_numbers_db [None req-31a20167-4461-481b-8dd6-027656428be0 ceea83d07ddd4791943a9cae6dcd6a26 3af712ec2f2b4fcd9817d7e30b918462 - - default default] Successfully bumped revision number for resource d3940e46-73dc-449a-a7ba-82290075660c (type: ports) to 1 [pid: 8|app: 0|req: 1190/2299] 10.0.0.180 () {34 vars in 670 bytes} [Wed Jul 8 20:12:51 2026] POST /v2.0/networks => generated 768 bytes in 853 msecs (HTTP/1.1 201) 4 headers in 162 bytes (1 switches on core 0)
2026-07-08 20:12:51.984 7 INFO neutron.db.ovn_revision_numbers_db [None req-ce635190-bbcb-4c3c-a682-564567fca038 - - - - - -] Successfully bumped revision number for resource 3d4d397f-1ffc-42e1-8ce8-06cead220153 (type: ports) to 1
2026-07-08 20:12:52.155 7 WARNING neutron.scheduler.dhcp_agent_scheduler [None req-ce635190-bbcb-4c3c-a682-564567fca038 - - - - - -] No more DHCP agents
2026-07-08 20:12:52.158 7 WARNING neutron.api.rpc.agentnotifiers.dhcp_rpc_agent_api [None req-ce635190-bbcb-4c3c-a682-564567fca038 - - - - - -] Unable to schedule network 10f19112-2f29-4dda-8a25-96dda4b4ecbc: no agents available; will retry on subsequent port and subnet creation events.
2026-07-08 20:12:52.163 8 INFO neutron.db.ovn_revision_numbers_db [None req-3d7bb0eb-e859-4a47-abe6-38c4b74eeb00 a8a2da99f6924f00800a3b0918426a58 e6b257587f0f4f7a92be7a74562cd9a4 - - default default] Successfully bumped revision number for resource c041e273-8a2d-404f-b5b2-2e4cd2a83f69 (type: security_groups) to 1
2026-07-08 20:12:52.179 8 INFO neutron.db.ovn_revision_numbers_db [None req-3d7bb0eb-e859-4a47-abe6-38c4b74eeb00 a8a2da99f6924f00800a3b0918426a58 e6b257587f0f4f7a92be7a74562cd9a4 - - default default] Successfully bumped revision number for resource 1a124ec1-df8e-4f18-8f07-845a87a3d957 (type: security_group_rules) to 0
2026-07-08 20:12:52.189 7 INFO neutron.db.ovn_revision_numbers_db [None req-ce635190-bbcb-4c3c-a682-564567fca038 - - - - - -] Successfully bumped revision number for resource b3b78657-e2f4-489b-8164-692537f4821d (type: subnets) to 0
2026-07-08 20:12:52.195 8 INFO neutron.db.ovn_revision_numbers_db [None req-3d7bb0eb-e859-4a47-abe6-38c4b74eeb00 a8a2da99f6924f00800a3b0918426a58 e6b257587f0f4f7a92be7a74562cd9a4 - - default default] Successfully bumped revision number for resource dd60c907-f78d-426b-b625-561b53fa15be (type: security_group_rules) to 0 [pid: 8|app: 0|req: 1191/2300] 10.0.0.180 () {34 vars in 684 bytes} [Wed Jul 8 20:12:51 2026] POST /v2.0/security-groups => generated 1601 bytes in 264 msecs (HTTP/1.1 201) 4 headers in 163 bytes (1 switches on core 0)
2026-07-08 20:12:52.554 7 WARNING neutron.scheduler.dhcp_agent_scheduler [None req-ce635190-bbcb-4c3c-a682-564567fca038 - - - - - -] No more DHCP agents
2026-07-08 20:12:52.555 7 WARNING neutron.api.rpc.agentnotifiers.dhcp_rpc_agent_api [None req-ce635190-bbcb-4c3c-a682-564567fca038 - - - - - -] Unable to schedule network 10f19112-2f29-4dda-8a25-96dda4b4ecbc: no agents available; will retry on subsequent port and subnet creation events.
2026-07-08 20:12:52.734 7 INFO neutron.db.ovn_revision_numbers_db [None req-ce635190-bbcb-4c3c-a682-564567fca038 - - - - - -] Successfully bumped revision number for resource 9e3ba3d4-eaab-4285-82ee-a359b463e9a6 (type: ports) to 1 [pid: 8|app: 0|req: 1192/2301] 10.0.0.31 () {34 vars in 989 bytes} [Wed Jul 8 20:12:52 2026] GET /v2.0/ports?device_id=79476d9a-05cd-4eac-80a4-62ada1109bcb => generated 969 bytes in 769 msecs (HTTP/1.1 200) 4 headers in 157 bytes (1 switches on core 0)
2026-07-08 20:12:53.126 8 WARNING neutron.scheduler.dhcp_agent_scheduler [None req-188b6685-e601-459f-8ca4-073c049f89e9 ceea83d07ddd4791943a9cae6dcd6a26 3af712ec2f2b4fcd9817d7e30b918462 - - default default] No more DHCP agents
2026-07-08 20:12:53.127 8 WARNING neutron.api.rpc.agentnotifiers.dhcp_rpc_agent_api [None req-188b6685-e601-459f-8ca4-073c049f89e9 ceea83d07ddd4791943a9cae6dcd6a26 3af712ec2f2b4fcd9817d7e30b918462 - - default default] Unable to schedule network 547d9cd7-465a-440c-926c-a5f7953152ac: no agents available; will retry on subsequent port and subnet creation events.
2026-07-08 20:12:53.427 7 WARNING neutron.scheduler.dhcp_agent_scheduler [None req-ce635190-bbcb-4c3c-a682-564567fca038 - - - - - -] No more DHCP agents
2026-07-08 20:12:53.429 7 WARNING neutron.api.rpc.agentnotifiers.dhcp_rpc_agent_api [None req-ce635190-bbcb-4c3c-a682-564567fca038 - - - - - -] Unable to schedule network 10f19112-2f29-4dda-8a25-96dda4b4ecbc: no agents available; will retry on subsequent port and subnet creation events.
2026-07-08 20:12:53.626 8 INFO neutron.db.ovn_revision_numbers_db [None req-959fb246-ef0e-40b2-8213-972e62b0430e - - - - - -] Successfully bumped revision number for resource d3940e46-73dc-449a-a7ba-82290075660c (type: ports) to 2
2026-07-08 20:12:53.653 8 INFO neutron.db.ovn_revision_numbers_db [None req-959fb246-ef0e-40b2-8213-972e62b0430e - - - - - -] Successfully bumped revision number for resource 36cdff12-42a2-4e43-bdda-8a158aa6f56e (type: subnets) to 0 [pid: 8|app: 0|req: 1193/2302] 10.0.0.180 () {34 vars in 669 bytes} [Wed Jul 8 20:12:53 2026] POST /v2.0/subnets => generated 644 bytes in 669 msecs (HTTP/1.1 201) 4 headers in 162 bytes (1 switches on core 0)
2026-07-08 20:12:53.803 8 INFO neutron.db.ovn_revision_numbers_db [None req-36f47e65-dc56-4bfa-b123-ee6c320c2515 a8a2da99f6924f00800a3b0918426a58 e6b257587f0f4f7a92be7a74562cd9a4 - - default default] Successfully bumped revision number for resource 7c47e753-b4cc-42dc-8626-0b4cadb71ffd (type: security_groups) to 1
2026-07-08 20:12:53.814 8 INFO neutron.db.ovn_revision_numbers_db [None req-36f47e65-dc56-4bfa-b123-ee6c320c2515 a8a2da99f6924f00800a3b0918426a58 e6b257587f0f4f7a92be7a74562cd9a4 - - default default] Successfully bumped revision number for resource 3ce081d8-7871-4897-8cde-d99b5f6c01db (type: security_group_rules) to 0
2026-07-08 20:12:53.825 8 INFO neutron.db.ovn_revision_numbers_db [None req-36f47e65-dc56-4bfa-b123-ee6c320c2515 a8a2da99f6924f00800a3b0918426a58 e6b257587f0f4f7a92be7a74562cd9a4 - - default default] Successfully bumped revision number for resource b5c70c0e-a80b-48a4-b699-1b60d520d00a (type: security_group_rules) to 0 [pid: 8|app: 0|req: 1194/2303] 10.0.0.180 () {34 vars in 684 bytes} [Wed Jul 8 20:12:53 2026] POST /v2.0/security-groups => generated 1601 bytes in 190 msecs (HTTP/1.1 201) 4 headers in 163 bytes (1 switches on core 0) [pid: 8|app: 0|req: 1195/2304] 10.0.0.31 () {34 vars in 1039 bytes} [Wed Jul 8 20:12:53 2026] GET /v2.0/security-groups?id=de39afcf-4bd1-420c-8732-c567ef77d367&fields=id&fields=name => generated 88 bytes in 31 msecs (HTTP/1.1 200) 4 headers in 156 bytes (1 switches on core 0)
2026-07-08 20:12:53.896 8 WARNING neutron.api.v2.base [None req-c4f6d5f0-c4db-4965-8b91-4d8e89d57318 ceea83d07ddd4791943a9cae6dcd6a26 3af712ec2f2b4fcd9817d7e30b918462 - - default default] An exception happened while processing the request body. The exception message is [Invalid input for target_tenant. Reason: 'None' is not a valid string.].: webob.exc.HTTPBadRequest: Invalid input for target_tenant. Reason: 'None' is not a valid string.
2026-07-08 20:12:53.897 8 INFO neutron.api.v2.resource [None req-c4f6d5f0-c4db-4965-8b91-4d8e89d57318 ceea83d07ddd4791943a9cae6dcd6a26 3af712ec2f2b4fcd9817d7e30b918462 - - default default] create failed (client error): Invalid input for target_tenant. Reason: 'None' is not a valid string. [pid: 8|app: 0|req: 1196/2305] 10.0.0.180 () {34 vars in 681 bytes} [Wed Jul 8 20:12:53 2026] POST /v2.0/rbac-policies => generated 143 bytes in 6 msecs (HTTP/1.1 400) 4 headers in 166 bytes (1 switches on core 0)
2026-07-08 20:12:54.067 7 INFO neutron.db.ovn_revision_numbers_db [None req-ce635190-bbcb-4c3c-a682-564567fca038 - - - - - -] Successfully bumped revision number for resource 9e3ba3d4-eaab-4285-82ee-a359b463e9a6 (type: router_ports) to 1
2026-07-08 20:12:54.088 8 INFO neutron.db.ovn_revision_numbers_db [None req-e2177cc4-a381-46e2-87ad-68456e7ad272 a8a2da99f6924f00800a3b0918426a58 e6b257587f0f4f7a92be7a74562cd9a4 - - default default] Successfully bumped revision number for resource d2fafea8-937d-4eec-ad79-2fe6d6bc2b47 (type: security_groups) to 1
2026-07-08 20:12:54.099 8 INFO neutron.db.ovn_revision_numbers_db [None req-e2177cc4-a381-46e2-87ad-68456e7ad272 a8a2da99f6924f00800a3b0918426a58 e6b257587f0f4f7a92be7a74562cd9a4 - - default default] Successfully bumped revision number for resource 7afab4a8-b977-4795-a772-07141d781316 (type: security_group_rules) to 0
2026-07-08 20:12:54.110 8 INFO neutron.db.ovn_revision_numbers_db [None req-e2177cc4-a381-46e2-87ad-68456e7ad272 a8a2da99f6924f00800a3b0918426a58 e6b257587f0f4f7a92be7a74562cd9a4 - - default default] Successfully bumped revision number for resource c7f501f7-4381-4855-8638-bdf03026ebe1 (type: security_group_rules) to 0 [pid: 8|app: 0|req: 1197/2306] 10.0.0.180 () {34 vars in 684 bytes} [Wed Jul 8 20:12:53 2026] POST /v2.0/security-groups => generated 1601 bytes in 244 msecs (HTTP/1.1 201) 4 headers in 163 bytes (1 switches on core 0)
2026-07-08 20:12:54.276 8 INFO neutron_taas.services.taas.taas_plugin [None req-51c05605-084e-4408-ad24-3d153f3c3a9f ceea83d07ddd4791943a9cae6dcd6a26 3af712ec2f2b4fcd9817d7e30b918462 - - default default] TaaS: Handle Delete Port: d3940e46-73dc-449a-a7ba-82290075660c
2026-07-08 20:12:54.279 8 INFO neutron_taas.services.taas.tap_mirror_plugin [None req-51c05605-084e-4408-ad24-3d153f3c3a9f ceea83d07ddd4791943a9cae6dcd6a26 3af712ec2f2b4fcd9817d7e30b918462 - - default default] Tap Mirror: Handle Delete Port: d3940e46-73dc-449a-a7ba-82290075660c
2026-07-08 20:12:54.284 7 WARNING neutron.scheduler.dhcp_agent_scheduler [None req-ce635190-bbcb-4c3c-a682-564567fca038 - - - - - -] No more DHCP agents
2026-07-08 20:12:54.285 7 WARNING neutron.api.rpc.agentnotifiers.dhcp_rpc_agent_api [None req-ce635190-bbcb-4c3c-a682-564567fca038 - - - - - -] Unable to schedule network 10f19112-2f29-4dda-8a25-96dda4b4ecbc: no agents available; will retry on subsequent port and subnet creation events.
2026-07-08 20:12:54.487 7 INFO neutron.db.ovn_revision_numbers_db [None req-ce635190-bbcb-4c3c-a682-564567fca038 - - - - - -] Successfully bumped revision number for resource 013fa17e-b1b4-4eb9-872d-11c917bfc40b (type: ports) to 1
2026-07-08 20:12:54.671 8 INFO neutron.services.segments.plugin [-] Segment 2951e980-8c3c-4576-aba5-ec92c3765f01 resource provider aggregate not found
2026-07-08 20:12:54.677 8 INFO neutron.services.segments.plugin [-] Segment 2951e980-8c3c-4576-aba5-ec92c3765f01 resource provider aggregate not found
2026-07-08 20:12:54.698 8 INFO neutron.services.segments.plugin [-] Segment 2951e980-8c3c-4576-aba5-ec92c3765f01 resource provider not found; error: Placement Client Error (4xx): {"errors": [{"status": 404, "title": "Not Found", "detail": "The resource could not be found.\n\n No resource provider with uuid 2951e980-8c3c-4576-aba5-ec92c3765f01 found for delete ", "request_id": "req-aa785b4f-7044-4173-9c4c-5e38b5621ca5"}]}
2026-07-08 20:12:54.701 8 INFO neutron.services.segments.plugin [-] Segment 2951e980-8c3c-4576-aba5-ec92c3765f01 resource provider not found; error: Placement Client Error (4xx): {"errors": [{"status": 404, "title": "Not Found", "detail": "The resource could not be found.\n\n No resource provider with uuid 2951e980-8c3c-4576-aba5-ec92c3765f01 found for delete ", "request_id": "req-3ebb633e-4c23-43f3-b32e-a8c07336b130"}]} [pid: 8|app: 0|req: 1198/2307] 10.0.0.180 () {32 vars in 726 bytes} [Wed Jul 8 20:12:54 2026] DELETE /v2.0/networks/547d9cd7-465a-440c-926c-a5f7953152ac => generated 0 bytes in 592 msecs (HTTP/1.1 204) 3 headers in 131 bytes (1 switches on core 0)
2026-07-08 20:12:54.806 7 INFO neutron.db.ovn_revision_numbers_db [None req-ce635190-bbcb-4c3c-a682-564567fca038 - - - - - -] Successfully bumped revision number for resource 013fa17e-b1b4-4eb9-872d-11c917bfc40b (type: ports) to 3
2026-07-08 20:12:54.930 8 INFO neutron.db.ovn_revision_numbers_db [None req-b43bcf6c-6b6a-4885-a34e-74aa12441d4c a8a2da99f6924f00800a3b0918426a58 e6b257587f0f4f7a92be7a74562cd9a4 - - default default] Successfully bumped revision number for resource a77b9300-4d3f-432b-834e-76c893dff1b1 (type: security_groups) to 1
2026-07-08 20:12:54.940 8 INFO neutron.db.ovn_revision_numbers_db [None req-b43bcf6c-6b6a-4885-a34e-74aa12441d4c a8a2da99f6924f00800a3b0918426a58 e6b257587f0f4f7a92be7a74562cd9a4 - - default default] Successfully bumped revision number for resource 15b787af-7e07-4641-92be-f0cda192a332 (type: security_group_rules) to 0
2026-07-08 20:12:54.951 8 INFO neutron.db.ovn_revision_numbers_db [None req-b43bcf6c-6b6a-4885-a34e-74aa12441d4c a8a2da99f6924f00800a3b0918426a58 e6b257587f0f4f7a92be7a74562cd9a4 - - default default] Successfully bumped revision number for resource 55073640-e08b-4cfe-99d4-af9e7f68ce9f (type: security_group_rules) to 0 [pid: 8|app: 0|req: 1199/2308] 10.0.0.180 () {34 vars in 684 bytes} [Wed Jul 8 20:12:54 2026] POST /v2.0/security-groups => generated 1601 bytes in 254 msecs (HTTP/1.1 201) 4 headers in 163 bytes (1 switches on core 0) [pid: 7|app: 0|req: 1110/2309] 10.0.0.180 () {34 vars in 685 bytes} [Wed Jul 8 20:12:49 2026] POST /v2.0/vpn/vpnservices => generated 459 bytes in 5061 msecs (HTTP/1.1 201) 4 headers in 162 bytes (1 switches on core 0)
2026-07-08 20:12:55.064 8 INFO neutron.db.segments_db [None req-4fa3d086-5aab-4f35-bd3b-71720944a450 ceea83d07ddd4791943a9cae6dcd6a26 3af712ec2f2b4fcd9817d7e30b918462 - - default default] Added segment 2c9a14ca-443e-48cd-a235-7e554afffa57 of type geneve for network d728712e-e340-4a48-8283-ff5340405746 [pid: 7|app: 0|req: 1111/2310] 10.0.0.31 () {34 vars in 989 bytes} [Wed Jul 8 20:12:55 2026] GET /v2.0/ports?device_id=79476d9a-05cd-4eac-80a4-62ada1109bcb => generated 969 bytes in 65 msecs (HTTP/1.1 200) 4 headers in 157 bytes (1 switches on core 0)
2026-07-08 20:12:55.184 8 INFO neutron.db.ovn_revision_numbers_db [None req-4fa3d086-5aab-4f35-bd3b-71720944a450 ceea83d07ddd4791943a9cae6dcd6a26 3af712ec2f2b4fcd9817d7e30b918462 - - default default] Successfully bumped revision number for resource d728712e-e340-4a48-8283-ff5340405746 (type: networks) to 1 [pid: 7|app: 0|req: 1112/2311] 10.0.0.180 () {34 vars in 767 bytes} [Wed Jul 8 20:12:55 2026] PUT /v2.0/security-groups/280baa0a-4a7a-47bd-a7dd-e1558993bc7c/tags => generated 17 bytes in 78 msecs (HTTP/1.1 200) 4 headers in 156 bytes (1 switches on core 0)
2026-07-08 20:12:55.207 7 WARNING neutron.plugins.ml2.drivers.ovn.mech_driver.ovsdb.ovn_client [None req-df1a4c5f-a990-4b42-9740-40d84b7578bb - - - - - -] No hosting information found for port 489fccdf-e535-445c-89b5-509ead538078: RuntimeError: No hosting information found for port 489fccdf-e535-445c-89b5-509ead538078 [pid: 7|app: 0|req: 1113/2312] 10.0.0.180 () {32 vars in 663 bytes} [Wed Jul 8 20:12:55 2026] GET /v2.0/vpn/vpnservices => generated 1307 bytes in 26 msecs (HTTP/1.1 200) 4 headers in 158 bytes (1 switches on core 0) [pid: 7|app: 0|req: 1116/2315] 10.0.0.31 () {34 vars in 1039 bytes} [Wed Jul 8 20:12:55 2026] GET /v2.0/security-groups?id=de39afcf-4bd1-420c-8732-c567ef77d367&fields=id&fields=name => generated 88 bytes in 53 msecs (HTTP/1.1 200) 4 headers in 156 bytes (1 switches on core 0)
2026-07-08 20:12:55.333 8 WARNING neutron.scheduler.dhcp_agent_scheduler [None req-4fa3d086-5aab-4f35-bd3b-71720944a450 ceea83d07ddd4791943a9cae6dcd6a26 3af712ec2f2b4fcd9817d7e30b918462 - - default default] No more DHCP agents
2026-07-08 20:12:55.334 8 WARNING neutron.api.rpc.agentnotifiers.dhcp_rpc_agent_api [None req-4fa3d086-5aab-4f35-bd3b-71720944a450 ceea83d07ddd4791943a9cae6dcd6a26 3af712ec2f2b4fcd9817d7e30b918462 - - default default] Unable to schedule network d728712e-e340-4a48-8283-ff5340405746: no agents available; will retry on subsequent port and subnet creation events.
2026-07-08 20:12:55.346 7 INFO neutron.db.ovn_revision_numbers_db [None req-df1a4c5f-a990-4b42-9740-40d84b7578bb - - - - - -] Successfully bumped revision number for resource 489fccdf-e535-445c-89b5-509ead538078 (type: router_ports) to 2
2026-07-08 20:12:55.346 7 INFO neutron.plugins.ml2.drivers.ovn.mech_driver.mech_driver [None req-df1a4c5f-a990-4b42-9740-40d84b7578bb - - - - - -] OVN reports status down for port: 0f4d30d2-e62d-4f67-bc17-d4f139a01efa [pid: 7|app: 0|req: 1117/2316] 10.0.0.180 () {34 vars in 767 bytes} [Wed Jul 8 20:12:55 2026] PUT /v2.0/security-groups/c041e273-8a2d-404f-b5b2-2e4cd2a83f69/tags => generated 25 bytes in 74 msecs (HTTP/1.1 200) 4 headers in 156 bytes (1 switches on core 0)
2026-07-08 20:12:55.362 7 INFO neutron.plugins.ml2.drivers.ovn.mech_driver.mech_driver [None req-df1a4c5f-a990-4b42-9740-40d84b7578bb - - - - - -] OVN reports status down for port: 58f21b54-f287-496d-a6ff-904229532282
2026-07-08 20:12:55.394 7 INFO neutron.plugins.ml2.drivers.ovn.mech_driver.mech_driver [None req-df1a4c5f-a990-4b42-9740-40d84b7578bb - - - - - -] OVN reports status down for port: a470e345-cb23-407f-9230-8db00abe5093
2026-07-08 20:12:55.442 8 INFO neutron.db.ovn_revision_numbers_db [None req-4fa3d086-5aab-4f35-bd3b-71720944a450 ceea83d07ddd4791943a9cae6dcd6a26 3af712ec2f2b4fcd9817d7e30b918462 - - default default] Successfully bumped revision number for resource 837c9bb4-e156-4268-8184-b4cc874a43d0 (type: ports) to 1
2026-07-08 20:12:55.474 7 INFO neutron.plugins.ml2.drivers.ovn.mech_driver.mech_driver [None req-df1a4c5f-a990-4b42-9740-40d84b7578bb - - - - - -] OVN reports status down for port: baa6f4c2-4bed-4fbe-ad3d-5bf6fcf59e7f [pid: 8|app: 0|req: 1200/2317] 10.0.0.180 () {34 vars in 670 bytes} [Wed Jul 8 20:12:54 2026] POST /v2.0/networks => generated 767 bytes in 517 msecs (HTTP/1.1 201) 4 headers in 162 bytes (1 switches on core 0)
2026-07-08 20:12:55.552 7 INFO neutron.plugins.ml2.drivers.ovn.mech_driver.mech_driver [None req-df1a4c5f-a990-4b42-9740-40d84b7578bb - - - - - -] OVN reports status up for port: 2db45f37-9142-4f9e-aa15-c4c30b8eab1d
