2026-07-08 20:12:06.895 7 INFO neutron.db.ovn_revision_numbers_db [None req-ba9f82ef-284d-4480-a1b2-79fc0676b51e 6431eb6f8ce340489a32363ff112383a 36ab7f1fda6946a6835b623ff455e4a3 - - default default] Successfully bumped revision number for resource 9059f205-b63d-4f8c-9eb2-3b1f9a92a98d (type: networks) to 1 [pid: 8|app: 0|req: 1057/2037] 199.204.45.229 () {34 vars in 994 bytes} [Wed Jul 8 20:12:06 2026] GET /v2.0/ports?device_id=723e2f95-36ee-4483-b2c5-8e4045fb7258 => generated 1250 bytes in 35 msecs (HTTP/1.1 200) 4 headers in 158 bytes (1 switches on core 0) [pid: 8|app: 0|req: 1058/2038] 199.204.45.229 () {34 vars in 1124 bytes} [Wed Jul 8 20:12:06 2026] GET /v2.0/security-groups?id=9e798b4a-dc3a-49ed-951d-162eb609fb20&id=9e79bbd2-1d7b-45cd-81f3-c5ac52d07200&fields=id&fields=name => generated 205 bytes in 35 msecs (HTTP/1.1 200) 4 headers in 157 bytes (1 switches on core 0)
2026-07-08 20:12:07.052 7 WARNING neutron.scheduler.dhcp_agent_scheduler [None req-ba9f82ef-284d-4480-a1b2-79fc0676b51e 6431eb6f8ce340489a32363ff112383a 36ab7f1fda6946a6835b623ff455e4a3 - - default default] No more DHCP agents
2026-07-08 20:12:07.053 7 WARNING neutron.api.rpc.agentnotifiers.dhcp_rpc_agent_api [None req-ba9f82ef-284d-4480-a1b2-79fc0676b51e 6431eb6f8ce340489a32363ff112383a 36ab7f1fda6946a6835b623ff455e4a3 - - default default] Unable to schedule network 9059f205-b63d-4f8c-9eb2-3b1f9a92a98d: no agents available; will retry on subsequent port and subnet creation events.
2026-07-08 20:12:07.183 7 INFO neutron.plugins.ml2.drivers.ovn.mech_driver.mech_driver [None req-066a3959-4572-41c7-bb2b-3be26b9d8eec - - - - - -] OVN reports status down for port: c1da5cf5-0f17-4b4c-9b70-f1baded87bac
2026-07-08 20:12:07.282 7 INFO neutron.db.ovn_revision_numbers_db [None req-ba9f82ef-284d-4480-a1b2-79fc0676b51e 6431eb6f8ce340489a32363ff112383a 36ab7f1fda6946a6835b623ff455e4a3 - - default default] Successfully bumped revision number for resource c1da5cf5-0f17-4b4c-9b70-f1baded87bac (type: ports) to 1
2026-07-08 20:12:07.338 7 INFO neutron.plugins.ml2.drivers.ovn.mech_driver.mech_driver [None req-066a3959-4572-41c7-bb2b-3be26b9d8eec - - - - - -] OVN reports status up for port: a470e345-cb23-407f-9230-8db00abe5093 [pid: 7|app: 0|req: 981/2039] 10.0.0.180 () {34 vars in 670 bytes} [Wed Jul 8 20:12:06 2026] POST /v2.0/networks => generated 692 bytes in 678 msecs (HTTP/1.1 201) 4 headers in 162 bytes (1 switches on core 0)
2026-07-08 20:12:07.374 7 INFO neutron.plugins.ml2.plugin [None req-066a3959-4572-41c7-bb2b-3be26b9d8eec - - - - - -] Attempt 1 to provision port a470e345-cb23-407f-9230-8db00abe5093
2026-07-08 20:12:07.551 7 INFO neutron.notifiers.nova [-] Nova event matching ['req-42920c24-4f8b-483a-af3a-82ec10c1760e'] response: {'server_uuid': '723e2f95-36ee-4483-b2c5-8e4045fb7258', 'name': 'network-vif-plugged', 'status': 'completed', 'tag': 'a470e345-cb23-407f-9230-8db00abe5093', 'code': 200} [pid: 8|app: 0|req: 1059/2040] 10.0.0.31 () {34 vars in 989 bytes} [Wed Jul 8 20:12:07 2026] GET /v2.0/ports?device_id=723e2f95-36ee-4483-b2c5-8e4045fb7258 => generated 1012 bytes in 132 msecs (HTTP/1.1 200) 4 headers in 158 bytes (1 switches on core 0) [pid: 7|app: 0|req: 982/2041] 10.0.0.31 () {34 vars in 1119 bytes} [Wed Jul 8 20:12:07 2026] GET /v2.0/security-groups?id=9e798b4a-dc3a-49ed-951d-162eb609fb20&id=9e79bbd2-1d7b-45cd-81f3-c5ac52d07200&fields=id&fields=name => generated 205 bytes in 80 msecs (HTTP/1.1 200) 4 headers in 157 bytes (1 switches on core 0)
2026-07-08 20:12:07.751 7 INFO neutron.db.ovn_revision_numbers_db [None req-066a3959-4572-41c7-bb2b-3be26b9d8eec - - - - - -] Successfully bumped revision number for resource a470e345-cb23-407f-9230-8db00abe5093 (type: ports) to 5
2026-07-08 20:12:08.154 8 WARNING neutron.scheduler.dhcp_agent_scheduler [None req-951c9ba4-3333-4a77-a4c7-b907f182fc29 6431eb6f8ce340489a32363ff112383a 36ab7f1fda6946a6835b623ff455e4a3 - - default default] No more DHCP agents
2026-07-08 20:12:08.155 8 WARNING neutron.api.rpc.agentnotifiers.dhcp_rpc_agent_api [None req-951c9ba4-3333-4a77-a4c7-b907f182fc29 6431eb6f8ce340489a32363ff112383a 36ab7f1fda6946a6835b623ff455e4a3 - - default default] Unable to schedule network 130cbbc0-ba54-476d-8e1e-23f47259d4c6: no agents available; will retry on subsequent port and subnet creation events.
2026-07-08 20:12:08.206 8 INFO neutron.db.ovn_revision_numbers_db [None req-951c9ba4-3333-4a77-a4c7-b907f182fc29 6431eb6f8ce340489a32363ff112383a 36ab7f1fda6946a6835b623ff455e4a3 - - default default] Successfully bumped revision number for resource 9342574b-d056-4ff2-8e42-cd7ac1f384b1 (type: subnets) to 0
2026-07-08 20:12:08.235 8 WARNING neutron.scheduler.dhcp_agent_scheduler [None req-951c9ba4-3333-4a77-a4c7-b907f182fc29 6431eb6f8ce340489a32363ff112383a 36ab7f1fda6946a6835b623ff455e4a3 - - default default] No more DHCP agents
2026-07-08 20:12:08.236 8 WARNING neutron.api.rpc.agentnotifiers.dhcp_rpc_agent_api [None req-951c9ba4-3333-4a77-a4c7-b907f182fc29 6431eb6f8ce340489a32363ff112383a 36ab7f1fda6946a6835b623ff455e4a3 - - default default] Unable to schedule network 9059f205-b63d-4f8c-9eb2-3b1f9a92a98d: no agents available; will retry on subsequent port and subnet creation events. /var/lib/openstack/lib/python3.12/site-packages/pycadf/identifier.py:70: UserWarning: Invalid uuid: neutron. To ensure interoperability, identifiers should be a valid uuid. warnings.warn(('Invalid uuid: %s. To ensure interoperability, '
2026-07-08 20:12:08.285 8 INFO neutron.db.ovn_revision_numbers_db [None req-951c9ba4-3333-4a77-a4c7-b907f182fc29 6431eb6f8ce340489a32363ff112383a 36ab7f1fda6946a6835b623ff455e4a3 - - default default] Successfully bumped revision number for resource 427e966d-257b-476f-b799-0b22493bc0fe (type: subnets) to 0 [pid: 8|app: 0|req: 1060/2042] 10.0.0.180 () {34 vars in 669 bytes} [Wed Jul 8 20:12:07 2026] POST /v2.0/subnets => generated 1324 bytes in 437 msecs (HTTP/1.1 201) 4 headers in 163 bytes (1 switches on core 0) [pid: 8|app: 0|req: 1061/2043] 10.0.0.180 () {32 vars in 647 bytes} [Wed Jul 8 20:12:08 2026] GET /v2.0/subnets => generated 1960 bytes in 32 msecs (HTTP/1.1 200) 4 headers in 158 bytes (1 switches on core 0)
2026-07-08 20:12:08.526 7 INFO neutron.db.ovn_revision_numbers_db [None req-aa23208e-071b-45a6-aa47-06ff0c7c3b0b b52a348bc0964d709040a7a75cdea789 51b52e064efc4460b91d5871f515bc29 - - default default] Successfully bumped revision number for resource de39afcf-4bd1-420c-8732-c567ef77d367 (type: security_groups) to 1
2026-07-08 20:12:08.555 7 INFO neutron.db.ovn_revision_numbers_db [None req-aa23208e-071b-45a6-aa47-06ff0c7c3b0b b52a348bc0964d709040a7a75cdea789 51b52e064efc4460b91d5871f515bc29 - - default default] Successfully bumped revision number for resource 140e7f31-1677-437e-a1b1-b08f1cc2ed6a (type: security_group_rules) to 0 [pid: 8|app: 0|req: 1062/2044] 10.0.0.180 () {32 vars in 724 bytes} [Wed Jul 8 20:12:08 2026] DELETE /v2.0/subnets/9342574b-d056-4ff2-8e42-cd7ac1f384b1 => generated 0 bytes in 216 msecs (HTTP/1.1 204) 3 headers in 131 bytes (1 switches on core 0)
2026-07-08 20:12:08.572 7 INFO neutron.db.ovn_revision_numbers_db [None req-aa23208e-071b-45a6-aa47-06ff0c7c3b0b b52a348bc0964d709040a7a75cdea789 51b52e064efc4460b91d5871f515bc29 - - default default] Successfully bumped revision number for resource 7ca2bb43-13a2-4595-a5cb-8b9441317c21 (type: security_group_rules) to 0
2026-07-08 20:12:08.585 7 INFO neutron.db.ovn_revision_numbers_db [None req-aa23208e-071b-45a6-aa47-06ff0c7c3b0b b52a348bc0964d709040a7a75cdea789 51b52e064efc4460b91d5871f515bc29 - - default default] Successfully bumped revision number for resource ea439858-6f54-4c5b-8a92-88228499c8df (type: security_group_rules) to 0
2026-07-08 20:12:08.599 7 INFO neutron.db.ovn_revision_numbers_db [None req-aa23208e-071b-45a6-aa47-06ff0c7c3b0b b52a348bc0964d709040a7a75cdea789 51b52e064efc4460b91d5871f515bc29 - - default default] Successfully bumped revision number for resource f5831ccf-52e2-4b2e-9053-915bd6355064 (type: security_group_rules) to 0
2026-07-08 20:12:08.684 7 INFO neutron.db.segments_db [None req-aa23208e-071b-45a6-aa47-06ff0c7c3b0b b52a348bc0964d709040a7a75cdea789 51b52e064efc4460b91d5871f515bc29 - - default default] Added segment 0fa5da55-d93a-4981-9374-7d4ca71d01c1 of type geneve for network fb95befc-a4b0-49ec-b94a-dca95215fe9f [pid: 8|app: 0|req: 1063/2045] 10.0.0.180 () {32 vars in 724 bytes} [Wed Jul 8 20:12:08 2026] DELETE /v2.0/subnets/427e966d-257b-476f-b799-0b22493bc0fe => generated 0 bytes in 179 msecs (HTTP/1.1 204) 3 headers in 131 bytes (1 switches on core 0) [pid: 8|app: 0|req: 1064/2046] 10.0.0.31 () {34 vars in 989 bytes} [Wed Jul 8 20:12:08 2026] GET /v2.0/ports?device_id=723e2f95-36ee-4483-b2c5-8e4045fb7258 => generated 1014 bytes in 36 msecs (HTTP/1.1 200) 4 headers in 158 bytes (1 switches on core 0) [pid: 8|app: 0|req: 1065/2047] 10.0.0.180 () {32 vars in 647 bytes} [Wed Jul 8 20:12:08 2026] GET /v2.0/subnets => generated 649 bytes in 53 msecs (HTTP/1.1 200) 4 headers in 157 bytes (1 switches on core 0)
2026-07-08 20:12:08.876 7 INFO neutron.db.ovn_revision_numbers_db [None req-aa23208e-071b-45a6-aa47-06ff0c7c3b0b b52a348bc0964d709040a7a75cdea789 51b52e064efc4460b91d5871f515bc29 - - default default] Successfully bumped revision number for resource fb95befc-a4b0-49ec-b94a-dca95215fe9f (type: networks) to 1 [pid: 8|app: 0|req: 1066/2048] 10.0.0.31 () {34 vars in 1119 bytes} [Wed Jul 8 20:12:08 2026] GET /v2.0/security-groups?id=9e798b4a-dc3a-49ed-951d-162eb609fb20&id=9e79bbd2-1d7b-45cd-81f3-c5ac52d07200&fields=id&fields=name => generated 205 bytes in 43 msecs (HTTP/1.1 200) 4 headers in 157 bytes (1 switches on core 0)
2026-07-08 20:12:09.022 8 INFO neutron_taas.services.taas.taas_plugin [None req-5b2eb0a1-a601-4a92-965e-647b48dacff9 6431eb6f8ce340489a32363ff112383a 36ab7f1fda6946a6835b623ff455e4a3 - - default default] TaaS: Handle Delete Port: c1da5cf5-0f17-4b4c-9b70-f1baded87bac
2026-07-08 20:12:09.025 7 WARNING neutron.scheduler.dhcp_agent_scheduler [None req-aa23208e-071b-45a6-aa47-06ff0c7c3b0b b52a348bc0964d709040a7a75cdea789 51b52e064efc4460b91d5871f515bc29 - - default default] No more DHCP agents
2026-07-08 20:12:09.025 8 INFO neutron_taas.services.taas.tap_mirror_plugin [None req-5b2eb0a1-a601-4a92-965e-647b48dacff9 6431eb6f8ce340489a32363ff112383a 36ab7f1fda6946a6835b623ff455e4a3 - - default default] Tap Mirror: Handle Delete Port: c1da5cf5-0f17-4b4c-9b70-f1baded87bac
2026-07-08 20:12:09.026 7 WARNING neutron.api.rpc.agentnotifiers.dhcp_rpc_agent_api [None req-aa23208e-071b-45a6-aa47-06ff0c7c3b0b b52a348bc0964d709040a7a75cdea789 51b52e064efc4460b91d5871f515bc29 - - default default] Unable to schedule network fb95befc-a4b0-49ec-b94a-dca95215fe9f: no agents available; will retry on subsequent port and subnet creation events.
2026-07-08 20:12:09.107 7 INFO neutron.plugins.ml2.drivers.ovn.mech_driver.mech_driver [None req-f3bffc14-8f0d-49c8-9514-9c927539718e - - - - - -] OVN reports status down for port: 93d87669-083b-4cba-ae06-f5fc59b45b37
2026-07-08 20:12:09.231 7 INFO neutron.db.ovn_revision_numbers_db [None req-aa23208e-071b-45a6-aa47-06ff0c7c3b0b b52a348bc0964d709040a7a75cdea789 51b52e064efc4460b91d5871f515bc29 - - default default] Successfully bumped revision number for resource 93d87669-083b-4cba-ae06-f5fc59b45b37 (type: ports) to 1
2026-07-08 20:12:09.280 8 INFO neutron.services.segments.plugin [-] Segment 816712ad-cfea-444e-8fa2-bb3cab6f84bb resource provider aggregate not found
2026-07-08 20:12:09.290 8 INFO neutron.services.segments.plugin [-] Segment 816712ad-cfea-444e-8fa2-bb3cab6f84bb resource provider aggregate not found
2026-07-08 20:12:09.306 8 INFO neutron.services.segments.plugin [-] Segment 816712ad-cfea-444e-8fa2-bb3cab6f84bb resource provider not found; error: Placement Client Error (4xx): {"errors": [{"status": 404, "title": "Not Found", "detail": "The resource could not be found.\n\n No resource provider with uuid 816712ad-cfea-444e-8fa2-bb3cab6f84bb found for delete ", "request_id": "req-7f1dcd1f-a780-405c-8ba6-26604f1b2af6"}]}
2026-07-08 20:12:09.306 8 INFO neutron.services.segments.plugin [-] Segment 816712ad-cfea-444e-8fa2-bb3cab6f84bb resource provider not found; error: Placement Client Error (4xx): {"errors": [{"status": 404, "title": "Not Found", "detail": "The resource could not be found.\n\n No resource provider with uuid 816712ad-cfea-444e-8fa2-bb3cab6f84bb found for delete ", "request_id": "req-50fde780-b3cb-498a-8119-dc14d2568633"}]} [pid: 7|app: 0|req: 983/2049] 10.0.0.180 () {34 vars in 671 bytes} [Wed Jul 8 20:12:08 2026] POST /v2.0/networks => generated 781 bytes in 1229 msecs (HTTP/1.1 201) 4 headers in 162 bytes (1 switches on core 0) [pid: 8|app: 0|req: 1067/2050] 10.0.0.180 () {32 vars in 726 bytes} [Wed Jul 8 20:12:08 2026] DELETE /v2.0/networks/9059f205-b63d-4f8c-9eb2-3b1f9a92a98d => generated 0 bytes in 478 msecs (HTTP/1.1 204) 3 headers in 131 bytes (1 switches on core 0) [pid: 7|app: 0|req: 984/2051] 10.0.0.31 () {34 vars in 989 bytes} [Wed Jul 8 20:12:09 2026] GET /v2.0/ports?device_id=723e2f95-36ee-4483-b2c5-8e4045fb7258 => generated 1014 bytes in 58 msecs (HTTP/1.1 200) 4 headers in 158 bytes (1 switches on core 0)
2026-07-08 20:12:09.508 7 WARNING neutron.scheduler.dhcp_agent_scheduler [None req-5e1ad95e-ba04-4a68-9a2e-6fa5b40d5359 b52a348bc0964d709040a7a75cdea789 51b52e064efc4460b91d5871f515bc29 - - default default] No more DHCP agents
2026-07-08 20:12:09.510 7 WARNING neutron.api.rpc.agentnotifiers.dhcp_rpc_agent_api [None req-5e1ad95e-ba04-4a68-9a2e-6fa5b40d5359 b52a348bc0964d709040a7a75cdea789 51b52e064efc4460b91d5871f515bc29 - - default default] Unable to schedule network fb95befc-a4b0-49ec-b94a-dca95215fe9f: no agents available; will retry on subsequent port and subnet creation events.
2026-07-08 20:12:09.599 7 INFO neutron.notifiers.nova [-] Nova event matching ['req-be04e686-9c24-43af-9a3f-74cf71c0ed26'] response: {'server_uuid': '723e2f95-36ee-4483-b2c5-8e4045fb7258', 'name': 'network-vif-plugged', 'status': 'completed', 'tag': 'a470e345-cb23-407f-9230-8db00abe5093', 'code': 200}
2026-07-08 20:12:09.735 8 INFO neutron.db.ovn_revision_numbers_db [None req-2d7a6dc0-bab4-4471-8d2d-8b325995e504 268c9c6873d0469cb5d1d553c0f196d4 9a5b25fc2c09412abc3c70046359b9dd - - default default] Successfully bumped revision number for resource 5e6b13c9-66c9-4678-aecd-731096919a26 (type: security_groups) to 1
2026-07-08 20:12:09.745 8 INFO neutron.db.ovn_revision_numbers_db [None req-2d7a6dc0-bab4-4471-8d2d-8b325995e504 268c9c6873d0469cb5d1d553c0f196d4 9a5b25fc2c09412abc3c70046359b9dd - - default default] Successfully bumped revision number for resource 6856769b-c869-4646-8631-5c9be7e88792 (type: security_group_rules) to 0
2026-07-08 20:12:09.755 8 INFO neutron.db.ovn_revision_numbers_db [None req-2d7a6dc0-bab4-4471-8d2d-8b325995e504 268c9c6873d0469cb5d1d553c0f196d4 9a5b25fc2c09412abc3c70046359b9dd - - default default] Successfully bumped revision number for resource 6fa31c41-da1f-4c1e-874e-e744c789f26b (type: security_group_rules) to 0
2026-07-08 20:12:09.764 8 INFO neutron.db.ovn_revision_numbers_db [None req-2d7a6dc0-bab4-4471-8d2d-8b325995e504 268c9c6873d0469cb5d1d553c0f196d4 9a5b25fc2c09412abc3c70046359b9dd - - default default] Successfully bumped revision number for resource 906c5f88-abaa-4d35-99ee-b391c29041f8 (type: security_group_rules) to 0
2026-07-08 20:12:09.781 8 INFO neutron.db.ovn_revision_numbers_db [None req-2d7a6dc0-bab4-4471-8d2d-8b325995e504 268c9c6873d0469cb5d1d553c0f196d4 9a5b25fc2c09412abc3c70046359b9dd - - default default] Successfully bumped revision number for resource ca7ed53b-e723-4daa-8a0f-d5ec667143d7 (type: security_group_rules) to 0
2026-07-08 20:12:09.845 8 INFO neutron.db.segments_db [None req-2d7a6dc0-bab4-4471-8d2d-8b325995e504 268c9c6873d0469cb5d1d553c0f196d4 9a5b25fc2c09412abc3c70046359b9dd - - default default] Added segment ebf04d5c-37a5-4897-a86e-bef24e9973d0 of type geneve for network 6d4bda08-8709-4f15-8248-4ba8ea185ecc
2026-07-08 20:12:09.952 8 INFO neutron.db.ovn_revision_numbers_db [None req-2d7a6dc0-bab4-4471-8d2d-8b325995e504 268c9c6873d0469cb5d1d553c0f196d4 9a5b25fc2c09412abc3c70046359b9dd - - default default] Successfully bumped revision number for resource 6d4bda08-8709-4f15-8248-4ba8ea185ecc (type: networks) to 1
2026-07-08 20:12:10.060 7 INFO neutron.db.ovn_revision_numbers_db [None req-00f1e04f-9244-4240-8c7c-2497991fbd5a - - - - - -] Successfully bumped revision number for resource 93d87669-083b-4cba-ae06-f5fc59b45b37 (type: ports) to 2
2026-07-08 20:12:10.094 7 INFO neutron.db.ovn_revision_numbers_db [None req-00f1e04f-9244-4240-8c7c-2497991fbd5a - - - - - -] Successfully bumped revision number for resource f05bf5e9-2e0f-4c63-b098-db90f7c348fc (type: subnets) to 0 [pid: 7|app: 0|req: 985/2052] 10.0.0.180 () {34 vars in 669 bytes} [Wed Jul 8 20:12:09 2026] POST /v2.0/subnets => generated 688 bytes in 737 msecs (HTTP/1.1 201) 4 headers in 162 bytes (1 switches on core 0)
2026-07-08 20:12:10.163 8 WARNING neutron.scheduler.dhcp_agent_scheduler [None req-2d7a6dc0-bab4-4471-8d2d-8b325995e504 268c9c6873d0469cb5d1d553c0f196d4 9a5b25fc2c09412abc3c70046359b9dd - - default default] No more DHCP agents
2026-07-08 20:12:10.164 8 WARNING neutron.api.rpc.agentnotifiers.dhcp_rpc_agent_api [None req-2d7a6dc0-bab4-4471-8d2d-8b325995e504 268c9c6873d0469cb5d1d553c0f196d4 9a5b25fc2c09412abc3c70046359b9dd - - default default] Unable to schedule network 6d4bda08-8709-4f15-8248-4ba8ea185ecc: no agents available; will retry on subsequent port and subnet creation events.
2026-07-08 20:12:10.263 7 INFO neutron.plugins.ml2.drivers.ovn.mech_driver.mech_driver [None req-f3bffc14-8f0d-49c8-9514-9c927539718e - - - - - -] OVN reports status down for port: fcfeea8a-1ace-4084-a178-6ff2759965c3
2026-07-08 20:12:10.288 7 INFO neutron_taas.services.taas.taas_plugin [None req-829e309f-e0d1-4592-9a2f-47cd46a820e2 6431eb6f8ce340489a32363ff112383a 36ab7f1fda6946a6835b623ff455e4a3 - - default default] TaaS: Handle Delete Port: 70195d0d-944f-46c0-ab8c-8931cacbe911
2026-07-08 20:12:10.305 8 INFO neutron.db.ovn_revision_numbers_db [None req-2d7a6dc0-bab4-4471-8d2d-8b325995e504 268c9c6873d0469cb5d1d553c0f196d4 9a5b25fc2c09412abc3c70046359b9dd - - default default] Successfully bumped revision number for resource fcfeea8a-1ace-4084-a178-6ff2759965c3 (type: ports) to 1
2026-07-08 20:12:10.305 7 INFO neutron_taas.services.taas.tap_mirror_plugin [None req-829e309f-e0d1-4592-9a2f-47cd46a820e2 6431eb6f8ce340489a32363ff112383a 36ab7f1fda6946a6835b623ff455e4a3 - - default default] Tap Mirror: Handle Delete Port: 70195d0d-944f-46c0-ab8c-8931cacbe911 [pid: 8|app: 0|req: 1068/2053] 10.0.0.180 () {34 vars in 670 bytes} [Wed Jul 8 20:12:09 2026] POST /v2.0/networks => generated 664 bytes in 968 msecs (HTTP/1.1 201) 4 headers in 162 bytes (1 switches on core 0)
2026-07-08 20:12:10.585 7 INFO neutron.services.segments.plugin [-] Segment fc6d8a60-c20d-4f5c-8932-64cbe6312cd7 resource provider aggregate not found
2026-07-08 20:12:10.589 7 INFO neutron.services.segments.plugin [-] Segment fc6d8a60-c20d-4f5c-8932-64cbe6312cd7 resource provider aggregate not found
2026-07-08 20:12:10.605 7 INFO neutron.services.segments.plugin [-] Segment fc6d8a60-c20d-4f5c-8932-64cbe6312cd7 resource provider not found; error: Placement Client Error (4xx): {"errors": [{"status": 404, "title": "Not Found", "detail": "The resource could not be found.\n\n No resource provider with uuid fc6d8a60-c20d-4f5c-8932-64cbe6312cd7 found for delete ", "request_id": "req-38b20524-f740-4980-b1b9-6d8573835f41"}]}
2026-07-08 20:12:10.613 7 INFO neutron.services.segments.plugin [-] Segment fc6d8a60-c20d-4f5c-8932-64cbe6312cd7 resource provider not found; error: Placement Client Error (4xx): {"errors": [{"status": 404, "title": "Not Found", "detail": "The resource could not be found.\n\n No resource provider with uuid fc6d8a60-c20d-4f5c-8932-64cbe6312cd7 found for delete ", "request_id": "req-4a3d3232-dc81-46e2-9024-e20458a4e04e"}]} [pid: 7|app: 0|req: 986/2054] 10.0.0.180 () {32 vars in 726 bytes} [Wed Jul 8 20:12:10 2026] DELETE /v2.0/networks/130cbbc0-ba54-476d-8e1e-23f47259d4c6 => generated 0 bytes in 539 msecs (HTTP/1.1 204) 3 headers in 131 bytes (1 switches on core 0)
2026-07-08 20:12:10.939 8 INFO neutron.db.ovn_revision_numbers_db [None req-1df9e27b-1059-4144-a641-db6f57a73825 67b434bdbb30495882e2a48c61517125 6b93b6d044714812b1e53c9c2d7ba564 - - default default] Successfully bumped revision number for resource d6dbad92-3643-4c5c-8d7c-95f5b29b1ce4 (type: floatingips) to 1
2026-07-08 20:12:11.069 8 INFO neutron.db.ovn_revision_numbers_db [None req-1df9e27b-1059-4144-a641-db6f57a73825 67b434bdbb30495882e2a48c61517125 6b93b6d044714812b1e53c9c2d7ba564 - - default default] Successfully bumped revision number for resource d6dbad92-3643-4c5c-8d7c-95f5b29b1ce4 (type: floatingips) to 2
2026-07-08 20:12:11.070 8 INFO neutron.db.l3_db [None req-1df9e27b-1059-4144-a641-db6f57a73825 67b434bdbb30495882e2a48c61517125 6b93b6d044714812b1e53c9c2d7ba564 - - default default] Floating IP d6dbad92-3643-4c5c-8d7c-95f5b29b1ce4 associated. External IP: 10.96.250.204, port: a470e345-cb23-407f-9230-8db00abe5093. [pid: 8|app: 0|req: 1069/2057] 10.0.0.180 () {34 vars in 749 bytes} [Wed Jul 8 20:12:10 2026] PUT /v2.0/floatingips/d6dbad92-3643-4c5c-8d7c-95f5b29b1ce4 => generated 856 bytes in 762 msecs (HTTP/1.1 200) 4 headers in 157 bytes (1 switches on core 0)
2026-07-08 20:12:11.136 7 WARNING neutron.scheduler.dhcp_agent_scheduler [None req-88c75eb6-6cb1-44a7-a678-065b9a45ed21 b52a348bc0964d709040a7a75cdea789 51b52e064efc4460b91d5871f515bc29 - - default default] No more DHCP agents
2026-07-08 20:12:11.138 7 WARNING neutron.api.rpc.agentnotifiers.dhcp_rpc_agent_api [None req-88c75eb6-6cb1-44a7-a678-065b9a45ed21 b52a348bc0964d709040a7a75cdea789 51b52e064efc4460b91d5871f515bc29 - - default default] Unable to schedule network c806d7c0-2146-4863-a150-7d06c28e605b: no agents available; will retry on subsequent port and subnet creation events.
2026-07-08 20:12:11.143 8 INFO neutron.notifiers.nova [-] Nova event matching ['req-c76ab68f-1608-41b5-9856-c309c904a505'] response: {'name': 'network-changed', 'server_uuid': '723e2f95-36ee-4483-b2c5-8e4045fb7258', 'tag': 'a470e345-cb23-407f-9230-8db00abe5093', 'status': 'completed', 'code': 200}
2026-07-08 20:12:11.276 7 INFO neutron.plugins.ml2.drivers.ovn.mech_driver.mech_driver [None req-f3bffc14-8f0d-49c8-9514-9c927539718e - - - - - -] OVN reports status down for port: d402227c-fcf4-4e42-8dd1-5cf99fd1afa1
2026-07-08 20:12:11.335 8 WARNING neutron.scheduler.dhcp_agent_scheduler [None req-58c3c079-0a03-45b6-92ef-44a2f1d3625f 268c9c6873d0469cb5d1d553c0f196d4 9a5b25fc2c09412abc3c70046359b9dd - - default default] No more DHCP agents
2026-07-08 20:12:11.337 8 WARNING neutron.api.rpc.agentnotifiers.dhcp_rpc_agent_api [None req-58c3c079-0a03-45b6-92ef-44a2f1d3625f 268c9c6873d0469cb5d1d553c0f196d4 9a5b25fc2c09412abc3c70046359b9dd - - default default] Unable to schedule network 6d4bda08-8709-4f15-8248-4ba8ea185ecc: no agents available; will retry on subsequent port and subnet creation events.
2026-07-08 20:12:11.346 7 INFO neutron.db.ovn_revision_numbers_db [None req-88c75eb6-6cb1-44a7-a678-065b9a45ed21 b52a348bc0964d709040a7a75cdea789 51b52e064efc4460b91d5871f515bc29 - - default default] Successfully bumped revision number for resource d402227c-fcf4-4e42-8dd1-5cf99fd1afa1 (type: ports) to 1
2026-07-08 20:12:11.846 8 INFO neutron.db.ovn_revision_numbers_db [None req-4bee45da-c711-4354-b180-45c94f43e879 - - - - - -] Successfully bumped revision number for resource fcfeea8a-1ace-4084-a178-6ff2759965c3 (type: ports) to 2
2026-07-08 20:12:11.883 8 INFO neutron.db.ovn_revision_numbers_db [None req-4bee45da-c711-4354-b180-45c94f43e879 - - - - - -] Successfully bumped revision number for resource 5db24acb-5161-49b5-aa83-1864ba3f9022 (type: subnets) to 0 [pid: 8|app: 0|req: 1070/2058] 10.0.0.180 () {34 vars in 669 bytes} [Wed Jul 8 20:12:11 2026] POST /v2.0/subnets => generated 626 bytes in 805 msecs (HTTP/1.1 201) 4 headers in 162 bytes (1 switches on core 0)
2026-07-08 20:12:12.021 8 INFO neutron_taas.services.taas.taas_plugin [None req-3f548561-95f8-49fd-98f9-1218b9516741 6431eb6f8ce340489a32363ff112383a 36ab7f1fda6946a6835b623ff455e4a3 - - default default] TaaS: Handle Delete Port: 8f417ab6-c40c-498f-a8c2-7f2b7b6c2544
2026-07-08 20:12:12.024 8 INFO neutron_taas.services.taas.tap_mirror_plugin [None req-3f548561-95f8-49fd-98f9-1218b9516741 6431eb6f8ce340489a32363ff112383a 36ab7f1fda6946a6835b623ff455e4a3 - - default default] Tap Mirror: Handle Delete Port: 8f417ab6-c40c-498f-a8c2-7f2b7b6c2544
2026-07-08 20:12:12.078 7 INFO neutron.plugins.ml2.drivers.ovn.mech_driver.ovsdb.commands [None req-11f5e856-13b1-4937-95e2-30c2f0ffcfd7 - - - - - -] Schedule LRP lrp-d402227c-fcf4-4e42-8dd1-5cf99fd1afa1 on gateway 0e4368bf-f8f7-4ce5-bf0f-e843cabf2fa1 with priority 1
2026-07-08 20:12:12.157 7 INFO neutron.plugins.ml2.drivers.ovn.mech_driver.ovsdb.ovsdb_monitor [None req-181542a4-c545-41b6-bd51-e4080e0f0c33 - - - - - -] Router de417501-85d1-4c04-b23a-94bf43c41ab4 is bound to host instance
2026-07-08 20:12:12.167 7 INFO neutron.plugins.ml2.drivers.ovn.mech_driver.mech_driver [None req-f3bffc14-8f0d-49c8-9514-9c927539718e - - - - - -] OVN reports status up for port: d402227c-fcf4-4e42-8dd1-5cf99fd1afa1
2026-07-08 20:12:12.258 7 INFO neutron.plugins.ml2.plugin [None req-f3bffc14-8f0d-49c8-9514-9c927539718e - - - - - -] Attempt 1 to provision port d402227c-fcf4-4e42-8dd1-5cf99fd1afa1
2026-07-08 20:12:12.262 7 INFO neutron.db.ovn_revision_numbers_db [None req-88c75eb6-6cb1-44a7-a678-065b9a45ed21 b52a348bc0964d709040a7a75cdea789 51b52e064efc4460b91d5871f515bc29 - - default default] Successfully bumped revision number for resource d402227c-fcf4-4e42-8dd1-5cf99fd1afa1 (type: router_ports) to 1
2026-07-08 20:12:12.422 8 INFO neutron.services.segments.plugin [-] Segment 627cc38d-af74-4dca-922d-56719e877f63 resource provider aggregate not found
2026-07-08 20:12:12.428 8 INFO neutron.services.segments.plugin [-] Segment 627cc38d-af74-4dca-922d-56719e877f63 resource provider aggregate not found
2026-07-08 20:12:12.447 8 INFO neutron.services.segments.plugin [-] Segment 627cc38d-af74-4dca-922d-56719e877f63 resource provider not found; error: Placement Client Error (4xx): {"errors": [{"status": 404, "title": "Not Found", "detail": "The resource could not be found.\n\n No resource provider with uuid 627cc38d-af74-4dca-922d-56719e877f63 found for delete ", "request_id": "req-dc1957de-0b17-4aa9-b686-21e055d2e3a0"}]}
2026-07-08 20:12:12.459 8 INFO neutron.services.segments.plugin [-] Segment 627cc38d-af74-4dca-922d-56719e877f63 resource provider not found; error: Placement Client Error (4xx): {"errors": [{"status": 404, "title": "Not Found", "detail": "The resource could not be found.\n\n No resource provider with uuid 627cc38d-af74-4dca-922d-56719e877f63 found for delete ", "request_id": "req-6453e387-24fb-4e2c-b183-aeae353058c4"}]} [pid: 8|app: 0|req: 1071/2059] 10.0.0.180 () {32 vars in 726 bytes} [Wed Jul 8 20:12:11 2026] DELETE /v2.0/networks/f2b8722d-2259-41d3-813d-9e55d6fe92c1 => generated 0 bytes in 577 msecs (HTTP/1.1 204) 3 headers in 131 bytes (1 switches on core 0) [pid: 8|app: 0|req: 1072/2060] 199.204.45.229 () {34 vars in 1080 bytes} [Wed Jul 8 20:12:12 2026] GET /v2.0/ports?tenant_id=6b93b6d044714812b1e53c9c2d7ba564&device_id=723e2f95-36ee-4483-b2c5-8e4045fb7258 => generated 1252 bytes in 33 msecs (HTTP/1.1 200) 4 headers in 158 bytes (1 switches on core 0)
2026-07-08 20:12:12.578 7 INFO neutron.db.ovn_revision_numbers_db [None req-88c75eb6-6cb1-44a7-a678-065b9a45ed21 b52a348bc0964d709040a7a75cdea789 51b52e064efc4460b91d5871f515bc29 - - default default] Successfully bumped revision number for resource de417501-85d1-4c04-b23a-94bf43c41ab4 (type: routers) to 2 [pid: 7|app: 0|req: 989/2061] 10.0.0.180 () {34 vars in 669 bytes} [Wed Jul 8 20:12:10 2026] POST /v2.0/routers => generated 966 bytes in 1993 msecs (HTTP/1.1 201) 4 headers in 162 bytes (1 switches on core 0) /var/lib/openstack/lib/python3.12/site-packages/pycadf/identifier.py:70: UserWarning: Invalid uuid: neutron. To ensure interoperability, identifiers should be a valid uuid. warnings.warn(('Invalid uuid: %s. To ensure interoperability, '
2026-07-08 20:12:12.917 7 INFO neutron_taas.services.taas.taas_plugin [None req-2446238f-61b3-458e-a9e0-16eb6e5e2473 6431eb6f8ce340489a32363ff112383a 36ab7f1fda6946a6835b623ff455e4a3 - - default default] TaaS: Handle Delete Port: bea998a0-4381-41cb-8709-88d4a84fcd9a
2026-07-08 20:12:12.923 7 INFO neutron_taas.services.taas.tap_mirror_plugin [None req-2446238f-61b3-458e-a9e0-16eb6e5e2473 6431eb6f8ce340489a32363ff112383a 36ab7f1fda6946a6835b623ff455e4a3 - - default default] Tap Mirror: Handle Delete Port: bea998a0-4381-41cb-8709-88d4a84fcd9a
2026-07-08 20:12:12.975 8 WARNING neutron.scheduler.dhcp_agent_scheduler [None req-691fad9b-1415-4fe2-a070-c6cc373272d0 268c9c6873d0469cb5d1d553c0f196d4 9a5b25fc2c09412abc3c70046359b9dd - - default default] No more DHCP agents
2026-07-08 20:12:12.978 8 WARNING neutron.api.rpc.agentnotifiers.dhcp_rpc_agent_api [None req-691fad9b-1415-4fe2-a070-c6cc373272d0 268c9c6873d0469cb5d1d553c0f196d4 9a5b25fc2c09412abc3c70046359b9dd - - default default] Unable to schedule network c806d7c0-2146-4863-a150-7d06c28e605b: no agents available; will retry on subsequent port and subnet creation events.
2026-07-08 20:12:13.139 8 INFO neutron.db.ovn_revision_numbers_db [None req-691fad9b-1415-4fe2-a070-c6cc373272d0 268c9c6873d0469cb5d1d553c0f196d4 9a5b25fc2c09412abc3c70046359b9dd - - default default] Successfully bumped revision number for resource 181aa2b0-5159-4559-825a-5dc6bddb9bff (type: ports) to 1
2026-07-08 20:12:13.335 7 INFO neutron.services.segments.plugin [-] Segment 378247c4-375f-4f7f-a9fe-73e523f0a418 resource provider aggregate not found
2026-07-08 20:12:13.340 7 INFO neutron.services.segments.plugin [-] Segment 378247c4-375f-4f7f-a9fe-73e523f0a418 resource provider aggregate not found
2026-07-08 20:12:13.359 7 INFO neutron.services.segments.plugin [-] Segment 378247c4-375f-4f7f-a9fe-73e523f0a418 resource provider not found; error: Placement Client Error (4xx): {"errors": [{"status": 404, "title": "Not Found", "detail": "The resource could not be found.\n\n No resource provider with uuid 378247c4-375f-4f7f-a9fe-73e523f0a418 found for delete ", "request_id": "req-0f5dee9d-329e-4a7b-bf78-9670efb37b67"}]}
2026-07-08 20:12:13.368 7 INFO neutron.services.segments.plugin [-] Segment 378247c4-375f-4f7f-a9fe-73e523f0a418 resource provider not found; error: Placement Client Error (4xx): {"errors": [{"status": 404, "title": "Not Found", "detail": "The resource could not be found.\n\n No resource provider with uuid 378247c4-375f-4f7f-a9fe-73e523f0a418 found for delete ", "request_id": "req-4fb86a79-7570-49be-8045-390a1e421cb6"}]} [pid: 7|app: 0|req: 990/2062] 10.0.0.180 () {32 vars in 726 bytes} [Wed Jul 8 20:12:12 2026] DELETE /v2.0/networks/e9f0b0df-bf4b-4535-a75d-6bff8e33e315 => generated 0 bytes in 832 msecs (HTTP/1.1 204) 3 headers in 131 bytes (1 switches on core 0) [pid: 7|app: 0|req: 991/2063] 199.204.45.229 () {34 vars in 986 bytes} [Wed Jul 8 20:12:13 2026] GET /v2.0/networks?id=607c5b60-9a24-4110-a147-f4a3e80a6f77 => generated 809 bytes in 111 msecs (HTTP/1.1 200) 4 headers in 157 bytes (1 switches on core 0)
2026-07-08 20:12:13.831 8 INFO neutron.plugins.ml2.drivers.ovn.mech_driver.ovsdb.commands [-] Schedule LRP lrp-181aa2b0-5159-4559-825a-5dc6bddb9bff on gateway 0e4368bf-f8f7-4ce5-bf0f-e843cabf2fa1 with priority 1
2026-07-08 20:12:13.948 8 INFO neutron.db.ovn_revision_numbers_db [None req-691fad9b-1415-4fe2-a070-c6cc373272d0 268c9c6873d0469cb5d1d553c0f196d4 9a5b25fc2c09412abc3c70046359b9dd - - default default] Successfully bumped revision number for resource 181aa2b0-5159-4559-825a-5dc6bddb9bff (type: router_ports) to 1
2026-07-08 20:12:14.027 8 INFO neutron.db.ovn_revision_numbers_db [None req-691fad9b-1415-4fe2-a070-c6cc373272d0 268c9c6873d0469cb5d1d553c0f196d4 9a5b25fc2c09412abc3c70046359b9dd - - default default] Successfully bumped revision number for resource 55bef5af-a9b0-4702-b891-8cd00e738178 (type: routers) to 2 [pid: 8|app: 0|req: 1073/2064] 10.0.0.180 () {34 vars in 669 bytes} [Wed Jul 8 20:12:12 2026] POST /v2.0/routers => generated 936 bytes in 1530 msecs (HTTP/1.1 201) 4 headers in 162 bytes (1 switches on core 0) [pid: 8|app: 0|req: 1074/2065] 10.0.0.212 () {28 vars in 581 bytes} [Wed Jul 8 20:12:14 2026] GET /v2.0/agents => generated 1214 bytes in 166 msecs (HTTP/1.1 200) 4 headers in 158 bytes (1 switches on core 0) [pid: 8|app: 0|req: 1075/2066] 199.204.45.229 () {34 vars in 1060 bytes} [Wed Jul 8 20:12:14 2026] GET /v2.0/floatingips?fixed_ip_address=10.100.0.10&port_id=a470e345-cb23-407f-9230-8db00abe5093 => generated 861 bytes in 29 msecs (HTTP/1.1 200) 4 headers in 157 bytes (1 switches on core 0) [pid: 8|app: 0|req: 1076/2067] 10.0.0.180 () {32 vars in 774 bytes} [Wed Jul 8 20:12:14 2026] GET /v2.0/security-groups?tenant_id=36ab7f1fda6946a6835b623ff455e4a3&name=default => generated 2925 bytes in 76 msecs (HTTP/1.1 200) 4 headers in 158 bytes (1 switches on core 0)
2026-07-08 20:12:14.411 7 INFO neutron.db.ovn_revision_numbers_db [None req-0e7bce05-1f24-4179-baf1-021c49893566 - - - - - -] Successfully bumped revision number for resource d402227c-fcf4-4e42-8dd1-5cf99fd1afa1 (type: ports) to 4
2026-07-08 20:12:14.585 7 WARNING neutron.scheduler.dhcp_agent_scheduler [None req-c83066eb-87f3-461d-abfd-e7d67e0a2cd5 b52a348bc0964d709040a7a75cdea789 51b52e064efc4460b91d5871f515bc29 - - default default] No more DHCP agents
2026-07-08 20:12:14.592 7 WARNING neutron.api.rpc.agentnotifiers.dhcp_rpc_agent_api [None req-c83066eb-87f3-461d-abfd-e7d67e0a2cd5 b52a348bc0964d709040a7a75cdea789 51b52e064efc4460b91d5871f515bc29 - - default default] Unable to schedule network fb95befc-a4b0-49ec-b94a-dca95215fe9f: no agents available; will retry on subsequent port and subnet creation events.
2026-07-08 20:12:14.818 8 WARNING neutron.scheduler.dhcp_agent_scheduler [None req-d25e68f6-1409-457c-8824-e5f518135b66 268c9c6873d0469cb5d1d553c0f196d4 9a5b25fc2c09412abc3c70046359b9dd - - default default] No more DHCP agents
2026-07-08 20:12:14.820 8 WARNING neutron.api.rpc.agentnotifiers.dhcp_rpc_agent_api [None req-d25e68f6-1409-457c-8824-e5f518135b66 268c9c6873d0469cb5d1d553c0f196d4 9a5b25fc2c09412abc3c70046359b9dd - - default default] Unable to schedule network 6d4bda08-8709-4f15-8248-4ba8ea185ecc: no agents available; will retry on subsequent port and subnet creation events.
2026-07-08 20:12:14.870 7 INFO neutron.db.ovn_revision_numbers_db [None req-c83066eb-87f3-461d-abfd-e7d67e0a2cd5 b52a348bc0964d709040a7a75cdea789 51b52e064efc4460b91d5871f515bc29 - - default default] Successfully bumped revision number for resource ea8ba2a3-9e4f-4aad-a236-a1c507ef725d (type: ports) to 1
2026-07-08 20:12:14.984 8 INFO neutron.db.ovn_revision_numbers_db [None req-d25e68f6-1409-457c-8824-e5f518135b66 268c9c6873d0469cb5d1d553c0f196d4 9a5b25fc2c09412abc3c70046359b9dd - - default default] Successfully bumped revision number for resource 6606852a-50d6-4073-be21-bae44b6c9070 (type: ports) to 1
2026-07-08 20:12:15.161 7 INFO neutron.db.ovn_revision_numbers_db [None req-0e7bce05-1f24-4179-baf1-021c49893566 - - - - - -] Successfully bumped revision number for resource d402227c-fcf4-4e42-8dd1-5cf99fd1afa1 (type: ports) to 5
2026-07-08 20:12:15.452 7 INFO neutron.plugins.ml2.drivers.ovn.mech_driver.mech_driver [None req-f3bffc14-8f0d-49c8-9514-9c927539718e - - - - - -] OVN reports status down for port: 181aa2b0-5159-4559-825a-5dc6bddb9bff
2026-07-08 20:12:15.580 7 WARNING neutron.plugins.ml2.drivers.ovn.mech_driver.ovsdb.ovn_client [None req-f3bffc14-8f0d-49c8-9514-9c927539718e - - - - - -] Logical_Switch_Port 181aa2b0-5159-4559-825a-5dc6bddb9bff host information not removed, the port state is up
2026-07-08 20:12:15.583 7 INFO neutron.plugins.ml2.drivers.ovn.mech_driver.mech_driver [None req-f3bffc14-8f0d-49c8-9514-9c927539718e - - - - - -] OVN reports status up for port: 181aa2b0-5159-4559-825a-5dc6bddb9bff
2026-07-08 20:12:15.610 7 INFO neutron.plugins.ml2.plugin [None req-f3bffc14-8f0d-49c8-9514-9c927539718e - - - - - -] Attempt 1 to provision port 181aa2b0-5159-4559-825a-5dc6bddb9bff
2026-07-08 20:12:15.720 8 WARNING neutron.scheduler.dhcp_agent_scheduler [None req-d25e68f6-1409-457c-8824-e5f518135b66 268c9c6873d0469cb5d1d553c0f196d4 9a5b25fc2c09412abc3c70046359b9dd - - default default] No more DHCP agents
2026-07-08 20:12:15.721 8 WARNING neutron.api.rpc.agentnotifiers.dhcp_rpc_agent_api [None req-d25e68f6-1409-457c-8824-e5f518135b66 268c9c6873d0469cb5d1d553c0f196d4 9a5b25fc2c09412abc3c70046359b9dd - - default default] Unable to schedule network 6d4bda08-8709-4f15-8248-4ba8ea185ecc: no agents available; will retry on subsequent port and subnet creation events.
2026-07-08 20:12:15.971 7 WARNING neutron.scheduler.dhcp_agent_scheduler [None req-c83066eb-87f3-461d-abfd-e7d67e0a2cd5 b52a348bc0964d709040a7a75cdea789 51b52e064efc4460b91d5871f515bc29 - - default default] No more DHCP agents
2026-07-08 20:12:15.973 7 WARNING neutron.api.rpc.agentnotifiers.dhcp_rpc_agent_api [None req-c83066eb-87f3-461d-abfd-e7d67e0a2cd5 b52a348bc0964d709040a7a75cdea789 51b52e064efc4460b91d5871f515bc29 - - default default] Unable to schedule network fb95befc-a4b0-49ec-b94a-dca95215fe9f: no agents available; will retry on subsequent port and subnet creation events.
2026-07-08 20:12:16.096 8 INFO neutron.db.ovn_revision_numbers_db [None req-d25e68f6-1409-457c-8824-e5f518135b66 268c9c6873d0469cb5d1d553c0f196d4 9a5b25fc2c09412abc3c70046359b9dd - - default default] Successfully bumped revision number for resource 6606852a-50d6-4073-be21-bae44b6c9070 (type: router_ports) to 1 [pid: 8|app: 0|req: 1077/2068] 10.0.0.180 () {34 vars in 783 bytes} [Wed Jul 8 20:12:14 2026] PUT /v2.0/routers/55bef5af-a9b0-4702-b891-8cd00e738178/add_router_interface => generated 309 bytes in 1787 msecs (HTTP/1.1 200) 4 headers in 157 bytes (1 switches on core 0) [pid: 8|app: 0|req: 1078/2069] 10.0.0.212 () {28 vars in 619 bytes} [Wed Jul 8 20:12:16 2026] GET /v2.0/network-ip-availabilities => generated 2929 bytes in 15 msecs (HTTP/1.1 200) 4 headers in 158 bytes (1 switches on core 0) [pid: 8|app: 0|req: 1079/2070] 199.204.45.229 () {34 vars in 984 bytes} [Wed Jul 8 20:12:16 2026] GET /v2.0/subnets?id=9a4e1278-6aac-4bd3-a51e-7955e8d66694 => generated 691 bytes in 21 msecs (HTTP/1.1 200) 4 headers in 157 bytes (1 switches on core 0) [pid: 8|app: 0|req: 1080/2071] 10.0.0.180 () {32 vars in 740 bytes} [Wed Jul 8 20:12:16 2026] DELETE /v2.0/security-groups/b10e7397-71f6-4c61-9ed0-a482063a42c8 => generated 0 bytes in 289 msecs (HTTP/1.1 204) 2 headers in 112 bytes (1 switches on core 0)
2026-07-08 20:12:16.784 7 INFO neutron.db.ovn_revision_numbers_db [None req-c83066eb-87f3-461d-abfd-e7d67e0a2cd5 b52a348bc0964d709040a7a75cdea789 51b52e064efc4460b91d5871f515bc29 - - default default] Successfully bumped revision number for resource ea8ba2a3-9e4f-4aad-a236-a1c507ef725d (type: router_ports) to 1 [pid: 7|app: 0|req: 992/2072] 10.0.0.180 () {34 vars in 783 bytes} [Wed Jul 8 20:12:13 2026] PUT /v2.0/routers/de417501-85d1-4c04-b23a-94bf43c41ab4/add_router_interface => generated 309 bytes in 3204 msecs (HTTP/1.1 200) 4 headers in 157 bytes (1 switches on core 0) [pid: 7|app: 0|req: 993/2073] 10.0.0.212 () {28 vars in 599 bytes} [Wed Jul 8 20:12:16 2026] GET /v2.0/security-groups => generated 37221 bytes in 49 msecs (HTTP/1.1 200) 4 headers in 159 bytes (1 switches on core 0) [pid: 7|app: 0|req: 994/2074] 199.204.45.229 () {34 vars in 1052 bytes} [Wed Jul 8 20:12:16 2026] GET /v2.0/ports?network_id=607c5b60-9a24-4110-a147-f4a3e80a6f77&device_owner=network%3Adhcp => generated 12 bytes in 16 msecs (HTTP/1.1 200) 4 headers in 156 bytes (1 switches on core 0) [pid: 7|app: 0|req: 995/2075] 10.0.0.212 () {28 vars in 579 bytes} [Wed Jul 8 20:12:16 2026] GET /v2.0/ports => generated 20186 bytes in 95 msecs (HTTP/1.1 200) 4 headers in 159 bytes (1 switches on core 0) [pid: 7|app: 0|req: 996/2076] 199.204.45.229 () {34 vars in 1012 bytes} [Wed Jul 8 20:12:16 2026] GET /v2.0/networks/607c5b60-9a24-4110-a147-f4a3e80a6f77?fields=segments => generated 14 bytes in 46 msecs (HTTP/1.1 200) 4 headers in 156 bytes (1 switches on core 0) [pid: 7|app: 0|req: 997/2077] 10.0.0.212 () {28 vars in 583 bytes} [Wed Jul 8 20:12:17 2026] GET /v2.0/routers => generated 3843 bytes in 71 msecs (HTTP/1.1 200) 4 headers in 158 bytes (1 switches on core 0) [pid: 7|app: 0|req: 998/2078] 199.204.45.229 () {34 vars in 1112 bytes} [Wed Jul 8 20:12:17 2026] GET /v2.0/networks/607c5b60-9a24-4110-a147-f4a3e80a6f77?fields=provider%3Aphysical_network&fields=provider%3Anetwork_type => generated 79 bytes in 42 msecs (HTTP/1.1 200) 4 headers in 156 bytes (1 switches on core 0) [pid: 7|app: 0|req: 999/2079] 10.0.0.212 () {28 vars in 624 bytes} [Wed Jul 8 20:12:17 2026] GET /v2.0/agents?binary=ovn-controller => generated 416 bytes in 13 msecs (HTTP/1.1 200) 4 headers in 157 bytes (1 switches on core 0) [pid: 7|app: 0|req: 1000/2080] 10.0.0.212 () {28 vars in 583 bytes} [Wed Jul 8 20:12:17 2026] GET /v2.0/subnets => generated 3976 bytes in 46 msecs (HTTP/1.1 200) 4 headers in 158 bytes (1 switches on core 0) [pid: 7|app: 0|req: 1001/2081] 10.0.0.212 () {28 vars in 591 bytes} [Wed Jul 8 20:12:17 2026] GET /v2.0/subnetpools => generated 19 bytes in 10 msecs (HTTP/1.1 200) 4 headers in 156 bytes (1 switches on core 0) [pid: 7|app: 0|req: 1002/2082] 10.0.0.212 () {28 vars in 591 bytes} [Wed Jul 8 20:12:17 2026] GET /v2.0/floatingips => generated 861 bytes in 43 msecs (HTTP/1.1 200) 4 headers in 157 bytes (1 switches on core 0) [pid: 7|app: 0|req: 1003/2083] 10.0.0.212 () {28 vars in 585 bytes} [Wed Jul 8 20:12:17 2026] GET /v2.0/networks => generated 5449 bytes in 78 msecs (HTTP/1.1 200) 4 headers in 158 bytes (1 switches on core 0)
2026-07-08 20:12:17.732 8 WARNING neutron.scheduler.dhcp_agent_scheduler [None req-abc1a3c8-9246-4c0b-af87-237393804cf8 - - - - - -] No more DHCP agents
2026-07-08 20:12:17.736 8 WARNING neutron.api.rpc.agentnotifiers.dhcp_rpc_agent_api [None req-abc1a3c8-9246-4c0b-af87-237393804cf8 - - - - - -] Unable to schedule network c806d7c0-2146-4863-a150-7d06c28e605b: no agents available; will retry on subsequent port and subnet creation events.
2026-07-08 20:12:17.908 8 INFO neutron.db.ovn_revision_numbers_db [None req-abc1a3c8-9246-4c0b-af87-237393804cf8 - - - - - -] Successfully bumped revision number for resource a1520c0e-c2ca-4a8d-b5ff-4331b9bbb850 (type: ports) to 1
2026-07-08 20:12:18.121 8 INFO neutron.db.ovn_revision_numbers_db [None req-abc1a3c8-9246-4c0b-af87-237393804cf8 - - - - - -] Successfully bumped revision number for resource a1520c0e-c2ca-4a8d-b5ff-4331b9bbb850 (type: ports) to 3 [pid: 7|app: 0|req: 1004/2084] 10.0.0.212 () {28 vars in 583 bytes} [Wed Jul 8 20:12:17 2026] GET /v2.0/subnets => generated 3976 bytes in 807 msecs (HTTP/1.1 200) 4 headers in 158 bytes (1 switches on core 0)
2026-07-08 20:12:18.188 8 INFO neutron.db.segments_db [None req-abc1a3c8-9246-4c0b-af87-237393804cf8 - - - - - -] Added segment 5179da9c-3c82-4ab3-a149-8d391c6c0abc of type geneve for network a2196cb8-29a4-4263-be98-30b30ee71b0f
2026-07-08 20:12:18.318 8 INFO neutron.db.ovn_revision_numbers_db [None req-1f7bf256-d1b9-4a0d-8ee5-153682fdbe84 - - - - - -] Successfully bumped revision number for resource a2196cb8-29a4-4263-be98-30b30ee71b0f (type: networks) to 1
2026-07-08 20:12:18.497 8 WARNING neutron.scheduler.dhcp_agent_scheduler [None req-1f7bf256-d1b9-4a0d-8ee5-153682fdbe84 - - - - - -] No more DHCP agents
2026-07-08 20:12:18.502 8 WARNING neutron.api.rpc.agentnotifiers.dhcp_rpc_agent_api [None req-1f7bf256-d1b9-4a0d-8ee5-153682fdbe84 - - - - - -] Unable to schedule network a2196cb8-29a4-4263-be98-30b30ee71b0f: no agents available; will retry on subsequent port and subnet creation events.
2026-07-08 20:12:18.542 7 INFO neutron.db.ovn_revision_numbers_db [None req-316f46c7-9752-4ccd-82c7-d5d691bfdacc 275fb243e7d84f099df34cd18a801081 bdaf68ee60384b3aa135dba5fd61ba50 - - default default] Successfully bumped revision number for resource a53092a5-7efa-4a57-9fad-10974b99dd52 (type: security_groups) to 1
2026-07-08 20:12:18.559 7 INFO neutron.db.ovn_revision_numbers_db [None req-316f46c7-9752-4ccd-82c7-d5d691bfdacc 275fb243e7d84f099df34cd18a801081 bdaf68ee60384b3aa135dba5fd61ba50 - - default default] Successfully bumped revision number for resource 4446481a-f29d-445a-abdf-b6fb88635f04 (type: security_group_rules) to 0
2026-07-08 20:12:18.571 7 INFO neutron.db.ovn_revision_numbers_db [None req-316f46c7-9752-4ccd-82c7-d5d691bfdacc 275fb243e7d84f099df34cd18a801081 bdaf68ee60384b3aa135dba5fd61ba50 - - default default] Successfully bumped revision number for resource 7eb0ad1b-4d41-4c91-9879-2c9348334f91 (type: security_group_rules) to 0
2026-07-08 20:12:18.623 7 INFO neutron.db.ovn_revision_numbers_db [None req-316f46c7-9752-4ccd-82c7-d5d691bfdacc 275fb243e7d84f099df34cd18a801081 bdaf68ee60384b3aa135dba5fd61ba50 - - default default] Successfully bumped revision number for resource aea51040-555d-46fb-a689-f8b83b05f167 (type: security_group_rules) to 0
2026-07-08 20:12:18.644 7 INFO neutron.db.ovn_revision_numbers_db [None req-316f46c7-9752-4ccd-82c7-d5d691bfdacc 275fb243e7d84f099df34cd18a801081 bdaf68ee60384b3aa135dba5fd61ba50 - - default default] Successfully bumped revision number for resource e7d4aa18-19d5-4981-b998-83cc1d2b9f64 (type: security_group_rules) to 0
2026-07-08 20:12:18.657 8 INFO neutron.db.ovn_revision_numbers_db [None req-1f7bf256-d1b9-4a0d-8ee5-153682fdbe84 - - - - - -] Successfully bumped revision number for resource 89e3eaf4-6468-4e87-952f-c588b6c80a51 (type: ports) to 1
2026-07-08 20:12:18.718 7 INFO neutron.db.segments_db [None req-316f46c7-9752-4ccd-82c7-d5d691bfdacc 275fb243e7d84f099df34cd18a801081 bdaf68ee60384b3aa135dba5fd61ba50 - - default default] Added segment c33276cb-69cc-4767-afe4-adbaa14bbe69 of type geneve for network 9880a586-ad96-4ff1-b792-3382524cbcb8
2026-07-08 20:12:18.796 8 WARNING neutron.scheduler.dhcp_agent_scheduler [None req-1f7bf256-d1b9-4a0d-8ee5-153682fdbe84 - - - - - -] No more DHCP agents
2026-07-08 20:12:18.798 8 WARNING neutron.api.rpc.agentnotifiers.dhcp_rpc_agent_api [None req-1f7bf256-d1b9-4a0d-8ee5-153682fdbe84 - - - - - -] Unable to schedule network a2196cb8-29a4-4263-be98-30b30ee71b0f: no agents available; will retry on subsequent port and subnet creation events.
2026-07-08 20:12:18.847 8 INFO neutron.db.ovn_revision_numbers_db [None req-1f7bf256-d1b9-4a0d-8ee5-153682fdbe84 - - - - - -] Successfully bumped revision number for resource f0631d91-8501-4a7f-b523-5a5bdba2cd79 (type: subnets) to 0
2026-07-08 20:12:18.850 7 INFO neutron.db.ovn_revision_numbers_db [None req-316f46c7-9752-4ccd-82c7-d5d691bfdacc 275fb243e7d84f099df34cd18a801081 bdaf68ee60384b3aa135dba5fd61ba50 - - default default] Successfully bumped revision number for resource 9880a586-ad96-4ff1-b792-3382524cbcb8 (type: networks) to 1
2026-07-08 20:12:19.017 7 WARNING neutron.scheduler.dhcp_agent_scheduler [None req-316f46c7-9752-4ccd-82c7-d5d691bfdacc 275fb243e7d84f099df34cd18a801081 bdaf68ee60384b3aa135dba5fd61ba50 - - default default] No more DHCP agents
2026-07-08 20:12:19.018 7 WARNING neutron.api.rpc.agentnotifiers.dhcp_rpc_agent_api [None req-316f46c7-9752-4ccd-82c7-d5d691bfdacc 275fb243e7d84f099df34cd18a801081 bdaf68ee60384b3aa135dba5fd61ba50 - - default default] Unable to schedule network 9880a586-ad96-4ff1-b792-3382524cbcb8: no agents available; will retry on subsequent port and subnet creation events.
2026-07-08 20:12:19.127 7 INFO neutron.db.ovn_revision_numbers_db [None req-316f46c7-9752-4ccd-82c7-d5d691bfdacc 275fb243e7d84f099df34cd18a801081 bdaf68ee60384b3aa135dba5fd61ba50 - - default default] Successfully bumped revision number for resource 7092e3d0-19fb-4f3c-afff-4f9c1ba8c419 (type: ports) to 1 [pid: 7|app: 0|req: 1005/2085] 10.0.0.180 () {34 vars in 670 bytes} [Wed Jul 8 20:12:18 2026] POST /v2.0/networks => generated 686 bytes in 1013 msecs (HTTP/1.1 201) 4 headers in 162 bytes (1 switches on core 0) [pid: 7|app: 0|req: 1006/2086] 10.0.0.31 () {34 vars in 981 bytes} [Wed Jul 8 20:12:19 2026] GET /v2.0/networks?id=fb95befc-a4b0-49ec-b94a-dca95215fe9f => generated 711 bytes in 43 msecs (HTTP/1.1 200) 4 headers in 157 bytes (1 switches on core 0)
2026-07-08 20:12:19.271 8 WARNING neutron.scheduler.dhcp_agent_scheduler [None req-1f7bf256-d1b9-4a0d-8ee5-153682fdbe84 - - - - - -] No more DHCP agents
2026-07-08 20:12:19.273 8 WARNING neutron.api.rpc.agentnotifiers.dhcp_rpc_agent_api [None req-1f7bf256-d1b9-4a0d-8ee5-153682fdbe84 - - - - - -] Unable to schedule network a2196cb8-29a4-4263-be98-30b30ee71b0f: no agents available; will retry on subsequent port and subnet creation events.
2026-07-08 20:12:19.425 8 INFO neutron.db.ovn_revision_numbers_db [None req-1f7bf256-d1b9-4a0d-8ee5-153682fdbe84 - - - - - -] Successfully bumped revision number for resource b2e38c35-7477-4de3-a824-0b60f9c3d7e8 (type: ports) to 1
2026-07-08 20:12:19.454 7 WARNING neutron.scheduler.dhcp_agent_scheduler [None req-159805e9-d5b5-483f-8bf4-5a7c4bd32865 275fb243e7d84f099df34cd18a801081 bdaf68ee60384b3aa135dba5fd61ba50 - - default default] No more DHCP agents
2026-07-08 20:12:19.455 7 WARNING neutron.api.rpc.agentnotifiers.dhcp_rpc_agent_api [None req-159805e9-d5b5-483f-8bf4-5a7c4bd32865 275fb243e7d84f099df34cd18a801081 bdaf68ee60384b3aa135dba5fd61ba50 - - default default] Unable to schedule network 9880a586-ad96-4ff1-b792-3382524cbcb8: no agents available; will retry on subsequent port and subnet creation events.
