Mar 26 01:01:50.833758 np0000160843 devstack@n-api.service[99355]: DEBUG nova.api.openstack.wsgi [None req-2b2c04eb-1e6a-433b-bfbd-d724d41ae51c admin admin] Action: 'create', calling method: >, body: {"keypair": {"public_key": "ecdsa-sha2-nistp256 AAAAE2VjZHNhLXNoYTItbmlzdHAyNTYAAAAIbmlzdHAyNTYAAABBBKWsak4BQp4hXIIoLD706ATTrU7RbRYkAfUogBofSqYfhmsfUNC4r/IfZylHmhoGHO8MN2pUXXzinNA2LJi/SQg= stack@np0000160843\n", "name": "manila-service"}} {{(pid=99355) _process_stack /opt/stack/nova/nova/api/openstack/wsgi.py:549}}
Mar 26 01:01:50.855115 np0000160843 devstack@n-api.service[99355]: DEBUG nova.quota [None req-2b2c04eb-1e6a-433b-bfbd-d724d41ae51c admin admin] Getting quotas for project c0d58b74ba2e4249a445546d4d3eb58b. Resources: {'key_pairs'} {{(pid=99355) _get_quotas /opt/stack/nova/nova/quota.py:392}}
Mar 26 01:01:50.859348 np0000160843 devstack@n-api.service[99355]: DEBUG nova.quota [None req-2b2c04eb-1e6a-433b-bfbd-d724d41ae51c admin admin] Getting quotas for user a1da469979b24215b5d1b7589ae61366 and project c0d58b74ba2e4249a445546d4d3eb58b. Resources: {'key_pairs'} {{(pid=99355) _get_quotas /opt/stack/nova/nova/quota.py:382}}
Mar 26 01:01:51.201842 np0000160843 devstack@n-api.service[99355]: INFO nova.api.openstack.requestlog [None req-2b2c04eb-1e6a-433b-bfbd-d724d41ae51c admin admin] 162.253.55.43 "POST /compute/v2.1/os-keypairs" status: 201 len: 366 microversion: 2.10 time: 0.370558
Mar 26 01:01:51.202291 np0000160843 devstack@n-api.service[99355]: [pid: 99355|app: 0|req: 15/59] 162.253.55.43 () {72 vars in 1434 bytes} [Thu Mar 26 01:01:50 2026] POST /compute/v2.1/os-keypairs => generated 366 bytes in 371 msecs (HTTP/1.1 201) 9 headers in 364 bytes (1 switches on core 0)
Mar 26 01:02:00.623623 np0000160843 devstack@n-api.service[99357]: DEBUG dbcounter [-] [99357] Writing DB stats nova_api:SELECT=1 {{(pid=99357) stat_writer /opt/stack/data/venv/lib/python3.12/site-packages/dbcounter.py:115}}
Mar 26 01:02:00.865446 np0000160843 devstack@n-api.service[99355]: DEBUG dbcounter [-] [99355] Writing DB stats nova_cell0:SELECT=2 {{(pid=99355) stat_writer /opt/stack/data/venv/lib/python3.12/site-packages/dbcounter.py:115}}
Mar 26 01:02:00.887330 np0000160843 devstack@n-api.service[99355]: DEBUG dbcounter [-] [99355] Writing DB stats nova_api:SELECT=5,nova_api:INSERT=1 {{(pid=99355) stat_writer /opt/stack/data/venv/lib/python3.12/site-packages/dbcounter.py:115}}
Mar 26 01:02:05.731386 np0000160843 devstack@n-api.service[99354]: DEBUG nova.api.openstack.wsgi [None req-983c4078-5f38-42b7-b5b1-c8d4ddc03034 admin admin] Calling method '>' {{(pid=99354) _process_stack /opt/stack/nova/nova/api/openstack/wsgi.py:551}}
Mar 26 01:02:05.734984 np0000160843 devstack@n-api.service[99354]: DEBUG oslo_concurrency.lockutils [None req-983c4078-5f38-42b7-b5b1-c8d4ddc03034 admin admin] Acquiring lock "00000000-0000-0000-0000-000000000000" by "nova.context.set_target_cell..get_or_set_cached_cell_and_set_connections" {{(pid=99354) inner /opt/stack/data/venv/lib/python3.12/site-packages/oslo_concurrency/lockutils.py:506}}
Mar 26 01:02:05.735312 np0000160843 devstack@n-api.service[99354]: DEBUG oslo_concurrency.lockutils [None req-983c4078-5f38-42b7-b5b1-c8d4ddc03034 admin admin] Lock "00000000-0000-0000-0000-000000000000" acquired by "nova.context.set_target_cell..get_or_set_cached_cell_and_set_connections" :: waited 0.000s {{(pid=99354) inner /opt/stack/data/venv/lib/python3.12/site-packages/oslo_concurrency/lockutils.py:519}}
Mar 26 01:02:05.735569 np0000160843 devstack@n-api.service[99354]: DEBUG oslo_concurrency.lockutils [None req-983c4078-5f38-42b7-b5b1-c8d4ddc03034 admin admin] Lock "00000000-0000-0000-0000-000000000000" "released" by "nova.context.set_target_cell..get_or_set_cached_cell_and_set_connections" :: held 0.000s {{(pid=99354) inner /opt/stack/data/venv/lib/python3.12/site-packages/oslo_concurrency/lockutils.py:538}}
Mar 26 01:02:05.736926 np0000160843 devstack@n-api.service[99354]: DEBUG oslo_concurrency.lockutils [None req-983c4078-5f38-42b7-b5b1-c8d4ddc03034 admin admin] Acquiring lock "fae92c08-c55a-4a09-b55c-379448e8198b" by "nova.context.set_target_cell..get_or_set_cached_cell_and_set_connections" {{(pid=99354) inner /opt/stack/data/venv/lib/python3.12/site-packages/oslo_concurrency/lockutils.py:506}}
Mar 26 01:02:05.737220 np0000160843 devstack@n-api.service[99354]: DEBUG oslo_concurrency.lockutils [None req-983c4078-5f38-42b7-b5b1-c8d4ddc03034 admin admin] Lock "fae92c08-c55a-4a09-b55c-379448e8198b" acquired by "nova.context.set_target_cell..get_or_set_cached_cell_and_set_connections" :: waited 0.000s {{(pid=99354) inner /opt/stack/data/venv/lib/python3.12/site-packages/oslo_concurrency/lockutils.py:519}}
Mar 26 01:02:05.737477 np0000160843 devstack@n-api.service[99354]: DEBUG oslo_concurrency.lockutils [None req-983c4078-5f38-42b7-b5b1-c8d4ddc03034 admin admin] Lock "fae92c08-c55a-4a09-b55c-379448e8198b" "released" by "nova.context.set_target_cell..get_or_set_cached_cell_and_set_connections" :: held 0.000s {{(pid=99354) inner /opt/stack/data/venv/lib/python3.12/site-packages/oslo_concurrency/lockutils.py:538}}
Mar 26 01:02:05.767479 np0000160843 devstack@n-api.service[99354]: INFO nova.api.openstack.requestlog [None req-983c4078-5f38-42b7-b5b1-c8d4ddc03034 admin admin] 162.253.55.43 "GET /compute/v2.1/os-services?binary=nova-compute&host=np0000160843" status: 200 len: 255 microversion: 2.69 time: 0.039188
Mar 26 01:02:05.768043 np0000160843 devstack@n-api.service[99354]: [pid: 99354|app: 0|req: 15/60] 162.253.55.43 () {68 vars in 1468 bytes} [Thu Mar 26 01:02:05 2026] GET /compute/v2.1/os-services?binary=nova-compute&host=np0000160843 => generated 255 bytes in 40 msecs (HTTP/1.1 200) 9 headers in 359 bytes (1 switches on core 0)
Mar 26 01:02:15.743871 np0000160843 devstack@n-api.service[99354]: DEBUG dbcounter [-] [99354] Writing DB stats nova_cell0:SELECT=1 {{(pid=99354) stat_writer /opt/stack/data/venv/lib/python3.12/site-packages/dbcounter.py:115}}
Mar 26 01:02:15.747417 np0000160843 devstack@n-api.service[99354]: DEBUG dbcounter [-] [99354] Writing DB stats nova_cell1:SELECT=1 {{(pid=99354) stat_writer /opt/stack/data/venv/lib/python3.12/site-packages/dbcounter.py:115}}
Mar 26 01:02:15.758695 np0000160843 devstack@n-api.service[99354]: DEBUG dbcounter [-] [99354] Writing DB stats nova_api:SELECT=2 {{(pid=99354) stat_writer /opt/stack/data/venv/lib/python3.12/site-packages/dbcounter.py:115}}
Mar 26 01:02:39.239713 np0000160843 devstack@n-api.service[99356]: DEBUG nova.api.openstack.wsgi [None req-c6599a5e-12fb-4678-8c9e-26971afdc888 demo demo] Calling method '>' {{(pid=99356) _process_stack /opt/stack/nova/nova/api/openstack/wsgi.py:551}}
Mar 26 01:02:39.270111 np0000160843 devstack@n-api.service[99356]: INFO nova.api.openstack.requestlog [None req-c6599a5e-12fb-4678-8c9e-26971afdc888 demo demo] 162.253.55.43 "GET /compute/v2.1/flavors/detail" status: 200 len: 4000 microversion: 2.15 time: 0.034976
Mar 26 01:02:39.270427 np0000160843 devstack@n-api.service[99356]: [pid: 99356|app: 0|req: 15/61] 162.253.55.43 () {66 vars in 1299 bytes} [Thu Mar 26 01:02:39 2026] GET /compute/v2.1/flavors/detail => generated 4000 bytes in 36 msecs (HTTP/1.1 200) 9 headers in 360 bytes (1 switches on core 0)
Mar 26 01:02:39.286035 np0000160843 devstack@n-api.service[99357]: DEBUG nova.api.openstack.wsgi [None req-4b4db659-55e3-4255-84b7-ca2ec73084f9 demo demo] Calling method '>' {{(pid=99357) _process_stack /opt/stack/nova/nova/api/openstack/wsgi.py:551}}
Mar 26 01:02:39.321615 np0000160843 devstack@n-api.service[99357]: INFO nova.api.openstack.requestlog [None req-4b4db659-55e3-4255-84b7-ca2ec73084f9 demo demo] 162.253.55.43 "GET /compute/v2.1/flavors/detail" status: 200 len: 4000 microversion: 2.15 time: 0.039726
Mar 26 01:02:39.321985 np0000160843 devstack@n-api.service[99357]: [pid: 99357|app: 0|req: 17/62] 162.253.55.43 () {66 vars in 1299 bytes} [Thu Mar 26 01:02:39 2026] GET /compute/v2.1/flavors/detail => generated 4000 bytes in 41 msecs (HTTP/1.1 200) 9 headers in 360 bytes (1 switches on core 0)
Mar 26 01:02:39.539900 np0000160843 devstack@n-api.service[99355]: DEBUG nova.api.openstack.wsgi [None req-40d8674b-e549-4c82-95ad-bf9e95c18359 demo demo] Calling method '>' {{(pid=99355) _process_stack /opt/stack/nova/nova/api/openstack/wsgi.py:551}}
Mar 26 01:02:39.567111 np0000160843 devstack@n-api.service[99355]: INFO nova.api.openstack.requestlog [None req-40d8674b-e549-4c82-95ad-bf9e95c18359 demo demo] 162.253.55.43 "GET /compute/v2.1/flavors/detail" status: 200 len: 4000 microversion: 2.15 time: 0.030912
Mar 26 01:02:39.567468 np0000160843 devstack@n-api.service[99355]: [pid: 99355|app: 0|req: 16/63] 162.253.55.43 () {66 vars in 1299 bytes} [Thu Mar 26 01:02:39 2026] GET /compute/v2.1/flavors/detail => generated 4000 bytes in 32 msecs (HTTP/1.1 200) 9 headers in 360 bytes (1 switches on core 0)
Mar 26 01:02:39.582295 np0000160843 devstack@n-api.service[99354]: DEBUG nova.api.openstack.wsgi [None req-0ffb51d0-c64f-451f-9c5f-69f304d2cfd9 demo demo] Calling method '>' {{(pid=99354) _process_stack /opt/stack/nova/nova/api/openstack/wsgi.py:551}}
Mar 26 01:02:39.605283 np0000160843 devstack@n-api.service[99354]: INFO nova.api.openstack.requestlog [None req-0ffb51d0-c64f-451f-9c5f-69f304d2cfd9 demo demo] 162.253.55.43 "GET /compute/v2.1/flavors/detail" status: 200 len: 4000 microversion: 2.15 time: 0.025214
Mar 26 01:02:39.605509 np0000160843 devstack@n-api.service[99354]: [pid: 99354|app: 0|req: 16/64] 162.253.55.43 () {66 vars in 1299 bytes} [Thu Mar 26 01:02:39 2026] GET /compute/v2.1/flavors/detail => generated 4000 bytes in 26 msecs (HTTP/1.1 200) 9 headers in 360 bytes (1 switches on core 0)
Mar 26 01:02:44.401512 np0000160843 devstack@n-api.service[99356]: DEBUG nova.api.openstack.wsgi [None req-70e1f741-e474-4b8c-9bb5-0bc223d8bfc8 demo demo] Calling method '>' {{(pid=99356) _process_stack /opt/stack/nova/nova/api/openstack/wsgi.py:551}}
Mar 26 01:02:44.423031 np0000160843 devstack@n-api.service[99356]: INFO nova.api.openstack.requestlog [None req-70e1f741-e474-4b8c-9bb5-0bc223d8bfc8 demo demo] 162.253.55.43 "GET /compute/v2.1/flavors/detail" status: 200 len: 4000 microversion: 2.15 time: 0.025623
Mar 26 01:02:44.423728 np0000160843 devstack@n-api.service[99356]: [pid: 99356|app: 0|req: 16/65] 162.253.55.43 () {66 vars in 1299 bytes} [Thu Mar 26 01:02:44 2026] GET /compute/v2.1/flavors/detail => generated 4000 bytes in 26 msecs (HTTP/1.1 200) 9 headers in 360 bytes (1 switches on core 0)
Mar 26 01:02:44.440210 np0000160843 devstack@n-api.service[99357]: DEBUG nova.api.openstack.wsgi [None req-a5211a0e-5c55-4213-b6c5-055da8f5e8a1 demo demo] Calling method '>' {{(pid=99357) _process_stack /opt/stack/nova/nova/api/openstack/wsgi.py:551}}
Mar 26 01:02:44.460657 np0000160843 devstack@n-api.service[99357]: INFO nova.api.openstack.requestlog [None req-a5211a0e-5c55-4213-b6c5-055da8f5e8a1 demo demo] 162.253.55.43 "GET /compute/v2.1/flavors/detail" status: 200 len: 4000 microversion: 2.15 time: 0.023858
Mar 26 01:02:44.461030 np0000160843 devstack@n-api.service[99357]: [pid: 99357|app: 0|req: 18/66] 162.253.55.43 () {66 vars in 1299 bytes} [Thu Mar 26 01:02:44 2026] GET /compute/v2.1/flavors/detail => generated 4000 bytes in 25 msecs (HTTP/1.1 200) 9 headers in 360 bytes (1 switches on core 0)
Mar 26 01:02:44.753469 np0000160843 devstack@n-api.service[99355]: DEBUG nova.api.openstack.wsgi [None req-4e6dac5a-0f70-448a-ae18-c62e59800607 demo demo] Calling method '>' {{(pid=99355) _process_stack /opt/stack/nova/nova/api/openstack/wsgi.py:551}}
Mar 26 01:02:44.770640 np0000160843 devstack@n-api.service[99355]: INFO nova.api.openstack.requestlog [None req-4e6dac5a-0f70-448a-ae18-c62e59800607 demo demo] 162.253.55.43 "GET /compute/v2.1/flavors/detail" status: 200 len: 4000 microversion: 2.15 time: 0.019931
Mar 26 01:02:44.770951 np0000160843 devstack@n-api.service[99355]: [pid: 99355|app: 0|req: 17/67] 162.253.55.43 () {66 vars in 1299 bytes} [Thu Mar 26 01:02:44 2026] GET /compute/v2.1/flavors/detail => generated 4000 bytes in 20 msecs (HTTP/1.1 200) 9 headers in 360 bytes (1 switches on core 0)
Mar 26 01:02:44.785253 np0000160843 devstack@n-api.service[99354]: DEBUG nova.api.openstack.wsgi [None req-5f9ef025-5d30-4d03-837e-239dc77edb60 demo demo] Calling method '>' {{(pid=99354) _process_stack /opt/stack/nova/nova/api/openstack/wsgi.py:551}}
Mar 26 01:02:44.802825 np0000160843 devstack@n-api.service[99354]: INFO nova.api.openstack.requestlog [None req-5f9ef025-5d30-4d03-837e-239dc77edb60 demo demo] 162.253.55.43 "GET /compute/v2.1/flavors/detail" status: 200 len: 4000 microversion: 2.15 time: 0.021195
Mar 26 01:02:44.803068 np0000160843 devstack@n-api.service[99354]: [pid: 99354|app: 0|req: 17/68] 162.253.55.43 () {66 vars in 1299 bytes} [Thu Mar 26 01:02:44 2026] GET /compute/v2.1/flavors/detail => generated 4000 bytes in 22 msecs (HTTP/1.1 200) 9 headers in 360 bytes (1 switches on core 0)
Mar 26 01:02:49.804066 np0000160843 devstack@n-api.service[99356]: DEBUG nova.api.openstack.wsgi [None req-de898cc3-b370-43c2-aadb-d2d7639ba7c2 demo demo] Calling method '>' {{(pid=99356) _process_stack /opt/stack/nova/nova/api/openstack/wsgi.py:551}}
Mar 26 01:02:49.831331 np0000160843 devstack@n-api.service[99356]: INFO nova.api.openstack.requestlog [None req-de898cc3-b370-43c2-aadb-d2d7639ba7c2 demo demo] 162.253.55.43 "GET /compute/v2.1/os-server-groups" status: 200 len: 21 microversion: 2.15 time: 0.031163
Mar 26 01:02:49.831619 np0000160843 devstack@n-api.service[99356]: [pid: 99356|app: 0|req: 17/69] 162.253.55.43 () {66 vars in 1305 bytes} [Thu Mar 26 01:02:49 2026] GET /compute/v2.1/os-server-groups => generated 21 bytes in 32 msecs (HTTP/1.1 200) 9 headers in 358 bytes (1 switches on core 0)
Mar 26 01:02:49.849791 np0000160843 devstack@n-api.service[99357]: DEBUG nova.api.openstack.wsgi [None req-5f83f1fd-9d19-4226-b1b3-f36c79f1c1c1 demo demo] Action: 'create', calling method: >, body: {"server_group": {"name": "kube-ll2lq", "policies": ["soft-anti-affinity"]}} {{(pid=99357) _process_stack /opt/stack/nova/nova/api/openstack/wsgi.py:549}}
Mar 26 01:02:49.876428 np0000160843 devstack@n-api.service[99357]: DEBUG nova.quota [None req-5f83f1fd-9d19-4226-b1b3-f36c79f1c1c1 demo demo] Getting quotas for project 807e92f4a1114d0e95afff964cb39f5a. Resources: {'server_groups'} {{(pid=99357) _get_quotas /opt/stack/nova/nova/quota.py:392}}
Mar 26 01:02:49.881046 np0000160843 devstack@n-api.service[99357]: DEBUG nova.quota [None req-5f83f1fd-9d19-4226-b1b3-f36c79f1c1c1 demo demo] Getting quotas for user 4e6c93c653ff4217a6f4dfbcd2cfbfd4 and project 807e92f4a1114d0e95afff964cb39f5a. Resources: {'server_groups'} {{(pid=99357) _get_quotas /opt/stack/nova/nova/quota.py:382}}
Mar 26 01:02:49.938835 np0000160843 devstack@n-api.service[99357]: DEBUG nova.quota [None req-5f83f1fd-9d19-4226-b1b3-f36c79f1c1c1 demo demo] Getting quotas for project 807e92f4a1114d0e95afff964cb39f5a. Resources: {'server_groups'} {{(pid=99357) _get_quotas /opt/stack/nova/nova/quota.py:392}}
Mar 26 01:02:49.940920 np0000160843 devstack@n-api.service[99357]: DEBUG nova.quota [None req-5f83f1fd-9d19-4226-b1b3-f36c79f1c1c1 demo demo] Getting quotas for user 4e6c93c653ff4217a6f4dfbcd2cfbfd4 and project 807e92f4a1114d0e95afff964cb39f5a. Resources: {'server_groups'} {{(pid=99357) _get_quotas /opt/stack/nova/nova/quota.py:382}}
Mar 26 01:02:49.948041 np0000160843 devstack@n-api.service[99357]: INFO nova.api.openstack.requestlog [None req-5f83f1fd-9d19-4226-b1b3-f36c79f1c1c1 demo demo] 162.253.55.43 "POST /compute/v2.1/os-server-groups" status: 200 len: 250 microversion: 2.15 time: 0.101923
Mar 26 01:02:49.948367 np0000160843 devstack@n-api.service[99357]: [pid: 99357|app: 0|req: 19/70] 162.253.55.43 () {70 vars in 1358 bytes} [Thu Mar 26 01:02:49 2026] POST /compute/v2.1/os-server-groups => generated 250 bytes in 103 msecs (HTTP/1.1 200) 9 headers in 359 bytes (1 switches on core 0)
Mar 26 01:02:49.972054 np0000160843 devstack@n-api.service[99355]: DEBUG nova.api.openstack.wsgi [None req-c7be8589-e80e-4214-9ed7-9cf0b6b88138 demo demo] Calling method '>' {{(pid=99355) _process_stack /opt/stack/nova/nova/api/openstack/wsgi.py:551}}
Mar 26 01:02:49.992648 np0000160843 devstack@n-api.service[99355]: INFO nova.api.openstack.requestlog [None req-c7be8589-e80e-4214-9ed7-9cf0b6b88138 demo demo] 162.253.55.43 "GET /compute/v2.1/os-server-groups" status: 200 len: 253 microversion: 2.15 time: 0.024288
Mar 26 01:02:49.992894 np0000160843 devstack@n-api.service[99355]: [pid: 99355|app: 0|req: 18/71] 162.253.55.43 () {66 vars in 1305 bytes} [Thu Mar 26 01:02:49 2026] GET /compute/v2.1/os-server-groups => generated 253 bytes in 25 msecs (HTTP/1.1 200) 9 headers in 359 bytes (1 switches on core 0)
Mar 26 01:02:50.009999 np0000160843 devstack@n-api.service[99354]: DEBUG nova.api.openstack.wsgi [None req-d969385f-462f-4dc6-b3e7-35f9e9a41780 demo demo] Action: 'create', calling method: >, body: {"server_group": {"name": "kube-ll2lq-default-worker", "policies": ["soft-anti-affinity"]}} {{(pid=99354) _process_stack /opt/stack/nova/nova/api/openstack/wsgi.py:549}}
Mar 26 01:02:50.034706 np0000160843 devstack@n-api.service[99354]: DEBUG nova.quota [None req-d969385f-462f-4dc6-b3e7-35f9e9a41780 demo demo] Getting quotas for project 807e92f4a1114d0e95afff964cb39f5a. Resources: {'server_groups'} {{(pid=99354) _get_quotas /opt/stack/nova/nova/quota.py:392}}
Mar 26 01:02:50.037699 np0000160843 devstack@n-api.service[99354]: DEBUG nova.quota [None req-d969385f-462f-4dc6-b3e7-35f9e9a41780 demo demo] Getting quotas for user 4e6c93c653ff4217a6f4dfbcd2cfbfd4 and project 807e92f4a1114d0e95afff964cb39f5a. Resources: {'server_groups'} {{(pid=99354) _get_quotas /opt/stack/nova/nova/quota.py:382}}
Mar 26 01:02:50.091916 np0000160843 devstack@n-api.service[99354]: DEBUG nova.quota [None req-d969385f-462f-4dc6-b3e7-35f9e9a41780 demo demo] Getting quotas for project 807e92f4a1114d0e95afff964cb39f5a. Resources: {'server_groups'} {{(pid=99354) _get_quotas /opt/stack/nova/nova/quota.py:392}}
Mar 26 01:02:50.094320 np0000160843 devstack@n-api.service[99354]: DEBUG nova.quota [None req-d969385f-462f-4dc6-b3e7-35f9e9a41780 demo demo] Getting quotas for user 4e6c93c653ff4217a6f4dfbcd2cfbfd4 and project 807e92f4a1114d0e95afff964cb39f5a. Resources: {'server_groups'} {{(pid=99354) _get_quotas /opt/stack/nova/nova/quota.py:382}}
Mar 26 01:02:50.102082 np0000160843 devstack@n-api.service[99354]: INFO nova.api.openstack.requestlog [None req-d969385f-462f-4dc6-b3e7-35f9e9a41780 demo demo] 162.253.55.43 "POST /compute/v2.1/os-server-groups" status: 200 len: 265 microversion: 2.15 time: 0.095500
Mar 26 01:02:50.102378 np0000160843 devstack@n-api.service[99354]: [pid: 99354|app: 0|req: 18/72] 162.253.55.43 () {70 vars in 1358 bytes} [Thu Mar 26 01:02:50 2026] POST /compute/v2.1/os-server-groups => generated 265 bytes in 96 msecs (HTTP/1.1 200) 9 headers in 359 bytes (1 switches on core 0)
Mar 26 01:02:52.312827 np0000160843 devstack@n-api.service[99356]: DEBUG nova.api.openstack.wsgi [None req-bd6d5433-b43e-456b-a462-33c133ef4afd demo demo] Calling method '>' {{(pid=99356) _process_stack /opt/stack/nova/nova/api/openstack/wsgi.py:551}}
Mar 26 01:02:52.338514 np0000160843 devstack@n-api.service[99356]: INFO nova.api.openstack.requestlog [None req-bd6d5433-b43e-456b-a462-33c133ef4afd demo demo] 162.253.55.43 "GET /compute/v2.1/flavors/detail" status: 200 len: 4000 microversion: 2.15 time: 0.028227
Mar 26 01:02:52.338999 np0000160843 devstack@n-api.service[99356]: [pid: 99356|app: 0|req: 18/73] 162.253.55.43 () {66 vars in 1299 bytes} [Thu Mar 26 01:02:52 2026] GET /compute/v2.1/flavors/detail => generated 4000 bytes in 29 msecs (HTTP/1.1 200) 9 headers in 360 bytes (1 switches on core 0)
Mar 26 01:02:52.356268 np0000160843 devstack@n-api.service[99357]: DEBUG nova.api.openstack.wsgi [None req-5602cb2c-0321-47c8-a425-8c18a50b7e9f demo demo] Calling method '>' {{(pid=99357) _process_stack /opt/stack/nova/nova/api/openstack/wsgi.py:551}}
Mar 26 01:02:52.380199 np0000160843 devstack@n-api.service[99357]: INFO nova.api.openstack.requestlog [None req-5602cb2c-0321-47c8-a425-8c18a50b7e9f demo demo] 162.253.55.43 "GET /compute/v2.1/flavors/detail" status: 200 len: 4000 microversion: 2.15 time: 0.028268
Mar 26 01:02:52.380531 np0000160843 devstack@n-api.service[99357]: [pid: 99357|app: 0|req: 20/74] 162.253.55.43 () {66 vars in 1299 bytes} [Thu Mar 26 01:02:52 2026] GET /compute/v2.1/flavors/detail => generated 4000 bytes in 29 msecs (HTTP/1.1 200) 9 headers in 360 bytes (1 switches on core 0)
Mar 26 01:02:52.575617 np0000160843 devstack@n-api.service[99355]: DEBUG nova.api.openstack.wsgi [None req-f9a96d6f-557f-4acf-be86-aa14483158aa demo demo] Calling method '>' {{(pid=99355) _process_stack /opt/stack/nova/nova/api/openstack/wsgi.py:551}}
Mar 26 01:02:52.593981 np0000160843 devstack@n-api.service[99355]: INFO nova.api.openstack.requestlog [None req-f9a96d6f-557f-4acf-be86-aa14483158aa demo demo] 162.253.55.43 "GET /compute/v2.1/flavors/detail" status: 200 len: 4000 microversion: 2.15 time: 0.020011
Mar 26 01:02:52.594601 np0000160843 devstack@n-api.service[99355]: [pid: 99355|app: 0|req: 19/75] 162.253.55.43 () {66 vars in 1299 bytes} [Thu Mar 26 01:02:52 2026] GET /compute/v2.1/flavors/detail => generated 4000 bytes in 20 msecs (HTTP/1.1 200) 9 headers in 360 bytes (1 switches on core 0)
Mar 26 01:02:59.943946 np0000160843 devstack@n-api.service[99357]: DEBUG dbcounter [-] [99357] Writing DB stats nova_cell0:SELECT=4 {{(pid=99357) stat_writer /opt/stack/data/venv/lib/python3.12/site-packages/dbcounter.py:115}}
Mar 26 01:03:00.098037 np0000160843 devstack@n-api.service[99354]: DEBUG dbcounter [-] [99354] Writing DB stats nova_cell0:SELECT=4 {{(pid=99354) stat_writer /opt/stack/data/venv/lib/python3.12/site-packages/dbcounter.py:115}}
Mar 26 01:03:00.099734 np0000160843 devstack@n-api.service[99354]: DEBUG dbcounter [-] [99354] Writing DB stats nova_api:SELECT=16,nova_api:INSERT=2 {{(pid=99354) stat_writer /opt/stack/data/venv/lib/python3.12/site-packages/dbcounter.py:115}}
Mar 26 01:03:02.320122 np0000160843 devstack@n-api.service[99356]: DEBUG dbcounter [-] [99356] Writing DB stats nova_api:SELECT=5 {{(pid=99356) stat_writer /opt/stack/data/venv/lib/python3.12/site-packages/dbcounter.py:115}}
Mar 26 01:03:02.364615 np0000160843 devstack@n-api.service[99357]: DEBUG dbcounter [-] [99357] Writing DB stats nova_api:SELECT=17,nova_api:INSERT=2 {{(pid=99357) stat_writer /opt/stack/data/venv/lib/python3.12/site-packages/dbcounter.py:115}}
Mar 26 01:03:02.579787 np0000160843 devstack@n-api.service[99355]: DEBUG dbcounter [-] [99355] Writing DB stats nova_api:SELECT=5 {{(pid=99355) stat_writer /opt/stack/data/venv/lib/python3.12/site-packages/dbcounter.py:115}}
Mar 26 01:03:14.198074 np0000160843 devstack@n-api.service[99354]: DEBUG nova.api.openstack.wsgi [None req-d969385f-462f-4dc6-b3e7-35f9e9a41780 demo demo] Calling method '>' {{(pid=99354) _process_stack /opt/stack/nova/nova/api/openstack/wsgi.py:551}}
Mar 26 01:03:14.202391 np0000160843 devstack@n-api.service[99354]: INFO nova.api.openstack.requestlog [None req-d969385f-462f-4dc6-b3e7-35f9e9a41780 demo demo] 172.18.0.2 "GET /compute/v2.1/" status: 200 len: 392 microversion: 2.1 time: 0.004847
Mar 26 01:03:14.202618 np0000160843 devstack@n-api.service[99354]: [pid: 99354|app: 0|req: 19/76] 162.253.55.43 () {64 vars in 1265 bytes} [Thu Mar 26 01:03:14 2026] GET /compute/v2.1/ => generated 392 bytes in 5 msecs (HTTP/1.1 200) 9 headers in 357 bytes (1 switches on core 0)
Mar 26 01:03:14.211576 np0000160843 devstack@n-api.service[99356]: DEBUG nova.api.openstack.wsgi [None req-ff438cd6-53cd-4b4d-a6a0-008931d9b24f demo demo] Calling method '>' {{(pid=99356) _process_stack /opt/stack/nova/nova/api/openstack/wsgi.py:551}}
Mar 26 01:03:14.215263 np0000160843 devstack@n-api.service[99356]: DEBUG oslo_concurrency.lockutils [None req-ff438cd6-53cd-4b4d-a6a0-008931d9b24f demo demo] Acquiring lock "00000000-0000-0000-0000-000000000000" by "nova.context.set_target_cell..get_or_set_cached_cell_and_set_connections" {{(pid=99356) inner /opt/stack/data/venv/lib/python3.12/site-packages/oslo_concurrency/lockutils.py:506}}
Mar 26 01:03:14.215615 np0000160843 devstack@n-api.service[99356]: DEBUG oslo_concurrency.lockutils [None req-ff438cd6-53cd-4b4d-a6a0-008931d9b24f demo demo] Lock "00000000-0000-0000-0000-000000000000" acquired by "nova.context.set_target_cell..get_or_set_cached_cell_and_set_connections" :: waited 0.000s {{(pid=99356) inner /opt/stack/data/venv/lib/python3.12/site-packages/oslo_concurrency/lockutils.py:519}}
Mar 26 01:03:14.216073 np0000160843 devstack@n-api.service[99356]: DEBUG oslo_concurrency.lockutils [None req-ff438cd6-53cd-4b4d-a6a0-008931d9b24f demo demo] Lock "00000000-0000-0000-0000-000000000000" "released" by "nova.context.set_target_cell..get_or_set_cached_cell_and_set_connections" :: held 0.000s {{(pid=99356) inner /opt/stack/data/venv/lib/python3.12/site-packages/oslo_concurrency/lockutils.py:538}}
Mar 26 01:03:14.217030 np0000160843 devstack@n-api.service[99356]: DEBUG oslo_concurrency.lockutils [None req-ff438cd6-53cd-4b4d-a6a0-008931d9b24f demo demo] Acquiring lock "fae92c08-c55a-4a09-b55c-379448e8198b" by "nova.context.set_target_cell..get_or_set_cached_cell_and_set_connections" {{(pid=99356) inner /opt/stack/data/venv/lib/python3.12/site-packages/oslo_concurrency/lockutils.py:506}}
Mar 26 01:03:14.217172 np0000160843 devstack@n-api.service[99356]: DEBUG oslo_concurrency.lockutils [None req-ff438cd6-53cd-4b4d-a6a0-008931d9b24f demo demo] Lock "fae92c08-c55a-4a09-b55c-379448e8198b" acquired by "nova.context.set_target_cell..get_or_set_cached_cell_and_set_connections" :: waited 0.000s {{(pid=99356) inner /opt/stack/data/venv/lib/python3.12/site-packages/oslo_concurrency/lockutils.py:519}}
Mar 26 01:03:14.217296 np0000160843 devstack@n-api.service[99356]: DEBUG oslo_concurrency.lockutils [None req-ff438cd6-53cd-4b4d-a6a0-008931d9b24f demo demo] Lock "fae92c08-c55a-4a09-b55c-379448e8198b" "released" by "nova.context.set_target_cell..get_or_set_cached_cell_and_set_connections" :: held 0.000s {{(pid=99356) inner /opt/stack/data/venv/lib/python3.12/site-packages/oslo_concurrency/lockutils.py:538}}
Mar 26 01:03:14.249638 np0000160843 devstack@n-api.service[99356]: INFO nova.api.openstack.requestlog [None req-ff438cd6-53cd-4b4d-a6a0-008931d9b24f demo demo] 172.18.0.2 "GET /compute/v2.1/os-availability-zone" status: 200 len: 97 microversion: 2.38 time: 0.041167
Mar 26 01:03:14.250371 np0000160843 devstack@n-api.service[99356]: [pid: 99356|app: 0|req: 19/77] 162.253.55.43 () {68 vars in 1408 bytes} [Thu Mar 26 01:03:14 2026] GET /compute/v2.1/os-availability-zone => generated 97 bytes in 42 msecs (HTTP/1.1 200) 9 headers in 358 bytes (1 switches on core 0)
Mar 26 01:03:15.110173 np0000160843 devstack@n-api.service[99357]: DEBUG nova.api.openstack.wsgi [None req-5602cb2c-0321-47c8-a425-8c18a50b7e9f demo demo] Calling method '>' {{(pid=99357) _process_stack /opt/stack/nova/nova/api/openstack/wsgi.py:551}}
Mar 26 01:03:15.117801 np0000160843 devstack@n-api.service[99357]: INFO nova.api.openstack.requestlog [None req-5602cb2c-0321-47c8-a425-8c18a50b7e9f demo demo] 172.18.0.2 "GET /compute/v2.1/" status: 200 len: 392 microversion: 2.1 time: 0.006665
Mar 26 01:03:15.117801 np0000160843 devstack@n-api.service[99357]: [pid: 99357|app: 0|req: 21/78] 162.253.55.43 () {64 vars in 1265 bytes} [Thu Mar 26 01:03:15 2026] GET /compute/v2.1/ => generated 392 bytes in 7 msecs (HTTP/1.1 200) 9 headers in 357 bytes (1 switches on core 0)
Mar 26 01:03:15.128396 np0000160843 devstack@n-api.service[99355]: DEBUG nova.api.openstack.wsgi [None req-57d91221-7f22-4704-8f02-836222cf8d21 demo demo] Calling method '>' {{(pid=99355) _process_stack /opt/stack/nova/nova/api/openstack/wsgi.py:551}}
Mar 26 01:03:15.131226 np0000160843 devstack@n-api.service[99355]: DEBUG oslo_concurrency.lockutils [None req-57d91221-7f22-4704-8f02-836222cf8d21 demo demo] Acquiring lock "00000000-0000-0000-0000-000000000000" by "nova.context.set_target_cell..get_or_set_cached_cell_and_set_connections" {{(pid=99355) inner /opt/stack/data/venv/lib/python3.12/site-packages/oslo_concurrency/lockutils.py:506}}
Mar 26 01:03:15.131635 np0000160843 devstack@n-api.service[99355]: DEBUG oslo_concurrency.lockutils [None req-57d91221-7f22-4704-8f02-836222cf8d21 demo demo] Lock "00000000-0000-0000-0000-000000000000" acquired by "nova.context.set_target_cell..get_or_set_cached_cell_and_set_connections" :: waited 0.000s {{(pid=99355) inner /opt/stack/data/venv/lib/python3.12/site-packages/oslo_concurrency/lockutils.py:519}}
Mar 26 01:03:15.132015 np0000160843 devstack@n-api.service[99355]: DEBUG oslo_concurrency.lockutils [None req-57d91221-7f22-4704-8f02-836222cf8d21 demo demo] Lock "00000000-0000-0000-0000-000000000000" "released" by "nova.context.set_target_cell..get_or_set_cached_cell_and_set_connections" :: held 0.000s {{(pid=99355) inner /opt/stack/data/venv/lib/python3.12/site-packages/oslo_concurrency/lockutils.py:538}}
Mar 26 01:03:15.133127 np0000160843 devstack@n-api.service[99355]: DEBUG oslo_concurrency.lockutils [None req-57d91221-7f22-4704-8f02-836222cf8d21 demo demo] Acquiring lock "fae92c08-c55a-4a09-b55c-379448e8198b" by "nova.context.set_target_cell..get_or_set_cached_cell_and_set_connections" {{(pid=99355) inner /opt/stack/data/venv/lib/python3.12/site-packages/oslo_concurrency/lockutils.py:506}}
Mar 26 01:03:15.134265 np0000160843 devstack@n-api.service[99355]: DEBUG oslo_concurrency.lockutils [None req-57d91221-7f22-4704-8f02-836222cf8d21 demo demo] Lock "fae92c08-c55a-4a09-b55c-379448e8198b" acquired by "nova.context.set_target_cell..get_or_set_cached_cell_and_set_connections" :: waited 0.001s {{(pid=99355) inner /opt/stack/data/venv/lib/python3.12/site-packages/oslo_concurrency/lockutils.py:519}}
Mar 26 01:03:15.136934 np0000160843 devstack@n-api.service[99355]: DEBUG oslo_concurrency.lockutils [None req-57d91221-7f22-4704-8f02-836222cf8d21 demo demo] Lock "fae92c08-c55a-4a09-b55c-379448e8198b" "released" by "nova.context.set_target_cell..get_or_set_cached_cell_and_set_connections" :: held 0.002s {{(pid=99355) inner /opt/stack/data/venv/lib/python3.12/site-packages/oslo_concurrency/lockutils.py:538}}
Mar 26 01:03:15.176212 np0000160843 devstack@n-api.service[99355]: INFO nova.api.openstack.requestlog [None req-57d91221-7f22-4704-8f02-836222cf8d21 demo demo] 172.18.0.2 "GET /compute/v2.1/os-availability-zone" status: 200 len: 97 microversion: 2.38 time: 0.050029
Mar 26 01:03:15.176973 np0000160843 devstack@n-api.service[99355]: [pid: 99355|app: 0|req: 20/79] 162.253.55.43 () {68 vars in 1408 bytes} [Thu Mar 26 01:03:15 2026] GET /compute/v2.1/os-availability-zone => generated 97 bytes in 51 msecs (HTTP/1.1 200) 9 headers in 358 bytes (1 switches on core 0)
Mar 26 01:03:15.473786 np0000160843 devstack@n-api.service[99354]: DEBUG nova.api.openstack.wsgi [None req-d969385f-462f-4dc6-b3e7-35f9e9a41780 demo demo] Calling method '>' {{(pid=99354) _process_stack /opt/stack/nova/nova/api/openstack/wsgi.py:551}}
Mar 26 01:03:15.479885 np0000160843 devstack@n-api.service[99354]: INFO nova.api.openstack.requestlog [None req-d969385f-462f-4dc6-b3e7-35f9e9a41780 demo demo] 172.18.0.2 "GET /compute/v2.1/" status: 200 len: 392 microversion: 2.1 time: 0.006968
Mar 26 01:03:15.480146 np0000160843 devstack@n-api.service[99354]: [pid: 99354|app: 0|req: 20/80] 162.253.55.43 () {64 vars in 1265 bytes} [Thu Mar 26 01:03:15 2026] GET /compute/v2.1/ => generated 392 bytes in 8 msecs (HTTP/1.1 200) 9 headers in 357 bytes (1 switches on core 0)
Mar 26 01:03:15.493952 np0000160843 devstack@n-api.service[99356]: DEBUG nova.api.openstack.wsgi [None req-37ba9a0f-2c24-409f-83ab-a7f997c70cc9 demo demo] Calling method '>' {{(pid=99356) _process_stack /opt/stack/nova/nova/api/openstack/wsgi.py:551}}
Mar 26 01:03:15.518281 np0000160843 devstack@n-api.service[99356]: INFO nova.api.openstack.requestlog [None req-37ba9a0f-2c24-409f-83ab-a7f997c70cc9 demo demo] 172.18.0.2 "GET /compute/v2.1/flavors/detail" status: 200 len: 4000 microversion: 2.38 time: 0.027310
Mar 26 01:03:15.518569 np0000160843 devstack@n-api.service[99356]: [pid: 99356|app: 0|req: 20/81] 162.253.55.43 () {68 vars in 1390 bytes} [Thu Mar 26 01:03:15 2026] GET /compute/v2.1/flavors/detail => generated 4000 bytes in 28 msecs (HTTP/1.1 200) 9 headers in 360 bytes (1 switches on core 0)
Mar 26 01:03:15.575841 np0000160843 devstack@n-api.service[99357]: DEBUG nova.api.openstack.wsgi [None req-5602cb2c-0321-47c8-a425-8c18a50b7e9f demo demo] Calling method '>' {{(pid=99357) _process_stack /opt/stack/nova/nova/api/openstack/wsgi.py:551}}
Mar 26 01:03:15.582610 np0000160843 devstack@n-api.service[99357]: INFO nova.api.openstack.requestlog [None req-5602cb2c-0321-47c8-a425-8c18a50b7e9f demo demo] 172.18.0.2 "GET /compute/v2.1/" status: 200 len: 392 microversion: 2.1 time: 0.007032
Mar 26 01:03:15.582808 np0000160843 devstack@n-api.service[99357]: [pid: 99357|app: 0|req: 22/82] 162.253.55.43 () {64 vars in 1265 bytes} [Thu Mar 26 01:03:15 2026] GET /compute/v2.1/ => generated 392 bytes in 9 msecs (HTTP/1.1 200) 9 headers in 357 bytes (2 switches on core 0)
Mar 26 01:03:15.594710 np0000160843 devstack@n-api.service[99355]: DEBUG nova.api.openstack.wsgi [None req-f9e060ae-32b1-4e79-b30e-ea762a4d483d demo demo] Calling method '>' {{(pid=99355) _process_stack /opt/stack/nova/nova/api/openstack/wsgi.py:551}}
Mar 26 01:03:15.621242 np0000160843 devstack@n-api.service[99355]: INFO nova.api.openstack.requestlog [None req-f9e060ae-32b1-4e79-b30e-ea762a4d483d demo demo] 172.18.0.2 "GET /compute/v2.1/flavors/detail" status: 200 len: 4000 microversion: 2.38 time: 0.030478
Mar 26 01:03:15.621548 np0000160843 devstack@n-api.service[99355]: [pid: 99355|app: 0|req: 21/83] 162.253.55.43 () {68 vars in 1390 bytes} [Thu Mar 26 01:03:15 2026] GET /compute/v2.1/flavors/detail => generated 4000 bytes in 32 msecs (HTTP/1.1 200) 9 headers in 360 bytes (1 switches on core 0)
Mar 26 01:03:16.196478 np0000160843 devstack@n-api.service[99354]: DEBUG nova.api.openstack.wsgi [None req-d969385f-462f-4dc6-b3e7-35f9e9a41780 demo demo] Calling method '>' {{(pid=99354) _process_stack /opt/stack/nova/nova/api/openstack/wsgi.py:551}}
Mar 26 01:03:16.197267 np0000160843 devstack@n-api.service[99356]: DEBUG nova.api.openstack.wsgi [None req-37ba9a0f-2c24-409f-83ab-a7f997c70cc9 demo demo] Calling method '>' {{(pid=99356) _process_stack /opt/stack/nova/nova/api/openstack/wsgi.py:551}}
Mar 26 01:03:16.200392 np0000160843 devstack@n-api.service[99354]: INFO nova.api.openstack.requestlog [None req-d969385f-462f-4dc6-b3e7-35f9e9a41780 demo demo] 172.18.0.2 "GET /compute/v2.1/" status: 200 len: 392 microversion: 2.1 time: 0.004128
Mar 26 01:03:16.200646 np0000160843 devstack@n-api.service[99354]: [pid: 99354|app: 0|req: 21/84] 162.253.55.43 () {64 vars in 1265 bytes} [Thu Mar 26 01:03:16 2026] GET /compute/v2.1/ => generated 392 bytes in 5 msecs (HTTP/1.1 200) 9 headers in 357 bytes (1 switches on core 0)
Mar 26 01:03:16.200721 np0000160843 devstack@n-api.service[99356]: INFO nova.api.openstack.requestlog [None req-37ba9a0f-2c24-409f-83ab-a7f997c70cc9 demo demo] 172.18.0.2 "GET /compute/v2.1/" status: 200 len: 392 microversion: 2.1 time: 0.003679
Mar 26 01:03:16.201124 np0000160843 devstack@n-api.service[99356]: [pid: 99356|app: 0|req: 21/85] 162.253.55.43 () {64 vars in 1265 bytes} [Thu Mar 26 01:03:16 2026] GET /compute/v2.1/ => generated 392 bytes in 4 msecs (HTTP/1.1 200) 9 headers in 357 bytes (1 switches on core 0)
Mar 26 01:03:16.211116 np0000160843 devstack@n-api.service[99357]: DEBUG nova.api.openstack.wsgi [None req-cb19ea03-355a-45f4-8741-40e1c108678a demo demo] Calling method '>' {{(pid=99357) _process_stack /opt/stack/nova/nova/api/openstack/wsgi.py:551}}
Mar 26 01:03:16.211719 np0000160843 devstack@n-api.service[99355]: DEBUG nova.api.openstack.wsgi [None req-1932dbfe-a9aa-4203-8d16-335040575a8a demo demo] Calling method '>' {{(pid=99355) _process_stack /opt/stack/nova/nova/api/openstack/wsgi.py:551}}
Mar 26 01:03:16.214138 np0000160843 devstack@n-api.service[99355]: DEBUG oslo_concurrency.lockutils [None req-1932dbfe-a9aa-4203-8d16-335040575a8a demo demo] Acquiring lock "00000000-0000-0000-0000-000000000000" by "nova.context.set_target_cell..get_or_set_cached_cell_and_set_connections" {{(pid=99355) inner /opt/stack/data/venv/lib/python3.12/site-packages/oslo_concurrency/lockutils.py:506}}
Mar 26 01:03:16.214412 np0000160843 devstack@n-api.service[99355]: DEBUG oslo_concurrency.lockutils [None req-1932dbfe-a9aa-4203-8d16-335040575a8a demo demo] Lock "00000000-0000-0000-0000-000000000000" acquired by "nova.context.set_target_cell..get_or_set_cached_cell_and_set_connections" :: waited 0.000s {{(pid=99355) inner /opt/stack/data/venv/lib/python3.12/site-packages/oslo_concurrency/lockutils.py:519}}
Mar 26 01:03:16.214595 np0000160843 devstack@n-api.service[99355]: DEBUG oslo_concurrency.lockutils [None req-1932dbfe-a9aa-4203-8d16-335040575a8a demo demo] Lock "00000000-0000-0000-0000-000000000000" "released" by "nova.context.set_target_cell..get_or_set_cached_cell_and_set_connections" :: held 0.000s {{(pid=99355) inner /opt/stack/data/venv/lib/python3.12/site-packages/oslo_concurrency/lockutils.py:538}}
Mar 26 01:03:16.215336 np0000160843 devstack@n-api.service[99357]: DEBUG nova.policy [None req-cb19ea03-355a-45f4-8741-40e1c108678a demo demo] Policy check for os_compute_api:servers:allow_all_filters failed with credentials {'is_admin': False, 'user_id': '4e6c93c653ff4217a6f4dfbcd2cfbfd4', 'user_domain_id': 'default', 'system_scope': None, 'domain_id': None, 'project_id': '807e92f4a1114d0e95afff964cb39f5a', 'project_domain_id': 'default', 'roles': ['reader', 'load-balancer_member', 'anotherrole', 'member'], 'is_admin_project': True, 'service_user_id': None, 'service_user_domain_id': None, 'service_project_id': None, 'service_project_domain_id': None, 'service_roles': []} {{(pid=99357) authorize /opt/stack/nova/nova/policy.py:192}}
Mar 26 01:03:16.215506 np0000160843 devstack@n-api.service[99355]: DEBUG oslo_concurrency.lockutils [None req-1932dbfe-a9aa-4203-8d16-335040575a8a demo demo] Acquiring lock "fae92c08-c55a-4a09-b55c-379448e8198b" by "nova.context.set_target_cell..get_or_set_cached_cell_and_set_connections" {{(pid=99355) inner /opt/stack/data/venv/lib/python3.12/site-packages/oslo_concurrency/lockutils.py:506}}
Mar 26 01:03:16.215706 np0000160843 devstack@n-api.service[99355]: DEBUG oslo_concurrency.lockutils [None req-1932dbfe-a9aa-4203-8d16-335040575a8a demo demo] Lock "fae92c08-c55a-4a09-b55c-379448e8198b" acquired by "nova.context.set_target_cell..get_or_set_cached_cell_and_set_connections" :: waited 0.000s {{(pid=99355) inner /opt/stack/data/venv/lib/python3.12/site-packages/oslo_concurrency/lockutils.py:519}}
Mar 26 01:03:16.215801 np0000160843 devstack@n-api.service[99357]: DEBUG nova.compute.api [None req-cb19ea03-355a-45f4-8741-40e1c108678a demo demo] Searching by: {'name': '^kube-ll2lq-pq6nx-jw5gw$', 'deleted': False, 'project_id': '807e92f4a1114d0e95afff964cb39f5a'} {{(pid=99357) get_all /opt/stack/nova/nova/compute/api.py:3089}}
Mar 26 01:03:16.216824 np0000160843 devstack@n-api.service[99355]: DEBUG oslo_concurrency.lockutils [None req-1932dbfe-a9aa-4203-8d16-335040575a8a demo demo] Lock "fae92c08-c55a-4a09-b55c-379448e8198b" "released" by "nova.context.set_target_cell..get_or_set_cached_cell_and_set_connections" :: held 0.001s {{(pid=99355) inner /opt/stack/data/venv/lib/python3.12/site-packages/oslo_concurrency/lockutils.py:538}}
Mar 26 01:03:16.220968 np0000160843 devstack@n-api.service[99357]: DEBUG oslo_concurrency.lockutils [None req-cb19ea03-355a-45f4-8741-40e1c108678a demo demo] Acquiring lock "00000000-0000-0000-0000-000000000000" by "nova.context.set_target_cell..get_or_set_cached_cell_and_set_connections" {{(pid=99357) inner /opt/stack/data/venv/lib/python3.12/site-packages/oslo_concurrency/lockutils.py:506}}
Mar 26 01:03:16.221178 np0000160843 devstack@n-api.service[99357]: DEBUG oslo_concurrency.lockutils [None req-cb19ea03-355a-45f4-8741-40e1c108678a demo demo] Lock "00000000-0000-0000-0000-000000000000" acquired by "nova.context.set_target_cell..get_or_set_cached_cell_and_set_connections" :: waited 0.000s {{(pid=99357) inner /opt/stack/data/venv/lib/python3.12/site-packages/oslo_concurrency/lockutils.py:519}}
Mar 26 01:03:16.221364 np0000160843 devstack@n-api.service[99357]: DEBUG oslo_concurrency.lockutils [None req-cb19ea03-355a-45f4-8741-40e1c108678a demo demo] Lock "00000000-0000-0000-0000-000000000000" "released" by "nova.context.set_target_cell..get_or_set_cached_cell_and_set_connections" :: held 0.000s {{(pid=99357) inner /opt/stack/data/venv/lib/python3.12/site-packages/oslo_concurrency/lockutils.py:538}}
Mar 26 01:03:16.222240 np0000160843 devstack@n-api.service[99357]: DEBUG oslo_concurrency.lockutils [None req-cb19ea03-355a-45f4-8741-40e1c108678a demo demo] Acquiring lock "fae92c08-c55a-4a09-b55c-379448e8198b" by "nova.context.set_target_cell..get_or_set_cached_cell_and_set_connections" {{(pid=99357) inner /opt/stack/data/venv/lib/python3.12/site-packages/oslo_concurrency/lockutils.py:506}}
Mar 26 01:03:16.222447 np0000160843 devstack@n-api.service[99357]: DEBUG oslo_concurrency.lockutils [None req-cb19ea03-355a-45f4-8741-40e1c108678a demo demo] Lock "fae92c08-c55a-4a09-b55c-379448e8198b" acquired by "nova.context.set_target_cell..get_or_set_cached_cell_and_set_connections" :: waited 0.000s {{(pid=99357) inner /opt/stack/data/venv/lib/python3.12/site-packages/oslo_concurrency/lockutils.py:519}}
Mar 26 01:03:16.222640 np0000160843 devstack@n-api.service[99357]: DEBUG oslo_concurrency.lockutils [None req-cb19ea03-355a-45f4-8741-40e1c108678a demo demo] Lock "fae92c08-c55a-4a09-b55c-379448e8198b" "released" by "nova.context.set_target_cell..get_or_set_cached_cell_and_set_connections" :: held 0.000s {{(pid=99357) inner /opt/stack/data/venv/lib/python3.12/site-packages/oslo_concurrency/lockutils.py:538}}
Mar 26 01:03:16.239216 np0000160843 devstack@n-api.service[99355]: INFO nova.api.openstack.requestlog [None req-1932dbfe-a9aa-4203-8d16-335040575a8a demo demo] 172.18.0.2 "GET /compute/v2.1/os-availability-zone" status: 200 len: 97 microversion: 2.38 time: 0.029539
Mar 26 01:03:16.239798 np0000160843 devstack@n-api.service[99355]: [pid: 99355|app: 0|req: 22/86] 162.253.55.43 () {68 vars in 1408 bytes} [Thu Mar 26 01:03:16 2026] GET /compute/v2.1/os-availability-zone => generated 97 bytes in 31 msecs (HTTP/1.1 200) 9 headers in 358 bytes (2 switches on core 0)
Mar 26 01:03:16.290685 np0000160843 devstack@n-api.service[99357]: DEBUG oslo_concurrency.lockutils [None req-cb19ea03-355a-45f4-8741-40e1c108678a demo demo] Acquiring lock "00000000-0000-0000-0000-000000000000" by "nova.context.set_target_cell..get_or_set_cached_cell_and_set_connections" {{(pid=99357) inner /opt/stack/data/venv/lib/python3.12/site-packages/oslo_concurrency/lockutils.py:506}}
Mar 26 01:03:16.291305 np0000160843 devstack@n-api.service[99357]: DEBUG oslo_concurrency.lockutils [None req-cb19ea03-355a-45f4-8741-40e1c108678a demo demo] Lock "00000000-0000-0000-0000-000000000000" acquired by "nova.context.set_target_cell..get_or_set_cached_cell_and_set_connections" :: waited 0.001s {{(pid=99357) inner /opt/stack/data/venv/lib/python3.12/site-packages/oslo_concurrency/lockutils.py:519}}
Mar 26 01:03:16.291688 np0000160843 devstack@n-api.service[99357]: DEBUG oslo_concurrency.lockutils [None req-cb19ea03-355a-45f4-8741-40e1c108678a demo demo] Lock "00000000-0000-0000-0000-000000000000" "released" by "nova.context.set_target_cell..get_or_set_cached_cell_and_set_connections" :: held 0.001s {{(pid=99357) inner /opt/stack/data/venv/lib/python3.12/site-packages/oslo_concurrency/lockutils.py:538}}
Mar 26 01:03:16.292842 np0000160843 devstack@n-api.service[99357]: DEBUG oslo_concurrency.lockutils [None req-cb19ea03-355a-45f4-8741-40e1c108678a demo demo] Acquiring lock "fae92c08-c55a-4a09-b55c-379448e8198b" by "nova.context.set_target_cell..get_or_set_cached_cell_and_set_connections" {{(pid=99357) inner /opt/stack/data/venv/lib/python3.12/site-packages/oslo_concurrency/lockutils.py:506}}
Mar 26 01:03:16.293225 np0000160843 devstack@n-api.service[99357]: DEBUG oslo_concurrency.lockutils [None req-cb19ea03-355a-45f4-8741-40e1c108678a demo demo] Lock "fae92c08-c55a-4a09-b55c-379448e8198b" acquired by "nova.context.set_target_cell..get_or_set_cached_cell_and_set_connections" :: waited 0.000s {{(pid=99357) inner /opt/stack/data/venv/lib/python3.12/site-packages/oslo_concurrency/lockutils.py:519}}
Mar 26 01:03:16.293588 np0000160843 devstack@n-api.service[99357]: DEBUG oslo_concurrency.lockutils [None req-cb19ea03-355a-45f4-8741-40e1c108678a demo demo] Lock "fae92c08-c55a-4a09-b55c-379448e8198b" "released" by "nova.context.set_target_cell..get_or_set_cached_cell_and_set_connections" :: held 0.000s {{(pid=99357) inner /opt/stack/data/venv/lib/python3.12/site-packages/oslo_concurrency/lockutils.py:538}}
Mar 26 01:03:16.295871 np0000160843 devstack@n-api.service[99357]: DEBUG nova.policy [None req-cb19ea03-355a-45f4-8741-40e1c108678a demo demo] Policy check for os_compute_api:os-extended-server-attributes failed with credentials {'is_admin': False, 'user_id': '4e6c93c653ff4217a6f4dfbcd2cfbfd4', 'user_domain_id': 'default', 'system_scope': None, 'domain_id': None, 'project_id': '807e92f4a1114d0e95afff964cb39f5a', 'project_domain_id': 'default', 'roles': ['reader', 'load-balancer_member', 'anotherrole', 'member'], 'is_admin_project': True, 'service_user_id': None, 'service_user_domain_id': None, 'service_project_id': None, 'service_project_domain_id': None, 'service_roles': []} {{(pid=99357) authorize /opt/stack/nova/nova/policy.py:192}}
Mar 26 01:03:16.302820 np0000160843 devstack@n-api.service[99357]: DEBUG nova.policy [None req-cb19ea03-355a-45f4-8741-40e1c108678a demo demo] Policy check for os_compute_api:servers:show:host_status failed with credentials {'is_admin': False, 'user_id': '4e6c93c653ff4217a6f4dfbcd2cfbfd4', 'user_domain_id': 'default', 'system_scope': None, 'domain_id': None, 'project_id': '807e92f4a1114d0e95afff964cb39f5a', 'project_domain_id': 'default', 'roles': ['reader', 'load-balancer_member', 'anotherrole', 'member'], 'is_admin_project': True, 'service_user_id': None, 'service_user_domain_id': None, 'service_project_id': None, 'service_project_domain_id': None, 'service_roles': []} {{(pid=99357) authorize /opt/stack/nova/nova/policy.py:192}}
Mar 26 01:03:16.303435 np0000160843 devstack@n-api.service[99357]: DEBUG nova.policy [None req-cb19ea03-355a-45f4-8741-40e1c108678a demo demo] Policy check for os_compute_api:servers:show:host_status:unknown-only failed with credentials {'is_admin': False, 'user_id': '4e6c93c653ff4217a6f4dfbcd2cfbfd4', 'user_domain_id': 'default', 'system_scope': None, 'domain_id': None, 'project_id': '807e92f4a1114d0e95afff964cb39f5a', 'project_domain_id': 'default', 'roles': ['reader', 'load-balancer_member', 'anotherrole', 'member'], 'is_admin_project': True, 'service_user_id': None, 'service_user_domain_id': None, 'service_project_id': None, 'service_project_domain_id': None, 'service_roles': []} {{(pid=99357) authorize /opt/stack/nova/nova/policy.py:192}}
Mar 26 01:03:16.305106 np0000160843 devstack@n-api.service[99357]: INFO nova.api.openstack.requestlog [None req-cb19ea03-355a-45f4-8741-40e1c108678a demo demo] 172.18.0.2 "GET /compute/v2.1/servers/detail?name=%5Ekube-ll2lq-pq6nx-jw5gw%24" status: 200 len: 15 microversion: 2.38 time: 0.097367
Mar 26 01:03:16.305377 np0000160843 devstack@n-api.service[99357]: [pid: 99357|app: 0|req: 23/87] 162.253.55.43 () {68 vars in 1457 bytes} [Thu Mar 26 01:03:16 2026] GET /compute/v2.1/servers/detail?name=%5Ekube-ll2lq-pq6nx-jw5gw%24 => generated 15 bytes in 98 msecs (HTTP/1.1 200) 9 headers in 358 bytes (1 switches on core 0)
Mar 26 01:03:16.318367 np0000160843 devstack@n-api.service[99354]: DEBUG nova.api.openstack.wsgi [None req-d969385f-462f-4dc6-b3e7-35f9e9a41780 demo demo] Calling method '>' {{(pid=99354) _process_stack /opt/stack/nova/nova/api/openstack/wsgi.py:551}}
Mar 26 01:03:16.324138 np0000160843 devstack@n-api.service[99354]: INFO nova.api.openstack.requestlog [None req-d969385f-462f-4dc6-b3e7-35f9e9a41780 demo demo] 172.18.0.2 "GET /compute/v2.1/" status: 200 len: 392 microversion: 2.1 time: 0.006211
Mar 26 01:03:16.324530 np0000160843 devstack@n-api.service[99354]: [pid: 99354|app: 0|req: 22/88] 162.253.55.43 () {64 vars in 1265 bytes} [Thu Mar 26 01:03:16 2026] GET /compute/v2.1/ => generated 392 bytes in 7 msecs (HTTP/1.1 200) 9 headers in 357 bytes (1 switches on core 0)
