2026-09-16 03:26:51.432 7 INFO placement.requestlog [None req-9b0d6ffc-8c9e-499d-a761-fbccba2e7016 - - - - - -] 10.0.0.104 "GET /" status: 200 len: 136 microversion: 1.0
2026-09-16 03:26:51.434 8 INFO placement.requestlog [None req-3eab42be-bfae-4ef6-91b9-f431395b87f8 - - - - - -] 10.0.0.104 "GET /" status: 200 len: 136 microversion: 1.0
2026-09-16 03:26:56.777 7 INFO placement.requestlog [req-d3e05b8c-9062-44f5-b1d3-b85df780df84 req-6db93abc-bb26-412c-a207-610a8c9f9601 f774166800f24058939e45734298ab5c 240bba33ebb64c89923d4c149303e074 - - 957f16ab71384e3299703eeb82b9b88d 957f16ab71384e3299703eeb82b9b88d] 162.253.55.43 "GET /resource_providers/770e734e-06d2-4626-960e-91bafd96a812/allocations" status: 200 len: 54 microversion: 1.0 [pid: 7|app: 0|req: 294/585] 162.253.55.43 () {32 vars in 856 bytes} [Wed Sep 16 03:26:56 2026] GET /resource_providers/770e734e-06d2-4626-960e-91bafd96a812/allocations => generated 54 bytes in 29 msecs (HTTP/1.1 200) 6 headers in 223 bytes (1 switches on core 0)
2026-09-16 03:26:56.809 8 INFO placement.requestlog [req-d3e05b8c-9062-44f5-b1d3-b85df780df84 req-7f9aa655-483b-4d3a-b6ab-93213430075a f774166800f24058939e45734298ab5c 240bba33ebb64c89923d4c149303e074 - - 957f16ab71384e3299703eeb82b9b88d 957f16ab71384e3299703eeb82b9b88d] 162.253.55.43 "GET /resource_providers/770e734e-06d2-4626-960e-91bafd96a812/allocations" status: 200 len: 54 microversion: 1.0 [pid: 8|app: 0|req: 292/586] 162.253.55.43 () {32 vars in 856 bytes} [Wed Sep 16 03:26:56 2026] GET /resource_providers/770e734e-06d2-4626-960e-91bafd96a812/allocations => generated 54 bytes in 21 msecs (HTTP/1.1 200) 6 headers in 223 bytes (1 switches on core 0)
2026-09-16 03:27:01.433 7 INFO placement.requestlog [None req-6dd5b69a-3781-4205-9171-b12a3bc3df70 - - - - - -] 10.0.0.104 "GET /" status: 200 len: 136 microversion: 1.0
2026-09-16 03:27:01.433 8 INFO placement.requestlog [None req-baaceb7c-8ea3-4b0b-822a-f13c72a5e5c4 - - - - - -] 10.0.0.104 "GET /" status: 200 len: 136 microversion: 1.0
2026-09-16 03:27:11.433 7 INFO placement.requestlog [None req-b03f2b86-4732-418b-ad6c-38391ba19d75 - - - - - -] 10.0.0.104 "GET /" status: 200 len: 136 microversion: 1.0
2026-09-16 03:27:11.433 8 INFO placement.requestlog [None req-70586d0d-0d66-42b0-9789-949281f77127 - - - - - -] 10.0.0.104 "GET /" status: 200 len: 136 microversion: 1.0
2026-09-16 03:27:21.432 7 INFO placement.requestlog [None req-42944e62-2a23-4a25-9661-bdad0a955112 - - - - - -] 10.0.0.104 "GET /" status: 200 len: 136 microversion: 1.0
2026-09-16 03:27:21.432 8 INFO placement.requestlog [None req-d009d4e8-e7dc-4b44-bd29-fbd4e84ee05c - - - - - -] 10.0.0.104 "GET /" status: 200 len: 136 microversion: 1.0
2026-09-16 03:27:31.432 8 INFO placement.requestlog [None req-f140fdc3-6c1a-4409-bf9a-b3f7b91ec368 - - - - - -] 10.0.0.104 "GET /" status: 200 len: 136 microversion: 1.0
2026-09-16 03:27:31.433 7 INFO placement.requestlog [None req-2b006065-e7d8-4ed7-9613-8a145e03f2b3 - - - - - -] 10.0.0.104 "GET /" status: 200 len: 136 microversion: 1.0
2026-09-16 03:27:41.433 8 INFO placement.requestlog [None req-f454bf7d-91b9-425e-bb1c-266c2e979155 - - - - - -] 10.0.0.104 "GET /" status: 200 len: 136 microversion: 1.0
2026-09-16 03:27:41.433 7 INFO placement.requestlog [None req-fb636d74-9387-4b38-8fc5-67130cb0fc74 - - - - - -] 10.0.0.104 "GET /" status: 200 len: 136 microversion: 1.0
2026-09-16 03:27:51.432 7 INFO placement.requestlog [None req-1cb4b06b-523f-400e-b91b-798793c10ddd - - - - - -] 10.0.0.104 "GET /" status: 200 len: 136 microversion: 1.0
2026-09-16 03:27:51.432 8 INFO placement.requestlog [None req-74cfd293-d15c-4c6e-ba63-8d31915d26bd - - - - - -] 10.0.0.104 "GET /" status: 200 len: 136 microversion: 1.0
2026-09-16 03:27:58.873 7 INFO placement.requestlog [req-f625ae2c-1075-4414-bb6b-45fa0d64e355 req-6f41c95c-4694-45d6-9837-8a8e962a32ec f774166800f24058939e45734298ab5c 240bba33ebb64c89923d4c149303e074 - - 957f16ab71384e3299703eeb82b9b88d 957f16ab71384e3299703eeb82b9b88d] 162.253.55.43 "GET /resource_providers/770e734e-06d2-4626-960e-91bafd96a812/allocations" status: 200 len: 54 microversion: 1.0 [pid: 7|app: 0|req: 301/599] 162.253.55.43 () {32 vars in 856 bytes} [Wed Sep 16 03:27:58 2026] GET /resource_providers/770e734e-06d2-4626-960e-91bafd96a812/allocations => generated 54 bytes in 20 msecs (HTTP/1.1 200) 6 headers in 223 bytes (1 switches on core 0)
2026-09-16 03:27:58.902 8 INFO placement.requestlog [req-f625ae2c-1075-4414-bb6b-45fa0d64e355 req-e72bd249-7fc8-48a6-b7a4-247036adeeff f774166800f24058939e45734298ab5c 240bba33ebb64c89923d4c149303e074 - - 957f16ab71384e3299703eeb82b9b88d 957f16ab71384e3299703eeb82b9b88d] 162.253.55.43 "GET /resource_providers/770e734e-06d2-4626-960e-91bafd96a812/allocations" status: 200 len: 54 microversion: 1.0 [pid: 8|app: 0|req: 299/600] 162.253.55.43 () {32 vars in 856 bytes} [Wed Sep 16 03:27:58 2026] GET /resource_providers/770e734e-06d2-4626-960e-91bafd96a812/allocations => generated 54 bytes in 23 msecs (HTTP/1.1 200) 6 headers in 223 bytes (1 switches on core 0)
2026-09-16 03:28:01.433 7 INFO placement.requestlog [None req-78260531-e36e-45d3-b03a-4714759e4c1a - - - - - -] 10.0.0.104 "GET /" status: 200 len: 136 microversion: 1.0
2026-09-16 03:28:01.434 8 INFO placement.requestlog [None req-34808c94-e46c-4664-a48c-b42368e6970d - - - - - -] 10.0.0.104 "GET /" status: 200 len: 136 microversion: 1.0
2026-09-16 03:28:11.433 7 INFO placement.requestlog [None req-c7336332-c2e5-478c-a33c-d055d87408ad - - - - - -] 10.0.0.104 "GET /" status: 200 len: 136 microversion: 1.0
2026-09-16 03:28:11.434 8 INFO placement.requestlog [None req-7474d508-b35f-4339-8b41-f093b96bcdd5 - - - - - -] 10.0.0.104 "GET /" status: 200 len: 136 microversion: 1.0
2026-09-16 03:28:21.432 7 INFO placement.requestlog [None req-6f7a773b-dd66-4b75-941b-c9a1010d82a2 - - - - - -] 10.0.0.104 "GET /" status: 200 len: 136 microversion: 1.0
2026-09-16 03:28:21.437 8 INFO placement.requestlog [None req-ab89378a-d0c9-4c92-a9df-ac4e76d5ee8b - - - - - -] 10.0.0.104 "GET /" status: 200 len: 136 microversion: 1.0
2026-09-16 03:28:31.432 7 INFO placement.requestlog [None req-291db6da-ca6d-4102-a56b-c82488dd24d6 - - - - - -] 10.0.0.104 "GET /" status: 200 len: 136 microversion: 1.0
2026-09-16 03:28:31.433 8 INFO placement.requestlog [None req-afd3269c-5b2a-474b-927f-4c4ae70032b7 - - - - - -] 10.0.0.104 "GET /" status: 200 len: 136 microversion: 1.0
2026-09-16 03:28:41.433 7 INFO placement.requestlog [None req-042cea37-8abf-49a2-a579-39fb7cdf7113 - - - - - -] 10.0.0.104 "GET /" status: 200 len: 136 microversion: 1.0
2026-09-16 03:28:41.433 8 INFO placement.requestlog [None req-bad96f29-9756-4764-939e-24e99363da7e - - - - - -] 10.0.0.104 "GET /" status: 200 len: 136 microversion: 1.0
2026-09-16 03:28:51.433 8 INFO placement.requestlog [None req-3b181d72-619d-4c63-b318-8765f00522e2 - - - - - -] 10.0.0.104 "GET /" status: 200 len: 136 microversion: 1.0
2026-09-16 03:28:51.433 7 INFO placement.requestlog [None req-cfa330f5-81ec-44a1-a349-4d7a3ccd09ac - - - - - -] 10.0.0.104 "GET /" status: 200 len: 136 microversion: 1.0
2026-09-16 03:28:58.893 7 INFO placement.requestlog [req-d2503f2d-b956-466a-ba91-f25ae3c63dae req-fc4ac90e-ff0c-4109-9874-8831cbd91bf0 f774166800f24058939e45734298ab5c 240bba33ebb64c89923d4c149303e074 - - 957f16ab71384e3299703eeb82b9b88d 957f16ab71384e3299703eeb82b9b88d] 162.253.55.43 "GET /resource_providers/770e734e-06d2-4626-960e-91bafd96a812/allocations" status: 200 len: 54 microversion: 1.0 [pid: 7|app: 0|req: 308/613] 162.253.55.43 () {32 vars in 856 bytes} [Wed Sep 16 03:28:58 2026] GET /resource_providers/770e734e-06d2-4626-960e-91bafd96a812/allocations => generated 54 bytes in 19 msecs (HTTP/1.1 200) 6 headers in 223 bytes (1 switches on core 0)
2026-09-16 03:28:58.916 8 INFO placement.requestlog [req-d2503f2d-b956-466a-ba91-f25ae3c63dae req-d8e327e0-eceb-4415-94d0-d84563f89fc5 f774166800f24058939e45734298ab5c 240bba33ebb64c89923d4c149303e074 - - 957f16ab71384e3299703eeb82b9b88d 957f16ab71384e3299703eeb82b9b88d] 162.253.55.43 "GET /resource_providers/770e734e-06d2-4626-960e-91bafd96a812/allocations" status: 200 len: 54 microversion: 1.0 [pid: 8|app: 0|req: 306/614] 162.253.55.43 () {32 vars in 856 bytes} [Wed Sep 16 03:28:58 2026] GET /resource_providers/770e734e-06d2-4626-960e-91bafd96a812/allocations => generated 54 bytes in 14 msecs (HTTP/1.1 200) 6 headers in 223 bytes (1 switches on core 0)
2026-09-16 03:29:01.433 7 INFO placement.requestlog [None req-0560d8f7-0e9f-4f37-8b6f-fba5d2a7f186 - - - - - -] 10.0.0.104 "GET /" status: 200 len: 136 microversion: 1.0
2026-09-16 03:29:01.433 8 INFO placement.requestlog [None req-74db56b3-da21-41eb-a875-52d66341b050 - - - - - -] 10.0.0.104 "GET /" status: 200 len: 136 microversion: 1.0
2026-09-16 03:29:11.433 8 INFO placement.requestlog [None req-1fc54da7-9741-421d-8eb7-b50ee6f35229 - - - - - -] 10.0.0.104 "GET /" status: 200 len: 136 microversion: 1.0
2026-09-16 03:29:11.433 7 INFO placement.requestlog [None req-16101c20-9a9e-4065-9d03-063bf9b8203d - - - - - -] 10.0.0.104 "GET /" status: 200 len: 136 microversion: 1.0
2026-09-16 03:29:21.433 7 INFO placement.requestlog [None req-70c10487-00cd-4970-aaff-85f6c8680352 - - - - - -] 10.0.0.104 "GET /" status: 200 len: 136 microversion: 1.0
2026-09-16 03:29:21.433 8 INFO placement.requestlog [None req-f549a834-8d48-446b-a140-2db15f269bf3 - - - - - -] 10.0.0.104 "GET /" status: 200 len: 136 microversion: 1.0
2026-09-16 03:29:31.433 8 INFO placement.requestlog [None req-f35a4497-8a8b-4d3f-8634-97c16d78e1c2 - - - - - -] 10.0.0.104 "GET /" status: 200 len: 136 microversion: 1.0
2026-09-16 03:29:31.433 7 INFO placement.requestlog [None req-ef77c261-cdde-41fb-8458-f34efd3f9dce - - - - - -] 10.0.0.104 "GET /" status: 200 len: 136 microversion: 1.0
2026-09-16 03:29:41.433 8 INFO placement.requestlog [None req-b7c11c17-77e5-411a-a814-30e9f1ce1232 - - - - - -] 10.0.0.104 "GET /" status: 200 len: 136 microversion: 1.0
2026-09-16 03:29:41.433 7 INFO placement.requestlog [None req-0908bae4-c319-47b3-8d39-dba75ffbd97e - - - - - -] 10.0.0.104 "GET /" status: 200 len: 136 microversion: 1.0
2026-09-16 03:29:51.433 7 INFO placement.requestlog [None req-87ffda67-e03a-4147-8663-6dbbf5e63c48 - - - - - -] 10.0.0.104 "GET /" status: 200 len: 136 microversion: 1.0
2026-09-16 03:29:51.433 8 INFO placement.requestlog [None req-ba14338b-afbc-431b-9bbe-bf361a8c3fb2 - - - - - -] 10.0.0.104 "GET /" status: 200 len: 136 microversion: 1.0
2026-09-16 03:29:58.787 7 INFO placement.requestlog [req-f8560fcc-b5ac-4b33-b3c3-b89545a87d3e req-03d8cdaa-6381-413c-b700-5dcaaed2da44 f774166800f24058939e45734298ab5c 240bba33ebb64c89923d4c149303e074 - - 957f16ab71384e3299703eeb82b9b88d 957f16ab71384e3299703eeb82b9b88d] 162.253.55.43 "GET /resource_providers/770e734e-06d2-4626-960e-91bafd96a812/allocations" status: 200 len: 54 microversion: 1.0 [pid: 7|app: 0|req: 315/627] 162.253.55.43 () {32 vars in 856 bytes} [Wed Sep 16 03:29:58 2026] GET /resource_providers/770e734e-06d2-4626-960e-91bafd96a812/allocations => generated 54 bytes in 12 msecs (HTTP/1.1 200) 6 headers in 223 bytes (1 switches on core 0)
2026-09-16 03:29:58.807 8 INFO placement.requestlog [req-f8560fcc-b5ac-4b33-b3c3-b89545a87d3e req-d5731e39-b68d-4e41-8ab7-c9a0b142a875 f774166800f24058939e45734298ab5c 240bba33ebb64c89923d4c149303e074 - - 957f16ab71384e3299703eeb82b9b88d 957f16ab71384e3299703eeb82b9b88d] 162.253.55.43 "GET /resource_providers/770e734e-06d2-4626-960e-91bafd96a812/allocations" status: 200 len: 54 microversion: 1.0 [pid: 8|app: 0|req: 313/628] 162.253.55.43 () {32 vars in 856 bytes} [Wed Sep 16 03:29:58 2026] GET /resource_providers/770e734e-06d2-4626-960e-91bafd96a812/allocations => generated 54 bytes in 14 msecs (HTTP/1.1 200) 6 headers in 223 bytes (1 switches on core 0)
2026-09-16 03:30:01.433 7 INFO placement.requestlog [None req-68295208-7ea0-49ff-8d8f-a43270245fe9 - - - - - -] 10.0.0.104 "GET /" status: 200 len: 136 microversion: 1.0
2026-09-16 03:30:01.433 8 INFO placement.requestlog [None req-5af33839-6a0b-4b2c-b6ed-a4b9f4747aad - - - - - -] 10.0.0.104 "GET /" status: 200 len: 136 microversion: 1.0
2026-09-16 03:30:11.435 7 INFO placement.requestlog [None req-dbe32adc-a7e6-405a-b41d-209b715884e3 - - - - - -] 10.0.0.104 "GET /" status: 200 len: 136 microversion: 1.0
2026-09-16 03:30:11.435 8 INFO placement.requestlog [None req-d4d401cf-ef36-4a51-b881-64b865ee97ef - - - - - -] 10.0.0.104 "GET /" status: 200 len: 136 microversion: 1.0
2026-09-16 03:30:21.432 7 INFO placement.requestlog [None req-c7ab4480-5be1-41d6-abb8-a1e071b7de7d - - - - - -] 10.0.0.104 "GET /" status: 200 len: 136 microversion: 1.0
2026-09-16 03:30:21.432 8 INFO placement.requestlog [None req-7861fa7a-0dff-430c-85e5-084fbe12cad7 - - - - - -] 10.0.0.104 "GET /" status: 200 len: 136 microversion: 1.0
2026-09-16 03:30:31.432 8 INFO placement.requestlog [None req-d87c693d-e57d-43f2-a037-9428fd36ecc5 - - - - - -] 10.0.0.104 "GET /" status: 200 len: 136 microversion: 1.0
2026-09-16 03:30:31.432 7 INFO placement.requestlog [None req-846fbac0-91fd-424f-9387-db1e13f05d1b - - - - - -] 10.0.0.104 "GET /" status: 200 len: 136 microversion: 1.0
2026-09-16 03:30:41.433 8 INFO placement.requestlog [None req-cfb0cb20-9040-4222-b0d5-60fc14922ff2 - - - - - -] 10.0.0.104 "GET /" status: 200 len: 136 microversion: 1.0
2026-09-16 03:30:41.433 7 INFO placement.requestlog [None req-3269ef59-7c1e-4570-902e-1f5df9c901cb - - - - - -] 10.0.0.104 "GET /" status: 200 len: 136 microversion: 1.0
2026-09-16 03:30:51.434 7 INFO placement.requestlog [None req-9e131d78-cb6a-4ca0-8fc0-95181d69a0c0 - - - - - -] 10.0.0.104 "GET /" status: 200 len: 136 microversion: 1.0
2026-09-16 03:30:51.434 8 INFO placement.requestlog [None req-cd8a4820-1154-4b32-b892-f5f14ed25bfb - - - - - -] 10.0.0.104 "GET /" status: 200 len: 136 microversion: 1.0
2026-09-16 03:31:00.306 7 INFO placement.requestlog [req-a31c02bd-f37e-44a0-a948-402779485b94 req-968889a2-32d6-48ce-aa41-669879087ba1 f774166800f24058939e45734298ab5c 240bba33ebb64c89923d4c149303e074 - - 957f16ab71384e3299703eeb82b9b88d 957f16ab71384e3299703eeb82b9b88d] 162.253.55.43 "GET /resource_providers/770e734e-06d2-4626-960e-91bafd96a812/allocations" status: 200 len: 54 microversion: 1.0 [pid: 7|app: 0|req: 322/641] 162.253.55.43 () {32 vars in 856 bytes} [Wed Sep 16 03:31:00 2026] GET /resource_providers/770e734e-06d2-4626-960e-91bafd96a812/allocations => generated 54 bytes in 213 msecs (HTTP/1.1 200) 6 headers in 223 bytes (1 switches on core 0)
2026-09-16 03:31:00.346 8 INFO placement.requestlog [req-a31c02bd-f37e-44a0-a948-402779485b94 req-add91386-a46a-4d59-a1cc-0bd517951433 f774166800f24058939e45734298ab5c 240bba33ebb64c89923d4c149303e074 - - 957f16ab71384e3299703eeb82b9b88d 957f16ab71384e3299703eeb82b9b88d] 162.253.55.43 "GET /resource_providers?in_tree=770e734e-06d2-4626-960e-91bafd96a812" status: 200 len: 797 microversion: 1.14 [pid: 8|app: 0|req: 320/642] 162.253.55.43 () {34 vars in 891 bytes} [Wed Sep 16 03:31:00 2026] GET /resource_providers?in_tree=770e734e-06d2-4626-960e-91bafd96a812 => generated 797 bytes in 33 msecs (HTTP/1.1 200) 6 headers in 225 bytes (1 switches on core 0)
2026-09-16 03:31:00.383 7 INFO placement.requestlog [req-a31c02bd-f37e-44a0-a948-402779485b94 req-26f3fe75-05c6-4c36-8b88-3798003f643a f774166800f24058939e45734298ab5c 240bba33ebb64c89923d4c149303e074 - - 957f16ab71384e3299703eeb82b9b88d 957f16ab71384e3299703eeb82b9b88d] 162.253.55.43 "GET /resource_providers/770e734e-06d2-4626-960e-91bafd96a812/inventories" status: 200 len: 400 microversion: 1.0 [pid: 7|app: 0|req: 323/643] 162.253.55.43 () {32 vars in 856 bytes} [Wed Sep 16 03:31:00 2026] GET /resource_providers/770e734e-06d2-4626-960e-91bafd96a812/inventories => generated 400 bytes in 29 msecs (HTTP/1.1 200) 6 headers in 224 bytes (1 switches on core 0)
2026-09-16 03:31:00.408 8 INFO placement.requestlog [req-a31c02bd-f37e-44a0-a948-402779485b94 req-00e5e176-7982-4461-b63c-07b7c0752b72 f774166800f24058939e45734298ab5c 240bba33ebb64c89923d4c149303e074 - - 957f16ab71384e3299703eeb82b9b88d 957f16ab71384e3299703eeb82b9b88d] 162.253.55.43 "GET /resource_providers/770e734e-06d2-4626-960e-91bafd96a812/aggregates" status: 200 len: 53 microversion: 1.19 [pid: 8|app: 0|req: 321/644] 162.253.55.43 () {34 vars in 898 bytes} [Wed Sep 16 03:31:00 2026] GET /resource_providers/770e734e-06d2-4626-960e-91bafd96a812/aggregates => generated 53 bytes in 16 msecs (HTTP/1.1 200) 8 headers in 295 bytes (1 switches on core 0)
2026-09-16 03:31:00.452 7 INFO placement.requestlog [req-a31c02bd-f37e-44a0-a948-402779485b94 req-8c8fb2ca-6233-4d0c-be15-682e1794dac2 f774166800f24058939e45734298ab5c 240bba33ebb64c89923d4c149303e074 - - 957f16ab71384e3299703eeb82b9b88d 957f16ab71384e3299703eeb82b9b88d] 162.253.55.43 "GET /resource_providers/770e734e-06d2-4626-960e-91bafd96a812/traits" status: 200 len: 1682 microversion: 1.6 [pid: 7|app: 0|req: 324/645] 162.253.55.43 () {34 vars in 889 bytes} [Wed Sep 16 03:31:00 2026] GET /resource_providers/770e734e-06d2-4626-960e-91bafd96a812/traits => generated 1682 bytes in 36 msecs (HTTP/1.1 200) 6 headers in 225 bytes (1 switches on core 0)
2026-09-16 03:31:00.475 8 INFO placement.requestlog [req-a31c02bd-f37e-44a0-a948-402779485b94 req-824d7505-8d2f-4083-807f-bb2e97f5da1f f774166800f24058939e45734298ab5c 240bba33ebb64c89923d4c149303e074 - - 957f16ab71384e3299703eeb82b9b88d 957f16ab71384e3299703eeb82b9b88d] 162.253.55.43 "GET /resource_providers/770e734e-06d2-4626-960e-91bafd96a812/allocations" status: 200 len: 54 microversion: 1.0 [pid: 8|app: 0|req: 322/646] 162.253.55.43 () {32 vars in 856 bytes} [Wed Sep 16 03:31:00 2026] GET /resource_providers/770e734e-06d2-4626-960e-91bafd96a812/allocations => generated 54 bytes in 10 msecs (HTTP/1.1 200) 6 headers in 223 bytes (1 switches on core 0)
2026-09-16 03:31:01.432 7 INFO placement.requestlog [None req-04030bc5-bcdb-4a12-9b97-fc4eb3e9f2cb - - - - - -] 10.0.0.104 "GET /" status: 200 len: 136 microversion: 1.0
2026-09-16 03:31:01.435 8 INFO placement.requestlog [None req-d976f95b-a069-4a33-80f9-341f7ac7ea41 - - - - - -] 10.0.0.104 "GET /" status: 200 len: 136 microversion: 1.0
2026-09-16 03:31:06.300 7 INFO placement.requestlog [req-6e4975bb-a80d-4248-8b62-7cf849373c84 req-3e67ffeb-29d0-456c-94e7-c1ca776a703e f774166800f24058939e45734298ab5c 240bba33ebb64c89923d4c149303e074 - - 957f16ab71384e3299703eeb82b9b88d 957f16ab71384e3299703eeb82b9b88d] 10.0.0.130 "GET /allocation_candidates?limit=1000&resources=DISK_GB%3A1%2CMEMORY_MB%3A512%2CVCPU%3A1&root_required=%21COMPUTE_STATUS_DISABLED" status: 200 len: 2147 microversion: 1.36 [pid: 7|app: 0|req: 326/649] 10.0.0.130 () {34 vars in 1012 bytes} [Wed Sep 16 03:31:06 2026] GET /allocation_candidates?limit=1000&resources=DISK_GB%3A1%2CMEMORY_MB%3A512%2CVCPU%3A1&root_required=%21COMPUTE_STATUS_DISABLED => generated 2147 bytes in 198 msecs (HTTP/1.1 200) 8 headers in 297 bytes (1 switches on core 0)
2026-09-16 03:31:06.343 8 INFO placement.requestlog [req-6e4975bb-a80d-4248-8b62-7cf849373c84 req-8046baaf-70e2-4c26-931a-e55013d4b974 f774166800f24058939e45734298ab5c 240bba33ebb64c89923d4c149303e074 - - 957f16ab71384e3299703eeb82b9b88d 957f16ab71384e3299703eeb82b9b88d] 10.0.0.130 "GET /allocations/f8a76f45-6d49-4144-9ca5-60f45675ef64" status: 200 len: 19 microversion: 1.28 [pid: 8|app: 0|req: 324/650] 10.0.0.130 () {34 vars in 861 bytes} [Wed Sep 16 03:31:06 2026] GET /allocations/f8a76f45-6d49-4144-9ca5-60f45675ef64 => generated 19 bytes in 20 msecs (HTTP/1.1 200) 8 headers in 295 bytes (1 switches on core 0)
2026-09-16 03:31:06.471 7 INFO placement.requestlog [req-6e4975bb-a80d-4248-8b62-7cf849373c84 req-09a8b3d2-52d8-4006-b46a-790a1f424698 f774166800f24058939e45734298ab5c 240bba33ebb64c89923d4c149303e074 - - 957f16ab71384e3299703eeb82b9b88d 957f16ab71384e3299703eeb82b9b88d] 10.0.0.130 "PUT /allocations/f8a76f45-6d49-4144-9ca5-60f45675ef64" status: 204 len: 0 microversion: 1.36 [pid: 7|app: 0|req: 327/651] 10.0.0.130 () {38 vars in 914 bytes} [Wed Sep 16 03:31:06 2026] PUT /allocations/f8a76f45-6d49-4144-9ca5-60f45675ef64 => generated 0 bytes in 119 msecs (HTTP/1.1 204) 5 headers in 199 bytes (1 switches on core 0)
2026-09-16 03:31:06.941 8 INFO placement.requestlog [req-6e4975bb-a80d-4248-8b62-7cf849373c84 req-0108e259-a81b-4e71-823e-2025dbab594e f774166800f24058939e45734298ab5c 240bba33ebb64c89923d4c149303e074 - - 957f16ab71384e3299703eeb82b9b88d 957f16ab71384e3299703eeb82b9b88d] 162.253.55.43 "GET /allocations/f8a76f45-6d49-4144-9ca5-60f45675ef64" status: 200 len: 257 microversion: 1.28 [pid: 8|app: 0|req: 325/652] 162.253.55.43 () {34 vars in 862 bytes} [Wed Sep 16 03:31:06 2026] GET /allocations/f8a76f45-6d49-4144-9ca5-60f45675ef64 => generated 257 bytes in 19 msecs (HTTP/1.1 200) 8 headers in 296 bytes (1 switches on core 0)
2026-09-16 03:31:07.117 7 INFO placement.requestlog [req-6e4975bb-a80d-4248-8b62-7cf849373c84 req-c45f7298-3c0d-4d2e-9c95-6f631048069a f774166800f24058939e45734298ab5c 240bba33ebb64c89923d4c149303e074 - - 957f16ab71384e3299703eeb82b9b88d 957f16ab71384e3299703eeb82b9b88d] 162.253.55.43 "GET /resource_providers/770e734e-06d2-4626-960e-91bafd96a812/allocations" status: 200 len: 152 microversion: 1.0 [pid: 7|app: 0|req: 328/653] 162.253.55.43 () {32 vars in 856 bytes} [Wed Sep 16 03:31:07 2026] GET /resource_providers/770e734e-06d2-4626-960e-91bafd96a812/allocations => generated 152 bytes in 23 msecs (HTTP/1.1 200) 6 headers in 224 bytes (1 switches on core 0)
2026-09-16 03:31:07.142 8 INFO placement.requestlog [req-6e4975bb-a80d-4248-8b62-7cf849373c84 req-ab60e51a-5502-445a-b4b8-cbc7b8e62d81 f774166800f24058939e45734298ab5c 240bba33ebb64c89923d4c149303e074 - - 957f16ab71384e3299703eeb82b9b88d 957f16ab71384e3299703eeb82b9b88d] 162.253.55.43 "GET /allocations/f8a76f45-6d49-4144-9ca5-60f45675ef64" status: 200 len: 257 microversion: 1.28 [pid: 8|app: 0|req: 326/654] 162.253.55.43 () {34 vars in 862 bytes} [Wed Sep 16 03:31:07 2026] GET /allocations/f8a76f45-6d49-4144-9ca5-60f45675ef64 => generated 257 bytes in 13 msecs (HTTP/1.1 200) 8 headers in 296 bytes (1 switches on core 0)
2026-09-16 03:31:10.052 7 INFO placement.requestlog [None req-321f56ba-53a9-4239-9fd0-804079f10184 294232ef289f4ac68bd47c161b239fd5 240bba33ebb64c89923d4c149303e074 - - 957f16ab71384e3299703eeb82b9b88d 957f16ab71384e3299703eeb82b9b88d] 10.0.0.56 "GET /resource_providers/642459f8-0094-4b54-800f-8a996ad53d5d/aggregates" status: 404 len: 235 microversion: 1.1 [pid: 7|app: 0|req: 329/655] 10.0.0.56 () {32 vars in 815 bytes} [Wed Sep 16 03:31:09 2026] GET /resource_providers/642459f8-0094-4b54-800f-8a996ad53d5d/aggregates => generated 235 bytes in 118 msecs (HTTP/1.1 404) 5 headers in 202 bytes (1 switches on core 0)
2026-09-16 03:31:10.074 7 INFO placement.requestlog [None req-659d2bec-03da-4321-bb50-c18d996b904c 294232ef289f4ac68bd47c161b239fd5 240bba33ebb64c89923d4c149303e074 - - 957f16ab71384e3299703eeb82b9b88d 957f16ab71384e3299703eeb82b9b88d] 10.0.0.56 "DELETE /resource_providers/642459f8-0094-4b54-800f-8a996ad53d5d" status: 404 len: 246 microversion: 1.1 [pid: 7|app: 0|req: 330/656] 10.0.0.56 () {34 vars in 815 bytes} [Wed Sep 16 03:31:10 2026] DELETE /resource_providers/642459f8-0094-4b54-800f-8a996ad53d5d => generated 246 bytes in 16 msecs (HTTP/1.1 404) 6 headers in 231 bytes (1 switches on core 0)
2026-09-16 03:31:10.122 8 INFO placement.requestlog [None req-2fead3c0-3c75-44ff-89ce-7d9619143a92 294232ef289f4ac68bd47c161b239fd5 240bba33ebb64c89923d4c149303e074 - - 957f16ab71384e3299703eeb82b9b88d 957f16ab71384e3299703eeb82b9b88d] 10.0.0.56 "GET /resource_providers/642459f8-0094-4b54-800f-8a996ad53d5d/aggregates" status: 404 len: 235 microversion: 1.1 [pid: 8|app: 0|req: 327/657] 10.0.0.56 () {32 vars in 815 bytes} [Wed Sep 16 03:31:09 2026] GET /resource_providers/642459f8-0094-4b54-800f-8a996ad53d5d/aggregates => generated 235 bytes in 181 msecs (HTTP/1.1 404) 5 headers in 202 bytes (1 switches on core 0)
2026-09-16 03:31:10.140 8 INFO placement.requestlog [None req-1aa8829e-ef3b-4e6a-8d85-8247965ab006 294232ef289f4ac68bd47c161b239fd5 240bba33ebb64c89923d4c149303e074 - - 957f16ab71384e3299703eeb82b9b88d 957f16ab71384e3299703eeb82b9b88d] 10.0.0.56 "DELETE /resource_providers/642459f8-0094-4b54-800f-8a996ad53d5d" status: 404 len: 246 microversion: 1.1 [pid: 8|app: 0|req: 328/658] 10.0.0.56 () {34 vars in 815 bytes} [Wed Sep 16 03:31:10 2026] DELETE /resource_providers/642459f8-0094-4b54-800f-8a996ad53d5d => generated 246 bytes in 13 msecs (HTTP/1.1 404) 6 headers in 231 bytes (1 switches on core 0)
2026-09-16 03:31:10.149 7 INFO placement.requestlog [None req-37ef8541-027d-442a-8621-41b49ca7e3c3 294232ef289f4ac68bd47c161b239fd5 240bba33ebb64c89923d4c149303e074 - - 957f16ab71384e3299703eeb82b9b88d 957f16ab71384e3299703eeb82b9b88d] 10.0.0.56 "GET /resource_providers/631ddfe2-12df-4e2c-ba76-bea71fbd2467/aggregates" status: 404 len: 235 microversion: 1.1 [pid: 7|app: 0|req: 331/659] 10.0.0.56 () {32 vars in 815 bytes} [Wed Sep 16 03:31:10 2026] GET /resource_providers/631ddfe2-12df-4e2c-ba76-bea71fbd2467/aggregates => generated 235 bytes in 51 msecs (HTTP/1.1 404) 5 headers in 202 bytes (1 switches on core 0)
2026-09-16 03:31:10.169 8 INFO placement.requestlog [None req-fed87614-07fa-4702-8061-3186c9a86ae8 294232ef289f4ac68bd47c161b239fd5 240bba33ebb64c89923d4c149303e074 - - 957f16ab71384e3299703eeb82b9b88d 957f16ab71384e3299703eeb82b9b88d] 10.0.0.56 "DELETE /resource_providers/631ddfe2-12df-4e2c-ba76-bea71fbd2467" status: 404 len: 246 microversion: 1.1 [pid: 8|app: 0|req: 329/660] 10.0.0.56 () {34 vars in 815 bytes} [Wed Sep 16 03:31:10 2026] DELETE /resource_providers/631ddfe2-12df-4e2c-ba76-bea71fbd2467 => generated 246 bytes in 9 msecs (HTTP/1.1 404) 6 headers in 231 bytes (1 switches on core 0)
2026-09-16 03:31:10.547 7 INFO placement.requestlog [None req-8be870e3-227e-4f8b-8fad-5d7865c77ab9 294232ef289f4ac68bd47c161b239fd5 240bba33ebb64c89923d4c149303e074 - - 957f16ab71384e3299703eeb82b9b88d 957f16ab71384e3299703eeb82b9b88d] 10.0.0.56 "GET /resource_providers/631ddfe2-12df-4e2c-ba76-bea71fbd2467/aggregates" status: 404 len: 235 microversion: 1.1 [pid: 7|app: 0|req: 332/661] 10.0.0.56 () {32 vars in 815 bytes} [Wed Sep 16 03:31:10 2026] GET /resource_providers/631ddfe2-12df-4e2c-ba76-bea71fbd2467/aggregates => generated 235 bytes in 253 msecs (HTTP/1.1 404) 5 headers in 202 bytes (1 switches on core 0)
2026-09-16 03:31:10.576 8 INFO placement.requestlog [None req-ff1dd012-6c46-4850-becc-b2d49efefa77 294232ef289f4ac68bd47c161b239fd5 240bba33ebb64c89923d4c149303e074 - - 957f16ab71384e3299703eeb82b9b88d 957f16ab71384e3299703eeb82b9b88d] 10.0.0.56 "DELETE /resource_providers/631ddfe2-12df-4e2c-ba76-bea71fbd2467" status: 404 len: 246 microversion: 1.1 [pid: 8|app: 0|req: 330/662] 10.0.0.56 () {34 vars in 815 bytes} [Wed Sep 16 03:31:10 2026] DELETE /resource_providers/631ddfe2-12df-4e2c-ba76-bea71fbd2467 => generated 246 bytes in 13 msecs (HTTP/1.1 404) 6 headers in 231 bytes (1 switches on core 0)
2026-09-16 03:31:11.433 8 INFO placement.requestlog [None req-7f623bd0-a332-46e5-b5fa-1819542926a1 - - - - - -] 10.0.0.104 "GET /" status: 200 len: 136 microversion: 1.0
2026-09-16 03:31:11.433 7 INFO placement.requestlog [None req-68950be7-0aef-4bc0-89fe-c9afb610dc1c - - - - - -] 10.0.0.104 "GET /" status: 200 len: 136 microversion: 1.0
2026-09-16 03:31:12.190 8 INFO placement.requestlog [None req-18f46a15-3b84-4a17-ae69-b355ee6fce39 294232ef289f4ac68bd47c161b239fd5 240bba33ebb64c89923d4c149303e074 - - 957f16ab71384e3299703eeb82b9b88d 957f16ab71384e3299703eeb82b9b88d] 10.0.0.56 "GET /resource_providers/3a9297f7-0f1e-4f35-8db0-bb4cc04733f4/aggregates" status: 404 len: 235 microversion: 1.1 [pid: 8|app: 0|req: 332/665] 10.0.0.56 () {32 vars in 815 bytes} [Wed Sep 16 03:31:12 2026] GET /resource_providers/3a9297f7-0f1e-4f35-8db0-bb4cc04733f4/aggregates => generated 235 bytes in 14 msecs (HTTP/1.1 404) 5 headers in 202 bytes (1 switches on core 0)
2026-09-16 03:31:12.209 7 INFO placement.requestlog [None req-60ab0a94-0fed-4e6d-a210-94c4e6042946 294232ef289f4ac68bd47c161b239fd5 240bba33ebb64c89923d4c149303e074 - - 957f16ab71384e3299703eeb82b9b88d 957f16ab71384e3299703eeb82b9b88d] 10.0.0.56 "DELETE /resource_providers/3a9297f7-0f1e-4f35-8db0-bb4cc04733f4" status: 404 len: 246 microversion: 1.1 [pid: 7|app: 0|req: 334/666] 10.0.0.56 () {34 vars in 815 bytes} [Wed Sep 16 03:31:12 2026] DELETE /resource_providers/3a9297f7-0f1e-4f35-8db0-bb4cc04733f4 => generated 246 bytes in 11 msecs (HTTP/1.1 404) 6 headers in 231 bytes (1 switches on core 0)
2026-09-16 03:31:12.274 8 INFO placement.requestlog [None req-8944875e-a88c-4727-876e-74d31bcae5d8 294232ef289f4ac68bd47c161b239fd5 240bba33ebb64c89923d4c149303e074 - - 957f16ab71384e3299703eeb82b9b88d 957f16ab71384e3299703eeb82b9b88d] 10.0.0.56 "GET /resource_providers/75a95e7b-dfdc-4527-9a5c-fd811a8ad141/aggregates" status: 404 len: 235 microversion: 1.1 [pid: 8|app: 0|req: 333/667] 10.0.0.56 () {32 vars in 815 bytes} [Wed Sep 16 03:31:12 2026] GET /resource_providers/75a95e7b-dfdc-4527-9a5c-fd811a8ad141/aggregates => generated 235 bytes in 13 msecs (HTTP/1.1 404) 5 headers in 202 bytes (1 switches on core 0)
2026-09-16 03:31:12.275 7 INFO placement.requestlog [None req-18f3408c-b624-4fe9-bd28-665eb9ee26bc 294232ef289f4ac68bd47c161b239fd5 240bba33ebb64c89923d4c149303e074 - - 957f16ab71384e3299703eeb82b9b88d 957f16ab71384e3299703eeb82b9b88d] 10.0.0.56 "GET /resource_providers/75a95e7b-dfdc-4527-9a5c-fd811a8ad141/aggregates" status: 404 len: 235 microversion: 1.1 [pid: 7|app: 0|req: 335/668] 10.0.0.56 () {32 vars in 815 bytes} [Wed Sep 16 03:31:12 2026] GET /resource_providers/75a95e7b-dfdc-4527-9a5c-fd811a8ad141/aggregates => generated 235 bytes in 15 msecs (HTTP/1.1 404) 5 headers in 202 bytes (1 switches on core 0)
2026-09-16 03:31:12.306 8 INFO placement.requestlog [None req-a1da79bb-f1dd-4ec0-aaa5-2d3d67798827 294232ef289f4ac68bd47c161b239fd5 240bba33ebb64c89923d4c149303e074 - - 957f16ab71384e3299703eeb82b9b88d 957f16ab71384e3299703eeb82b9b88d] 10.0.0.56 "DELETE /resource_providers/75a95e7b-dfdc-4527-9a5c-fd811a8ad141" status: 404 len: 246 microversion: 1.1 [pid: 8|app: 0|req: 334/669] 10.0.0.56 () {34 vars in 815 bytes} [Wed Sep 16 03:31:12 2026] DELETE /resource_providers/75a95e7b-dfdc-4527-9a5c-fd811a8ad141 => generated 246 bytes in 12 msecs (HTTP/1.1 404) 6 headers in 231 bytes (1 switches on core 0)
2026-09-16 03:31:12.310 7 INFO placement.requestlog [None req-fb134025-05fc-4f2c-b2cf-e1064c19121d 294232ef289f4ac68bd47c161b239fd5 240bba33ebb64c89923d4c149303e074 - - 957f16ab71384e3299703eeb82b9b88d 957f16ab71384e3299703eeb82b9b88d] 10.0.0.56 "DELETE /resource_providers/75a95e7b-dfdc-4527-9a5c-fd811a8ad141" status: 404 len: 246 microversion: 1.1 [pid: 7|app: 0|req: 336/670] 10.0.0.56 () {34 vars in 815 bytes} [Wed Sep 16 03:31:12 2026] DELETE /resource_providers/75a95e7b-dfdc-4527-9a5c-fd811a8ad141 => generated 246 bytes in 14 msecs (HTTP/1.1 404) 6 headers in 231 bytes (1 switches on core 0)
2026-09-16 03:31:12.608 8 INFO placement.requestlog [None req-3988e06b-a34e-4f1a-b8ea-d3d5983ebb07 294232ef289f4ac68bd47c161b239fd5 240bba33ebb64c89923d4c149303e074 - - 957f16ab71384e3299703eeb82b9b88d 957f16ab71384e3299703eeb82b9b88d] 10.0.0.56 "GET /resource_providers/3a9297f7-0f1e-4f35-8db0-bb4cc04733f4/aggregates" status: 404 len: 235 microversion: 1.1 [pid: 8|app: 0|req: 335/671] 10.0.0.56 () {32 vars in 815 bytes} [Wed Sep 16 03:31:12 2026] GET /resource_providers/3a9297f7-0f1e-4f35-8db0-bb4cc04733f4/aggregates => generated 235 bytes in 8 msecs (HTTP/1.1 404) 5 headers in 202 bytes (1 switches on core 0)
2026-09-16 03:31:12.628 7 INFO placement.requestlog [None req-bd233a2f-c1e7-4b24-a68d-b4e82bf06ba5 294232ef289f4ac68bd47c161b239fd5 240bba33ebb64c89923d4c149303e074 - - 957f16ab71384e3299703eeb82b9b88d 957f16ab71384e3299703eeb82b9b88d] 10.0.0.56 "DELETE /resource_providers/3a9297f7-0f1e-4f35-8db0-bb4cc04733f4" status: 404 len: 246 microversion: 1.1 [pid: 7|app: 0|req: 337/672] 10.0.0.56 () {34 vars in 815 bytes} [Wed Sep 16 03:31:12 2026] DELETE /resource_providers/3a9297f7-0f1e-4f35-8db0-bb4cc04733f4 => generated 246 bytes in 16 msecs (HTTP/1.1 404) 6 headers in 231 bytes (1 switches on core 0)
2026-09-16 03:31:21.433 8 INFO placement.requestlog [None req-913d6294-295c-44f8-b39b-85bf4ada23bc - - - - - -] 10.0.0.104 "GET /" status: 200 len: 136 microversion: 1.0
2026-09-16 03:31:21.434 7 INFO placement.requestlog [None req-573080a7-636e-4807-bdda-b822c6e26759 - - - - - -] 10.0.0.104 "GET /" status: 200 len: 136 microversion: 1.0
2026-09-16 03:31:21.884 8 INFO placement.requestlog [req-c304fbb7-e36b-4e97-9c0f-46c215536755 req-30a0ea28-a6c3-4859-b8b2-a3d7a8cde7a5 f774166800f24058939e45734298ab5c 240bba33ebb64c89923d4c149303e074 - - 957f16ab71384e3299703eeb82b9b88d 957f16ab71384e3299703eeb82b9b88d] 10.0.0.130 "GET /allocation_candidates?limit=1000&resources=DISK_GB%3A1%2CMEMORY_MB%3A512%2CVCPU%3A1&root_required=%21COMPUTE_STATUS_DISABLED" status: 200 len: 2149 microversion: 1.36 [pid: 8|app: 0|req: 337/675] 10.0.0.130 () {34 vars in 1012 bytes} [Wed Sep 16 03:31:21 2026] GET /allocation_candidates?limit=1000&resources=DISK_GB%3A1%2CMEMORY_MB%3A512%2CVCPU%3A1&root_required=%21COMPUTE_STATUS_DISABLED => generated 2149 bytes in 60 msecs (HTTP/1.1 200) 8 headers in 297 bytes (1 switches on core 0)
2026-09-16 03:31:21.953 7 INFO placement.requestlog [req-c304fbb7-e36b-4e97-9c0f-46c215536755 req-94590723-c3c7-44b9-bedb-1f5c9ce68cad f774166800f24058939e45734298ab5c 240bba33ebb64c89923d4c149303e074 - - 957f16ab71384e3299703eeb82b9b88d 957f16ab71384e3299703eeb82b9b88d] 10.0.0.130 "GET /allocations/9cbaca93-1db4-42f7-ada3-776d739d9443" status: 200 len: 19 microversion: 1.28 [pid: 7|app: 0|req: 339/676] 10.0.0.130 () {34 vars in 861 bytes} [Wed Sep 16 03:31:21 2026] GET /allocations/9cbaca93-1db4-42f7-ada3-776d739d9443 => generated 19 bytes in 27 msecs (HTTP/1.1 200) 8 headers in 295 bytes (1 switches on core 0)
2026-09-16 03:31:22.063 8 INFO placement.requestlog [req-c304fbb7-e36b-4e97-9c0f-46c215536755 req-bfb71e60-c5f2-4d08-84a3-dc9092507a2b f774166800f24058939e45734298ab5c 240bba33ebb64c89923d4c149303e074 - - 957f16ab71384e3299703eeb82b9b88d 957f16ab71384e3299703eeb82b9b88d] 10.0.0.130 "PUT /allocations/9cbaca93-1db4-42f7-ada3-776d739d9443" status: 204 len: 0 microversion: 1.36 [pid: 8|app: 0|req: 338/677] 10.0.0.130 () {38 vars in 914 bytes} [Wed Sep 16 03:31:21 2026] PUT /allocations/9cbaca93-1db4-42f7-ada3-776d739d9443 => generated 0 bytes in 104 msecs (HTTP/1.1 204) 5 headers in 199 bytes (1 switches on core 0)
2026-09-16 03:31:22.565 7 INFO placement.requestlog [req-acfd1515-7868-4de2-8d55-e4ff6dcb36d2 req-d0bcc800-9554-4ccc-8445-90f4bca75832 f774166800f24058939e45734298ab5c 240bba33ebb64c89923d4c149303e074 - - 957f16ab71384e3299703eeb82b9b88d 957f16ab71384e3299703eeb82b9b88d] 162.253.55.43 "GET /resource_providers/770e734e-06d2-4626-960e-91bafd96a812/allocations" status: 200 len: 252 microversion: 1.0 [pid: 7|app: 0|req: 340/678] 162.253.55.43 () {32 vars in 856 bytes} [Wed Sep 16 03:31:22 2026] GET /resource_providers/770e734e-06d2-4626-960e-91bafd96a812/allocations => generated 252 bytes in 21 msecs (HTTP/1.1 200) 6 headers in 224 bytes (1 switches on core 0)
2026-09-16 03:31:22.612 8 INFO placement.requestlog [req-acfd1515-7868-4de2-8d55-e4ff6dcb36d2 req-c0536793-9410-4638-9e9e-801013db08af f774166800f24058939e45734298ab5c 240bba33ebb64c89923d4c149303e074 - - 957f16ab71384e3299703eeb82b9b88d 957f16ab71384e3299703eeb82b9b88d] 162.253.55.43 "GET /allocations/9cbaca93-1db4-42f7-ada3-776d739d9443" status: 200 len: 257 microversion: 1.28 [pid: 8|app: 0|req: 339/679] 162.253.55.43 () {34 vars in 862 bytes} [Wed Sep 16 03:31:22 2026] GET /allocations/9cbaca93-1db4-42f7-ada3-776d739d9443 => generated 257 bytes in 37 msecs (HTTP/1.1 200) 8 headers in 296 bytes (1 switches on core 0)
2026-09-16 03:31:22.647 7 INFO placement.requestlog [req-acfd1515-7868-4de2-8d55-e4ff6dcb36d2 req-2c787005-cd89-4c3f-a20e-aba7c7d02762 f774166800f24058939e45734298ab5c 240bba33ebb64c89923d4c149303e074 - - 957f16ab71384e3299703eeb82b9b88d 957f16ab71384e3299703eeb82b9b88d] 162.253.55.43 "GET /allocations/f8a76f45-6d49-4144-9ca5-60f45675ef64" status: 200 len: 257 microversion: 1.28 [pid: 7|app: 0|req: 341/680] 162.253.55.43 () {34 vars in 862 bytes} [Wed Sep 16 03:31:22 2026] GET /allocations/f8a76f45-6d49-4144-9ca5-60f45675ef64 => generated 257 bytes in 24 msecs (HTTP/1.1 200) 8 headers in 296 bytes (1 switches on core 0)
2026-09-16 03:31:22.667 8 INFO placement.requestlog [req-c304fbb7-e36b-4e97-9c0f-46c215536755 req-17a3abe9-ba4b-45ef-acce-dd8073e1decb f774166800f24058939e45734298ab5c 240bba33ebb64c89923d4c149303e074 - - 957f16ab71384e3299703eeb82b9b88d 957f16ab71384e3299703eeb82b9b88d] 162.253.55.43 "GET /allocations/9cbaca93-1db4-42f7-ada3-776d739d9443" status: 200 len: 257 microversion: 1.28 [pid: 8|app: 0|req: 340/681] 162.253.55.43 () {34 vars in 862 bytes} [Wed Sep 16 03:31:22 2026] GET /allocations/9cbaca93-1db4-42f7-ada3-776d739d9443 => generated 257 bytes in 21 msecs (HTTP/1.1 200) 8 headers in 296 bytes (1 switches on core 0)
2026-09-16 03:31:22.776 7 INFO placement.requestlog [req-acfd1515-7868-4de2-8d55-e4ff6dcb36d2 req-44ce2ded-2fdc-41dc-afdc-2294aec690b1 f774166800f24058939e45734298ab5c 240bba33ebb64c89923d4c149303e074 - - 957f16ab71384e3299703eeb82b9b88d 957f16ab71384e3299703eeb82b9b88d] 162.253.55.43 "DELETE /allocations/f8a76f45-6d49-4144-9ca5-60f45675ef64" status: 204 len: 0 microversion: 1.0 [pid: 7|app: 0|req: 342/682] 162.253.55.43 () {34 vars in 840 bytes} [Wed Sep 16 03:31:22 2026] DELETE /allocations/f8a76f45-6d49-4144-9ca5-60f45675ef64 => generated 0 bytes in 41 msecs (HTTP/1.1 204) 5 headers in 198 bytes (1 switches on core 0)
2026-09-16 03:31:22.880 8 INFO placement.requestlog [req-c304fbb7-e36b-4e97-9c0f-46c215536755 req-c49bccd5-08a3-451a-bab9-bbb8a9b06926 f774166800f24058939e45734298ab5c 240bba33ebb64c89923d4c149303e074 - - 957f16ab71384e3299703eeb82b9b88d 957f16ab71384e3299703eeb82b9b88d] 162.253.55.43 "GET /resource_providers/770e734e-06d2-4626-960e-91bafd96a812/allocations" status: 200 len: 152 microversion: 1.0 [pid: 8|app: 0|req: 341/683] 162.253.55.43 () {32 vars in 856 bytes} [Wed Sep 16 03:31:22 2026] GET /resource_providers/770e734e-06d2-4626-960e-91bafd96a812/allocations => generated 152 bytes in 36 msecs (HTTP/1.1 200) 6 headers in 224 bytes (1 switches on core 0)
2026-09-16 03:31:22.909 7 INFO placement.requestlog [req-c304fbb7-e36b-4e97-9c0f-46c215536755 req-489c2617-15d6-4c1c-885e-aa88ddc1f89b f774166800f24058939e45734298ab5c 240bba33ebb64c89923d4c149303e074 - - 957f16ab71384e3299703eeb82b9b88d 957f16ab71384e3299703eeb82b9b88d] 162.253.55.43 "GET /allocations/9cbaca93-1db4-42f7-ada3-776d739d9443" status: 200 len: 257 microversion: 1.28 [pid: 7|app: 0|req: 343/684] 162.253.55.43 () {34 vars in 862 bytes} [Wed Sep 16 03:31:22 2026] GET /allocations/9cbaca93-1db4-42f7-ada3-776d739d9443 => generated 257 bytes in 11 msecs (HTTP/1.1 200) 8 headers in 296 bytes (1 switches on core 0)
2026-09-16 03:31:23.280 8 INFO placement.requestlog [req-c345bfbb-ae8e-4a7a-82f4-047c5950ab7d req-4037afe8-df57-4dab-a2de-893f9bdb22d4 f774166800f24058939e45734298ab5c 240bba33ebb64c89923d4c149303e074 - - 957f16ab71384e3299703eeb82b9b88d 957f16ab71384e3299703eeb82b9b88d] 10.0.0.130 "GET /allocation_candidates?limit=1000&resources=DISK_GB%3A1%2CMEMORY_MB%3A512%2CVCPU%3A1&root_required=%21COMPUTE_STATUS_DISABLED" status: 200 len: 2149 microversion: 1.36 [pid: 8|app: 0|req: 342/685] 10.0.0.130 () {34 vars in 1012 bytes} [Wed Sep 16 03:31:23 2026] GET /allocation_candidates?limit=1000&resources=DISK_GB%3A1%2CMEMORY_MB%3A512%2CVCPU%3A1&root_required=%21COMPUTE_STATUS_DISABLED => generated 2149 bytes in 62 msecs (HTTP/1.1 200) 8 headers in 297 bytes (1 switches on core 0)
2026-09-16 03:31:23.316 7 INFO placement.requestlog [req-c345bfbb-ae8e-4a7a-82f4-047c5950ab7d req-45cf6484-0627-4593-8f47-0f5ac1234f78 f774166800f24058939e45734298ab5c 240bba33ebb64c89923d4c149303e074 - - 957f16ab71384e3299703eeb82b9b88d 957f16ab71384e3299703eeb82b9b88d] 10.0.0.130 "GET /allocations/cd927c8f-dc3d-4690-9f51-3a8f4ffa0e63" status: 200 len: 19 microversion: 1.28 [pid: 7|app: 0|req: 344/686] 10.0.0.130 () {34 vars in 861 bytes} [Wed Sep 16 03:31:23 2026] GET /allocations/cd927c8f-dc3d-4690-9f51-3a8f4ffa0e63 => generated 19 bytes in 10 msecs (HTTP/1.1 200) 8 headers in 295 bytes (1 switches on core 0)
2026-09-16 03:31:23.411 8 INFO placement.requestlog [req-c345bfbb-ae8e-4a7a-82f4-047c5950ab7d req-1cf49a3a-78ac-4bf3-99a3-d2c306dbabd5 f774166800f24058939e45734298ab5c 240bba33ebb64c89923d4c149303e074 - - 957f16ab71384e3299703eeb82b9b88d 957f16ab71384e3299703eeb82b9b88d] 10.0.0.130 "PUT /allocations/cd927c8f-dc3d-4690-9f51-3a8f4ffa0e63" status: 204 len: 0 microversion: 1.36 [pid: 8|app: 0|req: 343/687] 10.0.0.130 () {38 vars in 914 bytes} [Wed Sep 16 03:31:23 2026] PUT /allocations/cd927c8f-dc3d-4690-9f51-3a8f4ffa0e63 => generated 0 bytes in 78 msecs (HTTP/1.1 204) 5 headers in 199 bytes (1 switches on core 0)
2026-09-16 03:31:23.677 7 INFO placement.requestlog [req-c345bfbb-ae8e-4a7a-82f4-047c5950ab7d req-e73ad6d9-9469-4ae4-b443-616ab51ed708 f774166800f24058939e45734298ab5c 240bba33ebb64c89923d4c149303e074 - - 957f16ab71384e3299703eeb82b9b88d 957f16ab71384e3299703eeb82b9b88d] 162.253.55.43 "GET /allocations/cd927c8f-dc3d-4690-9f51-3a8f4ffa0e63" status: 200 len: 257 microversion: 1.28 [pid: 7|app: 0|req: 345/688] 162.253.55.43 () {34 vars in 862 bytes} [Wed Sep 16 03:31:23 2026] GET /allocations/cd927c8f-dc3d-4690-9f51-3a8f4ffa0e63 => generated 257 bytes in 38 msecs (HTTP/1.1 200) 8 headers in 296 bytes (1 switches on core 0)
2026-09-16 03:31:23.809 8 INFO placement.requestlog [req-c345bfbb-ae8e-4a7a-82f4-047c5950ab7d req-620ac5fd-1eb8-4422-ba07-720ba42cc195 f774166800f24058939e45734298ab5c 240bba33ebb64c89923d4c149303e074 - - 957f16ab71384e3299703eeb82b9b88d 957f16ab71384e3299703eeb82b9b88d] 162.253.55.43 "GET /resource_providers/770e734e-06d2-4626-960e-91bafd96a812/allocations" status: 200 len: 252 microversion: 1.0 [pid: 8|app: 0|req: 344/689] 162.253.55.43 () {32 vars in 856 bytes} [Wed Sep 16 03:31:23 2026] GET /resource_providers/770e734e-06d2-4626-960e-91bafd96a812/allocations => generated 252 bytes in 18 msecs (HTTP/1.1 200) 6 headers in 224 bytes (1 switches on core 0)
2026-09-16 03:31:23.848 7 INFO placement.requestlog [req-c345bfbb-ae8e-4a7a-82f4-047c5950ab7d req-ffe53671-406c-48f3-b707-e59563fec506 f774166800f24058939e45734298ab5c 240bba33ebb64c89923d4c149303e074 - - 957f16ab71384e3299703eeb82b9b88d 957f16ab71384e3299703eeb82b9b88d] 162.253.55.43 "GET /allocations/cd927c8f-dc3d-4690-9f51-3a8f4ffa0e63" status: 200 len: 257 microversion: 1.28 [pid: 7|app: 0|req: 346/690] 162.253.55.43 () {34 vars in 862 bytes} [Wed Sep 16 03:31:23 2026] GET /allocations/cd927c8f-dc3d-4690-9f51-3a8f4ffa0e63 => generated 257 bytes in 33 msecs (HTTP/1.1 200) 8 headers in 296 bytes (1 switches on core 0)
2026-09-16 03:31:23.874 8 INFO placement.requestlog [req-c345bfbb-ae8e-4a7a-82f4-047c5950ab7d req-21652fc1-40d2-4bda-b7c9-7fc209820ffd f774166800f24058939e45734298ab5c 240bba33ebb64c89923d4c149303e074 - - 957f16ab71384e3299703eeb82b9b88d 957f16ab71384e3299703eeb82b9b88d] 162.253.55.43 "GET /allocations/9cbaca93-1db4-42f7-ada3-776d739d9443" status: 200 len: 257 microversion: 1.28 [pid: 8|app: 0|req: 345/691] 162.253.55.43 () {34 vars in 862 bytes} [Wed Sep 16 03:31:23 2026] GET /allocations/9cbaca93-1db4-42f7-ada3-776d739d9443 => generated 257 bytes in 20 msecs (HTTP/1.1 200) 8 headers in 296 bytes (1 switches on core 0)
2026-09-16 03:31:26.354 7 INFO placement.requestlog [None req-313423be-ca8b-43e9-b0c6-29afad03a54f 294232ef289f4ac68bd47c161b239fd5 240bba33ebb64c89923d4c149303e074 - - 957f16ab71384e3299703eeb82b9b88d 957f16ab71384e3299703eeb82b9b88d] 10.0.0.56 "GET /resource_providers/416a8047-7c65-4a85-b996-6583069fa90d/aggregates" status: 404 len: 235 microversion: 1.1 [pid: 7|app: 0|req: 347/692] 10.0.0.56 () {32 vars in 815 bytes} [Wed Sep 16 03:31:26 2026] GET /resource_providers/416a8047-7c65-4a85-b996-6583069fa90d/aggregates => generated 235 bytes in 13 msecs (HTTP/1.1 404) 5 headers in 202 bytes (1 switches on core 0)
2026-09-16 03:31:26.359 8 INFO placement.requestlog [None req-e23fe5e6-38b2-4abe-8932-fd993792f106 294232ef289f4ac68bd47c161b239fd5 240bba33ebb64c89923d4c149303e074 - - 957f16ab71384e3299703eeb82b9b88d 957f16ab71384e3299703eeb82b9b88d] 10.0.0.56 "GET /resource_providers/416a8047-7c65-4a85-b996-6583069fa90d/aggregates" status: 404 len: 235 microversion: 1.1 [pid: 8|app: 0|req: 346/693] 10.0.0.56 () {32 vars in 815 bytes} [Wed Sep 16 03:31:26 2026] GET /resource_providers/416a8047-7c65-4a85-b996-6583069fa90d/aggregates => generated 235 bytes in 17 msecs (HTTP/1.1 404) 5 headers in 202 bytes (1 switches on core 0)
2026-09-16 03:31:26.380 7 INFO placement.requestlog [None req-853402e2-1bc5-488b-bb4d-878d32c9c7c8 294232ef289f4ac68bd47c161b239fd5 240bba33ebb64c89923d4c149303e074 - - 957f16ab71384e3299703eeb82b9b88d 957f16ab71384e3299703eeb82b9b88d] 10.0.0.56 "DELETE /resource_providers/416a8047-7c65-4a85-b996-6583069fa90d" status: 404 len: 246 microversion: 1.1 [pid: 7|app: 0|req: 348/694] 10.0.0.56 () {34 vars in 815 bytes} [Wed Sep 16 03:31:26 2026] DELETE /resource_providers/416a8047-7c65-4a85-b996-6583069fa90d => generated 246 bytes in 11 msecs (HTTP/1.1 404) 6 headers in 231 bytes (1 switches on core 0)
2026-09-16 03:31:26.381 8 INFO placement.requestlog [None req-d9bf2550-577f-4b65-b922-1c89abcf5181 294232ef289f4ac68bd47c161b239fd5 240bba33ebb64c89923d4c149303e074 - - 957f16ab71384e3299703eeb82b9b88d 957f16ab71384e3299703eeb82b9b88d] 10.0.0.56 "DELETE /resource_providers/416a8047-7c65-4a85-b996-6583069fa90d" status: 404 len: 246 microversion: 1.1 [pid: 8|app: 0|req: 347/695] 10.0.0.56 () {34 vars in 815 bytes} [Wed Sep 16 03:31:26 2026] DELETE /resource_providers/416a8047-7c65-4a85-b996-6583069fa90d => generated 246 bytes in 12 msecs (HTTP/1.1 404) 6 headers in 231 bytes (1 switches on core 0)
2026-09-16 03:31:27.032 7 INFO placement.requestlog [None req-acafbf14-caf0-4a0a-b1bd-7c460edbe374 294232ef289f4ac68bd47c161b239fd5 240bba33ebb64c89923d4c149303e074 - - 957f16ab71384e3299703eeb82b9b88d 957f16ab71384e3299703eeb82b9b88d] 10.0.0.56 "GET /resource_providers/cba33eab-a6f6-426e-8bc4-9daa458667e5/aggregates" status: 404 len: 235 microversion: 1.1 [pid: 7|app: 0|req: 349/696] 10.0.0.56 () {32 vars in 815 bytes} [Wed Sep 16 03:31:27 2026] GET /resource_providers/cba33eab-a6f6-426e-8bc4-9daa458667e5/aggregates => generated 235 bytes in 11 msecs (HTTP/1.1 404) 5 headers in 202 bytes (1 switches on core 0)
2026-09-16 03:31:27.047 8 INFO placement.requestlog [None req-b5247b9a-3efd-4306-b358-85592b2afb02 294232ef289f4ac68bd47c161b239fd5 240bba33ebb64c89923d4c149303e074 - - 957f16ab71384e3299703eeb82b9b88d 957f16ab71384e3299703eeb82b9b88d] 10.0.0.56 "GET /resource_providers/cba33eab-a6f6-426e-8bc4-9daa458667e5/aggregates" status: 404 len: 235 microversion: 1.1 [pid: 8|app: 0|req: 348/697] 10.0.0.56 () {32 vars in 815 bytes} [Wed Sep 16 03:31:27 2026] GET /resource_providers/cba33eab-a6f6-426e-8bc4-9daa458667e5/aggregates => generated 235 bytes in 26 msecs (HTTP/1.1 404) 5 headers in 202 bytes (1 switches on core 0)
2026-09-16 03:31:27.057 7 INFO placement.requestlog [None req-29b82904-460a-419c-9728-2d4a33c905b5 294232ef289f4ac68bd47c161b239fd5 240bba33ebb64c89923d4c149303e074 - - 957f16ab71384e3299703eeb82b9b88d 957f16ab71384e3299703eeb82b9b88d] 10.0.0.56 "DELETE /resource_providers/cba33eab-a6f6-426e-8bc4-9daa458667e5" status: 404 len: 246 microversion: 1.1 [pid: 7|app: 0|req: 350/698] 10.0.0.56 () {34 vars in 815 bytes} [Wed Sep 16 03:31:27 2026] DELETE /resource_providers/cba33eab-a6f6-426e-8bc4-9daa458667e5 => generated 246 bytes in 14 msecs (HTTP/1.1 404) 6 headers in 231 bytes (1 switches on core 0)
2026-09-16 03:31:27.068 8 INFO placement.requestlog [None req-084c496f-3f8c-4050-a1b3-591b6e9111df 294232ef289f4ac68bd47c161b239fd5 240bba33ebb64c89923d4c149303e074 - - 957f16ab71384e3299703eeb82b9b88d 957f16ab71384e3299703eeb82b9b88d] 10.0.0.56 "DELETE /resource_providers/cba33eab-a6f6-426e-8bc4-9daa458667e5" status: 404 len: 246 microversion: 1.1 [pid: 8|app: 0|req: 349/699] 10.0.0.56 () {34 vars in 815 bytes} [Wed Sep 16 03:31:27 2026] DELETE /resource_providers/cba33eab-a6f6-426e-8bc4-9daa458667e5 => generated 246 bytes in 14 msecs (HTTP/1.1 404) 6 headers in 231 bytes (1 switches on core 0)
2026-09-16 03:31:31.432 8 INFO placement.requestlog [None req-7c7b17f5-31bf-41e5-a676-0bc5ed9ff8c0 - - - - - -] 10.0.0.104 "GET /" status: 200 len: 136 microversion: 1.0
2026-09-16 03:31:31.432 7 INFO placement.requestlog [None req-fe565ed3-d0e9-49db-a224-76f14457ceec - - - - - -] 10.0.0.104 "GET /" status: 200 len: 136 microversion: 1.0
2026-09-16 03:31:34.871 8 INFO placement.requestlog [req-e1c4281f-4bdf-49ae-b25c-a7677090ca93 req-131a5a67-406c-4123-90c6-513da08b4d62 f774166800f24058939e45734298ab5c 240bba33ebb64c89923d4c149303e074 - - 957f16ab71384e3299703eeb82b9b88d 957f16ab71384e3299703eeb82b9b88d] 162.253.55.43 "GET /resource_providers/770e734e-06d2-4626-960e-91bafd96a812/allocations" status: 200 len: 252 microversion: 1.0 [pid: 8|app: 0|req: 351/702] 162.253.55.43 () {32 vars in 856 bytes} [Wed Sep 16 03:31:34 2026] GET /resource_providers/770e734e-06d2-4626-960e-91bafd96a812/allocations => generated 252 bytes in 28 msecs (HTTP/1.1 200) 6 headers in 224 bytes (1 switches on core 0)
