Jun 22 12:12:10.930393 np0000182465 devstack@neutron-api.service[103519]: DEBUG neutron_lib.callbacks.manager [None req-f3158bad-a590-4e65-81de-3e379d7588ae None None] Subscribe: port after_update 55550000, False {{(pid=103519) subscribe /opt/stack/data/venv/lib/python3.12/site-packages/neutron_lib/callbacks/manager.py:52}}
Jun 22 12:12:10.930646 np0000182465 devstack@neutron-api.service[103519]: DEBUG neutron_lib.callbacks.manager [None req-f3158bad-a590-4e65-81de-3e379d7588ae None None] Subscribe: > port precommit_delete 55550000, False {{(pid=103519) subscribe /opt/stack/data/venv/lib/python3.12/site-packages/neutron_lib/callbacks/manager.py:52}}
Jun 22 12:12:10.930646 np0000182465 devstack@neutron-api.service[103519]: DEBUG neutron_lib.callbacks.manager [None req-f3158bad-a590-4e65-81de-3e379d7588ae None None] Subscribe: port before_update 55550000, False {{(pid=103519) subscribe /opt/stack/data/venv/lib/python3.12/site-packages/neutron_lib/callbacks/manager.py:52}}
Jun 22 12:12:10.930785 np0000182465 devstack@neutron-api.service[103519]: DEBUG neutron_lib.callbacks.manager [None req-f3158bad-a590-4e65-81de-3e379d7588ae None None] Subscribe: port before_delete 55550000, False {{(pid=103519) subscribe /opt/stack/data/venv/lib/python3.12/site-packages/neutron_lib/callbacks/manager.py:52}}
Jun 22 12:12:10.930785 np0000182465 devstack@neutron-api.service[103519]: DEBUG neutron_lib.callbacks.manager [None req-f3158bad-a590-4e65-81de-3e379d7588ae None None] Subscribe: > router precommit_create 55550000, False {{(pid=103519) subscribe /opt/stack/data/venv/lib/python3.12/site-packages/neutron_lib/callbacks/manager.py:52}}
Jun 22 12:12:10.933967 np0000182465 devstack@neutron-api.service[103519]: DEBUG neutron_lib.callbacks.manager [None req-f3158bad-a590-4e65-81de-3e379d7588ae None None] Subscribe: > router precommit_create 55550000, False {{(pid=103519) subscribe /opt/stack/data/venv/lib/python3.12/site-packages/neutron_lib/callbacks/manager.py:52}}
Jun 22 12:12:10.934076 np0000182465 devstack@neutron-api.service[103519]: DEBUG neutron_lib.callbacks.manager [None req-f3158bad-a590-4e65-81de-3e379d7588ae None None] Subscribe: > router precommit_update 55550000, False {{(pid=103519) subscribe /opt/stack/data/venv/lib/python3.12/site-packages/neutron_lib/callbacks/manager.py:52}}
Jun 22 12:12:10.934217 np0000182465 devstack@neutron-api.service[103519]: DEBUG neutron_lib.callbacks.manager [None req-f3158bad-a590-4e65-81de-3e379d7588ae None None] Subscribe: subnet after_update 55550000, False {{(pid=103519) subscribe /opt/stack/data/venv/lib/python3.12/site-packages/neutron_lib/callbacks/manager.py:52}}
Jun 22 12:12:10.934385 np0000182465 devstack@neutron-api.service[103519]: DEBUG neutron.quota.resource_registry [None req-f3158bad-a590-4e65-81de-3e379d7588ae None None] Tracking information for resource: router configured {{(pid=103519) set_tracked_resource /opt/stack/neutron/neutron/quota/resource_registry.py:203}}
Jun 22 12:12:10.934494 np0000182465 devstack@neutron-api.service[103519]: DEBUG neutron.quota.resource_registry [None req-f3158bad-a590-4e65-81de-3e379d7588ae None None] Tracking information for resource: floatingip configured {{(pid=103519) set_tracked_resource /opt/stack/neutron/neutron/quota/resource_registry.py:203}}
Jun 22 12:12:10.934555 np0000182465 devstack@neutron-api.service[103519]: INFO neutron.services.ovn_l3.plugin [None req-f3158bad-a590-4e65-81de-3e379d7588ae None None] Starting OVNL3RouterPlugin
Jun 22 12:12:10.934794 np0000182465 devstack@neutron-api.service[103519]: DEBUG neutron_lib.callbacks.manager [None req-f3158bad-a590-4e65-81de-3e379d7588ae None None] Subscribe: > port_forwarding_plugin after_init 55550000, False {{(pid=103519) subscribe /opt/stack/data/venv/lib/python3.12/site-packages/neutron_lib/callbacks/manager.py:52}}
Jun 22 12:12:10.935002 np0000182465 devstack@neutron-api.service[103519]: DEBUG neutron_lib.callbacks.manager [None req-f3158bad-a590-4e65-81de-3e379d7588ae None None] Subscribe: > router before_create 55550100, False {{(pid=103519) subscribe /opt/stack/data/venv/lib/python3.12/site-packages/neutron_lib/callbacks/manager.py:52}}
Jun 22 12:12:10.935091 np0000182465 devstack@neutron-api.service[103519]: DEBUG neutron_lib.callbacks.manager [None req-f3158bad-a590-4e65-81de-3e379d7588ae None None] Subscribe: > router precommit_delete 55550100, False {{(pid=103519) subscribe /opt/stack/data/venv/lib/python3.12/site-packages/neutron_lib/callbacks/manager.py:52}}
Jun 22 12:12:10.935214 np0000182465 devstack@neutron-api.service[103519]: DEBUG neutron_lib.callbacks.manager [None req-f3158bad-a590-4e65-81de-3e379d7588ae None None] Subscribe: > router precommit_create 55550100, False {{(pid=103519) subscribe /opt/stack/data/venv/lib/python3.12/site-packages/neutron_lib/callbacks/manager.py:52}}
Jun 22 12:12:10.935319 np0000182465 devstack@neutron-api.service[103519]: DEBUG neutron_lib.callbacks.manager [None req-f3158bad-a590-4e65-81de-3e379d7588ae None None] Subscribe: > router precommit_update 55550100, False {{(pid=103519) subscribe /opt/stack/data/venv/lib/python3.12/site-packages/neutron_lib/callbacks/manager.py:52}}
Jun 22 12:12:10.936008 np0000182465 devstack@neutron-api.service[103521]: INFO neutron.plugins.ml2.drivers.type_vlan [None req-132e7633-82e5-4692-b0e1-68d568a13607 None None] VlanTypeDriver initialization complete
Jun 22 12:12:10.936330 np0000182465 devstack@neutron-api.service[103521]: INFO neutron.plugins.ml2.managers [None req-132e7633-82e5-4692-b0e1-68d568a13607 None None] Initializing extension driver 'port_security'
Jun 22 12:12:10.936330 np0000182465 devstack@neutron-api.service[103521]: INFO neutron.plugins.ml2.extensions.port_security [None req-132e7633-82e5-4692-b0e1-68d568a13607 None None] PortSecurityExtensionDriver initialization complete
Jun 22 12:12:10.936330 np0000182465 devstack@neutron-api.service[103521]: INFO neutron.plugins.ml2.managers [None req-132e7633-82e5-4692-b0e1-68d568a13607 None None] Initializing extension driver 'qos'
Jun 22 12:12:10.936435 np0000182465 devstack@neutron-api.service[103521]: DEBUG neutron.plugins.ml2.extensions.qos [None req-132e7633-82e5-4692-b0e1-68d568a13607 None None] QosExtensionDriver initialization complete {{(pid=103521) initialize /opt/stack/neutron/neutron/plugins/ml2/extensions/qos.py:31}}
Jun 22 12:12:10.936537 np0000182465 devstack@neutron-api.service[103521]: INFO neutron.plugins.ml2.managers [None req-132e7633-82e5-4692-b0e1-68d568a13607 None None] Initializing mechanism driver 'ovn'
Jun 22 12:12:10.936636 np0000182465 devstack@neutron-api.service[103521]: INFO neutron.plugins.ml2.drivers.ovn.mech_driver.mech_driver [None req-132e7633-82e5-4692-b0e1-68d568a13607 None None] Starting OVNMechanismDriver
Jun 22 12:12:10.938585 np0000182465 devstack@neutron-api.service[103521]: DEBUG neutron_lib.callbacks.manager [None req-132e7633-82e5-4692-b0e1-68d568a13607 None None] Subscribe: > process before_spawn 55550000, False {{(pid=103521) subscribe /opt/stack/data/venv/lib/python3.12/site-packages/neutron_lib/callbacks/manager.py:52}}
Jun 22 12:12:10.938723 np0000182465 devstack@neutron-api.service[103521]: DEBUG neutron_lib.callbacks.manager [None req-132e7633-82e5-4692-b0e1-68d568a13607 None None] Subscribe: > process after_init 55550000, True {{(pid=103521) subscribe /opt/stack/data/venv/lib/python3.12/site-packages/neutron_lib/callbacks/manager.py:52}}
Jun 22 12:12:10.938847 np0000182465 devstack@neutron-api.service[103521]: DEBUG neutron_lib.callbacks.manager [None req-132e7633-82e5-4692-b0e1-68d568a13607 None None] Subscribe: > segment after_create 55550000, False {{(pid=103521) subscribe /opt/stack/data/venv/lib/python3.12/site-packages/neutron_lib/callbacks/manager.py:52}}
Jun 22 12:12:10.938959 np0000182465 devstack@neutron-api.service[103521]: DEBUG neutron_lib.callbacks.manager [None req-132e7633-82e5-4692-b0e1-68d568a13607 None None] Subscribe: > segment after_create 55550000, False {{(pid=103521) subscribe /opt/stack/data/venv/lib/python3.12/site-packages/neutron_lib/callbacks/manager.py:52}}
Jun 22 12:12:10.939093 np0000182465 devstack@neutron-api.service[103521]: DEBUG neutron_lib.callbacks.manager [None req-132e7633-82e5-4692-b0e1-68d568a13607 None None] Subscribe: > segment after_delete 55550000, False {{(pid=103521) subscribe /opt/stack/data/venv/lib/python3.12/site-packages/neutron_lib/callbacks/manager.py:52}}
Jun 22 12:12:10.939243 np0000182465 devstack@neutron-api.service[103521]: DEBUG neutron_lib.callbacks.manager [None req-132e7633-82e5-4692-b0e1-68d568a13607 None None] Subscribe: > allowed_address_pair before_create 55550000, False {{(pid=103521) subscribe /opt/stack/data/venv/lib/python3.12/site-packages/neutron_lib/callbacks/manager.py:52}}
Jun 22 12:12:10.939243 np0000182465 devstack@neutron-api.service[103521]: DEBUG neutron_lib.callbacks.manager [None req-132e7633-82e5-4692-b0e1-68d568a13607 None None] Subscribe: > security_group precommit_create 55550000, False {{(pid=103521) subscribe /opt/stack/data/venv/lib/python3.12/site-packages/neutron_lib/callbacks/manager.py:52}}
Jun 22 12:12:10.939376 np0000182465 devstack@neutron-api.service[103521]: DEBUG neutron_lib.callbacks.manager [None req-132e7633-82e5-4692-b0e1-68d568a13607 None None] Subscribe: > security_group after_update 55550000, False {{(pid=103521) subscribe /opt/stack/data/venv/lib/python3.12/site-packages/neutron_lib/callbacks/manager.py:52}}
Jun 22 12:12:10.939476 np0000182465 devstack@neutron-api.service[103521]: DEBUG neutron_lib.callbacks.manager [None req-132e7633-82e5-4692-b0e1-68d568a13607 None None] Subscribe: > security_group after_create 55550000, False {{(pid=103521) subscribe /opt/stack/data/venv/lib/python3.12/site-packages/neutron_lib/callbacks/manager.py:52}}
Jun 22 12:12:10.939571 np0000182465 devstack@neutron-api.service[103521]: DEBUG neutron_lib.callbacks.manager [None req-132e7633-82e5-4692-b0e1-68d568a13607 None None] Subscribe: > security_group precommit_delete 55550000, False {{(pid=103521) subscribe /opt/stack/data/venv/lib/python3.12/site-packages/neutron_lib/callbacks/manager.py:52}}
Jun 22 12:12:10.939665 np0000182465 devstack@neutron-api.service[103521]: DEBUG neutron_lib.callbacks.manager [None req-132e7633-82e5-4692-b0e1-68d568a13607 None None] Subscribe: > security_group after_delete 55550000, False {{(pid=103521) subscribe /opt/stack/data/venv/lib/python3.12/site-packages/neutron_lib/callbacks/manager.py:52}}
Jun 22 12:12:10.939756 np0000182465 devstack@neutron-api.service[103521]: DEBUG neutron_lib.callbacks.manager [None req-132e7633-82e5-4692-b0e1-68d568a13607 None None] Subscribe: > security_group_rule precommit_create 55550000, False {{(pid=103521) subscribe /opt/stack/data/venv/lib/python3.12/site-packages/neutron_lib/callbacks/manager.py:52}}
Jun 22 12:12:10.939858 np0000182465 devstack@neutron-api.service[103521]: DEBUG neutron_lib.callbacks.manager [None req-132e7633-82e5-4692-b0e1-68d568a13607 None None] Subscribe: > security_group_rule after_create 55550000, False {{(pid=103521) subscribe /opt/stack/data/venv/lib/python3.12/site-packages/neutron_lib/callbacks/manager.py:52}}
Jun 22 12:12:10.939965 np0000182465 devstack@neutron-api.service[103521]: DEBUG neutron_lib.callbacks.manager [None req-132e7633-82e5-4692-b0e1-68d568a13607 None None] Subscribe: > security_group_rule before_delete 55550000, False {{(pid=103521) subscribe /opt/stack/data/venv/lib/python3.12/site-packages/neutron_lib/callbacks/manager.py:52}}
Jun 22 12:12:10.940098 np0000182465 devstack@neutron-api.service[103521]: DEBUG neutron_lib.callbacks.manager [None req-132e7633-82e5-4692-b0e1-68d568a13607 None None] Subscribe: > address_group after_create 55550000, False {{(pid=103521) subscribe /opt/stack/data/venv/lib/python3.12/site-packages/neutron_lib/callbacks/manager.py:52}}
Jun 22 12:12:10.940162 np0000182465 devstack@neutron-api.service[103521]: DEBUG neutron_lib.callbacks.manager [None req-132e7633-82e5-4692-b0e1-68d568a13607 None None] Subscribe: > address_group after_update 55550000, False {{(pid=103521) subscribe /opt/stack/data/venv/lib/python3.12/site-packages/neutron_lib/callbacks/manager.py:52}}
Jun 22 12:12:10.940265 np0000182465 devstack@neutron-api.service[103521]: DEBUG neutron_lib.callbacks.manager [None req-132e7633-82e5-4692-b0e1-68d568a13607 None None] Subscribe: > address_group after_delete 55550000, False {{(pid=103521) subscribe /opt/stack/data/venv/lib/python3.12/site-packages/neutron_lib/callbacks/manager.py:52}}
Jun 22 12:12:10.940489 np0000182465 devstack@neutron-api.service[103521]: DEBUG neutron_lib.callbacks.manager [None req-132e7633-82e5-4692-b0e1-68d568a13607 None None] Subscribe: > qos_plugin after_init 55550000, False {{(pid=103521) subscribe /opt/stack/data/venv/lib/python3.12/site-packages/neutron_lib/callbacks/manager.py:52}}
Jun 22 12:12:10.940638 np0000182465 devstack@neutron-api.service[103521]: DEBUG neutron_lib.callbacks.manager [None req-132e7633-82e5-4692-b0e1-68d568a13607 None None] Subscribe: > trunk_plugin after_init 55550000, False {{(pid=103521) subscribe /opt/stack/data/venv/lib/python3.12/site-packages/neutron_lib/callbacks/manager.py:52}}
Jun 22 12:12:10.940856 np0000182465 devstack@neutron-api.service[103521]: DEBUG neutron_lib.callbacks.manager [None req-132e7633-82e5-4692-b0e1-68d568a13607 None None] Subscribe: > logging-plugin after_init 55550000, False {{(pid=103521) subscribe /opt/stack/data/venv/lib/python3.12/site-packages/neutron_lib/callbacks/manager.py:52}}
Jun 22 12:12:10.941363 np0000182465 devstack@neutron-api.service[103521]: INFO neutron.services.logapi.drivers.ovn.driver [None req-132e7633-82e5-4692-b0e1-68d568a13607 None None] OVN logging driver registered
Jun 22 12:12:10.941478 np0000182465 devstack@neutron-api.service[103521]: DEBUG neutron_lib.callbacks.manager [None req-132e7633-82e5-4692-b0e1-68d568a13607 None None] Subscribe: ._register_pvlan_driver at 0x740fa7aa6fc0> pvlan_plugin before_spawn 55550000, False {{(pid=103521) subscribe /opt/stack/data/venv/lib/python3.12/site-packages/neutron_lib/callbacks/manager.py:52}}
Jun 22 12:12:10.941588 np0000182465 devstack@neutron-api.service[103521]: DEBUG neutron_lib.callbacks.manager [None req-132e7633-82e5-4692-b0e1-68d568a13607 None None] Subscribe: process after_init 55550000, False {{(pid=103521) subscribe /opt/stack/data/venv/lib/python3.12/site-packages/neutron_lib/callbacks/manager.py:52}}
Jun 22 12:12:10.941786 np0000182465 devstack@neutron-api.service[103519]: DEBUG neutron.services.provider_configuration [None req-f3158bad-a590-4e65-81de-3e379d7588ae None None] Service providers = [] {{(pid=103519) parse_service_provider_opt /opt/stack/neutron/neutron/services/provider_configuration.py:170}}
Jun 22 12:12:10.941925 np0000182465 devstack@neutron-api.service[103519]: DEBUG neutron.db.servicetype_db [None req-f3158bad-a590-4e65-81de-3e379d7588ae None None] Adding provider configuration for service L3_ROUTER_NAT {{(pid=103519) add_provider_configuration /opt/stack/neutron/neutron/db/servicetype_db.py:45}}
Jun 22 12:12:10.943180 np0000182465 devstack@neutron-api.service[103519]: DEBUG neutron_lib.callbacks.manager [None req-f3158bad-a590-4e65-81de-3e379d7588ae None None] Subscribe: > router precommit_create 55549900, False {{(pid=103519) subscribe /opt/stack/data/venv/lib/python3.12/site-packages/neutron_lib/callbacks/manager.py:52}}
Jun 22 12:12:10.943248 np0000182465 devstack@neutron-api.service[103521]: DEBUG neutron.plugins.ml2.plugin [None req-132e7633-82e5-4692-b0e1-68d568a13607 None None] neutron.plugins.ml2.plugin.Ml2Plugin method _start_rpc_notifiers called with arguments () {} {{(pid=103521) wrapper /opt/stack/data/venv/lib/python3.12/site-packages/oslo_log/helpers.py:77}}
Jun 22 12:12:10.943317 np0000182465 devstack@neutron-api.service[103519]: DEBUG neutron_lib.callbacks.manager [None req-f3158bad-a590-4e65-81de-3e379d7588ae None None] Subscribe: > router_interface after_create 55550000, False {{(pid=103519) subscribe /opt/stack/data/venv/lib/python3.12/site-packages/neutron_lib/callbacks/manager.py:52}}
Jun 22 12:12:10.943412 np0000182465 devstack@neutron-api.service[103519]: DEBUG neutron_lib.callbacks.manager [None req-f3158bad-a590-4e65-81de-3e379d7588ae None None] Subscribe: > floatingip after_create 55550000, False {{(pid=103519) subscribe /opt/stack/data/venv/lib/python3.12/site-packages/neutron_lib/callbacks/manager.py:52}}
Jun 22 12:12:10.943507 np0000182465 devstack@neutron-api.service[103519]: DEBUG neutron_lib.callbacks.manager [None req-f3158bad-a590-4e65-81de-3e379d7588ae None None] Subscribe: > floatingip precommit_create 55550000, False {{(pid=103519) subscribe /opt/stack/data/venv/lib/python3.12/site-packages/neutron_lib/callbacks/manager.py:52}}
Jun 22 12:12:10.943572 np0000182465 devstack@neutron-api.service[103521]: DEBUG neutron_lib.callbacks.manager [None req-132e7633-82e5-4692-b0e1-68d568a13607 None None] Subscribe: > port after_create 55550000, False {{(pid=103521) subscribe /opt/stack/data/venv/lib/python3.12/site-packages/neutron_lib/callbacks/manager.py:52}}
Jun 22 12:12:10.943641 np0000182465 devstack@neutron-api.service[103519]: DEBUG neutron_lib.callbacks.manager [None req-f3158bad-a590-4e65-81de-3e379d7588ae None None] Subscribe: > floatingip precommit_update 55550000, False {{(pid=103519) subscribe /opt/stack/data/venv/lib/python3.12/site-packages/neutron_lib/callbacks/manager.py:52}}
Jun 22 12:12:10.943702 np0000182465 devstack@neutron-api.service[103521]: DEBUG neutron_lib.callbacks.manager [None req-132e7633-82e5-4692-b0e1-68d568a13607 None None] Subscribe: > port after_update 55550000, False {{(pid=103521) subscribe /opt/stack/data/venv/lib/python3.12/site-packages/neutron_lib/callbacks/manager.py:52}}
Jun 22 12:12:10.943765 np0000182465 devstack@neutron-api.service[103519]: DEBUG neutron_lib.callbacks.manager [None req-f3158bad-a590-4e65-81de-3e379d7588ae None None] Subscribe: > floatingip after_delete 55550000, False {{(pid=103519) subscribe /opt/stack/data/venv/lib/python3.12/site-packages/neutron_lib/callbacks/manager.py:52}}
Jun 22 12:12:10.943833 np0000182465 devstack@neutron-api.service[103521]: DEBUG neutron_lib.callbacks.manager [None req-132e7633-82e5-4692-b0e1-68d568a13607 None None] Subscribe: > port after_delete 55550000, False {{(pid=103521) subscribe /opt/stack/data/venv/lib/python3.12/site-packages/neutron_lib/callbacks/manager.py:52}}
Jun 22 12:12:10.943909 np0000182465 devstack@neutron-api.service[103519]: DEBUG neutron_lib.callbacks.manager [None req-f3158bad-a590-4e65-81de-3e379d7588ae None None] Subscribe: > floatingip after_status_update 55550000, False {{(pid=103519) subscribe /opt/stack/data/venv/lib/python3.12/site-packages/neutron_lib/callbacks/manager.py:52}}
Jun 22 12:12:10.943971 np0000182465 devstack@neutron-api.service[103521]: DEBUG neutron_lib.callbacks.manager [None req-132e7633-82e5-4692-b0e1-68d568a13607 None None] Subscribe: > subnet after_create 55550000, False {{(pid=103521) subscribe /opt/stack/data/venv/lib/python3.12/site-packages/neutron_lib/callbacks/manager.py:52}}
Jun 22 12:12:10.944042 np0000182465 devstack@neutron-api.service[103519]: DEBUG neutron_lib.callbacks.manager [None req-f3158bad-a590-4e65-81de-3e379d7588ae None None] Subscribe: > floatingip after_update 55550000, False {{(pid=103519) subscribe /opt/stack/data/venv/lib/python3.12/site-packages/neutron_lib/callbacks/manager.py:52}}
Jun 22 12:12:10.944108 np0000182465 devstack@neutron-api.service[103521]: DEBUG neutron_lib.callbacks.manager [None req-132e7633-82e5-4692-b0e1-68d568a13607 None None] Subscribe: > subnet after_update 55550000, False {{(pid=103521) subscribe /opt/stack/data/venv/lib/python3.12/site-packages/neutron_lib/callbacks/manager.py:52}}
Jun 22 12:12:10.944170 np0000182465 devstack@neutron-api.service[103519]: DEBUG neutron_lib.callbacks.manager [None req-f3158bad-a590-4e65-81de-3e379d7588ae None None] Subscribe: > port_forwarding after_create 55550000, False {{(pid=103519) subscribe /opt/stack/data/venv/lib/python3.12/site-packages/neutron_lib/callbacks/manager.py:52}}
Jun 22 12:12:10.944238 np0000182465 devstack@neutron-api.service[103521]: DEBUG neutron_lib.callbacks.manager [None req-132e7633-82e5-4692-b0e1-68d568a13607 None None] Subscribe: > subnet after_delete 55550000, False {{(pid=103521) subscribe /opt/stack/data/venv/lib/python3.12/site-packages/neutron_lib/callbacks/manager.py:52}}
Jun 22 12:12:10.944299 np0000182465 devstack@neutron-api.service[103519]: DEBUG neutron_lib.callbacks.manager [None req-f3158bad-a590-4e65-81de-3e379d7588ae None None] Subscribe: > router_interface after_delete 55550000, False {{(pid=103519) subscribe /opt/stack/data/venv/lib/python3.12/site-packages/neutron_lib/callbacks/manager.py:52}}
Jun 22 12:12:10.944358 np0000182465 devstack@neutron-api.service[103521]: DEBUG neutron_lib.callbacks.manager [None req-132e7633-82e5-4692-b0e1-68d568a13607 None None] Subscribe: > network after_create 55550000, False {{(pid=103521) subscribe /opt/stack/data/venv/lib/python3.12/site-packages/neutron_lib/callbacks/manager.py:52}}
Jun 22 12:12:10.944418 np0000182465 devstack@neutron-api.service[103519]: DEBUG neutron_lib.callbacks.manager [None req-f3158bad-a590-4e65-81de-3e379d7588ae None None] Subscribe: > router after_create 55550000, False {{(pid=103519) subscribe /opt/stack/data/venv/lib/python3.12/site-packages/neutron_lib/callbacks/manager.py:52}}
Jun 22 12:12:10.944478 np0000182465 devstack@neutron-api.service[103521]: DEBUG neutron_lib.callbacks.manager [None req-132e7633-82e5-4692-b0e1-68d568a13607 None None] Subscribe: > network after_update 55550000, False {{(pid=103521) subscribe /opt/stack/data/venv/lib/python3.12/site-packages/neutron_lib/callbacks/manager.py:52}}
Jun 22 12:12:10.944538 np0000182465 devstack@neutron-api.service[103519]: DEBUG neutron_lib.callbacks.manager [None req-f3158bad-a590-4e65-81de-3e379d7588ae None None] Subscribe: > router precommit_create 55550000, False {{(pid=103519) subscribe /opt/stack/data/venv/lib/python3.12/site-packages/neutron_lib/callbacks/manager.py:52}}
Jun 22 12:12:10.944607 np0000182465 devstack@neutron-api.service[103521]: DEBUG neutron_lib.callbacks.manager [None req-132e7633-82e5-4692-b0e1-68d568a13607 None None] Subscribe: > network after_delete 55550000, False {{(pid=103521) subscribe /opt/stack/data/venv/lib/python3.12/site-packages/neutron_lib/callbacks/manager.py:52}}
Jun 22 12:12:10.944671 np0000182465 devstack@neutron-api.service[103519]: DEBUG neutron_lib.callbacks.manager [None req-f3158bad-a590-4e65-81de-3e379d7588ae None None] Subscribe: > router after_delete 55550000, False {{(pid=103519) subscribe /opt/stack/data/venv/lib/python3.12/site-packages/neutron_lib/callbacks/manager.py:52}}
Jun 22 12:12:10.944729 np0000182465 devstack@neutron-api.service[103521]: DEBUG neutron_lib.callbacks.manager [None req-132e7633-82e5-4692-b0e1-68d568a13607 None None] Subscribe: > security_group after_create 55550000, False {{(pid=103521) subscribe /opt/stack/data/venv/lib/python3.12/site-packages/neutron_lib/callbacks/manager.py:52}}
Jun 22 12:12:10.944790 np0000182465 devstack@neutron-api.service[103519]: DEBUG neutron_lib.callbacks.manager [None req-f3158bad-a590-4e65-81de-3e379d7588ae None None] Subscribe: > router after_update 55550000, False {{(pid=103519) subscribe /opt/stack/data/venv/lib/python3.12/site-packages/neutron_lib/callbacks/manager.py:52}}
Jun 22 12:12:10.944849 np0000182465 devstack@neutron-api.service[103521]: DEBUG neutron_lib.callbacks.manager [None req-132e7633-82e5-4692-b0e1-68d568a13607 None None] Subscribe: > security_group after_update 55550000, False {{(pid=103521) subscribe /opt/stack/data/venv/lib/python3.12/site-packages/neutron_lib/callbacks/manager.py:52}}
Jun 22 12:12:10.944878 np0000182465 devstack@neutron-api.service[103519]: DEBUG neutron.services.service_base [None req-f3158bad-a590-4e65-81de-3e379d7588ae None None] Loaded 'neutron.services.ovn_l3.service_providers.ovn.OvnDriver' provider for service L3_ROUTER_NAT {{(pid=103519) load_drivers /opt/stack/neutron/neutron/services/service_base.py:49}}
Jun 22 12:12:10.944931 np0000182465 devstack@neutron-api.service[103521]: DEBUG neutron_lib.callbacks.manager [None req-132e7633-82e5-4692-b0e1-68d568a13607 None None] Subscribe: > security_group after_delete 55550000, False {{(pid=103521) subscribe /opt/stack/data/venv/lib/python3.12/site-packages/neutron_lib/callbacks/manager.py:52}}
Jun 22 12:12:10.944963 np0000182465 devstack@neutron-api.service[103519]: DEBUG neutron_lib.callbacks.manager [None req-f3158bad-a590-4e65-81de-3e379d7588ae None None] Subscribe: > process after_init 55550001, True {{(pid=103519) subscribe /opt/stack/data/venv/lib/python3.12/site-packages/neutron_lib/callbacks/manager.py:52}}
Jun 22 12:12:10.944990 np0000182465 devstack@neutron-api.service[103521]: DEBUG neutron_lib.callbacks.manager [None req-132e7633-82e5-4692-b0e1-68d568a13607 None None] Subscribe: > security_group_rule after_create 55550000, False {{(pid=103521) subscribe /opt/stack/data/venv/lib/python3.12/site-packages/neutron_lib/callbacks/manager.py:52}}
Jun 22 12:12:10.944990 np0000182465 devstack@neutron-api.service[103521]: DEBUG neutron_lib.callbacks.manager [None req-132e7633-82e5-4692-b0e1-68d568a13607 None None] Subscribe: > security_group_rule after_update 55550000, False {{(pid=103521) subscribe /opt/stack/data/venv/lib/python3.12/site-packages/neutron_lib/callbacks/manager.py:52}}
Jun 22 12:12:10.945041 np0000182465 devstack@neutron-api.service[103519]: DEBUG neutron.manager [None req-f3158bad-a590-4e65-81de-3e379d7588ae None None] Successfully loaded L3_ROUTER_NAT plugin. Description: L3 Router Service Plugin for basic L3 forwarding using OVN {{(pid=103519) _create_and_add_service_plugin /opt/stack/neutron/neutron/manager.py:236}}
Jun 22 12:12:10.945066 np0000182465 devstack@neutron-api.service[103521]: DEBUG neutron_lib.callbacks.manager [None req-132e7633-82e5-4692-b0e1-68d568a13607 None None] Subscribe: > security_group_rule after_delete 55550000, False {{(pid=103521) subscribe /opt/stack/data/venv/lib/python3.12/site-packages/neutron_lib/callbacks/manager.py:52}}
Jun 22 12:12:10.945098 np0000182465 devstack@neutron-api.service[103519]: INFO neutron.manager [None req-f3158bad-a590-4e65-81de-3e379d7588ae None None] Loading Plugin: auto_allocate
Jun 22 12:12:10.945124 np0000182465 devstack@neutron-api.service[103521]: DEBUG neutron_lib.callbacks.manager [None req-132e7633-82e5-4692-b0e1-68d568a13607 None None] Subscribe: > address_group after_create 55550000, False {{(pid=103521) subscribe /opt/stack/data/venv/lib/python3.12/site-packages/neutron_lib/callbacks/manager.py:52}}
Jun 22 12:12:10.945124 np0000182465 devstack@neutron-api.service[103521]: DEBUG neutron_lib.callbacks.manager [None req-132e7633-82e5-4692-b0e1-68d568a13607 None None] Subscribe: > address_group after_update 55550000, False {{(pid=103521) subscribe /opt/stack/data/venv/lib/python3.12/site-packages/neutron_lib/callbacks/manager.py:52}}
Jun 22 12:12:10.945177 np0000182465 devstack@neutron-api.service[103521]: DEBUG neutron_lib.callbacks.manager [None req-132e7633-82e5-4692-b0e1-68d568a13607 None None] Subscribe: > address_group after_delete 55550000, False {{(pid=103521) subscribe /opt/stack/data/venv/lib/python3.12/site-packages/neutron_lib/callbacks/manager.py:52}}
Jun 22 12:12:10.945349 np0000182465 devstack@neutron-api.service[103521]: DEBUG neutron.plugins.ml2.ovo_rpc [None req-132e7633-82e5-4692-b0e1-68d568a13607 None None] ML2 OVO RPC backend initialized. {{(pid=103521) __init__ /opt/stack/neutron/neutron/plugins/ml2/ovo_rpc.py:117}}
Jun 22 12:12:10.945998 np0000182465 devstack@neutron-api.service[103519]: DEBUG neutron_lib.callbacks.manager [None req-f3158bad-a590-4e65-81de-3e379d7588ae None None] Subscribe: network precommit_update 55550000, False {{(pid=103519) subscribe /opt/stack/data/venv/lib/python3.12/site-packages/neutron_lib/callbacks/manager.py:52}}
Jun 22 12:12:10.946162 np0000182465 devstack@neutron-api.service[103519]: DEBUG neutron_lib.callbacks.manager [None req-f3158bad-a590-4e65-81de-3e379d7588ae None None] Subscribe: network precommit_create 55550000, False {{(pid=103519) subscribe /opt/stack/data/venv/lib/python3.12/site-packages/neutron_lib/callbacks/manager.py:52}}
Jun 22 12:12:10.946231 np0000182465 devstack@neutron-api.service[103521]: INFO neutron.quota [None req-132e7633-82e5-4692-b0e1-68d568a13607 None None] Loaded quota_driver: .
Jun 22 12:12:10.946296 np0000182465 devstack@neutron-api.service[103519]: DEBUG neutron.manager [None req-f3158bad-a590-4e65-81de-3e379d7588ae None None] Successfully loaded auto-allocated-topology plugin. Description: Auto Allocated Topology - aka get me a network. {{(pid=103519) _create_and_add_service_plugin /opt/stack/neutron/neutron/manager.py:236}}
Jun 22 12:12:10.946328 np0000182465 devstack@neutron-api.service[103521]: INFO neutron.plugins.ml2.plugin [None req-132e7633-82e5-4692-b0e1-68d568a13607 None None] Modular L2 Plugin initialization complete
Jun 22 12:12:10.946354 np0000182465 devstack@neutron-api.service[103519]: INFO neutron.manager [None req-f3158bad-a590-4e65-81de-3e379d7588ae None None] Loading Plugin: tag
Jun 22 12:12:10.946423 np0000182465 devstack@neutron-api.service[103521]: DEBUG neutron.manager [None req-132e7633-82e5-4692-b0e1-68d568a13607 None None] Loading services supported by the core plugin {{(pid=103521) _load_services_from_core_plugin /opt/stack/neutron/neutron/manager.py:167}}
Jun 22 12:12:10.946536 np0000182465 devstack@neutron-api.service[103521]: INFO neutron.plugins.ml2.managers [None req-132e7633-82e5-4692-b0e1-68d568a13607 None None] Got port-security extension from driver 'port_security'
Jun 22 12:12:10.946821 np0000182465 devstack@neutron-api.service[103521]: DEBUG neutron.manager [None req-132e7633-82e5-4692-b0e1-68d568a13607 None None] Loading service plugins: ['ovn-router', 'auto_allocate', 'tag', 'timestamp', 'network_ip_availability', 'flavors', 'revisions'] {{(pid=103521) _load_service_plugins /opt/stack/neutron/neutron/manager.py:192}}
Jun 22 12:12:10.946959 np0000182465 devstack@neutron-api.service[103521]: INFO neutron.manager [None req-132e7633-82e5-4692-b0e1-68d568a13607 None None] Loading Plugin: ovn-router
Jun 22 12:12:10.949116 np0000182465 devstack@neutron-api.service[103519]: DEBUG neutron.manager [None req-f3158bad-a590-4e65-81de-3e379d7588ae None None] Successfully loaded TAG plugin. Description: Tag support {{(pid=103519) _create_and_add_service_plugin /opt/stack/neutron/neutron/manager.py:236}}
Jun 22 12:12:10.949241 np0000182465 devstack@neutron-api.service[103519]: INFO neutron.manager [None req-f3158bad-a590-4e65-81de-3e379d7588ae None None] Loading Plugin: timestamp
Jun 22 12:12:10.950643 np0000182465 devstack@neutron-api.service[103519]: DEBUG neutron.manager [None req-f3158bad-a590-4e65-81de-3e379d7588ae None None] Successfully loaded timestamp plugin. Description: Adds timestamps to Neutron resources with standard attributes {{(pid=103519) _create_and_add_service_plugin /opt/stack/neutron/neutron/manager.py:236}}
Jun 22 12:12:10.950643 np0000182465 devstack@neutron-api.service[103519]: INFO neutron.manager [None req-f3158bad-a590-4e65-81de-3e379d7588ae None None] Loading Plugin: network_ip_availability
Jun 22 12:12:10.954144 np0000182465 devstack@neutron-api.service[103519]: DEBUG neutron.manager [None req-f3158bad-a590-4e65-81de-3e379d7588ae None None] Successfully loaded network-ip-availability plugin. Description: Provides IP availability data for each network and subnet. {{(pid=103519) _create_and_add_service_plugin /opt/stack/neutron/neutron/manager.py:236}}
Jun 22 12:12:10.954144 np0000182465 devstack@neutron-api.service[103519]: INFO neutron.manager [None req-f3158bad-a590-4e65-81de-3e379d7588ae None None] Loading Plugin: flavors
Jun 22 12:12:10.954144 np0000182465 devstack@neutron-api.service[103519]: DEBUG neutron.manager [None req-f3158bad-a590-4e65-81de-3e379d7588ae None None] Successfully loaded FLAVORS plugin. Description: Neutron Flavors and Service Profiles manager plugin {{(pid=103519) _create_and_add_service_plugin /opt/stack/neutron/neutron/manager.py:236}}
Jun 22 12:12:10.954144 np0000182465 devstack@neutron-api.service[103519]: INFO neutron.manager [None req-f3158bad-a590-4e65-81de-3e379d7588ae None None] Loading Plugin: revisions
Jun 22 12:12:10.954531 np0000182465 devstack@neutron-api.service[103519]: DEBUG neutron.manager [None req-f3158bad-a590-4e65-81de-3e379d7588ae None None] Successfully loaded revision_plugin plugin. Description: Adds revision numbers to resources. {{(pid=103519) _create_and_add_service_plugin /opt/stack/neutron/neutron/manager.py:236}}
Jun 22 12:12:10.954531 np0000182465 devstack@neutron-api.service[103519]: DEBUG oslo_concurrency.lockutils [None req-f3158bad-a590-4e65-81de-3e379d7588ae None None] Lock "manager" "released" by "neutron.manager.NeutronManager._create_instance" :: held 4.818s {{(pid=103519) inner /opt/stack/data/venv/lib/python3.12/site-packages/oslo_concurrency/lockutils.py:543}}
Jun 22 12:12:10.954667 np0000182465 devstack@neutron-api.service[103519]: DEBUG neutron.api.extensions [None req-f3158bad-a590-4e65-81de-3e379d7588ae None None] get_extension_paths = OrderedDict({'/opt/stack/neutron/neutron/extensions': 1}) {{(pid=103519) get_extensions_path /opt/stack/neutron/neutron/api/extensions.py:640}}
Jun 22 12:12:10.954667 np0000182465 devstack@neutron-api.service[103519]: INFO neutron.api.extensions [None req-f3158bad-a590-4e65-81de-3e379d7588ae None None] Initializing extension manager.
Jun 22 12:12:10.955001 np0000182465 devstack@neutron-api.service[103519]: DEBUG neutron.api.extensions [None req-f3158bad-a590-4e65-81de-3e379d7588ae None None] Loading extension file: __init__.py {{(pid=103519) _load_all_extensions_from_path /opt/stack/neutron/neutron/api/extensions.py:449}}
Jun 22 12:12:10.955123 np0000182465 devstack@neutron-api.service[103519]: DEBUG neutron.api.extensions [None req-f3158bad-a590-4e65-81de-3e379d7588ae None None] Loading extension file: __pycache__ {{(pid=103519) _load_all_extensions_from_path /opt/stack/neutron/neutron/api/extensions.py:449}}
Jun 22 12:12:10.955123 np0000182465 devstack@neutron-api.service[103519]: DEBUG neutron.api.extensions [None req-f3158bad-a590-4e65-81de-3e379d7588ae None None] Loading extension file: aap_reject_multicast.py {{(pid=103519) _load_all_extensions_from_path /opt/stack/neutron/neutron/api/extensions.py:449}}
Jun 22 12:12:10.955442 np0000182465 devstack@neutron-api.service[103519]: DEBUG neutron.api.extensions [None req-f3158bad-a590-4e65-81de-3e379d7588ae None None] Ext name="Allowed address pairs reject multicast extension" alias="aap-reject-multicast" description="Reject multicast addresses in Allowed Address Pairs" updated="2026-04-01T00:00:00-00:00" {{(pid=103519) _check_extension /opt/stack/neutron/neutron/api/extensions.py:415}}
Jun 22 12:12:10.955676 np0000182465 devstack@neutron-api.service[103519]: INFO neutron.api.extensions [None req-f3158bad-a590-4e65-81de-3e379d7588ae None None] Extension aap-reject-multicast not supported by any of loaded plugins
Jun 22 12:12:10.955979 np0000182465 devstack@neutron-api.service[103519]: DEBUG neutron.api.extensions [None req-f3158bad-a590-4e65-81de-3e379d7588ae None None] Loading extension file: address_group.py {{(pid=103519) _load_all_extensions_from_path /opt/stack/neutron/neutron/api/extensions.py:449}}
Jun 22 12:12:10.956080 np0000182465 devstack@neutron-api.service[103519]: DEBUG neutron.api.extensions [None req-f3158bad-a590-4e65-81de-3e379d7588ae None None] Ext name="Address group" alias="address-group" description="Support address group" updated="2020-07-15T10:00:00-00:00" {{(pid=103519) _check_extension /opt/stack/neutron/neutron/api/extensions.py:415}}
Jun 22 12:12:10.956376 np0000182465 devstack@neutron-api.service[103519]: INFO neutron.api.extensions [None req-f3158bad-a590-4e65-81de-3e379d7588ae None None] Loaded extension: address-group
Jun 22 12:12:10.956376 np0000182465 devstack@neutron-api.service[103519]: DEBUG neutron.api.extensions [None req-f3158bad-a590-4e65-81de-3e379d7588ae None None] Loading extension file: address_scope.py {{(pid=103519) _load_all_extensions_from_path /opt/stack/neutron/neutron/api/extensions.py:449}}
Jun 22 12:12:10.956775 np0000182465 devstack@neutron-api.service[103519]: DEBUG neutron.api.extensions [None req-f3158bad-a590-4e65-81de-3e379d7588ae None None] Ext name="Address scope" alias="address-scope" description="Address scopes extension." updated="2015-07-26T10:00:00-00:00" {{(pid=103519) _check_extension /opt/stack/neutron/neutron/api/extensions.py:415}}
Jun 22 12:12:10.956872 np0000182465 devstack@neutron-api.service[103519]: INFO neutron.api.extensions [None req-f3158bad-a590-4e65-81de-3e379d7588ae None None] Loaded extension: address-scope
Jun 22 12:12:10.957199 np0000182465 devstack@neutron-api.service[103519]: DEBUG neutron.api.extensions [None req-f3158bad-a590-4e65-81de-3e379d7588ae None None] Loading extension file: admin_state_down_before_update.py {{(pid=103519) _load_all_extensions_from_path /opt/stack/neutron/neutron/api/extensions.py:449}}
Jun 22 12:12:10.957199 np0000182465 devstack@neutron-api.service[103519]: DEBUG neutron.api.extensions [None req-f3158bad-a590-4e65-81de-3e379d7588ae None None] Ext name="Enforce Router's Admin State Down Before Update Extension" alias="router-admin-state-down-before-update" description="Ensure that the admin state of a router is DOWN (admin_state_up=False) before updating the distributed attribute" updated="2019-07-02T15:56:00" {{(pid=103519) _check_extension /opt/stack/neutron/neutron/api/extensions.py:415}}
Jun 22 12:12:10.957343 np0000182465 devstack@neutron-api.service[103521]: DEBUG neutron_lib.callbacks.manager [None req-132e7633-82e5-4692-b0e1-68d568a13607 None None] Subscribe: > router before_delete 55550000, False {{(pid=103521) subscribe /opt/stack/data/venv/lib/python3.12/site-packages/neutron_lib/callbacks/manager.py:52}}
Jun 22 12:12:10.957709 np0000182465 devstack@neutron-api.service[103519]: INFO neutron.api.extensions [None req-f3158bad-a590-4e65-81de-3e379d7588ae None None] Extension router-admin-state-down-before-update not supported by any of loaded plugins
Jun 22 12:12:10.957709 np0000182465 devstack@neutron-api.service[103519]: DEBUG neutron.api.extensions [None req-f3158bad-a590-4e65-81de-3e379d7588ae None None] Loading extension file: agent.py {{(pid=103519) _load_all_extensions_from_path /opt/stack/neutron/neutron/api/extensions.py:449}}
Jun 22 12:12:10.957838 np0000182465 devstack@neutron-api.service[103521]: DEBUG neutron_lib.callbacks.manager [None req-132e7633-82e5-4692-b0e1-68d568a13607 None None] Subscribe: port before_update 55550000, False {{(pid=103521) subscribe /opt/stack/data/venv/lib/python3.12/site-packages/neutron_lib/callbacks/manager.py:52}}
Jun 22 12:12:10.957838 np0000182465 devstack@neutron-api.service[103521]: DEBUG neutron_lib.callbacks.manager [None req-132e7633-82e5-4692-b0e1-68d568a13607 None None] Subscribe: port after_update 55550000, False {{(pid=103521) subscribe /opt/stack/data/venv/lib/python3.12/site-packages/neutron_lib/callbacks/manager.py:52}}
Jun 22 12:12:10.957838 np0000182465 devstack@neutron-api.service[103521]: DEBUG neutron_lib.callbacks.manager [None req-132e7633-82e5-4692-b0e1-68d568a13607 None None] Subscribe: > port precommit_delete 55550000, False {{(pid=103521) subscribe /opt/stack/data/venv/lib/python3.12/site-packages/neutron_lib/callbacks/manager.py:52}}
Jun 22 12:12:10.958054 np0000182465 devstack@neutron-api.service[103519]: DEBUG neutron.api.extensions [None req-f3158bad-a590-4e65-81de-3e379d7588ae None None] Ext name="agent" alias="agent" description="The agent management extension." updated="2013-02-03T10:00:00-00:00" {{(pid=103519) _check_extension /opt/stack/neutron/neutron/api/extensions.py:415}}
Jun 22 12:12:10.958121 np0000182465 devstack@neutron-api.service[103521]: DEBUG neutron_lib.callbacks.manager [None req-132e7633-82e5-4692-b0e1-68d568a13607 None None] Subscribe: port before_update 55550000, False {{(pid=103521) subscribe /opt/stack/data/venv/lib/python3.12/site-packages/neutron_lib/callbacks/manager.py:52}}
Jun 22 12:12:10.958121 np0000182465 devstack@neutron-api.service[103521]: DEBUG neutron_lib.callbacks.manager [None req-132e7633-82e5-4692-b0e1-68d568a13607 None None] Subscribe: port before_delete 55550000, False {{(pid=103521) subscribe /opt/stack/data/venv/lib/python3.12/site-packages/neutron_lib/callbacks/manager.py:52}}
Jun 22 12:12:10.958200 np0000182465 devstack@neutron-api.service[103519]: INFO neutron.api.extensions [None req-f3158bad-a590-4e65-81de-3e379d7588ae None None] Loaded extension: agent
Jun 22 12:12:10.958264 np0000182465 devstack@neutron-api.service[103521]: DEBUG neutron_lib.callbacks.manager [None req-132e7633-82e5-4692-b0e1-68d568a13607 None None] Subscribe: > router precommit_create 55550000, False {{(pid=103521) subscribe /opt/stack/data/venv/lib/python3.12/site-packages/neutron_lib/callbacks/manager.py:52}}
Jun 22 12:12:10.958330 np0000182465 devstack@neutron-api.service[103519]: DEBUG neutron.api.extensions [None req-f3158bad-a590-4e65-81de-3e379d7588ae None None] Loading extension file: agent_resources_synced.py {{(pid=103519) _load_all_extensions_from_path /opt/stack/neutron/neutron/api/extensions.py:449}}
Jun 22 12:12:10.958389 np0000182465 devstack@neutron-api.service[103521]: DEBUG neutron_lib.callbacks.manager [None req-132e7633-82e5-4692-b0e1-68d568a13607 None None] Subscribe: > router precommit_create 55550000, False {{(pid=103521) subscribe /opt/stack/data/venv/lib/python3.12/site-packages/neutron_lib/callbacks/manager.py:52}}
Jun 22 12:12:10.958389 np0000182465 devstack@neutron-api.service[103521]: DEBUG neutron_lib.callbacks.manager [None req-132e7633-82e5-4692-b0e1-68d568a13607 None None] Subscribe: > router precommit_update 55550000, False {{(pid=103521) subscribe /opt/stack/data/venv/lib/python3.12/site-packages/neutron_lib/callbacks/manager.py:52}}
Jun 22 12:12:10.958473 np0000182465 devstack@neutron-api.service[103519]: DEBUG neutron.api.extensions [None req-f3158bad-a590-4e65-81de-3e379d7588ae None None] Ext name="Agent's Resource View Synced to Placement" alias="agent-resources-synced" description="Stores success/failure of last sync to Placement" updated="2018-12-19T00:00:00-00:00" {{(pid=103519) _check_extension /opt/stack/neutron/neutron/api/extensions.py:415}}
Jun 22 12:12:10.958537 np0000182465 devstack@neutron-api.service[103521]: DEBUG neutron_lib.callbacks.manager [None req-132e7633-82e5-4692-b0e1-68d568a13607 None None] Subscribe: subnet after_update 55550000, False {{(pid=103521) subscribe /opt/stack/data/venv/lib/python3.12/site-packages/neutron_lib/callbacks/manager.py:52}}
Jun 22 12:12:10.958597 np0000182465 devstack@neutron-api.service[103519]: INFO neutron.api.extensions [None req-f3158bad-a590-4e65-81de-3e379d7588ae None None] Extension agent-resources-synced not supported by any of loaded plugins
Jun 22 12:12:10.958659 np0000182465 devstack@neutron-api.service[103521]: DEBUG neutron.quota.resource_registry [None req-132e7633-82e5-4692-b0e1-68d568a13607 None None] Tracking information for resource: router configured {{(pid=103521) set_tracked_resource /opt/stack/neutron/neutron/quota/resource_registry.py:203}}
Jun 22 12:12:10.958724 np0000182465 devstack@neutron-api.service[103519]: DEBUG neutron.api.extensions [None req-f3158bad-a590-4e65-81de-3e379d7588ae None None] Loading extension file: agent_sort_key.py {{(pid=103519) _load_all_extensions_from_path /opt/stack/neutron/neutron/api/extensions.py:449}}
Jun 22 12:12:10.958778 np0000182465 devstack@neutron-api.service[103521]: DEBUG neutron.quota.resource_registry [None req-132e7633-82e5-4692-b0e1-68d568a13607 None None] Tracking information for resource: floatingip configured {{(pid=103521) set_tracked_resource /opt/stack/neutron/neutron/quota/resource_registry.py:203}}
Jun 22 12:12:10.958778 np0000182465 devstack@neutron-api.service[103521]: INFO neutron.services.ovn_l3.plugin [None req-132e7633-82e5-4692-b0e1-68d568a13607 None None] Starting OVNL3RouterPlugin
Jun 22 12:12:10.958861 np0000182465 devstack@neutron-api.service[103519]: DEBUG neutron.api.extensions [None req-f3158bad-a590-4e65-81de-3e379d7588ae None None] Ext name="Agents Sort Key" alias="agent_sort_key" description="Enabling the keyword sort_key for sorting in agents." updated="2013-02-03T10:00:00-00:00" {{(pid=103519) _check_extension /opt/stack/neutron/neutron/api/extensions.py:415}}
Jun 22 12:12:10.958861 np0000182465 devstack@neutron-api.service[103519]: INFO neutron.api.extensions [None req-f3158bad-a590-4e65-81de-3e379d7588ae None None] Extension agent_sort_key not supported by any of loaded plugins
Jun 22 12:12:10.958967 np0000182465 devstack@neutron-api.service[103521]: DEBUG neutron_lib.callbacks.manager [None req-132e7633-82e5-4692-b0e1-68d568a13607 None None] Subscribe: > port_forwarding_plugin after_init 55550000, False {{(pid=103521) subscribe /opt/stack/data/venv/lib/python3.12/site-packages/neutron_lib/callbacks/manager.py:52}}
Jun 22 12:12:10.959036 np0000182465 devstack@neutron-api.service[103519]: DEBUG neutron.api.extensions [None req-f3158bad-a590-4e65-81de-3e379d7588ae None None] Loading extension file: allowedaddresspairs.py {{(pid=103519) _load_all_extensions_from_path /opt/stack/neutron/neutron/api/extensions.py:449}}
Jun 22 12:12:10.959133 np0000182465 devstack@neutron-api.service[103521]: DEBUG neutron_lib.callbacks.manager [None req-132e7633-82e5-4692-b0e1-68d568a13607 None None] Subscribe: > router before_create 55550100, False {{(pid=103521) subscribe /opt/stack/data/venv/lib/python3.12/site-packages/neutron_lib/callbacks/manager.py:52}}
Jun 22 12:12:10.959228 np0000182465 devstack@neutron-api.service[103521]: DEBUG neutron_lib.callbacks.manager [None req-132e7633-82e5-4692-b0e1-68d568a13607 None None] Subscribe: > router precommit_delete 55550100, False {{(pid=103521) subscribe /opt/stack/data/venv/lib/python3.12/site-packages/neutron_lib/callbacks/manager.py:52}}
Jun 22 12:12:10.959331 np0000182465 devstack@neutron-api.service[103521]: DEBUG neutron_lib.callbacks.manager [None req-132e7633-82e5-4692-b0e1-68d568a13607 None None] Subscribe: > router precommit_create 55550100, False {{(pid=103521) subscribe /opt/stack/data/venv/lib/python3.12/site-packages/neutron_lib/callbacks/manager.py:52}}
Jun 22 12:12:10.959419 np0000182465 devstack@neutron-api.service[103521]: DEBUG neutron_lib.callbacks.manager [None req-132e7633-82e5-4692-b0e1-68d568a13607 None None] Subscribe: > router precommit_update 55550100, False {{(pid=103521) subscribe /opt/stack/data/venv/lib/python3.12/site-packages/neutron_lib/callbacks/manager.py:52}}
Jun 22 12:12:10.959732 np0000182465 devstack@neutron-api.service[103519]: DEBUG neutron.api.extensions [None req-f3158bad-a590-4e65-81de-3e379d7588ae None None] Ext name="Allowed Address Pairs" alias="allowed-address-pairs" description="Provides allowed address pairs" updated="2013-07-23T10:00:00-00:00" {{(pid=103519) _check_extension /opt/stack/neutron/neutron/api/extensions.py:415}}
Jun 22 12:12:10.959980 np0000182465 devstack@neutron-api.service[103519]: INFO neutron.api.extensions [None req-f3158bad-a590-4e65-81de-3e379d7588ae None None] Loaded extension: allowed-address-pairs
Jun 22 12:12:10.960041 np0000182465 devstack@neutron-api.service[103519]: DEBUG neutron.api.extensions [None req-f3158bad-a590-4e65-81de-3e379d7588ae None None] Loading extension file: auto_allocated_topology.py {{(pid=103519) _load_all_extensions_from_path /opt/stack/neutron/neutron/api/extensions.py:449}}
Jun 22 12:12:10.960262 np0000182465 devstack@neutron-api.service[103519]: DEBUG neutron.api.extensions [None req-f3158bad-a590-4e65-81de-3e379d7588ae None None] Ext name="Auto Allocated Topology Services" alias="auto-allocated-topology" description="Auto Allocated Topology Services." updated="2016-01-01T00:00:00-00:00" {{(pid=103519) _check_extension /opt/stack/neutron/neutron/api/extensions.py:415}}
Jun 22 12:12:10.960503 np0000182465 devstack@neutron-api.service[103519]: INFO neutron.api.extensions [None req-f3158bad-a590-4e65-81de-3e379d7588ae None None] Loaded extension: auto-allocated-topology
Jun 22 12:12:10.960534 np0000182465 devstack@neutron-api.service[103519]: DEBUG neutron.api.extensions [None req-f3158bad-a590-4e65-81de-3e379d7588ae None None] Loading extension file: availability_zone.py {{(pid=103519) _load_all_extensions_from_path /opt/stack/neutron/neutron/api/extensions.py:449}}
Jun 22 12:12:10.960994 np0000182465 devstack@neutron-api.service[103519]: DEBUG neutron.api.extensions [None req-f3158bad-a590-4e65-81de-3e379d7588ae None None] Ext name="Availability Zone" alias="availability_zone" description="The availability zone extension." updated="2015-01-01T10:00:00-00:00" {{(pid=103519) _check_extension /opt/stack/neutron/neutron/api/extensions.py:415}}
Jun 22 12:12:10.961146 np0000182465 devstack@neutron-api.service[103519]: INFO neutron.api.extensions [None req-f3158bad-a590-4e65-81de-3e379d7588ae None None] Loaded extension: availability_zone
Jun 22 12:12:10.961239 np0000182465 devstack@neutron-api.service[103519]: DEBUG neutron.api.extensions [None req-f3158bad-a590-4e65-81de-3e379d7588ae None None] Loading extension file: availability_zone_filter.py {{(pid=103519) _load_all_extensions_from_path /opt/stack/neutron/neutron/api/extensions.py:449}}
Jun 22 12:12:10.961564 np0000182465 devstack@neutron-api.service[103519]: DEBUG neutron.api.extensions [None req-f3158bad-a590-4e65-81de-3e379d7588ae None None] Ext name="Availability Zone Filter Extension" alias="availability_zone_filter" description="Add filter parameters to AvailabilityZone resource" updated="2018-06-22T10:00:00-00:00" {{(pid=103519) _check_extension /opt/stack/neutron/neutron/api/extensions.py:415}}
