2026-06-25 23:34:28.066 8 INFO placement.requestlog [req-4b569f72-d0c6-479d-b6f9-eae17d0e4d78 req-a0340ad9-269e-471a-a335-6f9324f9fdcd fca57cbae50546ae8e7a139a9efd2558 c3d1eadbc5f442c99be050d3cdfb48ad - - 4c30295d00c24c2a8eb0c660ac89543c 4c30295d00c24c2a8eb0c660ac89543c] 10.0.0.102 "GET /allocations/ce002a8b-37d0-40e3-8482-a6ee51af6f64" status: 200 len: 19 microversion: 1.28 [pid: 8|app: 0|req: 423/849] 10.0.0.102 () {34 vars in 860 bytes} [Thu Jun 25 23:34:28 2026] GET /allocations/ce002a8b-37d0-40e3-8482-a6ee51af6f64 => generated 19 bytes in 12 msecs (HTTP/1.1 200) 8 headers in 295 bytes (1 switches on core 0)
2026-06-25 23:34:28.158 7 INFO placement.requestlog [req-4b569f72-d0c6-479d-b6f9-eae17d0e4d78 req-85d4715e-e5f0-4200-b882-2313f6e1bcae fca57cbae50546ae8e7a139a9efd2558 c3d1eadbc5f442c99be050d3cdfb48ad - - 4c30295d00c24c2a8eb0c660ac89543c 4c30295d00c24c2a8eb0c660ac89543c] 10.0.0.102 "PUT /allocations/ce002a8b-37d0-40e3-8482-a6ee51af6f64" status: 204 len: 0 microversion: 1.36 [pid: 7|app: 0|req: 427/850] 10.0.0.102 () {38 vars in 913 bytes} [Thu Jun 25 23:34:28 2026] PUT /allocations/ce002a8b-37d0-40e3-8482-a6ee51af6f64 => generated 0 bytes in 87 msecs (HTTP/1.1 204) 5 headers in 199 bytes (1 switches on core 0)
2026-06-25 23:34:29.285 8 INFO placement.requestlog [None req-821c3e42-fad8-481b-aadb-d5863e6d2095 e503725d6cab4ebf949b81287d4d2a94 c3d1eadbc5f442c99be050d3cdfb48ad - - 4c30295d00c24c2a8eb0c660ac89543c 4c30295d00c24c2a8eb0c660ac89543c] 10.0.0.183 "GET /resource_providers/7ad4347f-ed30-481d-b94f-d0d9dbbd1e31/aggregates" status: 404 len: 235 microversion: 1.1 [pid: 8|app: 0|req: 424/851] 10.0.0.183 () {32 vars in 815 bytes} [Thu Jun 25 23:34:29 2026] GET /resource_providers/7ad4347f-ed30-481d-b94f-d0d9dbbd1e31/aggregates => generated 235 bytes in 16 msecs (HTTP/1.1 404) 5 headers in 202 bytes (1 switches on core 0)
2026-06-25 23:34:29.289 7 INFO placement.requestlog [None req-32c34fdf-2d13-420e-a28b-53ed259b5a91 e503725d6cab4ebf949b81287d4d2a94 c3d1eadbc5f442c99be050d3cdfb48ad - - 4c30295d00c24c2a8eb0c660ac89543c 4c30295d00c24c2a8eb0c660ac89543c] 10.0.0.183 "GET /resource_providers/7ad4347f-ed30-481d-b94f-d0d9dbbd1e31/aggregates" status: 404 len: 235 microversion: 1.1 [pid: 7|app: 0|req: 428/852] 10.0.0.183 () {32 vars in 815 bytes} [Thu Jun 25 23:34:29 2026] GET /resource_providers/7ad4347f-ed30-481d-b94f-d0d9dbbd1e31/aggregates => generated 235 bytes in 11 msecs (HTTP/1.1 404) 5 headers in 202 bytes (1 switches on core 0)
2026-06-25 23:34:29.307 8 INFO placement.requestlog [None req-eb01e0d0-6cf8-4cdf-9693-20a504cc17d3 e503725d6cab4ebf949b81287d4d2a94 c3d1eadbc5f442c99be050d3cdfb48ad - - 4c30295d00c24c2a8eb0c660ac89543c 4c30295d00c24c2a8eb0c660ac89543c] 10.0.0.183 "DELETE /resource_providers/7ad4347f-ed30-481d-b94f-d0d9dbbd1e31" status: 404 len: 246 microversion: 1.1 [pid: 8|app: 0|req: 425/853] 10.0.0.183 () {34 vars in 815 bytes} [Thu Jun 25 23:34:29 2026] DELETE /resource_providers/7ad4347f-ed30-481d-b94f-d0d9dbbd1e31 => generated 246 bytes in 11 msecs (HTTP/1.1 404) 6 headers in 231 bytes (1 switches on core 0)
2026-06-25 23:34:29.308 7 INFO placement.requestlog [None req-ff9e5ffa-e9df-41ad-bd80-fddb1fa355a8 e503725d6cab4ebf949b81287d4d2a94 c3d1eadbc5f442c99be050d3cdfb48ad - - 4c30295d00c24c2a8eb0c660ac89543c 4c30295d00c24c2a8eb0c660ac89543c] 10.0.0.183 "DELETE /resource_providers/7ad4347f-ed30-481d-b94f-d0d9dbbd1e31" status: 404 len: 246 microversion: 1.1 [pid: 7|app: 0|req: 429/854] 10.0.0.183 () {34 vars in 815 bytes} [Thu Jun 25 23:34:29 2026] DELETE /resource_providers/7ad4347f-ed30-481d-b94f-d0d9dbbd1e31 => generated 246 bytes in 10 msecs (HTTP/1.1 404) 6 headers in 231 bytes (1 switches on core 0)
2026-06-25 23:34:29.612 8 INFO placement.requestlog [req-4b569f72-d0c6-479d-b6f9-eae17d0e4d78 req-c8de7fac-c462-4af0-b776-eef333432704 fca57cbae50546ae8e7a139a9efd2558 c3d1eadbc5f442c99be050d3cdfb48ad - - 4c30295d00c24c2a8eb0c660ac89543c 4c30295d00c24c2a8eb0c660ac89543c] 199.19.213.232 "GET /allocations/ce002a8b-37d0-40e3-8482-a6ee51af6f64" status: 200 len: 258 microversion: 1.28 [pid: 8|app: 0|req: 426/855] 199.19.213.232 () {34 vars in 862 bytes} [Thu Jun 25 23:34:29 2026] GET /allocations/ce002a8b-37d0-40e3-8482-a6ee51af6f64 => generated 258 bytes in 10 msecs (HTTP/1.1 200) 8 headers in 296 bytes (1 switches on core 0)
2026-06-25 23:34:29.761 8 INFO placement.requestlog [None req-25cb0219-e891-4c5a-804d-c96754ac7483 - - - - - -] 10.0.0.89 "GET /" status: 200 len: 136 microversion: 1.0
2026-06-25 23:34:29.761 7 INFO placement.requestlog [None req-7fdc2c7f-c5c6-4f7b-a68f-b1382cdedeb4 - - - - - -] 10.0.0.89 "GET /" status: 200 len: 136 microversion: 1.0
2026-06-25 23:34:30.651 8 INFO placement.requestlog [req-4b569f72-d0c6-479d-b6f9-eae17d0e4d78 req-e3b40222-8615-4ece-a9b3-c29f7ee1f551 fca57cbae50546ae8e7a139a9efd2558 c3d1eadbc5f442c99be050d3cdfb48ad - - 4c30295d00c24c2a8eb0c660ac89543c 4c30295d00c24c2a8eb0c660ac89543c] 199.19.213.232 "GET /resource_providers/f1095264-364f-41aa-b518-20240006afa3/allocations" status: 200 len: 253 microversion: 1.0 [pid: 8|app: 0|req: 428/858] 199.19.213.232 () {32 vars in 856 bytes} [Thu Jun 25 23:34:30 2026] GET /resource_providers/f1095264-364f-41aa-b518-20240006afa3/allocations => generated 253 bytes in 18 msecs (HTTP/1.1 200) 6 headers in 224 bytes (1 switches on core 0)
2026-06-25 23:34:30.669 7 INFO placement.requestlog [req-4b569f72-d0c6-479d-b6f9-eae17d0e4d78 req-5432280d-f862-456b-a12c-19b3697f9785 fca57cbae50546ae8e7a139a9efd2558 c3d1eadbc5f442c99be050d3cdfb48ad - - 4c30295d00c24c2a8eb0c660ac89543c 4c30295d00c24c2a8eb0c660ac89543c] 199.19.213.232 "GET /allocations/ce002a8b-37d0-40e3-8482-a6ee51af6f64" status: 200 len: 258 microversion: 1.28 [pid: 7|app: 0|req: 431/859] 199.19.213.232 () {34 vars in 862 bytes} [Thu Jun 25 23:34:30 2026] GET /allocations/ce002a8b-37d0-40e3-8482-a6ee51af6f64 => generated 258 bytes in 10 msecs (HTTP/1.1 200) 8 headers in 296 bytes (1 switches on core 0)
2026-06-25 23:34:30.687 8 INFO placement.requestlog [req-4b569f72-d0c6-479d-b6f9-eae17d0e4d78 req-5590e442-3181-4f1f-9202-8c2cf3155474 fca57cbae50546ae8e7a139a9efd2558 c3d1eadbc5f442c99be050d3cdfb48ad - - 4c30295d00c24c2a8eb0c660ac89543c 4c30295d00c24c2a8eb0c660ac89543c] 199.19.213.232 "GET /allocations/27e61002-95a0-47fd-b5ae-bb85253726b1" status: 200 len: 258 microversion: 1.28 [pid: 8|app: 0|req: 429/860] 199.19.213.232 () {34 vars in 862 bytes} [Thu Jun 25 23:34:30 2026] GET /allocations/27e61002-95a0-47fd-b5ae-bb85253726b1 => generated 258 bytes in 13 msecs (HTTP/1.1 200) 8 headers in 296 bytes (1 switches on core 0)
2026-06-25 23:34:31.736 7 INFO placement.requestlog [req-6ebb42f3-c63a-47f9-8e4f-789342391c98 req-c39a8873-e047-44be-b16d-1b5ffb13600d fca57cbae50546ae8e7a139a9efd2558 c3d1eadbc5f442c99be050d3cdfb48ad - - 4c30295d00c24c2a8eb0c660ac89543c 4c30295d00c24c2a8eb0c660ac89543c] 199.19.213.232 "GET /resource_providers/f1095264-364f-41aa-b518-20240006afa3/allocations" status: 200 len: 253 microversion: 1.0 [pid: 7|app: 0|req: 432/861] 199.19.213.232 () {32 vars in 856 bytes} [Thu Jun 25 23:34:31 2026] GET /resource_providers/f1095264-364f-41aa-b518-20240006afa3/allocations => generated 253 bytes in 18 msecs (HTTP/1.1 200) 6 headers in 224 bytes (1 switches on core 0)
2026-06-25 23:34:31.753 8 INFO placement.requestlog [req-6ebb42f3-c63a-47f9-8e4f-789342391c98 req-9f609208-2573-4da1-9921-aab0c0e14742 fca57cbae50546ae8e7a139a9efd2558 c3d1eadbc5f442c99be050d3cdfb48ad - - 4c30295d00c24c2a8eb0c660ac89543c 4c30295d00c24c2a8eb0c660ac89543c] 199.19.213.232 "GET /allocations/ce002a8b-37d0-40e3-8482-a6ee51af6f64" status: 200 len: 258 microversion: 1.28 [pid: 8|app: 0|req: 430/862] 199.19.213.232 () {34 vars in 862 bytes} [Thu Jun 25 23:34:31 2026] GET /allocations/ce002a8b-37d0-40e3-8482-a6ee51af6f64 => generated 258 bytes in 12 msecs (HTTP/1.1 200) 8 headers in 296 bytes (1 switches on core 0)
2026-06-25 23:34:31.769 7 INFO placement.requestlog [req-6ebb42f3-c63a-47f9-8e4f-789342391c98 req-26e6db03-b6db-4403-be67-e81cd0e84283 fca57cbae50546ae8e7a139a9efd2558 c3d1eadbc5f442c99be050d3cdfb48ad - - 4c30295d00c24c2a8eb0c660ac89543c 4c30295d00c24c2a8eb0c660ac89543c] 199.19.213.232 "GET /allocations/27e61002-95a0-47fd-b5ae-bb85253726b1" status: 200 len: 258 microversion: 1.28 [pid: 7|app: 0|req: 433/863] 199.19.213.232 () {34 vars in 862 bytes} [Thu Jun 25 23:34:31 2026] GET /allocations/27e61002-95a0-47fd-b5ae-bb85253726b1 => generated 258 bytes in 10 msecs (HTTP/1.1 200) 8 headers in 296 bytes (1 switches on core 0)
2026-06-25 23:34:32.548 8 INFO placement.requestlog [None req-1e085a29-a378-4ab9-89a1-ac90adeac854 e503725d6cab4ebf949b81287d4d2a94 c3d1eadbc5f442c99be050d3cdfb48ad - - 4c30295d00c24c2a8eb0c660ac89543c 4c30295d00c24c2a8eb0c660ac89543c] 10.0.0.183 "GET /resource_providers/40777138-3d13-4c84-9267-bab06cc094cd/aggregates" status: 404 len: 235 microversion: 1.1 [pid: 8|app: 0|req: 431/864] 10.0.0.183 () {32 vars in 815 bytes} [Thu Jun 25 23:34:32 2026] GET /resource_providers/40777138-3d13-4c84-9267-bab06cc094cd/aggregates => generated 235 bytes in 8 msecs (HTTP/1.1 404) 5 headers in 202 bytes (1 switches on core 0)
2026-06-25 23:34:32.550 7 INFO placement.requestlog [None req-bcb27718-b36b-4bd2-a8dc-28b7de697b7a e503725d6cab4ebf949b81287d4d2a94 c3d1eadbc5f442c99be050d3cdfb48ad - - 4c30295d00c24c2a8eb0c660ac89543c 4c30295d00c24c2a8eb0c660ac89543c] 10.0.0.183 "GET /resource_providers/40777138-3d13-4c84-9267-bab06cc094cd/aggregates" status: 404 len: 235 microversion: 1.1 [pid: 7|app: 0|req: 434/865] 10.0.0.183 () {32 vars in 815 bytes} [Thu Jun 25 23:34:32 2026] GET /resource_providers/40777138-3d13-4c84-9267-bab06cc094cd/aggregates => generated 235 bytes in 10 msecs (HTTP/1.1 404) 5 headers in 202 bytes (1 switches on core 0)
2026-06-25 23:34:32.571 8 INFO placement.requestlog [None req-999f11e3-cb2d-4f05-95b7-cb743529ebc7 e503725d6cab4ebf949b81287d4d2a94 c3d1eadbc5f442c99be050d3cdfb48ad - - 4c30295d00c24c2a8eb0c660ac89543c 4c30295d00c24c2a8eb0c660ac89543c] 10.0.0.183 "DELETE /resource_providers/40777138-3d13-4c84-9267-bab06cc094cd" status: 404 len: 246 microversion: 1.1 [pid: 8|app: 0|req: 432/866] 10.0.0.183 () {34 vars in 815 bytes} [Thu Jun 25 23:34:32 2026] DELETE /resource_providers/40777138-3d13-4c84-9267-bab06cc094cd => generated 246 bytes in 8 msecs (HTTP/1.1 404) 6 headers in 231 bytes (1 switches on core 0)
2026-06-25 23:34:32.573 7 INFO placement.requestlog [None req-e40ac112-7f69-4dac-9a3e-8d8a66fdc510 e503725d6cab4ebf949b81287d4d2a94 c3d1eadbc5f442c99be050d3cdfb48ad - - 4c30295d00c24c2a8eb0c660ac89543c 4c30295d00c24c2a8eb0c660ac89543c] 10.0.0.183 "DELETE /resource_providers/40777138-3d13-4c84-9267-bab06cc094cd" status: 404 len: 246 microversion: 1.1 [pid: 7|app: 0|req: 435/867] 10.0.0.183 () {34 vars in 815 bytes} [Thu Jun 25 23:34:32 2026] DELETE /resource_providers/40777138-3d13-4c84-9267-bab06cc094cd => generated 246 bytes in 10 msecs (HTTP/1.1 404) 6 headers in 231 bytes (1 switches on core 0)
2026-06-25 23:34:32.819 8 INFO placement.requestlog [req-6ebb42f3-c63a-47f9-8e4f-789342391c98 req-617b0dc3-f790-4f3a-aeca-af3c62a6f55f fca57cbae50546ae8e7a139a9efd2558 c3d1eadbc5f442c99be050d3cdfb48ad - - 4c30295d00c24c2a8eb0c660ac89543c 4c30295d00c24c2a8eb0c660ac89543c] 199.19.213.232 "DELETE /allocations/27e61002-95a0-47fd-b5ae-bb85253726b1" status: 204 len: 0 microversion: 1.0 [pid: 8|app: 0|req: 433/868] 199.19.213.232 () {34 vars in 840 bytes} [Thu Jun 25 23:34:32 2026] DELETE /allocations/27e61002-95a0-47fd-b5ae-bb85253726b1 => generated 0 bytes in 27 msecs (HTTP/1.1 204) 5 headers in 198 bytes (1 switches on core 0)
2026-06-25 23:34:37.820 7 INFO placement.requestlog [None req-53a3e976-fcef-4088-9097-7451e3981630 e503725d6cab4ebf949b81287d4d2a94 c3d1eadbc5f442c99be050d3cdfb48ad - - 4c30295d00c24c2a8eb0c660ac89543c 4c30295d00c24c2a8eb0c660ac89543c] 10.0.0.183 "GET /resource_providers/0c5f0273-04b4-40ee-b7a7-d3578aaf48d9/aggregates" status: 404 len: 235 microversion: 1.1 [pid: 7|app: 0|req: 436/869] 10.0.0.183 () {32 vars in 815 bytes} [Thu Jun 25 23:34:37 2026] GET /resource_providers/0c5f0273-04b4-40ee-b7a7-d3578aaf48d9/aggregates => generated 235 bytes in 13 msecs (HTTP/1.1 404) 5 headers in 202 bytes (1 switches on core 0)
2026-06-25 23:34:37.821 8 INFO placement.requestlog [None req-c18c694f-f6dc-4248-8196-07c413b68a18 e503725d6cab4ebf949b81287d4d2a94 c3d1eadbc5f442c99be050d3cdfb48ad - - 4c30295d00c24c2a8eb0c660ac89543c 4c30295d00c24c2a8eb0c660ac89543c] 10.0.0.183 "GET /resource_providers/0c5f0273-04b4-40ee-b7a7-d3578aaf48d9/aggregates" status: 404 len: 235 microversion: 1.1 [pid: 8|app: 0|req: 434/870] 10.0.0.183 () {32 vars in 815 bytes} [Thu Jun 25 23:34:37 2026] GET /resource_providers/0c5f0273-04b4-40ee-b7a7-d3578aaf48d9/aggregates => generated 235 bytes in 10 msecs (HTTP/1.1 404) 5 headers in 202 bytes (1 switches on core 0)
2026-06-25 23:34:37.843 8 INFO placement.requestlog [None req-2956b5a4-2f29-4403-a314-42b05bc038ad e503725d6cab4ebf949b81287d4d2a94 c3d1eadbc5f442c99be050d3cdfb48ad - - 4c30295d00c24c2a8eb0c660ac89543c 4c30295d00c24c2a8eb0c660ac89543c] 10.0.0.183 "DELETE /resource_providers/0c5f0273-04b4-40ee-b7a7-d3578aaf48d9" status: 404 len: 246 microversion: 1.1 [pid: 8|app: 0|req: 435/871] 10.0.0.183 () {34 vars in 815 bytes} [Thu Jun 25 23:34:37 2026] DELETE /resource_providers/0c5f0273-04b4-40ee-b7a7-d3578aaf48d9 => generated 246 bytes in 9 msecs (HTTP/1.1 404) 6 headers in 231 bytes (1 switches on core 0)
2026-06-25 23:34:37.848 7 INFO placement.requestlog [None req-ef842d48-46b2-4ee7-ae4f-298d4b9c501a e503725d6cab4ebf949b81287d4d2a94 c3d1eadbc5f442c99be050d3cdfb48ad - - 4c30295d00c24c2a8eb0c660ac89543c 4c30295d00c24c2a8eb0c660ac89543c] 10.0.0.183 "DELETE /resource_providers/0c5f0273-04b4-40ee-b7a7-d3578aaf48d9" status: 404 len: 246 microversion: 1.1 [pid: 7|app: 0|req: 437/872] 10.0.0.183 () {34 vars in 815 bytes} [Thu Jun 25 23:34:37 2026] DELETE /resource_providers/0c5f0273-04b4-40ee-b7a7-d3578aaf48d9 => generated 246 bytes in 17 msecs (HTTP/1.1 404) 6 headers in 231 bytes (1 switches on core 0)
2026-06-25 23:34:38.269 8 INFO placement.requestlog [None req-48e77ace-2780-4131-8c20-1948caba79fb e503725d6cab4ebf949b81287d4d2a94 c3d1eadbc5f442c99be050d3cdfb48ad - - 4c30295d00c24c2a8eb0c660ac89543c 4c30295d00c24c2a8eb0c660ac89543c] 10.0.0.183 "GET /resource_providers/60db60d5-c98d-4a46-ace1-a19a9a8fb4a5/aggregates" status: 404 len: 235 microversion: 1.1 [pid: 8|app: 0|req: 436/873] 10.0.0.183 () {32 vars in 815 bytes} [Thu Jun 25 23:34:38 2026] GET /resource_providers/60db60d5-c98d-4a46-ace1-a19a9a8fb4a5/aggregates => generated 235 bytes in 11 msecs (HTTP/1.1 404) 5 headers in 202 bytes (1 switches on core 0)
2026-06-25 23:34:38.700 7 INFO placement.requestlog [None req-3da00380-2f31-4abb-8144-c0767fd196f4 e503725d6cab4ebf949b81287d4d2a94 c3d1eadbc5f442c99be050d3cdfb48ad - - 4c30295d00c24c2a8eb0c660ac89543c 4c30295d00c24c2a8eb0c660ac89543c] 10.0.0.183 "GET /resource_providers/60db60d5-c98d-4a46-ace1-a19a9a8fb4a5/aggregates" status: 404 len: 235 microversion: 1.1 [pid: 7|app: 0|req: 438/874] 10.0.0.183 () {32 vars in 815 bytes} [Thu Jun 25 23:34:38 2026] GET /resource_providers/60db60d5-c98d-4a46-ace1-a19a9a8fb4a5/aggregates => generated 235 bytes in 10 msecs (HTTP/1.1 404) 5 headers in 202 bytes (1 switches on core 0)
2026-06-25 23:34:38.717 8 INFO placement.requestlog [None req-ecd05379-4c94-441a-ae4c-08aec0c46b05 e503725d6cab4ebf949b81287d4d2a94 c3d1eadbc5f442c99be050d3cdfb48ad - - 4c30295d00c24c2a8eb0c660ac89543c 4c30295d00c24c2a8eb0c660ac89543c] 10.0.0.183 "DELETE /resource_providers/60db60d5-c98d-4a46-ace1-a19a9a8fb4a5" status: 404 len: 246 microversion: 1.1 [pid: 8|app: 0|req: 437/875] 10.0.0.183 () {34 vars in 815 bytes} [Thu Jun 25 23:34:38 2026] DELETE /resource_providers/60db60d5-c98d-4a46-ace1-a19a9a8fb4a5 => generated 246 bytes in 9 msecs (HTTP/1.1 404) 6 headers in 231 bytes (1 switches on core 0)
2026-06-25 23:34:38.733 7 INFO placement.requestlog [None req-4b60805a-f293-42c7-8863-6099f581f5d0 e503725d6cab4ebf949b81287d4d2a94 c3d1eadbc5f442c99be050d3cdfb48ad - - 4c30295d00c24c2a8eb0c660ac89543c 4c30295d00c24c2a8eb0c660ac89543c] 10.0.0.183 "DELETE /resource_providers/60db60d5-c98d-4a46-ace1-a19a9a8fb4a5" status: 404 len: 246 microversion: 1.1 [pid: 7|app: 0|req: 439/876] 10.0.0.183 () {34 vars in 815 bytes} [Thu Jun 25 23:34:38 2026] DELETE /resource_providers/60db60d5-c98d-4a46-ace1-a19a9a8fb4a5 => generated 246 bytes in 13 msecs (HTTP/1.1 404) 6 headers in 231 bytes (1 switches on core 0)
2026-06-25 23:34:39.766 8 INFO placement.requestlog [None req-eb9a02b1-084f-4e46-8d84-a2b727b1b9ec - - - - - -] 10.0.0.89 "GET /" status: 200 len: 136 microversion: 1.0
2026-06-25 23:34:39.766 7 INFO placement.requestlog [None req-1c767061-3498-4684-9b77-a3dab837f746 - - - - - -] 10.0.0.89 "GET /" status: 200 len: 136 microversion: 1.0
2026-06-25 23:34:49.761 8 INFO placement.requestlog [None req-85271e33-b048-446d-adad-0750bcd6aaa4 - - - - - -] 10.0.0.89 "GET /" status: 200 len: 136 microversion: 1.0
2026-06-25 23:34:49.762 7 INFO placement.requestlog [None req-8f36e37c-c9c8-401c-a404-12bb01d37ff4 - - - - - -] 10.0.0.89 "GET /" status: 200 len: 136 microversion: 1.0
2026-06-25 23:34:55.935 8 INFO placement.requestlog [req-b2c4afba-0e49-4300-b6d6-0d66c3261359 req-d5a0516d-f6ac-459e-be68-47f4e30a580f fca57cbae50546ae8e7a139a9efd2558 c3d1eadbc5f442c99be050d3cdfb48ad - - 4c30295d00c24c2a8eb0c660ac89543c 4c30295d00c24c2a8eb0c660ac89543c] 10.0.0.102 "GET /allocation_candidates?limit=1000&resources=DISK_GB%3A1%2CMEMORY_MB%3A512%2CVCPU%3A1&root_required=%21COMPUTE_STATUS_DISABLED" status: 200 len: 2444 microversion: 1.36 [pid: 8|app: 0|req: 440/881] 10.0.0.102 () {34 vars in 1011 bytes} [Thu Jun 25 23:34:55 2026] GET /allocation_candidates?limit=1000&resources=DISK_GB%3A1%2CMEMORY_MB%3A512%2CVCPU%3A1&root_required=%21COMPUTE_STATUS_DISABLED => generated 2444 bytes in 53 msecs (HTTP/1.1 200) 8 headers in 297 bytes (1 switches on core 0)
2026-06-25 23:34:55.971 7 INFO placement.requestlog [req-b2c4afba-0e49-4300-b6d6-0d66c3261359 req-11f878df-f50b-458b-afe2-eeb0cda96040 fca57cbae50546ae8e7a139a9efd2558 c3d1eadbc5f442c99be050d3cdfb48ad - - 4c30295d00c24c2a8eb0c660ac89543c 4c30295d00c24c2a8eb0c660ac89543c] 10.0.0.102 "GET /allocations/a82b1d9a-8f5b-479a-847f-a7d1ee771a9b" status: 200 len: 19 microversion: 1.28 [pid: 7|app: 0|req: 442/882] 10.0.0.102 () {34 vars in 860 bytes} [Thu Jun 25 23:34:55 2026] GET /allocations/a82b1d9a-8f5b-479a-847f-a7d1ee771a9b => generated 19 bytes in 15 msecs (HTTP/1.1 200) 8 headers in 295 bytes (1 switches on core 0)
2026-06-25 23:34:56.058 8 INFO placement.requestlog [req-b2c4afba-0e49-4300-b6d6-0d66c3261359 req-dd0ce944-c2be-4c98-b1f5-d1e60bf1e55b fca57cbae50546ae8e7a139a9efd2558 c3d1eadbc5f442c99be050d3cdfb48ad - - 4c30295d00c24c2a8eb0c660ac89543c 4c30295d00c24c2a8eb0c660ac89543c] 10.0.0.102 "PUT /allocations/a82b1d9a-8f5b-479a-847f-a7d1ee771a9b" status: 204 len: 0 microversion: 1.36 [pid: 8|app: 0|req: 441/883] 10.0.0.102 () {38 vars in 913 bytes} [Thu Jun 25 23:34:55 2026] PUT /allocations/a82b1d9a-8f5b-479a-847f-a7d1ee771a9b => generated 0 bytes in 80 msecs (HTTP/1.1 204) 5 headers in 199 bytes (1 switches on core 0)
2026-06-25 23:34:57.358 7 INFO placement.requestlog [req-00b777d2-c91c-49e3-ac29-977474d6f4bb req-1b7619e5-3d29-4e0c-93e2-7f2f7d323e8a fca57cbae50546ae8e7a139a9efd2558 c3d1eadbc5f442c99be050d3cdfb48ad - - 4c30295d00c24c2a8eb0c660ac89543c 4c30295d00c24c2a8eb0c660ac89543c] 199.19.213.232 "GET /resource_providers/f1095264-364f-41aa-b518-20240006afa3/allocations" status: 200 len: 253 microversion: 1.0 [pid: 7|app: 0|req: 443/884] 199.19.213.232 () {32 vars in 856 bytes} [Thu Jun 25 23:34:57 2026] GET /resource_providers/f1095264-364f-41aa-b518-20240006afa3/allocations => generated 253 bytes in 15 msecs (HTTP/1.1 200) 6 headers in 224 bytes (1 switches on core 0)
2026-06-25 23:34:57.536 8 INFO placement.requestlog [req-b2c4afba-0e49-4300-b6d6-0d66c3261359 req-38fa04bb-f0f1-44fc-8ed5-7a5e130522e0 fca57cbae50546ae8e7a139a9efd2558 c3d1eadbc5f442c99be050d3cdfb48ad - - 4c30295d00c24c2a8eb0c660ac89543c 4c30295d00c24c2a8eb0c660ac89543c] 199.19.213.232 "GET /allocations/a82b1d9a-8f5b-479a-847f-a7d1ee771a9b" status: 200 len: 258 microversion: 1.28 [pid: 8|app: 0|req: 442/885] 199.19.213.232 () {34 vars in 862 bytes} [Thu Jun 25 23:34:57 2026] GET /allocations/a82b1d9a-8f5b-479a-847f-a7d1ee771a9b => generated 258 bytes in 8 msecs (HTTP/1.1 200) 8 headers in 296 bytes (1 switches on core 0)
2026-06-25 23:34:57.892 7 INFO placement.requestlog [req-00b777d2-c91c-49e3-ac29-977474d6f4bb req-7943fcdc-1b00-47b1-b994-e23b5390c59a fca57cbae50546ae8e7a139a9efd2558 c3d1eadbc5f442c99be050d3cdfb48ad - - 4c30295d00c24c2a8eb0c660ac89543c 4c30295d00c24c2a8eb0c660ac89543c] 199.19.213.232 "GET /resource_providers/f1095264-364f-41aa-b518-20240006afa3/allocations" status: 200 len: 253 microversion: 1.0 [pid: 7|app: 0|req: 444/886] 199.19.213.232 () {32 vars in 856 bytes} [Thu Jun 25 23:34:57 2026] GET /resource_providers/f1095264-364f-41aa-b518-20240006afa3/allocations => generated 253 bytes in 24 msecs (HTTP/1.1 200) 6 headers in 224 bytes (1 switches on core 0)
2026-06-25 23:34:57.929 8 INFO placement.requestlog [req-00b777d2-c91c-49e3-ac29-977474d6f4bb req-74551e74-240d-4111-bd9e-7325c47c7048 fca57cbae50546ae8e7a139a9efd2558 c3d1eadbc5f442c99be050d3cdfb48ad - - 4c30295d00c24c2a8eb0c660ac89543c 4c30295d00c24c2a8eb0c660ac89543c] 199.19.213.232 "GET /allocations/ce002a8b-37d0-40e3-8482-a6ee51af6f64" status: 200 len: 258 microversion: 1.28 [pid: 8|app: 0|req: 443/887] 199.19.213.232 () {34 vars in 862 bytes} [Thu Jun 25 23:34:57 2026] GET /allocations/ce002a8b-37d0-40e3-8482-a6ee51af6f64 => generated 258 bytes in 31 msecs (HTTP/1.1 200) 8 headers in 296 bytes (1 switches on core 0)
2026-06-25 23:34:57.954 7 INFO placement.requestlog [req-00b777d2-c91c-49e3-ac29-977474d6f4bb req-f2a574d8-0fd8-4862-a3cd-e547eed3f250 fca57cbae50546ae8e7a139a9efd2558 c3d1eadbc5f442c99be050d3cdfb48ad - - 4c30295d00c24c2a8eb0c660ac89543c 4c30295d00c24c2a8eb0c660ac89543c] 199.19.213.232 "GET /allocations/a82b1d9a-8f5b-479a-847f-a7d1ee771a9b" status: 200 len: 258 microversion: 1.28 [pid: 7|app: 0|req: 445/888] 199.19.213.232 () {34 vars in 862 bytes} [Thu Jun 25 23:34:57 2026] GET /allocations/a82b1d9a-8f5b-479a-847f-a7d1ee771a9b => generated 258 bytes in 19 msecs (HTTP/1.1 200) 8 headers in 296 bytes (1 switches on core 0)
2026-06-25 23:34:57.996 8 INFO placement.requestlog [req-8c9a84ff-551e-4b58-9f0e-d5ff4b474bdb req-d243cb91-bcc0-4af2-ba16-249b1f9f6809 fca57cbae50546ae8e7a139a9efd2558 c3d1eadbc5f442c99be050d3cdfb48ad - - 4c30295d00c24c2a8eb0c660ac89543c 4c30295d00c24c2a8eb0c660ac89543c] 10.0.0.102 "GET /allocation_candidates?limit=1000&resources=DISK_GB%3A1%2CMEMORY_MB%3A512%2CVCPU%3A1&root_required=%21COMPUTE_STATUS_DISABLED" status: 200 len: 2445 microversion: 1.36 [pid: 8|app: 0|req: 444/889] 10.0.0.102 () {34 vars in 1011 bytes} [Thu Jun 25 23:34:57 2026] GET /allocation_candidates?limit=1000&resources=DISK_GB%3A1%2CMEMORY_MB%3A512%2CVCPU%3A1&root_required=%21COMPUTE_STATUS_DISABLED => generated 2445 bytes in 56 msecs (HTTP/1.1 200) 8 headers in 297 bytes (1 switches on core 0)
2026-06-25 23:34:58.017 7 INFO placement.requestlog [req-8c9a84ff-551e-4b58-9f0e-d5ff4b474bdb req-30efdca3-9095-4277-857f-ee07d96c29c3 fca57cbae50546ae8e7a139a9efd2558 c3d1eadbc5f442c99be050d3cdfb48ad - - 4c30295d00c24c2a8eb0c660ac89543c 4c30295d00c24c2a8eb0c660ac89543c] 10.0.0.102 "GET /allocations/a18daef1-b8b9-44c4-be84-a42e0ed387e5" status: 200 len: 19 microversion: 1.28 [pid: 7|app: 0|req: 446/890] 10.0.0.102 () {34 vars in 860 bytes} [Thu Jun 25 23:34:58 2026] GET /allocations/a18daef1-b8b9-44c4-be84-a42e0ed387e5 => generated 19 bytes in 9 msecs (HTTP/1.1 200) 8 headers in 295 bytes (1 switches on core 0)
2026-06-25 23:34:58.079 8 INFO placement.requestlog [req-8c9a84ff-551e-4b58-9f0e-d5ff4b474bdb req-0c830a1c-223f-494c-a8bf-939c19497bea fca57cbae50546ae8e7a139a9efd2558 c3d1eadbc5f442c99be050d3cdfb48ad - - 4c30295d00c24c2a8eb0c660ac89543c 4c30295d00c24c2a8eb0c660ac89543c] 10.0.0.102 "PUT /allocations/a18daef1-b8b9-44c4-be84-a42e0ed387e5" status: 204 len: 0 microversion: 1.36 [pid: 8|app: 0|req: 445/891] 10.0.0.102 () {38 vars in 913 bytes} [Thu Jun 25 23:34:58 2026] PUT /allocations/a18daef1-b8b9-44c4-be84-a42e0ed387e5 => generated 0 bytes in 57 msecs (HTTP/1.1 204) 5 headers in 199 bytes (1 switches on core 0)
2026-06-25 23:34:59.623 7 INFO placement.requestlog [req-8c9a84ff-551e-4b58-9f0e-d5ff4b474bdb req-abeff204-3b90-4b87-a667-72b290eb6959 fca57cbae50546ae8e7a139a9efd2558 c3d1eadbc5f442c99be050d3cdfb48ad - - 4c30295d00c24c2a8eb0c660ac89543c 4c30295d00c24c2a8eb0c660ac89543c] 199.19.213.232 "GET /allocations/a18daef1-b8b9-44c4-be84-a42e0ed387e5" status: 200 len: 258 microversion: 1.28 [pid: 7|app: 0|req: 447/892] 199.19.213.232 () {34 vars in 862 bytes} [Thu Jun 25 23:34:59 2026] GET /allocations/a18daef1-b8b9-44c4-be84-a42e0ed387e5 => generated 258 bytes in 16 msecs (HTTP/1.1 200) 8 headers in 296 bytes (1 switches on core 0)
2026-06-25 23:34:59.761 8 INFO placement.requestlog [None req-a8ee6b19-d992-4c2d-8608-fdd6bbba56ed - - - - - -] 10.0.0.89 "GET /" status: 200 len: 136 microversion: 1.0
2026-06-25 23:34:59.762 7 INFO placement.requestlog [None req-710a00c8-2e0d-449f-bb36-d21566f91fc5 - - - - - -] 10.0.0.89 "GET /" status: 200 len: 136 microversion: 1.0
2026-06-25 23:35:00.021 7 INFO placement.requestlog [req-b2c4afba-0e49-4300-b6d6-0d66c3261359 req-13fa88c2-96dc-4195-8855-f3fe42b13a99 fca57cbae50546ae8e7a139a9efd2558 c3d1eadbc5f442c99be050d3cdfb48ad - - 4c30295d00c24c2a8eb0c660ac89543c 4c30295d00c24c2a8eb0c660ac89543c] 199.19.213.232 "GET /resource_providers/f1095264-364f-41aa-b518-20240006afa3/allocations" status: 200 len: 353 microversion: 1.0 [pid: 7|app: 0|req: 449/895] 199.19.213.232 () {32 vars in 856 bytes} [Thu Jun 25 23:34:59 2026] GET /resource_providers/f1095264-364f-41aa-b518-20240006afa3/allocations => generated 353 bytes in 23 msecs (HTTP/1.1 200) 6 headers in 224 bytes (1 switches on core 0)
2026-06-25 23:35:00.042 8 INFO placement.requestlog [req-b2c4afba-0e49-4300-b6d6-0d66c3261359 req-1444f4ad-5bd8-44f8-80cd-3813ecd293ce fca57cbae50546ae8e7a139a9efd2558 c3d1eadbc5f442c99be050d3cdfb48ad - - 4c30295d00c24c2a8eb0c660ac89543c 4c30295d00c24c2a8eb0c660ac89543c] 199.19.213.232 "GET /allocations/ce002a8b-37d0-40e3-8482-a6ee51af6f64" status: 200 len: 258 microversion: 1.28 [pid: 8|app: 0|req: 447/896] 199.19.213.232 () {34 vars in 862 bytes} [Thu Jun 25 23:35:00 2026] GET /allocations/ce002a8b-37d0-40e3-8482-a6ee51af6f64 => generated 258 bytes in 14 msecs (HTTP/1.1 200) 8 headers in 296 bytes (1 switches on core 0)
2026-06-25 23:35:00.064 7 INFO placement.requestlog [req-b2c4afba-0e49-4300-b6d6-0d66c3261359 req-ca38cb07-cf2c-4082-8b79-f0b6b2c2041b fca57cbae50546ae8e7a139a9efd2558 c3d1eadbc5f442c99be050d3cdfb48ad - - 4c30295d00c24c2a8eb0c660ac89543c 4c30295d00c24c2a8eb0c660ac89543c] 199.19.213.232 "GET /allocations/a82b1d9a-8f5b-479a-847f-a7d1ee771a9b" status: 200 len: 258 microversion: 1.28 [pid: 7|app: 0|req: 450/897] 199.19.213.232 () {34 vars in 862 bytes} [Thu Jun 25 23:35:00 2026] GET /allocations/a82b1d9a-8f5b-479a-847f-a7d1ee771a9b => generated 258 bytes in 14 msecs (HTTP/1.1 200) 8 headers in 296 bytes (1 switches on core 0)
2026-06-25 23:35:00.085 8 INFO placement.requestlog [req-b2c4afba-0e49-4300-b6d6-0d66c3261359 req-a620939d-039f-4d14-83e1-9d24afad8cf1 fca57cbae50546ae8e7a139a9efd2558 c3d1eadbc5f442c99be050d3cdfb48ad - - 4c30295d00c24c2a8eb0c660ac89543c 4c30295d00c24c2a8eb0c660ac89543c] 199.19.213.232 "GET /allocations/a18daef1-b8b9-44c4-be84-a42e0ed387e5" status: 200 len: 258 microversion: 1.28 [pid: 8|app: 0|req: 448/898] 199.19.213.232 () {34 vars in 862 bytes} [Thu Jun 25 23:35:00 2026] GET /allocations/a18daef1-b8b9-44c4-be84-a42e0ed387e5 => generated 258 bytes in 13 msecs (HTTP/1.1 200) 8 headers in 296 bytes (1 switches on core 0)
2026-06-25 23:35:02.152 7 INFO placement.requestlog [req-8c9a84ff-551e-4b58-9f0e-d5ff4b474bdb req-521bfcaf-0d49-439d-a07f-16a3ce464d6d fca57cbae50546ae8e7a139a9efd2558 c3d1eadbc5f442c99be050d3cdfb48ad - - 4c30295d00c24c2a8eb0c660ac89543c 4c30295d00c24c2a8eb0c660ac89543c] 199.19.213.232 "GET /resource_providers/f1095264-364f-41aa-b518-20240006afa3/allocations" status: 200 len: 353 microversion: 1.0 [pid: 7|app: 0|req: 451/899] 199.19.213.232 () {32 vars in 856 bytes} [Thu Jun 25 23:35:02 2026] GET /resource_providers/f1095264-364f-41aa-b518-20240006afa3/allocations => generated 353 bytes in 17 msecs (HTTP/1.1 200) 6 headers in 224 bytes (1 switches on core 0)
2026-06-25 23:35:02.166 8 INFO placement.requestlog [req-8c9a84ff-551e-4b58-9f0e-d5ff4b474bdb req-fa85faad-6a9e-42ec-b357-49d0e282f607 fca57cbae50546ae8e7a139a9efd2558 c3d1eadbc5f442c99be050d3cdfb48ad - - 4c30295d00c24c2a8eb0c660ac89543c 4c30295d00c24c2a8eb0c660ac89543c] 199.19.213.232 "GET /allocations/ce002a8b-37d0-40e3-8482-a6ee51af6f64" status: 200 len: 258 microversion: 1.28 [pid: 8|app: 0|req: 449/900] 199.19.213.232 () {34 vars in 862 bytes} [Thu Jun 25 23:35:02 2026] GET /allocations/ce002a8b-37d0-40e3-8482-a6ee51af6f64 => generated 258 bytes in 9 msecs (HTTP/1.1 200) 8 headers in 296 bytes (1 switches on core 0)
2026-06-25 23:35:02.184 7 INFO placement.requestlog [req-8c9a84ff-551e-4b58-9f0e-d5ff4b474bdb req-2e437367-eb95-4dd7-9344-5a4b36f5d6f1 fca57cbae50546ae8e7a139a9efd2558 c3d1eadbc5f442c99be050d3cdfb48ad - - 4c30295d00c24c2a8eb0c660ac89543c 4c30295d00c24c2a8eb0c660ac89543c] 199.19.213.232 "GET /allocations/a82b1d9a-8f5b-479a-847f-a7d1ee771a9b" status: 200 len: 258 microversion: 1.28 [pid: 7|app: 0|req: 452/901] 199.19.213.232 () {34 vars in 862 bytes} [Thu Jun 25 23:35:02 2026] GET /allocations/a82b1d9a-8f5b-479a-847f-a7d1ee771a9b => generated 258 bytes in 12 msecs (HTTP/1.1 200) 8 headers in 296 bytes (1 switches on core 0)
2026-06-25 23:35:02.198 8 INFO placement.requestlog [req-8c9a84ff-551e-4b58-9f0e-d5ff4b474bdb req-4e8fa4b1-d508-4e08-9392-f4e83f94281d fca57cbae50546ae8e7a139a9efd2558 c3d1eadbc5f442c99be050d3cdfb48ad - - 4c30295d00c24c2a8eb0c660ac89543c 4c30295d00c24c2a8eb0c660ac89543c] 199.19.213.232 "GET /allocations/a18daef1-b8b9-44c4-be84-a42e0ed387e5" status: 200 len: 258 microversion: 1.28 [pid: 8|app: 0|req: 450/902] 199.19.213.232 () {34 vars in 862 bytes} [Thu Jun 25 23:35:02 2026] GET /allocations/a18daef1-b8b9-44c4-be84-a42e0ed387e5 => generated 258 bytes in 9 msecs (HTTP/1.1 200) 8 headers in 296 bytes (1 switches on core 0)
2026-06-25 23:35:02.407 7 INFO placement.requestlog [None req-7f968f01-a1e5-4c56-bbba-3dc570755f0a e503725d6cab4ebf949b81287d4d2a94 c3d1eadbc5f442c99be050d3cdfb48ad - - 4c30295d00c24c2a8eb0c660ac89543c 4c30295d00c24c2a8eb0c660ac89543c] 10.0.0.183 "GET /resource_providers/88e2bee2-d664-4411-909e-ce8dc1f6a9f2/aggregates" status: 404 len: 235 microversion: 1.1 [pid: 7|app: 0|req: 453/903] 10.0.0.183 () {32 vars in 815 bytes} [Thu Jun 25 23:35:02 2026] GET /resource_providers/88e2bee2-d664-4411-909e-ce8dc1f6a9f2/aggregates => generated 235 bytes in 9 msecs (HTTP/1.1 404) 5 headers in 202 bytes (1 switches on core 0)
2026-06-25 23:35:02.415 8 INFO placement.requestlog [None req-90b85c6f-7f02-4e2c-8785-82b0bb7470dd e503725d6cab4ebf949b81287d4d2a94 c3d1eadbc5f442c99be050d3cdfb48ad - - 4c30295d00c24c2a8eb0c660ac89543c 4c30295d00c24c2a8eb0c660ac89543c] 10.0.0.183 "GET /resource_providers/88e2bee2-d664-4411-909e-ce8dc1f6a9f2/aggregates" status: 404 len: 235 microversion: 1.1 [pid: 8|app: 0|req: 451/904] 10.0.0.183 () {32 vars in 815 bytes} [Thu Jun 25 23:35:02 2026] GET /resource_providers/88e2bee2-d664-4411-909e-ce8dc1f6a9f2/aggregates => generated 235 bytes in 17 msecs (HTTP/1.1 404) 5 headers in 202 bytes (1 switches on core 0)
2026-06-25 23:35:02.426 7 INFO placement.requestlog [None req-3be91b05-9222-465b-8125-b7a1702a4a72 e503725d6cab4ebf949b81287d4d2a94 c3d1eadbc5f442c99be050d3cdfb48ad - - 4c30295d00c24c2a8eb0c660ac89543c 4c30295d00c24c2a8eb0c660ac89543c] 10.0.0.183 "DELETE /resource_providers/88e2bee2-d664-4411-909e-ce8dc1f6a9f2" status: 404 len: 246 microversion: 1.1 [pid: 7|app: 0|req: 454/905] 10.0.0.183 () {34 vars in 815 bytes} [Thu Jun 25 23:35:02 2026] DELETE /resource_providers/88e2bee2-d664-4411-909e-ce8dc1f6a9f2 => generated 246 bytes in 10 msecs (HTTP/1.1 404) 6 headers in 231 bytes (1 switches on core 0)
2026-06-25 23:35:02.435 8 INFO placement.requestlog [None req-e221bcee-0306-4550-aa76-a7162233a3f2 e503725d6cab4ebf949b81287d4d2a94 c3d1eadbc5f442c99be050d3cdfb48ad - - 4c30295d00c24c2a8eb0c660ac89543c 4c30295d00c24c2a8eb0c660ac89543c] 10.0.0.183 "DELETE /resource_providers/88e2bee2-d664-4411-909e-ce8dc1f6a9f2" status: 404 len: 246 microversion: 1.1 [pid: 8|app: 0|req: 452/906] 10.0.0.183 () {34 vars in 815 bytes} [Thu Jun 25 23:35:02 2026] DELETE /resource_providers/88e2bee2-d664-4411-909e-ce8dc1f6a9f2 => generated 246 bytes in 12 msecs (HTTP/1.1 404) 6 headers in 231 bytes (1 switches on core 0)
2026-06-25 23:35:03.433 7 INFO placement.requestlog [None req-c9852eb6-3704-4d28-9a80-ecea13514215 e503725d6cab4ebf949b81287d4d2a94 c3d1eadbc5f442c99be050d3cdfb48ad - - 4c30295d00c24c2a8eb0c660ac89543c 4c30295d00c24c2a8eb0c660ac89543c] 10.0.0.183 "GET /resource_providers/c483d424-1352-412c-a66b-52428b5693fd/aggregates" status: 404 len: 235 microversion: 1.1 [pid: 7|app: 0|req: 455/907] 10.0.0.183 () {32 vars in 815 bytes} [Thu Jun 25 23:35:03 2026] GET /resource_providers/c483d424-1352-412c-a66b-52428b5693fd/aggregates => generated 235 bytes in 8 msecs (HTTP/1.1 404) 5 headers in 202 bytes (1 switches on core 0)
2026-06-25 23:35:03.442 8 INFO placement.requestlog [None req-94e02543-abab-4dee-801c-7f99b04cfd0a e503725d6cab4ebf949b81287d4d2a94 c3d1eadbc5f442c99be050d3cdfb48ad - - 4c30295d00c24c2a8eb0c660ac89543c 4c30295d00c24c2a8eb0c660ac89543c] 10.0.0.183 "GET /resource_providers/c483d424-1352-412c-a66b-52428b5693fd/aggregates" status: 404 len: 235 microversion: 1.1 [pid: 8|app: 0|req: 453/908] 10.0.0.183 () {32 vars in 815 bytes} [Thu Jun 25 23:35:03 2026] GET /resource_providers/c483d424-1352-412c-a66b-52428b5693fd/aggregates => generated 235 bytes in 11 msecs (HTTP/1.1 404) 5 headers in 202 bytes (1 switches on core 0)
2026-06-25 23:35:03.452 7 INFO placement.requestlog [None req-005ee414-1394-43dc-b198-2a3b4d9bd0e9 e503725d6cab4ebf949b81287d4d2a94 c3d1eadbc5f442c99be050d3cdfb48ad - - 4c30295d00c24c2a8eb0c660ac89543c 4c30295d00c24c2a8eb0c660ac89543c] 10.0.0.183 "DELETE /resource_providers/c483d424-1352-412c-a66b-52428b5693fd" status: 404 len: 246 microversion: 1.1 [pid: 7|app: 0|req: 456/909] 10.0.0.183 () {34 vars in 815 bytes} [Thu Jun 25 23:35:03 2026] DELETE /resource_providers/c483d424-1352-412c-a66b-52428b5693fd => generated 246 bytes in 11 msecs (HTTP/1.1 404) 6 headers in 231 bytes (1 switches on core 0)
2026-06-25 23:35:03.464 8 INFO placement.requestlog [None req-9064b75e-59da-4ef5-a903-5b96d21c5b92 e503725d6cab4ebf949b81287d4d2a94 c3d1eadbc5f442c99be050d3cdfb48ad - - 4c30295d00c24c2a8eb0c660ac89543c 4c30295d00c24c2a8eb0c660ac89543c] 10.0.0.183 "DELETE /resource_providers/c483d424-1352-412c-a66b-52428b5693fd" status: 404 len: 246 microversion: 1.1 [pid: 8|app: 0|req: 454/910] 10.0.0.183 () {34 vars in 815 bytes} [Thu Jun 25 23:35:03 2026] DELETE /resource_providers/c483d424-1352-412c-a66b-52428b5693fd => generated 246 bytes in 9 msecs (HTTP/1.1 404) 6 headers in 231 bytes (1 switches on core 0)
2026-06-25 23:35:09.761 7 INFO placement.requestlog [None req-d8c86cba-c99c-4f8a-bdea-cde892de16ce - - - - - -] 10.0.0.89 "GET /" status: 200 len: 136 microversion: 1.0
2026-06-25 23:35:09.761 8 INFO placement.requestlog [None req-cd4d28b0-6f6b-4367-83c0-7191d1473b06 - - - - - -] 10.0.0.89 "GET /" status: 200 len: 136 microversion: 1.0
2026-06-25 23:35:19.761 7 INFO placement.requestlog [None req-6b6ea719-c91b-4b07-a2c1-2fc31b29f343 - - - - - -] 10.0.0.89 "GET /" status: 200 len: 136 microversion: 1.0
2026-06-25 23:35:19.762 8 INFO placement.requestlog [None req-20c7708d-53a3-4154-a129-8afc7b7b37fc - - - - - -] 10.0.0.89 "GET /" status: 200 len: 136 microversion: 1.0
2026-06-25 23:35:29.761 7 INFO placement.requestlog [None req-0b2b7600-03e4-4603-8c18-1c94f30c43e9 - - - - - -] 10.0.0.89 "GET /" status: 200 len: 136 microversion: 1.0
2026-06-25 23:35:29.761 8 INFO placement.requestlog [None req-25f393ed-cf59-4c44-a7a5-4e9a9dc02b21 - - - - - -] 10.0.0.89 "GET /" status: 200 len: 136 microversion: 1.0
2026-06-25 23:35:29.890 7 INFO placement.requestlog [req-416dab4d-5e48-4309-a232-f7dbd1fb57ac req-cca13c10-3558-40b1-ba57-9507846a1537 fca57cbae50546ae8e7a139a9efd2558 c3d1eadbc5f442c99be050d3cdfb48ad - - 4c30295d00c24c2a8eb0c660ac89543c 4c30295d00c24c2a8eb0c660ac89543c] 10.0.0.102 "GET /allocation_candidates?limit=1000&resources=DISK_GB%3A1%2CMEMORY_MB%3A512%2CVCPU%3A1&root_required=%21COMPUTE_STATUS_DISABLED" status: 200 len: 2445 microversion: 1.36 [pid: 7|app: 0|req: 460/917] 10.0.0.102 () {34 vars in 1011 bytes} [Thu Jun 25 23:35:29 2026] GET /allocation_candidates?limit=1000&resources=DISK_GB%3A1%2CMEMORY_MB%3A512%2CVCPU%3A1&root_required=%21COMPUTE_STATUS_DISABLED => generated 2445 bytes in 45 msecs (HTTP/1.1 200) 8 headers in 297 bytes (1 switches on core 0)
2026-06-25 23:35:29.917 8 INFO placement.requestlog [req-416dab4d-5e48-4309-a232-f7dbd1fb57ac req-4ed76529-e2f4-4554-a260-840ec1b6a0a4 fca57cbae50546ae8e7a139a9efd2558 c3d1eadbc5f442c99be050d3cdfb48ad - - 4c30295d00c24c2a8eb0c660ac89543c 4c30295d00c24c2a8eb0c660ac89543c] 10.0.0.102 "GET /allocations/1eb7d66c-0d0f-4bc2-83e5-9dd63b97b448" status: 200 len: 19 microversion: 1.28 [pid: 8|app: 0|req: 458/918] 10.0.0.102 () {34 vars in 860 bytes} [Thu Jun 25 23:35:29 2026] GET /allocations/1eb7d66c-0d0f-4bc2-83e5-9dd63b97b448 => generated 19 bytes in 7 msecs (HTTP/1.1 200) 8 headers in 295 bytes (1 switches on core 0)
2026-06-25 23:35:30.005 7 INFO placement.requestlog [req-416dab4d-5e48-4309-a232-f7dbd1fb57ac req-5325a60c-10c2-4a3b-9db3-5bf6210595a4 fca57cbae50546ae8e7a139a9efd2558 c3d1eadbc5f442c99be050d3cdfb48ad - - 4c30295d00c24c2a8eb0c660ac89543c 4c30295d00c24c2a8eb0c660ac89543c] 10.0.0.102 "PUT /allocations/1eb7d66c-0d0f-4bc2-83e5-9dd63b97b448" status: 204 len: 0 microversion: 1.36 [pid: 7|app: 0|req: 461/919] 10.0.0.102 () {38 vars in 913 bytes} [Thu Jun 25 23:35:29 2026] PUT /allocations/1eb7d66c-0d0f-4bc2-83e5-9dd63b97b448 => generated 0 bytes in 81 msecs (HTTP/1.1 204) 5 headers in 199 bytes (1 switches on core 0)
2026-06-25 23:35:31.108 8 INFO placement.requestlog [req-8cd3b233-20ba-494d-9465-e62278479016 req-dfe986f7-ad07-4ff5-8bf3-effb55012737 fca57cbae50546ae8e7a139a9efd2558 c3d1eadbc5f442c99be050d3cdfb48ad - - 4c30295d00c24c2a8eb0c660ac89543c 4c30295d00c24c2a8eb0c660ac89543c] 199.19.213.232 "GET /resource_providers/f1095264-364f-41aa-b518-20240006afa3/allocations" status: 200 len: 453 microversion: 1.0 [pid: 8|app: 0|req: 459/920] 199.19.213.232 () {32 vars in 856 bytes} [Thu Jun 25 23:35:31 2026] GET /resource_providers/f1095264-364f-41aa-b518-20240006afa3/allocations => generated 453 bytes in 16 msecs (HTTP/1.1 200) 6 headers in 224 bytes (1 switches on core 0)
2026-06-25 23:35:31.130 7 INFO placement.requestlog [req-8cd3b233-20ba-494d-9465-e62278479016 req-eb9b593c-6f8d-4165-8837-ed04655017d9 fca57cbae50546ae8e7a139a9efd2558 c3d1eadbc5f442c99be050d3cdfb48ad - - 4c30295d00c24c2a8eb0c660ac89543c 4c30295d00c24c2a8eb0c660ac89543c] 199.19.213.232 "GET /allocations/ce002a8b-37d0-40e3-8482-a6ee51af6f64" status: 200 len: 258 microversion: 1.28 [pid: 7|app: 0|req: 462/921] 199.19.213.232 () {34 vars in 862 bytes} [Thu Jun 25 23:35:31 2026] GET /allocations/ce002a8b-37d0-40e3-8482-a6ee51af6f64 => generated 258 bytes in 14 msecs (HTTP/1.1 200) 8 headers in 296 bytes (1 switches on core 0)
2026-06-25 23:35:31.147 8 INFO placement.requestlog [req-8cd3b233-20ba-494d-9465-e62278479016 req-853c7ba7-2928-48b2-a5c0-68790edfa521 fca57cbae50546ae8e7a139a9efd2558 c3d1eadbc5f442c99be050d3cdfb48ad - - 4c30295d00c24c2a8eb0c660ac89543c 4c30295d00c24c2a8eb0c660ac89543c] 199.19.213.232 "GET /allocations/a82b1d9a-8f5b-479a-847f-a7d1ee771a9b" status: 200 len: 258 microversion: 1.28 [pid: 8|app: 0|req: 460/922] 199.19.213.232 () {34 vars in 862 bytes} [Thu Jun 25 23:35:31 2026] GET /allocations/a82b1d9a-8f5b-479a-847f-a7d1ee771a9b => generated 258 bytes in 11 msecs (HTTP/1.1 200) 8 headers in 296 bytes (1 switches on core 0)
2026-06-25 23:35:31.168 7 INFO placement.requestlog [req-8cd3b233-20ba-494d-9465-e62278479016 req-f2f466f8-e7c3-4676-b3ac-68de6a4fc6c1 fca57cbae50546ae8e7a139a9efd2558 c3d1eadbc5f442c99be050d3cdfb48ad - - 4c30295d00c24c2a8eb0c660ac89543c 4c30295d00c24c2a8eb0c660ac89543c] 199.19.213.232 "GET /allocations/a18daef1-b8b9-44c4-be84-a42e0ed387e5" status: 200 len: 258 microversion: 1.28 [pid: 7|app: 0|req: 463/923] 199.19.213.232 () {34 vars in 862 bytes} [Thu Jun 25 23:35:31 2026] GET /allocations/a18daef1-b8b9-44c4-be84-a42e0ed387e5 => generated 258 bytes in 14 msecs (HTTP/1.1 200) 8 headers in 296 bytes (1 switches on core 0)
2026-06-25 23:35:31.187 8 INFO placement.requestlog [req-8cd3b233-20ba-494d-9465-e62278479016 req-9b18452b-9fe7-47c8-8270-44372b923569 fca57cbae50546ae8e7a139a9efd2558 c3d1eadbc5f442c99be050d3cdfb48ad - - 4c30295d00c24c2a8eb0c660ac89543c 4c30295d00c24c2a8eb0c660ac89543c] 199.19.213.232 "GET /allocations/1eb7d66c-0d0f-4bc2-83e5-9dd63b97b448" status: 200 len: 258 microversion: 1.28 [pid: 8|app: 0|req: 461/924] 199.19.213.232 () {34 vars in 862 bytes} [Thu Jun 25 23:35:31 2026] GET /allocations/1eb7d66c-0d0f-4bc2-83e5-9dd63b97b448 => generated 258 bytes in 12 msecs (HTTP/1.1 200) 8 headers in 296 bytes (1 switches on core 0)
2026-06-25 23:35:31.504 7 INFO placement.requestlog [req-416dab4d-5e48-4309-a232-f7dbd1fb57ac req-9c2bf533-2d2d-44de-b90f-5e606a5744e8 fca57cbae50546ae8e7a139a9efd2558 c3d1eadbc5f442c99be050d3cdfb48ad - - 4c30295d00c24c2a8eb0c660ac89543c 4c30295d00c24c2a8eb0c660ac89543c] 199.19.213.232 "GET /allocations/1eb7d66c-0d0f-4bc2-83e5-9dd63b97b448" status: 200 len: 258 microversion: 1.28 [pid: 7|app: 0|req: 464/925] 199.19.213.232 () {34 vars in 862 bytes} [Thu Jun 25 23:35:31 2026] GET /allocations/1eb7d66c-0d0f-4bc2-83e5-9dd63b97b448 => generated 258 bytes in 14 msecs (HTTP/1.1 200) 8 headers in 296 bytes (1 switches on core 0)
2026-06-25 23:35:32.237 8 INFO placement.requestlog [req-8cd3b233-20ba-494d-9465-e62278479016 req-b3b601fa-4552-43e8-ae78-4afab2d560ab fca57cbae50546ae8e7a139a9efd2558 c3d1eadbc5f442c99be050d3cdfb48ad - - 4c30295d00c24c2a8eb0c660ac89543c 4c30295d00c24c2a8eb0c660ac89543c] 199.19.213.232 "DELETE /allocations/a18daef1-b8b9-44c4-be84-a42e0ed387e5" status: 204 len: 0 microversion: 1.0 [pid: 8|app: 0|req: 462/926] 199.19.213.232 () {34 vars in 840 bytes} [Thu Jun 25 23:35:32 2026] DELETE /allocations/a18daef1-b8b9-44c4-be84-a42e0ed387e5 => generated 0 bytes in 23 msecs (HTTP/1.1 204) 5 headers in 198 bytes (1 switches on core 0)
2026-06-25 23:35:33.262 7 INFO placement.requestlog [req-416dab4d-5e48-4309-a232-f7dbd1fb57ac req-edd67554-24f1-4ac6-811f-36725d918f74 fca57cbae50546ae8e7a139a9efd2558 c3d1eadbc5f442c99be050d3cdfb48ad - - 4c30295d00c24c2a8eb0c660ac89543c 4c30295d00c24c2a8eb0c660ac89543c] 199.19.213.232 "GET /resource_providers/f1095264-364f-41aa-b518-20240006afa3/allocations" status: 200 len: 353 microversion: 1.0 [pid: 7|app: 0|req: 465/927] 199.19.213.232 () {32 vars in 856 bytes} [Thu Jun 25 23:35:33 2026] GET /resource_providers/f1095264-364f-41aa-b518-20240006afa3/allocations => generated 353 bytes in 18 msecs (HTTP/1.1 200) 6 headers in 224 bytes (1 switches on core 0)
2026-06-25 23:35:33.280 8 INFO placement.requestlog [req-416dab4d-5e48-4309-a232-f7dbd1fb57ac req-8e3163db-b8ff-4ac4-af64-829ca4b90d2c fca57cbae50546ae8e7a139a9efd2558 c3d1eadbc5f442c99be050d3cdfb48ad - - 4c30295d00c24c2a8eb0c660ac89543c 4c30295d00c24c2a8eb0c660ac89543c] 199.19.213.232 "GET /allocations/ce002a8b-37d0-40e3-8482-a6ee51af6f64" status: 200 len: 258 microversion: 1.28 [pid: 8|app: 0|req: 463/928] 199.19.213.232 () {34 vars in 862 bytes} [Thu Jun 25 23:35:33 2026] GET /allocations/ce002a8b-37d0-40e3-8482-a6ee51af6f64 => generated 258 bytes in 12 msecs (HTTP/1.1 200) 8 headers in 296 bytes (1 switches on core 0)
2026-06-25 23:35:33.300 7 INFO placement.requestlog [req-416dab4d-5e48-4309-a232-f7dbd1fb57ac req-564cdd66-4090-4ff9-9971-051ec314cd33 fca57cbae50546ae8e7a139a9efd2558 c3d1eadbc5f442c99be050d3cdfb48ad - - 4c30295d00c24c2a8eb0c660ac89543c 4c30295d00c24c2a8eb0c660ac89543c] 199.19.213.232 "GET /allocations/a82b1d9a-8f5b-479a-847f-a7d1ee771a9b" status: 200 len: 258 microversion: 1.28 [pid: 7|app: 0|req: 466/929] 199.19.213.232 () {34 vars in 862 bytes} [Thu Jun 25 23:35:33 2026] GET /allocations/a82b1d9a-8f5b-479a-847f-a7d1ee771a9b => generated 258 bytes in 12 msecs (HTTP/1.1 200) 8 headers in 296 bytes (1 switches on core 0)
2026-06-25 23:35:33.318 8 INFO placement.requestlog [req-416dab4d-5e48-4309-a232-f7dbd1fb57ac req-60630871-e92a-4746-9526-5f4804da15c3 fca57cbae50546ae8e7a139a9efd2558 c3d1eadbc5f442c99be050d3cdfb48ad - - 4c30295d00c24c2a8eb0c660ac89543c 4c30295d00c24c2a8eb0c660ac89543c] 199.19.213.232 "GET /allocations/1eb7d66c-0d0f-4bc2-83e5-9dd63b97b448" status: 200 len: 258 microversion: 1.28 [pid: 8|app: 0|req: 464/930] 199.19.213.232 () {34 vars in 862 bytes} [Thu Jun 25 23:35:33 2026] GET /allocations/1eb7d66c-0d0f-4bc2-83e5-9dd63b97b448 => generated 258 bytes in 12 msecs (HTTP/1.1 200) 8 headers in 296 bytes (1 switches on core 0)
2026-06-25 23:35:35.997 7 INFO placement.requestlog [req-e206f30c-4f32-45e2-855d-a9f1f858e79e req-a709fb41-97b5-4cd0-b11d-fd8fd7542aff fca57cbae50546ae8e7a139a9efd2558 c3d1eadbc5f442c99be050d3cdfb48ad - - 4c30295d00c24c2a8eb0c660ac89543c 4c30295d00c24c2a8eb0c660ac89543c] 199.19.213.232 "GET /resource_providers/f1095264-364f-41aa-b518-20240006afa3/allocations" status: 200 len: 353 microversion: 1.0 [pid: 7|app: 0|req: 467/931] 199.19.213.232 () {32 vars in 856 bytes} [Thu Jun 25 23:35:35 2026] GET /resource_providers/f1095264-364f-41aa-b518-20240006afa3/allocations => generated 353 bytes in 17 msecs (HTTP/1.1 200) 6 headers in 224 bytes (1 switches on core 0)
2026-06-25 23:35:36.018 8 INFO placement.requestlog [req-e206f30c-4f32-45e2-855d-a9f1f858e79e req-85f2c690-745b-45d8-bcef-646bd997e1d7 fca57cbae50546ae8e7a139a9efd2558 c3d1eadbc5f442c99be050d3cdfb48ad - - 4c30295d00c24c2a8eb0c660ac89543c 4c30295d00c24c2a8eb0c660ac89543c] 199.19.213.232 "GET /allocations/ce002a8b-37d0-40e3-8482-a6ee51af6f64" status: 200 len: 258 microversion: 1.28 [pid: 8|app: 0|req: 465/932] 199.19.213.232 () {34 vars in 862 bytes} [Thu Jun 25 23:35:36 2026] GET /allocations/ce002a8b-37d0-40e3-8482-a6ee51af6f64 => generated 258 bytes in 17 msecs (HTTP/1.1 200) 8 headers in 296 bytes (1 switches on core 0)
2026-06-25 23:35:36.036 7 INFO placement.requestlog [req-e206f30c-4f32-45e2-855d-a9f1f858e79e req-8d409c30-5ce7-40e2-a7d6-4a187016a15e fca57cbae50546ae8e7a139a9efd2558 c3d1eadbc5f442c99be050d3cdfb48ad - - 4c30295d00c24c2a8eb0c660ac89543c 4c30295d00c24c2a8eb0c660ac89543c] 199.19.213.232 "GET /allocations/a82b1d9a-8f5b-479a-847f-a7d1ee771a9b" status: 200 len: 258 microversion: 1.28 [pid: 7|app: 0|req: 468/933] 199.19.213.232 () {34 vars in 862 bytes} [Thu Jun 25 23:35:36 2026] GET /allocations/a82b1d9a-8f5b-479a-847f-a7d1ee771a9b => generated 258 bytes in 12 msecs (HTTP/1.1 200) 8 headers in 296 bytes (1 switches on core 0)
2026-06-25 23:35:36.055 8 INFO placement.requestlog [req-e206f30c-4f32-45e2-855d-a9f1f858e79e req-0564dacf-b5a4-49af-8559-5aca669918f4 fca57cbae50546ae8e7a139a9efd2558 c3d1eadbc5f442c99be050d3cdfb48ad - - 4c30295d00c24c2a8eb0c660ac89543c 4c30295d00c24c2a8eb0c660ac89543c] 199.19.213.232 "GET /allocations/1eb7d66c-0d0f-4bc2-83e5-9dd63b97b448" status: 200 len: 258 microversion: 1.28 [pid: 8|app: 0|req: 466/934] 199.19.213.232 () {34 vars in 862 bytes} [Thu Jun 25 23:35:36 2026] GET /allocations/1eb7d66c-0d0f-4bc2-83e5-9dd63b97b448 => generated 258 bytes in 15 msecs (HTTP/1.1 200) 8 headers in 296 bytes (1 switches on core 0)
2026-06-25 23:35:37.101 7 INFO placement.requestlog [req-e206f30c-4f32-45e2-855d-a9f1f858e79e req-f3a6da2f-a42a-4108-baff-acd4407ae4bd fca57cbae50546ae8e7a139a9efd2558 c3d1eadbc5f442c99be050d3cdfb48ad - - 4c30295d00c24c2a8eb0c660ac89543c 4c30295d00c24c2a8eb0c660ac89543c] 199.19.213.232 "DELETE /allocations/a82b1d9a-8f5b-479a-847f-a7d1ee771a9b" status: 204 len: 0 microversion: 1.0 [pid: 7|app: 0|req: 469/935] 199.19.213.232 () {34 vars in 840 bytes} [Thu Jun 25 23:35:37 2026] DELETE /allocations/a82b1d9a-8f5b-479a-847f-a7d1ee771a9b => generated 0 bytes in 19 msecs (HTTP/1.1 204) 5 headers in 198 bytes (1 switches on core 0)
2026-06-25 23:35:38.699 8 INFO placement.requestlog [req-248964f7-013d-40d7-958e-c0ec3b59d4fd req-adbeff46-4cd6-4420-9a69-d4554f8dae15 fca57cbae50546ae8e7a139a9efd2558 c3d1eadbc5f442c99be050d3cdfb48ad - - 4c30295d00c24c2a8eb0c660ac89543c 4c30295d00c24c2a8eb0c660ac89543c] 199.19.213.232 "GET /resource_providers/f1095264-364f-41aa-b518-20240006afa3/allocations" status: 200 len: 253 microversion: 1.0 [pid: 8|app: 0|req: 467/936] 199.19.213.232 () {32 vars in 856 bytes} [Thu Jun 25 23:35:38 2026] GET /resource_providers/f1095264-364f-41aa-b518-20240006afa3/allocations => generated 253 bytes in 19 msecs (HTTP/1.1 200) 6 headers in 224 bytes (1 switches on core 0)
2026-06-25 23:35:38.721 7 INFO placement.requestlog [req-248964f7-013d-40d7-958e-c0ec3b59d4fd req-317a1da3-1f9e-4062-b9ce-6ec674ea4beb fca57cbae50546ae8e7a139a9efd2558 c3d1eadbc5f442c99be050d3cdfb48ad - - 4c30295d00c24c2a8eb0c660ac89543c 4c30295d00c24c2a8eb0c660ac89543c] 199.19.213.232 "GET /allocations/ce002a8b-37d0-40e3-8482-a6ee51af6f64" status: 200 len: 258 microversion: 1.28 [pid: 7|app: 0|req: 470/937] 199.19.213.232 () {34 vars in 862 bytes} [Thu Jun 25 23:35:38 2026] GET /allocations/ce002a8b-37d0-40e3-8482-a6ee51af6f64 => generated 258 bytes in 15 msecs (HTTP/1.1 200) 8 headers in 296 bytes (1 switches on core 0)
