2026-06-25 23:39:24.703 7 INFO neutron.notifiers.nova [-] Nova event matching ['req-8e0870b8-cfd7-4930-b17e-e736732bca75'] response: {'name': 'network-changed', 'server_uuid': 'f896ef46-625e-45cc-aea0-678fe6318939', 'tag': '927c09c6-4c5d-4ad4-98f4-a04a9e1211f5', 'status': 'completed', 'code': 200} /var/lib/openstack/lib/python3.12/site-packages/pycadf/identifier.py:70: UserWarning: Invalid uuid: neutron. To ensure interoperability, identifiers should be a valid uuid. warnings.warn(('Invalid uuid: %s. To ensure interoperability, ' [pid: 7|app: 0|req: 1593/3219] 10.0.0.120 () {34 vars in 990 bytes} [Thu Jun 25 23:39:24 2026] GET /v2.0/ports?device_id=f896ef46-625e-45cc-aea0-678fe6318939 => generated 1204 bytes in 86 msecs (HTTP/1.1 200) 4 headers in 158 bytes (1 switches on core 0) [pid: 8|app: 0|req: 1627/3220] 10.0.0.120 () {34 vars in 1040 bytes} [Thu Jun 25 23:39:24 2026] GET /v2.0/security-groups?id=8262cbab-51f4-40c5-a2a5-a6220189bc47&fields=id&fields=name => generated 111 bytes in 35 msecs (HTTP/1.1 200) 4 headers in 157 bytes (1 switches on core 0) [pid: 7|app: 0|req: 1594/3221] 199.19.213.232 () {34 vars in 1080 bytes} [Thu Jun 25 23:39:25 2026] GET /v2.0/ports?tenant_id=9d8310eec57b491dbe8ca22bfb05be9c&device_id=f896ef46-625e-45cc-aea0-678fe6318939 => generated 1442 bytes in 35 msecs (HTTP/1.1 200) 4 headers in 158 bytes (1 switches on core 0) [pid: 8|app: 0|req: 1628/3222] 199.19.213.232 () {34 vars in 986 bytes} [Thu Jun 25 23:39:25 2026] GET /v2.0/networks?id=a6c955f5-f25f-4bf7-817f-391636f1cac0 => generated 803 bytes in 51 msecs (HTTP/1.1 200) 4 headers in 157 bytes (1 switches on core 0) [pid: 7|app: 0|req: 1595/3223] 199.19.213.232 () {34 vars in 1058 bytes} [Thu Jun 25 23:39:25 2026] GET /v2.0/floatingips?fixed_ip_address=10.2.2.114&port_id=927c09c6-4c5d-4ad4-98f4-a04a9e1211f5 => generated 19 bytes in 25 msecs (HTTP/1.1 200) 4 headers in 156 bytes (1 switches on core 0) [pid: 8|app: 0|req: 1629/3224] 199.19.213.232 () {34 vars in 1106 bytes} [Thu Jun 25 23:39:25 2026] GET /v2.0/floatingips?fixed_ip_address=fd77%3A1457%3A4cf0%3A26a8%3A%3A239&port_id=927c09c6-4c5d-4ad4-98f4-a04a9e1211f5 => generated 19 bytes in 27 msecs (HTTP/1.1 200) 4 headers in 156 bytes (1 switches on core 0) [pid: 7|app: 0|req: 1596/3225] 199.19.213.232 () {34 vars in 1064 bytes} [Thu Jun 25 23:39:25 2026] GET /v2.0/subnets?id=4fe5cce2-f9c3-43c1-ac67-da5856d31b02&id=1f00d998-b03d-45ce-b60b-0e6dfcc73f9d => generated 1413 bytes in 40 msecs (HTTP/1.1 200) 4 headers in 158 bytes (1 switches on core 0) [pid: 8|app: 0|req: 1630/3226] 199.19.213.232 () {34 vars in 1052 bytes} [Thu Jun 25 23:39:25 2026] GET /v2.0/ports?network_id=a6c955f5-f25f-4bf7-817f-391636f1cac0&device_owner=network%3Adhcp => generated 12 bytes in 26 msecs (HTTP/1.1 200) 4 headers in 156 bytes (1 switches on core 0) [pid: 7|app: 0|req: 1597/3227] 199.19.213.232 () {34 vars in 1052 bytes} [Thu Jun 25 23:39:25 2026] GET /v2.0/ports?network_id=a6c955f5-f25f-4bf7-817f-391636f1cac0&device_owner=network%3Adhcp => generated 12 bytes in 31 msecs (HTTP/1.1 200) 4 headers in 156 bytes (1 switches on core 0) [pid: 8|app: 0|req: 1631/3228] 199.19.213.232 () {34 vars in 1012 bytes} [Thu Jun 25 23:39:25 2026] GET /v2.0/networks/a6c955f5-f25f-4bf7-817f-391636f1cac0?fields=segments => generated 14 bytes in 45 msecs (HTTP/1.1 200) 4 headers in 156 bytes (1 switches on core 0) [pid: 7|app: 0|req: 1598/3229] 199.19.213.232 () {34 vars in 1112 bytes} [Thu Jun 25 23:39:25 2026] GET /v2.0/networks/a6c955f5-f25f-4bf7-817f-391636f1cac0?fields=provider%3Aphysical_network&fields=provider%3Anetwork_type => generated 79 bytes in 50 msecs (HTTP/1.1 200) 4 headers in 156 bytes (1 switches on core 0)
2026-06-25 23:39:25.924 8 INFO neutron.plugins.ml2.drivers.ovn.mech_driver.mech_driver [None req-68753d76-40e0-4431-ab48-15111ae3897a - - - - - -] OVN reports status down for port: 927c09c6-4c5d-4ad4-98f4-a04a9e1211f5
2026-06-25 23:39:26.591 8 INFO neutron.notifiers.nova [-] Nova event matching ['req-e63470ac-502b-4240-afac-55bbfb48e9a6'] response: {'server_uuid': 'f896ef46-625e-45cc-aea0-678fe6318939', 'name': 'network-vif-unplugged', 'status': 'completed', 'tag': '927c09c6-4c5d-4ad4-98f4-a04a9e1211f5', 'code': 200}
2026-06-25 23:39:26.710 8 INFO neutron.db.ovn_revision_numbers_db [None req-68753d76-40e0-4431-ab48-15111ae3897a - - - - - -] Successfully bumped revision number for resource 927c09c6-4c5d-4ad4-98f4-a04a9e1211f5 (type: ports) to 6 /var/lib/openstack/lib/python3.12/site-packages/pycadf/identifier.py:70: UserWarning: Invalid uuid: neutron. To ensure interoperability, identifiers should be a valid uuid. warnings.warn(('Invalid uuid: %s. To ensure interoperability, ' [pid: 8|app: 0|req: 1632/3230] 199.19.213.232 () {34 vars in 994 bytes} [Thu Jun 25 23:39:27 2026] GET /v2.0/ports?device_id=f896ef46-625e-45cc-aea0-678fe6318939 => generated 1202 bytes in 74 msecs (HTTP/1.1 200) 4 headers in 158 bytes (1 switches on core 0)
2026-06-25 23:39:27.301 7 INFO neutron_taas.services.taas.taas_plugin [req-61036117-97aa-48f0-8941-e4b7a02f0b20 req-ae8737c9-b7b4-4abd-9d4e-255e1bfcb779 0e013d3bd96c41898cca6927c112f8f6 9d8310eec57b491dbe8ca22bfb05be9c - - default default] TaaS: Handle Delete Port: 927c09c6-4c5d-4ad4-98f4-a04a9e1211f5
2026-06-25 23:39:27.305 7 INFO neutron_taas.services.taas.tap_mirror_plugin [req-61036117-97aa-48f0-8941-e4b7a02f0b20 req-ae8737c9-b7b4-4abd-9d4e-255e1bfcb779 0e013d3bd96c41898cca6927c112f8f6 9d8310eec57b491dbe8ca22bfb05be9c - - default default] Tap Mirror: Handle Delete Port: 927c09c6-4c5d-4ad4-98f4-a04a9e1211f5 [pid: 7|app: 0|req: 1599/3231] 199.19.213.232 () {36 vars in 997 bytes} [Thu Jun 25 23:39:27 2026] DELETE /v2.0/ports/927c09c6-4c5d-4ad4-98f4-a04a9e1211f5 => generated 0 bytes in 299 msecs (HTTP/1.1 204) 3 headers in 131 bytes (1 switches on core 0)
2026-06-25 23:39:27.505 7 INFO neutron.notifiers.nova [-] Nova event matching ['req-019f043d-36cd-4418-b613-b4fc162e7dde'] response: {'server_uuid': 'f896ef46-625e-45cc-aea0-678fe6318939', 'name': 'network-vif-deleted', 'tag': '927c09c6-4c5d-4ad4-98f4-a04a9e1211f5', 'status': 'completed', 'code': 200}
2026-06-25 23:39:28.634 8 INFO neutron.notifiers.nova [-] Nova event matching ['req-fce3f21f-9b9d-49d8-bc95-f82329a731e5'] response: {'server_uuid': 'f896ef46-625e-45cc-aea0-678fe6318939', 'name': 'network-vif-unplugged', 'status': 'completed', 'tag': '927c09c6-4c5d-4ad4-98f4-a04a9e1211f5', 'code': 200} [pid: 8|app: 0|req: 1634/3234] 10.0.0.120 () {34 vars in 990 bytes} [Thu Jun 25 23:39:30 2026] GET /v2.0/ports?device_id=f896ef46-625e-45cc-aea0-678fe6318939 => generated 12 bytes in 23 msecs (HTTP/1.1 200) 4 headers in 156 bytes (1 switches on core 0)
2026-06-25 23:39:35.302 7 INFO neutron_taas.services.taas.taas_plugin [None req-68af699b-d103-4f5c-9a26-7cfeecd35fa1 0e013d3bd96c41898cca6927c112f8f6 9d8310eec57b491dbe8ca22bfb05be9c - - default default] TaaS: Handle Delete Port: b4c47bd5-6808-4f65-92df-98b248e5299d
2026-06-25 23:39:35.305 7 INFO neutron_taas.services.taas.tap_mirror_plugin [None req-68af699b-d103-4f5c-9a26-7cfeecd35fa1 0e013d3bd96c41898cca6927c112f8f6 9d8310eec57b491dbe8ca22bfb05be9c - - default default] Tap Mirror: Handle Delete Port: b4c47bd5-6808-4f65-92df-98b248e5299d
2026-06-25 23:39:35.512 7 INFO neutron.db.l3_db [None req-68af699b-d103-4f5c-9a26-7cfeecd35fa1 0e013d3bd96c41898cca6927c112f8f6 9d8310eec57b491dbe8ca22bfb05be9c - - default default] Floating IP 8ce12975-d44e-4ff4-9e04-63f0087e62c8 disassociated (deleted). External IP: 10.96.250.205, port: b8e2c038-ad23-4df5-979e-c29e96a7a7c0. [pid: 7|app: 0|req: 1601/3235] 10.0.0.61 () {32 vars in 731 bytes} [Thu Jun 25 23:39:35 2026] DELETE /v2.0/floatingips/8ce12975-d44e-4ff4-9e04-63f0087e62c8 => generated 0 bytes in 400 msecs (HTTP/1.1 204) 2 headers in 112 bytes (1 switches on core 0) /var/lib/openstack/lib/python3.12/site-packages/pycadf/identifier.py:70: UserWarning: Invalid uuid: neutron. To ensure interoperability, identifiers should be a valid uuid. warnings.warn(('Invalid uuid: %s. To ensure interoperability, '
2026-06-25 23:39:35.567 7 INFO neutron.notifiers.nova [-] Nova event matching ['req-cfcc27e6-f44c-4762-aa67-eebfb2e523f7'] response: {'name': 'network-changed', 'server_uuid': '1eb7d66c-0d0f-4bc2-83e5-9dd63b97b448', 'tag': 'b8e2c038-ad23-4df5-979e-c29e96a7a7c0', 'status': 'completed', 'code': 200}
2026-06-25 23:39:35.572 8 INFO neutron.api.v2.resource [None req-7a3b94ba-4595-4893-99d7-bf46cf3c9796 0e013d3bd96c41898cca6927c112f8f6 9d8310eec57b491dbe8ca22bfb05be9c - - default default] show failed (client error): The resource could not be found. [pid: 8|app: 0|req: 1635/3236] 10.0.0.61 () {32 vars in 728 bytes} [Thu Jun 25 23:39:35 2026] GET /v2.0/floatingips/8ce12975-d44e-4ff4-9e04-63f0087e62c8 => generated 144 bytes in 26 msecs (HTTP/1.1 404) 4 headers in 164 bytes (1 switches on core 0) [pid: 7|app: 0|req: 1602/3237] 10.0.0.170 () {28 vars in 619 bytes} [Thu Jun 25 23:39:35 2026] GET /v2.0/network-ip-availabilities => generated 3186 bytes in 59 msecs (HTTP/1.1 200) 4 headers in 158 bytes (1 switches on core 0) [pid: 8|app: 0|req: 1636/3238] 10.0.0.170 () {28 vars in 583 bytes} [Thu Jun 25 23:39:35 2026] GET /v2.0/routers => generated 965 bytes in 66 msecs (HTTP/1.1 200) 4 headers in 157 bytes (1 switches on core 0) [pid: 8|app: 0|req: 1637/3239] 10.0.0.170 () {28 vars in 624 bytes} [Thu Jun 25 23:39:35 2026] GET /v2.0/agents?binary=ovn-controller => generated 416 bytes in 35 msecs (HTTP/1.1 200) 4 headers in 157 bytes (1 switches on core 0) [pid: 7|app: 0|req: 1603/3240] 10.0.0.120 () {34 vars in 990 bytes} [Thu Jun 25 23:39:35 2026] GET /v2.0/ports?device_id=1eb7d66c-0d0f-4bc2-83e5-9dd63b97b448 => generated 1200 bytes in 98 msecs (HTTP/1.1 200) 4 headers in 158 bytes (1 switches on core 0) [pid: 8|app: 0|req: 1638/3241] 10.0.0.170 () {28 vars in 599 bytes} [Thu Jun 25 23:39:35 2026] GET /v2.0/security-groups => generated 28639 bytes in 39 msecs (HTTP/1.1 200) 4 headers in 159 bytes (1 switches on core 0) [pid: 8|app: 0|req: 1639/3242] 10.0.0.170 () {28 vars in 581 bytes} [Thu Jun 25 23:39:35 2026] GET /v2.0/agents => generated 1214 bytes in 15 msecs (HTTP/1.1 200) 4 headers in 158 bytes (1 switches on core 0) [pid: 7|app: 0|req: 1604/3243] 10.0.0.120 () {34 vars in 1040 bytes} [Thu Jun 25 23:39:35 2026] GET /v2.0/security-groups?id=8262cbab-51f4-40c5-a2a5-a6220189bc47&fields=id&fields=name => generated 111 bytes in 32 msecs (HTTP/1.1 200) 4 headers in 157 bytes (1 switches on core 0) [pid: 8|app: 0|req: 1640/3244] 10.0.0.170 () {28 vars in 583 bytes} [Thu Jun 25 23:39:35 2026] GET /v2.0/subnets => generated 5509 bytes in 51 msecs (HTTP/1.1 200) 4 headers in 158 bytes (1 switches on core 0) [pid: 7|app: 0|req: 1605/3245] 10.0.0.170 () {28 vars in 591 bytes} [Thu Jun 25 23:39:35 2026] GET /v2.0/subnetpools => generated 19 bytes in 12 msecs (HTTP/1.1 200) 4 headers in 156 bytes (1 switches on core 0) [pid: 8|app: 0|req: 1641/3246] 10.0.0.170 () {28 vars in 591 bytes} [Thu Jun 25 23:39:35 2026] GET /v2.0/floatingips => generated 19 bytes in 20 msecs (HTTP/1.1 200) 4 headers in 156 bytes (1 switches on core 0) [pid: 7|app: 0|req: 1606/3247] 10.0.0.170 () {28 vars in 585 bytes} [Thu Jun 25 23:39:35 2026] GET /v2.0/networks => generated 4545 bytes in 84 msecs (HTTP/1.1 200) 4 headers in 158 bytes (1 switches on core 0) [pid: 8|app: 0|req: 1642/3248] 10.0.0.170 () {28 vars in 579 bytes} [Thu Jun 25 23:39:36 2026] GET /v2.0/ports => generated 13991 bytes in 75 msecs (HTTP/1.1 200) 4 headers in 159 bytes (1 switches on core 0) [pid: 7|app: 0|req: 1607/3249] 199.19.213.232 () {34 vars in 1080 bytes} [Thu Jun 25 23:39:36 2026] GET /v2.0/ports?tenant_id=9d8310eec57b491dbe8ca22bfb05be9c&device_id=1eb7d66c-0d0f-4bc2-83e5-9dd63b97b448 => generated 1438 bytes in 40 msecs (HTTP/1.1 200) 4 headers in 158 bytes (1 switches on core 0) [pid: 8|app: 0|req: 1643/3250] 10.0.0.170 () {28 vars in 583 bytes} [Thu Jun 25 23:39:36 2026] GET /v2.0/subnets => generated 5509 bytes in 45 msecs (HTTP/1.1 200) 4 headers in 158 bytes (1 switches on core 0) [pid: 7|app: 0|req: 1608/3251] 199.19.213.232 () {34 vars in 986 bytes} [Thu Jun 25 23:39:36 2026] GET /v2.0/networks?id=ab0393d9-f6c3-4566-8766-158fbd834690 => generated 804 bytes in 35 msecs (HTTP/1.1 200) 4 headers in 157 bytes (1 switches on core 0) [pid: 8|app: 0|req: 1644/3252] 199.19.213.232 () {34 vars in 1058 bytes} [Thu Jun 25 23:39:36 2026] GET /v2.0/floatingips?fixed_ip_address=10.2.1.251&port_id=b8e2c038-ad23-4df5-979e-c29e96a7a7c0 => generated 19 bytes in 24 msecs (HTTP/1.1 200) 4 headers in 156 bytes (1 switches on core 0) [pid: 7|app: 0|req: 1609/3253] 199.19.213.232 () {34 vars in 1104 bytes} [Thu Jun 25 23:39:36 2026] GET /v2.0/floatingips?fixed_ip_address=fd7b%3Af9f7%3Afff%3A4eca%3A%3A327&port_id=b8e2c038-ad23-4df5-979e-c29e96a7a7c0 => generated 19 bytes in 18 msecs (HTTP/1.1 200) 4 headers in 156 bytes (1 switches on core 0) [pid: 8|app: 0|req: 1645/3254] 199.19.213.232 () {34 vars in 1064 bytes} [Thu Jun 25 23:39:36 2026] GET /v2.0/subnets?id=67b12ba5-f068-44ee-aefe-b723402034b1&id=80a7ae98-c805-45bc-b016-fb2f4b90fcb7 => generated 1409 bytes in 34 msecs (HTTP/1.1 200) 4 headers in 158 bytes (1 switches on core 0) [pid: 7|app: 0|req: 1610/3255] 199.19.213.232 () {34 vars in 1052 bytes} [Thu Jun 25 23:39:36 2026] GET /v2.0/ports?network_id=ab0393d9-f6c3-4566-8766-158fbd834690&device_owner=network%3Adhcp => generated 12 bytes in 19 msecs (HTTP/1.1 200) 4 headers in 156 bytes (1 switches on core 0) [pid: 8|app: 0|req: 1646/3256] 199.19.213.232 () {34 vars in 1052 bytes} [Thu Jun 25 23:39:36 2026] GET /v2.0/ports?network_id=ab0393d9-f6c3-4566-8766-158fbd834690&device_owner=network%3Adhcp => generated 12 bytes in 19 msecs (HTTP/1.1 200) 4 headers in 156 bytes (1 switches on core 0) [pid: 7|app: 0|req: 1611/3257] 199.19.213.232 () {34 vars in 1012 bytes} [Thu Jun 25 23:39:36 2026] GET /v2.0/networks/ab0393d9-f6c3-4566-8766-158fbd834690?fields=segments => generated 14 bytes in 61 msecs (HTTP/1.1 200) 4 headers in 156 bytes (1 switches on core 0) [pid: 8|app: 0|req: 1647/3258] 199.19.213.232 () {34 vars in 1112 bytes} [Thu Jun 25 23:39:36 2026] GET /v2.0/networks/ab0393d9-f6c3-4566-8766-158fbd834690?fields=provider%3Aphysical_network&fields=provider%3Anetwork_type => generated 79 bytes in 58 msecs (HTTP/1.1 200) 4 headers in 156 bytes (1 switches on core 0)
2026-06-25 23:39:36.799 8 INFO neutron.plugins.ml2.drivers.ovn.mech_driver.mech_driver [None req-bb6b2a0d-ac64-4a99-8346-9e64e1705696 - - - - - -] OVN reports status down for port: b8e2c038-ad23-4df5-979e-c29e96a7a7c0
2026-06-25 23:39:36.920 8 INFO neutron.notifiers.nova [-] Nova event matching ['req-706633f5-5c44-4c2c-8742-346fc144a380'] response: {'server_uuid': '1eb7d66c-0d0f-4bc2-83e5-9dd63b97b448', 'name': 'network-vif-unplugged', 'status': 'completed', 'tag': 'b8e2c038-ad23-4df5-979e-c29e96a7a7c0', 'code': 200}
2026-06-25 23:39:37.052 8 INFO neutron.db.ovn_revision_numbers_db [None req-bb6b2a0d-ac64-4a99-8346-9e64e1705696 - - - - - -] Successfully bumped revision number for resource b8e2c038-ad23-4df5-979e-c29e96a7a7c0 (type: ports) to 6 [pid: 7|app: 0|req: 1612/3259] 199.19.213.232 () {34 vars in 994 bytes} [Thu Jun 25 23:39:37 2026] GET /v2.0/ports?device_id=1eb7d66c-0d0f-4bc2-83e5-9dd63b97b448 => generated 1198 bytes in 49 msecs (HTTP/1.1 200) 4 headers in 158 bytes (1 switches on core 0) /var/lib/openstack/lib/python3.12/site-packages/pycadf/identifier.py:70: UserWarning: Invalid uuid: neutron. To ensure interoperability, identifiers should be a valid uuid. warnings.warn(('Invalid uuid: %s. To ensure interoperability, '
2026-06-25 23:39:38.229 8 INFO neutron_taas.services.taas.taas_plugin [req-c7f84a32-2c67-4218-932d-f652069156ca req-f1c88a96-4438-4bbf-bfd5-1226b3f7bd60 0e013d3bd96c41898cca6927c112f8f6 9d8310eec57b491dbe8ca22bfb05be9c - - default default] TaaS: Handle Delete Port: b8e2c038-ad23-4df5-979e-c29e96a7a7c0
2026-06-25 23:39:38.233 8 INFO neutron_taas.services.taas.tap_mirror_plugin [req-c7f84a32-2c67-4218-932d-f652069156ca req-f1c88a96-4438-4bbf-bfd5-1226b3f7bd60 0e013d3bd96c41898cca6927c112f8f6 9d8310eec57b491dbe8ca22bfb05be9c - - default default] Tap Mirror: Handle Delete Port: b8e2c038-ad23-4df5-979e-c29e96a7a7c0 [pid: 8|app: 0|req: 1648/3260] 199.19.213.232 () {36 vars in 997 bytes} [Thu Jun 25 23:39:38 2026] DELETE /v2.0/ports/b8e2c038-ad23-4df5-979e-c29e96a7a7c0 => generated 0 bytes in 362 msecs (HTTP/1.1 204) 3 headers in 131 bytes (1 switches on core 0)
2026-06-25 23:39:38.965 8 INFO neutron.notifiers.nova [-] Nova event matching ['req-df232077-eba3-487c-9f15-3cfc376491c8'] response: {'server_uuid': '1eb7d66c-0d0f-4bc2-83e5-9dd63b97b448', 'name': 'network-vif-unplugged', 'status': 'completed', 'tag': 'b8e2c038-ad23-4df5-979e-c29e96a7a7c0', 'code': 200}
2026-06-25 23:39:38.965 8 INFO neutron.notifiers.nova [-] Nova event matching ['req-df232077-eba3-487c-9f15-3cfc376491c8'] response: {'server_uuid': '1eb7d66c-0d0f-4bc2-83e5-9dd63b97b448', 'name': 'network-vif-deleted', 'tag': 'b8e2c038-ad23-4df5-979e-c29e96a7a7c0', 'status': 'completed', 'code': 200} [pid: 7|app: 0|req: 1613/3261] 10.0.0.120 () {34 vars in 990 bytes} [Thu Jun 25 23:39:40 2026] GET /v2.0/ports?device_id=1eb7d66c-0d0f-4bc2-83e5-9dd63b97b448 => generated 12 bytes in 26 msecs (HTTP/1.1 200) 4 headers in 156 bytes (1 switches on core 0) [pid: 8|app: 0|req: 1650/3264] 10.0.0.61 () {32 vars in 749 bytes} [Thu Jun 25 23:39:46 2026] DELETE /v2.0/security-group-rules/28c421fb-65f1-481b-855e-bc3e3fef15fc => generated 0 bytes in 164 msecs (HTTP/1.1 204) 2 headers in 112 bytes (1 switches on core 0)
2026-06-25 23:39:46.205 7 INFO neutron.api.v2.resource [None req-665f5ffc-2fcf-489c-9839-6898951971e5 0e013d3bd96c41898cca6927c112f8f6 9d8310eec57b491dbe8ca22bfb05be9c - - default default] show failed (client error): The resource could not be found. [pid: 7|app: 0|req: 1615/3265] 10.0.0.61 () {32 vars in 746 bytes} [Thu Jun 25 23:39:46 2026] GET /v2.0/security-group-rules/28c421fb-65f1-481b-855e-bc3e3fef15fc => generated 155 bytes in 15 msecs (HTTP/1.1 404) 4 headers in 164 bytes (1 switches on core 0) [pid: 8|app: 0|req: 1651/3266] 10.0.0.61 () {32 vars in 749 bytes} [Thu Jun 25 23:39:46 2026] DELETE /v2.0/security-group-rules/3431d577-5c0d-4f3b-9f4e-c372843fb1e3 => generated 0 bytes in 121 msecs (HTTP/1.1 204) 2 headers in 112 bytes (1 switches on core 0)
2026-06-25 23:39:46.348 7 INFO neutron.api.v2.resource [None req-e30e5c1c-b600-4422-986f-92c40facf2ea 0e013d3bd96c41898cca6927c112f8f6 9d8310eec57b491dbe8ca22bfb05be9c - - default default] show failed (client error): The resource could not be found. [pid: 7|app: 0|req: 1616/3267] 10.0.0.61 () {32 vars in 746 bytes} [Thu Jun 25 23:39:46 2026] GET /v2.0/security-group-rules/3431d577-5c0d-4f3b-9f4e-c372843fb1e3 => generated 155 bytes in 12 msecs (HTTP/1.1 404) 4 headers in 164 bytes (1 switches on core 0) [pid: 8|app: 0|req: 1652/3268] 10.0.0.61 () {32 vars in 749 bytes} [Thu Jun 25 23:39:46 2026] DELETE /v2.0/security-group-rules/0237fa71-c06c-4eef-83e5-8e14eeb397ca => generated 0 bytes in 150 msecs (HTTP/1.1 204) 2 headers in 112 bytes (1 switches on core 0)
2026-06-25 23:39:46.520 7 INFO neutron.api.v2.resource [None req-f56c6bba-3ce5-45ae-8e14-13161ec739f0 0e013d3bd96c41898cca6927c112f8f6 9d8310eec57b491dbe8ca22bfb05be9c - - default default] show failed (client error): The resource could not be found. [pid: 7|app: 0|req: 1617/3269] 10.0.0.61 () {32 vars in 746 bytes} [Thu Jun 25 23:39:46 2026] GET /v2.0/security-group-rules/0237fa71-c06c-4eef-83e5-8e14eeb397ca => generated 155 bytes in 11 msecs (HTTP/1.1 404) 4 headers in 164 bytes (1 switches on core 0) [pid: 8|app: 0|req: 1653/3270] 10.0.0.61 () {32 vars in 749 bytes} [Thu Jun 25 23:39:46 2026] DELETE /v2.0/security-group-rules/8b06f275-3450-46eb-8d0a-456849f1bee5 => generated 0 bytes in 178 msecs (HTTP/1.1 204) 2 headers in 112 bytes (1 switches on core 0)
2026-06-25 23:39:46.718 7 INFO neutron.api.v2.resource [None req-da4151c2-ef45-49b2-94dd-c83dddcc003b 0e013d3bd96c41898cca6927c112f8f6 9d8310eec57b491dbe8ca22bfb05be9c - - default default] show failed (client error): The resource could not be found. [pid: 7|app: 0|req: 1618/3271] 10.0.0.61 () {32 vars in 746 bytes} [Thu Jun 25 23:39:46 2026] GET /v2.0/security-group-rules/8b06f275-3450-46eb-8d0a-456849f1bee5 => generated 155 bytes in 10 msecs (HTTP/1.1 404) 4 headers in 164 bytes (1 switches on core 0) [pid: 8|app: 0|req: 1654/3272] 10.0.0.61 () {32 vars in 749 bytes} [Thu Jun 25 23:39:46 2026] DELETE /v2.0/security-group-rules/67c5d3f5-fcd4-4344-94ca-ca809bf761e7 => generated 0 bytes in 132 msecs (HTTP/1.1 204) 2 headers in 112 bytes (1 switches on core 0)
2026-06-25 23:39:46.876 7 INFO neutron.api.v2.resource [None req-3e3e5dca-e3fb-46a4-983b-307bccec2f8e 0e013d3bd96c41898cca6927c112f8f6 9d8310eec57b491dbe8ca22bfb05be9c - - default default] show failed (client error): The resource could not be found. [pid: 7|app: 0|req: 1619/3273] 10.0.0.61 () {32 vars in 746 bytes} [Thu Jun 25 23:39:46 2026] GET /v2.0/security-group-rules/67c5d3f5-fcd4-4344-94ca-ca809bf761e7 => generated 155 bytes in 13 msecs (HTTP/1.1 404) 4 headers in 164 bytes (1 switches on core 0) [pid: 8|app: 0|req: 1655/3274] 10.0.0.61 () {32 vars in 749 bytes} [Thu Jun 25 23:39:46 2026] DELETE /v2.0/security-group-rules/a6e64323-fed4-4b8e-9109-8e654c57fb0a => generated 0 bytes in 162 msecs (HTTP/1.1 204) 2 headers in 112 bytes (1 switches on core 0)
2026-06-25 23:39:47.056 7 INFO neutron.api.v2.resource [None req-60426bc9-45d1-465d-8859-1d5775ef3b5e 0e013d3bd96c41898cca6927c112f8f6 9d8310eec57b491dbe8ca22bfb05be9c - - default default] show failed (client error): The resource could not be found. [pid: 7|app: 0|req: 1620/3275] 10.0.0.61 () {32 vars in 746 bytes} [Thu Jun 25 23:39:47 2026] GET /v2.0/security-group-rules/a6e64323-fed4-4b8e-9109-8e654c57fb0a => generated 155 bytes in 9 msecs (HTTP/1.1 404) 4 headers in 164 bytes (1 switches on core 0) [pid: 8|app: 0|req: 1656/3276] 10.0.0.61 () {32 vars in 749 bytes} [Thu Jun 25 23:39:47 2026] DELETE /v2.0/security-group-rules/9a9dbd7e-6179-4527-af4d-1e1f8827812c => generated 0 bytes in 130 msecs (HTTP/1.1 204) 2 headers in 112 bytes (1 switches on core 0)
2026-06-25 23:39:47.207 7 INFO neutron.api.v2.resource [None req-3341f972-ffd1-4f52-909b-920b9843bb40 0e013d3bd96c41898cca6927c112f8f6 9d8310eec57b491dbe8ca22bfb05be9c - - default default] show failed (client error): The resource could not be found. [pid: 7|app: 0|req: 1621/3277] 10.0.0.61 () {32 vars in 746 bytes} [Thu Jun 25 23:39:47 2026] GET /v2.0/security-group-rules/9a9dbd7e-6179-4527-af4d-1e1f8827812c => generated 155 bytes in 12 msecs (HTTP/1.1 404) 4 headers in 164 bytes (1 switches on core 0) [pid: 8|app: 0|req: 1657/3278] 10.0.0.61 () {32 vars in 749 bytes} [Thu Jun 25 23:39:47 2026] DELETE /v2.0/security-group-rules/16912068-2114-461e-8453-7e2ecc239f7b => generated 0 bytes in 131 msecs (HTTP/1.1 204) 2 headers in 112 bytes (1 switches on core 0)
2026-06-25 23:39:47.364 7 INFO neutron.api.v2.resource [None req-d3b43cc1-71f6-4208-ab77-a23f9b4e6ab6 0e013d3bd96c41898cca6927c112f8f6 9d8310eec57b491dbe8ca22bfb05be9c - - default default] show failed (client error): The resource could not be found. [pid: 7|app: 0|req: 1622/3279] 10.0.0.61 () {32 vars in 746 bytes} [Thu Jun 25 23:39:47 2026] GET /v2.0/security-group-rules/16912068-2114-461e-8453-7e2ecc239f7b => generated 155 bytes in 15 msecs (HTTP/1.1 404) 4 headers in 164 bytes (1 switches on core 0) [pid: 8|app: 0|req: 1658/3280] 10.0.0.61 () {32 vars in 749 bytes} [Thu Jun 25 23:39:47 2026] DELETE /v2.0/security-group-rules/91bf3d6a-8ca2-4819-8df4-0246f4313c92 => generated 0 bytes in 127 msecs (HTTP/1.1 204) 2 headers in 112 bytes (1 switches on core 0)
2026-06-25 23:39:47.513 7 INFO neutron.api.v2.resource [None req-60f7a538-961f-4e30-ad00-2ea2aec3d981 0e013d3bd96c41898cca6927c112f8f6 9d8310eec57b491dbe8ca22bfb05be9c - - default default] show failed (client error): The resource could not be found. [pid: 7|app: 0|req: 1623/3281] 10.0.0.61 () {32 vars in 746 bytes} [Thu Jun 25 23:39:47 2026] GET /v2.0/security-group-rules/91bf3d6a-8ca2-4819-8df4-0246f4313c92 => generated 155 bytes in 13 msecs (HTTP/1.1 404) 4 headers in 164 bytes (1 switches on core 0) [pid: 8|app: 0|req: 1659/3282] 10.0.0.61 () {32 vars in 749 bytes} [Thu Jun 25 23:39:47 2026] DELETE /v2.0/security-group-rules/bed6b937-5fc7-4477-bd48-895429f3be5c => generated 0 bytes in 127 msecs (HTTP/1.1 204) 2 headers in 112 bytes (1 switches on core 0)
2026-06-25 23:39:47.658 7 INFO neutron.api.v2.resource [None req-728f2620-09bf-4025-9fa7-8bdeacc68b1e 0e013d3bd96c41898cca6927c112f8f6 9d8310eec57b491dbe8ca22bfb05be9c - - default default] show failed (client error): The resource could not be found. [pid: 7|app: 0|req: 1624/3283] 10.0.0.61 () {32 vars in 746 bytes} [Thu Jun 25 23:39:47 2026] GET /v2.0/security-group-rules/bed6b937-5fc7-4477-bd48-895429f3be5c => generated 155 bytes in 10 msecs (HTTP/1.1 404) 4 headers in 164 bytes (1 switches on core 0) [pid: 8|app: 0|req: 1660/3284] 10.0.0.61 () {32 vars in 749 bytes} [Thu Jun 25 23:39:47 2026] DELETE /v2.0/security-group-rules/9250b07a-9921-4430-ab07-618d11069253 => generated 0 bytes in 119 msecs (HTTP/1.1 204) 2 headers in 112 bytes (1 switches on core 0)
2026-06-25 23:39:47.798 7 INFO neutron.api.v2.resource [None req-5d089e50-14f1-4e2c-9713-f62eae7556f9 0e013d3bd96c41898cca6927c112f8f6 9d8310eec57b491dbe8ca22bfb05be9c - - default default] show failed (client error): The resource could not be found. [pid: 7|app: 0|req: 1625/3285] 10.0.0.61 () {32 vars in 746 bytes} [Thu Jun 25 23:39:47 2026] GET /v2.0/security-group-rules/9250b07a-9921-4430-ab07-618d11069253 => generated 155 bytes in 11 msecs (HTTP/1.1 404) 4 headers in 164 bytes (1 switches on core 0) [pid: 8|app: 0|req: 1661/3286] 10.0.0.61 () {32 vars in 739 bytes} [Thu Jun 25 23:39:47 2026] DELETE /v2.0/security-groups/8262cbab-51f4-40c5-a2a5-a6220189bc47 => generated 0 bytes in 106 msecs (HTTP/1.1 204) 2 headers in 112 bytes (1 switches on core 0)
2026-06-25 23:39:47.930 7 INFO neutron.api.v2.resource [None req-706950e2-297b-4a32-a309-8be2e53ec8de 0e013d3bd96c41898cca6927c112f8f6 9d8310eec57b491dbe8ca22bfb05be9c - - default default] show failed (client error): The resource could not be found. [pid: 7|app: 0|req: 1626/3287] 10.0.0.61 () {32 vars in 736 bytes} [Thu Jun 25 23:39:47 2026] GET /v2.0/security-groups/8262cbab-51f4-40c5-a2a5-a6220189bc47 => generated 146 bytes in 19 msecs (HTTP/1.1 404) 4 headers in 164 bytes (1 switches on core 0)
2026-06-25 23:39:48.293 8 INFO neutron_taas.services.taas.taas_plugin [None req-b02c11a2-38d5-4bdc-900e-72e4abb635ff 0e013d3bd96c41898cca6927c112f8f6 9d8310eec57b491dbe8ca22bfb05be9c - - default default] TaaS: Handle Delete Port: 4a9d8a8e-ae10-4cf0-91e1-2749eecfcd7d
2026-06-25 23:39:48.297 8 INFO neutron_taas.services.taas.tap_mirror_plugin [None req-b02c11a2-38d5-4bdc-900e-72e4abb635ff 0e013d3bd96c41898cca6927c112f8f6 9d8310eec57b491dbe8ca22bfb05be9c - - default default] Tap Mirror: Handle Delete Port: 4a9d8a8e-ae10-4cf0-91e1-2749eecfcd7d [pid: 8|app: 0|req: 1662/3288] 10.0.0.61 () {34 vars in 788 bytes} [Thu Jun 25 23:39:47 2026] PUT /v2.0/routers/131d4951-91b1-4ade-abab-8196e546d5fd/remove_router_interface => generated 309 bytes in 880 msecs (HTTP/1.1 200) 4 headers in 157 bytes (1 switches on core 0)
2026-06-25 23:39:48.993 7 INFO neutron.api.v2.resource [None req-f13b4637-c1b3-4ddf-bf0f-57fdb6db31f8 0e013d3bd96c41898cca6927c112f8f6 9d8310eec57b491dbe8ca22bfb05be9c - - default default] remove_router_interface failed (client error): The resource could not be found. [pid: 7|app: 0|req: 1627/3289] 10.0.0.61 () {34 vars in 788 bytes} [Thu Jun 25 23:39:48 2026] PUT /v2.0/routers/131d4951-91b1-4ade-abab-8196e546d5fd/remove_router_interface => generated 198 bytes in 128 msecs (HTTP/1.1 404) 4 headers in 164 bytes (1 switches on core 0) /var/lib/openstack/lib/python3.12/site-packages/pycadf/identifier.py:70: UserWarning: Invalid uuid: neutron. To ensure interoperability, identifiers should be a valid uuid. warnings.warn(('Invalid uuid: %s. To ensure interoperability, '
2026-06-25 23:39:49.266 8 INFO neutron_taas.services.taas.taas_plugin [None req-ba3cdae6-df99-46c1-86a6-79b96663bc95 0e013d3bd96c41898cca6927c112f8f6 9d8310eec57b491dbe8ca22bfb05be9c - - default default] TaaS: Handle Delete Port: 172b9147-e51b-40dd-9b30-514c25eb1c02
2026-06-25 23:39:49.269 8 INFO neutron_taas.services.taas.tap_mirror_plugin [None req-ba3cdae6-df99-46c1-86a6-79b96663bc95 0e013d3bd96c41898cca6927c112f8f6 9d8310eec57b491dbe8ca22bfb05be9c - - default default] Tap Mirror: Handle Delete Port: 172b9147-e51b-40dd-9b30-514c25eb1c02 [pid: 8|app: 0|req: 1663/3290] 10.0.0.61 () {34 vars in 788 bytes} [Thu Jun 25 23:39:49 2026] PUT /v2.0/routers/131d4951-91b1-4ade-abab-8196e546d5fd/remove_router_interface => generated 309 bytes in 758 msecs (HTTP/1.1 200) 4 headers in 157 bytes (1 switches on core 0)
2026-06-25 23:39:49.864 7 INFO neutron.api.v2.resource [None req-11497a42-1d55-43b6-a065-219c1f450464 0e013d3bd96c41898cca6927c112f8f6 9d8310eec57b491dbe8ca22bfb05be9c - - default default] remove_router_interface failed (client error): The resource could not be found. [pid: 7|app: 0|req: 1628/3291] 10.0.0.61 () {34 vars in 788 bytes} [Thu Jun 25 23:39:49 2026] PUT /v2.0/routers/131d4951-91b1-4ade-abab-8196e546d5fd/remove_router_interface => generated 198 bytes in 100 msecs (HTTP/1.1 404) 4 headers in 164 bytes (1 switches on core 0) /var/lib/openstack/lib/python3.12/site-packages/pycadf/identifier.py:70: UserWarning: Invalid uuid: neutron. To ensure interoperability, identifiers should be a valid uuid. warnings.warn(('Invalid uuid: %s. To ensure interoperability, '
2026-06-25 23:39:50.199 8 INFO neutron_taas.services.taas.taas_plugin [None req-12bd5777-5490-4d64-aa14-6e63dfa36af7 0e013d3bd96c41898cca6927c112f8f6 9d8310eec57b491dbe8ca22bfb05be9c - - default default] TaaS: Handle Delete Port: 21cb39ba-ed38-47c9-a925-980be4a2de83
2026-06-25 23:39:50.202 8 INFO neutron_taas.services.taas.tap_mirror_plugin [None req-12bd5777-5490-4d64-aa14-6e63dfa36af7 0e013d3bd96c41898cca6927c112f8f6 9d8310eec57b491dbe8ca22bfb05be9c - - default default] Tap Mirror: Handle Delete Port: 21cb39ba-ed38-47c9-a925-980be4a2de83 [pid: 8|app: 0|req: 1664/3292] 10.0.0.61 () {34 vars in 788 bytes} [Thu Jun 25 23:39:49 2026] PUT /v2.0/routers/131d4951-91b1-4ade-abab-8196e546d5fd/remove_router_interface => generated 309 bytes in 835 msecs (HTTP/1.1 200) 4 headers in 157 bytes (1 switches on core 0)
2026-06-25 23:39:50.804 7 INFO neutron.api.v2.resource [None req-560c70be-a4a9-416a-8141-094b3439310b 0e013d3bd96c41898cca6927c112f8f6 9d8310eec57b491dbe8ca22bfb05be9c - - default default] remove_router_interface failed (client error): The resource could not be found. [pid: 7|app: 0|req: 1629/3293] 10.0.0.61 () {34 vars in 788 bytes} [Thu Jun 25 23:39:50 2026] PUT /v2.0/routers/131d4951-91b1-4ade-abab-8196e546d5fd/remove_router_interface => generated 198 bytes in 94 msecs (HTTP/1.1 404) 4 headers in 164 bytes (1 switches on core 0) /var/lib/openstack/lib/python3.12/site-packages/pycadf/identifier.py:70: UserWarning: Invalid uuid: neutron. To ensure interoperability, identifiers should be a valid uuid. warnings.warn(('Invalid uuid: %s. To ensure interoperability, '
2026-06-25 23:39:51.136 8 INFO neutron_taas.services.taas.taas_plugin [None req-196d9546-14b2-41fd-b42e-06c2db48b5ac 0e013d3bd96c41898cca6927c112f8f6 9d8310eec57b491dbe8ca22bfb05be9c - - default default] TaaS: Handle Delete Port: c1360b7b-f483-4a0b-91b5-225a3e426737
2026-06-25 23:39:51.145 8 INFO neutron_taas.services.taas.tap_mirror_plugin [None req-196d9546-14b2-41fd-b42e-06c2db48b5ac 0e013d3bd96c41898cca6927c112f8f6 9d8310eec57b491dbe8ca22bfb05be9c - - default default] Tap Mirror: Handle Delete Port: c1360b7b-f483-4a0b-91b5-225a3e426737 [pid: 8|app: 0|req: 1665/3294] 10.0.0.61 () {32 vars in 723 bytes} [Thu Jun 25 23:39:50 2026] DELETE /v2.0/routers/131d4951-91b1-4ade-abab-8196e546d5fd => generated 0 bytes in 724 msecs (HTTP/1.1 204) 2 headers in 112 bytes (1 switches on core 0)
2026-06-25 23:39:51.562 7 INFO neutron.api.v2.resource [None req-c2e54502-9a0d-482a-b702-d31151c8b07f 0e013d3bd96c41898cca6927c112f8f6 9d8310eec57b491dbe8ca22bfb05be9c - - default default] show failed (client error): The resource could not be found. [pid: 7|app: 0|req: 1630/3295] 10.0.0.61 () {32 vars in 720 bytes} [Thu Jun 25 23:39:51 2026] GET /v2.0/routers/131d4951-91b1-4ade-abab-8196e546d5fd => generated 135 bytes in 21 msecs (HTTP/1.1 404) 4 headers in 164 bytes (1 switches on core 0) [pid: 8|app: 0|req: 1666/3296] 10.0.0.61 () {32 vars in 723 bytes} [Thu Jun 25 23:39:51 2026] DELETE /v2.0/subnets/4fe5cce2-f9c3-43c1-ac67-da5856d31b02 => generated 0 bytes in 148 msecs (HTTP/1.1 204) 3 headers in 131 bytes (1 switches on core 0)
2026-06-25 23:39:51.743 7 INFO neutron.pecan_wsgi.hooks.translation [None req-c6425f9e-b49a-4d52-a999-d7831c0d8d62 0e013d3bd96c41898cca6927c112f8f6 9d8310eec57b491dbe8ca22bfb05be9c - - default default] GET failed (client error): The resource could not be found. [pid: 7|app: 0|req: 1631/3297] 10.0.0.61 () {32 vars in 720 bytes} [Thu Jun 25 23:39:51 2026] GET /v2.0/subnets/4fe5cce2-f9c3-43c1-ac67-da5856d31b02 => generated 136 bytes in 23 msecs (HTTP/1.1 404) 4 headers in 164 bytes (1 switches on core 0) [pid: 8|app: 0|req: 1667/3298] 10.0.0.61 () {32 vars in 723 bytes} [Thu Jun 25 23:39:51 2026] DELETE /v2.0/subnets/1f00d998-b03d-45ce-b60b-0e6dfcc73f9d => generated 0 bytes in 136 msecs (HTTP/1.1 204) 3 headers in 131 bytes (1 switches on core 0)
2026-06-25 23:39:51.913 7 INFO neutron.pecan_wsgi.hooks.translation [None req-9454b246-3e12-4cb0-a4ca-82ea4ae88dca 0e013d3bd96c41898cca6927c112f8f6 9d8310eec57b491dbe8ca22bfb05be9c - - default default] GET failed (client error): The resource could not be found. [pid: 7|app: 0|req: 1632/3299] 10.0.0.61 () {32 vars in 720 bytes} [Thu Jun 25 23:39:51 2026] GET /v2.0/subnets/1f00d998-b03d-45ce-b60b-0e6dfcc73f9d => generated 136 bytes in 20 msecs (HTTP/1.1 404) 4 headers in 164 bytes (1 switches on core 0)
2026-06-25 23:39:52.066 8 INFO neutron_taas.services.taas.taas_plugin [None req-d908961c-603d-4a12-9fcb-dbb3002a2ead 0e013d3bd96c41898cca6927c112f8f6 9d8310eec57b491dbe8ca22bfb05be9c - - default default] TaaS: Handle Delete Port: b55e0bb4-f609-4474-91fa-e071f52faf1b
2026-06-25 23:39:52.070 8 INFO neutron_taas.services.taas.tap_mirror_plugin [None req-d908961c-603d-4a12-9fcb-dbb3002a2ead 0e013d3bd96c41898cca6927c112f8f6 9d8310eec57b491dbe8ca22bfb05be9c - - default default] Tap Mirror: Handle Delete Port: b55e0bb4-f609-4474-91fa-e071f52faf1b [pid: 8|app: 0|req: 1668/3300] 10.0.0.61 () {32 vars in 725 bytes} [Thu Jun 25 23:39:51 2026] DELETE /v2.0/networks/a6c955f5-f25f-4bf7-817f-391636f1cac0 => generated 0 bytes in 369 msecs (HTTP/1.1 204) 3 headers in 131 bytes (1 switches on core 0)
2026-06-25 23:39:52.312 7 INFO neutron.pecan_wsgi.hooks.translation [None req-dee278cb-76c6-4c51-8f13-f559bbaa9cf7 0e013d3bd96c41898cca6927c112f8f6 9d8310eec57b491dbe8ca22bfb05be9c - - default default] GET failed (client error): The resource could not be found. [pid: 7|app: 0|req: 1633/3301] 10.0.0.61 () {32 vars in 722 bytes} [Thu Jun 25 23:39:52 2026] GET /v2.0/networks/a6c955f5-f25f-4bf7-817f-391636f1cac0 => generated 138 bytes in 19 msecs (HTTP/1.1 404) 4 headers in 164 bytes (1 switches on core 0)
2026-06-25 23:39:52.324 8 INFO neutron.services.segments.plugin [-] Segment 675d3c34-e6b2-448f-ae1e-5617e9ec960d resource provider aggregate not found
2026-06-25 23:39:52.345 8 INFO neutron.services.segments.plugin [-] Segment 675d3c34-e6b2-448f-ae1e-5617e9ec960d resource provider not found; error: Placement Client Error (4xx): {"errors": [{"status": 404, "title": "Not Found", "detail": "The resource could not be found.\n\n No resource provider with uuid 675d3c34-e6b2-448f-ae1e-5617e9ec960d found for delete ", "request_id": "req-fec20198-d190-4634-aa28-cb1bc134c156"}]}
2026-06-25 23:39:52.348 8 INFO neutron.services.segments.plugin [-] Segment 675d3c34-e6b2-448f-ae1e-5617e9ec960d resource provider aggregate not found
2026-06-25 23:39:52.380 8 INFO neutron.services.segments.plugin [-] Segment 675d3c34-e6b2-448f-ae1e-5617e9ec960d resource provider not found; error: Placement Client Error (4xx): {"errors": [{"status": 404, "title": "Not Found", "detail": "The resource could not be found.\n\n No resource provider with uuid 675d3c34-e6b2-448f-ae1e-5617e9ec960d found for delete ", "request_id": "req-8d685b02-2e01-49f7-956b-127b06b52df2"}]} [pid: 8|app: 0|req: 1669/3302] 10.0.0.61 () {32 vars in 723 bytes} [Thu Jun 25 23:39:52 2026] DELETE /v2.0/subnets/80a7ae98-c805-45bc-b016-fb2f4b90fcb7 => generated 0 bytes in 190 msecs (HTTP/1.1 204) 3 headers in 131 bytes (1 switches on core 0)
2026-06-25 23:39:52.550 7 INFO neutron.pecan_wsgi.hooks.translation [None req-a06935eb-7657-4abe-b063-65cb9c437bfe 0e013d3bd96c41898cca6927c112f8f6 9d8310eec57b491dbe8ca22bfb05be9c - - default default] GET failed (client error): The resource could not be found. [pid: 7|app: 0|req: 1634/3303] 10.0.0.61 () {32 vars in 720 bytes} [Thu Jun 25 23:39:52 2026] GET /v2.0/subnets/80a7ae98-c805-45bc-b016-fb2f4b90fcb7 => generated 136 bytes in 37 msecs (HTTP/1.1 404) 4 headers in 164 bytes (1 switches on core 0) [pid: 8|app: 0|req: 1670/3304] 10.0.0.61 () {32 vars in 723 bytes} [Thu Jun 25 23:39:52 2026] DELETE /v2.0/subnets/67b12ba5-f068-44ee-aefe-b723402034b1 => generated 0 bytes in 161 msecs (HTTP/1.1 204) 3 headers in 131 bytes (1 switches on core 0)
2026-06-25 23:39:52.746 7 INFO neutron.pecan_wsgi.hooks.translation [None req-cee9c6ba-c558-40a8-9992-4674a7a1a387 0e013d3bd96c41898cca6927c112f8f6 9d8310eec57b491dbe8ca22bfb05be9c - - default default] GET failed (client error): The resource could not be found. [pid: 7|app: 0|req: 1635/3305] 10.0.0.61 () {32 vars in 720 bytes} [Thu Jun 25 23:39:52 2026] GET /v2.0/subnets/67b12ba5-f068-44ee-aefe-b723402034b1 => generated 136 bytes in 16 msecs (HTTP/1.1 404) 4 headers in 164 bytes (1 switches on core 0)
2026-06-25 23:39:52.859 8 INFO neutron_taas.services.taas.taas_plugin [None req-fbe7321a-19dc-4f80-bcd4-0f2c30160c53 0e013d3bd96c41898cca6927c112f8f6 9d8310eec57b491dbe8ca22bfb05be9c - - default default] TaaS: Handle Delete Port: 6b76dfc8-adc8-4d70-ba6f-ed6063f47afb
2026-06-25 23:39:52.862 8 INFO neutron_taas.services.taas.tap_mirror_plugin [None req-fbe7321a-19dc-4f80-bcd4-0f2c30160c53 0e013d3bd96c41898cca6927c112f8f6 9d8310eec57b491dbe8ca22bfb05be9c - - default default] Tap Mirror: Handle Delete Port: 6b76dfc8-adc8-4d70-ba6f-ed6063f47afb [pid: 8|app: 0|req: 1671/3306] 10.0.0.61 () {32 vars in 725 bytes} [Thu Jun 25 23:39:52 2026] DELETE /v2.0/networks/ab0393d9-f6c3-4566-8766-158fbd834690 => generated 0 bytes in 341 msecs (HTTP/1.1 204) 3 headers in 131 bytes (1 switches on core 0)
2026-06-25 23:39:53.114 7 INFO neutron.pecan_wsgi.hooks.translation [None req-a4ec53c8-da86-4aea-8bd3-1e7e6cc3fcf5 0e013d3bd96c41898cca6927c112f8f6 9d8310eec57b491dbe8ca22bfb05be9c - - default default] GET failed (client error): The resource could not be found. [pid: 7|app: 0|req: 1636/3307] 10.0.0.61 () {32 vars in 722 bytes} [Thu Jun 25 23:39:53 2026] GET /v2.0/networks/ab0393d9-f6c3-4566-8766-158fbd834690 => generated 138 bytes in 18 msecs (HTTP/1.1 404) 4 headers in 164 bytes (1 switches on core 0) [pid: 8|app: 0|req: 1672/3308] 10.0.0.61 () {32 vars in 723 bytes} [Thu Jun 25 23:39:53 2026] DELETE /v2.0/subnets/deab0fc4-ecfe-4e1b-a064-d82021096fee => generated 0 bytes in 223 msecs (HTTP/1.1 204) 3 headers in 131 bytes (1 switches on core 0)
2026-06-25 23:39:53.368 7 INFO neutron.pecan_wsgi.hooks.translation [None req-cda02b1f-b490-4142-927b-7b2badde2aa4 0e013d3bd96c41898cca6927c112f8f6 9d8310eec57b491dbe8ca22bfb05be9c - - default default] GET failed (client error): The resource could not be found. [pid: 7|app: 0|req: 1637/3309] 10.0.0.61 () {32 vars in 720 bytes} [Thu Jun 25 23:39:53 2026] GET /v2.0/subnets/deab0fc4-ecfe-4e1b-a064-d82021096fee => generated 136 bytes in 21 msecs (HTTP/1.1 404) 4 headers in 164 bytes (1 switches on core 0) [pid: 8|app: 0|req: 1673/3310] 10.0.0.61 () {32 vars in 723 bytes} [Thu Jun 25 23:39:53 2026] DELETE /v2.0/subnets/ab740758-6e21-4624-b8ea-b90a49b7e754 => generated 0 bytes in 167 msecs (HTTP/1.1 204) 3 headers in 131 bytes (1 switches on core 0)
2026-06-25 23:39:53.562 7 INFO neutron.pecan_wsgi.hooks.translation [None req-cb84a34f-e5da-432b-a094-d69b864cd6c4 0e013d3bd96c41898cca6927c112f8f6 9d8310eec57b491dbe8ca22bfb05be9c - - default default] GET failed (client error): The resource could not be found. [pid: 7|app: 0|req: 1638/3311] 10.0.0.61 () {32 vars in 720 bytes} [Thu Jun 25 23:39:53 2026] GET /v2.0/subnets/ab740758-6e21-4624-b8ea-b90a49b7e754 => generated 136 bytes in 18 msecs (HTTP/1.1 404) 4 headers in 164 bytes (1 switches on core 0)
2026-06-25 23:39:53.684 8 INFO neutron_taas.services.taas.taas_plugin [None req-77d17242-e04b-469a-b90d-9caa5d3bf620 0e013d3bd96c41898cca6927c112f8f6 9d8310eec57b491dbe8ca22bfb05be9c - - default default] TaaS: Handle Delete Port: ad607272-d7af-4ffc-b518-a44268dd1749
2026-06-25 23:39:53.686 8 INFO neutron_taas.services.taas.tap_mirror_plugin [None req-77d17242-e04b-469a-b90d-9caa5d3bf620 0e013d3bd96c41898cca6927c112f8f6 9d8310eec57b491dbe8ca22bfb05be9c - - default default] Tap Mirror: Handle Delete Port: ad607272-d7af-4ffc-b518-a44268dd1749 [pid: 8|app: 0|req: 1674/3312] 10.0.0.61 () {32 vars in 725 bytes} [Thu Jun 25 23:39:53 2026] DELETE /v2.0/networks/ca54c65d-75a4-4341-b840-540406c1b161 => generated 0 bytes in 321 msecs (HTTP/1.1 204) 3 headers in 131 bytes (1 switches on core 0)
2026-06-25 23:39:53.916 7 INFO neutron.pecan_wsgi.hooks.translation [None req-de15295e-37d9-4064-863f-d55aa6cacdbf 0e013d3bd96c41898cca6927c112f8f6 9d8310eec57b491dbe8ca22bfb05be9c - - default default] GET failed (client error): The resource could not be found. [pid: 7|app: 0|req: 1639/3313] 10.0.0.61 () {32 vars in 722 bytes} [Thu Jun 25 23:39:53 2026] GET /v2.0/networks/ca54c65d-75a4-4341-b840-540406c1b161 => generated 138 bytes in 29 msecs (HTTP/1.1 404) 4 headers in 164 bytes (1 switches on core 0)
2026-06-25 23:39:54.363 8 INFO neutron.services.segments.plugin [-] Segment f4dcb1d4-0fcc-4b6d-b51a-8661d1248628 resource provider aggregate not found
2026-06-25 23:39:54.386 8 INFO neutron.services.segments.plugin [-] Segment f4dcb1d4-0fcc-4b6d-b51a-8661d1248628 resource provider not found; error: Placement Client Error (4xx): {"errors": [{"status": 404, "title": "Not Found", "detail": "The resource could not be found.\n\n No resource provider with uuid f4dcb1d4-0fcc-4b6d-b51a-8661d1248628 found for delete ", "request_id": "req-d5b171f4-5ac4-428d-a6ac-dc5d5271b693"}]}
2026-06-25 23:39:54.403 8 INFO neutron.services.segments.plugin [-] Segment f4dcb1d4-0fcc-4b6d-b51a-8661d1248628 resource provider aggregate not found
2026-06-25 23:39:54.409 8 INFO neutron.services.segments.plugin [-] Segment 2d676655-a23d-4f33-b653-c624b36ce845 resource provider aggregate not found
2026-06-25 23:39:54.427 8 INFO neutron.services.segments.plugin [-] Segment f4dcb1d4-0fcc-4b6d-b51a-8661d1248628 resource provider not found; error: Placement Client Error (4xx): {"errors": [{"status": 404, "title": "Not Found", "detail": "The resource could not be found.\n\n No resource provider with uuid f4dcb1d4-0fcc-4b6d-b51a-8661d1248628 found for delete ", "request_id": "req-c50f58b5-4b85-42c0-ac34-4a8890385ba6"}]}
2026-06-25 23:39:54.427 8 INFO neutron.services.segments.plugin [-] Segment 2d676655-a23d-4f33-b653-c624b36ce845 resource provider not found; error: Placement Client Error (4xx): {"errors": [{"status": 404, "title": "Not Found", "detail": "The resource could not be found.\n\n No resource provider with uuid 2d676655-a23d-4f33-b653-c624b36ce845 found for delete ", "request_id": "req-8c346002-6eed-44e9-8eda-c4cc3aac95fb"}]}
2026-06-25 23:39:54.442 8 INFO neutron.services.segments.plugin [-] Segment 2d676655-a23d-4f33-b653-c624b36ce845 resource provider aggregate not found
2026-06-25 23:39:54.458 8 INFO neutron.services.segments.plugin [-] Segment 2d676655-a23d-4f33-b653-c624b36ce845 resource provider not found; error: Placement Client Error (4xx): {"errors": [{"status": 404, "title": "Not Found", "detail": "The resource could not be found.\n\n No resource provider with uuid 2d676655-a23d-4f33-b653-c624b36ce845 found for delete ", "request_id": "req-543d9b4d-069f-4f44-b044-9e67467028b1"}]}
2026-06-25 23:39:56.062 8 INFO neutron.db.ovn_revision_numbers_db [None req-d4a5be00-af2b-4a44-9d83-6d7ed2883f0d 298581d0294e4acda07b3943ec4e51ac 0dab96f9e41546d9b6f7f9795eba8519 - - default default] Successfully bumped revision number for resource d52455f9-2bec-4624-a5fe-441452c865a0 (type: security_groups) to 1
2026-06-25 23:39:56.075 8 INFO neutron.db.ovn_revision_numbers_db [None req-d4a5be00-af2b-4a44-9d83-6d7ed2883f0d 298581d0294e4acda07b3943ec4e51ac 0dab96f9e41546d9b6f7f9795eba8519 - - default default] Successfully bumped revision number for resource 6bdae82f-84ca-4116-a267-71b25d41b644 (type: security_group_rules) to 0
2026-06-25 23:39:56.087 8 INFO neutron.db.ovn_revision_numbers_db [None req-d4a5be00-af2b-4a44-9d83-6d7ed2883f0d 298581d0294e4acda07b3943ec4e51ac 0dab96f9e41546d9b6f7f9795eba8519 - - default default] Successfully bumped revision number for resource 6cc61797-15d6-4117-af4e-8fbf78bb9ab0 (type: security_group_rules) to 0
2026-06-25 23:39:56.097 8 INFO neutron.db.ovn_revision_numbers_db [None req-d4a5be00-af2b-4a44-9d83-6d7ed2883f0d 298581d0294e4acda07b3943ec4e51ac 0dab96f9e41546d9b6f7f9795eba8519 - - default default] Successfully bumped revision number for resource 714a0234-2426-4ff3-a59d-e5ab73fa89e4 (type: security_group_rules) to 0
2026-06-25 23:39:56.108 8 INFO neutron.db.ovn_revision_numbers_db [None req-d4a5be00-af2b-4a44-9d83-6d7ed2883f0d 298581d0294e4acda07b3943ec4e51ac 0dab96f9e41546d9b6f7f9795eba8519 - - default default] Successfully bumped revision number for resource 843f7622-5a80-4ec8-94fd-015cb089b768 (type: security_group_rules) to 0 [pid: 8|app: 0|req: 1675/3314] 10.0.0.61 () {32 vars in 773 bytes} [Thu Jun 25 23:39:55 2026] GET /v2.0/security-groups?tenant_id=c731364466db4b1d9a62d26ffee3de30&name=default => generated 2929 bytes in 427 msecs (HTTP/1.1 200) 4 headers in 158 bytes (1 switches on core 0) [pid: 7|app: 0|req: 1640/3315] 10.0.0.61 () {32 vars in 739 bytes} [Thu Jun 25 23:39:56 2026] DELETE /v2.0/security-groups/d52455f9-2bec-4624-a5fe-441452c865a0 => generated 0 bytes in 236 msecs (HTTP/1.1 204) 2 headers in 112 bytes (1 switches on core 0)
2026-06-25 23:39:56.603 8 INFO neutron.db.ovn_revision_numbers_db [None req-041f4ed6-f0a9-4e16-a047-9cdc49dde3bd 298581d0294e4acda07b3943ec4e51ac 0dab96f9e41546d9b6f7f9795eba8519 - - default default] Successfully bumped revision number for resource ac23379c-904c-4483-a349-7cd9504a6675 (type: security_groups) to 1
2026-06-25 23:39:56.616 8 INFO neutron.db.ovn_revision_numbers_db [None req-041f4ed6-f0a9-4e16-a047-9cdc49dde3bd 298581d0294e4acda07b3943ec4e51ac 0dab96f9e41546d9b6f7f9795eba8519 - - default default] Successfully bumped revision number for resource 2257a0e4-3280-4b4c-9994-b8baa0707b0d (type: security_group_rules) to 0
2026-06-25 23:39:56.636 8 INFO neutron.db.ovn_revision_numbers_db [None req-041f4ed6-f0a9-4e16-a047-9cdc49dde3bd 298581d0294e4acda07b3943ec4e51ac 0dab96f9e41546d9b6f7f9795eba8519 - - default default] Successfully bumped revision number for resource 44ab051c-6404-445d-a409-e326e69cf2d0 (type: security_group_rules) to 0
2026-06-25 23:39:56.647 8 INFO neutron.db.ovn_revision_numbers_db [None req-041f4ed6-f0a9-4e16-a047-9cdc49dde3bd 298581d0294e4acda07b3943ec4e51ac 0dab96f9e41546d9b6f7f9795eba8519 - - default default] Successfully bumped revision number for resource 72ecec7b-922e-4fd6-8e6e-071940e08385 (type: security_group_rules) to 0
2026-06-25 23:39:56.660 8 INFO neutron.db.ovn_revision_numbers_db [None req-041f4ed6-f0a9-4e16-a047-9cdc49dde3bd 298581d0294e4acda07b3943ec4e51ac 0dab96f9e41546d9b6f7f9795eba8519 - - default default] Successfully bumped revision number for resource 9d457f5b-f60d-42a0-a020-296973748dbb (type: security_group_rules) to 0 [pid: 8|app: 0|req: 1676/3316] 10.0.0.61 () {32 vars in 773 bytes} [Thu Jun 25 23:39:56 2026] GET /v2.0/security-groups?tenant_id=335c2fd1017b47148718a0138ef06c8b&name=default => generated 2929 bytes in 223 msecs (HTTP/1.1 200) 4 headers in 158 bytes (1 switches on core 0) [pid: 7|app: 0|req: 1641/3317] 10.0.0.61 () {32 vars in 739 bytes} [Thu Jun 25 23:39:56 2026] DELETE /v2.0/security-groups/ac23379c-904c-4483-a349-7cd9504a6675 => generated 0 bytes in 262 msecs (HTTP/1.1 204) 2 headers in 112 bytes (1 switches on core 0)
2026-06-25 23:39:57.259 8 INFO neutron.db.ovn_revision_numbers_db [None req-36f31425-a954-40bb-b816-3cc372fe5565 298581d0294e4acda07b3943ec4e51ac 0dab96f9e41546d9b6f7f9795eba8519 - - default default] Successfully bumped revision number for resource a28474af-0dcf-49f9-adff-6aeb0c4fb723 (type: security_groups) to 1
2026-06-25 23:39:57.272 8 INFO neutron.db.ovn_revision_numbers_db [None req-36f31425-a954-40bb-b816-3cc372fe5565 298581d0294e4acda07b3943ec4e51ac 0dab96f9e41546d9b6f7f9795eba8519 - - default default] Successfully bumped revision number for resource 701c3d53-effe-4066-93c3-b7a824c37d2b (type: security_group_rules) to 0
2026-06-25 23:39:57.284 8 INFO neutron.db.ovn_revision_numbers_db [None req-36f31425-a954-40bb-b816-3cc372fe5565 298581d0294e4acda07b3943ec4e51ac 0dab96f9e41546d9b6f7f9795eba8519 - - default default] Successfully bumped revision number for resource a799997b-f0a7-4ced-b3b4-9bbe43736003 (type: security_group_rules) to 0
2026-06-25 23:39:57.294 8 INFO neutron.db.ovn_revision_numbers_db [None req-36f31425-a954-40bb-b816-3cc372fe5565 298581d0294e4acda07b3943ec4e51ac 0dab96f9e41546d9b6f7f9795eba8519 - - default default] Successfully bumped revision number for resource ea5ab0b3-112f-4c7b-acfe-f5e2b309fbdd (type: security_group_rules) to 0
