2026-06-25 23:33:15.000 7 INFO neutron.db.ovn_revision_numbers_db [None req-e39ed34d-1350-4573-bea4-0d474e9b398d 043fd9bd5e2f482093a9c483809d1291 169c5e79dfe141aabd3e4447c1013196 - - default default] Successfully bumped revision number for resource b64e2d12-aaed-47fb-9486-755091cfa912 (type: ports) to 1 [pid: 8|app: 0|req: 648/1213] 10.0.0.61 () {34 vars in 668 bytes} [Thu Jun 25 23:33:14 2026] POST /v2.0/subnets => generated 646 bytes in 284 msecs (HTTP/1.1 201) 4 headers in 162 bytes (1 switches on core 0) [pid: 7|app: 0|req: 566/1214] 10.0.0.61 () {34 vars in 669 bytes} [Thu Jun 25 23:33:14 2026] POST /v2.0/networks => generated 653 bytes in 596 msecs (HTTP/1.1 201) 4 headers in 162 bytes (1 switches on core 0)
2026-06-25 23:33:15.279 8 WARNING neutron.scheduler.dhcp_agent_scheduler [None req-9a61358d-0a23-4b2b-a68e-864dbd598cae c4090483ca354169b707640872dcc932 768f58a611744ba4981ef4b5e3779202 - - default default] No more DHCP agents
2026-06-25 23:33:15.280 8 WARNING neutron.api.rpc.agentnotifiers.dhcp_rpc_agent_api [None req-9a61358d-0a23-4b2b-a68e-864dbd598cae c4090483ca354169b707640872dcc932 768f58a611744ba4981ef4b5e3779202 - - default default] Unable to schedule network e19b10d1-04e3-4d61-8dd8-d1c33c37a067: no agents available; will retry on subsequent port and subnet creation events.
2026-06-25 23:33:15.354 8 INFO neutron.plugins.ml2.drivers.ovn.mech_driver.mech_driver [None req-16758345-f142-49e1-854e-24d67739456b - - - - - -] OVN reports status down for port: c6a928ed-0187-4f12-aabe-20a2c8251710
2026-06-25 23:33:15.415 8 INFO neutron.db.ovn_revision_numbers_db [None req-9a61358d-0a23-4b2b-a68e-864dbd598cae c4090483ca354169b707640872dcc932 768f58a611744ba4981ef4b5e3779202 - - default default] Successfully bumped revision number for resource c6a928ed-0187-4f12-aabe-20a2c8251710 (type: ports) to 1 [pid: 8|app: 0|req: 649/1215] 10.0.0.61 () {34 vars in 664 bytes} [Thu Jun 25 23:33:15 2026] POST /v2.0/ports => generated 966 bytes in 447 msecs (HTTP/1.1 201) 4 headers in 162 bytes (1 switches on core 0)
2026-06-25 23:33:15.632 7 INFO neutron_taas.services.taas.taas_plugin [None req-4751ce18-8ef7-43cd-b680-d895bb275887 c4090483ca354169b707640872dcc932 768f58a611744ba4981ef4b5e3779202 - - default default] TaaS: Handle Delete Port: c6a928ed-0187-4f12-aabe-20a2c8251710
2026-06-25 23:33:15.635 7 INFO neutron_taas.services.taas.tap_mirror_plugin [None req-4751ce18-8ef7-43cd-b680-d895bb275887 c4090483ca354169b707640872dcc932 768f58a611744ba4981ef4b5e3779202 - - default default] Tap Mirror: Handle Delete Port: c6a928ed-0187-4f12-aabe-20a2c8251710 /var/lib/openstack/lib/python3.12/site-packages/pycadf/identifier.py:70: UserWarning: Invalid uuid: neutron. To ensure interoperability, identifiers should be a valid uuid. warnings.warn(('Invalid uuid: %s. To ensure interoperability, ' [pid: 7|app: 0|req: 567/1216] 10.0.0.61 () {32 vars in 719 bytes} [Thu Jun 25 23:33:15 2026] DELETE /v2.0/ports/c6a928ed-0187-4f12-aabe-20a2c8251710 => generated 0 bytes in 277 msecs (HTTP/1.1 204) 3 headers in 131 bytes (1 switches on core 0)
2026-06-25 23:33:15.829 8 INFO neutron.db.ovn_revision_numbers_db [None req-355249cc-ee2e-4ed7-9f3b-26c1a8a76527 298581d0294e4acda07b3943ec4e51ac 0dab96f9e41546d9b6f7f9795eba8519 - - default default] Successfully bumped revision number for resource 42199769-fab3-45d1-b71c-12e6fbc290e9 (type: security_groups) to 1
2026-06-25 23:33:15.840 8 INFO neutron.db.ovn_revision_numbers_db [None req-355249cc-ee2e-4ed7-9f3b-26c1a8a76527 298581d0294e4acda07b3943ec4e51ac 0dab96f9e41546d9b6f7f9795eba8519 - - default default] Successfully bumped revision number for resource 3190e4a8-7d0f-4fad-8d9e-ebf70931272d (type: security_group_rules) to 0
2026-06-25 23:33:15.853 8 INFO neutron.db.ovn_revision_numbers_db [None req-355249cc-ee2e-4ed7-9f3b-26c1a8a76527 298581d0294e4acda07b3943ec4e51ac 0dab96f9e41546d9b6f7f9795eba8519 - - default default] Successfully bumped revision number for resource 3a470373-526b-44d3-a572-01ac32c9e127 (type: security_group_rules) to 0
2026-06-25 23:33:15.863 8 INFO neutron.db.ovn_revision_numbers_db [None req-355249cc-ee2e-4ed7-9f3b-26c1a8a76527 298581d0294e4acda07b3943ec4e51ac 0dab96f9e41546d9b6f7f9795eba8519 - - default default] Successfully bumped revision number for resource 46e93406-4e4f-48b2-ac39-adb38f30fef8 (type: security_group_rules) to 0
2026-06-25 23:33:15.876 8 INFO neutron.db.ovn_revision_numbers_db [None req-355249cc-ee2e-4ed7-9f3b-26c1a8a76527 298581d0294e4acda07b3943ec4e51ac 0dab96f9e41546d9b6f7f9795eba8519 - - default default] Successfully bumped revision number for resource be81e296-b181-46a1-83a1-6b4b02b86ba7 (type: security_group_rules) to 0
2026-06-25 23:33:15.978 8 INFO neutron.db.segments_db [None req-355249cc-ee2e-4ed7-9f3b-26c1a8a76527 298581d0294e4acda07b3943ec4e51ac 0dab96f9e41546d9b6f7f9795eba8519 - - default default] Added segment 0d473135-15c9-4348-957e-fcf0c4ef9fbf of type geneve for network d3417ec2-890d-40b9-81ee-a248ad642313
2026-06-25 23:33:16.076 7 WARNING neutron.scheduler.dhcp_agent_scheduler [None req-60471795-e5eb-4ca3-a4dd-d510284b4e7c 043fd9bd5e2f482093a9c483809d1291 169c5e79dfe141aabd3e4447c1013196 - - default default] No more DHCP agents
2026-06-25 23:33:16.078 7 WARNING neutron.api.rpc.agentnotifiers.dhcp_rpc_agent_api [None req-60471795-e5eb-4ca3-a4dd-d510284b4e7c 043fd9bd5e2f482093a9c483809d1291 169c5e79dfe141aabd3e4447c1013196 - - default default] Unable to schedule network 8002bcb9-4d3b-4aad-b6bb-2e84b63d67cf: no agents available; will retry on subsequent port and subnet creation events.
2026-06-25 23:33:16.108 8 INFO neutron.db.ovn_revision_numbers_db [None req-355249cc-ee2e-4ed7-9f3b-26c1a8a76527 298581d0294e4acda07b3943ec4e51ac 0dab96f9e41546d9b6f7f9795eba8519 - - default default] Successfully bumped revision number for resource d3417ec2-890d-40b9-81ee-a248ad642313 (type: networks) to 1
2026-06-25 23:33:16.109 7 INFO neutron.db.ovn_revision_numbers_db [None req-60471795-e5eb-4ca3-a4dd-d510284b4e7c 043fd9bd5e2f482093a9c483809d1291 169c5e79dfe141aabd3e4447c1013196 - - default default] Successfully bumped revision number for resource 04e3400e-fdee-4cf9-8bfc-2bd25d9dfa11 (type: subnets) to 0
2026-06-25 23:33:16.129 7 WARNING neutron.scheduler.dhcp_agent_scheduler [None req-60471795-e5eb-4ca3-a4dd-d510284b4e7c 043fd9bd5e2f482093a9c483809d1291 169c5e79dfe141aabd3e4447c1013196 - - default default] No more DHCP agents
2026-06-25 23:33:16.130 7 WARNING neutron.api.rpc.agentnotifiers.dhcp_rpc_agent_api [None req-60471795-e5eb-4ca3-a4dd-d510284b4e7c 043fd9bd5e2f482093a9c483809d1291 169c5e79dfe141aabd3e4447c1013196 - - default default] Unable to schedule network 59b9d5f4-6553-464b-be81-e12e10115728: no agents available; will retry on subsequent port and subnet creation events.
2026-06-25 23:33:16.159 7 INFO neutron.db.ovn_revision_numbers_db [None req-60471795-e5eb-4ca3-a4dd-d510284b4e7c 043fd9bd5e2f482093a9c483809d1291 169c5e79dfe141aabd3e4447c1013196 - - default default] Successfully bumped revision number for resource 45badc07-6de0-4e2c-9306-123ea4139c43 (type: subnets) to 0 [pid: 7|app: 0|req: 568/1217] 10.0.0.61 () {34 vars in 668 bytes} [Thu Jun 25 23:33:15 2026] POST /v2.0/subnets => generated 1323 bytes in 423 msecs (HTTP/1.1 201) 4 headers in 163 bytes (1 switches on core 0)
2026-06-25 23:33:16.192 7 INFO neutron.pecan_wsgi.hooks.translation [None req-a0bc2eba-22d9-47bb-b03d-dd230efaa147 c4090483ca354169b707640872dcc932 768f58a611744ba4981ef4b5e3779202 - - default default] DELETE failed (client error): The resource could not be found. [pid: 7|app: 0|req: 569/1218] 10.0.0.61 () {32 vars in 719 bytes} [Thu Jun 25 23:33:16 2026] DELETE /v2.0/ports/c6a928ed-0187-4f12-aabe-20a2c8251710 => generated 132 bytes in 16 msecs (HTTP/1.1 404) 4 headers in 164 bytes (1 switches on core 0) [pid: 7|app: 0|req: 570/1219] 10.0.0.61 () {32 vars in 646 bytes} [Thu Jun 25 23:33:16 2026] GET /v2.0/subnets => generated 1959 bytes in 28 msecs (HTTP/1.1 200) 4 headers in 158 bytes (1 switches on core 0)
2026-06-25 23:33:16.238 7 INFO neutron.pecan_wsgi.hooks.translation [None req-baf31fae-7b82-41d9-90b9-324709d85cda c4090483ca354169b707640872dcc932 768f58a611744ba4981ef4b5e3779202 - - default default] GET failed (client error): The resource could not be found. [pid: 7|app: 0|req: 571/1220] 10.0.0.61 () {32 vars in 716 bytes} [Thu Jun 25 23:33:16 2026] GET /v2.0/ports/c6a928ed-0187-4f12-aabe-20a2c8251710 => generated 132 bytes in 16 msecs (HTTP/1.1 404) 4 headers in 164 bytes (1 switches on core 0)
2026-06-25 23:33:16.276 8 WARNING neutron.scheduler.dhcp_agent_scheduler [None req-355249cc-ee2e-4ed7-9f3b-26c1a8a76527 298581d0294e4acda07b3943ec4e51ac 0dab96f9e41546d9b6f7f9795eba8519 - - default default] No more DHCP agents
2026-06-25 23:33:16.278 8 WARNING neutron.api.rpc.agentnotifiers.dhcp_rpc_agent_api [None req-355249cc-ee2e-4ed7-9f3b-26c1a8a76527 298581d0294e4acda07b3943ec4e51ac 0dab96f9e41546d9b6f7f9795eba8519 - - default default] Unable to schedule network d3417ec2-890d-40b9-81ee-a248ad642313: no agents available; will retry on subsequent port and subnet creation events.
2026-06-25 23:33:16.323 8 INFO neutron.plugins.ml2.drivers.ovn.mech_driver.mech_driver [None req-16758345-f142-49e1-854e-24d67739456b - - - - - -] OVN reports status down for port: 328f2645-52bb-4e09-a5d7-9b9bba88c702 [pid: 7|app: 0|req: 572/1221] 10.0.0.61 () {32 vars in 723 bytes} [Thu Jun 25 23:33:16 2026] DELETE /v2.0/subnets/04e3400e-fdee-4cf9-8bfc-2bd25d9dfa11 => generated 0 bytes in 137 msecs (HTTP/1.1 204) 3 headers in 131 bytes (1 switches on core 0)
2026-06-25 23:33:16.387 8 INFO neutron.db.ovn_revision_numbers_db [None req-355249cc-ee2e-4ed7-9f3b-26c1a8a76527 298581d0294e4acda07b3943ec4e51ac 0dab96f9e41546d9b6f7f9795eba8519 - - default default] Successfully bumped revision number for resource 328f2645-52bb-4e09-a5d7-9b9bba88c702 (type: ports) to 1 [pid: 8|app: 0|req: 650/1222] 10.0.0.61 () {34 vars in 670 bytes} [Thu Jun 25 23:33:15 2026] POST /v2.0/networks => generated 751 bytes in 941 msecs (HTTP/1.1 201) 4 headers in 162 bytes (1 switches on core 0) [pid: 7|app: 0|req: 573/1223] 10.0.0.61 () {32 vars in 723 bytes} [Thu Jun 25 23:33:16 2026] DELETE /v2.0/subnets/3ef8d067-b932-4002-98ca-f20ae059189a => generated 0 bytes in 125 msecs (HTTP/1.1 204) 3 headers in 131 bytes (1 switches on core 0) [pid: 8|app: 0|req: 651/1224] 10.0.0.61 () {32 vars in 723 bytes} [Thu Jun 25 23:33:16 2026] DELETE /v2.0/subnets/45badc07-6de0-4e2c-9306-123ea4139c43 => generated 0 bytes in 144 msecs (HTTP/1.1 204) 3 headers in 131 bytes (1 switches on core 0)
2026-06-25 23:33:16.614 7 WARNING neutron.scheduler.dhcp_agent_scheduler [None req-1ef3c149-38e6-4745-a53f-0dc8f6e0542f 298581d0294e4acda07b3943ec4e51ac 0dab96f9e41546d9b6f7f9795eba8519 - - default default] No more DHCP agents
2026-06-25 23:33:16.615 7 WARNING neutron.api.rpc.agentnotifiers.dhcp_rpc_agent_api [None req-1ef3c149-38e6-4745-a53f-0dc8f6e0542f 298581d0294e4acda07b3943ec4e51ac 0dab96f9e41546d9b6f7f9795eba8519 - - default default] Unable to schedule network d3417ec2-890d-40b9-81ee-a248ad642313: no agents available; will retry on subsequent port and subnet creation events.
2026-06-25 23:33:16.694 8 INFO neutron_taas.services.taas.taas_plugin [None req-cb3b6d49-00b1-4ac8-b12c-6752abbb35d5 c4090483ca354169b707640872dcc932 768f58a611744ba4981ef4b5e3779202 - - default default] TaaS: Handle Delete Port: 77ddc2e5-8574-4cbe-8f94-d35afa23b960
2026-06-25 23:33:16.696 8 INFO neutron_taas.services.taas.tap_mirror_plugin [None req-cb3b6d49-00b1-4ac8-b12c-6752abbb35d5 c4090483ca354169b707640872dcc932 768f58a611744ba4981ef4b5e3779202 - - default default] Tap Mirror: Handle Delete Port: 77ddc2e5-8574-4cbe-8f94-d35afa23b960
2026-06-25 23:33:16.868 8 INFO neutron.services.segments.plugin [-] Segment 3b4df70e-e744-43f9-8490-666fd2f99bab resource provider aggregate not found
2026-06-25 23:33:16.871 8 INFO neutron.services.segments.plugin [-] Segment 3b4df70e-e744-43f9-8490-666fd2f99bab resource provider aggregate not found
2026-06-25 23:33:16.885 8 INFO neutron.services.segments.plugin [-] Segment 3b4df70e-e744-43f9-8490-666fd2f99bab resource provider not found; error: Placement Client Error (4xx): {"errors": [{"status": 404, "title": "Not Found", "detail": "The resource could not be found.\n\n No resource provider with uuid 3b4df70e-e744-43f9-8490-666fd2f99bab found for delete ", "request_id": "req-38094c45-f593-4168-87ee-926c3f57887a"}]}
2026-06-25 23:33:16.887 8 INFO neutron.services.segments.plugin [-] Segment 3b4df70e-e744-43f9-8490-666fd2f99bab resource provider not found; error: Placement Client Error (4xx): {"errors": [{"status": 404, "title": "Not Found", "detail": "The resource could not be found.\n\n No resource provider with uuid 3b4df70e-e744-43f9-8490-666fd2f99bab found for delete ", "request_id": "req-26ccfb7e-3fbc-484c-a794-eeadeb341af7"}]} [pid: 8|app: 0|req: 652/1225] 10.0.0.61 () {32 vars in 725 bytes} [Thu Jun 25 23:33:16 2026] DELETE /v2.0/networks/e19b10d1-04e3-4d61-8dd8-d1c33c37a067 => generated 0 bytes in 346 msecs (HTTP/1.1 204) 3 headers in 131 bytes (1 switches on core 0) [pid: 8|app: 0|req: 653/1226] 10.0.0.61 () {32 vars in 646 bytes} [Thu Jun 25 23:33:16 2026] GET /v2.0/subnets => generated 649 bytes in 46 msecs (HTTP/1.1 200) 4 headers in 157 bytes (1 switches on core 0)
2026-06-25 23:33:16.992 7 INFO neutron.db.ovn_revision_numbers_db [None req-6a405bf2-920e-497f-a112-ce3f757da3f1 - - - - - -] Successfully bumped revision number for resource 328f2645-52bb-4e09-a5d7-9b9bba88c702 (type: ports) to 2
2026-06-25 23:33:17.043 7 INFO neutron.db.ovn_revision_numbers_db [None req-6a405bf2-920e-497f-a112-ce3f757da3f1 - - - - - -] Successfully bumped revision number for resource 75d81f5f-845e-4c34-bb79-91fab83ee57d (type: subnets) to 0 [pid: 7|app: 0|req: 574/1227] 10.0.0.61 () {34 vars in 668 bytes} [Thu Jun 25 23:33:16 2026] POST /v2.0/subnets => generated 695 bytes in 554 msecs (HTTP/1.1 201) 4 headers in 162 bytes (1 switches on core 0)
2026-06-25 23:33:17.077 8 INFO neutron.db.segments_db [None req-a61820a4-8d4f-4f5a-9713-44e0637551ed c4090483ca354169b707640872dcc932 768f58a611744ba4981ef4b5e3779202 - - default default] Added segment ffab55d2-f810-4b03-9c08-2d24e3e03c46 of type geneve for network ebd103e0-0396-4053-8bcf-5e365580c30e
2026-06-25 23:33:17.158 7 INFO neutron_taas.services.taas.taas_plugin [None req-54d71bae-003b-400d-a8ac-90bbdc47e439 043fd9bd5e2f482093a9c483809d1291 169c5e79dfe141aabd3e4447c1013196 - - default default] TaaS: Handle Delete Port: b64e2d12-aaed-47fb-9486-755091cfa912
2026-06-25 23:33:17.169 7 INFO neutron_taas.services.taas.tap_mirror_plugin [None req-54d71bae-003b-400d-a8ac-90bbdc47e439 043fd9bd5e2f482093a9c483809d1291 169c5e79dfe141aabd3e4447c1013196 - - default default] Tap Mirror: Handle Delete Port: b64e2d12-aaed-47fb-9486-755091cfa912
2026-06-25 23:33:17.187 8 INFO neutron.db.ovn_revision_numbers_db [None req-a61820a4-8d4f-4f5a-9713-44e0637551ed c4090483ca354169b707640872dcc932 768f58a611744ba4981ef4b5e3779202 - - default default] Successfully bumped revision number for resource ebd103e0-0396-4053-8bcf-5e365580c30e (type: networks) to 1
2026-06-25 23:33:17.384 7 INFO neutron.services.segments.plugin [-] Segment 504e853c-c572-431f-862d-060b3fb30d4f resource provider aggregate not found
2026-06-25 23:33:17.385 7 INFO neutron.services.segments.plugin [-] Segment 504e853c-c572-431f-862d-060b3fb30d4f resource provider aggregate not found
2026-06-25 23:33:17.405 7 INFO neutron.services.segments.plugin [-] Segment 504e853c-c572-431f-862d-060b3fb30d4f resource provider not found; error: Placement Client Error (4xx): {"errors": [{"status": 404, "title": "Not Found", "detail": "The resource could not be found.\n\n No resource provider with uuid 504e853c-c572-431f-862d-060b3fb30d4f found for delete ", "request_id": "req-23db0359-aa76-4121-ad54-d989ea5137a7"}]}
2026-06-25 23:33:17.406 7 INFO neutron.services.segments.plugin [-] Segment 504e853c-c572-431f-862d-060b3fb30d4f resource provider not found; error: Placement Client Error (4xx): {"errors": [{"status": 404, "title": "Not Found", "detail": "The resource could not be found.\n\n No resource provider with uuid 504e853c-c572-431f-862d-060b3fb30d4f found for delete ", "request_id": "req-b426f924-bd76-4cce-85fb-dcc1b34d328d"}]}
2026-06-25 23:33:17.410 8 WARNING neutron.scheduler.dhcp_agent_scheduler [None req-a61820a4-8d4f-4f5a-9713-44e0637551ed c4090483ca354169b707640872dcc932 768f58a611744ba4981ef4b5e3779202 - - default default] No more DHCP agents
2026-06-25 23:33:17.412 8 WARNING neutron.api.rpc.agentnotifiers.dhcp_rpc_agent_api [None req-a61820a4-8d4f-4f5a-9713-44e0637551ed c4090483ca354169b707640872dcc932 768f58a611744ba4981ef4b5e3779202 - - default default] Unable to schedule network ebd103e0-0396-4053-8bcf-5e365580c30e: no agents available; will retry on subsequent port and subnet creation events. [pid: 7|app: 0|req: 575/1228] 10.0.0.61 () {32 vars in 725 bytes} [Thu Jun 25 23:33:17 2026] DELETE /v2.0/networks/59b9d5f4-6553-464b-be81-e12e10115728 => generated 0 bytes in 376 msecs (HTTP/1.1 204) 3 headers in 131 bytes (1 switches on core 0)
2026-06-25 23:33:17.482 7 INFO neutron.plugins.ml2.drivers.ovn.mech_driver.mech_driver [None req-8c1c2bf0-9c62-4be7-8cc2-fdfb5093771f - - - - - -] OVN reports status down for port: bd6d1693-79d2-4199-aabb-59bea8c34525
2026-06-25 23:33:17.485 8 INFO neutron.db.ovn_revision_numbers_db [None req-a61820a4-8d4f-4f5a-9713-44e0637551ed c4090483ca354169b707640872dcc932 768f58a611744ba4981ef4b5e3779202 - - default default] Successfully bumped revision number for resource bd6d1693-79d2-4199-aabb-59bea8c34525 (type: ports) to 1 [pid: 8|app: 0|req: 654/1229] 10.0.0.61 () {34 vars in 669 bytes} [Thu Jun 25 23:33:16 2026] POST /v2.0/networks => generated 636 bytes in 530 msecs (HTTP/1.1 201) 4 headers in 162 bytes (1 switches on core 0)
2026-06-25 23:33:17.605 8 INFO neutron_taas.services.taas.taas_plugin [None req-a0ec93ae-469e-4d1a-a5c1-7d0b297fbb5d 043fd9bd5e2f482093a9c483809d1291 169c5e79dfe141aabd3e4447c1013196 - - default default] TaaS: Handle Delete Port: 214396bb-2b5a-45a1-83a4-3c1081ea7888
2026-06-25 23:33:17.609 8 INFO neutron_taas.services.taas.tap_mirror_plugin [None req-a0ec93ae-469e-4d1a-a5c1-7d0b297fbb5d 043fd9bd5e2f482093a9c483809d1291 169c5e79dfe141aabd3e4447c1013196 - - default default] Tap Mirror: Handle Delete Port: 214396bb-2b5a-45a1-83a4-3c1081ea7888 [pid: 8|app: 0|req: 655/1230] 10.0.0.61 () {32 vars in 725 bytes} [Thu Jun 25 23:33:17 2026] DELETE /v2.0/networks/8002bcb9-4d3b-4aad-b6bb-2e84b63d67cf => generated 0 bytes in 301 msecs (HTTP/1.1 204) 3 headers in 131 bytes (1 switches on core 0)
2026-06-25 23:33:18.001 8 WARNING neutron.scheduler.dhcp_agent_scheduler [None req-a28443fa-1a0a-47c6-bd3a-f86b93d510d3 c4090483ca354169b707640872dcc932 768f58a611744ba4981ef4b5e3779202 - - default default] No more DHCP agents
2026-06-25 23:33:18.003 8 WARNING neutron.api.rpc.agentnotifiers.dhcp_rpc_agent_api [None req-a28443fa-1a0a-47c6-bd3a-f86b93d510d3 c4090483ca354169b707640872dcc932 768f58a611744ba4981ef4b5e3779202 - - default default] Unable to schedule network ebd103e0-0396-4053-8bcf-5e365580c30e: no agents available; will retry on subsequent port and subnet creation events.
2026-06-25 23:33:18.026 8 INFO neutron.db.ovn_revision_numbers_db [None req-a28443fa-1a0a-47c6-bd3a-f86b93d510d3 c4090483ca354169b707640872dcc932 768f58a611744ba4981ef4b5e3779202 - - default default] Successfully bumped revision number for resource 62fd71fd-2d0c-4050-b856-22d2c65ed2e5 (type: subnets) to 0 [pid: 8|app: 0|req: 656/1231] 10.0.0.61 () {34 vars in 668 bytes} [Thu Jun 25 23:33:17 2026] POST /v2.0/subnets => generated 646 bytes in 237 msecs (HTTP/1.1 201) 4 headers in 162 bytes (1 switches on core 0) [pid: 8|app: 0|req: 657/1232] 10.0.0.184 () {34 vars in 990 bytes} [Thu Jun 25 23:33:18 2026] GET /v2.0/ports?device_id=1f184c99-c227-421f-b6a3-bc8155375558 => generated 1213 bytes in 80 msecs (HTTP/1.1 200) 4 headers in 158 bytes (1 switches on core 0)
2026-06-25 23:33:18.195 7 WARNING neutron.scheduler.dhcp_agent_scheduler [None req-07c0ce48-97b7-4f87-9fa2-592d87836e85 298581d0294e4acda07b3943ec4e51ac 0dab96f9e41546d9b6f7f9795eba8519 - - default default] No more DHCP agents
2026-06-25 23:33:18.196 7 WARNING neutron.api.rpc.agentnotifiers.dhcp_rpc_agent_api [None req-07c0ce48-97b7-4f87-9fa2-592d87836e85 298581d0294e4acda07b3943ec4e51ac 0dab96f9e41546d9b6f7f9795eba8519 - - default default] Unable to schedule network 183e1d67-a343-4ed2-ac77-0d857ea4021e: no agents available; will retry on subsequent port and subnet creation events.
2026-06-25 23:33:18.213 8 INFO neutron_taas.services.taas.taas_plugin [None req-2ed60808-f270-4a2d-af42-ad96a00f4270 043fd9bd5e2f482093a9c483809d1291 169c5e79dfe141aabd3e4447c1013196 - - default default] TaaS: Handle Delete Port: 7dafc7f8-2581-44dc-b0e2-eaa29ec8b212
2026-06-25 23:33:18.216 8 INFO neutron_taas.services.taas.tap_mirror_plugin [None req-2ed60808-f270-4a2d-af42-ad96a00f4270 043fd9bd5e2f482093a9c483809d1291 169c5e79dfe141aabd3e4447c1013196 - - default default] Tap Mirror: Handle Delete Port: 7dafc7f8-2581-44dc-b0e2-eaa29ec8b212
2026-06-25 23:33:18.294 7 INFO neutron.plugins.ml2.drivers.ovn.mech_driver.mech_driver [None req-8c1c2bf0-9c62-4be7-8cc2-fdfb5093771f - - - - - -] OVN reports status down for port: ef195452-38d2-4117-9e85-058948206706
2026-06-25 23:33:18.360 7 INFO neutron.db.ovn_revision_numbers_db [None req-07c0ce48-97b7-4f87-9fa2-592d87836e85 298581d0294e4acda07b3943ec4e51ac 0dab96f9e41546d9b6f7f9795eba8519 - - default default] Successfully bumped revision number for resource ef195452-38d2-4117-9e85-058948206706 (type: ports) to 1 [pid: 8|app: 0|req: 658/1233] 10.0.0.61 () {32 vars in 725 bytes} [Thu Jun 25 23:33:18 2026] DELETE /v2.0/networks/cfd23f3a-d330-4c15-a817-bd18dee35702 => generated 0 bytes in 276 msecs (HTTP/1.1 204) 3 headers in 131 bytes (1 switches on core 0)
2026-06-25 23:33:18.646 8 WARNING neutron.scheduler.dhcp_agent_scheduler [None req-fd328a64-56e9-44c5-a479-c3af6e4f6291 c4090483ca354169b707640872dcc932 768f58a611744ba4981ef4b5e3779202 - - default default] No more DHCP agents
2026-06-25 23:33:18.647 8 WARNING neutron.api.rpc.agentnotifiers.dhcp_rpc_agent_api [None req-fd328a64-56e9-44c5-a479-c3af6e4f6291 c4090483ca354169b707640872dcc932 768f58a611744ba4981ef4b5e3779202 - - default default] Unable to schedule network ebd103e0-0396-4053-8bcf-5e365580c30e: no agents available; will retry on subsequent port and subnet creation events.
2026-06-25 23:33:18.754 7 INFO neutron.plugins.ml2.drivers.ovn.mech_driver.mech_driver [None req-8c1c2bf0-9c62-4be7-8cc2-fdfb5093771f - - - - - -] OVN reports status down for port: 6a68cbac-869c-4281-9f76-e3bf2a35baae
2026-06-25 23:33:18.759 8 INFO neutron.db.ovn_revision_numbers_db [None req-fd328a64-56e9-44c5-a479-c3af6e4f6291 c4090483ca354169b707640872dcc932 768f58a611744ba4981ef4b5e3779202 - - default default] Successfully bumped revision number for resource 6a68cbac-869c-4281-9f76-e3bf2a35baae (type: ports) to 1 [pid: 8|app: 0|req: 659/1234] 10.0.0.61 () {34 vars in 664 bytes} [Thu Jun 25 23:33:18 2026] POST /v2.0/ports => generated 924 bytes in 380 msecs (HTTP/1.1 201) 4 headers in 162 bytes (1 switches on core 0) [pid: 8|app: 0|req: 660/1235] 10.0.0.184 () {34 vars in 1040 bytes} [Thu Jun 25 23:33:18 2026] GET /v2.0/security-groups?id=a434e581-d4af-4776-a91b-f03a55cf5e98&fields=id&fields=name => generated 114 bytes in 34 msecs (HTTP/1.1 200) 4 headers in 157 bytes (1 switches on core 0)
2026-06-25 23:33:18.913 8 INFO neutron.services.segments.plugin [-] Segment df60dcce-b4cf-4045-ba7f-769732f4979f resource provider aggregate not found
2026-06-25 23:33:18.917 8 INFO neutron.services.segments.plugin [-] Segment df60dcce-b4cf-4045-ba7f-769732f4979f resource provider aggregate not found
2026-06-25 23:33:18.933 8 INFO neutron.services.segments.plugin [-] Segment df60dcce-b4cf-4045-ba7f-769732f4979f resource provider not found; error: Placement Client Error (4xx): {"errors": [{"status": 404, "title": "Not Found", "detail": "The resource could not be found.\n\n No resource provider with uuid df60dcce-b4cf-4045-ba7f-769732f4979f found for delete ", "request_id": "req-defe3b28-158d-48ed-a06d-9225879613f3"}]}
2026-06-25 23:33:18.943 8 INFO neutron.services.segments.plugin [-] Segment df60dcce-b4cf-4045-ba7f-769732f4979f resource provider not found; error: Placement Client Error (4xx): {"errors": [{"status": 404, "title": "Not Found", "detail": "The resource could not be found.\n\n No resource provider with uuid df60dcce-b4cf-4045-ba7f-769732f4979f found for delete ", "request_id": "req-502b884c-9361-4828-be42-1b13168c6d08"}]}
2026-06-25 23:33:18.955 8 INFO neutron.services.segments.plugin [-] Segment f881fc85-6326-4ae0-b6a7-95cb0ac55634 resource provider aggregate not found
2026-06-25 23:33:18.960 8 INFO neutron.services.segments.plugin [-] Segment f881fc85-6326-4ae0-b6a7-95cb0ac55634 resource provider aggregate not found
2026-06-25 23:33:18.963 8 INFO neutron_taas.services.taas.taas_plugin [None req-cee830fd-df7e-4cbb-8230-a8f1026abd02 043fd9bd5e2f482093a9c483809d1291 169c5e79dfe141aabd3e4447c1013196 - - default default] TaaS: Handle Delete Port: 588afd3a-d516-4536-b0c2-bb934c8a9aca
2026-06-25 23:33:18.969 8 INFO neutron_taas.services.taas.tap_mirror_plugin [None req-cee830fd-df7e-4cbb-8230-a8f1026abd02 043fd9bd5e2f482093a9c483809d1291 169c5e79dfe141aabd3e4447c1013196 - - default default] Tap Mirror: Handle Delete Port: 588afd3a-d516-4536-b0c2-bb934c8a9aca
2026-06-25 23:33:18.976 8 INFO neutron.services.segments.plugin [-] Segment f881fc85-6326-4ae0-b6a7-95cb0ac55634 resource provider not found; error: Placement Client Error (4xx): {"errors": [{"status": 404, "title": "Not Found", "detail": "The resource could not be found.\n\n No resource provider with uuid f881fc85-6326-4ae0-b6a7-95cb0ac55634 found for delete ", "request_id": "req-68be378b-97a4-4296-abef-555990140434"}]}
2026-06-25 23:33:18.980 8 INFO neutron.services.segments.plugin [-] Segment f881fc85-6326-4ae0-b6a7-95cb0ac55634 resource provider not found; error: Placement Client Error (4xx): {"errors": [{"status": 404, "title": "Not Found", "detail": "The resource could not be found.\n\n No resource provider with uuid f881fc85-6326-4ae0-b6a7-95cb0ac55634 found for delete ", "request_id": "req-587f9731-5b8f-4bc4-9a0a-969613ab4095"}]}
2026-06-25 23:33:19.090 7 INFO neutron.plugins.ml2.drivers.ovn.mech_driver.ovsdb.commands [None req-76c69a42-05f6-4a16-b31f-d8f5d1633f48 - - - - - -] Schedule LRP lrp-ef195452-38d2-4117-9e85-058948206706 on gateway 1b67cf10-e44f-4e5b-8626-9a2600921730 with priority 1
2026-06-25 23:33:19.131 7 INFO neutron.plugins.ml2.drivers.ovn.mech_driver.mech_driver [None req-8c1c2bf0-9c62-4be7-8cc2-fdfb5093771f - - - - - -] OVN reports status up for port: ef195452-38d2-4117-9e85-058948206706
2026-06-25 23:33:19.145 8 INFO neutron.plugins.ml2.drivers.ovn.mech_driver.ovsdb.ovsdb_monitor [None req-1455d94d-b8db-4d58-a06c-a3b90970dfa7 - - - - - -] Router 733fb717-b9e6-4361-98f0-54785931d1ec is bound to host instance
2026-06-25 23:33:19.157 7 INFO neutron.plugins.ml2.plugin [None req-8c1c2bf0-9c62-4be7-8cc2-fdfb5093771f - - - - - -] Attempt 1 to provision port ef195452-38d2-4117-9e85-058948206706
2026-06-25 23:33:19.184 7 INFO neutron.db.ovn_revision_numbers_db [None req-07c0ce48-97b7-4f87-9fa2-592d87836e85 298581d0294e4acda07b3943ec4e51ac 0dab96f9e41546d9b6f7f9795eba8519 - - default default] Successfully bumped revision number for resource ef195452-38d2-4117-9e85-058948206706 (type: router_ports) to 1
2026-06-25 23:33:19.298 7 INFO neutron.db.ovn_revision_numbers_db [None req-07c0ce48-97b7-4f87-9fa2-592d87836e85 298581d0294e4acda07b3943ec4e51ac 0dab96f9e41546d9b6f7f9795eba8519 - - default default] Successfully bumped revision number for resource 733fb717-b9e6-4361-98f0-54785931d1ec (type: routers) to 2 [pid: 7|app: 0|req: 576/1236] 10.0.0.61 () {34 vars in 668 bytes} [Thu Jun 25 23:33:17 2026] POST /v2.0/routers => generated 973 bytes in 1883 msecs (HTTP/1.1 201) 4 headers in 162 bytes (1 switches on core 0) [pid: 8|app: 0|req: 661/1237] 10.0.0.61 () {32 vars in 725 bytes} [Thu Jun 25 23:33:18 2026] DELETE /v2.0/networks/475d1156-610a-497e-b9c9-e8fdb42c161b => generated 0 bytes in 512 msecs (HTTP/1.1 204) 3 headers in 131 bytes (1 switches on core 0)
2026-06-25 23:33:19.485 7 INFO neutron_taas.services.taas.taas_plugin [None req-86cc2c7f-0426-4302-ab96-66ed069997a2 c4090483ca354169b707640872dcc932 768f58a611744ba4981ef4b5e3779202 - - default default] TaaS: Handle Delete Port: 6a68cbac-869c-4281-9f76-e3bf2a35baae
2026-06-25 23:33:19.488 7 INFO neutron_taas.services.taas.tap_mirror_plugin [None req-86cc2c7f-0426-4302-ab96-66ed069997a2 c4090483ca354169b707640872dcc932 768f58a611744ba4981ef4b5e3779202 - - default default] Tap Mirror: Handle Delete Port: 6a68cbac-869c-4281-9f76-e3bf2a35baae [pid: 7|app: 0|req: 577/1238] 10.0.0.61 () {32 vars in 719 bytes} [Thu Jun 25 23:33:19 2026] DELETE /v2.0/ports/6a68cbac-869c-4281-9f76-e3bf2a35baae => generated 0 bytes in 298 msecs (HTTP/1.1 204) 3 headers in 131 bytes (1 switches on core 0)
2026-06-25 23:33:19.639 7 INFO neutron.pecan_wsgi.hooks.translation [None req-510f57c0-92fe-4513-a95a-34aa7b4fffca c4090483ca354169b707640872dcc932 768f58a611744ba4981ef4b5e3779202 - - default default] GET failed (client error): The resource could not be found. [pid: 7|app: 0|req: 578/1239] 10.0.0.61 () {32 vars in 716 bytes} [Thu Jun 25 23:33:19 2026] GET /v2.0/ports/6a68cbac-869c-4281-9f76-e3bf2a35baae => generated 132 bytes in 21 msecs (HTTP/1.1 404) 4 headers in 164 bytes (1 switches on core 0) [pid: 7|app: 0|req: 579/1240] 10.0.0.61 () {32 vars in 723 bytes} [Thu Jun 25 23:33:19 2026] DELETE /v2.0/subnets/62fd71fd-2d0c-4050-b856-22d2c65ed2e5 => generated 0 bytes in 138 msecs (HTTP/1.1 204) 3 headers in 131 bytes (1 switches on core 0) [pid: 7|app: 0|req: 580/1241] 10.0.0.61 () {32 vars in 773 bytes} [Thu Jun 25 23:33:19 2026] GET /v2.0/security-groups?tenant_id=169c5e79dfe141aabd3e4447c1013196&name=default => generated 2925 bytes in 118 msecs (HTTP/1.1 200) 4 headers in 158 bytes (1 switches on core 0)
2026-06-25 23:33:20.063 7 INFO neutron_taas.services.taas.taas_plugin [None req-1739b345-6c62-4101-bff2-bfebb379400e c4090483ca354169b707640872dcc932 768f58a611744ba4981ef4b5e3779202 - - default default] TaaS: Handle Delete Port: bd6d1693-79d2-4199-aabb-59bea8c34525
2026-06-25 23:33:20.066 7 INFO neutron_taas.services.taas.tap_mirror_plugin [None req-1739b345-6c62-4101-bff2-bfebb379400e c4090483ca354169b707640872dcc932 768f58a611744ba4981ef4b5e3779202 - - default default] Tap Mirror: Handle Delete Port: bd6d1693-79d2-4199-aabb-59bea8c34525
2026-06-25 23:33:20.195 8 WARNING neutron.scheduler.dhcp_agent_scheduler [None req-7ddd8d6d-3918-4355-97a4-9cd291cf0ffc 298581d0294e4acda07b3943ec4e51ac 0dab96f9e41546d9b6f7f9795eba8519 - - default default] No more DHCP agents
2026-06-25 23:33:20.197 8 WARNING neutron.api.rpc.agentnotifiers.dhcp_rpc_agent_api [None req-7ddd8d6d-3918-4355-97a4-9cd291cf0ffc 298581d0294e4acda07b3943ec4e51ac 0dab96f9e41546d9b6f7f9795eba8519 - - default default] Unable to schedule network d3417ec2-890d-40b9-81ee-a248ad642313: no agents available; will retry on subsequent port and subnet creation events.
2026-06-25 23:33:20.246 7 INFO neutron.services.segments.plugin [-] Segment ffab55d2-f810-4b03-9c08-2d24e3e03c46 resource provider aggregate not found
2026-06-25 23:33:20.253 7 INFO neutron.services.segments.plugin [-] Segment ffab55d2-f810-4b03-9c08-2d24e3e03c46 resource provider aggregate not found
2026-06-25 23:33:20.266 7 INFO neutron.services.segments.plugin [-] Segment ffab55d2-f810-4b03-9c08-2d24e3e03c46 resource provider not found; error: Placement Client Error (4xx): {"errors": [{"status": 404, "title": "Not Found", "detail": "The resource could not be found.\n\n No resource provider with uuid ffab55d2-f810-4b03-9c08-2d24e3e03c46 found for delete ", "request_id": "req-ae35bec9-5b53-447e-ac8d-ee7bcf3c75a6"}]}
2026-06-25 23:33:20.273 7 INFO neutron.services.segments.plugin [-] Segment ffab55d2-f810-4b03-9c08-2d24e3e03c46 resource provider not found; error: Placement Client Error (4xx): {"errors": [{"status": 404, "title": "Not Found", "detail": "The resource could not be found.\n\n No resource provider with uuid ffab55d2-f810-4b03-9c08-2d24e3e03c46 found for delete ", "request_id": "req-fe1fd09b-2874-4901-bc1b-2327a2066cfb"}]} [pid: 7|app: 0|req: 581/1242] 10.0.0.61 () {32 vars in 725 bytes} [Thu Jun 25 23:33:19 2026] DELETE /v2.0/networks/ebd103e0-0396-4053-8bcf-5e365580c30e => generated 0 bytes in 401 msecs (HTTP/1.1 204) 3 headers in 131 bytes (1 switches on core 0)
2026-06-25 23:33:20.420 8 INFO neutron.db.ovn_revision_numbers_db [None req-7ddd8d6d-3918-4355-97a4-9cd291cf0ffc 298581d0294e4acda07b3943ec4e51ac 0dab96f9e41546d9b6f7f9795eba8519 - - default default] Successfully bumped revision number for resource 06b348c0-9889-4cf0-b874-3d0859ff4e3c (type: ports) to 1 [pid: 7|app: 0|req: 582/1243] 10.0.0.61 () {32 vars in 739 bytes} [Thu Jun 25 23:33:20 2026] DELETE /v2.0/security-groups/5c5379c5-b989-4aeb-8350-95ecff98b403 => generated 0 bytes in 254 msecs (HTTP/1.1 204) 2 headers in 112 bytes (1 switches on core 0)
2026-06-25 23:33:20.657 8 INFO neutron.db.ovn_revision_numbers_db [None req-8ef4d84a-c074-4f54-8d86-1f7330c84a1a - - - - - -] Successfully bumped revision number for resource ef195452-38d2-4117-9e85-058948206706 (type: ports) to 4
2026-06-25 23:33:20.810 7 WARNING neutron.scheduler.dhcp_agent_scheduler [None req-a31bb4ec-96d0-4158-9bc3-fe147c3c5b3e c4090483ca354169b707640872dcc932 768f58a611744ba4981ef4b5e3779202 - - default default] No more DHCP agents
2026-06-25 23:33:20.812 7 WARNING neutron.api.rpc.agentnotifiers.dhcp_rpc_agent_api [None req-a31bb4ec-96d0-4158-9bc3-fe147c3c5b3e c4090483ca354169b707640872dcc932 768f58a611744ba4981ef4b5e3779202 - - default default] Unable to schedule network 4d47ca20-68e1-4ec2-bc7b-487fc3028382: no agents available; will retry on subsequent port and subnet creation events.
2026-06-25 23:33:20.887 8 INFO neutron.plugins.ml2.drivers.ovn.mech_driver.mech_driver [None req-16758345-f142-49e1-854e-24d67739456b - - - - - -] OVN reports status down for port: e2623870-52cd-4e8d-b652-12683d1fde97
2026-06-25 23:33:20.902 7 INFO neutron.db.ovn_revision_numbers_db [None req-a31bb4ec-96d0-4158-9bc3-fe147c3c5b3e c4090483ca354169b707640872dcc932 768f58a611744ba4981ef4b5e3779202 - - default default] Successfully bumped revision number for resource e2623870-52cd-4e8d-b652-12683d1fde97 (type: ports) to 1 [pid: 7|app: 0|req: 583/1244] 10.0.0.61 () {34 vars in 664 bytes} [Thu Jun 25 23:33:20 2026] POST /v2.0/ports => generated 779 bytes in 414 msecs (HTTP/1.1 201) 4 headers in 162 bytes (1 switches on core 0) /var/lib/openstack/lib/python3.12/site-packages/pycadf/identifier.py:70: UserWarning: Invalid uuid: neutron. To ensure interoperability, identifiers should be a valid uuid. warnings.warn(('Invalid uuid: %s. To ensure interoperability, '
2026-06-25 23:33:21.017 8 INFO neutron.services.segments.plugin [-] Segment b1df7a57-95fc-4b4b-9631-038990ae1cff resource provider aggregate not found
2026-06-25 23:33:21.022 8 INFO neutron.services.segments.plugin [-] Segment b1df7a57-95fc-4b4b-9631-038990ae1cff resource provider aggregate not found
2026-06-25 23:33:21.047 8 INFO neutron.services.segments.plugin [-] Segment b1df7a57-95fc-4b4b-9631-038990ae1cff resource provider not found; error: Placement Client Error (4xx): {"errors": [{"status": 404, "title": "Not Found", "detail": "The resource could not be found.\n\n No resource provider with uuid b1df7a57-95fc-4b4b-9631-038990ae1cff found for delete ", "request_id": "req-1f554c91-430a-4cd8-a52b-d894e4287718"}]}
2026-06-25 23:33:21.054 8 INFO neutron.services.segments.plugin [-] Segment b1df7a57-95fc-4b4b-9631-038990ae1cff resource provider not found; error: Placement Client Error (4xx): {"errors": [{"status": 404, "title": "Not Found", "detail": "The resource could not be found.\n\n No resource provider with uuid b1df7a57-95fc-4b4b-9631-038990ae1cff found for delete ", "request_id": "req-e2524b4e-c604-4ae7-9b7b-40c6f7ac8b37"}]}
2026-06-25 23:33:21.222 7 INFO neutron.db.ovn_revision_numbers_db [None req-3192f371-af7c-4c4b-a845-49fd32d0fc90 c4090483ca354169b707640872dcc932 768f58a611744ba4981ef4b5e3779202 - - default default] Successfully bumped revision number for resource e2623870-52cd-4e8d-b652-12683d1fde97 (type: ports) to 2 [pid: 7|app: 0|req: 584/1245] 10.0.0.61 () {34 vars in 736 bytes} [Thu Jun 25 23:33:20 2026] PUT /v2.0/ports/e2623870-52cd-4e8d-b652-12683d1fde97 => generated 752 bytes in 259 msecs (HTTP/1.1 200) 4 headers in 157 bytes (1 switches on core 0) /var/lib/openstack/lib/python3.12/site-packages/pycadf/identifier.py:70: UserWarning: Invalid uuid: neutron. To ensure interoperability, identifiers should be a valid uuid. warnings.warn(('Invalid uuid: %s. To ensure interoperability, '
2026-06-25 23:33:21.253 8 INFO neutron.plugins.ml2.drivers.ovn.mech_driver.mech_driver [None req-16758345-f142-49e1-854e-24d67739456b - - - - - -] OVN reports status down for port: e2623870-52cd-4e8d-b652-12683d1fde97
2026-06-25 23:33:21.361 7 INFO neutron_taas.services.taas.taas_plugin [None req-d697cdef-178a-4ced-a049-bf39a483e533 c4090483ca354169b707640872dcc932 768f58a611744ba4981ef4b5e3779202 - - default default] TaaS: Handle Delete Port: e2623870-52cd-4e8d-b652-12683d1fde97
2026-06-25 23:33:21.365 7 INFO neutron_taas.services.taas.tap_mirror_plugin [None req-d697cdef-178a-4ced-a049-bf39a483e533 c4090483ca354169b707640872dcc932 768f58a611744ba4981ef4b5e3779202 - - default default] Tap Mirror: Handle Delete Port: e2623870-52cd-4e8d-b652-12683d1fde97
2026-06-25 23:33:21.473 8 INFO neutron.db.ovn_revision_numbers_db [None req-8ef4d84a-c074-4f54-8d86-1f7330c84a1a - - - - - -] Successfully bumped revision number for resource ef195452-38d2-4117-9e85-058948206706 (type: ports) to 5 [pid: 7|app: 0|req: 585/1246] 10.0.0.61 () {32 vars in 719 bytes} [Thu Jun 25 23:33:21 2026] DELETE /v2.0/ports/e2623870-52cd-4e8d-b652-12683d1fde97 => generated 0 bytes in 259 msecs (HTTP/1.1 204) 3 headers in 131 bytes (1 switches on core 0) [pid: 7|app: 0|req: 586/1247] 10.0.0.61 () {32 vars in 642 bytes} [Thu Jun 25 23:33:21 2026] GET /v2.0/ports => generated 1538 bytes in 39 msecs (HTTP/1.1 200) 4 headers in 158 bytes (1 switches on core 0)
2026-06-25 23:33:21.566 7 INFO neutron.pecan_wsgi.hooks.translation [None req-f2dbab8e-625b-475a-a8f1-28ad4c01236c c4090483ca354169b707640872dcc932 768f58a611744ba4981ef4b5e3779202 - - default default] GET failed (client error): The resource could not be found. [pid: 7|app: 0|req: 587/1248] 10.0.0.61 () {32 vars in 716 bytes} [Thu Jun 25 23:33:21 2026] GET /v2.0/ports/e2623870-52cd-4e8d-b652-12683d1fde97 => generated 132 bytes in 18 msecs (HTTP/1.1 404) 4 headers in 164 bytes (1 switches on core 0) [pid: 7|app: 0|req: 588/1249] 10.0.0.61 () {32 vars in 642 bytes} [Thu Jun 25 23:33:21 2026] GET /v2.0/ports => generated 1538 bytes in 46 msecs (HTTP/1.1 200) 4 headers in 158 bytes (1 switches on core 0) [pid: 7|app: 0|req: 589/1250] 10.0.0.61 () {32 vars in 716 bytes} [Thu Jun 25 23:33:21 2026] GET /v2.0/ports/4b5acb6b-8aab-415a-8def-f2fb315759ec => generated 779 bytes in 33 msecs (HTTP/1.1 200) 4 headers in 157 bytes (1 switches on core 0)
2026-06-25 23:33:21.696 7 INFO neutron.pecan_wsgi.hooks.translation [None req-02841e04-f9d6-48b9-b111-df76a663be48 c4090483ca354169b707640872dcc932 768f58a611744ba4981ef4b5e3779202 - - default default] DELETE failed (client error): The resource could not be found. [pid: 7|app: 0|req: 590/1251] 10.0.0.61 () {32 vars in 719 bytes} [Thu Jun 25 23:33:21 2026] DELETE /v2.0/ports/6a68cbac-869c-4281-9f76-e3bf2a35baae => generated 132 bytes in 24 msecs (HTTP/1.1 404) 4 headers in 164 bytes (1 switches on core 0)
2026-06-25 23:33:21.713 7 INFO neutron.pecan_wsgi.hooks.translation [None req-3f30c263-79bb-4074-b8a9-241b4cf62429 c4090483ca354169b707640872dcc932 768f58a611744ba4981ef4b5e3779202 - - default default] DELETE failed (client error): The resource could not be found. [pid: 7|app: 0|req: 591/1252] 10.0.0.61 () {32 vars in 723 bytes} [Thu Jun 25 23:33:21 2026] DELETE /v2.0/subnets/62fd71fd-2d0c-4050-b856-22d2c65ed2e5 => generated 136 bytes in 12 msecs (HTTP/1.1 404) 4 headers in 164 bytes (1 switches on core 0)
2026-06-25 23:33:21.729 7 INFO neutron.pecan_wsgi.hooks.translation [None req-7be52a56-0a7f-4813-bcb2-9bde488da861 c4090483ca354169b707640872dcc932 768f58a611744ba4981ef4b5e3779202 - - default default] DELETE failed (client error): The resource could not be found. [pid: 7|app: 0|req: 592/1253] 10.0.0.61 () {32 vars in 723 bytes} [Thu Jun 25 23:33:21 2026] DELETE /v2.0/subnets/3ef8d067-b932-4002-98ca-f20ae059189a => generated 136 bytes in 12 msecs (HTTP/1.1 404) 4 headers in 164 bytes (1 switches on core 0)
2026-06-25 23:33:21.812 8 WARNING neutron.scheduler.dhcp_agent_scheduler [None req-7ddd8d6d-3918-4355-97a4-9cd291cf0ffc 298581d0294e4acda07b3943ec4e51ac 0dab96f9e41546d9b6f7f9795eba8519 - - default default] No more DHCP agents
2026-06-25 23:33:21.813 8 WARNING neutron.api.rpc.agentnotifiers.dhcp_rpc_agent_api [None req-7ddd8d6d-3918-4355-97a4-9cd291cf0ffc 298581d0294e4acda07b3943ec4e51ac 0dab96f9e41546d9b6f7f9795eba8519 - - default default] Unable to schedule network d3417ec2-890d-40b9-81ee-a248ad642313: no agents available; will retry on subsequent port and subnet creation events.
2026-06-25 23:33:21.865 7 INFO neutron_taas.services.taas.taas_plugin [None req-57ce8c16-9264-4160-bb4e-c8143213021b c4090483ca354169b707640872dcc932 768f58a611744ba4981ef4b5e3779202 - - default default] TaaS: Handle Delete Port: 4b5acb6b-8aab-415a-8def-f2fb315759ec
2026-06-25 23:33:21.868 7 INFO neutron_taas.services.taas.tap_mirror_plugin [None req-57ce8c16-9264-4160-bb4e-c8143213021b c4090483ca354169b707640872dcc932 768f58a611744ba4981ef4b5e3779202 - - default default] Tap Mirror: Handle Delete Port: 4b5acb6b-8aab-415a-8def-f2fb315759ec
2026-06-25 23:33:22.011 7 INFO neutron.plugins.ml2.drivers.ovn.mech_driver.mech_driver [None req-8c1c2bf0-9c62-4be7-8cc2-fdfb5093771f - - - - - -] OVN reports status down for port: 06b348c0-9889-4cf0-b874-3d0859ff4e3c [pid: 7|app: 0|req: 593/1254] 10.0.0.61 () {32 vars in 719 bytes} [Thu Jun 25 23:33:21 2026] DELETE /v2.0/ports/4b5acb6b-8aab-415a-8def-f2fb315759ec => generated 0 bytes in 300 msecs (HTTP/1.1 204) 3 headers in 131 bytes (1 switches on core 0)
2026-06-25 23:33:22.098 7 WARNING neutron.plugins.ml2.drivers.ovn.mech_driver.ovsdb.ovn_client [None req-8c1c2bf0-9c62-4be7-8cc2-fdfb5093771f - - - - - -] Logical_Switch_Port 06b348c0-9889-4cf0-b874-3d0859ff4e3c host information not removed, the port state is up
2026-06-25 23:33:22.099 7 INFO neutron.plugins.ml2.drivers.ovn.mech_driver.mech_driver [None req-8c1c2bf0-9c62-4be7-8cc2-fdfb5093771f - - - - - -] OVN reports status up for port: 06b348c0-9889-4cf0-b874-3d0859ff4e3c
2026-06-25 23:33:22.120 7 INFO neutron.plugins.ml2.plugin [None req-8c1c2bf0-9c62-4be7-8cc2-fdfb5093771f - - - - - -] Attempt 1 to provision port 06b348c0-9889-4cf0-b874-3d0859ff4e3c
2026-06-25 23:33:22.208 7 INFO neutron_taas.services.taas.taas_plugin [None req-d87704c3-87cc-4f2e-8a2e-296fa5097b1f c4090483ca354169b707640872dcc932 768f58a611744ba4981ef4b5e3779202 - - default default] TaaS: Handle Delete Port: c209a105-b94d-483d-bcfc-c64ad35c1f1d
2026-06-25 23:33:22.211 7 INFO neutron_taas.services.taas.tap_mirror_plugin [None req-d87704c3-87cc-4f2e-8a2e-296fa5097b1f c4090483ca354169b707640872dcc932 768f58a611744ba4981ef4b5e3779202 - - default default] Tap Mirror: Handle Delete Port: c209a105-b94d-483d-bcfc-c64ad35c1f1d
2026-06-25 23:33:22.331 8 INFO neutron.db.ovn_revision_numbers_db [None req-7ddd8d6d-3918-4355-97a4-9cd291cf0ffc 298581d0294e4acda07b3943ec4e51ac 0dab96f9e41546d9b6f7f9795eba8519 - - default default] Successfully bumped revision number for resource 06b348c0-9889-4cf0-b874-3d0859ff4e3c (type: router_ports) to 1 [pid: 8|app: 0|req: 662/1255] 10.0.0.61 () {34 vars in 782 bytes} [Thu Jun 25 23:33:19 2026] PUT /v2.0/routers/733fb717-b9e6-4361-98f0-54785931d1ec/add_router_interface => generated 309 bytes in 3008 msecs (HTTP/1.1 200) 4 headers in 157 bytes (1 switches on core 0)
2026-06-25 23:33:22.627 7 INFO neutron.services.segments.plugin [-] Segment 6bffb40f-6b11-4e34-aa16-03a5447a8211 resource provider aggregate not found
2026-06-25 23:33:22.649 7 INFO neutron.services.segments.plugin [-] Segment 6bffb40f-6b11-4e34-aa16-03a5447a8211 resource provider not found; error: Placement Client Error (4xx): {"errors": [{"status": 404, "title": "Not Found", "detail": "The resource could not be found.\n\n No resource provider with uuid 6bffb40f-6b11-4e34-aa16-03a5447a8211 found for delete ", "request_id": "req-d01f535d-8983-4550-ba59-9a6e2c4a37be"}]}
2026-06-25 23:33:22.649 7 INFO neutron.services.segments.plugin [-] Segment 6bffb40f-6b11-4e34-aa16-03a5447a8211 resource provider aggregate not found
2026-06-25 23:33:22.671 7 INFO neutron.services.segments.plugin [-] Segment 6bffb40f-6b11-4e34-aa16-03a5447a8211 resource provider not found; error: Placement Client Error (4xx): {"errors": [{"status": 404, "title": "Not Found", "detail": "The resource could not be found.\n\n No resource provider with uuid 6bffb40f-6b11-4e34-aa16-03a5447a8211 found for delete ", "request_id": "req-1732a4a1-0c2c-42f8-b57d-dca4082bb515"}]}
2026-06-25 23:33:22.673 8 INFO neutron.db.ovn_revision_numbers_db [None req-66a118bc-f672-4422-b58c-397be0c9c0af fd09a19d84024a7280421c1f6564bc90 558deff2ea4446f0b11878da00b9b396 - - default default] Successfully bumped revision number for resource 08b6d5b1-9f94-41ee-a7be-efe61129be59 (type: security_groups) to 1
2026-06-25 23:33:22.695 8 INFO neutron.db.ovn_revision_numbers_db [None req-66a118bc-f672-4422-b58c-397be0c9c0af fd09a19d84024a7280421c1f6564bc90 558deff2ea4446f0b11878da00b9b396 - - default default] Successfully bumped revision number for resource 53f967ce-7771-4519-91ab-630ed1923225 (type: security_group_rules) to 0
2026-06-25 23:33:22.720 8 INFO neutron.db.ovn_revision_numbers_db [None req-66a118bc-f672-4422-b58c-397be0c9c0af fd09a19d84024a7280421c1f6564bc90 558deff2ea4446f0b11878da00b9b396 - - default default] Successfully bumped revision number for resource 94f240a1-3595-48b6-9437-73a3ca7cc298 (type: security_group_rules) to 0
2026-06-25 23:33:22.733 8 INFO neutron.db.ovn_revision_numbers_db [None req-66a118bc-f672-4422-b58c-397be0c9c0af fd09a19d84024a7280421c1f6564bc90 558deff2ea4446f0b11878da00b9b396 - - default default] Successfully bumped revision number for resource a92f794f-c97b-47c5-b187-ac049d630d2d (type: security_group_rules) to 0
2026-06-25 23:33:22.747 8 INFO neutron.db.ovn_revision_numbers_db [None req-66a118bc-f672-4422-b58c-397be0c9c0af fd09a19d84024a7280421c1f6564bc90 558deff2ea4446f0b11878da00b9b396 - - default default] Successfully bumped revision number for resource f1abce19-12f2-44ec-98c2-fe6d5f36c442 (type: security_group_rules) to 0 [pid: 7|app: 0|req: 594/1256] 10.0.0.61 () {32 vars in 725 bytes} [Thu Jun 25 23:33:22 2026] DELETE /v2.0/networks/4d47ca20-68e1-4ec2-bc7b-487fc3028382 => generated 0 bytes in 708 msecs (HTTP/1.1 204) 3 headers in 131 bytes (1 switches on core 0)
2026-06-25 23:33:22.836 8 INFO neutron.db.segments_db [None req-66a118bc-f672-4422-b58c-397be0c9c0af fd09a19d84024a7280421c1f6564bc90 558deff2ea4446f0b11878da00b9b396 - - default default] Added segment 5d2f7ba1-586b-4f04-b887-b9decc8b58fa of type geneve for network 650e7ebc-e35f-401b-967d-a77e1b7853a6
2026-06-25 23:33:22.929 7 INFO neutron.db.ovn_revision_numbers_db [None req-8c1c2bf0-9c62-4be7-8cc2-fdfb5093771f - - - - - -] Successfully bumped revision number for resource 06b348c0-9889-4cf0-b874-3d0859ff4e3c (type: ports) to 2
2026-06-25 23:33:22.977 8 INFO neutron.db.ovn_revision_numbers_db [None req-66a118bc-f672-4422-b58c-397be0c9c0af fd09a19d84024a7280421c1f6564bc90 558deff2ea4446f0b11878da00b9b396 - - default default] Successfully bumped revision number for resource 650e7ebc-e35f-401b-967d-a77e1b7853a6 (type: networks) to 1
2026-06-25 23:33:23.123 7 INFO neutron.db.ovn_revision_numbers_db [None req-99095592-608c-4631-9434-84d88fbd4082 1e496cf778ab42bd8fcdb80f2f20caf8 adad1e18dd2a4a6eadfb376eee262516 - - default default] Successfully bumped revision number for resource 1907812d-388d-42b5-8f0c-fe8e21754fb8 (type: security_groups) to 1
2026-06-25 23:33:23.157 7 INFO neutron.db.ovn_revision_numbers_db [None req-99095592-608c-4631-9434-84d88fbd4082 1e496cf778ab42bd8fcdb80f2f20caf8 adad1e18dd2a4a6eadfb376eee262516 - - default default] Successfully bumped revision number for resource 610120f3-cd16-4d20-bb9b-e63e909547d6 (type: security_group_rules) to 0
2026-06-25 23:33:23.167 7 INFO neutron.db.ovn_revision_numbers_db [None req-99095592-608c-4631-9434-84d88fbd4082 1e496cf778ab42bd8fcdb80f2f20caf8 adad1e18dd2a4a6eadfb376eee262516 - - default default] Successfully bumped revision number for resource 995c55ff-3b8d-4f07-ba32-a0fcce97d6b9 (type: security_group_rules) to 0 [pid: 7|app: 0|req: 595/1257] 10.0.0.61 () {34 vars in 684 bytes} [Thu Jun 25 23:33:22 2026] POST /v2.0/security-groups => generated 1661 bytes in 293 msecs (HTTP/1.1 201) 4 headers in 163 bytes (1 switches on core 0)
2026-06-25 23:33:23.209 8 WARNING neutron.scheduler.dhcp_agent_scheduler [None req-66a118bc-f672-4422-b58c-397be0c9c0af fd09a19d84024a7280421c1f6564bc90 558deff2ea4446f0b11878da00b9b396 - - default default] No more DHCP agents
2026-06-25 23:33:23.211 8 WARNING neutron.api.rpc.agentnotifiers.dhcp_rpc_agent_api [None req-66a118bc-f672-4422-b58c-397be0c9c0af fd09a19d84024a7280421c1f6564bc90 558deff2ea4446f0b11878da00b9b396 - - default default] Unable to schedule network 650e7ebc-e35f-401b-967d-a77e1b7853a6: no agents available; will retry on subsequent port and subnet creation events.
