2026-06-25 23:39:57.306 8 INFO neutron.db.ovn_revision_numbers_db [None req-36f31425-a954-40bb-b816-3cc372fe5565 298581d0294e4acda07b3943ec4e51ac 0dab96f9e41546d9b6f7f9795eba8519 - - default default] Successfully bumped revision number for resource f31cb051-25f6-4b29-bd83-a8977bc2a367 (type: security_group_rules) to 0 [pid: 8|app: 0|req: 1677/3318] 10.0.0.61 () {32 vars in 773 bytes} [Thu Jun 25 23:39:57 2026] GET /v2.0/security-groups?tenant_id=c5964efdda074aa2a323700b9eba7947&name=default => generated 2929 bytes in 234 msecs (HTTP/1.1 200) 4 headers in 158 bytes (1 switches on core 0) [pid: 7|app: 0|req: 1642/3319] 10.0.0.61 () {32 vars in 739 bytes} [Thu Jun 25 23:39:57 2026] DELETE /v2.0/security-groups/a28474af-0dcf-49f9-adff-6aeb0c4fb723 => generated 0 bytes in 222 msecs (HTTP/1.1 204) 2 headers in 112 bytes (1 switches on core 0) [pid: 8|app: 0|req: 1678/3320] 10.0.0.61 () {32 vars in 773 bytes} [Thu Jun 25 23:39:57 2026] GET /v2.0/security-groups?tenant_id=9d8310eec57b491dbe8ca22bfb05be9c&name=default => generated 2925 bytes in 28 msecs (HTTP/1.1 200) 4 headers in 158 bytes (1 switches on core 0) [pid: 7|app: 0|req: 1643/3321] 10.0.0.61 () {32 vars in 739 bytes} [Thu Jun 25 23:39:57 2026] DELETE /v2.0/security-groups/4cdf8215-3a63-49dc-ada4-22bff8ab0b5a => generated 0 bytes in 242 msecs (HTTP/1.1 204) 2 headers in 112 bytes (1 switches on core 0)
2026-06-25 23:39:58.298 8 INFO neutron.db.ovn_revision_numbers_db [None req-457a37fb-532e-4c86-9080-f3ee3720c66d 298581d0294e4acda07b3943ec4e51ac 0dab96f9e41546d9b6f7f9795eba8519 - - default default] Successfully bumped revision number for resource 619cae9e-d1bf-41a2-ac44-5edec78c41a3 (type: security_groups) to 1
2026-06-25 23:39:58.312 8 INFO neutron.db.ovn_revision_numbers_db [None req-457a37fb-532e-4c86-9080-f3ee3720c66d 298581d0294e4acda07b3943ec4e51ac 0dab96f9e41546d9b6f7f9795eba8519 - - default default] Successfully bumped revision number for resource 062e0859-912a-4bbb-8c4d-eacf912faa8f (type: security_group_rules) to 0
2026-06-25 23:39:58.327 8 INFO neutron.db.ovn_revision_numbers_db [None req-457a37fb-532e-4c86-9080-f3ee3720c66d 298581d0294e4acda07b3943ec4e51ac 0dab96f9e41546d9b6f7f9795eba8519 - - default default] Successfully bumped revision number for resource 2df90da0-ee66-4738-b68b-f1edbb9aed3d (type: security_group_rules) to 0
2026-06-25 23:39:58.337 8 INFO neutron.db.ovn_revision_numbers_db [None req-457a37fb-532e-4c86-9080-f3ee3720c66d 298581d0294e4acda07b3943ec4e51ac 0dab96f9e41546d9b6f7f9795eba8519 - - default default] Successfully bumped revision number for resource 2e631c9b-0363-4842-af13-71488623df58 (type: security_group_rules) to 0
2026-06-25 23:39:58.352 8 INFO neutron.db.ovn_revision_numbers_db [None req-457a37fb-532e-4c86-9080-f3ee3720c66d 298581d0294e4acda07b3943ec4e51ac 0dab96f9e41546d9b6f7f9795eba8519 - - default default] Successfully bumped revision number for resource dc2c246c-addb-49ca-aff7-0bf427ef9a74 (type: security_group_rules) to 0 [pid: 8|app: 0|req: 1679/3322] 10.0.0.61 () {32 vars in 773 bytes} [Thu Jun 25 23:39:58 2026] GET /v2.0/security-groups?tenant_id=cac984bc50aa47bd838b43146ace4b44&name=default => generated 2929 bytes in 242 msecs (HTTP/1.1 200) 4 headers in 158 bytes (1 switches on core 0) [pid: 7|app: 0|req: 1644/3323] 10.0.0.61 () {32 vars in 739 bytes} [Thu Jun 25 23:39:58 2026] DELETE /v2.0/security-groups/619cae9e-d1bf-41a2-ac44-5edec78c41a3 => generated 0 bytes in 243 msecs (HTTP/1.1 204) 2 headers in 112 bytes (1 switches on core 0)
2026-06-25 23:39:58.945 7 INFO neutron.db.ovn_revision_numbers_db [None req-bb67b88d-4c62-483a-bf83-eaf2f7db15f7 298581d0294e4acda07b3943ec4e51ac 0dab96f9e41546d9b6f7f9795eba8519 - - default default] Successfully bumped revision number for resource d2aaf5c4-d1c0-4bdd-9975-13a705a9c551 (type: security_groups) to 1
2026-06-25 23:39:58.958 7 INFO neutron.db.ovn_revision_numbers_db [None req-bb67b88d-4c62-483a-bf83-eaf2f7db15f7 298581d0294e4acda07b3943ec4e51ac 0dab96f9e41546d9b6f7f9795eba8519 - - default default] Successfully bumped revision number for resource 1a6e0827-a296-40db-af46-9b69b4c923eb (type: security_group_rules) to 0
2026-06-25 23:39:58.972 7 INFO neutron.db.ovn_revision_numbers_db [None req-bb67b88d-4c62-483a-bf83-eaf2f7db15f7 298581d0294e4acda07b3943ec4e51ac 0dab96f9e41546d9b6f7f9795eba8519 - - default default] Successfully bumped revision number for resource 1efad6f3-ff15-46a0-bcb3-c196fa279c04 (type: security_group_rules) to 0
2026-06-25 23:39:58.985 7 INFO neutron.db.ovn_revision_numbers_db [None req-bb67b88d-4c62-483a-bf83-eaf2f7db15f7 298581d0294e4acda07b3943ec4e51ac 0dab96f9e41546d9b6f7f9795eba8519 - - default default] Successfully bumped revision number for resource 63fc7278-e3ef-4eef-9a9a-850060da97e7 (type: security_group_rules) to 0
2026-06-25 23:39:58.997 7 INFO neutron.db.ovn_revision_numbers_db [None req-bb67b88d-4c62-483a-bf83-eaf2f7db15f7 298581d0294e4acda07b3943ec4e51ac 0dab96f9e41546d9b6f7f9795eba8519 - - default default] Successfully bumped revision number for resource b3de5f18-9fe0-42e7-8d70-2cba3f3cb920 (type: security_group_rules) to 0 [pid: 7|app: 0|req: 1646/3326] 10.0.0.61 () {32 vars in 773 bytes} [Thu Jun 25 23:39:58 2026] GET /v2.0/security-groups?tenant_id=bdae73db5b30406aadaa3e20a4a04306&name=default => generated 2929 bytes in 228 msecs (HTTP/1.1 200) 4 headers in 158 bytes (1 switches on core 0) [pid: 8|app: 0|req: 1681/3327] 10.0.0.61 () {32 vars in 739 bytes} [Thu Jun 25 23:39:59 2026] DELETE /v2.0/security-groups/d2aaf5c4-d1c0-4bdd-9975-13a705a9c551 => generated 0 bytes in 242 msecs (HTTP/1.1 204) 2 headers in 112 bytes (1 switches on core 0)
2026-06-25 23:39:59.586 7 INFO neutron.db.ovn_revision_numbers_db [None req-d74a3af6-9165-4463-9c5c-2fe33b8d0c09 298581d0294e4acda07b3943ec4e51ac 0dab96f9e41546d9b6f7f9795eba8519 - - default default] Successfully bumped revision number for resource 4c726ede-1dd6-4264-a3ff-98efdfcfddad (type: security_groups) to 1
2026-06-25 23:39:59.601 7 INFO neutron.db.ovn_revision_numbers_db [None req-d74a3af6-9165-4463-9c5c-2fe33b8d0c09 298581d0294e4acda07b3943ec4e51ac 0dab96f9e41546d9b6f7f9795eba8519 - - default default] Successfully bumped revision number for resource 320c34ff-94ac-4e1f-b081-c3e71225aabb (type: security_group_rules) to 0
2026-06-25 23:39:59.613 7 INFO neutron.db.ovn_revision_numbers_db [None req-d74a3af6-9165-4463-9c5c-2fe33b8d0c09 298581d0294e4acda07b3943ec4e51ac 0dab96f9e41546d9b6f7f9795eba8519 - - default default] Successfully bumped revision number for resource 3790e8cf-e98a-499e-b1dc-7ab4d1e34086 (type: security_group_rules) to 0
2026-06-25 23:39:59.623 7 INFO neutron.db.ovn_revision_numbers_db [None req-d74a3af6-9165-4463-9c5c-2fe33b8d0c09 298581d0294e4acda07b3943ec4e51ac 0dab96f9e41546d9b6f7f9795eba8519 - - default default] Successfully bumped revision number for resource 66bd1bdb-540b-41dc-9875-644d6db0a4a4 (type: security_group_rules) to 0
2026-06-25 23:39:59.634 7 INFO neutron.db.ovn_revision_numbers_db [None req-d74a3af6-9165-4463-9c5c-2fe33b8d0c09 298581d0294e4acda07b3943ec4e51ac 0dab96f9e41546d9b6f7f9795eba8519 - - default default] Successfully bumped revision number for resource e0053a64-e5e7-4a47-af5c-bd9311a1e9c4 (type: security_group_rules) to 0 [pid: 7|app: 0|req: 1647/3328] 10.0.0.61 () {32 vars in 773 bytes} [Thu Jun 25 23:39:59 2026] GET /v2.0/security-groups?tenant_id=dfb63ffc60884af1ab0199b6cd1d7990&name=default => generated 2929 bytes in 230 msecs (HTTP/1.1 200) 4 headers in 158 bytes (1 switches on core 0) [pid: 8|app: 0|req: 1682/3329] 10.0.0.61 () {32 vars in 739 bytes} [Thu Jun 25 23:39:59 2026] DELETE /v2.0/security-groups/4c726ede-1dd6-4264-a3ff-98efdfcfddad => generated 0 bytes in 211 msecs (HTTP/1.1 204) 2 headers in 112 bytes (1 switches on core 0)
2026-06-25 23:40:04.205 7 INFO neutron.db.ovn_revision_numbers_db [None req-0d1a5356-a6a3-45ae-b19a-b2605c912c56 8dae59c9c28c421c812a8c2d0fa6b6bc 26101198da4540fba06739e7273bc8a3 - - default default] Successfully bumped revision number for resource 7c8562d7-446a-4fae-83c4-7b3f7c446f9b (type: security_groups) to 1
2026-06-25 23:40:04.217 7 INFO neutron.db.ovn_revision_numbers_db [None req-0d1a5356-a6a3-45ae-b19a-b2605c912c56 8dae59c9c28c421c812a8c2d0fa6b6bc 26101198da4540fba06739e7273bc8a3 - - default default] Successfully bumped revision number for resource 5ebc4442-fa24-4def-aebf-e1cfee716b03 (type: security_group_rules) to 0
2026-06-25 23:40:04.229 7 INFO neutron.db.ovn_revision_numbers_db [None req-0d1a5356-a6a3-45ae-b19a-b2605c912c56 8dae59c9c28c421c812a8c2d0fa6b6bc 26101198da4540fba06739e7273bc8a3 - - default default] Successfully bumped revision number for resource 6d0746e7-c16b-4329-8524-10b628072c11 (type: security_group_rules) to 0
2026-06-25 23:40:04.240 7 INFO neutron.db.ovn_revision_numbers_db [None req-0d1a5356-a6a3-45ae-b19a-b2605c912c56 8dae59c9c28c421c812a8c2d0fa6b6bc 26101198da4540fba06739e7273bc8a3 - - default default] Successfully bumped revision number for resource 8ac6fda5-e2c5-4674-a1cf-88986f3a6d5d (type: security_group_rules) to 0
2026-06-25 23:40:04.253 7 INFO neutron.db.ovn_revision_numbers_db [None req-0d1a5356-a6a3-45ae-b19a-b2605c912c56 8dae59c9c28c421c812a8c2d0fa6b6bc 26101198da4540fba06739e7273bc8a3 - - default default] Successfully bumped revision number for resource eaca4175-442f-49f6-889f-4105d2a1dbec (type: security_group_rules) to 0
2026-06-25 23:40:04.336 7 INFO neutron.db.segments_db [None req-0d1a5356-a6a3-45ae-b19a-b2605c912c56 8dae59c9c28c421c812a8c2d0fa6b6bc 26101198da4540fba06739e7273bc8a3 - - default default] Added segment 152f9a8d-043e-49e4-bbfa-6cd11a6b1b7e of type geneve for network 8a8fb04a-5498-4308-9141-d017906bab12
2026-06-25 23:40:04.438 7 INFO neutron.db.ovn_revision_numbers_db [None req-0d1a5356-a6a3-45ae-b19a-b2605c912c56 8dae59c9c28c421c812a8c2d0fa6b6bc 26101198da4540fba06739e7273bc8a3 - - default default] Successfully bumped revision number for resource 8a8fb04a-5498-4308-9141-d017906bab12 (type: networks) to 1
2026-06-25 23:40:04.604 7 WARNING neutron.scheduler.dhcp_agent_scheduler [None req-0d1a5356-a6a3-45ae-b19a-b2605c912c56 8dae59c9c28c421c812a8c2d0fa6b6bc 26101198da4540fba06739e7273bc8a3 - - default default] No more DHCP agents
2026-06-25 23:40:04.606 7 WARNING neutron.api.rpc.agentnotifiers.dhcp_rpc_agent_api [None req-0d1a5356-a6a3-45ae-b19a-b2605c912c56 8dae59c9c28c421c812a8c2d0fa6b6bc 26101198da4540fba06739e7273bc8a3 - - default default] Unable to schedule network 8a8fb04a-5498-4308-9141-d017906bab12: no agents available; will retry on subsequent port and subnet creation events.
2026-06-25 23:40:04.668 7 INFO neutron.plugins.ml2.drivers.ovn.mech_driver.mech_driver [None req-b79dfd6a-5d4b-457a-b96f-72763a4cb22c - - - - - -] OVN reports status down for port: c1cc4b4e-9f12-4513-9320-aeafdab97094
2026-06-25 23:40:04.734 7 INFO neutron.db.ovn_revision_numbers_db [None req-0d1a5356-a6a3-45ae-b19a-b2605c912c56 8dae59c9c28c421c812a8c2d0fa6b6bc 26101198da4540fba06739e7273bc8a3 - - default default] Successfully bumped revision number for resource c1cc4b4e-9f12-4513-9320-aeafdab97094 (type: ports) to 1 [pid: 7|app: 0|req: 1648/3330] 10.0.0.61 () {34 vars in 669 bytes} [Thu Jun 25 23:40:03 2026] POST /v2.0/networks => generated 730 bytes in 893 msecs (HTTP/1.1 201) 4 headers in 162 bytes (1 switches on core 0)
2026-06-25 23:40:04.920 8 WARNING neutron.scheduler.dhcp_agent_scheduler [None req-67c6d7b9-3fa0-4cda-8b39-afcaa6ab6309 8dae59c9c28c421c812a8c2d0fa6b6bc 26101198da4540fba06739e7273bc8a3 - - default default] No more DHCP agents
2026-06-25 23:40:04.921 8 WARNING neutron.api.rpc.agentnotifiers.dhcp_rpc_agent_api [None req-67c6d7b9-3fa0-4cda-8b39-afcaa6ab6309 8dae59c9c28c421c812a8c2d0fa6b6bc 26101198da4540fba06739e7273bc8a3 - - default default] Unable to schedule network 8a8fb04a-5498-4308-9141-d017906bab12: no agents available; will retry on subsequent port and subnet creation events.
2026-06-25 23:40:05.369 8 INFO neutron.db.ovn_revision_numbers_db [None req-0b10a4fc-ce39-4346-81e5-fa36448d186e - - - - - -] Successfully bumped revision number for resource c1cc4b4e-9f12-4513-9320-aeafdab97094 (type: ports) to 2
2026-06-25 23:40:05.404 8 INFO neutron.db.ovn_revision_numbers_db [None req-0b10a4fc-ce39-4346-81e5-fa36448d186e - - - - - -] Successfully bumped revision number for resource e216d99d-6244-4e7f-af9a-8e9c5427cd7a (type: subnets) to 0 [pid: 8|app: 0|req: 1683/3331] 10.0.0.61 () {34 vars in 668 bytes} [Thu Jun 25 23:40:04 2026] POST /v2.0/subnets => generated 644 bytes in 654 msecs (HTTP/1.1 201) 4 headers in 162 bytes (1 switches on core 0)
2026-06-25 23:40:05.436 7 WARNING neutron.api.v2.base [None req-0dc1ee61-f298-49ae-b8d3-af500be50a27 8dae59c9c28c421c812a8c2d0fa6b6bc 26101198da4540fba06739e7273bc8a3 - - default default] An exception happened while processing the request body. The exception message is [Invalid input for target_tenant. Reason: 'None' is not a valid string.].: webob.exc.HTTPBadRequest: Invalid input for target_tenant. Reason: 'None' is not a valid string.
2026-06-25 23:40:05.437 7 INFO neutron.api.v2.resource [None req-0dc1ee61-f298-49ae-b8d3-af500be50a27 8dae59c9c28c421c812a8c2d0fa6b6bc 26101198da4540fba06739e7273bc8a3 - - default default] create failed (client error): Invalid input for target_tenant. Reason: 'None' is not a valid string. [pid: 7|app: 0|req: 1649/3332] 10.0.0.61 () {34 vars in 680 bytes} [Thu Jun 25 23:40:05 2026] POST /v2.0/rbac-policies => generated 143 bytes in 9 msecs (HTTP/1.1 400) 4 headers in 166 bytes (1 switches on core 0)
2026-06-25 23:40:05.576 8 INFO neutron_taas.services.taas.taas_plugin [None req-c299379e-b859-48a8-ab6f-2536db429734 8dae59c9c28c421c812a8c2d0fa6b6bc 26101198da4540fba06739e7273bc8a3 - - default default] TaaS: Handle Delete Port: c1cc4b4e-9f12-4513-9320-aeafdab97094
2026-06-25 23:40:05.578 8 INFO neutron_taas.services.taas.tap_mirror_plugin [None req-c299379e-b859-48a8-ab6f-2536db429734 8dae59c9c28c421c812a8c2d0fa6b6bc 26101198da4540fba06739e7273bc8a3 - - default default] Tap Mirror: Handle Delete Port: c1cc4b4e-9f12-4513-9320-aeafdab97094
2026-06-25 23:40:05.878 8 INFO neutron.services.segments.plugin [-] Segment 152f9a8d-043e-49e4-bbfa-6cd11a6b1b7e resource provider aggregate not found
2026-06-25 23:40:05.880 8 INFO neutron.services.segments.plugin [-] Segment 152f9a8d-043e-49e4-bbfa-6cd11a6b1b7e resource provider aggregate not found
2026-06-25 23:40:05.900 8 INFO neutron.services.segments.plugin [-] Segment 152f9a8d-043e-49e4-bbfa-6cd11a6b1b7e resource provider not found; error: Placement Client Error (4xx): {"errors": [{"status": 404, "title": "Not Found", "detail": "The resource could not be found.\n\n No resource provider with uuid 152f9a8d-043e-49e4-bbfa-6cd11a6b1b7e found for delete ", "request_id": "req-605b76ef-ae08-40d2-a4d2-7d7504e1613f"}]}
2026-06-25 23:40:05.905 8 INFO neutron.services.segments.plugin [-] Segment 152f9a8d-043e-49e4-bbfa-6cd11a6b1b7e resource provider not found; error: Placement Client Error (4xx): {"errors": [{"status": 404, "title": "Not Found", "detail": "The resource could not be found.\n\n No resource provider with uuid 152f9a8d-043e-49e4-bbfa-6cd11a6b1b7e found for delete ", "request_id": "req-cf49b96e-c97c-48bb-8e0d-4dd3df336cb8"}]} [pid: 8|app: 0|req: 1684/3333] 10.0.0.61 () {32 vars in 725 bytes} [Thu Jun 25 23:40:05 2026] DELETE /v2.0/networks/8a8fb04a-5498-4308-9141-d017906bab12 => generated 0 bytes in 504 msecs (HTTP/1.1 204) 3 headers in 131 bytes (1 switches on core 0)
2026-06-25 23:40:06.062 7 INFO neutron.db.segments_db [None req-dc636861-cf8e-4d13-a8f0-58d433b255a0 8dae59c9c28c421c812a8c2d0fa6b6bc 26101198da4540fba06739e7273bc8a3 - - default default] Added segment b8364c04-0b68-4eb6-8909-e238b68a5780 of type geneve for network 32581f29-86ef-4268-acad-a3d31292f615
2026-06-25 23:40:06.186 7 INFO neutron.db.ovn_revision_numbers_db [None req-dc636861-cf8e-4d13-a8f0-58d433b255a0 8dae59c9c28c421c812a8c2d0fa6b6bc 26101198da4540fba06739e7273bc8a3 - - default default] Successfully bumped revision number for resource 32581f29-86ef-4268-acad-a3d31292f615 (type: networks) to 1
2026-06-25 23:40:06.342 7 WARNING neutron.scheduler.dhcp_agent_scheduler [None req-dc636861-cf8e-4d13-a8f0-58d433b255a0 8dae59c9c28c421c812a8c2d0fa6b6bc 26101198da4540fba06739e7273bc8a3 - - default default] No more DHCP agents
2026-06-25 23:40:06.344 7 WARNING neutron.api.rpc.agentnotifiers.dhcp_rpc_agent_api [None req-dc636861-cf8e-4d13-a8f0-58d433b255a0 8dae59c9c28c421c812a8c2d0fa6b6bc 26101198da4540fba06739e7273bc8a3 - - default default] Unable to schedule network 32581f29-86ef-4268-acad-a3d31292f615: no agents available; will retry on subsequent port and subnet creation events.
2026-06-25 23:40:06.421 8 INFO neutron.plugins.ml2.drivers.ovn.mech_driver.mech_driver [None req-e46d29db-640a-4554-a828-1375b4a5ba4d - - - - - -] OVN reports status down for port: 079a921b-f4ad-4338-b10b-45661d57e4b1
2026-06-25 23:40:06.451 7 INFO neutron.db.ovn_revision_numbers_db [None req-dc636861-cf8e-4d13-a8f0-58d433b255a0 8dae59c9c28c421c812a8c2d0fa6b6bc 26101198da4540fba06739e7273bc8a3 - - default default] Successfully bumped revision number for resource 079a921b-f4ad-4338-b10b-45661d57e4b1 (type: ports) to 1 [pid: 7|app: 0|req: 1650/3334] 10.0.0.61 () {34 vars in 669 bytes} [Thu Jun 25 23:40:05 2026] POST /v2.0/networks => generated 730 bytes in 522 msecs (HTTP/1.1 201) 4 headers in 162 bytes (1 switches on core 0)
2026-06-25 23:40:06.605 8 WARNING neutron.scheduler.dhcp_agent_scheduler [None req-93f58d12-3f9b-4c18-b42e-ed3015ec598e 8dae59c9c28c421c812a8c2d0fa6b6bc 26101198da4540fba06739e7273bc8a3 - - default default] No more DHCP agents
2026-06-25 23:40:06.606 8 WARNING neutron.api.rpc.agentnotifiers.dhcp_rpc_agent_api [None req-93f58d12-3f9b-4c18-b42e-ed3015ec598e 8dae59c9c28c421c812a8c2d0fa6b6bc 26101198da4540fba06739e7273bc8a3 - - default default] Unable to schedule network 32581f29-86ef-4268-acad-a3d31292f615: no agents available; will retry on subsequent port and subnet creation events.
2026-06-25 23:40:07.096 8 INFO neutron.db.ovn_revision_numbers_db [None req-00abda2b-d01e-4746-9a78-95a205dc04f0 - - - - - -] Successfully bumped revision number for resource 079a921b-f4ad-4338-b10b-45661d57e4b1 (type: ports) to 2
2026-06-25 23:40:07.134 8 INFO neutron.db.ovn_revision_numbers_db [None req-00abda2b-d01e-4746-9a78-95a205dc04f0 - - - - - -] Successfully bumped revision number for resource 61405e86-b50a-44d7-9f58-865cbd936095 (type: subnets) to 0 [pid: 8|app: 0|req: 1685/3335] 10.0.0.61 () {34 vars in 668 bytes} [Thu Jun 25 23:40:06 2026] POST /v2.0/subnets => generated 647 bytes in 688 msecs (HTTP/1.1 201) 4 headers in 162 bytes (1 switches on core 0)
2026-06-25 23:40:07.182 7 WARNING neutron.api.v2.base [None req-c30c417a-989c-46a9-9b97-40e77ca5f838 8dae59c9c28c421c812a8c2d0fa6b6bc 26101198da4540fba06739e7273bc8a3 - - default default] An exception happened while processing the request body. The exception message is [Invalid input for target_tenant. Reason: '1234123412341234123412341234123412341234123412341234123412341234123412341234123412341234123412341234123412341234123412341234123412341234123412341234123412341234123412341234123412341234123412341234123412341234123412341234123412341234123412341234123412341234123412341234123412341234123412341234123412341234123412341234123412341234123412341234123412341234123412341234123412341234123412341234123412341234' exceeds maximum length of 255.].: webob.exc.HTTPBadRequest: Invalid input for target_tenant. Reason: '1234123412341234123412341234123412341234123412341234123412341234123412341234123412341234123412341234123412341234123412341234123412341234123412341234123412341234123412341234123412341234123412341234123412341234123412341234123412341234123412341234123412341234123412341234123412341234123412341234123412341234123412341234123412341234123412341234123412341234123412341234123412341234123412341234123412341234' exceeds maximum length of 255.
2026-06-25 23:40:07.182 7 INFO neutron.api.v2.resource [None req-c30c417a-989c-46a9-9b97-40e77ca5f838 8dae59c9c28c421c812a8c2d0fa6b6bc 26101198da4540fba06739e7273bc8a3 - - default default] create failed (client error): Invalid input for target_tenant. Reason: '1234123412341234123412341234123412341234123412341234123412341234123412341234123412341234123412341234123412341234123412341234123412341234123412341234123412341234123412341234123412341234123412341234123412341234123412341234123412341234123412341234123412341234123412341234123412341234123412341234123412341234123412341234123412341234123412341234123412341234123412341234123412341234123412341234123412341234' exceeds maximum length of 255. [pid: 7|app: 0|req: 1651/3336] 10.0.0.61 () {34 vars in 680 bytes} [Thu Jun 25 23:40:07 2026] POST /v2.0/rbac-policies => generated 547 bytes in 8 msecs (HTTP/1.1 400) 4 headers in 166 bytes (1 switches on core 0)
2026-06-25 23:40:07.365 8 INFO neutron_taas.services.taas.taas_plugin [None req-1dff522c-79cc-47f4-a739-e320425cb1e6 8dae59c9c28c421c812a8c2d0fa6b6bc 26101198da4540fba06739e7273bc8a3 - - default default] TaaS: Handle Delete Port: 079a921b-f4ad-4338-b10b-45661d57e4b1
2026-06-25 23:40:07.371 8 INFO neutron_taas.services.taas.tap_mirror_plugin [None req-1dff522c-79cc-47f4-a739-e320425cb1e6 8dae59c9c28c421c812a8c2d0fa6b6bc 26101198da4540fba06739e7273bc8a3 - - default default] Tap Mirror: Handle Delete Port: 079a921b-f4ad-4338-b10b-45661d57e4b1 [pid: 8|app: 0|req: 1686/3337] 10.0.0.61 () {32 vars in 725 bytes} [Thu Jun 25 23:40:07 2026] DELETE /v2.0/networks/32581f29-86ef-4268-acad-a3d31292f615 => generated 0 bytes in 576 msecs (HTTP/1.1 204) 3 headers in 131 bytes (1 switches on core 0)
2026-06-25 23:40:07.847 7 INFO neutron.db.segments_db [None req-b1eb0f8f-e065-49f5-a066-8f9234c44322 8dae59c9c28c421c812a8c2d0fa6b6bc 26101198da4540fba06739e7273bc8a3 - - default default] Added segment 22692734-532d-424d-a39e-19af6007c4ae of type geneve for network 8395a1e0-3d5d-43c0-b0b7-20555066749d
2026-06-25 23:40:07.921 8 INFO neutron.services.segments.plugin [-] Segment b8364c04-0b68-4eb6-8909-e238b68a5780 resource provider aggregate not found
2026-06-25 23:40:07.921 8 INFO neutron.services.segments.plugin [-] Segment b8364c04-0b68-4eb6-8909-e238b68a5780 resource provider aggregate not found
2026-06-25 23:40:07.939 8 INFO neutron.services.segments.plugin [-] Segment b8364c04-0b68-4eb6-8909-e238b68a5780 resource provider not found; error: Placement Client Error (4xx): {"errors": [{"status": 404, "title": "Not Found", "detail": "The resource could not be found.\n\n No resource provider with uuid b8364c04-0b68-4eb6-8909-e238b68a5780 found for delete ", "request_id": "req-155319d3-0183-4bcd-ba38-a82cbc8c0ad9"}]}
2026-06-25 23:40:07.945 8 INFO neutron.services.segments.plugin [-] Segment b8364c04-0b68-4eb6-8909-e238b68a5780 resource provider not found; error: Placement Client Error (4xx): {"errors": [{"status": 404, "title": "Not Found", "detail": "The resource could not be found.\n\n No resource provider with uuid b8364c04-0b68-4eb6-8909-e238b68a5780 found for delete ", "request_id": "req-6717dfe7-2699-4758-be62-59bc2ab3adf2"}]}
2026-06-25 23:40:07.971 7 INFO neutron.db.ovn_revision_numbers_db [None req-b1eb0f8f-e065-49f5-a066-8f9234c44322 8dae59c9c28c421c812a8c2d0fa6b6bc 26101198da4540fba06739e7273bc8a3 - - default default] Successfully bumped revision number for resource 8395a1e0-3d5d-43c0-b0b7-20555066749d (type: networks) to 1
2026-06-25 23:40:08.146 7 WARNING neutron.scheduler.dhcp_agent_scheduler [None req-b1eb0f8f-e065-49f5-a066-8f9234c44322 8dae59c9c28c421c812a8c2d0fa6b6bc 26101198da4540fba06739e7273bc8a3 - - default default] No more DHCP agents
2026-06-25 23:40:08.147 7 WARNING neutron.api.rpc.agentnotifiers.dhcp_rpc_agent_api [None req-b1eb0f8f-e065-49f5-a066-8f9234c44322 8dae59c9c28c421c812a8c2d0fa6b6bc 26101198da4540fba06739e7273bc8a3 - - default default] Unable to schedule network 8395a1e0-3d5d-43c0-b0b7-20555066749d: no agents available; will retry on subsequent port and subnet creation events.
2026-06-25 23:40:08.204 8 INFO neutron.plugins.ml2.drivers.ovn.mech_driver.mech_driver [None req-e46d29db-640a-4554-a828-1375b4a5ba4d - - - - - -] OVN reports status down for port: 85545e7b-aa8a-4626-890b-d5c40d6aa89e
2026-06-25 23:40:08.239 7 INFO neutron.db.ovn_revision_numbers_db [None req-b1eb0f8f-e065-49f5-a066-8f9234c44322 8dae59c9c28c421c812a8c2d0fa6b6bc 26101198da4540fba06739e7273bc8a3 - - default default] Successfully bumped revision number for resource 85545e7b-aa8a-4626-890b-d5c40d6aa89e (type: ports) to 1 [pid: 7|app: 0|req: 1652/3338] 10.0.0.61 () {34 vars in 669 bytes} [Thu Jun 25 23:40:07 2026] POST /v2.0/networks => generated 729 bytes in 490 msecs (HTTP/1.1 201) 4 headers in 162 bytes (1 switches on core 0)
2026-06-25 23:40:08.377 8 WARNING neutron.scheduler.dhcp_agent_scheduler [None req-9ece091b-b367-4216-a525-8dd9de539659 8dae59c9c28c421c812a8c2d0fa6b6bc 26101198da4540fba06739e7273bc8a3 - - default default] No more DHCP agents
2026-06-25 23:40:08.378 8 WARNING neutron.api.rpc.agentnotifiers.dhcp_rpc_agent_api [None req-9ece091b-b367-4216-a525-8dd9de539659 8dae59c9c28c421c812a8c2d0fa6b6bc 26101198da4540fba06739e7273bc8a3 - - default default] Unable to schedule network 8395a1e0-3d5d-43c0-b0b7-20555066749d: no agents available; will retry on subsequent port and subnet creation events.
2026-06-25 23:40:08.774 8 INFO neutron.db.ovn_revision_numbers_db [None req-2f6bff12-2e50-41a0-8609-3313063b2b1b - - - - - -] Successfully bumped revision number for resource 85545e7b-aa8a-4626-890b-d5c40d6aa89e (type: ports) to 2
2026-06-25 23:40:08.807 8 INFO neutron.db.ovn_revision_numbers_db [None req-2f6bff12-2e50-41a0-8609-3313063b2b1b - - - - - -] Successfully bumped revision number for resource 5fd868e8-03f8-4063-b944-06a3f226c5b9 (type: subnets) to 0 [pid: 8|app: 0|req: 1687/3339] 10.0.0.61 () {34 vars in 668 bytes} [Thu Jun 25 23:40:08 2026] POST /v2.0/subnets => generated 647 bytes in 558 msecs (HTTP/1.1 201) 4 headers in 162 bytes (1 switches on core 0) [pid: 7|app: 0|req: 1653/3340] 10.0.0.61 () {34 vars in 680 bytes} [Thu Jun 25 23:40:08 2026] POST /v2.0/rbac-policies => generated 324 bytes in 250 msecs (HTTP/1.1 201) 4 headers in 162 bytes (1 switches on core 0) [pid: 8|app: 0|req: 1688/3341] 10.0.0.61 () {32 vars in 722 bytes} [Thu Jun 25 23:40:09 2026] GET /v2.0/networks/8395a1e0-3d5d-43c0-b0b7-20555066749d => generated 654 bytes in 91 msecs (HTTP/1.1 200) 4 headers in 157 bytes (1 switches on core 0)
2026-06-25 23:40:09.937 7 INFO neutron.pecan_wsgi.hooks.translation [None req-987938cb-e56d-4ec9-a626-19e632477901 273fefe7ed37489ab70b7eef27108a3e e8ae47ecf7924effb9fac1e4513edca9 - - default default] GET failed (client error): The resource could not be found. [pid: 7|app: 0|req: 1654/3342] 10.0.0.61 () {32 vars in 722 bytes} [Thu Jun 25 23:40:09 2026] GET /v2.0/networks/8395a1e0-3d5d-43c0-b0b7-20555066749d => generated 138 bytes in 50 msecs (HTTP/1.1 404) 4 headers in 164 bytes (1 switches on core 0)
2026-06-25 23:40:10.080 8 INFO neutron_taas.services.taas.taas_plugin [None req-fff6a7f1-fa32-4086-b545-becc65ff25fc 8dae59c9c28c421c812a8c2d0fa6b6bc 26101198da4540fba06739e7273bc8a3 - - default default] TaaS: Handle Delete Port: 85545e7b-aa8a-4626-890b-d5c40d6aa89e
2026-06-25 23:40:10.083 8 INFO neutron_taas.services.taas.tap_mirror_plugin [None req-fff6a7f1-fa32-4086-b545-becc65ff25fc 8dae59c9c28c421c812a8c2d0fa6b6bc 26101198da4540fba06739e7273bc8a3 - - default default] Tap Mirror: Handle Delete Port: 85545e7b-aa8a-4626-890b-d5c40d6aa89e
2026-06-25 23:40:10.382 8 INFO neutron.services.segments.plugin [-] Segment 22692734-532d-424d-a39e-19af6007c4ae resource provider aggregate not found
2026-06-25 23:40:10.389 8 INFO neutron.services.segments.plugin [-] Segment 22692734-532d-424d-a39e-19af6007c4ae resource provider aggregate not found
2026-06-25 23:40:10.405 8 INFO neutron.services.segments.plugin [-] Segment 22692734-532d-424d-a39e-19af6007c4ae resource provider not found; error: Placement Client Error (4xx): {"errors": [{"status": 404, "title": "Not Found", "detail": "The resource could not be found.\n\n No resource provider with uuid 22692734-532d-424d-a39e-19af6007c4ae found for delete ", "request_id": "req-0de98765-34dc-474f-a218-725dd290133e"}]}
2026-06-25 23:40:10.407 8 INFO neutron.services.segments.plugin [-] Segment 22692734-532d-424d-a39e-19af6007c4ae resource provider not found; error: Placement Client Error (4xx): {"errors": [{"status": 404, "title": "Not Found", "detail": "The resource could not be found.\n\n No resource provider with uuid 22692734-532d-424d-a39e-19af6007c4ae found for delete ", "request_id": "req-facd9c34-8469-42c5-8e7f-8e5a47d01076"}]} [pid: 8|app: 0|req: 1689/3343] 10.0.0.61 () {32 vars in 725 bytes} [Thu Jun 25 23:40:09 2026] DELETE /v2.0/networks/8395a1e0-3d5d-43c0-b0b7-20555066749d => generated 0 bytes in 490 msecs (HTTP/1.1 204) 3 headers in 131 bytes (1 switches on core 0)
2026-06-25 23:40:10.458 7 INFO neutron.pecan_wsgi.hooks.translation [None req-16b89e9f-a31b-478f-9fd8-4d836e73b33a 8dae59c9c28c421c812a8c2d0fa6b6bc 26101198da4540fba06739e7273bc8a3 - - default default] DELETE failed (client error): The resource could not be found. [pid: 7|app: 0|req: 1655/3344] 10.0.0.61 () {32 vars in 723 bytes} [Thu Jun 25 23:40:10 2026] DELETE /v2.0/subnets/e216d99d-6244-4e7f-af9a-8e9c5427cd7a => generated 136 bytes in 15 msecs (HTTP/1.1 404) 4 headers in 164 bytes (1 switches on core 0)
2026-06-25 23:40:10.479 8 INFO neutron.pecan_wsgi.hooks.translation [None req-48db3a63-0ff2-48e3-85fc-4cf6dd28e8e1 8dae59c9c28c421c812a8c2d0fa6b6bc 26101198da4540fba06739e7273bc8a3 - - default default] DELETE failed (client error): The resource could not be found. [pid: 8|app: 0|req: 1690/3345] 10.0.0.61 () {32 vars in 723 bytes} [Thu Jun 25 23:40:10 2026] DELETE /v2.0/subnets/61405e86-b50a-44d7-9f58-865cbd936095 => generated 136 bytes in 18 msecs (HTTP/1.1 404) 4 headers in 164 bytes (1 switches on core 0)
2026-06-25 23:40:10.501 7 INFO neutron.pecan_wsgi.hooks.translation [None req-3cf1289b-2e15-48ed-a83c-2cb489c229f2 8dae59c9c28c421c812a8c2d0fa6b6bc 26101198da4540fba06739e7273bc8a3 - - default default] DELETE failed (client error): The resource could not be found. [pid: 7|app: 0|req: 1656/3346] 10.0.0.61 () {32 vars in 723 bytes} [Thu Jun 25 23:40:10 2026] DELETE /v2.0/subnets/5fd868e8-03f8-4063-b944-06a3f226c5b9 => generated 136 bytes in 15 msecs (HTTP/1.1 404) 4 headers in 164 bytes (1 switches on core 0)
2026-06-25 23:40:11.541 8 INFO neutron.db.ovn_revision_numbers_db [None req-94a2d4e2-2689-4f67-8b08-8d51166d80bd 298581d0294e4acda07b3943ec4e51ac 0dab96f9e41546d9b6f7f9795eba8519 - - default default] Successfully bumped revision number for resource 18749f25-c38a-4648-899b-9e8d51311f85 (type: security_groups) to 1
2026-06-25 23:40:11.553 8 INFO neutron.db.ovn_revision_numbers_db [None req-94a2d4e2-2689-4f67-8b08-8d51166d80bd 298581d0294e4acda07b3943ec4e51ac 0dab96f9e41546d9b6f7f9795eba8519 - - default default] Successfully bumped revision number for resource 32a0131d-790b-4d66-964c-169541b3b579 (type: security_group_rules) to 0
2026-06-25 23:40:11.565 8 INFO neutron.db.ovn_revision_numbers_db [None req-94a2d4e2-2689-4f67-8b08-8d51166d80bd 298581d0294e4acda07b3943ec4e51ac 0dab96f9e41546d9b6f7f9795eba8519 - - default default] Successfully bumped revision number for resource 64428bf3-14f5-42e0-ba92-d4c99789bf0a (type: security_group_rules) to 0
2026-06-25 23:40:11.578 8 INFO neutron.db.ovn_revision_numbers_db [None req-94a2d4e2-2689-4f67-8b08-8d51166d80bd 298581d0294e4acda07b3943ec4e51ac 0dab96f9e41546d9b6f7f9795eba8519 - - default default] Successfully bumped revision number for resource 7c7202e5-d842-457d-8d95-e2e64e54b25f (type: security_group_rules) to 0
2026-06-25 23:40:11.592 8 INFO neutron.db.ovn_revision_numbers_db [None req-94a2d4e2-2689-4f67-8b08-8d51166d80bd 298581d0294e4acda07b3943ec4e51ac 0dab96f9e41546d9b6f7f9795eba8519 - - default default] Successfully bumped revision number for resource c217d403-b9fd-424c-ba05-f3cdc3d6ec4f (type: security_group_rules) to 0 [pid: 8|app: 0|req: 1691/3347] 10.0.0.61 () {32 vars in 773 bytes} [Thu Jun 25 23:40:11 2026] GET /v2.0/security-groups?tenant_id=9836c843d5ba4fcb8ae9e5a5d085973b&name=default => generated 2929 bytes in 367 msecs (HTTP/1.1 200) 4 headers in 158 bytes (1 switches on core 0) [pid: 7|app: 0|req: 1657/3348] 10.0.0.61 () {32 vars in 739 bytes} [Thu Jun 25 23:40:11 2026] DELETE /v2.0/security-groups/18749f25-c38a-4648-899b-9e8d51311f85 => generated 0 bytes in 212 msecs (HTTP/1.1 204) 2 headers in 112 bytes (1 switches on core 0)
2026-06-25 23:40:12.085 8 INFO neutron.db.ovn_revision_numbers_db [None req-312f6d6e-5b66-4001-b1cc-ae90253041a0 298581d0294e4acda07b3943ec4e51ac 0dab96f9e41546d9b6f7f9795eba8519 - - default default] Successfully bumped revision number for resource 263e5978-1ca1-4f16-9eda-78eec4e0ddc4 (type: security_groups) to 1
2026-06-25 23:40:12.097 8 INFO neutron.db.ovn_revision_numbers_db [None req-312f6d6e-5b66-4001-b1cc-ae90253041a0 298581d0294e4acda07b3943ec4e51ac 0dab96f9e41546d9b6f7f9795eba8519 - - default default] Successfully bumped revision number for resource 6ce27e21-dae9-4668-9f64-818f5623d553 (type: security_group_rules) to 0
2026-06-25 23:40:12.108 8 INFO neutron.db.ovn_revision_numbers_db [None req-312f6d6e-5b66-4001-b1cc-ae90253041a0 298581d0294e4acda07b3943ec4e51ac 0dab96f9e41546d9b6f7f9795eba8519 - - default default] Successfully bumped revision number for resource b05a945b-3527-43c4-a0af-b23744aa0d36 (type: security_group_rules) to 0
2026-06-25 23:40:12.118 8 INFO neutron.db.ovn_revision_numbers_db [None req-312f6d6e-5b66-4001-b1cc-ae90253041a0 298581d0294e4acda07b3943ec4e51ac 0dab96f9e41546d9b6f7f9795eba8519 - - default default] Successfully bumped revision number for resource c7329b21-089c-428b-aad9-aecbeb69c1d5 (type: security_group_rules) to 0
2026-06-25 23:40:12.131 8 INFO neutron.db.ovn_revision_numbers_db [None req-312f6d6e-5b66-4001-b1cc-ae90253041a0 298581d0294e4acda07b3943ec4e51ac 0dab96f9e41546d9b6f7f9795eba8519 - - default default] Successfully bumped revision number for resource cc107ff4-ec09-45c9-b5ce-04d523c363f8 (type: security_group_rules) to 0 [pid: 8|app: 0|req: 1692/3349] 10.0.0.61 () {32 vars in 773 bytes} [Thu Jun 25 23:40:11 2026] GET /v2.0/security-groups?tenant_id=e8ae47ecf7924effb9fac1e4513edca9&name=default => generated 2929 bytes in 211 msecs (HTTP/1.1 200) 4 headers in 158 bytes (1 switches on core 0) [pid: 7|app: 0|req: 1658/3350] 10.0.0.61 () {32 vars in 739 bytes} [Thu Jun 25 23:40:12 2026] DELETE /v2.0/security-groups/263e5978-1ca1-4f16-9eda-78eec4e0ddc4 => generated 0 bytes in 245 msecs (HTTP/1.1 204) 2 headers in 112 bytes (1 switches on core 0) [pid: 8|app: 0|req: 1693/3351] 10.0.0.61 () {32 vars in 773 bytes} [Thu Jun 25 23:40:12 2026] GET /v2.0/security-groups?tenant_id=26101198da4540fba06739e7273bc8a3&name=default => generated 2929 bytes in 36 msecs (HTTP/1.1 200) 4 headers in 158 bytes (1 switches on core 0) [pid: 7|app: 0|req: 1659/3352] 10.0.0.61 () {32 vars in 739 bytes} [Thu Jun 25 23:40:12 2026] DELETE /v2.0/security-groups/7c8562d7-446a-4fae-83c4-7b3f7c446f9b => generated 0 bytes in 237 msecs (HTTP/1.1 204) 2 headers in 112 bytes (1 switches on core 0)
2026-06-25 23:40:17.161 7 INFO neutron.db.ovn_revision_numbers_db [None req-8d29ed85-f4d3-4bc1-8b98-90e99d5f3706 301385811bcc40cbbcd9ac5600ea97c5 b6a8dae8df5a43ffaf82b1b1cf109090 - - default default] Successfully bumped revision number for resource 381a3b8b-31fa-4985-80a9-1c892fa8063c (type: security_groups) to 1
2026-06-25 23:40:17.173 7 INFO neutron.db.ovn_revision_numbers_db [None req-8d29ed85-f4d3-4bc1-8b98-90e99d5f3706 301385811bcc40cbbcd9ac5600ea97c5 b6a8dae8df5a43ffaf82b1b1cf109090 - - default default] Successfully bumped revision number for resource 243a6bd7-a942-4cb1-aec9-fd64c6e629b3 (type: security_group_rules) to 0
2026-06-25 23:40:17.185 7 INFO neutron.db.ovn_revision_numbers_db [None req-8d29ed85-f4d3-4bc1-8b98-90e99d5f3706 301385811bcc40cbbcd9ac5600ea97c5 b6a8dae8df5a43ffaf82b1b1cf109090 - - default default] Successfully bumped revision number for resource 78081119-451e-4f4c-9636-9f62474a59dd (type: security_group_rules) to 0
2026-06-25 23:40:17.196 7 INFO neutron.db.ovn_revision_numbers_db [None req-8d29ed85-f4d3-4bc1-8b98-90e99d5f3706 301385811bcc40cbbcd9ac5600ea97c5 b6a8dae8df5a43ffaf82b1b1cf109090 - - default default] Successfully bumped revision number for resource 8f0d8d9e-0f7c-405c-b7c9-4ebc2aa9be85 (type: security_group_rules) to 0
2026-06-25 23:40:17.207 7 INFO neutron.db.ovn_revision_numbers_db [None req-8d29ed85-f4d3-4bc1-8b98-90e99d5f3706 301385811bcc40cbbcd9ac5600ea97c5 b6a8dae8df5a43ffaf82b1b1cf109090 - - default default] Successfully bumped revision number for resource f4f13d63-5e04-43e6-aa4b-a62dcb770ad6 (type: security_group_rules) to 0
2026-06-25 23:40:17.280 7 INFO neutron.db.segments_db [None req-8d29ed85-f4d3-4bc1-8b98-90e99d5f3706 301385811bcc40cbbcd9ac5600ea97c5 b6a8dae8df5a43ffaf82b1b1cf109090 - - default default] Added segment f5ba5b15-5ce0-4e87-9e7b-8883f0a4b389 of type geneve for network 644b0464-0732-4df8-828a-66f0212552e5
2026-06-25 23:40:17.398 7 INFO neutron.db.ovn_revision_numbers_db [None req-8d29ed85-f4d3-4bc1-8b98-90e99d5f3706 301385811bcc40cbbcd9ac5600ea97c5 b6a8dae8df5a43ffaf82b1b1cf109090 - - default default] Successfully bumped revision number for resource 644b0464-0732-4df8-828a-66f0212552e5 (type: networks) to 1
2026-06-25 23:40:17.581 7 WARNING neutron.scheduler.dhcp_agent_scheduler [None req-8d29ed85-f4d3-4bc1-8b98-90e99d5f3706 301385811bcc40cbbcd9ac5600ea97c5 b6a8dae8df5a43ffaf82b1b1cf109090 - - default default] No more DHCP agents
2026-06-25 23:40:17.582 7 WARNING neutron.api.rpc.agentnotifiers.dhcp_rpc_agent_api [None req-8d29ed85-f4d3-4bc1-8b98-90e99d5f3706 301385811bcc40cbbcd9ac5600ea97c5 b6a8dae8df5a43ffaf82b1b1cf109090 - - default default] Unable to schedule network 644b0464-0732-4df8-828a-66f0212552e5: no agents available; will retry on subsequent port and subnet creation events.
2026-06-25 23:40:17.636 7 INFO neutron.plugins.ml2.drivers.ovn.mech_driver.mech_driver [None req-b79dfd6a-5d4b-457a-b96f-72763a4cb22c - - - - - -] OVN reports status down for port: 8f08e9c9-5098-4e4f-a7ce-f9d6f3718d40
2026-06-25 23:40:17.687 7 INFO neutron.db.ovn_revision_numbers_db [None req-8d29ed85-f4d3-4bc1-8b98-90e99d5f3706 301385811bcc40cbbcd9ac5600ea97c5 b6a8dae8df5a43ffaf82b1b1cf109090 - - default default] Successfully bumped revision number for resource 8f08e9c9-5098-4e4f-a7ce-f9d6f3718d40 (type: ports) to 1 [pid: 7|app: 0|req: 1661/3355] 10.0.0.61 () {34 vars in 669 bytes} [Thu Jun 25 23:40:16 2026] POST /v2.0/networks => generated 631 bytes in 884 msecs (HTTP/1.1 201) 4 headers in 162 bytes (1 switches on core 0)
2026-06-25 23:40:17.963 8 WARNING neutron.scheduler.dhcp_agent_scheduler [None req-2952f07c-91c6-495d-a373-dcd898a725a1 301385811bcc40cbbcd9ac5600ea97c5 b6a8dae8df5a43ffaf82b1b1cf109090 - - default default] No more DHCP agents
2026-06-25 23:40:17.964 8 WARNING neutron.api.rpc.agentnotifiers.dhcp_rpc_agent_api [None req-2952f07c-91c6-495d-a373-dcd898a725a1 301385811bcc40cbbcd9ac5600ea97c5 b6a8dae8df5a43ffaf82b1b1cf109090 - - default default] Unable to schedule network 644b0464-0732-4df8-828a-66f0212552e5: no agents available; will retry on subsequent port and subnet creation events.
2026-06-25 23:40:18.030 8 INFO neutron.plugins.ml2.drivers.ovn.mech_driver.mech_driver [None req-e46d29db-640a-4554-a828-1375b4a5ba4d - - - - - -] OVN reports status down for port: c86f2f2c-7bec-426f-8157-09734fa4da8b
2026-06-25 23:40:18.120 8 INFO neutron.db.ovn_revision_numbers_db [None req-2952f07c-91c6-495d-a373-dcd898a725a1 301385811bcc40cbbcd9ac5600ea97c5 b6a8dae8df5a43ffaf82b1b1cf109090 - - default default] Successfully bumped revision number for resource c86f2f2c-7bec-426f-8157-09734fa4da8b (type: ports) to 1 [pid: 8|app: 0|req: 1695/3356] 10.0.0.61 () {34 vars in 663 bytes} [Thu Jun 25 23:40:17 2026] POST /v2.0/ports => generated 743 bytes in 458 msecs (HTTP/1.1 201) 4 headers in 162 bytes (1 switches on core 0)
2026-06-25 23:40:18.285 7 INFO neutron.db.segments_db [None req-2609710a-c023-4215-bbd9-733573170378 301385811bcc40cbbcd9ac5600ea97c5 b6a8dae8df5a43ffaf82b1b1cf109090 - - default default] Added segment 41a71884-7485-4e58-89d8-2ebe3b1b4c74 of type geneve for network a856ed62-0de3-4162-bfe0-6bd83c4e13a7
2026-06-25 23:40:18.398 7 INFO neutron.db.ovn_revision_numbers_db [None req-2609710a-c023-4215-bbd9-733573170378 301385811bcc40cbbcd9ac5600ea97c5 b6a8dae8df5a43ffaf82b1b1cf109090 - - default default] Successfully bumped revision number for resource a856ed62-0de3-4162-bfe0-6bd83c4e13a7 (type: networks) to 1
2026-06-25 23:40:18.555 7 WARNING neutron.scheduler.dhcp_agent_scheduler [None req-2609710a-c023-4215-bbd9-733573170378 301385811bcc40cbbcd9ac5600ea97c5 b6a8dae8df5a43ffaf82b1b1cf109090 - - default default] No more DHCP agents
2026-06-25 23:40:18.556 7 WARNING neutron.api.rpc.agentnotifiers.dhcp_rpc_agent_api [None req-2609710a-c023-4215-bbd9-733573170378 301385811bcc40cbbcd9ac5600ea97c5 b6a8dae8df5a43ffaf82b1b1cf109090 - - default default] Unable to schedule network a856ed62-0de3-4162-bfe0-6bd83c4e13a7: no agents available; will retry on subsequent port and subnet creation events.
2026-06-25 23:40:18.611 7 INFO neutron.plugins.ml2.drivers.ovn.mech_driver.mech_driver [None req-b79dfd6a-5d4b-457a-b96f-72763a4cb22c - - - - - -] OVN reports status down for port: 56a37cc3-45d0-4d12-bb8b-6f09cbb00a2c
2026-06-25 23:40:18.667 7 INFO neutron.db.ovn_revision_numbers_db [None req-2609710a-c023-4215-bbd9-733573170378 301385811bcc40cbbcd9ac5600ea97c5 b6a8dae8df5a43ffaf82b1b1cf109090 - - default default] Successfully bumped revision number for resource 56a37cc3-45d0-4d12-bb8b-6f09cbb00a2c (type: ports) to 1 [pid: 7|app: 0|req: 1662/3357] 10.0.0.61 () {34 vars in 669 bytes} [Thu Jun 25 23:40:18 2026] POST /v2.0/networks => generated 632 bytes in 523 msecs (HTTP/1.1 201) 4 headers in 162 bytes (1 switches on core 0) /var/lib/openstack/lib/python3.12/site-packages/pycadf/identifier.py:70: UserWarning: Invalid uuid: neutron. To ensure interoperability, identifiers should be a valid uuid. warnings.warn(('Invalid uuid: %s. To ensure interoperability, '
2026-06-25 23:40:18.952 8 WARNING neutron.scheduler.dhcp_agent_scheduler [None req-64675249-f2d0-4709-a86b-c8c3c11c7825 301385811bcc40cbbcd9ac5600ea97c5 b6a8dae8df5a43ffaf82b1b1cf109090 - - default default] No more DHCP agents
2026-06-25 23:40:18.953 8 WARNING neutron.api.rpc.agentnotifiers.dhcp_rpc_agent_api [None req-64675249-f2d0-4709-a86b-c8c3c11c7825 301385811bcc40cbbcd9ac5600ea97c5 b6a8dae8df5a43ffaf82b1b1cf109090 - - default default] Unable to schedule network a856ed62-0de3-4162-bfe0-6bd83c4e13a7: no agents available; will retry on subsequent port and subnet creation events.
2026-06-25 23:40:19.009 8 INFO neutron.plugins.ml2.drivers.ovn.mech_driver.mech_driver [None req-e46d29db-640a-4554-a828-1375b4a5ba4d - - - - - -] OVN reports status down for port: a32c5fb1-6ad5-404d-a967-11ab5148a2bb
2026-06-25 23:40:19.077 8 INFO neutron.db.ovn_revision_numbers_db [None req-64675249-f2d0-4709-a86b-c8c3c11c7825 301385811bcc40cbbcd9ac5600ea97c5 b6a8dae8df5a43ffaf82b1b1cf109090 - - default default] Successfully bumped revision number for resource a32c5fb1-6ad5-404d-a967-11ab5148a2bb (type: ports) to 1 [pid: 8|app: 0|req: 1696/3358] 10.0.0.61 () {34 vars in 663 bytes} [Thu Jun 25 23:40:18 2026] POST /v2.0/ports => generated 743 bytes in 429 msecs (HTTP/1.1 201) 4 headers in 162 bytes (1 switches on core 0)
2026-06-25 23:40:19.253 7 INFO neutron.db.segments_db [None req-83f079fa-d6ac-40bd-b199-c8e716245f4c 301385811bcc40cbbcd9ac5600ea97c5 b6a8dae8df5a43ffaf82b1b1cf109090 - - default default] Added segment 1f0c63ed-614e-4f73-b620-24f3b82c8b50 of type geneve for network 91156911-2bf8-4c3f-8a8a-d86969b7f528
2026-06-25 23:40:19.375 7 INFO neutron.db.ovn_revision_numbers_db [None req-83f079fa-d6ac-40bd-b199-c8e716245f4c 301385811bcc40cbbcd9ac5600ea97c5 b6a8dae8df5a43ffaf82b1b1cf109090 - - default default] Successfully bumped revision number for resource 91156911-2bf8-4c3f-8a8a-d86969b7f528 (type: networks) to 1
2026-06-25 23:40:19.548 7 WARNING neutron.scheduler.dhcp_agent_scheduler [None req-83f079fa-d6ac-40bd-b199-c8e716245f4c 301385811bcc40cbbcd9ac5600ea97c5 b6a8dae8df5a43ffaf82b1b1cf109090 - - default default] No more DHCP agents
2026-06-25 23:40:19.550 7 WARNING neutron.api.rpc.agentnotifiers.dhcp_rpc_agent_api [None req-83f079fa-d6ac-40bd-b199-c8e716245f4c 301385811bcc40cbbcd9ac5600ea97c5 b6a8dae8df5a43ffaf82b1b1cf109090 - - default default] Unable to schedule network 91156911-2bf8-4c3f-8a8a-d86969b7f528: no agents available; will retry on subsequent port and subnet creation events.
2026-06-25 23:40:19.595 8 INFO neutron.plugins.ml2.drivers.ovn.mech_driver.mech_driver [None req-e46d29db-640a-4554-a828-1375b4a5ba4d - - - - - -] OVN reports status down for port: 809b7840-c66e-44e0-9fa3-bbf14723e41f
2026-06-25 23:40:19.626 7 INFO neutron.db.ovn_revision_numbers_db [None req-83f079fa-d6ac-40bd-b199-c8e716245f4c 301385811bcc40cbbcd9ac5600ea97c5 b6a8dae8df5a43ffaf82b1b1cf109090 - - default default] Successfully bumped revision number for resource 809b7840-c66e-44e0-9fa3-bbf14723e41f (type: ports) to 1 [pid: 7|app: 0|req: 1663/3359] 10.0.0.61 () {34 vars in 669 bytes} [Thu Jun 25 23:40:19 2026] POST /v2.0/networks => generated 632 bytes in 485 msecs (HTTP/1.1 201) 4 headers in 162 bytes (1 switches on core 0) /var/lib/openstack/lib/python3.12/site-packages/pycadf/identifier.py:70: UserWarning: Invalid uuid: neutron. To ensure interoperability, identifiers should be a valid uuid. warnings.warn(('Invalid uuid: %s. To ensure interoperability, '
2026-06-25 23:40:19.875 8 WARNING neutron.scheduler.dhcp_agent_scheduler [None req-5bfcfad3-eb3d-4d1a-b059-6e64fe4e095a 301385811bcc40cbbcd9ac5600ea97c5 b6a8dae8df5a43ffaf82b1b1cf109090 - - default default] No more DHCP agents
2026-06-25 23:40:19.877 8 WARNING neutron.api.rpc.agentnotifiers.dhcp_rpc_agent_api [None req-5bfcfad3-eb3d-4d1a-b059-6e64fe4e095a 301385811bcc40cbbcd9ac5600ea97c5 b6a8dae8df5a43ffaf82b1b1cf109090 - - default default] Unable to schedule network 91156911-2bf8-4c3f-8a8a-d86969b7f528: no agents available; will retry on subsequent port and subnet creation events.
2026-06-25 23:40:19.935 7 INFO neutron.plugins.ml2.drivers.ovn.mech_driver.mech_driver [None req-b79dfd6a-5d4b-457a-b96f-72763a4cb22c - - - - - -] OVN reports status down for port: b2492073-bc27-4e07-b07d-a5be2a792826
2026-06-25 23:40:19.965 8 INFO neutron.db.ovn_revision_numbers_db [None req-5bfcfad3-eb3d-4d1a-b059-6e64fe4e095a 301385811bcc40cbbcd9ac5600ea97c5 b6a8dae8df5a43ffaf82b1b1cf109090 - - default default] Successfully bumped revision number for resource b2492073-bc27-4e07-b07d-a5be2a792826 (type: ports) to 1 [pid: 8|app: 0|req: 1697/3360] 10.0.0.61 () {34 vars in 663 bytes} [Thu Jun 25 23:40:19 2026] POST /v2.0/ports => generated 743 bytes in 363 msecs (HTTP/1.1 201) 4 headers in 162 bytes (1 switches on core 0)
2026-06-25 23:40:20.110 7 INFO neutron.db.segments_db [None req-a34f1aa4-3890-419e-8fca-86d32377b4f5 301385811bcc40cbbcd9ac5600ea97c5 b6a8dae8df5a43ffaf82b1b1cf109090 - - default default] Added segment 7178c8a9-60de-4a56-b5de-0c133c2ba5b0 of type geneve for network c23cb49a-3896-4ce2-ac30-d1433c55b2e6
2026-06-25 23:40:20.224 7 INFO neutron.db.ovn_revision_numbers_db [None req-a34f1aa4-3890-419e-8fca-86d32377b4f5 301385811bcc40cbbcd9ac5600ea97c5 b6a8dae8df5a43ffaf82b1b1cf109090 - - default default] Successfully bumped revision number for resource c23cb49a-3896-4ce2-ac30-d1433c55b2e6 (type: networks) to 1
2026-06-25 23:40:20.411 7 WARNING neutron.scheduler.dhcp_agent_scheduler [None req-a34f1aa4-3890-419e-8fca-86d32377b4f5 301385811bcc40cbbcd9ac5600ea97c5 b6a8dae8df5a43ffaf82b1b1cf109090 - - default default] No more DHCP agents
2026-06-25 23:40:20.412 7 WARNING neutron.api.rpc.agentnotifiers.dhcp_rpc_agent_api [None req-a34f1aa4-3890-419e-8fca-86d32377b4f5 301385811bcc40cbbcd9ac5600ea97c5 b6a8dae8df5a43ffaf82b1b1cf109090 - - default default] Unable to schedule network c23cb49a-3896-4ce2-ac30-d1433c55b2e6: no agents available; will retry on subsequent port and subnet creation events.
2026-06-25 23:40:20.479 7 INFO neutron.plugins.ml2.drivers.ovn.mech_driver.mech_driver [None req-b79dfd6a-5d4b-457a-b96f-72763a4cb22c - - - - - -] OVN reports status down for port: a4bd661f-3423-4fa2-b608-6e00daee32bb
2026-06-25 23:40:20.539 7 INFO neutron.db.ovn_revision_numbers_db [None req-a34f1aa4-3890-419e-8fca-86d32377b4f5 301385811bcc40cbbcd9ac5600ea97c5 b6a8dae8df5a43ffaf82b1b1cf109090 - - default default] Successfully bumped revision number for resource a4bd661f-3423-4fa2-b608-6e00daee32bb (type: ports) to 1 [pid: 7|app: 0|req: 1664/3361] 10.0.0.61 () {34 vars in 669 bytes} [Thu Jun 25 23:40:20 2026] POST /v2.0/networks => generated 632 bytes in 566 msecs (HTTP/1.1 201) 4 headers in 162 bytes (1 switches on core 0) /var/lib/openstack/lib/python3.12/site-packages/pycadf/identifier.py:70: UserWarning: Invalid uuid: neutron. To ensure interoperability, identifiers should be a valid uuid. warnings.warn(('Invalid uuid: %s. To ensure interoperability, '
2026-06-25 23:40:20.815 8 WARNING neutron.scheduler.dhcp_agent_scheduler [None req-beb87aff-17e2-46eb-876c-5fdf972afc0b 301385811bcc40cbbcd9ac5600ea97c5 b6a8dae8df5a43ffaf82b1b1cf109090 - - default default] No more DHCP agents
2026-06-25 23:40:20.816 8 WARNING neutron.api.rpc.agentnotifiers.dhcp_rpc_agent_api [None req-beb87aff-17e2-46eb-876c-5fdf972afc0b 301385811bcc40cbbcd9ac5600ea97c5 b6a8dae8df5a43ffaf82b1b1cf109090 - - default default] Unable to schedule network c23cb49a-3896-4ce2-ac30-d1433c55b2e6: no agents available; will retry on subsequent port and subnet creation events.
2026-06-25 23:40:20.870 8 INFO neutron.plugins.ml2.drivers.ovn.mech_driver.mech_driver [None req-e46d29db-640a-4554-a828-1375b4a5ba4d - - - - - -] OVN reports status down for port: 9a6661bf-94b1-42a8-aeec-e3fc715be093
