2026-06-25 23:33:07.483 8 INFO neutron.db.ovn_revision_numbers_db [None req-901b0b91-d8c6-49e9-b85b-1ae1ba18b6b6 eabe7d37908f4b7397b7f453d81801e2 1a2911bb40404c23a06054e89e471b7e - - default default] Successfully bumped revision number for resource 5b8dcf07-7b20-4fa7-b525-28518c5cdbd1 (type: floatingips) to 1
2026-06-25 23:33:07.567 7 INFO neutron.db.ovn_revision_numbers_db [None req-786ed6f2-2d15-464c-9bba-8a56bd9b4afb - - - - - -] Successfully bumped revision number for resource 3ec74fd5-e22b-46f2-bcba-aa9296c45d83 (type: ports) to 2
2026-06-25 23:33:07.602 7 INFO neutron.db.ovn_revision_numbers_db [None req-786ed6f2-2d15-464c-9bba-8a56bd9b4afb - - - - - -] Successfully bumped revision number for resource 4f240e28-f048-4b59-a725-3afd05505409 (type: subnets) to 0 [pid: 7|app: 0|req: 542/1166] 10.0.0.61 () {34 vars in 668 bytes} [Thu Jun 25 23:33:06 2026] POST /v2.0/subnets => generated 1274 bytes in 1381 msecs (HTTP/1.1 201) 4 headers in 163 bytes (1 switches on core 0)
2026-06-25 23:33:07.634 8 INFO neutron.db.ovn_revision_numbers_db [None req-901b0b91-d8c6-49e9-b85b-1ae1ba18b6b6 eabe7d37908f4b7397b7f453d81801e2 1a2911bb40404c23a06054e89e471b7e - - default default] Successfully bumped revision number for resource 5b8dcf07-7b20-4fa7-b525-28518c5cdbd1 (type: floatingips) to 2
2026-06-25 23:33:07.635 8 INFO neutron.db.l3_db [None req-901b0b91-d8c6-49e9-b85b-1ae1ba18b6b6 eabe7d37908f4b7397b7f453d81801e2 1a2911bb40404c23a06054e89e471b7e - - default default] Floating IP 5b8dcf07-7b20-4fa7-b525-28518c5cdbd1 associated. External IP: 10.96.250.215, port: 56daf9f8-51d5-4628-a0c9-291b85d0c674. [pid: 7|app: 0|req: 543/1167] 10.0.0.120 () {34 vars in 990 bytes} [Thu Jun 25 23:33:07 2026] GET /v2.0/ports?device_id=1f63649b-b1da-4bd9-bb46-317f1943bed1 => generated 12 bytes in 21 msecs (HTTP/1.1 200) 4 headers in 156 bytes (1 switches on core 0) [pid: 8|app: 0|req: 625/1168] 10.0.0.61 () {34 vars in 748 bytes} [Thu Jun 25 23:33:06 2026] PUT /v2.0/floatingips/5b8dcf07-7b20-4fa7-b525-28518c5cdbd1 => generated 856 bytes in 715 msecs (HTTP/1.1 200) 4 headers in 157 bytes (1 switches on core 0) [pid: 7|app: 0|req: 544/1169] 10.0.0.61 () {32 vars in 646 bytes} [Thu Jun 25 23:33:07 2026] GET /v2.0/subnets => generated 1910 bytes in 37 msecs (HTTP/1.1 200) 4 headers in 158 bytes (1 switches on core 0) /var/lib/openstack/lib/python3.12/site-packages/pycadf/identifier.py:70: UserWarning: Invalid uuid: neutron. To ensure interoperability, identifiers should be a valid uuid. warnings.warn(('Invalid uuid: %s. To ensure interoperability, '
2026-06-25 23:33:07.711 8 INFO neutron.notifiers.nova [-] Nova event matching ['req-86c64f5f-9dc1-418b-8857-a5e39c95687d'] response: {'name': 'network-changed', 'server_uuid': '1f184c99-c227-421f-b6a3-bc8155375558', 'tag': '56daf9f8-51d5-4628-a0c9-291b85d0c674', 'status': 'completed', 'code': 200} [pid: 8|app: 0|req: 626/1170] 10.0.0.61 () {32 vars in 723 bytes} [Thu Jun 25 23:33:07 2026] DELETE /v2.0/subnets/ea8e6c3b-a35e-49c1-88f6-88c761cfbc8f => generated 0 bytes in 221 msecs (HTTP/1.1 204) 3 headers in 131 bytes (1 switches on core 0) [pid: 7|app: 0|req: 545/1171] 10.0.0.61 () {32 vars in 723 bytes} [Thu Jun 25 23:33:07 2026] DELETE /v2.0/subnets/4f240e28-f048-4b59-a725-3afd05505409 => generated 0 bytes in 182 msecs (HTTP/1.1 204) 3 headers in 131 bytes (1 switches on core 0) [pid: 8|app: 0|req: 627/1172] 10.0.0.61 () {32 vars in 646 bytes} [Thu Jun 25 23:33:08 2026] GET /v2.0/subnets => generated 649 bytes in 35 msecs (HTTP/1.1 200) 4 headers in 157 bytes (1 switches on core 0)
2026-06-25 23:33:08.262 7 INFO neutron_taas.services.taas.taas_plugin [None req-8cd490d1-6df9-4896-ac39-65659409a97f 3c1bd717a4b2482b814b0a2b57717efd 49a9d6d370894e8e9326d8623517038b - - default default] TaaS: Handle Delete Port: 3ec74fd5-e22b-46f2-bcba-aa9296c45d83
2026-06-25 23:33:08.266 7 INFO neutron_taas.services.taas.tap_mirror_plugin [None req-8cd490d1-6df9-4896-ac39-65659409a97f 3c1bd717a4b2482b814b0a2b57717efd 49a9d6d370894e8e9326d8623517038b - - default default] Tap Mirror: Handle Delete Port: 3ec74fd5-e22b-46f2-bcba-aa9296c45d83 [pid: 8|app: 0|req: 628/1173] 199.19.213.232 () {34 vars in 1080 bytes} [Thu Jun 25 23:33:08 2026] GET /v2.0/ports?tenant_id=1a2911bb40404c23a06054e89e471b7e&device_id=1f184c99-c227-421f-b6a3-bc8155375558 => generated 1213 bytes in 45 msecs (HTTP/1.1 200) 4 headers in 158 bytes (1 switches on core 0) [pid: 8|app: 0|req: 629/1174] 199.19.213.232 () {34 vars in 986 bytes} [Thu Jun 25 23:33:08 2026] GET /v2.0/networks?id=0e437f93-6151-4a68-970b-e432828cbc9d => generated 774 bytes in 85 msecs (HTTP/1.1 200) 4 headers in 157 bytes (1 switches on core 0) [pid: 8|app: 0|req: 630/1175] 199.19.213.232 () {34 vars in 1060 bytes} [Thu Jun 25 23:33:08 2026] GET /v2.0/floatingips?fixed_ip_address=10.100.0.14&port_id=56daf9f8-51d5-4628-a0c9-291b85d0c674 => generated 861 bytes in 50 msecs (HTTP/1.1 200) 4 headers in 157 bytes (1 switches on core 0)
2026-06-25 23:33:08.444 7 INFO neutron.services.segments.plugin [-] Segment 3aaa517b-a3bc-4780-9076-03ded6ac144c resource provider aggregate not found
2026-06-25 23:33:08.452 7 INFO neutron.services.segments.plugin [-] Segment 3aaa517b-a3bc-4780-9076-03ded6ac144c resource provider aggregate not found
2026-06-25 23:33:08.459 7 INFO neutron.services.segments.plugin [-] Segment 3aaa517b-a3bc-4780-9076-03ded6ac144c resource provider not found; error: Placement Client Error (4xx): {"errors": [{"status": 404, "title": "Not Found", "detail": "The resource could not be found.\n\n No resource provider with uuid 3aaa517b-a3bc-4780-9076-03ded6ac144c found for delete ", "request_id": "req-fa09d663-4488-4dbf-b158-4433d5f6f99b"}]} [pid: 8|app: 0|req: 631/1176] 199.19.213.232 () {34 vars in 984 bytes} [Thu Jun 25 23:33:08 2026] GET /v2.0/subnets?id=721e0a60-635d-4611-bdcd-dfba5e50c6ac => generated 693 bytes in 40 msecs (HTTP/1.1 200) 4 headers in 157 bytes (1 switches on core 0)
2026-06-25 23:33:08.472 7 INFO neutron.services.segments.plugin [-] Segment 3aaa517b-a3bc-4780-9076-03ded6ac144c resource provider not found; error: Placement Client Error (4xx): {"errors": [{"status": 404, "title": "Not Found", "detail": "The resource could not be found.\n\n No resource provider with uuid 3aaa517b-a3bc-4780-9076-03ded6ac144c found for delete ", "request_id": "req-368ff590-6e5b-4b30-9a69-73593bfeb968"}]} [pid: 7|app: 0|req: 546/1177] 10.0.0.61 () {32 vars in 725 bytes} [Thu Jun 25 23:33:08 2026] DELETE /v2.0/networks/9e6ad426-1efa-4a5d-9ea7-eee372541d03 => generated 0 bytes in 348 msecs (HTTP/1.1 204) 3 headers in 131 bytes (1 switches on core 0) [pid: 8|app: 0|req: 632/1178] 199.19.213.232 () {34 vars in 1052 bytes} [Thu Jun 25 23:33:08 2026] GET /v2.0/ports?network_id=0e437f93-6151-4a68-970b-e432828cbc9d&device_owner=network%3Adhcp => generated 12 bytes in 23 msecs (HTTP/1.1 200) 4 headers in 156 bytes (1 switches on core 0) [pid: 7|app: 0|req: 547/1179] 199.19.213.232 () {34 vars in 1012 bytes} [Thu Jun 25 23:33:08 2026] GET /v2.0/networks/0e437f93-6151-4a68-970b-e432828cbc9d?fields=segments => generated 14 bytes in 48 msecs (HTTP/1.1 200) 4 headers in 156 bytes (1 switches on core 0) [pid: 7|app: 0|req: 548/1180] 199.19.213.232 () {34 vars in 1112 bytes} [Thu Jun 25 23:33:08 2026] GET /v2.0/networks/0e437f93-6151-4a68-970b-e432828cbc9d?fields=provider%3Aphysical_network&fields=provider%3Anetwork_type => generated 79 bytes in 38 msecs (HTTP/1.1 200) 4 headers in 156 bytes (1 switches on core 0)
2026-06-25 23:33:08.629 8 INFO neutron_taas.services.taas.taas_plugin [None req-b6bbfab7-269c-4f8f-9532-059381db45b7 3c1bd717a4b2482b814b0a2b57717efd 49a9d6d370894e8e9326d8623517038b - - default default] TaaS: Handle Delete Port: 0725ef47-089b-451b-b5ae-a21bda1c2292
2026-06-25 23:33:08.632 8 INFO neutron_taas.services.taas.tap_mirror_plugin [None req-b6bbfab7-269c-4f8f-9532-059381db45b7 3c1bd717a4b2482b814b0a2b57717efd 49a9d6d370894e8e9326d8623517038b - - default default] Tap Mirror: Handle Delete Port: 0725ef47-089b-451b-b5ae-a21bda1c2292
2026-06-25 23:33:08.821 8 INFO neutron.services.segments.plugin [-] Segment 68462ab3-23d5-4b49-8349-c5d342edf405 resource provider aggregate not found
2026-06-25 23:33:08.824 8 INFO neutron.services.segments.plugin [-] Segment 68462ab3-23d5-4b49-8349-c5d342edf405 resource provider aggregate not found
2026-06-25 23:33:08.841 8 INFO neutron.services.segments.plugin [-] Segment 68462ab3-23d5-4b49-8349-c5d342edf405 resource provider not found; error: Placement Client Error (4xx): {"errors": [{"status": 404, "title": "Not Found", "detail": "The resource could not be found.\n\n No resource provider with uuid 68462ab3-23d5-4b49-8349-c5d342edf405 found for delete ", "request_id": "req-3e38da00-0d74-4d3c-be49-8079ad0ea414"}]}
2026-06-25 23:33:08.846 8 INFO neutron.services.segments.plugin [-] Segment 68462ab3-23d5-4b49-8349-c5d342edf405 resource provider not found; error: Placement Client Error (4xx): {"errors": [{"status": 404, "title": "Not Found", "detail": "The resource could not be found.\n\n No resource provider with uuid 68462ab3-23d5-4b49-8349-c5d342edf405 found for delete ", "request_id": "req-324e08e1-e64e-47a6-871d-13055edf74dc"}]} [pid: 8|app: 0|req: 633/1181] 10.0.0.61 () {32 vars in 725 bytes} [Thu Jun 25 23:33:08 2026] DELETE /v2.0/networks/2568b11f-abd3-4ec5-9326-63f00f3b400e => generated 0 bytes in 364 msecs (HTTP/1.1 204) 3 headers in 131 bytes (1 switches on core 0) [pid: 8|app: 0|req: 634/1182] 10.0.0.61 () {32 vars in 739 bytes} [Thu Jun 25 23:33:08 2026] DELETE /v2.0/security-groups/73a7202c-b1bd-4e5f-851a-095b37358521 => generated 0 bytes in 140 msecs (HTTP/1.1 204) 2 headers in 112 bytes (1 switches on core 0)
2026-06-25 23:33:09.016 7 INFO neutron.db.ovn_revision_numbers_db [None req-a6c31146-84a2-4036-a6e8-a8bb274963a3 043fd9bd5e2f482093a9c483809d1291 169c5e79dfe141aabd3e4447c1013196 - - default default] Successfully bumped revision number for resource 5c5379c5-b989-4aeb-8350-95ecff98b403 (type: security_groups) to 1
2026-06-25 23:33:09.026 7 INFO neutron.db.ovn_revision_numbers_db [None req-a6c31146-84a2-4036-a6e8-a8bb274963a3 043fd9bd5e2f482093a9c483809d1291 169c5e79dfe141aabd3e4447c1013196 - - default default] Successfully bumped revision number for resource 0489ae24-15d0-4762-ada6-3fd7eb2196a8 (type: security_group_rules) to 0
2026-06-25 23:33:09.037 7 INFO neutron.db.ovn_revision_numbers_db [None req-a6c31146-84a2-4036-a6e8-a8bb274963a3 043fd9bd5e2f482093a9c483809d1291 169c5e79dfe141aabd3e4447c1013196 - - default default] Successfully bumped revision number for resource 2c7fd4ee-b897-4800-a4b1-45075ce970e7 (type: security_group_rules) to 0
2026-06-25 23:33:09.049 7 INFO neutron.db.ovn_revision_numbers_db [None req-a6c31146-84a2-4036-a6e8-a8bb274963a3 043fd9bd5e2f482093a9c483809d1291 169c5e79dfe141aabd3e4447c1013196 - - default default] Successfully bumped revision number for resource 37862a92-04db-415d-8e93-649f1a04bed1 (type: security_group_rules) to 0
2026-06-25 23:33:09.060 7 INFO neutron.db.ovn_revision_numbers_db [None req-a6c31146-84a2-4036-a6e8-a8bb274963a3 043fd9bd5e2f482093a9c483809d1291 169c5e79dfe141aabd3e4447c1013196 - - default default] Successfully bumped revision number for resource 47e747a2-0c26-4c6e-87e0-5d99e5d64151 (type: security_group_rules) to 0
2026-06-25 23:33:09.129 8 INFO neutron_taas.services.taas.taas_plugin [None req-4b5e49e8-c5fd-4426-884b-4d59c7aa9c88 3c1bd717a4b2482b814b0a2b57717efd 49a9d6d370894e8e9326d8623517038b - - default default] TaaS: Handle Delete Port: bacd4377-7a4e-48ef-8110-80b08af11f7d
2026-06-25 23:33:09.132 8 INFO neutron_taas.services.taas.tap_mirror_plugin [None req-4b5e49e8-c5fd-4426-884b-4d59c7aa9c88 3c1bd717a4b2482b814b0a2b57717efd 49a9d6d370894e8e9326d8623517038b - - default default] Tap Mirror: Handle Delete Port: bacd4377-7a4e-48ef-8110-80b08af11f7d
2026-06-25 23:33:09.147 7 INFO neutron.db.segments_db [None req-a6c31146-84a2-4036-a6e8-a8bb274963a3 043fd9bd5e2f482093a9c483809d1291 169c5e79dfe141aabd3e4447c1013196 - - default default] Added segment 551fdbd4-8f16-4d13-9284-ae79765c61ab of type geneve for network 3817f010-0fc3-4b09-9a10-5044b1c06f66
2026-06-25 23:33:09.245 7 INFO neutron.db.segments_db [None req-a6c31146-84a2-4036-a6e8-a8bb274963a3 043fd9bd5e2f482093a9c483809d1291 169c5e79dfe141aabd3e4447c1013196 - - default default] Added segment a67bd44a-f1f4-441e-8db5-299e4b3e6acf of type geneve for network 1ed48d2e-832e-42dd-8b38-14f95363ce32 [pid: 8|app: 0|req: 635/1183] 10.0.0.61 () {32 vars in 725 bytes} [Thu Jun 25 23:33:09 2026] DELETE /v2.0/networks/e9585c8f-2224-4164-a108-8643ed59fba0 => generated 0 bytes in 341 msecs (HTTP/1.1 204) 3 headers in 131 bytes (1 switches on core 0)
2026-06-25 23:33:09.362 8 INFO neutron.api.v2.resource [None req-b379200d-1580-4403-ba2c-573d6f8c401d 65bd67acf0234a5d9aa2c7cccfd003bc 4946c4a8bed8470dbb8605bbe87d5f4c - - default default] show failed (client error): The resource could not be found. [pid: 8|app: 0|req: 636/1184] 10.0.0.61 () {32 vars in 736 bytes} [Thu Jun 25 23:33:09 2026] GET /v2.0/security-groups/73a7202c-b1bd-4e5f-851a-095b37358521 => generated 146 bytes in 12 msecs (HTTP/1.1 404) 4 headers in 164 bytes (1 switches on core 0)
2026-06-25 23:33:09.369 7 INFO neutron.db.ovn_revision_numbers_db [None req-a6c31146-84a2-4036-a6e8-a8bb274963a3 043fd9bd5e2f482093a9c483809d1291 169c5e79dfe141aabd3e4447c1013196 - - default default] Successfully bumped revision number for resource 3817f010-0fc3-4b09-9a10-5044b1c06f66 (type: networks) to 1
2026-06-25 23:33:09.470 8 INFO neutron_taas.services.taas.taas_plugin [None req-7be05d80-fcb3-47fa-82b7-e521e2cba9f0 3c1bd717a4b2482b814b0a2b57717efd 49a9d6d370894e8e9326d8623517038b - - default default] TaaS: Handle Delete Port: be55d7f6-e8d0-43a3-91c4-48dfd03964c9
2026-06-25 23:33:09.473 8 INFO neutron_taas.services.taas.tap_mirror_plugin [None req-7be05d80-fcb3-47fa-82b7-e521e2cba9f0 3c1bd717a4b2482b814b0a2b57717efd 49a9d6d370894e8e9326d8623517038b - - default default] Tap Mirror: Handle Delete Port: be55d7f6-e8d0-43a3-91c4-48dfd03964c9
2026-06-25 23:33:09.525 7 WARNING neutron.scheduler.dhcp_agent_scheduler [None req-a6c31146-84a2-4036-a6e8-a8bb274963a3 043fd9bd5e2f482093a9c483809d1291 169c5e79dfe141aabd3e4447c1013196 - - default default] No more DHCP agents
2026-06-25 23:33:09.526 7 WARNING neutron.api.rpc.agentnotifiers.dhcp_rpc_agent_api [None req-a6c31146-84a2-4036-a6e8-a8bb274963a3 043fd9bd5e2f482093a9c483809d1291 169c5e79dfe141aabd3e4447c1013196 - - default default] Unable to schedule network 3817f010-0fc3-4b09-9a10-5044b1c06f66: no agents available; will retry on subsequent port and subnet creation events.
2026-06-25 23:33:09.580 8 INFO neutron.plugins.ml2.drivers.ovn.mech_driver.mech_driver [None req-16758345-f142-49e1-854e-24d67739456b - - - - - -] OVN reports status down for port: b7e52d71-94f0-471a-9cb0-3b8978cf3801
2026-06-25 23:33:09.592 7 INFO neutron.db.ovn_revision_numbers_db [None req-a6c31146-84a2-4036-a6e8-a8bb274963a3 043fd9bd5e2f482093a9c483809d1291 169c5e79dfe141aabd3e4447c1013196 - - default default] Successfully bumped revision number for resource b7e52d71-94f0-471a-9cb0-3b8978cf3801 (type: ports) to 1
2026-06-25 23:33:09.654 7 INFO neutron.db.ovn_revision_numbers_db [None req-a6c31146-84a2-4036-a6e8-a8bb274963a3 043fd9bd5e2f482093a9c483809d1291 169c5e79dfe141aabd3e4447c1013196 - - default default] Successfully bumped revision number for resource 1ed48d2e-832e-42dd-8b38-14f95363ce32 (type: networks) to 1 [pid: 8|app: 0|req: 637/1185] 10.0.0.61 () {32 vars in 725 bytes} [Thu Jun 25 23:33:09 2026] DELETE /v2.0/networks/db93c387-094d-4f28-8179-dc96f31bc74c => generated 0 bytes in 393 msecs (HTTP/1.1 204) 3 headers in 131 bytes (1 switches on core 0)
2026-06-25 23:33:09.809 7 WARNING neutron.scheduler.dhcp_agent_scheduler [None req-a6c31146-84a2-4036-a6e8-a8bb274963a3 043fd9bd5e2f482093a9c483809d1291 169c5e79dfe141aabd3e4447c1013196 - - default default] No more DHCP agents
2026-06-25 23:33:09.810 7 WARNING neutron.api.rpc.agentnotifiers.dhcp_rpc_agent_api [None req-a6c31146-84a2-4036-a6e8-a8bb274963a3 043fd9bd5e2f482093a9c483809d1291 169c5e79dfe141aabd3e4447c1013196 - - default default] Unable to schedule network 1ed48d2e-832e-42dd-8b38-14f95363ce32: no agents available; will retry on subsequent port and subnet creation events.
2026-06-25 23:33:09.874 8 INFO neutron.plugins.ml2.drivers.ovn.mech_driver.mech_driver [None req-16758345-f142-49e1-854e-24d67739456b - - - - - -] OVN reports status down for port: 9e4cca25-b398-4695-bca5-cccaf4549f2e
2026-06-25 23:33:09.890 7 INFO neutron.db.ovn_revision_numbers_db [None req-a6c31146-84a2-4036-a6e8-a8bb274963a3 043fd9bd5e2f482093a9c483809d1291 169c5e79dfe141aabd3e4447c1013196 - - default default] Successfully bumped revision number for resource 9e4cca25-b398-4695-bca5-cccaf4549f2e (type: ports) to 1 [pid: 7|app: 0|req: 549/1186] 10.0.0.61 () {34 vars in 669 bytes} [Thu Jun 25 23:33:08 2026] POST /v2.0/networks => generated 1245 bytes in 1265 msecs (HTTP/1.1 201) 4 headers in 163 bytes (1 switches on core 0)
2026-06-25 23:33:09.948 8 INFO neutron_taas.services.taas.taas_plugin [None req-b1d5815e-e020-4e86-ba96-9804b71a3d97 65bd67acf0234a5d9aa2c7cccfd003bc 4946c4a8bed8470dbb8605bbe87d5f4c - - default default] TaaS: Handle Delete Port: 42ec45cc-f0ec-498a-89f6-8e20f86e18fb
2026-06-25 23:33:09.957 8 INFO neutron_taas.services.taas.tap_mirror_plugin [None req-b1d5815e-e020-4e86-ba96-9804b71a3d97 65bd67acf0234a5d9aa2c7cccfd003bc 4946c4a8bed8470dbb8605bbe87d5f4c - - default default] Tap Mirror: Handle Delete Port: 42ec45cc-f0ec-498a-89f6-8e20f86e18fb [pid: 7|app: 0|req: 550/1187] 10.0.0.61 () {32 vars in 648 bytes} [Thu Jun 25 23:33:09 2026] GET /v2.0/networks => generated 1856 bytes in 57 msecs (HTTP/1.1 200) 4 headers in 158 bytes (1 switches on core 0)
2026-06-25 23:33:10.093 7 INFO neutron_taas.services.taas.taas_plugin [None req-ce73c038-1207-4caf-9cb6-9782e190dd61 043fd9bd5e2f482093a9c483809d1291 169c5e79dfe141aabd3e4447c1013196 - - default default] TaaS: Handle Delete Port: b7e52d71-94f0-471a-9cb0-3b8978cf3801
2026-06-25 23:33:10.096 7 INFO neutron_taas.services.taas.tap_mirror_plugin [None req-ce73c038-1207-4caf-9cb6-9782e190dd61 043fd9bd5e2f482093a9c483809d1291 169c5e79dfe141aabd3e4447c1013196 - - default default] Tap Mirror: Handle Delete Port: b7e52d71-94f0-471a-9cb0-3b8978cf3801 [pid: 8|app: 0|req: 638/1188] 10.0.0.61 () {32 vars in 731 bytes} [Thu Jun 25 23:33:09 2026] DELETE /v2.0/floatingips/b45fc6b6-c98a-4785-81fa-a67b1ef49b64 => generated 0 bytes in 387 msecs (HTTP/1.1 204) 2 headers in 112 bytes (1 switches on core 0) [pid: 7|app: 0|req: 551/1189] 10.0.0.61 () {32 vars in 725 bytes} [Thu Jun 25 23:33:09 2026] DELETE /v2.0/networks/3817f010-0fc3-4b09-9a10-5044b1c06f66 => generated 0 bytes in 310 msecs (HTTP/1.1 204) 3 headers in 131 bytes (1 switches on core 0)
2026-06-25 23:33:10.413 7 INFO neutron_taas.services.taas.taas_plugin [None req-61b78f71-b8d7-4edf-9d23-20e479c107fb 043fd9bd5e2f482093a9c483809d1291 169c5e79dfe141aabd3e4447c1013196 - - default default] TaaS: Handle Delete Port: 9e4cca25-b398-4695-bca5-cccaf4549f2e
2026-06-25 23:33:10.415 7 INFO neutron_taas.services.taas.tap_mirror_plugin [None req-61b78f71-b8d7-4edf-9d23-20e479c107fb 043fd9bd5e2f482093a9c483809d1291 169c5e79dfe141aabd3e4447c1013196 - - default default] Tap Mirror: Handle Delete Port: 9e4cca25-b398-4695-bca5-cccaf4549f2e
2026-06-25 23:33:10.480 7 INFO neutron.services.segments.plugin [-] Segment 551fdbd4-8f16-4d13-9284-ae79765c61ab resource provider aggregate not found
2026-06-25 23:33:10.487 8 INFO neutron_taas.services.taas.taas_plugin [None req-5519ad95-6036-4c06-96a0-83a3a09cb787 298581d0294e4acda07b3943ec4e51ac 0dab96f9e41546d9b6f7f9795eba8519 - - default default] TaaS: Handle Delete Port: 29b62843-d577-45a5-af88-2a447c7366fa
2026-06-25 23:33:10.490 8 INFO neutron_taas.services.taas.tap_mirror_plugin [None req-5519ad95-6036-4c06-96a0-83a3a09cb787 298581d0294e4acda07b3943ec4e51ac 0dab96f9e41546d9b6f7f9795eba8519 - - default default] Tap Mirror: Handle Delete Port: 29b62843-d577-45a5-af88-2a447c7366fa
2026-06-25 23:33:10.498 7 INFO neutron.services.segments.plugin [-] Segment 551fdbd4-8f16-4d13-9284-ae79765c61ab resource provider aggregate not found
2026-06-25 23:33:10.498 7 INFO neutron.services.segments.plugin [-] Segment 551fdbd4-8f16-4d13-9284-ae79765c61ab resource provider not found; error: Placement Client Error (4xx): {"errors": [{"status": 404, "title": "Not Found", "detail": "The resource could not be found.\n\n No resource provider with uuid 551fdbd4-8f16-4d13-9284-ae79765c61ab found for delete ", "request_id": "req-66410933-73bf-4696-b3d6-2fc913cdcf67"}]}
2026-06-25 23:33:10.521 7 INFO neutron.services.segments.plugin [-] Segment 551fdbd4-8f16-4d13-9284-ae79765c61ab resource provider not found; error: Placement Client Error (4xx): {"errors": [{"status": 404, "title": "Not Found", "detail": "The resource could not be found.\n\n No resource provider with uuid 551fdbd4-8f16-4d13-9284-ae79765c61ab found for delete ", "request_id": "req-d1846b3f-93bd-4c70-bc38-aa1d235a0dc6"}]} [pid: 7|app: 0|req: 552/1190] 10.0.0.61 () {32 vars in 725 bytes} [Thu Jun 25 23:33:10 2026] DELETE /v2.0/networks/1ed48d2e-832e-42dd-8b38-14f95363ce32 => generated 0 bytes in 339 msecs (HTTP/1.1 204) 3 headers in 131 bytes (1 switches on core 0) [pid: 7|app: 0|req: 553/1191] 10.0.0.61 () {32 vars in 773 bytes} [Thu Jun 25 23:33:10 2026] GET /v2.0/security-groups?tenant_id=49a9d6d370894e8e9326d8623517038b&name=default => generated 2925 bytes in 108 msecs (HTTP/1.1 200) 4 headers in 158 bytes (1 switches on core 0) [pid: 7|app: 0|req: 554/1192] 10.0.0.61 () {32 vars in 648 bytes} [Thu Jun 25 23:33:10 2026] GET /v2.0/networks => generated 651 bytes in 39 msecs (HTTP/1.1 200) 4 headers in 157 bytes (1 switches on core 0) [pid: 7|app: 0|req: 555/1193] 10.0.0.61 () {32 vars in 739 bytes} [Thu Jun 25 23:33:10 2026] DELETE /v2.0/security-groups/eb47b84d-b662-4de0-a00f-988299c13f86 => generated 0 bytes in 260 msecs (HTTP/1.1 204) 2 headers in 112 bytes (1 switches on core 0)
2026-06-25 23:33:11.129 7 INFO neutron.db.segments_db [None req-66924241-dc49-4647-bcbc-7556de24ed07 043fd9bd5e2f482093a9c483809d1291 169c5e79dfe141aabd3e4447c1013196 - - default default] Added segment b1df7a57-95fc-4b4b-9631-038990ae1cff of type geneve for network 475d1156-610a-497e-b9c9-e8fdb42c161b
2026-06-25 23:33:11.222 8 INFO neutron.services.segments.plugin [-] Segment 7d2adbfa-21e8-4e45-9a85-2657089291f5 resource provider aggregate not found
2026-06-25 23:33:11.229 8 INFO neutron.services.segments.plugin [-] Segment 7d2adbfa-21e8-4e45-9a85-2657089291f5 resource provider aggregate not found
2026-06-25 23:33:11.243 8 INFO neutron.services.segments.plugin [-] Segment 7d2adbfa-21e8-4e45-9a85-2657089291f5 resource provider not found; error: Placement Client Error (4xx): {"errors": [{"status": 404, "title": "Not Found", "detail": "The resource could not be found.\n\n No resource provider with uuid 7d2adbfa-21e8-4e45-9a85-2657089291f5 found for delete ", "request_id": "req-7e1bb6a0-09ca-49fe-8758-9ec672cf0987"}]}
2026-06-25 23:33:11.256 8 INFO neutron.services.segments.plugin [-] Segment 81ad741b-dd5d-495e-a3e9-c68caa173391 resource provider aggregate not found
2026-06-25 23:33:11.258 8 INFO neutron.services.segments.plugin [-] Segment 7d2adbfa-21e8-4e45-9a85-2657089291f5 resource provider not found; error: Placement Client Error (4xx): {"errors": [{"status": 404, "title": "Not Found", "detail": "The resource could not be found.\n\n No resource provider with uuid 7d2adbfa-21e8-4e45-9a85-2657089291f5 found for delete ", "request_id": "req-42f05a6a-eaf1-4b64-ba34-742e0e6085c4"}]}
2026-06-25 23:33:11.270 8 INFO neutron.services.segments.plugin [-] Segment 81ad741b-dd5d-495e-a3e9-c68caa173391 resource provider not found; error: Placement Client Error (4xx): {"errors": [{"status": 404, "title": "Not Found", "detail": "The resource could not be found.\n\n No resource provider with uuid 81ad741b-dd5d-495e-a3e9-c68caa173391 found for delete ", "request_id": "req-44545fc6-1c18-488a-b625-be68f9ecc22f"}]}
2026-06-25 23:33:11.276 7 INFO neutron.db.ovn_revision_numbers_db [None req-66924241-dc49-4647-bcbc-7556de24ed07 043fd9bd5e2f482093a9c483809d1291 169c5e79dfe141aabd3e4447c1013196 - - default default] Successfully bumped revision number for resource 475d1156-610a-497e-b9c9-e8fdb42c161b (type: networks) to 1
2026-06-25 23:33:11.277 8 INFO neutron.services.segments.plugin [-] Segment 81ad741b-dd5d-495e-a3e9-c68caa173391 resource provider aggregate not found
2026-06-25 23:33:11.295 8 INFO neutron.services.segments.plugin [-] Segment 81ad741b-dd5d-495e-a3e9-c68caa173391 resource provider not found; error: Placement Client Error (4xx): {"errors": [{"status": 404, "title": "Not Found", "detail": "The resource could not be found.\n\n No resource provider with uuid 81ad741b-dd5d-495e-a3e9-c68caa173391 found for delete ", "request_id": "req-d5839999-f291-4d94-87d6-38408bb7c647"}]}
2026-06-25 23:33:11.456 7 WARNING neutron.scheduler.dhcp_agent_scheduler [None req-66924241-dc49-4647-bcbc-7556de24ed07 043fd9bd5e2f482093a9c483809d1291 169c5e79dfe141aabd3e4447c1013196 - - default default] No more DHCP agents
2026-06-25 23:33:11.458 7 WARNING neutron.api.rpc.agentnotifiers.dhcp_rpc_agent_api [None req-66924241-dc49-4647-bcbc-7556de24ed07 043fd9bd5e2f482093a9c483809d1291 169c5e79dfe141aabd3e4447c1013196 - - default default] Unable to schedule network 475d1156-610a-497e-b9c9-e8fdb42c161b: no agents available; will retry on subsequent port and subnet creation events.
2026-06-25 23:33:11.528 8 INFO neutron.plugins.ml2.drivers.ovn.mech_driver.mech_driver [None req-16758345-f142-49e1-854e-24d67739456b - - - - - -] OVN reports status down for port: 588afd3a-d516-4536-b0c2-bb934c8a9aca
2026-06-25 23:33:11.533 7 INFO neutron.db.ovn_revision_numbers_db [None req-66924241-dc49-4647-bcbc-7556de24ed07 043fd9bd5e2f482093a9c483809d1291 169c5e79dfe141aabd3e4447c1013196 - - default default] Successfully bumped revision number for resource 588afd3a-d516-4536-b0c2-bb934c8a9aca (type: ports) to 1 [pid: 7|app: 0|req: 556/1194] 10.0.0.61 () {34 vars in 669 bytes} [Thu Jun 25 23:33:11 2026] POST /v2.0/networks => generated 653 bytes in 512 msecs (HTTP/1.1 201) 4 headers in 162 bytes (1 switches on core 0) [pid: 8|app: 0|req: 639/1195] 10.0.0.61 () {34 vars in 788 bytes} [Thu Jun 25 23:33:10 2026] PUT /v2.0/routers/7f02f498-8c22-4bda-bfeb-58a396a565d5/remove_router_interface => generated 309 bytes in 1405 msecs (HTTP/1.1 200) 4 headers in 157 bytes (1 switches on core 0) /var/lib/openstack/lib/python3.12/site-packages/pycadf/identifier.py:70: UserWarning: Invalid uuid: neutron. To ensure interoperability, identifiers should be a valid uuid. warnings.warn(('Invalid uuid: %s. To ensure interoperability, '
2026-06-25 23:33:11.669 7 INFO neutron.db.segments_db [None req-a83ac1b9-09b5-444c-a56e-4e99fae07d95 043fd9bd5e2f482093a9c483809d1291 169c5e79dfe141aabd3e4447c1013196 - - default default] Added segment f881fc85-6326-4ae0-b6a7-95cb0ac55634 of type geneve for network cfd23f3a-d330-4c15-a817-bd18dee35702
2026-06-25 23:33:11.801 7 INFO neutron.db.ovn_revision_numbers_db [None req-a83ac1b9-09b5-444c-a56e-4e99fae07d95 043fd9bd5e2f482093a9c483809d1291 169c5e79dfe141aabd3e4447c1013196 - - default default] Successfully bumped revision number for resource cfd23f3a-d330-4c15-a817-bd18dee35702 (type: networks) to 1
2026-06-25 23:33:11.912 8 INFO neutron_taas.services.taas.taas_plugin [None req-ac136b60-ed2b-4bb4-9792-7c378b5605d9 298581d0294e4acda07b3943ec4e51ac 0dab96f9e41546d9b6f7f9795eba8519 - - default default] TaaS: Handle Delete Port: a094f07a-b966-48f7-83a5-3861bccad006
2026-06-25 23:33:11.915 8 INFO neutron_taas.services.taas.tap_mirror_plugin [None req-ac136b60-ed2b-4bb4-9792-7c378b5605d9 298581d0294e4acda07b3943ec4e51ac 0dab96f9e41546d9b6f7f9795eba8519 - - default default] Tap Mirror: Handle Delete Port: a094f07a-b966-48f7-83a5-3861bccad006
2026-06-25 23:33:11.988 7 WARNING neutron.scheduler.dhcp_agent_scheduler [None req-a83ac1b9-09b5-444c-a56e-4e99fae07d95 043fd9bd5e2f482093a9c483809d1291 169c5e79dfe141aabd3e4447c1013196 - - default default] No more DHCP agents
2026-06-25 23:33:11.990 7 WARNING neutron.api.rpc.agentnotifiers.dhcp_rpc_agent_api [None req-a83ac1b9-09b5-444c-a56e-4e99fae07d95 043fd9bd5e2f482093a9c483809d1291 169c5e79dfe141aabd3e4447c1013196 - - default default] Unable to schedule network cfd23f3a-d330-4c15-a817-bd18dee35702: no agents available; will retry on subsequent port and subnet creation events.
2026-06-25 23:33:12.054 7 INFO neutron.plugins.ml2.drivers.ovn.mech_driver.mech_driver [None req-8c1c2bf0-9c62-4be7-8cc2-fdfb5093771f - - - - - -] OVN reports status down for port: 7dafc7f8-2581-44dc-b0e2-eaa29ec8b212
2026-06-25 23:33:12.115 7 INFO neutron.db.ovn_revision_numbers_db [None req-a83ac1b9-09b5-444c-a56e-4e99fae07d95 043fd9bd5e2f482093a9c483809d1291 169c5e79dfe141aabd3e4447c1013196 - - default default] Successfully bumped revision number for resource 7dafc7f8-2581-44dc-b0e2-eaa29ec8b212 (type: ports) to 1 [pid: 7|app: 0|req: 557/1196] 10.0.0.61 () {34 vars in 669 bytes} [Thu Jun 25 23:33:11 2026] POST /v2.0/networks => generated 653 bytes in 604 msecs (HTTP/1.1 201) 4 headers in 162 bytes (1 switches on core 0) [pid: 8|app: 0|req: 640/1197] 10.0.0.61 () {32 vars in 723 bytes} [Thu Jun 25 23:33:11 2026] DELETE /v2.0/routers/7f02f498-8c22-4bda-bfeb-58a396a565d5 => generated 0 bytes in 717 msecs (HTTP/1.1 204) 2 headers in 112 bytes (1 switches on core 0) [pid: 8|app: 0|req: 641/1198] 10.0.0.61 () {32 vars in 723 bytes} [Thu Jun 25 23:33:12 2026] DELETE /v2.0/subnets/d205646d-8bcf-4561-a8c9-614b68aaac9b => generated 0 bytes in 158 msecs (HTTP/1.1 204) 3 headers in 131 bytes (1 switches on core 0)
2026-06-25 23:33:12.522 7 INFO neutron.services.segments.plugin [-] Segment a67bd44a-f1f4-441e-8db5-299e4b3e6acf resource provider aggregate not found
2026-06-25 23:33:12.560 7 INFO neutron.services.segments.plugin [-] Segment a67bd44a-f1f4-441e-8db5-299e4b3e6acf resource provider not found; error: Placement Client Error (4xx): {"errors": [{"status": 404, "title": "Not Found", "detail": "The resource could not be found.\n\n No resource provider with uuid a67bd44a-f1f4-441e-8db5-299e4b3e6acf found for delete ", "request_id": "req-92128a9f-1314-498f-abf1-30889bdb40fe"}]}
2026-06-25 23:33:12.560 7 INFO neutron.services.segments.plugin [-] Segment a67bd44a-f1f4-441e-8db5-299e4b3e6acf resource provider aggregate not found
2026-06-25 23:33:12.578 7 INFO neutron.services.segments.plugin [-] Segment a67bd44a-f1f4-441e-8db5-299e4b3e6acf resource provider not found; error: Placement Client Error (4xx): {"errors": [{"status": 404, "title": "Not Found", "detail": "The resource could not be found.\n\n No resource provider with uuid a67bd44a-f1f4-441e-8db5-299e4b3e6acf found for delete ", "request_id": "req-a57eab2f-c34d-45d7-baf8-3460eb0c9d66"}]}
2026-06-25 23:33:12.602 7 WARNING neutron.scheduler.dhcp_agent_scheduler [None req-9c9c2b4f-4314-43b5-9120-eae177897948 043fd9bd5e2f482093a9c483809d1291 169c5e79dfe141aabd3e4447c1013196 - - default default] No more DHCP agents
2026-06-25 23:33:12.603 7 WARNING neutron.api.rpc.agentnotifiers.dhcp_rpc_agent_api [None req-9c9c2b4f-4314-43b5-9120-eae177897948 043fd9bd5e2f482093a9c483809d1291 169c5e79dfe141aabd3e4447c1013196 - - default default] Unable to schedule network 475d1156-610a-497e-b9c9-e8fdb42c161b: no agents available; will retry on subsequent port and subnet creation events.
2026-06-25 23:33:12.637 8 INFO neutron_taas.services.taas.taas_plugin [None req-461ce60e-d753-4652-a983-0e95df42cb8e 298581d0294e4acda07b3943ec4e51ac 0dab96f9e41546d9b6f7f9795eba8519 - - default default] TaaS: Handle Delete Port: e0449da5-66b1-4214-b58b-607ea8197974
2026-06-25 23:33:12.654 8 INFO neutron_taas.services.taas.tap_mirror_plugin [None req-461ce60e-d753-4652-a983-0e95df42cb8e 298581d0294e4acda07b3943ec4e51ac 0dab96f9e41546d9b6f7f9795eba8519 - - default default] Tap Mirror: Handle Delete Port: e0449da5-66b1-4214-b58b-607ea8197974
2026-06-25 23:33:12.658 7 INFO neutron.plugins.ml2.drivers.ovn.mech_driver.mech_driver [None req-8c1c2bf0-9c62-4be7-8cc2-fdfb5093771f - - - - - -] OVN reports status down for port: a689cfbe-d6f3-49c0-bf7d-37c7c8842e1b
2026-06-25 23:33:12.715 7 INFO neutron.db.ovn_revision_numbers_db [None req-9c9c2b4f-4314-43b5-9120-eae177897948 043fd9bd5e2f482093a9c483809d1291 169c5e79dfe141aabd3e4447c1013196 - - default default] Successfully bumped revision number for resource a689cfbe-d6f3-49c0-bf7d-37c7c8842e1b (type: ports) to 1
2026-06-25 23:33:12.787 7 WARNING neutron.scheduler.dhcp_agent_scheduler [None req-9c9c2b4f-4314-43b5-9120-eae177897948 043fd9bd5e2f482093a9c483809d1291 169c5e79dfe141aabd3e4447c1013196 - - default default] No more DHCP agents
2026-06-25 23:33:12.789 7 WARNING neutron.api.rpc.agentnotifiers.dhcp_rpc_agent_api [None req-9c9c2b4f-4314-43b5-9120-eae177897948 043fd9bd5e2f482093a9c483809d1291 169c5e79dfe141aabd3e4447c1013196 - - default default] Unable to schedule network cfd23f3a-d330-4c15-a817-bd18dee35702: no agents available; will retry on subsequent port and subnet creation events.
2026-06-25 23:33:12.852 8 INFO neutron.plugins.ml2.drivers.ovn.mech_driver.mech_driver [None req-16758345-f142-49e1-854e-24d67739456b - - - - - -] OVN reports status down for port: 164a5cb9-dda8-4fd6-8c99-3aa746952d57
2026-06-25 23:33:12.869 7 INFO neutron.db.ovn_revision_numbers_db [None req-9c9c2b4f-4314-43b5-9120-eae177897948 043fd9bd5e2f482093a9c483809d1291 169c5e79dfe141aabd3e4447c1013196 - - default default] Successfully bumped revision number for resource 164a5cb9-dda8-4fd6-8c99-3aa746952d57 (type: ports) to 1 [pid: 8|app: 0|req: 642/1199] 10.0.0.61 () {32 vars in 725 bytes} [Thu Jun 25 23:33:12 2026] DELETE /v2.0/networks/05c9163e-05da-4482-8771-7dba234cce47 => generated 0 bytes in 412 msecs (HTTP/1.1 204) 3 headers in 131 bytes (1 switches on core 0) [pid: 7|app: 0|req: 558/1200] 10.0.0.61 () {34 vars in 664 bytes} [Thu Jun 25 23:33:12 2026] POST /v2.0/ports => generated 1505 bytes in 796 msecs (HTTP/1.1 201) 4 headers in 163 bytes (1 switches on core 0) /var/lib/openstack/lib/python3.12/site-packages/pycadf/identifier.py:70: UserWarning: Invalid uuid: neutron. To ensure interoperability, identifiers should be a valid uuid. warnings.warn(('Invalid uuid: %s. To ensure interoperability, ' [pid: 7|app: 0|req: 559/1201] 10.0.0.61 () {32 vars in 642 bytes} [Thu Jun 25 23:33:12 2026] GET /v2.0/ports => generated 3017 bytes in 75 msecs (HTTP/1.1 200) 4 headers in 158 bytes (1 switches on core 0)
2026-06-25 23:33:13.175 7 INFO neutron_taas.services.taas.taas_plugin [None req-7143dc4c-1fdd-4524-b538-9ba50a42ee18 043fd9bd5e2f482093a9c483809d1291 169c5e79dfe141aabd3e4447c1013196 - - default default] TaaS: Handle Delete Port: a689cfbe-d6f3-49c0-bf7d-37c7c8842e1b
2026-06-25 23:33:13.179 7 INFO neutron_taas.services.taas.tap_mirror_plugin [None req-7143dc4c-1fdd-4524-b538-9ba50a42ee18 043fd9bd5e2f482093a9c483809d1291 169c5e79dfe141aabd3e4447c1013196 - - default default] Tap Mirror: Handle Delete Port: a689cfbe-d6f3-49c0-bf7d-37c7c8842e1b
2026-06-25 23:33:13.239 8 INFO neutron.db.ovn_revision_numbers_db [None req-fad09e28-4341-497f-9cd0-35c31fdafa1d c4090483ca354169b707640872dcc932 768f58a611744ba4981ef4b5e3779202 - - default default] Successfully bumped revision number for resource 545af6fc-4540-4ab4-b749-aa6c19ff9318 (type: security_groups) to 1
2026-06-25 23:33:13.251 8 INFO neutron.db.ovn_revision_numbers_db [None req-fad09e28-4341-497f-9cd0-35c31fdafa1d c4090483ca354169b707640872dcc932 768f58a611744ba4981ef4b5e3779202 - - default default] Successfully bumped revision number for resource 134801ab-da2c-489e-9e37-c5ceac78e4c3 (type: security_group_rules) to 0
2026-06-25 23:33:13.263 8 INFO neutron.db.ovn_revision_numbers_db [None req-fad09e28-4341-497f-9cd0-35c31fdafa1d c4090483ca354169b707640872dcc932 768f58a611744ba4981ef4b5e3779202 - - default default] Successfully bumped revision number for resource 3e88341a-35f3-45b4-82e0-099b823e4492 (type: security_group_rules) to 0
2026-06-25 23:33:13.287 8 INFO neutron.db.ovn_revision_numbers_db [None req-fad09e28-4341-497f-9cd0-35c31fdafa1d c4090483ca354169b707640872dcc932 768f58a611744ba4981ef4b5e3779202 - - default default] Successfully bumped revision number for resource ac8e7eb8-ac40-4f19-b627-e4b5f16ef20c (type: security_group_rules) to 0
2026-06-25 23:33:13.292 8 INFO neutron.services.segments.plugin [-] Segment d5ad7275-b389-4f81-aef4-54de1045a79f resource provider aggregate not found [pid: 7|app: 0|req: 560/1202] 10.0.0.61 () {32 vars in 719 bytes} [Thu Jun 25 23:33:13 2026] DELETE /v2.0/ports/a689cfbe-d6f3-49c0-bf7d-37c7c8842e1b => generated 0 bytes in 244 msecs (HTTP/1.1 204) 3 headers in 131 bytes (1 switches on core 0)
2026-06-25 23:33:13.318 8 INFO neutron.services.segments.plugin [-] Segment d5ad7275-b389-4f81-aef4-54de1045a79f resource provider not found; error: Placement Client Error (4xx): {"errors": [{"status": 404, "title": "Not Found", "detail": "The resource could not be found.\n\n No resource provider with uuid d5ad7275-b389-4f81-aef4-54de1045a79f found for delete ", "request_id": "req-08a34106-a0b2-4cac-a0a2-b2095aa03398"}]}
2026-06-25 23:33:13.322 8 INFO neutron.services.segments.plugin [-] Segment d5ad7275-b389-4f81-aef4-54de1045a79f resource provider aggregate not found
2026-06-25 23:33:13.327 8 INFO neutron.db.ovn_revision_numbers_db [None req-fad09e28-4341-497f-9cd0-35c31fdafa1d c4090483ca354169b707640872dcc932 768f58a611744ba4981ef4b5e3779202 - - default default] Successfully bumped revision number for resource e3f59a0a-555f-4649-9b1b-2e6fc3d02e54 (type: security_group_rules) to 0 [pid: 7|app: 0|req: 561/1203] 10.0.0.61 () {32 vars in 773 bytes} [Thu Jun 25 23:33:13 2026] GET /v2.0/security-groups?tenant_id=4946c4a8bed8470dbb8605bbe87d5f4c&name=default => generated 2925 bytes in 29 msecs (HTTP/1.1 200) 4 headers in 158 bytes (1 switches on core 0)
2026-06-25 23:33:13.339 8 INFO neutron.services.segments.plugin [-] Segment d5ad7275-b389-4f81-aef4-54de1045a79f resource provider not found; error: Placement Client Error (4xx): {"errors": [{"status": 404, "title": "Not Found", "detail": "The resource could not be found.\n\n No resource provider with uuid d5ad7275-b389-4f81-aef4-54de1045a79f found for delete ", "request_id": "req-2dedb116-0786-4a93-8837-54222f92b6c8"}]}
2026-06-25 23:33:13.408 8 INFO neutron.db.segments_db [None req-fad09e28-4341-497f-9cd0-35c31fdafa1d c4090483ca354169b707640872dcc932 768f58a611744ba4981ef4b5e3779202 - - default default] Added segment 6bffb40f-6b11-4e34-aa16-03a5447a8211 of type geneve for network 4d47ca20-68e1-4ec2-bc7b-487fc3028382
2026-06-25 23:33:13.433 7 INFO neutron_taas.services.taas.taas_plugin [None req-d28ba5bf-c8bc-460e-8518-7365863b0cb0 043fd9bd5e2f482093a9c483809d1291 169c5e79dfe141aabd3e4447c1013196 - - default default] TaaS: Handle Delete Port: 164a5cb9-dda8-4fd6-8c99-3aa746952d57
2026-06-25 23:33:13.437 7 INFO neutron_taas.services.taas.tap_mirror_plugin [None req-d28ba5bf-c8bc-460e-8518-7365863b0cb0 043fd9bd5e2f482093a9c483809d1291 169c5e79dfe141aabd3e4447c1013196 - - default default] Tap Mirror: Handle Delete Port: 164a5cb9-dda8-4fd6-8c99-3aa746952d57
2026-06-25 23:33:13.512 8 INFO neutron.db.ovn_revision_numbers_db [None req-fad09e28-4341-497f-9cd0-35c31fdafa1d c4090483ca354169b707640872dcc932 768f58a611744ba4981ef4b5e3779202 - - default default] Successfully bumped revision number for resource 4d47ca20-68e1-4ec2-bc7b-487fc3028382 (type: networks) to 1 [pid: 7|app: 0|req: 562/1204] 10.0.0.61 () {32 vars in 719 bytes} [Thu Jun 25 23:33:13 2026] DELETE /v2.0/ports/164a5cb9-dda8-4fd6-8c99-3aa746952d57 => generated 0 bytes in 217 msecs (HTTP/1.1 204) 3 headers in 131 bytes (1 switches on core 0)
2026-06-25 23:33:13.703 8 WARNING neutron.scheduler.dhcp_agent_scheduler [None req-fad09e28-4341-497f-9cd0-35c31fdafa1d c4090483ca354169b707640872dcc932 768f58a611744ba4981ef4b5e3779202 - - default default] No more DHCP agents
2026-06-25 23:33:13.704 8 WARNING neutron.api.rpc.agentnotifiers.dhcp_rpc_agent_api [None req-fad09e28-4341-497f-9cd0-35c31fdafa1d c4090483ca354169b707640872dcc932 768f58a611744ba4981ef4b5e3779202 - - default default] Unable to schedule network 4d47ca20-68e1-4ec2-bc7b-487fc3028382: no agents available; will retry on subsequent port and subnet creation events.
2026-06-25 23:33:13.767 7 INFO neutron.plugins.ml2.drivers.ovn.mech_driver.mech_driver [None req-8c1c2bf0-9c62-4be7-8cc2-fdfb5093771f - - - - - -] OVN reports status down for port: c209a105-b94d-483d-bcfc-c64ad35c1f1d [pid: 7|app: 0|req: 563/1205] 10.0.0.61 () {32 vars in 739 bytes} [Thu Jun 25 23:33:13 2026] DELETE /v2.0/security-groups/18c42b19-dc26-45db-b1d8-c9558ffa2ffc => generated 0 bytes in 235 msecs (HTTP/1.1 204) 2 headers in 112 bytes (1 switches on core 0)
2026-06-25 23:33:13.789 8 INFO neutron.db.ovn_revision_numbers_db [None req-fad09e28-4341-497f-9cd0-35c31fdafa1d c4090483ca354169b707640872dcc932 768f58a611744ba4981ef4b5e3779202 - - default default] Successfully bumped revision number for resource c209a105-b94d-483d-bcfc-c64ad35c1f1d (type: ports) to 1 [pid: 8|app: 0|req: 643/1206] 10.0.0.61 () {34 vars in 669 bytes} [Thu Jun 25 23:33:12 2026] POST /v2.0/networks => generated 648 bytes in 896 msecs (HTTP/1.1 201) 4 headers in 162 bytes (1 switches on core 0) [pid: 7|app: 0|req: 564/1209] 10.0.0.61 () {32 vars in 642 bytes} [Thu Jun 25 23:33:13 2026] GET /v2.0/ports => generated 1523 bytes in 59 msecs (HTTP/1.1 200) 4 headers in 158 bytes (1 switches on core 0)
2026-06-25 23:33:13.964 7 INFO neutron.db.segments_db [None req-5e0f671a-502f-412b-8a26-301b69c0347c 043fd9bd5e2f482093a9c483809d1291 169c5e79dfe141aabd3e4447c1013196 - - default default] Added segment df60dcce-b4cf-4045-ba7f-769732f4979f of type geneve for network 8002bcb9-4d3b-4aad-b6bb-2e84b63d67cf
2026-06-25 23:33:14.039 8 WARNING neutron.scheduler.dhcp_agent_scheduler [None req-b7b9b7de-c2bc-4153-b1f7-0331967e82aa c4090483ca354169b707640872dcc932 768f58a611744ba4981ef4b5e3779202 - - default default] No more DHCP agents
2026-06-25 23:33:14.040 8 WARNING neutron.api.rpc.agentnotifiers.dhcp_rpc_agent_api [None req-b7b9b7de-c2bc-4153-b1f7-0331967e82aa c4090483ca354169b707640872dcc932 768f58a611744ba4981ef4b5e3779202 - - default default] Unable to schedule network 4d47ca20-68e1-4ec2-bc7b-487fc3028382: no agents available; will retry on subsequent port and subnet creation events.
2026-06-25 23:33:14.097 8 INFO neutron.plugins.ml2.drivers.ovn.mech_driver.mech_driver [None req-16758345-f142-49e1-854e-24d67739456b - - - - - -] OVN reports status down for port: 4b5acb6b-8aab-415a-8def-f2fb315759ec
2026-06-25 23:33:14.107 7 INFO neutron.db.ovn_revision_numbers_db [None req-5e0f671a-502f-412b-8a26-301b69c0347c 043fd9bd5e2f482093a9c483809d1291 169c5e79dfe141aabd3e4447c1013196 - - default default] Successfully bumped revision number for resource 8002bcb9-4d3b-4aad-b6bb-2e84b63d67cf (type: networks) to 1
2026-06-25 23:33:14.161 8 INFO neutron.db.ovn_revision_numbers_db [None req-b7b9b7de-c2bc-4153-b1f7-0331967e82aa c4090483ca354169b707640872dcc932 768f58a611744ba4981ef4b5e3779202 - - default default] Successfully bumped revision number for resource 4b5acb6b-8aab-415a-8def-f2fb315759ec (type: ports) to 1 [pid: 8|app: 0|req: 646/1210] 10.0.0.61 () {34 vars in 664 bytes} [Thu Jun 25 23:33:13 2026] POST /v2.0/ports => generated 779 bytes in 425 msecs (HTTP/1.1 201) 4 headers in 162 bytes (1 switches on core 0) /var/lib/openstack/lib/python3.12/site-packages/pycadf/identifier.py:70: UserWarning: Invalid uuid: neutron. To ensure interoperability, identifiers should be a valid uuid. warnings.warn(('Invalid uuid: %s. To ensure interoperability, '
2026-06-25 23:33:14.281 7 WARNING neutron.scheduler.dhcp_agent_scheduler [None req-5e0f671a-502f-412b-8a26-301b69c0347c 043fd9bd5e2f482093a9c483809d1291 169c5e79dfe141aabd3e4447c1013196 - - default default] No more DHCP agents
2026-06-25 23:33:14.282 7 WARNING neutron.api.rpc.agentnotifiers.dhcp_rpc_agent_api [None req-5e0f671a-502f-412b-8a26-301b69c0347c 043fd9bd5e2f482093a9c483809d1291 169c5e79dfe141aabd3e4447c1013196 - - default default] Unable to schedule network 8002bcb9-4d3b-4aad-b6bb-2e84b63d67cf: no agents available; will retry on subsequent port and subnet creation events.
2026-06-25 23:33:14.333 7 INFO neutron.plugins.ml2.drivers.ovn.mech_driver.mech_driver [None req-8c1c2bf0-9c62-4be7-8cc2-fdfb5093771f - - - - - -] OVN reports status down for port: 214396bb-2b5a-45a1-83a4-3c1081ea7888
2026-06-25 23:33:14.337 8 INFO neutron.db.segments_db [None req-71dd6e7c-9363-4aa3-976e-85ab842568bb c4090483ca354169b707640872dcc932 768f58a611744ba4981ef4b5e3779202 - - default default] Added segment 3b4df70e-e744-43f9-8490-666fd2f99bab of type geneve for network e19b10d1-04e3-4d61-8dd8-d1c33c37a067
2026-06-25 23:33:14.387 7 INFO neutron.db.ovn_revision_numbers_db [None req-5e0f671a-502f-412b-8a26-301b69c0347c 043fd9bd5e2f482093a9c483809d1291 169c5e79dfe141aabd3e4447c1013196 - - default default] Successfully bumped revision number for resource 214396bb-2b5a-45a1-83a4-3c1081ea7888 (type: ports) to 1 [pid: 7|app: 0|req: 565/1211] 10.0.0.61 () {34 vars in 669 bytes} [Thu Jun 25 23:33:13 2026] POST /v2.0/networks => generated 653 bytes in 598 msecs (HTTP/1.1 201) 4 headers in 162 bytes (1 switches on core 0)
2026-06-25 23:33:14.457 8 INFO neutron.db.ovn_revision_numbers_db [None req-71dd6e7c-9363-4aa3-976e-85ab842568bb c4090483ca354169b707640872dcc932 768f58a611744ba4981ef4b5e3779202 - - default default] Successfully bumped revision number for resource e19b10d1-04e3-4d61-8dd8-d1c33c37a067 (type: networks) to 1
2026-06-25 23:33:14.532 7 INFO neutron.db.segments_db [None req-e39ed34d-1350-4573-bea4-0d474e9b398d 043fd9bd5e2f482093a9c483809d1291 169c5e79dfe141aabd3e4447c1013196 - - default default] Added segment 504e853c-c572-431f-862d-060b3fb30d4f of type geneve for network 59b9d5f4-6553-464b-be81-e12e10115728
2026-06-25 23:33:14.625 8 WARNING neutron.scheduler.dhcp_agent_scheduler [None req-71dd6e7c-9363-4aa3-976e-85ab842568bb c4090483ca354169b707640872dcc932 768f58a611744ba4981ef4b5e3779202 - - default default] No more DHCP agents
2026-06-25 23:33:14.626 8 WARNING neutron.api.rpc.agentnotifiers.dhcp_rpc_agent_api [None req-71dd6e7c-9363-4aa3-976e-85ab842568bb c4090483ca354169b707640872dcc932 768f58a611744ba4981ef4b5e3779202 - - default default] Unable to schedule network e19b10d1-04e3-4d61-8dd8-d1c33c37a067: no agents available; will retry on subsequent port and subnet creation events.
2026-06-25 23:33:14.630 7 INFO neutron.db.ovn_revision_numbers_db [None req-e39ed34d-1350-4573-bea4-0d474e9b398d 043fd9bd5e2f482093a9c483809d1291 169c5e79dfe141aabd3e4447c1013196 - - default default] Successfully bumped revision number for resource 59b9d5f4-6553-464b-be81-e12e10115728 (type: networks) to 1
2026-06-25 23:33:14.702 8 INFO neutron.db.ovn_revision_numbers_db [None req-71dd6e7c-9363-4aa3-976e-85ab842568bb c4090483ca354169b707640872dcc932 768f58a611744ba4981ef4b5e3779202 - - default default] Successfully bumped revision number for resource 77ddc2e5-8574-4cbe-8f94-d35afa23b960 (type: ports) to 1
2026-06-25 23:33:14.719 7 INFO neutron.plugins.ml2.drivers.ovn.mech_driver.mech_driver [None req-8c1c2bf0-9c62-4be7-8cc2-fdfb5093771f - - - - - -] OVN reports status down for port: 77ddc2e5-8574-4cbe-8f94-d35afa23b960 [pid: 8|app: 0|req: 647/1212] 10.0.0.61 () {34 vars in 669 bytes} [Thu Jun 25 23:33:14 2026] POST /v2.0/networks => generated 636 bytes in 483 msecs (HTTP/1.1 201) 4 headers in 162 bytes (1 switches on core 0)
2026-06-25 23:33:14.880 7 WARNING neutron.scheduler.dhcp_agent_scheduler [None req-e39ed34d-1350-4573-bea4-0d474e9b398d 043fd9bd5e2f482093a9c483809d1291 169c5e79dfe141aabd3e4447c1013196 - - default default] No more DHCP agents
2026-06-25 23:33:14.881 7 WARNING neutron.api.rpc.agentnotifiers.dhcp_rpc_agent_api [None req-e39ed34d-1350-4573-bea4-0d474e9b398d 043fd9bd5e2f482093a9c483809d1291 169c5e79dfe141aabd3e4447c1013196 - - default default] Unable to schedule network 59b9d5f4-6553-464b-be81-e12e10115728: no agents available; will retry on subsequent port and subnet creation events.
2026-06-25 23:33:14.930 7 INFO neutron.plugins.ml2.drivers.ovn.mech_driver.mech_driver [None req-8c1c2bf0-9c62-4be7-8cc2-fdfb5093771f - - - - - -] OVN reports status down for port: b64e2d12-aaed-47fb-9486-755091cfa912
2026-06-25 23:33:14.960 8 WARNING neutron.scheduler.dhcp_agent_scheduler [None req-b19de6b9-f559-457a-8b1d-0d3dfd2f21e5 c4090483ca354169b707640872dcc932 768f58a611744ba4981ef4b5e3779202 - - default default] No more DHCP agents
2026-06-25 23:33:14.962 8 WARNING neutron.api.rpc.agentnotifiers.dhcp_rpc_agent_api [None req-b19de6b9-f559-457a-8b1d-0d3dfd2f21e5 c4090483ca354169b707640872dcc932 768f58a611744ba4981ef4b5e3779202 - - default default] Unable to schedule network e19b10d1-04e3-4d61-8dd8-d1c33c37a067: no agents available; will retry on subsequent port and subnet creation events.
2026-06-25 23:33:14.997 8 INFO neutron.db.ovn_revision_numbers_db [None req-b19de6b9-f559-457a-8b1d-0d3dfd2f21e5 c4090483ca354169b707640872dcc932 768f58a611744ba4981ef4b5e3779202 - - default default] Successfully bumped revision number for resource 3ef8d067-b932-4002-98ca-f20ae059189a (type: subnets) to 0
