File "/var/lib/openstack/lib/python3.10/site-packages/neutron_lib/db/api.py", line 184, in wrapped
2026-07-01 02:03:39.461 10 ERROR neutron.plugins.ml2.managers return f(*dup_args, **dup_kwargs)
2026-07-01 02:03:39.461 10 ERROR neutron.plugins.ml2.managers
File "/var/lib/openstack/lib/python3.10/site-packages/neutron/db/db_base_plugin_v2.py", line 1121, in get_subnet
2026-07-01 02:03:39.461 10 ERROR neutron.plugins.ml2.managers subnet_obj = self._get_subnet_object(context, id)
2026-07-01 02:03:39.461 10 ERROR neutron.plugins.ml2.managers
File "/var/lib/openstack/lib/python3.10/site-packages/neutron/db/db_base_plugin_common.py", line 279, in _get_subnet_object
2026-07-01 02:03:39.461 10 ERROR neutron.plugins.ml2.managers raise exceptions.SubnetNotFound(subnet_id=id)
2026-07-01 02:03:39.461 10 ERROR neutron.plugins.ml2.managers neutron_lib.exceptions.SubnetNotFound: Subnet faada414-36fe-4c12-ad83-8faa4194788d could not be found.
2026-07-01 02:03:39.461 10 ERROR neutron.plugins.ml2.managers 
2026-07-01 02:03:39.461 10 ERROR neutron.plugins.ml2.managers [None req-0fbb538f-9bf5-4275-b962-a58f809ddc95 - - - - - -] Failed to bind port b112b047-9f36-4033-aeb4-a1f0191f9c5b on host instance for vnic_type normal using segments [{'id': 'a80f32ab-9324-4ae8-94b1-50521c4397d4', 'network_type': 'vxlan', 'physical_network': None, 'segmentation_id': 790, 'network_id': '1f80873f-b606-4d66-8c57-926d61b141b7'}]
2026-07-01 02:03:39.462 10 INFO neutron.plugins.ml2.plugin [None req-0fbb538f-9bf5-4275-b962-a58f809ddc95 - - - - - -] Attempt 9 to bind port b112b047-9f36-4033-aeb4-a1f0191f9c5b
2026-07-01 02:03:39.476 10 ERROR neutron.plugins.ml2.managers [None req-0fbb538f-9bf5-4275-b962-a58f809ddc95 - - - - - -] Mechanism driver openvswitch failed in bind_port: neutron_lib.exceptions.SubnetNotFound: Subnet faada414-36fe-4c12-ad83-8faa4194788d could not be found.
2026-07-01 02:03:39.476 10 ERROR neutron.plugins.ml2.managers
Traceback (most recent call last):
2026-07-01 02:03:39.476 10 ERROR neutron.plugins.ml2.managers
File "/var/lib/openstack/lib/python3.10/site-packages/neutron/plugins/ml2/managers.py", line 866, in _bind_port_level
2026-07-01 02:03:39.476 10 ERROR neutron.plugins.ml2.managers driver.obj.bind_port(context)
2026-07-01 02:03:39.476 10 ERROR neutron.plugins.ml2.managers
File "/var/lib/openstack/lib/python3.10/site-packages/neutron/plugins/ml2/drivers/openvswitch/mech_driver/mech_openvswitch.py", line 133, in bind_port
2026-07-01 02:03:39.476 10 ERROR neutron.plugins.ml2.managers super(OpenvswitchMechanismDriver, self).bind_port(context)
2026-07-01 02:03:39.476 10 ERROR neutron.plugins.ml2.managers
File "/var/lib/openstack/lib/python3.10/site-packages/neutron/plugins/ml2/drivers/mech_agent.py", line 104, in bind_port
2026-07-01 02:03:39.476 10 ERROR neutron.plugins.ml2.managers subnets = self.get_subnets_from_fixed_ips(context)
2026-07-01 02:03:39.476 10 ERROR neutron.plugins.ml2.managers
File "/var/lib/openstack/lib/python3.10/site-packages/neutron/plugins/ml2/drivers/mech_agent.py", line 149, in get_subnets_from_fixed_ips
2026-07-01 02:03:39.476 10 ERROR neutron.plugins.ml2.managers subnets.append(context._plugin.get_subnet(
2026-07-01 02:03:39.476 10 ERROR neutron.plugins.ml2.managers
File "/var/lib/openstack/lib/python3.10/site-packages/neutron_lib/db/api.py", line 226, in wrapped
2026-07-01 02:03:39.476 10 ERROR neutron.plugins.ml2.managers return f_with_retry(*args, **kwargs,
2026-07-01 02:03:39.476 10 ERROR neutron.plugins.ml2.managers
File "/var/lib/openstack/lib/python3.10/site-packages/neutron_lib/db/api.py", line 140, in wrapped
2026-07-01 02:03:39.476 10 ERROR neutron.plugins.ml2.managers with excutils.save_and_reraise_exception():
2026-07-01 02:03:39.476 10 ERROR neutron.plugins.ml2.managers
File "/var/lib/openstack/lib/python3.10/site-packages/oslo_utils/excutils.py", line 227, in __exit__
2026-07-01 02:03:39.476 10 ERROR neutron.plugins.ml2.managers self.force_reraise()
2026-07-01 02:03:39.476 10 ERROR neutron.plugins.ml2.managers
File "/var/lib/openstack/lib/python3.10/site-packages/oslo_utils/excutils.py", line 200, in force_reraise
2026-07-01 02:03:39.476 10 ERROR neutron.plugins.ml2.managers raise self.value
2026-07-01 02:03:39.476 10 ERROR neutron.plugins.ml2.managers
File "/var/lib/openstack/lib/python3.10/site-packages/neutron_lib/db/api.py", line 138, in wrapped
2026-07-01 02:03:39.476 10 ERROR neutron.plugins.ml2.managers return f(*args, **kwargs)
2026-07-01 02:03:39.476 10 ERROR neutron.plugins.ml2.managers
File "/var/lib/openstack/lib/python3.10/site-packages/oslo_db/api.py", line 144, in wrapper
2026-07-01 02:03:39.476 10 ERROR neutron.plugins.ml2.managers with excutils.save_and_reraise_exception() as ectxt:
2026-07-01 02:03:39.476 10 ERROR neutron.plugins.ml2.managers
File "/var/lib/openstack/lib/python3.10/site-packages/oslo_utils/excutils.py", line 227, in __exit__
2026-07-01 02:03:39.476 10 ERROR neutron.plugins.ml2.managers self.force_reraise()
2026-07-01 02:03:39.476 10 ERROR neutron.plugins.ml2.managers
File "/var/lib/openstack/lib/python3.10/site-packages/oslo_utils/excutils.py", line 200, in force_reraise
2026-07-01 02:03:39.476 10 ERROR neutron.plugins.ml2.managers raise self.value
2026-07-01 02:03:39.476 10 ERROR neutron.plugins.ml2.managers
File "/var/lib/openstack/lib/python3.10/site-packages/oslo_db/api.py", line 142, in wrapper
2026-07-01 02:03:39.476 10 ERROR neutron.plugins.ml2.managers return f(*args, **kwargs)
2026-07-01 02:03:39.476 10 ERROR neutron.plugins.ml2.managers
File "/var/lib/openstack/lib/python3.10/site-packages/neutron_lib/db/api.py", line 186, in wrapped
2026-07-01 02:03:39.476 10 ERROR neutron.plugins.ml2.managers with excutils.save_and_reraise_exception():
2026-07-01 02:03:39.476 10 ERROR neutron.plugins.ml2.managers
File "/var/lib/openstack/lib/python3.10/site-packages/oslo_utils/excutils.py", line 227, in __exit__
2026-07-01 02:03:39.476 10 ERROR neutron.plugins.ml2.managers self.force_reraise()
2026-07-01 02:03:39.476 10 ERROR neutron.plugins.ml2.managers
File "/var/lib/openstack/lib/python3.10/site-packages/oslo_utils/excutils.py", line 200, in force_reraise
2026-07-01 02:03:39.476 10 ERROR neutron.plugins.ml2.managers raise self.value
2026-07-01 02:03:39.476 10 ERROR neutron.plugins.ml2.managers
File "/var/lib/openstack/lib/python3.10/site-packages/neutron_lib/db/api.py", line 184, in wrapped
2026-07-01 02:03:39.476 10 ERROR neutron.plugins.ml2.managers return f(*dup_args, **dup_kwargs)
2026-07-01 02:03:39.476 10 ERROR neutron.plugins.ml2.managers
File "/var/lib/openstack/lib/python3.10/site-packages/neutron/db/db_base_plugin_v2.py", line 1121, in get_subnet
2026-07-01 02:03:39.476 10 ERROR neutron.plugins.ml2.managers subnet_obj = self._get_subnet_object(context, id)
2026-07-01 02:03:39.476 10 ERROR neutron.plugins.ml2.managers
File "/var/lib/openstack/lib/python3.10/site-packages/neutron/db/db_base_plugin_common.py", line 279, in _get_subnet_object
2026-07-01 02:03:39.476 10 ERROR neutron.plugins.ml2.managers raise exceptions.SubnetNotFound(subnet_id=id)
2026-07-01 02:03:39.476 10 ERROR neutron.plugins.ml2.managers neutron_lib.exceptions.SubnetNotFound: Subnet faada414-36fe-4c12-ad83-8faa4194788d could not be found.
2026-07-01 02:03:39.476 10 ERROR neutron.plugins.ml2.managers 
2026-07-01 02:03:39.477 10 ERROR neutron.plugins.ml2.managers [None req-0fbb538f-9bf5-4275-b962-a58f809ddc95 - - - - - -] Failed to bind port b112b047-9f36-4033-aeb4-a1f0191f9c5b on host instance for vnic_type normal using segments [{'id': 'a80f32ab-9324-4ae8-94b1-50521c4397d4', 'network_type': 'vxlan', 'physical_network': None, 'segmentation_id': 790, 'network_id': '1f80873f-b606-4d66-8c57-926d61b141b7'}]
2026-07-01 02:03:39.477 10 INFO neutron.plugins.ml2.plugin [None req-0fbb538f-9bf5-4275-b962-a58f809ddc95 - - - - - -] Attempt 10 to bind port b112b047-9f36-4033-aeb4-a1f0191f9c5b
2026-07-01 02:03:39.498 10 ERROR neutron.plugins.ml2.managers [None req-0fbb538f-9bf5-4275-b962-a58f809ddc95 - - - - - -] Mechanism driver openvswitch failed in bind_port: neutron_lib.exceptions.SubnetNotFound: Subnet faada414-36fe-4c12-ad83-8faa4194788d could not be found.
2026-07-01 02:03:39.498 10 ERROR neutron.plugins.ml2.managers
Traceback (most recent call last):
2026-07-01 02:03:39.498 10 ERROR neutron.plugins.ml2.managers
File "/var/lib/openstack/lib/python3.10/site-packages/neutron/plugins/ml2/managers.py", line 866, in _bind_port_level
2026-07-01 02:03:39.498 10 ERROR neutron.plugins.ml2.managers driver.obj.bind_port(context)
2026-07-01 02:03:39.498 10 ERROR neutron.plugins.ml2.managers
File "/var/lib/openstack/lib/python3.10/site-packages/neutron/plugins/ml2/drivers/openvswitch/mech_driver/mech_openvswitch.py", line 133, in bind_port
2026-07-01 02:03:39.498 10 ERROR neutron.plugins.ml2.managers super(OpenvswitchMechanismDriver, self).bind_port(context)
2026-07-01 02:03:39.498 10 ERROR neutron.plugins.ml2.managers
File "/var/lib/openstack/lib/python3.10/site-packages/neutron/plugins/ml2/drivers/mech_agent.py", line 104, in bind_port
2026-07-01 02:03:39.498 10 ERROR neutron.plugins.ml2.managers subnets = self.get_subnets_from_fixed_ips(context)
2026-07-01 02:03:39.498 10 ERROR neutron.plugins.ml2.managers
File "/var/lib/openstack/lib/python3.10/site-packages/neutron/plugins/ml2/drivers/mech_agent.py", line 149, in get_subnets_from_fixed_ips
2026-07-01 02:03:39.498 10 ERROR neutron.plugins.ml2.managers subnets.append(context._plugin.get_subnet(
2026-07-01 02:03:39.498 10 ERROR neutron.plugins.ml2.managers
File "/var/lib/openstack/lib/python3.10/site-packages/neutron_lib/db/api.py", line 226, in wrapped
2026-07-01 02:03:39.498 10 ERROR neutron.plugins.ml2.managers return f_with_retry(*args, **kwargs,
2026-07-01 02:03:39.498 10 ERROR neutron.plugins.ml2.managers
File "/var/lib/openstack/lib/python3.10/site-packages/neutron_lib/db/api.py", line 140, in wrapped
2026-07-01 02:03:39.498 10 ERROR neutron.plugins.ml2.managers with excutils.save_and_reraise_exception():
2026-07-01 02:03:39.498 10 ERROR neutron.plugins.ml2.managers
File "/var/lib/openstack/lib/python3.10/site-packages/oslo_utils/excutils.py", line 227, in __exit__
2026-07-01 02:03:39.498 10 ERROR neutron.plugins.ml2.managers self.force_reraise()
2026-07-01 02:03:39.498 10 ERROR neutron.plugins.ml2.managers
File "/var/lib/openstack/lib/python3.10/site-packages/oslo_utils/excutils.py", line 200, in force_reraise
2026-07-01 02:03:39.498 10 ERROR neutron.plugins.ml2.managers raise self.value
2026-07-01 02:03:39.498 10 ERROR neutron.plugins.ml2.managers
File "/var/lib/openstack/lib/python3.10/site-packages/neutron_lib/db/api.py", line 138, in wrapped
2026-07-01 02:03:39.498 10 ERROR neutron.plugins.ml2.managers return f(*args, **kwargs)
2026-07-01 02:03:39.498 10 ERROR neutron.plugins.ml2.managers
File "/var/lib/openstack/lib/python3.10/site-packages/oslo_db/api.py", line 144, in wrapper
2026-07-01 02:03:39.498 10 ERROR neutron.plugins.ml2.managers with excutils.save_and_reraise_exception() as ectxt:
2026-07-01 02:03:39.498 10 ERROR neutron.plugins.ml2.managers
File "/var/lib/openstack/lib/python3.10/site-packages/oslo_utils/excutils.py", line 227, in __exit__
2026-07-01 02:03:39.498 10 ERROR neutron.plugins.ml2.managers self.force_reraise()
2026-07-01 02:03:39.498 10 ERROR neutron.plugins.ml2.managers
File "/var/lib/openstack/lib/python3.10/site-packages/oslo_utils/excutils.py", line 200, in force_reraise
2026-07-01 02:03:39.498 10 ERROR neutron.plugins.ml2.managers raise self.value
2026-07-01 02:03:39.498 10 ERROR neutron.plugins.ml2.managers
File "/var/lib/openstack/lib/python3.10/site-packages/oslo_db/api.py", line 142, in wrapper
2026-07-01 02:03:39.498 10 ERROR neutron.plugins.ml2.managers return f(*args, **kwargs)
2026-07-01 02:03:39.498 10 ERROR neutron.plugins.ml2.managers
File "/var/lib/openstack/lib/python3.10/site-packages/neutron_lib/db/api.py", line 186, in wrapped
2026-07-01 02:03:39.498 10 ERROR neutron.plugins.ml2.managers with excutils.save_and_reraise_exception():
2026-07-01 02:03:39.498 10 ERROR neutron.plugins.ml2.managers
File "/var/lib/openstack/lib/python3.10/site-packages/oslo_utils/excutils.py", line 227, in __exit__
2026-07-01 02:03:39.498 10 ERROR neutron.plugins.ml2.managers self.force_reraise()
2026-07-01 02:03:39.498 10 ERROR neutron.plugins.ml2.managers
File "/var/lib/openstack/lib/python3.10/site-packages/oslo_utils/excutils.py", line 200, in force_reraise
2026-07-01 02:03:39.498 10 ERROR neutron.plugins.ml2.managers raise self.value
2026-07-01 02:03:39.498 10 ERROR neutron.plugins.ml2.managers
File "/var/lib/openstack/lib/python3.10/site-packages/neutron_lib/db/api.py", line 184, in wrapped
2026-07-01 02:03:39.498 10 ERROR neutron.plugins.ml2.managers return f(*dup_args, **dup_kwargs)
2026-07-01 02:03:39.498 10 ERROR neutron.plugins.ml2.managers
File "/var/lib/openstack/lib/python3.10/site-packages/neutron/db/db_base_plugin_v2.py", line 1121, in get_subnet
2026-07-01 02:03:39.498 10 ERROR neutron.plugins.ml2.managers subnet_obj = self._get_subnet_object(context, id)
2026-07-01 02:03:39.498 10 ERROR neutron.plugins.ml2.managers
File "/var/lib/openstack/lib/python3.10/site-packages/neutron/db/db_base_plugin_common.py", line 279, in _get_subnet_object
2026-07-01 02:03:39.498 10 ERROR neutron.plugins.ml2.managers raise exceptions.SubnetNotFound(subnet_id=id)
2026-07-01 02:03:39.498 10 ERROR neutron.plugins.ml2.managers neutron_lib.exceptions.SubnetNotFound: Subnet faada414-36fe-4c12-ad83-8faa4194788d could not be found.
2026-07-01 02:03:39.498 10 ERROR neutron.plugins.ml2.managers 
2026-07-01 02:03:39.499 10 ERROR neutron.plugins.ml2.managers [None req-0fbb538f-9bf5-4275-b962-a58f809ddc95 - - - - - -] Failed to bind port b112b047-9f36-4033-aeb4-a1f0191f9c5b on host instance for vnic_type normal using segments [{'id': 'a80f32ab-9324-4ae8-94b1-50521c4397d4', 'network_type': 'vxlan', 'physical_network': None, 'segmentation_id': 790, 'network_id': '1f80873f-b606-4d66-8c57-926d61b141b7'}]
2026-07-01 02:03:43.174 10 INFO neutron.plugins.ml2.plugin [None req-581767f5-e5cc-4f5b-9d23-63d783998124 - - - - - -] Attempt 1 to provision port 794f5f75-bb20-465b-8eb4-26339d6e6c00
2026-07-01 02:03:49.285 9 INFO neutron.plugins.ml2.plugin [None req-581767f5-e5cc-4f5b-9d23-63d783998124 - - - - - -] Attempt 1 to provision port c97b2001-bf9c-4fc4-be72-00a68f2825de
2026-07-01 02:03:59.221 9 INFO neutron.plugins.ml2.plugin [None req-581767f5-e5cc-4f5b-9d23-63d783998124 - - - - - -] Attempt 1 to provision port 636300cc-fbc5-4694-ac21-e5ebb22b9f1b
2026-07-01 02:04:01.229 10 INFO neutron.plugins.ml2.plugin [None req-581767f5-e5cc-4f5b-9d23-63d783998124 - - - - - -] Attempt 1 to provision port f7912c70-0c43-4171-b094-bfbe3781f00e
2026-07-01 02:04:09.118 9 INFO neutron.plugins.ml2.plugin [None req-581767f5-e5cc-4f5b-9d23-63d783998124 - - - - - -] Attempt 1 to provision port bcebc939-5ba8-428a-ae1a-d191d00b0bab
2026-07-01 02:04:09.655 9 INFO neutron.plugins.ml2.plugin [None req-581767f5-e5cc-4f5b-9d23-63d783998124 - - - - - -] Attempt 1 to provision port a33df515-0d9d-4391-8458-2d3ac82c6f42
2026-07-01 02:04:10.288 9 INFO neutron.plugins.ml2.plugin [None req-581767f5-e5cc-4f5b-9d23-63d783998124 - - - - - -] Attempt 1 to provision port 046f1e2c-7b50-433f-8dcb-9c63221aa5b1
2026-07-01 02:04:10.565 9 INFO neutron.plugins.ml2.plugin [None req-3659c519-7c74-401c-9c4f-ade63812d366 - - - - - -] Attempt 1 to provision port a33df515-0d9d-4391-8458-2d3ac82c6f42
2026-07-01 02:04:10.776 10 INFO neutron.plugins.ml2.plugin [None req-d39995a2-57eb-45ae-a628-367fe77dcb05 - - - - - -] Attempt 1 to provision port 046f1e2c-7b50-433f-8dcb-9c63221aa5b1
2026-07-01 02:04:11.085 9 INFO neutron.plugins.ml2.plugin [None req-abfb49be-a813-4362-8306-4053da6b4291 - - - - - -] Attempt 1 to provision port a33df515-0d9d-4391-8458-2d3ac82c6f42
2026-07-01 02:04:11.201 9 INFO neutron.plugins.ml2.plugin [None req-abfb49be-a813-4362-8306-4053da6b4291 - - - - - -] Attempt 1 to provision port 046f1e2c-7b50-433f-8dcb-9c63221aa5b1
2026-07-01 02:04:11.296 9 INFO neutron.plugins.ml2.plugin [None req-abfb49be-a813-4362-8306-4053da6b4291 - - - - - -] Attempt 1 to provision port d6c8326d-651c-4c62-a7b6-b917f5590002
2026-07-01 02:04:11.349 9 INFO neutron.plugins.ml2.plugin [None req-581767f5-e5cc-4f5b-9d23-63d783998124 - - - - - -] Attempt 1 to provision port bcebc939-5ba8-428a-ae1a-d191d00b0bab
2026-07-01 02:04:11.648 9 INFO neutron.plugins.ml2.plugin [None req-581767f5-e5cc-4f5b-9d23-63d783998124 - - - - - -] Attempt 1 to provision port da93e0f8-a8d2-4ada-b587-a815bd449fdc
2026-07-01 02:04:11.651 9 INFO neutron.plugins.ml2.plugin [None req-9b49b828-5ae0-426a-b7c1-daf50dcfb1f9 - - - - - -] Attempt 1 to provision port d6c8326d-651c-4c62-a7b6-b917f5590002
2026-07-01 02:04:11.942 10 INFO neutron.plugins.ml2.plugin [None req-45517be6-d654-464c-917b-fdb019131a94 - - - - - -] Attempt 1 to provision port bcebc939-5ba8-428a-ae1a-d191d00b0bab
2026-07-01 02:04:12.185 9 INFO neutron.plugins.ml2.plugin [None req-6fd050aa-43ba-4c2f-9f4c-0df6578744ed - - - - - -] Attempt 1 to provision port 5a9c941d-e2e5-44cd-81ca-084463777af7
2026-07-01 02:04:12.347 10 INFO neutron.plugins.ml2.plugin [None req-b216a628-5f72-4e2f-9d80-529923e25142 - - - - - -] Attempt 1 to provision port d6c8326d-651c-4c62-a7b6-b917f5590002
2026-07-01 02:04:12.402 9 INFO neutron.plugins.ml2.plugin [None req-581767f5-e5cc-4f5b-9d23-63d783998124 - - - - - -] Attempt 1 to provision port a33df515-0d9d-4391-8458-2d3ac82c6f42
2026-07-01 02:04:12.514 9 INFO neutron.plugins.ml2.plugin [None req-7b17a874-8750-4ffc-a02c-4c8088827fb1 - - - - - -] Attempt 1 to provision port 58d0d5a1-7e9e-490c-b7a2-60b816ece400
2026-07-01 02:04:12.774 9 INFO neutron.plugins.ml2.plugin [None req-f842b664-4d26-4e03-878a-740bbc8b18d9 - - - - - -] Attempt 1 to provision port da93e0f8-a8d2-4ada-b587-a815bd449fdc
2026-07-01 02:04:12.803 9 INFO neutron.plugins.ml2.plugin [None req-581767f5-e5cc-4f5b-9d23-63d783998124 - - - - - -] Attempt 1 to provision port 046f1e2c-7b50-433f-8dcb-9c63221aa5b1
2026-07-01 02:04:12.962 9 INFO neutron.plugins.ml2.plugin [None req-a1d5bfae-ef60-4034-8630-e66e153a9030 - - - - - -] Attempt 1 to provision port 5a9c941d-e2e5-44cd-81ca-084463777af7
2026-07-01 02:04:13.225 10 INFO neutron.plugins.ml2.plugin [None req-249bae17-b411-4306-ac37-b8a82fea6d7a - - - - - -] Attempt 1 to provision port bcebc939-5ba8-428a-ae1a-d191d00b0bab
2026-07-01 02:04:13.317 10 INFO neutron.plugins.ml2.plugin [None req-581767f5-e5cc-4f5b-9d23-63d783998124 - - - - - -] Attempt 1 to provision port bcebc939-5ba8-428a-ae1a-d191d00b0bab
2026-07-01 02:04:13.554 10 INFO neutron.plugins.ml2.plugin [None req-581767f5-e5cc-4f5b-9d23-63d783998124 - - - - - -] Attempt 1 to provision port da93e0f8-a8d2-4ada-b587-a815bd449fdc
2026-07-01 02:04:13.825 10 INFO neutron.plugins.ml2.plugin [None req-fc023561-eba1-42b2-85c4-f40a1265e7cf - - - - - -] Attempt 1 to provision port b4354ab3-a754-4a0f-a460-5cf7df8e8715
2026-07-01 02:04:13.842 10 INFO neutron.plugins.ml2.plugin [None req-581767f5-e5cc-4f5b-9d23-63d783998124 - - - - - -] Attempt 1 to provision port b4354ab3-a754-4a0f-a460-5cf7df8e8715
2026-07-01 02:04:14.625 9 INFO neutron.plugins.ml2.plugin [None req-5137524e-6dee-4f2d-89d8-c7e01ccc1783 - - - - - -] Attempt 1 to provision port da93e0f8-a8d2-4ada-b587-a815bd449fdc
2026-07-01 02:04:14.721 9 INFO neutron.plugins.ml2.plugin [None req-5137524e-6dee-4f2d-89d8-c7e01ccc1783 - - - - - -] Attempt 1 to provision port bcebc939-5ba8-428a-ae1a-d191d00b0bab
2026-07-01 02:04:15.038 9 INFO neutron.plugins.ml2.plugin [None req-c0123369-7e37-410a-b7b0-68d2e627f564 - - - - - -] Attempt 1 to provision port da93e0f8-a8d2-4ada-b587-a815bd449fdc
2026-07-01 02:04:15.219 10 INFO neutron.plugins.ml2.plugin [None req-2cc1da22-5ba3-4adc-9577-dd081636e668 - - - - - -] Attempt 1 to provision port b4354ab3-a754-4a0f-a460-5cf7df8e8715
2026-07-01 02:04:15.386 10 INFO neutron.plugins.ml2.plugin [None req-581767f5-e5cc-4f5b-9d23-63d783998124 - - - - - -] Attempt 1 to provision port da93e0f8-a8d2-4ada-b587-a815bd449fdc
2026-07-01 02:04:15.658 10 INFO neutron.plugins.ml2.plugin [None req-581767f5-e5cc-4f5b-9d23-63d783998124 - - - - - -] Attempt 1 to provision port b4354ab3-a754-4a0f-a460-5cf7df8e8715
2026-07-01 02:04:15.821 9 INFO neutron.plugins.ml2.plugin [None req-86296e82-d09f-4bb4-94dc-98be27424992 - - - - - -] Attempt 1 to provision port b4354ab3-a754-4a0f-a460-5cf7df8e8715
2026-07-01 02:04:16.048 9 INFO neutron.plugins.ml2.plugin [None req-e0044da0-f0bb-411f-8ba0-81d5ddc23764 - - - - - -] Attempt 1 to provision port 14f0549b-81b8-41ad-8527-dd00a5517814
2026-07-01 02:04:16.598 9 INFO neutron.plugins.ml2.plugin [None req-ea1b02ed-096f-4390-8975-9f92c88c7461 - - - - - -] Attempt 1 to provision port 14f0549b-81b8-41ad-8527-dd00a5517814
2026-07-01 02:04:17.409 9 INFO neutron.plugins.ml2.plugin [None req-581767f5-e5cc-4f5b-9d23-63d783998124 - - - - - -] Attempt 1 to provision port fd64041c-d338-4453-9182-8e539d7e2f8e
2026-07-01 02:04:17.985 9 INFO neutron.plugins.ml2.plugin [None req-d0261af7-7e84-429c-a19c-5ec878c8c5a1 - - - - - -] Attempt 1 to provision port 521f1ce7-677f-4086-9619-60a5da9be666
2026-07-01 02:04:18.024 9 INFO neutron.plugins.ml2.plugin [None req-581767f5-e5cc-4f5b-9d23-63d783998124 - - - - - -] Attempt 1 to provision port 1525ffa4-207d-436c-90e8-10f6807de6f3
2026-07-01 02:04:18.546 9 INFO neutron.plugins.ml2.plugin [None req-66546a8a-9afa-4be2-b488-bd836dcdf607 - - - - - -] Attempt 1 to provision port 1525ffa4-207d-436c-90e8-10f6807de6f3
2026-07-01 02:04:18.770 9 INFO neutron.plugins.ml2.plugin [None req-532a3178-faa5-4c7e-a75a-170b33d18161 - - - - - -] Attempt 1 to provision port 521f1ce7-677f-4086-9619-60a5da9be666
2026-07-01 02:04:18.964 10 INFO neutron.plugins.ml2.plugin [None req-b2ab4470-06b6-4290-a88a-02e6b686125f - - - - - -] Attempt 1 to provision port 1525ffa4-207d-436c-90e8-10f6807de6f3
2026-07-01 02:04:19.327 10 INFO neutron.plugins.ml2.plugin [None req-581767f5-e5cc-4f5b-9d23-63d783998124 - - - - - -] Attempt 1 to provision port fd64041c-d338-4453-9182-8e539d7e2f8e
2026-07-01 02:04:19.783 10 INFO neutron.plugins.ml2.plugin [None req-581767f5-e5cc-4f5b-9d23-63d783998124 - - - - - -] Attempt 1 to provision port 1525ffa4-207d-436c-90e8-10f6807de6f3
2026-07-01 02:04:19.988 9 INFO neutron.plugins.ml2.plugin [None req-73cc672f-6866-4184-8b35-236194f7caa7 - - - - - -] Attempt 1 to provision port 9aa0d28b-3e9a-4735-83fb-31b1717df9b9
2026-07-01 02:04:20.841 9 INFO neutron.plugins.ml2.plugin [None req-fbe14a80-4a84-45cd-8d2f-d13e2457f7ce - - - - - -] Attempt 1 to provision port 9aa0d28b-3e9a-4735-83fb-31b1717df9b9
2026-07-01 02:04:21.263 10 INFO neutron.plugins.ml2.plugin [None req-581767f5-e5cc-4f5b-9d23-63d783998124 - - - - - -] Attempt 1 to provision port b9c0724b-8a9e-4178-b0d9-2d865e71697b
2026-07-01 02:04:21.910 10 INFO neutron.plugins.ml2.plugin [None req-36b128ef-b68d-4c18-aff3-6013c57ea906 - - - - - -] Attempt 1 to provision port b9c0724b-8a9e-4178-b0d9-2d865e71697b
2026-07-01 02:04:22.412 9 INFO neutron.plugins.ml2.plugin [None req-2abd6650-c0a1-4be0-82b8-cdc88cac3eb8 - - - - - -] Attempt 1 to provision port e4909d35-4a07-4928-9994-5bb33611dacf
2026-07-01 02:04:22.457 9 INFO neutron.plugins.ml2.plugin [None req-2abd6650-c0a1-4be0-82b8-cdc88cac3eb8 - - - - - -] Attempt 1 to provision port b9c0724b-8a9e-4178-b0d9-2d865e71697b
2026-07-01 02:04:22.677 10 INFO neutron.plugins.ml2.plugin [None req-6ab8c708-3875-47fc-a185-adbe37219b38 - - - - - -] Attempt 1 to provision port e4909d35-4a07-4928-9994-5bb33611dacf /var/lib/openstack/lib/python3.10/site-packages/oslo_db/sqlalchemy/enginefacade.py:676: SAWarning: DELETE statement on table 'portsecuritybindings' expected to delete 1 row(s); 0 were matched. Please set confirm_deleted_rows=False within the mapper configuration to prevent this warning. self.session.flush() /var/lib/openstack/lib/python3.10/site-packages/oslo_db/sqlalchemy/enginefacade.py:676: SAWarning: DELETE statement on table 'ml2_port_bindings' expected to delete 1 row(s); 0 were matched. Please set confirm_deleted_rows=False within the mapper configuration to prevent this warning. self.session.flush() /var/lib/openstack/lib/python3.10/site-packages/oslo_db/sqlalchemy/enginefacade.py:676: SAWarning: DELETE statement on table 'ml2_port_binding_levels' expected to delete 1 row(s); 0 were matched. Please set confirm_deleted_rows=False within the mapper configuration to prevent this warning. self.session.flush() /var/lib/openstack/lib/python3.10/site-packages/oslo_db/sqlalchemy/enginefacade.py:676: SAWarning: DELETE statement on table 'ports' expected to delete 1 row(s); 0 were matched. Please set confirm_deleted_rows=False within the mapper configuration to prevent this warning. self.session.flush()
2026-07-01 02:04:22.945 9 INFO neutron.plugins.ml2.plugin [None req-021fa4a5-3232-41ac-a8c7-709e72617d87 - - - - - -] Attempt 1 to provision port e4909d35-4a07-4928-9994-5bb33611dacf
2026-07-01 02:04:23.322 10 INFO neutron.plugins.ml2.plugin [None req-581767f5-e5cc-4f5b-9d23-63d783998124 - - - - - -] Attempt 1 to provision port b9c0724b-8a9e-4178-b0d9-2d865e71697b
2026-07-01 02:04:26.839 9 INFO neutron.plugins.ml2.plugin [None req-a0d30cf6-9057-414b-95dd-2db21bdec095 - - - - - -] Attempt 1 to provision port a827b272-d02b-4381-b3df-0558b50ebcb0
2026-07-01 02:04:27.360 9 INFO neutron.plugins.ml2.plugin [None req-a0d30cf6-9057-414b-95dd-2db21bdec095 - - - - - -] Attempt 2 to provision port a827b272-d02b-4381-b3df-0558b50ebcb0
2026-07-01 02:04:27.472 9 INFO neutron.plugins.ml2.plugin [None req-581767f5-e5cc-4f5b-9d23-63d783998124 - - - - - -] Attempt 1 to provision port 0fd35520-7770-472d-9611-eb5b10841856
2026-07-01 02:04:29.125 10 INFO neutron.plugins.ml2.plugin [None req-a5a7d0f3-d756-4112-bfa9-eb3086d0568e - - - - - -] Attempt 1 to provision port 0fd35520-7770-472d-9611-eb5b10841856
2026-07-01 02:04:29.402 10 INFO neutron.plugins.ml2.plugin [None req-db947fe3-9828-432a-8711-0b6d597f6781 - - - - - -] Attempt 1 to provision port f244b53d-64e8-4926-8112-7cb671330506
2026-07-01 02:04:29.434 10 INFO neutron.plugins.ml2.plugin [None req-db947fe3-9828-432a-8711-0b6d597f6781 - - - - - -] Attempt 1 to provision port 0fd35520-7770-472d-9611-eb5b10841856
2026-07-01 02:04:29.529 9 INFO neutron.plugins.ml2.plugin [None req-581767f5-e5cc-4f5b-9d23-63d783998124 - - - - - -] Attempt 1 to provision port 0fd35520-7770-472d-9611-eb5b10841856
2026-07-01 02:04:29.738 10 INFO neutron.plugins.ml2.plugin [None req-6682e20b-4023-4999-84e6-2eb83ef74e36 - - - - - -] Attempt 1 to provision port f244b53d-64e8-4926-8112-7cb671330506
2026-07-01 02:04:29.820 9 INFO neutron.plugins.ml2.plugin [None req-581767f5-e5cc-4f5b-9d23-63d783998124 - - - - - -] Attempt 1 to provision port a827b272-d02b-4381-b3df-0558b50ebcb0
2026-07-01 02:04:29.920 9 INFO neutron.notifiers.nova [-] Nova event matching ['req-1031efdd-0dc5-4480-82c3-517d7fa620b9'] response: {'server_uuid': '17fe0786-c6a1-4e01-82e4-99177ef00bbb', 'name': 'network-vif-plugged', 'status': 'completed', 'tag': 'a827b272-d02b-4381-b3df-0558b50ebcb0', 'code': 200}
2026-07-01 02:04:31.452 10 INFO neutron.plugins.ml2.plugin [None req-581767f5-e5cc-4f5b-9d23-63d783998124 - - - - - -] Attempt 1 to provision port a827b272-d02b-4381-b3df-0558b50ebcb0 /var/lib/openstack/lib/python3.10/site-packages/oslo_db/sqlalchemy/enginefacade.py:676: SAWarning: DELETE statement on table 'portsecuritybindings' expected to delete 1 row(s); 0 were matched. Please set confirm_deleted_rows=False within the mapper configuration to prevent this warning. self.session.flush() /var/lib/openstack/lib/python3.10/site-packages/oslo_db/sqlalchemy/enginefacade.py:676: SAWarning: DELETE statement on table 'ml2_port_bindings' expected to delete 1 row(s); 0 were matched. Please set confirm_deleted_rows=False within the mapper configuration to prevent this warning. self.session.flush() /var/lib/openstack/lib/python3.10/site-packages/oslo_db/sqlalchemy/enginefacade.py:676: SAWarning: DELETE statement on table 'ml2_port_binding_levels' expected to delete 1 row(s); 0 were matched. Please set confirm_deleted_rows=False within the mapper configuration to prevent this warning. self.session.flush() /var/lib/openstack/lib/python3.10/site-packages/oslo_db/sqlalchemy/enginefacade.py:676: SAWarning: DELETE statement on table 'ports' expected to delete 1 row(s); 0 were matched. Please set confirm_deleted_rows=False within the mapper configuration to prevent this warning. self.session.flush()
2026-07-01 02:04:33.429 9 INFO neutron.plugins.ml2.plugin [None req-4b62e54b-b8ad-4a0f-8f3f-5b86dd561891 - - - - - -] Attempt 1 to provision port ed777d04-d006-434f-b725-4fdc4220a225
2026-07-01 02:04:35.450 10 INFO neutron.plugins.ml2.plugin [None req-581767f5-e5cc-4f5b-9d23-63d783998124 - - - - - -] Attempt 1 to provision port 14f0549b-81b8-41ad-8527-dd00a5517814
2026-07-01 02:04:35.797 10 INFO neutron.plugins.ml2.plugin [None req-581767f5-e5cc-4f5b-9d23-63d783998124 - - - - - -] Attempt 1 to provision port 521f1ce7-677f-4086-9619-60a5da9be666
2026-07-01 02:04:37.489 9 INFO neutron.plugins.ml2.plugin [None req-581767f5-e5cc-4f5b-9d23-63d783998124 - - - - - -] Attempt 1 to provision port 58d0d5a1-7e9e-490c-b7a2-60b816ece400
2026-07-01 02:04:37.774 9 INFO neutron.plugins.ml2.plugin [None req-581767f5-e5cc-4f5b-9d23-63d783998124 - - - - - -] Attempt 1 to provision port 9aa0d28b-3e9a-4735-83fb-31b1717df9b9
2026-07-01 02:04:38.075 9 INFO neutron.plugins.ml2.plugin [None req-581767f5-e5cc-4f5b-9d23-63d783998124 - - - - - -] Attempt 1 to provision port 14f0549b-81b8-41ad-8527-dd00a5517814
2026-07-01 02:04:38.333 9 INFO neutron.plugins.ml2.plugin [None req-581767f5-e5cc-4f5b-9d23-63d783998124 - - - - - -] Attempt 1 to provision port 521f1ce7-677f-4086-9619-60a5da9be666
2026-07-01 02:04:38.810 9 INFO neutron.plugins.ml2.plugin [None req-ace86c5a-d40f-461f-8330-3ec2167961ee - - - - - -] Attempt 1 to provision port 7dafd936-43cb-468a-ae57-2ebd545f15c0
2026-07-01 02:04:39.404 10 INFO neutron.plugins.ml2.plugin [None req-581767f5-e5cc-4f5b-9d23-63d783998124 - - - - - -] Attempt 1 to provision port 58d0d5a1-7e9e-490c-b7a2-60b816ece400
2026-07-01 02:04:39.668 10 INFO neutron.plugins.ml2.plugin [None req-581767f5-e5cc-4f5b-9d23-63d783998124 - - - - - -] Attempt 1 to provision port 9aa0d28b-3e9a-4735-83fb-31b1717df9b9
2026-07-01 02:04:41.452 10 INFO neutron.plugins.ml2.plugin [None req-581767f5-e5cc-4f5b-9d23-63d783998124 - - - - - -] Attempt 1 to provision port 7dafd936-43cb-468a-ae57-2ebd545f15c0
2026-07-01 02:04:41.566 10 INFO neutron.notifiers.nova [-] Nova event matching ['req-eaa255e9-bf32-4eea-8495-35e1fe94190d'] response: {'server_uuid': 'f4899c44-55a7-49c8-b3b7-1189faaf6a86', 'name': 'network-vif-plugged', 'status': 'completed', 'tag': '7dafd936-43cb-468a-ae57-2ebd545f15c0', 'code': 200}
2026-07-01 02:04:43.404 10 INFO neutron.plugins.ml2.plugin [None req-581767f5-e5cc-4f5b-9d23-63d783998124 - - - - - -] Attempt 1 to provision port 7dafd936-43cb-468a-ae57-2ebd545f15c0
2026-07-01 02:04:58.539 9 INFO neutron.plugins.ml2.plugin [None req-73fc43cf-c36c-456e-a280-cce19c4d4f32 - - - - - -] Attempt 1 to provision port b46c5e7a-96df-4d55-a63a-a5b9c70f1015
2026-07-01 02:05:10.299 10 INFO neutron.plugins.ml2.plugin [None req-81007bd7-7649-4541-a9b0-b3727bfefba0 - - - - - -] Attempt 1 to provision port 03bf3aec-951b-41e5-942f-a72d184b6203
2026-07-01 02:05:13.455 10 INFO neutron.plugins.ml2.plugin [None req-581767f5-e5cc-4f5b-9d23-63d783998124 - - - - - -] Attempt 1 to provision port 03bf3aec-951b-41e5-942f-a72d184b6203
2026-07-01 02:05:13.560 10 INFO neutron.notifiers.nova [-] Nova event matching ['req-8879c285-0de9-47ad-a9c1-ff04eed178e9'] response: {'server_uuid': '3b2b89e6-0749-4ad2-b833-47c9bb280b89', 'name': 'network-vif-plugged', 'status': 'completed', 'tag': '03bf3aec-951b-41e5-942f-a72d184b6203', 'code': 200}
2026-07-01 02:05:15.420 9 INFO neutron.plugins.ml2.plugin [None req-581767f5-e5cc-4f5b-9d23-63d783998124 - - - - - -] Attempt 1 to provision port 03bf3aec-951b-41e5-942f-a72d184b6203
2026-07-01 02:05:27.463 9 INFO neutron.plugins.ml2.plugin [None req-581767f5-e5cc-4f5b-9d23-63d783998124 - - - - - -] Attempt 1 to provision port d91db11d-426f-4c2b-870f-0fd8f355d0fa
2026-07-01 02:05:28.778 9 INFO neutron.plugins.ml2.plugin [None req-9368e194-c1e9-4554-a787-4aa6d314a298 - - - - - -] Attempt 1 to provision port d91db11d-426f-4c2b-870f-0fd8f355d0fa
2026-07-01 02:05:29.254 9 INFO neutron.plugins.ml2.plugin [None req-801c4378-c758-445d-986b-a84492875a99 - - - - - -] Attempt 1 to provision port d91db11d-426f-4c2b-870f-0fd8f355d0fa
2026-07-01 02:05:29.590 10 INFO neutron.plugins.ml2.plugin [None req-581767f5-e5cc-4f5b-9d23-63d783998124 - - - - - -] Attempt 1 to provision port f46b9a44-5036-43aa-a618-e485f9451886
2026-07-01 02:05:30.138 10 INFO neutron.plugins.ml2.plugin [None req-581767f5-e5cc-4f5b-9d23-63d783998124 - - - - - -] Attempt 1 to provision port 975b0fde-56f4-40b7-9efa-b7b634b1837c
2026-07-01 02:05:30.453 10 INFO neutron.plugins.ml2.plugin [None req-0cf673a0-adae-41e5-92f8-aa319a8a61ad - - - - - -] Attempt 1 to provision port 975b0fde-56f4-40b7-9efa-b7b634b1837c
2026-07-01 02:05:30.774 10 INFO neutron.plugins.ml2.plugin [None req-581767f5-e5cc-4f5b-9d23-63d783998124 - - - - - -] Attempt 1 to provision port 1270e5e9-f98e-45c4-8855-d28ca119c03a
2026-07-01 02:05:30.960 10 INFO neutron.plugins.ml2.plugin [None req-0cb85f07-310b-4a29-be7a-2ee50c4b140f - - - - - -] Attempt 1 to provision port 975b0fde-56f4-40b7-9efa-b7b634b1837c
2026-07-01 02:05:31.187 10 INFO neutron.plugins.ml2.plugin [None req-7c627d47-8775-441d-8526-02fe061864a7 - - - - - -] Attempt 1 to provision port 1270e5e9-f98e-45c4-8855-d28ca119c03a
2026-07-01 02:05:31.402 10 INFO neutron.plugins.ml2.plugin [None req-9e0348e7-c040-44b9-8825-7ec6563b66ad - - - - - -] Attempt 1 to provision port 1270e5e9-f98e-45c4-8855-d28ca119c03a
2026-07-01 02:05:31.529 10 INFO neutron.plugins.ml2.plugin [None req-581767f5-e5cc-4f5b-9d23-63d783998124 - - - - - -] Attempt 1 to provision port f46b9a44-5036-43aa-a618-e485f9451886
2026-07-01 02:05:31.595 10 INFO neutron.plugins.ml2.plugin [None req-31cda54d-25aa-44e3-8609-cfaadb7be9b0 - - - - - -] Attempt 1 to provision port f46b9a44-5036-43aa-a618-e485f9451886
2026-07-01 02:05:31.834 10 INFO neutron.plugins.ml2.plugin [None req-581767f5-e5cc-4f5b-9d23-63d783998124 - - - - - -] Attempt 1 to provision port 8a505d6e-7313-4f04-9c67-793134386cc1
2026-07-01 02:05:31.901 9 INFO neutron.plugins.ml2.plugin [None req-8ca23252-9fac-419f-969a-acf4173a2608 - - - - - -] Attempt 1 to provision port f46b9a44-5036-43aa-a618-e485f9451886
2026-07-01 02:05:32.495 10 INFO neutron.plugins.ml2.plugin [None req-d9a6dfe9-0978-4a64-9460-2a17471bc63f - - - - - -] Attempt 1 to provision port 8a505d6e-7313-4f04-9c67-793134386cc1
2026-07-01 02:05:48.782 10 INFO neutron.plugins.ml2.plugin [None req-95f768c5-3805-4d9e-9ccd-98693d49b431 - - - - - -] Attempt 1 to provision port 7492e3ac-5cbe-4560-83da-0cc417d7346e
2026-07-01 02:05:51.604 10 INFO neutron.plugins.ml2.plugin [None req-581767f5-e5cc-4f5b-9d23-63d783998124 - - - - - -] Attempt 1 to provision port 7492e3ac-5cbe-4560-83da-0cc417d7346e
2026-07-01 02:05:51.724 10 INFO neutron.notifiers.nova [-] Nova event matching ['req-3afc1a02-5cf8-4850-9c94-ae14d4472a43'] response: {'server_uuid': '3b2b89e6-0749-4ad2-b833-47c9bb280b89', 'name': 'network-vif-plugged', 'status': 'completed', 'tag': '7492e3ac-5cbe-4560-83da-0cc417d7346e', 'code': 200}
2026-07-01 02:05:53.553 10 INFO neutron.plugins.ml2.plugin [None req-581767f5-e5cc-4f5b-9d23-63d783998124 - - - - - -] Attempt 1 to provision port 7492e3ac-5cbe-4560-83da-0cc417d7346e
2026-07-01 02:06:13.978 9 INFO neutron.plugins.ml2.plugin [None req-711e4c86-4e80-4a7f-b330-f353e5f650c1 - - - - - -] Attempt 1 to provision port 6f77bce9-636a-4ee8-bae3-db16e48f859f
2026-07-01 02:06:17.558 9 INFO neutron.plugins.ml2.plugin [None req-581767f5-e5cc-4f5b-9d23-63d783998124 - - - - - -] Attempt 1 to provision port 6f77bce9-636a-4ee8-bae3-db16e48f859f
2026-07-01 02:06:17.722 9 INFO neutron.notifiers.nova [-] Nova event matching ['req-7e6d7c06-fc74-4ab6-8aa3-203ada46243c'] response: {'server_uuid': '3b2b89e6-0749-4ad2-b833-47c9bb280b89', 'name': 'network-vif-plugged', 'status': 'completed', 'tag': '6f77bce9-636a-4ee8-bae3-db16e48f859f', 'code': 200}
2026-07-01 02:06:19.492 10 INFO neutron.plugins.ml2.plugin [None req-581767f5-e5cc-4f5b-9d23-63d783998124 - - - - - -] Attempt 1 to provision port 6f77bce9-636a-4ee8-bae3-db16e48f859f
2026-07-01 02:06:25.921 9 INFO neutron.plugins.ml2.plugin [None req-99e0b213-8407-4a47-a99a-a0f65605f9e7 - - - - - -] Attempt 1 to provision port b4445efb-7897-4b6d-afb7-2c5d34294ec4
2026-07-01 02:06:29.614 9 INFO neutron.plugins.ml2.plugin [None req-581767f5-e5cc-4f5b-9d23-63d783998124 - - - - - -] Attempt 1 to provision port b4445efb-7897-4b6d-afb7-2c5d34294ec4
2026-07-01 02:06:29.748 9 INFO neutron.notifiers.nova [-] Nova event matching ['req-3f16a65f-c36c-4ced-afcf-9cca9469249f'] response: {'server_uuid': '3b2b89e6-0749-4ad2-b833-47c9bb280b89', 'name': 'network-vif-plugged', 'status': 'completed', 'tag': 'b4445efb-7897-4b6d-afb7-2c5d34294ec4', 'code': 200}
2026-07-01 02:06:31.486 10 INFO neutron.plugins.ml2.plugin [None req-581767f5-e5cc-4f5b-9d23-63d783998124 - - - - - -] Attempt 1 to provision port b4445efb-7897-4b6d-afb7-2c5d34294ec4
2026-07-01 02:06:38.785 9 INFO neutron.plugins.ml2.plugin [None req-f68a1c2f-2630-416a-99ee-c5fa40bc3af0 - - - - - -] Attempt 1 to provision port b4445efb-7897-4b6d-afb7-2c5d34294ec4
2026-07-01 02:06:44.125 9 INFO neutron.plugins.ml2.plugin [None req-c0169a1f-4cbc-44b1-92ed-5b43ed511b5f - - - - - -] Attempt 1 to provision port 6f77bce9-636a-4ee8-bae3-db16e48f859f