Apr 18 18:04:30.832173 np0000167469 devstack@neutron-api.service[104706]: DEBUG neutron.db.servicetype_db [None req-ef62b2d5-5181-4b76-9bce-0b49ccd06a63 None None] Adding provider configuration for service L3_ROUTER_NAT {{(pid=104706) add_provider_configuration /opt/stack/neutron/neutron/db/servicetype_db.py:42}}
Apr 18 18:04:30.832314 np0000167469 devstack@neutron-api.service[104704]: INFO neutron.api.extensions [None req-db4e8554-fb82-408b-91cd-a74895b84fec None None] Loaded extension: allowed-address-pairs
Apr 18 18:04:30.832401 np0000167469 devstack@neutron-api.service[104704]: DEBUG neutron.api.extensions [None req-db4e8554-fb82-408b-91cd-a74895b84fec None None] Loading extension file: auto_allocated_topology.py {{(pid=104704) _load_all_extensions_from_path /opt/stack/neutron/neutron/api/extensions.py:449}}
Apr 18 18:04:30.832664 np0000167469 devstack@neutron-api.service[104704]: DEBUG neutron.api.extensions [None req-db4e8554-fb82-408b-91cd-a74895b84fec None None] Ext name="Auto Allocated Topology Services" alias="auto-allocated-topology" description="Auto Allocated Topology Services." updated="2016-01-01T00:00:00-00:00" {{(pid=104704) _check_extension /opt/stack/neutron/neutron/api/extensions.py:415}}
Apr 18 18:04:30.832838 np0000167469 devstack@neutron-api.service[104704]: INFO neutron.api.extensions [None req-db4e8554-fb82-408b-91cd-a74895b84fec None None] Loaded extension: auto-allocated-topology
Apr 18 18:04:30.832929 np0000167469 devstack@neutron-api.service[104704]: DEBUG neutron.api.extensions [None req-db4e8554-fb82-408b-91cd-a74895b84fec None None] Loading extension file: availability_zone.py {{(pid=104704) _load_all_extensions_from_path /opt/stack/neutron/neutron/api/extensions.py:449}}
Apr 18 18:04:30.833279 np0000167469 devstack@neutron-api.service[104704]: DEBUG neutron.api.extensions [None req-db4e8554-fb82-408b-91cd-a74895b84fec None None] Ext name="Availability Zone" alias="availability_zone" description="The availability zone extension." updated="2015-01-01T10:00:00-00:00" {{(pid=104704) _check_extension /opt/stack/neutron/neutron/api/extensions.py:415}}
Apr 18 18:04:30.833459 np0000167469 devstack@neutron-api.service[104704]: INFO neutron.api.extensions [None req-db4e8554-fb82-408b-91cd-a74895b84fec None None] Loaded extension: availability_zone
Apr 18 18:04:30.833550 np0000167469 devstack@neutron-api.service[104704]: DEBUG neutron.api.extensions [None req-db4e8554-fb82-408b-91cd-a74895b84fec None None] Loading extension file: availability_zone_filter.py {{(pid=104704) _load_all_extensions_from_path /opt/stack/neutron/neutron/api/extensions.py:449}}
Apr 18 18:04:30.833877 np0000167469 devstack@neutron-api.service[104704]: DEBUG neutron.api.extensions [None req-db4e8554-fb82-408b-91cd-a74895b84fec None None] Ext name="Availability Zone Filter Extension" alias="availability_zone_filter" description="Add filter parameters to AvailabilityZone resource" updated="2018-06-22T10:00:00-00:00" {{(pid=104704) _check_extension /opt/stack/neutron/neutron/api/extensions.py:415}}
Apr 18 18:04:30.833912 np0000167469 devstack@neutron-api.service[104706]: DEBUG neutron_lib.callbacks.manager [None req-ef62b2d5-5181-4b76-9bce-0b49ccd06a63 None None] Subscribe: > router precommit_create 55549900, False {{(pid=104706) subscribe /opt/stack/data/venv/lib/python3.12/site-packages/neutron_lib/callbacks/manager.py:52}}
Apr 18 18:04:30.834050 np0000167469 devstack@neutron-api.service[104704]: INFO neutron.api.extensions [None req-db4e8554-fb82-408b-91cd-a74895b84fec None None] Extension availability_zone_filter not supported by any of loaded plugins
Apr 18 18:04:30.834083 np0000167469 devstack@neutron-api.service[104706]: DEBUG neutron_lib.callbacks.manager [None req-ef62b2d5-5181-4b76-9bce-0b49ccd06a63 None None] Subscribe: > router_interface after_create 55550000, False {{(pid=104706) subscribe /opt/stack/data/venv/lib/python3.12/site-packages/neutron_lib/callbacks/manager.py:52}}
Apr 18 18:04:30.834206 np0000167469 devstack@neutron-api.service[104706]: DEBUG neutron_lib.callbacks.manager [None req-ef62b2d5-5181-4b76-9bce-0b49ccd06a63 None None] Subscribe: > floatingip after_create 55550000, False {{(pid=104706) subscribe /opt/stack/data/venv/lib/python3.12/site-packages/neutron_lib/callbacks/manager.py:52}}
Apr 18 18:04:30.834245 np0000167469 devstack@neutron-api.service[104704]: DEBUG neutron.api.extensions [None req-db4e8554-fb82-408b-91cd-a74895b84fec None None] Loading extension file: data_plane_status.py {{(pid=104704) _load_all_extensions_from_path /opt/stack/neutron/neutron/api/extensions.py:449}}
Apr 18 18:04:30.834359 np0000167469 devstack@neutron-api.service[104706]: DEBUG neutron_lib.callbacks.manager [None req-ef62b2d5-5181-4b76-9bce-0b49ccd06a63 None None] Subscribe: > floatingip precommit_create 55550000, False {{(pid=104706) subscribe /opt/stack/data/venv/lib/python3.12/site-packages/neutron_lib/callbacks/manager.py:52}}
Apr 18 18:04:30.834442 np0000167469 devstack@neutron-api.service[104704]: DEBUG neutron.api.extensions [None req-db4e8554-fb82-408b-91cd-a74895b84fec None None] Ext name="Port data plane status extension" alias="data-plane-status" description="Expose status of underlying data plane" updated="2017-01-24T10:00:00-00:00" {{(pid=104704) _check_extension /opt/stack/neutron/neutron/api/extensions.py:415}}
Apr 18 18:04:30.834503 np0000167469 devstack@neutron-api.service[104706]: DEBUG neutron_lib.callbacks.manager [None req-ef62b2d5-5181-4b76-9bce-0b49ccd06a63 None None] Subscribe: > floatingip precommit_update 55550000, False {{(pid=104706) subscribe /opt/stack/data/venv/lib/python3.12/site-packages/neutron_lib/callbacks/manager.py:52}}
Apr 18 18:04:30.834665 np0000167469 devstack@neutron-api.service[104704]: INFO neutron.api.extensions [None req-db4e8554-fb82-408b-91cd-a74895b84fec None None] Extension data-plane-status not supported by any of loaded plugins
Apr 18 18:04:30.834707 np0000167469 devstack@neutron-api.service[104706]: DEBUG neutron_lib.callbacks.manager [None req-ef62b2d5-5181-4b76-9bce-0b49ccd06a63 None None] Subscribe: > floatingip after_delete 55550000, False {{(pid=104706) subscribe /opt/stack/data/venv/lib/python3.12/site-packages/neutron_lib/callbacks/manager.py:52}}
Apr 18 18:04:30.834765 np0000167469 devstack@neutron-api.service[104704]: DEBUG neutron.api.extensions [None req-db4e8554-fb82-408b-91cd-a74895b84fec None None] Loading extension file: default_subnetpools.py {{(pid=104704) _load_all_extensions_from_path /opt/stack/neutron/neutron/api/extensions.py:449}}
Apr 18 18:04:30.834828 np0000167469 devstack@neutron-api.service[104706]: DEBUG neutron_lib.callbacks.manager [None req-ef62b2d5-5181-4b76-9bce-0b49ccd06a63 None None] Subscribe: > floatingip after_status_update 55550000, False {{(pid=104706) subscribe /opt/stack/data/venv/lib/python3.12/site-packages/neutron_lib/callbacks/manager.py:52}}
Apr 18 18:04:30.834982 np0000167469 devstack@neutron-api.service[104706]: DEBUG neutron_lib.callbacks.manager [None req-ef62b2d5-5181-4b76-9bce-0b49ccd06a63 None None] Subscribe: > floatingip after_update 55550000, False {{(pid=104706) subscribe /opt/stack/data/venv/lib/python3.12/site-packages/neutron_lib/callbacks/manager.py:52}}
Apr 18 18:04:30.835041 np0000167469 devstack@neutron-api.service[104704]: DEBUG neutron.api.extensions [None req-db4e8554-fb82-408b-91cd-a74895b84fec None None] Ext name="Default Subnetpools" alias="default-subnetpools" description="Provides ability to mark and use a subnetpool as the default." updated="2016-02-18T18:00:00-00:00" {{(pid=104704) _check_extension /opt/stack/neutron/neutron/api/extensions.py:415}}
Apr 18 18:04:30.835267 np0000167469 devstack@neutron-api.service[104706]: DEBUG neutron_lib.callbacks.manager [None req-ef62b2d5-5181-4b76-9bce-0b49ccd06a63 None None] Subscribe: > port_forwarding after_create 55550000, False {{(pid=104706) subscribe /opt/stack/data/venv/lib/python3.12/site-packages/neutron_lib/callbacks/manager.py:52}}
Apr 18 18:04:30.835303 np0000167469 devstack@neutron-api.service[104704]: INFO neutron.api.extensions [None req-db4e8554-fb82-408b-91cd-a74895b84fec None None] Loaded extension: default-subnetpools
Apr 18 18:04:30.835378 np0000167469 devstack@neutron-api.service[104704]: DEBUG neutron.api.extensions [None req-db4e8554-fb82-408b-91cd-a74895b84fec None None] Loading extension file: dhcpagentscheduler.py {{(pid=104704) _load_all_extensions_from_path /opt/stack/neutron/neutron/api/extensions.py:449}}
Apr 18 18:04:30.835409 np0000167469 devstack@neutron-api.service[104706]: DEBUG neutron_lib.callbacks.manager [None req-ef62b2d5-5181-4b76-9bce-0b49ccd06a63 None None] Subscribe: > router_interface after_delete 55550000, False {{(pid=104706) subscribe /opt/stack/data/venv/lib/python3.12/site-packages/neutron_lib/callbacks/manager.py:52}}
Apr 18 18:04:30.835552 np0000167469 devstack@neutron-api.service[104706]: DEBUG neutron_lib.callbacks.manager [None req-ef62b2d5-5181-4b76-9bce-0b49ccd06a63 None None] Subscribe: > router after_create 55550000, False {{(pid=104706) subscribe /opt/stack/data/venv/lib/python3.12/site-packages/neutron_lib/callbacks/manager.py:52}}
Apr 18 18:04:30.835719 np0000167469 devstack@neutron-api.service[104706]: DEBUG neutron_lib.callbacks.manager [None req-ef62b2d5-5181-4b76-9bce-0b49ccd06a63 None None] Subscribe: > router precommit_create 55550000, False {{(pid=104706) subscribe /opt/stack/data/venv/lib/python3.12/site-packages/neutron_lib/callbacks/manager.py:52}}
Apr 18 18:04:30.835761 np0000167469 devstack@neutron-api.service[104704]: DEBUG neutron.api.extensions [None req-db4e8554-fb82-408b-91cd-a74895b84fec None None] Ext name="DHCP Agent Scheduler" alias="dhcp_agent_scheduler" description="Schedule networks among dhcp agents" updated="2013-02-07T10:00:00-00:00" {{(pid=104704) _check_extension /opt/stack/neutron/neutron/api/extensions.py:415}}
Apr 18 18:04:30.835882 np0000167469 devstack@neutron-api.service[104706]: DEBUG neutron_lib.callbacks.manager [None req-ef62b2d5-5181-4b76-9bce-0b49ccd06a63 None None] Subscribe: > router after_delete 55550000, False {{(pid=104706) subscribe /opt/stack/data/venv/lib/python3.12/site-packages/neutron_lib/callbacks/manager.py:52}}
Apr 18 18:04:30.836030 np0000167469 devstack@neutron-api.service[104706]: DEBUG neutron_lib.callbacks.manager [None req-ef62b2d5-5181-4b76-9bce-0b49ccd06a63 None None] Subscribe: > router after_update 55550000, False {{(pid=104706) subscribe /opt/stack/data/venv/lib/python3.12/site-packages/neutron_lib/callbacks/manager.py:52}}
Apr 18 18:04:30.836096 np0000167469 devstack@neutron-api.service[104704]: INFO neutron.api.extensions [None req-db4e8554-fb82-408b-91cd-a74895b84fec None None] Loaded extension: dhcp_agent_scheduler
Apr 18 18:04:30.836189 np0000167469 devstack@neutron-api.service[104706]: DEBUG neutron.services.service_base [None req-ef62b2d5-5181-4b76-9bce-0b49ccd06a63 None None] Loaded 'neutron.services.ovn_l3.service_providers.ovn.OvnDriver' provider for service L3_ROUTER_NAT {{(pid=104706) load_drivers /opt/stack/neutron/neutron/services/service_base.py:49}}
Apr 18 18:04:30.836224 np0000167469 devstack@neutron-api.service[104704]: DEBUG neutron.api.extensions [None req-db4e8554-fb82-408b-91cd-a74895b84fec None None] Loading extension file: dns.py {{(pid=104704) _load_all_extensions_from_path /opt/stack/neutron/neutron/api/extensions.py:449}}
Apr 18 18:04:30.836356 np0000167469 devstack@neutron-api.service[104706]: DEBUG neutron_lib.callbacks.manager [None req-ef62b2d5-5181-4b76-9bce-0b49ccd06a63 None None] Subscribe: > process after_init 55550001, True {{(pid=104706) subscribe /opt/stack/data/venv/lib/python3.12/site-packages/neutron_lib/callbacks/manager.py:52}}
Apr 18 18:04:30.836429 np0000167469 devstack@neutron-api.service[104704]: DEBUG neutron.api.extensions [None req-db4e8554-fb82-408b-91cd-a74895b84fec None None] Ext name="DNS Integration" alias="dns-integration" description="Provides integration with DNS." updated="2015-08-15T18:00:00-00:00" {{(pid=104704) _check_extension /opt/stack/neutron/neutron/api/extensions.py:415}}
Apr 18 18:04:30.836528 np0000167469 devstack@neutron-api.service[104706]: DEBUG neutron.manager [None req-ef62b2d5-5181-4b76-9bce-0b49ccd06a63 None None] Successfully loaded L3_ROUTER_NAT plugin. Description: L3 Router Service Plugin for basic L3 forwarding using OVN {{(pid=104706) _create_and_add_service_plugin /opt/stack/neutron/neutron/manager.py:239}}
Apr 18 18:04:30.836600 np0000167469 devstack@neutron-api.service[104705]: DEBUG neutron_lib.callbacks.manager [None req-5a9fca0e-348a-4167-807d-89a38319c4e4 None None] Subscribe: > router before_delete 55550000, False {{(pid=104705) subscribe /opt/stack/data/venv/lib/python3.12/site-packages/neutron_lib/callbacks/manager.py:52}}
Apr 18 18:04:30.836644 np0000167469 devstack@neutron-api.service[104704]: INFO neutron.api.extensions [None req-db4e8554-fb82-408b-91cd-a74895b84fec None None] Loaded extension: dns-integration
Apr 18 18:04:30.836670 np0000167469 devstack@neutron-api.service[104706]: INFO neutron.manager [None req-ef62b2d5-5181-4b76-9bce-0b49ccd06a63 None None] Loading Plugin: auto_allocate
Apr 18 18:04:30.836744 np0000167469 devstack@neutron-api.service[104705]: DEBUG neutron_lib.callbacks.manager [None req-5a9fca0e-348a-4167-807d-89a38319c4e4 None None] Subscribe: port after_update 55550000, False {{(pid=104705) subscribe /opt/stack/data/venv/lib/python3.12/site-packages/neutron_lib/callbacks/manager.py:52}}
Apr 18 18:04:30.836781 np0000167469 devstack@neutron-api.service[104704]: DEBUG neutron.api.extensions [None req-db4e8554-fb82-408b-91cd-a74895b84fec None None] Loading extension file: dns_domain_ports.py {{(pid=104704) _load_all_extensions_from_path /opt/stack/neutron/neutron/api/extensions.py:449}}
Apr 18 18:04:30.836851 np0000167469 devstack@neutron-api.service[104705]: DEBUG neutron_lib.callbacks.manager [None req-5a9fca0e-348a-4167-807d-89a38319c4e4 None None] Subscribe: port after_delete 55550000, False {{(pid=104705) subscribe /opt/stack/data/venv/lib/python3.12/site-packages/neutron_lib/callbacks/manager.py:52}}
Apr 18 18:04:30.836953 np0000167469 devstack@neutron-api.service[104705]: DEBUG neutron_lib.callbacks.manager [None req-5a9fca0e-348a-4167-807d-89a38319c4e4 None None] Subscribe: subnet after_update 55550000, False {{(pid=104705) subscribe /opt/stack/data/venv/lib/python3.12/site-packages/neutron_lib/callbacks/manager.py:52}}
Apr 18 18:04:30.836984 np0000167469 devstack@neutron-api.service[104704]: DEBUG neutron.api.extensions [None req-db4e8554-fb82-408b-91cd-a74895b84fec None None] Ext name="dns_domain for ports" alias="dns-domain-ports" description="Allows the DNS domain to be specified for a network port." updated="2017-04-24T10:00:00-00:00" {{(pid=104704) _check_extension /opt/stack/neutron/neutron/api/extensions.py:415}}
Apr 18 18:04:30.837056 np0000167469 devstack@neutron-api.service[104705]: DEBUG neutron_lib.callbacks.manager [None req-5a9fca0e-348a-4167-807d-89a38319c4e4 None None] Subscribe: subnetpool_address_scope after_update 55550000, False {{(pid=104705) subscribe /opt/stack/data/venv/lib/python3.12/site-packages/neutron_lib/callbacks/manager.py:52}}
Apr 18 18:04:30.837156 np0000167469 devstack@neutron-api.service[104704]: INFO neutron.api.extensions [None req-db4e8554-fb82-408b-91cd-a74895b84fec None None] Loaded extension: dns-domain-ports
Apr 18 18:04:30.837186 np0000167469 devstack@neutron-api.service[104705]: DEBUG neutron_lib.callbacks.manager [None req-5a9fca0e-348a-4167-807d-89a38319c4e4 None None] Subscribe: port before_update 55550000, False {{(pid=104705) subscribe /opt/stack/data/venv/lib/python3.12/site-packages/neutron_lib/callbacks/manager.py:52}}
Apr 18 18:04:30.837249 np0000167469 devstack@neutron-api.service[104704]: DEBUG neutron.api.extensions [None req-db4e8554-fb82-408b-91cd-a74895b84fec None None] Loading extension file: dns_integration_domain_keywords.py {{(pid=104704) _load_all_extensions_from_path /opt/stack/neutron/neutron/api/extensions.py:449}}
Apr 18 18:04:30.837287 np0000167469 devstack@neutron-api.service[104705]: DEBUG neutron_lib.callbacks.manager [None req-5a9fca0e-348a-4167-807d-89a38319c4e4 None None] Subscribe: port after_update 55550000, False {{(pid=104705) subscribe /opt/stack/data/venv/lib/python3.12/site-packages/neutron_lib/callbacks/manager.py:52}}
Apr 18 18:04:30.837352 np0000167469 devstack@neutron-api.service[104705]: DEBUG neutron_lib.callbacks.manager [None req-5a9fca0e-348a-4167-807d-89a38319c4e4 None None] Subscribe: > port precommit_delete 55550000, False {{(pid=104705) subscribe /opt/stack/data/venv/lib/python3.12/site-packages/neutron_lib/callbacks/manager.py:52}}
Apr 18 18:04:30.837458 np0000167469 devstack@neutron-api.service[104705]: DEBUG neutron_lib.callbacks.manager [None req-5a9fca0e-348a-4167-807d-89a38319c4e4 None None] Subscribe: port before_update 55550000, False {{(pid=104705) subscribe /opt/stack/data/venv/lib/python3.12/site-packages/neutron_lib/callbacks/manager.py:52}}
Apr 18 18:04:30.837490 np0000167469 devstack@neutron-api.service[104704]: DEBUG neutron.api.extensions [None req-db4e8554-fb82-408b-91cd-a74895b84fec None None] Ext name="DNS domain names with keywords allowed" alias="dns-integration-domain-keywords" description="Allows to use keywords like , , and as DNS domain name" updated="2020-06-15T18:00:00-00:00" {{(pid=104704) _check_extension /opt/stack/neutron/neutron/api/extensions.py:415}}
Apr 18 18:04:30.837558 np0000167469 devstack@neutron-api.service[104705]: DEBUG neutron_lib.callbacks.manager [None req-5a9fca0e-348a-4167-807d-89a38319c4e4 None None] Subscribe: port before_delete 55550000, False {{(pid=104705) subscribe /opt/stack/data/venv/lib/python3.12/site-packages/neutron_lib/callbacks/manager.py:52}}
Apr 18 18:04:30.837664 np0000167469 devstack@neutron-api.service[104704]: INFO neutron.api.extensions [None req-db4e8554-fb82-408b-91cd-a74895b84fec None None] Loaded extension: dns-integration-domain-keywords
Apr 18 18:04:30.837696 np0000167469 devstack@neutron-api.service[104705]: DEBUG neutron_lib.callbacks.manager [None req-5a9fca0e-348a-4167-807d-89a38319c4e4 None None] Subscribe: > router precommit_create 55550000, False {{(pid=104705) subscribe /opt/stack/data/venv/lib/python3.12/site-packages/neutron_lib/callbacks/manager.py:52}}
Apr 18 18:04:30.837762 np0000167469 devstack@neutron-api.service[104704]: DEBUG neutron.api.extensions [None req-db4e8554-fb82-408b-91cd-a74895b84fec None None] Loading extension file: dvr.py {{(pid=104704) _load_all_extensions_from_path /opt/stack/neutron/neutron/api/extensions.py:449}}
Apr 18 18:04:30.837794 np0000167469 devstack@neutron-api.service[104705]: DEBUG neutron_lib.callbacks.manager [None req-5a9fca0e-348a-4167-807d-89a38319c4e4 None None] Subscribe: > router precommit_create 55550000, False {{(pid=104705) subscribe /opt/stack/data/venv/lib/python3.12/site-packages/neutron_lib/callbacks/manager.py:52}}
Apr 18 18:04:30.837878 np0000167469 devstack@neutron-api.service[104705]: DEBUG neutron_lib.callbacks.manager [None req-5a9fca0e-348a-4167-807d-89a38319c4e4 None None] Subscribe: > router precommit_update 55550000, False {{(pid=104705) subscribe /opt/stack/data/venv/lib/python3.12/site-packages/neutron_lib/callbacks/manager.py:52}}
Apr 18 18:04:30.837911 np0000167469 devstack@neutron-api.service[104706]: DEBUG neutron_lib.callbacks.manager [None req-ef62b2d5-5181-4b76-9bce-0b49ccd06a63 None None] Subscribe: network precommit_update 55550000, False {{(pid=104706) subscribe /opt/stack/data/venv/lib/python3.12/site-packages/neutron_lib/callbacks/manager.py:52}}
Apr 18 18:04:30.837988 np0000167469 devstack@neutron-api.service[104705]: DEBUG neutron_lib.callbacks.manager [None req-5a9fca0e-348a-4167-807d-89a38319c4e4 None None] Subscribe: subnet after_update 55550000, False {{(pid=104705) subscribe /opt/stack/data/venv/lib/python3.12/site-packages/neutron_lib/callbacks/manager.py:52}}
Apr 18 18:04:30.838019 np0000167469 devstack@neutron-api.service[104704]: DEBUG neutron.api.extensions [None req-db4e8554-fb82-408b-91cd-a74895b84fec None None] Ext name="Distributed Virtual Router" alias="dvr" description="Enables configuration of Distributed Virtual Routers." updated="2014-06-1T10:00:00-00:00" {{(pid=104704) _check_extension /opt/stack/neutron/neutron/api/extensions.py:415}}
Apr 18 18:04:30.838044 np0000167469 devstack@neutron-api.service[104706]: DEBUG neutron_lib.callbacks.manager [None req-ef62b2d5-5181-4b76-9bce-0b49ccd06a63 None None] Subscribe: network precommit_create 55550000, False {{(pid=104706) subscribe /opt/stack/data/venv/lib/python3.12/site-packages/neutron_lib/callbacks/manager.py:52}}
Apr 18 18:04:30.838187 np0000167469 devstack@neutron-api.service[104704]: INFO neutron.api.extensions [None req-db4e8554-fb82-408b-91cd-a74895b84fec None None] Extension dvr not supported by any of loaded plugins
Apr 18 18:04:30.838280 np0000167469 devstack@neutron-api.service[104704]: DEBUG neutron.api.extensions [None req-db4e8554-fb82-408b-91cd-a74895b84fec None None] Loading extension file: ecmp_routes.py {{(pid=104704) _load_all_extensions_from_path /opt/stack/neutron/neutron/api/extensions.py:449}}
Apr 18 18:04:30.838336 np0000167469 devstack@neutron-api.service[104706]: DEBUG neutron.manager [None req-ef62b2d5-5181-4b76-9bce-0b49ccd06a63 None None] Successfully loaded auto-allocated-topology plugin. Description: Auto Allocated Topology - aka get me a network. {{(pid=104706) _create_and_add_service_plugin /opt/stack/neutron/neutron/manager.py:239}}
Apr 18 18:04:30.838449 np0000167469 devstack@neutron-api.service[104706]: INFO neutron.manager [None req-ef62b2d5-5181-4b76-9bce-0b49ccd06a63 None None] Loading Plugin: tag
Apr 18 18:04:30.838506 np0000167469 devstack@neutron-api.service[104704]: DEBUG neutron.api.extensions [None req-db4e8554-fb82-408b-91cd-a74895b84fec None None] Ext name="Equal Cost Multipath Routing" alias="ecmp_routes" description="Allows traffic to reach thesame destination via multiple different links " updated="2020-11-26T18:00:00-00:00" {{(pid=104704) _check_extension /opt/stack/neutron/neutron/api/extensions.py:415}}
Apr 18 18:04:30.838691 np0000167469 devstack@neutron-api.service[104705]: DEBUG neutron.quota.resource_registry [None req-5a9fca0e-348a-4167-807d-89a38319c4e4 None None] Tracking information for resource: router configured {{(pid=104705) set_tracked_resource /opt/stack/neutron/neutron/quota/resource_registry.py:203}}
Apr 18 18:04:30.838725 np0000167469 devstack@neutron-api.service[104704]: INFO neutron.api.extensions [None req-db4e8554-fb82-408b-91cd-a74895b84fec None None] Extension ecmp_routes not supported by any of loaded plugins
Apr 18 18:04:30.838782 np0000167469 devstack@neutron-api.service[104704]: DEBUG neutron.api.extensions [None req-db4e8554-fb82-408b-91cd-a74895b84fec None None] Loading extension file: empty_string_filtering.py {{(pid=104704) _load_all_extensions_from_path /opt/stack/neutron/neutron/api/extensions.py:449}}
Apr 18 18:04:30.838821 np0000167469 devstack@neutron-api.service[104705]: DEBUG neutron.quota.resource_registry [None req-5a9fca0e-348a-4167-807d-89a38319c4e4 None None] Tracking information for resource: floatingip configured {{(pid=104705) set_tracked_resource /opt/stack/neutron/neutron/quota/resource_registry.py:203}}
Apr 18 18:04:30.838878 np0000167469 devstack@neutron-api.service[104705]: INFO neutron.services.ovn_l3.plugin [None req-5a9fca0e-348a-4167-807d-89a38319c4e4 None None] Starting OVNL3RouterPlugin
Apr 18 18:04:30.839012 np0000167469 devstack@neutron-api.service[104704]: DEBUG neutron.api.extensions [None req-db4e8554-fb82-408b-91cd-a74895b84fec None None] Ext name="Empty String Filtering Extension" alias="empty-string-filtering" description="Allow filtering by attributes with empty string value" updated="2018-05-01T10:00:00-00:00" {{(pid=104704) _check_extension /opt/stack/neutron/neutron/api/extensions.py:415}}
Apr 18 18:04:30.839094 np0000167469 devstack@neutron-api.service[104705]: DEBUG neutron_lib.callbacks.manager [None req-5a9fca0e-348a-4167-807d-89a38319c4e4 None None] Subscribe: > port_forwarding_plugin after_init 55550000, False {{(pid=104705) subscribe /opt/stack/data/venv/lib/python3.12/site-packages/neutron_lib/callbacks/manager.py:52}}
Apr 18 18:04:30.839298 np0000167469 devstack@neutron-api.service[104705]: DEBUG neutron_lib.callbacks.manager [None req-5a9fca0e-348a-4167-807d-89a38319c4e4 None None] Subscribe: > router before_create 55550100, False {{(pid=104705) subscribe /opt/stack/data/venv/lib/python3.12/site-packages/neutron_lib/callbacks/manager.py:52}}
Apr 18 18:04:30.839329 np0000167469 devstack@neutron-api.service[104704]: INFO neutron.api.extensions [None req-db4e8554-fb82-408b-91cd-a74895b84fec None None] Loaded extension: empty-string-filtering
Apr 18 18:04:30.839401 np0000167469 devstack@neutron-api.service[104704]: DEBUG neutron.api.extensions [None req-db4e8554-fb82-408b-91cd-a74895b84fec None None] Loading extension file: expose_l3_conntrack_helper.py {{(pid=104704) _load_all_extensions_from_path /opt/stack/neutron/neutron/api/extensions.py:449}}
Apr 18 18:04:30.839437 np0000167469 devstack@neutron-api.service[104705]: DEBUG neutron_lib.callbacks.manager [None req-5a9fca0e-348a-4167-807d-89a38319c4e4 None None] Subscribe: > router precommit_delete 55550100, False {{(pid=104705) subscribe /opt/stack/data/venv/lib/python3.12/site-packages/neutron_lib/callbacks/manager.py:52}}
Apr 18 18:04:30.839509 np0000167469 devstack@neutron-api.service[104705]: DEBUG neutron_lib.callbacks.manager [None req-5a9fca0e-348a-4167-807d-89a38319c4e4 None None] Subscribe: > router precommit_create 55550100, False {{(pid=104705) subscribe /opt/stack/data/venv/lib/python3.12/site-packages/neutron_lib/callbacks/manager.py:52}}
Apr 18 18:04:30.839629 np0000167469 devstack@neutron-api.service[104705]: DEBUG neutron_lib.callbacks.manager [None req-5a9fca0e-348a-4167-807d-89a38319c4e4 None None] Subscribe: > router precommit_update 55550100, False {{(pid=104705) subscribe /opt/stack/data/venv/lib/python3.12/site-packages/neutron_lib/callbacks/manager.py:52}}
Apr 18 18:04:30.839663 np0000167469 devstack@neutron-api.service[104704]: DEBUG neutron.api.extensions [None req-db4e8554-fb82-408b-91cd-a74895b84fec None None] Ext name="Expose CT target rules for conntrack helper" alias="expose-l3-conntrack-helper" description="Expose allow adding CT target rules for conntrack helper" updated="2019-04-04T10:00:00-00:00" {{(pid=104704) _check_extension /opt/stack/neutron/neutron/api/extensions.py:415}}
Apr 18 18:04:30.839841 np0000167469 devstack@neutron-api.service[104704]: INFO neutron.api.extensions [None req-db4e8554-fb82-408b-91cd-a74895b84fec None None] Extension expose-l3-conntrack-helper not supported by any of loaded plugins
Apr 18 18:04:30.839951 np0000167469 devstack@neutron-api.service[104704]: DEBUG neutron.api.extensions [None req-db4e8554-fb82-408b-91cd-a74895b84fec None None] Loading extension file: expose_port_forwarding_in_fip.py {{(pid=104704) _load_all_extensions_from_path /opt/stack/neutron/neutron/api/extensions.py:449}}
Apr 18 18:04:30.840189 np0000167469 devstack@neutron-api.service[104704]: DEBUG neutron.api.extensions [None req-db4e8554-fb82-408b-91cd-a74895b84fec None None] Ext name="Expose Floating IP port forwardings" alias="expose-port-forwarding-in-fip" description="Expose port forwarding fields in floating IP response" updated="2018-06-28T16:00:00-00:00" {{(pid=104704) _check_extension /opt/stack/neutron/neutron/api/extensions.py:415}}
Apr 18 18:04:30.840677 np0000167469 devstack@neutron-api.service[104704]: INFO neutron.api.extensions [None req-db4e8554-fb82-408b-91cd-a74895b84fec None None] Extension expose-port-forwarding-in-fip not supported by any of loaded plugins
Apr 18 18:04:30.840812 np0000167469 devstack@neutron-api.service[104704]: DEBUG neutron.api.extensions [None req-db4e8554-fb82-408b-91cd-a74895b84fec None None] Loading extension file: external_net.py {{(pid=104704) _load_all_extensions_from_path /opt/stack/neutron/neutron/api/extensions.py:449}}
Apr 18 18:04:30.841088 np0000167469 devstack@neutron-api.service[104704]: DEBUG neutron.api.extensions [None req-db4e8554-fb82-408b-91cd-a74895b84fec None None] Ext name="Neutron external network" alias="external-net" description="Adds external network attribute to network resource." updated="2013-01-14T10:00:00-00:00" {{(pid=104704) _check_extension /opt/stack/neutron/neutron/api/extensions.py:415}}
Apr 18 18:04:30.841265 np0000167469 devstack@neutron-api.service[104704]: INFO neutron.api.extensions [None req-db4e8554-fb82-408b-91cd-a74895b84fec None None] Loaded extension: external-net
Apr 18 18:04:30.841358 np0000167469 devstack@neutron-api.service[104704]: DEBUG neutron.api.extensions [None req-db4e8554-fb82-408b-91cd-a74895b84fec None None] Loading extension file: extra_dhcp_opt.py {{(pid=104704) _load_all_extensions_from_path /opt/stack/neutron/neutron/api/extensions.py:449}}
Apr 18 18:04:30.841609 np0000167469 devstack@neutron-api.service[104704]: DEBUG neutron.api.extensions [None req-db4e8554-fb82-408b-91cd-a74895b84fec None None] Ext name="Neutron Extra DHCP options" alias="extra_dhcp_opt" description="Extra options configuration for DHCP. For example PXE boot options to DHCP clients can be specified (e.g. tftp-server, server-ip-address, bootfile-name)" updated="2013-03-17T12:00:00-00:00" {{(pid=104704) _check_extension /opt/stack/neutron/neutron/api/extensions.py:415}}
Apr 18 18:04:30.841855 np0000167469 devstack@neutron-api.service[104704]: INFO neutron.api.extensions [None req-db4e8554-fb82-408b-91cd-a74895b84fec None None] Loaded extension: extra_dhcp_opt
Apr 18 18:04:30.841958 np0000167469 devstack@neutron-api.service[104704]: DEBUG neutron.api.extensions [None req-db4e8554-fb82-408b-91cd-a74895b84fec None None] Loading extension file: extraroute.py {{(pid=104704) _load_all_extensions_from_path /opt/stack/neutron/neutron/api/extensions.py:449}}
Apr 18 18:04:30.842195 np0000167469 devstack@neutron-api.service[104704]: DEBUG neutron.api.extensions [None req-db4e8554-fb82-408b-91cd-a74895b84fec None None] Ext name="Neutron Extra Route" alias="extraroute" description="Extra routes configuration for L3 router" updated="2013-02-01T10:00:00-00:00" {{(pid=104704) _check_extension /opt/stack/neutron/neutron/api/extensions.py:415}}
Apr 18 18:04:30.842242 np0000167469 devstack@neutron-api.service[104706]: DEBUG neutron.manager [None req-ef62b2d5-5181-4b76-9bce-0b49ccd06a63 None None] Successfully loaded TAG plugin. Description: Tag support {{(pid=104706) _create_and_add_service_plugin /opt/stack/neutron/neutron/manager.py:239}}
Apr 18 18:04:30.842330 np0000167469 devstack@neutron-api.service[104706]: INFO neutron.manager [None req-ef62b2d5-5181-4b76-9bce-0b49ccd06a63 None None] Loading Plugin: timestamp
Apr 18 18:04:30.842361 np0000167469 devstack@neutron-api.service[104704]: INFO neutron.api.extensions [None req-db4e8554-fb82-408b-91cd-a74895b84fec None None] Loaded extension: extraroute
Apr 18 18:04:30.842449 np0000167469 devstack@neutron-api.service[104704]: DEBUG neutron.api.extensions [None req-db4e8554-fb82-408b-91cd-a74895b84fec None None] Loading extension file: extraroute_atomic.py {{(pid=104704) _load_all_extensions_from_path /opt/stack/neutron/neutron/api/extensions.py:449}}
Apr 18 18:04:30.842717 np0000167469 devstack@neutron-api.service[104704]: DEBUG neutron.api.extensions [None req-db4e8554-fb82-408b-91cd-a74895b84fec None None] Ext name="Atomically add/remove extra routes" alias="extraroute-atomic" description="Edit extra routes of a router on server side by atomically adding/removing extra routes" updated="2019-07-10T00:00:00+00:00" {{(pid=104704) _check_extension /opt/stack/neutron/neutron/api/extensions.py:415}}
Apr 18 18:04:30.842888 np0000167469 devstack@neutron-api.service[104704]: INFO neutron.api.extensions [None req-db4e8554-fb82-408b-91cd-a74895b84fec None None] Loaded extension: extraroute-atomic
Apr 18 18:04:30.842945 np0000167469 devstack@neutron-api.service[104705]: DEBUG neutron.services.provider_configuration [None req-5a9fca0e-348a-4167-807d-89a38319c4e4 None None] Service providers = [] {{(pid=104705) parse_service_provider_opt /opt/stack/neutron/neutron/services/provider_configuration.py:170}}
Apr 18 18:04:30.842993 np0000167469 devstack@neutron-api.service[104704]: DEBUG neutron.api.extensions [None req-db4e8554-fb82-408b-91cd-a74895b84fec None None] Loading extension file: filter_validation.py {{(pid=104704) _load_all_extensions_from_path /opt/stack/neutron/neutron/api/extensions.py:449}}
Apr 18 18:04:30.843046 np0000167469 devstack@neutron-api.service[104705]: DEBUG neutron.db.servicetype_db [None req-5a9fca0e-348a-4167-807d-89a38319c4e4 None None] Adding provider configuration for service L3_ROUTER_NAT {{(pid=104705) add_provider_configuration /opt/stack/neutron/neutron/db/servicetype_db.py:42}}
Apr 18 18:04:30.843317 np0000167469 devstack@neutron-api.service[104704]: DEBUG neutron.api.extensions [None req-db4e8554-fb82-408b-91cd-a74895b84fec None None] Ext name="Filter parameters validation" alias="filter-validation" description="Provides validation on filter parameters." updated="2018-07-04T10:00:00-00:00" {{(pid=104704) _check_extension /opt/stack/neutron/neutron/api/extensions.py:415}}
Apr 18 18:04:30.843488 np0000167469 devstack@neutron-api.service[104704]: INFO neutron.api.extensions [None req-db4e8554-fb82-408b-91cd-a74895b84fec None None] Loaded extension: filter-validation
Apr 18 18:04:30.843597 np0000167469 devstack@neutron-api.service[104704]: DEBUG neutron.api.extensions [None req-db4e8554-fb82-408b-91cd-a74895b84fec None None] Loading extension file: fip_pf_description.py {{(pid=104704) _load_all_extensions_from_path /opt/stack/neutron/neutron/api/extensions.py:449}}
Apr 18 18:04:30.843848 np0000167469 devstack@neutron-api.service[104704]: DEBUG neutron.api.extensions [None req-db4e8554-fb82-408b-91cd-a74895b84fec None None] Ext name="Floating IP Port Forwarding new attribute description" alias="floating-ip-port-forwarding-description" description="Add a description field to Port Forwarding rules" updated="2019-11-01T10:00:00-00:00" {{(pid=104704) _check_extension /opt/stack/neutron/neutron/api/extensions.py:415}}
Apr 18 18:04:30.843990 np0000167469 devstack@neutron-api.service[104706]: DEBUG neutron.manager [None req-ef62b2d5-5181-4b76-9bce-0b49ccd06a63 None None] Successfully loaded timestamp plugin. Description: Adds timestamps to Neutron resources with standard attributes {{(pid=104706) _create_and_add_service_plugin /opt/stack/neutron/neutron/manager.py:239}}
Apr 18 18:04:30.844057 np0000167469 devstack@neutron-api.service[104704]: INFO neutron.api.extensions [None req-db4e8554-fb82-408b-91cd-a74895b84fec None None] Extension floating-ip-port-forwarding-description not supported by any of loaded plugins
Apr 18 18:04:30.844126 np0000167469 devstack@neutron-api.service[104706]: INFO neutron.manager [None req-ef62b2d5-5181-4b76-9bce-0b49ccd06a63 None None] Loading Plugin: network_ip_availability
Apr 18 18:04:30.844172 np0000167469 devstack@neutron-api.service[104704]: DEBUG neutron.api.extensions [None req-db4e8554-fb82-408b-91cd-a74895b84fec None None] Loading extension file: fip_pf_detail.py {{(pid=104704) _load_all_extensions_from_path /opt/stack/neutron/neutron/api/extensions.py:449}}
Apr 18 18:04:30.844290 np0000167469 devstack@neutron-api.service[104705]: DEBUG neutron_lib.callbacks.manager [None req-5a9fca0e-348a-4167-807d-89a38319c4e4 None None] Subscribe: > router precommit_create 55549900, False {{(pid=104705) subscribe /opt/stack/data/venv/lib/python3.12/site-packages/neutron_lib/callbacks/manager.py:52}}
Apr 18 18:04:30.844405 np0000167469 devstack@neutron-api.service[104705]: DEBUG neutron_lib.callbacks.manager [None req-5a9fca0e-348a-4167-807d-89a38319c4e4 None None] Subscribe: > router_interface after_create 55550000, False {{(pid=104705) subscribe /opt/stack/data/venv/lib/python3.12/site-packages/neutron_lib/callbacks/manager.py:52}}
Apr 18 18:04:30.844443 np0000167469 devstack@neutron-api.service[104704]: DEBUG neutron.api.extensions [None req-db4e8554-fb82-408b-91cd-a74895b84fec None None] Ext name="Floating IP port forwarding detail" alias="floating-ip-port-forwarding-detail" description="Allow list floating ip return more port forwarding data, include'id' and 'internal_port_id'" updated="2022-05-06T10:00:00-00:00" {{(pid=104704) _check_extension /opt/stack/neutron/neutron/api/extensions.py:415}}
Apr 18 18:04:30.844511 np0000167469 devstack@neutron-api.service[104705]: DEBUG neutron_lib.callbacks.manager [None req-5a9fca0e-348a-4167-807d-89a38319c4e4 None None] Subscribe: > floatingip after_create 55550000, False {{(pid=104705) subscribe /opt/stack/data/venv/lib/python3.12/site-packages/neutron_lib/callbacks/manager.py:52}}
Apr 18 18:04:30.844633 np0000167469 devstack@neutron-api.service[104705]: DEBUG neutron_lib.callbacks.manager [None req-5a9fca0e-348a-4167-807d-89a38319c4e4 None None] Subscribe: > floatingip precommit_create 55550000, False {{(pid=104705) subscribe /opt/stack/data/venv/lib/python3.12/site-packages/neutron_lib/callbacks/manager.py:52}}
Apr 18 18:04:30.844673 np0000167469 devstack@neutron-api.service[104704]: INFO neutron.api.extensions [None req-db4e8554-fb82-408b-91cd-a74895b84fec None None] Loaded extension: floating-ip-port-forwarding-detail
Apr 18 18:04:30.844732 np0000167469 devstack@neutron-api.service[104704]: DEBUG neutron.api.extensions [None req-db4e8554-fb82-408b-91cd-a74895b84fec None None] Loading extension file: fip_pf_port_range.py {{(pid=104704) _load_all_extensions_from_path /opt/stack/neutron/neutron/api/extensions.py:449}}
Apr 18 18:04:30.844783 np0000167469 devstack@neutron-api.service[104705]: DEBUG neutron_lib.callbacks.manager [None req-5a9fca0e-348a-4167-807d-89a38319c4e4 None None] Subscribe: > floatingip precommit_update 55550000, False {{(pid=104705) subscribe /opt/stack/data/venv/lib/python3.12/site-packages/neutron_lib/callbacks/manager.py:52}}
Apr 18 18:04:30.844839 np0000167469 devstack@neutron-api.service[104705]: DEBUG neutron_lib.callbacks.manager [None req-5a9fca0e-348a-4167-807d-89a38319c4e4 None None] Subscribe: > floatingip after_delete 55550000, False {{(pid=104705) subscribe /opt/stack/data/venv/lib/python3.12/site-packages/neutron_lib/callbacks/manager.py:52}}
Apr 18 18:04:30.844938 np0000167469 devstack@neutron-api.service[104705]: DEBUG neutron_lib.callbacks.manager [None req-5a9fca0e-348a-4167-807d-89a38319c4e4 None None] Subscribe: > floatingip after_status_update 55550000, False {{(pid=104705) subscribe /opt/stack/data/venv/lib/python3.12/site-packages/neutron_lib/callbacks/manager.py:52}}
Apr 18 18:04:30.844967 np0000167469 devstack@neutron-api.service[104704]: DEBUG neutron.api.extensions [None req-db4e8554-fb82-408b-91cd-a74895b84fec None None] Ext name="Floating IP Port Forwarding support port ranges" alias="floating-ip-port-forwarding-port-ranges" description="Add support to port ranges" updated="2020-07-01T10:00:00-00:00" {{(pid=104704) _check_extension /opt/stack/neutron/neutron/api/extensions.py:415}}
Apr 18 18:04:30.845040 np0000167469 devstack@neutron-api.service[104705]: DEBUG neutron_lib.callbacks.manager [None req-5a9fca0e-348a-4167-807d-89a38319c4e4 None None] Subscribe: > floatingip after_update 55550000, False {{(pid=104705) subscribe /opt/stack/data/venv/lib/python3.12/site-packages/neutron_lib/callbacks/manager.py:52}}
Apr 18 18:04:30.845141 np0000167469 devstack@neutron-api.service[104705]: DEBUG neutron_lib.callbacks.manager [None req-5a9fca0e-348a-4167-807d-89a38319c4e4 None None] Subscribe: > port_forwarding after_create 55550000, False {{(pid=104705) subscribe /opt/stack/data/venv/lib/python3.12/site-packages/neutron_lib/callbacks/manager.py:52}}
Apr 18 18:04:30.845173 np0000167469 devstack@neutron-api.service[104704]: INFO neutron.api.extensions [None req-db4e8554-fb82-408b-91cd-a74895b84fec None None] Extension floating-ip-port-forwarding-port-ranges not supported by any of loaded plugins
Apr 18 18:04:30.845244 np0000167469 devstack@neutron-api.service[104704]: DEBUG neutron.api.extensions [None req-db4e8554-fb82-408b-91cd-a74895b84fec None None] Loading extension file: fip_port_details.py {{(pid=104704) _load_all_extensions_from_path /opt/stack/neutron/neutron/api/extensions.py:449}}
Apr 18 18:04:30.845285 np0000167469 devstack@neutron-api.service[104705]: DEBUG neutron_lib.callbacks.manager [None req-5a9fca0e-348a-4167-807d-89a38319c4e4 None None] Subscribe: > router_interface after_delete 55550000, False {{(pid=104705) subscribe /opt/stack/data/venv/lib/python3.12/site-packages/neutron_lib/callbacks/manager.py:52}}
Apr 18 18:04:30.845343 np0000167469 devstack@neutron-api.service[104705]: DEBUG neutron_lib.callbacks.manager [None req-5a9fca0e-348a-4167-807d-89a38319c4e4 None None] Subscribe: > router after_create 55550000, False {{(pid=104705) subscribe /opt/stack/data/venv/lib/python3.12/site-packages/neutron_lib/callbacks/manager.py:52}}
Apr 18 18:04:30.845444 np0000167469 devstack@neutron-api.service[104705]: DEBUG neutron_lib.callbacks.manager [None req-5a9fca0e-348a-4167-807d-89a38319c4e4 None None] Subscribe: > router precommit_create 55550000, False {{(pid=104705) subscribe /opt/stack/data/venv/lib/python3.12/site-packages/neutron_lib/callbacks/manager.py:52}}
Apr 18 18:04:30.845476 np0000167469 devstack@neutron-api.service[104704]: DEBUG neutron.api.extensions [None req-db4e8554-fb82-408b-91cd-a74895b84fec None None] Ext name="Floating IP Port Details Extension" alias="fip-port-details" description="Add port_details attribute to Floating IP resource" updated="2018-04-09T10:00:00-00:00" {{(pid=104704) _check_extension /opt/stack/neutron/neutron/api/extensions.py:415}}
Apr 18 18:04:30.845544 np0000167469 devstack@neutron-api.service[104705]: DEBUG neutron_lib.callbacks.manager [None req-5a9fca0e-348a-4167-807d-89a38319c4e4 None None] Subscribe: > router after_delete 55550000, False {{(pid=104705) subscribe /opt/stack/data/venv/lib/python3.12/site-packages/neutron_lib/callbacks/manager.py:52}}
Apr 18 18:04:30.845663 np0000167469 devstack@neutron-api.service[104705]: DEBUG neutron_lib.callbacks.manager [None req-5a9fca0e-348a-4167-807d-89a38319c4e4 None None] Subscribe: > router after_update 55550000, False {{(pid=104705) subscribe /opt/stack/data/venv/lib/python3.12/site-packages/neutron_lib/callbacks/manager.py:52}}
Apr 18 18:04:30.845776 np0000167469 devstack@neutron-api.service[104705]: DEBUG neutron.services.service_base [None req-5a9fca0e-348a-4167-807d-89a38319c4e4 None None] Loaded 'neutron.services.ovn_l3.service_providers.ovn.OvnDriver' provider for service L3_ROUTER_NAT {{(pid=104705) load_drivers /opt/stack/neutron/neutron/services/service_base.py:49}}
Apr 18 18:04:30.845894 np0000167469 devstack@neutron-api.service[104705]: DEBUG neutron_lib.callbacks.manager [None req-5a9fca0e-348a-4167-807d-89a38319c4e4 None None] Subscribe: > process after_init 55550001, True {{(pid=104705) subscribe /opt/stack/data/venv/lib/python3.12/site-packages/neutron_lib/callbacks/manager.py:52}}
Apr 18 18:04:30.845926 np0000167469 devstack@neutron-api.service[104704]: INFO neutron.api.extensions [None req-db4e8554-fb82-408b-91cd-a74895b84fec None None] Loaded extension: fip-port-details
Apr 18 18:04:30.846011 np0000167469 devstack@neutron-api.service[104704]: DEBUG neutron.api.extensions [None req-db4e8554-fb82-408b-91cd-a74895b84fec None None] Loading extension file: flavors.py {{(pid=104704) _load_all_extensions_from_path /opt/stack/neutron/neutron/api/extensions.py:449}}
Apr 18 18:04:30.846043 np0000167469 devstack@neutron-api.service[104705]: DEBUG neutron.manager [None req-5a9fca0e-348a-4167-807d-89a38319c4e4 None None] Successfully loaded L3_ROUTER_NAT plugin. Description: L3 Router Service Plugin for basic L3 forwarding using OVN {{(pid=104705) _create_and_add_service_plugin /opt/stack/neutron/neutron/manager.py:239}}
Apr 18 18:04:30.846073 np0000167469 devstack@neutron-api.service[104706]: DEBUG neutron.manager [None req-ef62b2d5-5181-4b76-9bce-0b49ccd06a63 None None] Successfully loaded network-ip-availability plugin. Description: Provides IP availability data for each network and subnet. {{(pid=104706) _create_and_add_service_plugin /opt/stack/neutron/neutron/manager.py:239}}
Apr 18 18:04:30.846100 np0000167469 devstack@neutron-api.service[104705]: INFO neutron.manager [None req-5a9fca0e-348a-4167-807d-89a38319c4e4 None None] Loading Plugin: auto_allocate
Apr 18 18:04:30.846218 np0000167469 devstack@neutron-api.service[104706]: INFO neutron.manager [None req-ef62b2d5-5181-4b76-9bce-0b49ccd06a63 None None] Loading Plugin: flavors
Apr 18 18:04:30.846291 np0000167469 devstack@neutron-api.service[104704]: DEBUG neutron.api.extensions [None req-db4e8554-fb82-408b-91cd-a74895b84fec None None] Ext name="Neutron Service Flavors" alias="flavors" description="Flavor specification for Neutron advanced services." updated="2015-09-17T10:00:00-00:00" {{(pid=104704) _check_extension /opt/stack/neutron/neutron/api/extensions.py:415}}
Apr 18 18:04:30.846480 np0000167469 devstack@neutron-api.service[104704]: INFO neutron.api.extensions [None req-db4e8554-fb82-408b-91cd-a74895b84fec None None] Loaded extension: flavors
Apr 18 18:04:30.846568 np0000167469 devstack@neutron-api.service[104704]: DEBUG neutron.api.extensions [None req-db4e8554-fb82-408b-91cd-a74895b84fec None None] Loading extension file: floating_ip_port_forwarding.py {{(pid=104704) _load_all_extensions_from_path /opt/stack/neutron/neutron/api/extensions.py:449}}
Apr 18 18:04:30.846930 np0000167469 devstack@neutron-api.service[104704]: DEBUG neutron.api.extensions [None req-db4e8554-fb82-408b-91cd-a74895b84fec None None] Ext name="Floating IP Port Forwarding" alias="floating-ip-port-forwarding" description="Allow port forwarding from floating IP port to an internal port" updated="2018-01-19T10:00:00-00:00" {{(pid=104704) _check_extension /opt/stack/neutron/neutron/api/extensions.py:415}}
Apr 18 18:04:30.846964 np0000167469 devstack@neutron-api.service[104705]: DEBUG neutron_lib.callbacks.manager [None req-5a9fca0e-348a-4167-807d-89a38319c4e4 None None] Subscribe: network precommit_update 55550000, False {{(pid=104705) subscribe /opt/stack/data/venv/lib/python3.12/site-packages/neutron_lib/callbacks/manager.py:52}}
Apr 18 18:04:30.847087 np0000167469 devstack@neutron-api.service[104705]: DEBUG neutron_lib.callbacks.manager [None req-5a9fca0e-348a-4167-807d-89a38319c4e4 None None] Subscribe: network precommit_create 55550000, False {{(pid=104705) subscribe /opt/stack/data/venv/lib/python3.12/site-packages/neutron_lib/callbacks/manager.py:52}}
Apr 18 18:04:30.847190 np0000167469 devstack@neutron-api.service[104704]: INFO neutron.api.extensions [None req-db4e8554-fb82-408b-91cd-a74895b84fec None None] Extension floating-ip-port-forwarding not supported by any of loaded plugins
Apr 18 18:04:30.847284 np0000167469 devstack@neutron-api.service[104704]: DEBUG neutron.api.extensions [None req-db4e8554-fb82-408b-91cd-a74895b84fec None None] Loading extension file: floatingip_pools.py {{(pid=104704) _load_all_extensions_from_path /opt/stack/neutron/neutron/api/extensions.py:449}}
Apr 18 18:04:30.847316 np0000167469 devstack@neutron-api.service[104705]: DEBUG neutron.manager [None req-5a9fca0e-348a-4167-807d-89a38319c4e4 None None] Successfully loaded auto-allocated-topology plugin. Description: Auto Allocated Topology - aka get me a network. {{(pid=104705) _create_and_add_service_plugin /opt/stack/neutron/neutron/manager.py:239}}
Apr 18 18:04:30.847372 np0000167469 devstack@neutron-api.service[104705]: INFO neutron.manager [None req-5a9fca0e-348a-4167-807d-89a38319c4e4 None None] Loading Plugin: tag
Apr 18 18:04:30.847402 np0000167469 devstack@neutron-api.service[104706]: DEBUG neutron.manager [None req-ef62b2d5-5181-4b76-9bce-0b49ccd06a63 None None] Successfully loaded FLAVORS plugin. Description: Neutron Flavors and Service Profiles manager plugin {{(pid=104706) _create_and_add_service_plugin /opt/stack/neutron/neutron/manager.py:239}}
Apr 18 18:04:30.847559 np0000167469 devstack@neutron-api.service[104706]: INFO neutron.manager [None req-ef62b2d5-5181-4b76-9bce-0b49ccd06a63 None None] Loading Plugin: revisions
Apr 18 18:04:30.847607 np0000167469 devstack@neutron-api.service[104704]: DEBUG neutron.api.extensions [None req-db4e8554-fb82-408b-91cd-a74895b84fec None None] Ext name="Floating IP Pools Extension" alias="floatingip-pools" description="Provides a floating IP pools API." updated="2018-03-21T10:00:00-00:00" {{(pid=104704) _check_extension /opt/stack/neutron/neutron/api/extensions.py:415}}
Apr 18 18:04:30.847755 np0000167469 devstack@neutron-api.service[104704]: INFO neutron.api.extensions [None req-db4e8554-fb82-408b-91cd-a74895b84fec None None] Loaded extension: floatingip-pools
Apr 18 18:04:30.847846 np0000167469 devstack@neutron-api.service[104704]: DEBUG neutron.api.extensions [None req-db4e8554-fb82-408b-91cd-a74895b84fec None None] Loading extension file: ip_allocation.py {{(pid=104704) _load_all_extensions_from_path /opt/stack/neutron/neutron/api/extensions.py:449}}
Apr 18 18:04:30.848109 np0000167469 devstack@neutron-api.service[104704]: DEBUG neutron.api.extensions [None req-db4e8554-fb82-408b-91cd-a74895b84fec None None] Ext name="IP Allocation" alias="ip_allocation" description="IP allocation extension." updated="2016-06-10T23:00:00-00:00" {{(pid=104704) _check_extension /opt/stack/neutron/neutron/api/extensions.py:415}}
Apr 18 18:04:30.848272 np0000167469 devstack@neutron-api.service[104704]: INFO neutron.api.extensions [None req-db4e8554-fb82-408b-91cd-a74895b84fec None None] Extension ip_allocation not supported by any of loaded plugins
