2026-07-02 01:39:25.782 7 INFO placement.requestlog [req-bd0f5eeb-d8c4-4d52-afea-a6a5ac90535a req-8b9dcfcb-3f6c-4bc6-9842-6c7a11269d4b c44bd60944794cb9ad9866cdc176b44f cf69d9ee0a0f496c90e2aa863159cdb2 - - 0dce83d90b0c40048b330c3caea36224 0dce83d90b0c40048b330c3caea36224] 199.204.45.238 "GET /resource_providers/ee43b75a-85f8-4890-b10e-ebf5a3b620b9/allocations" status: 200 len: 238 microversion: 1.0 [pid: 7|app: 0|req: 353/705] 199.204.45.238 () {32 vars in 857 bytes} [Thu Jul 2 01:39:25 2026] GET /resource_providers/ee43b75a-85f8-4890-b10e-ebf5a3b620b9/allocations => generated 238 bytes in 18 msecs (HTTP/1.1 200) 6 headers in 224 bytes (1 switches on core 0)
2026-07-02 01:39:25.800 8 INFO placement.requestlog [req-bd0f5eeb-d8c4-4d52-afea-a6a5ac90535a req-0b5e1fbb-bd92-46fa-b49f-204283ef1296 c44bd60944794cb9ad9866cdc176b44f cf69d9ee0a0f496c90e2aa863159cdb2 - - 0dce83d90b0c40048b330c3caea36224 0dce83d90b0c40048b330c3caea36224] 199.204.45.238 "GET /allocations/f8e50b7b-c3ab-40bb-83b0-18aa0c6d343a" status: 200 len: 257 microversion: 1.28 [pid: 8|app: 0|req: 353/706] 199.204.45.238 () {34 vars in 863 bytes} [Thu Jul 2 01:39:25 2026] GET /allocations/f8e50b7b-c3ab-40bb-83b0-18aa0c6d343a => generated 257 bytes in 13 msecs (HTTP/1.1 200) 8 headers in 296 bytes (1 switches on core 0)
2026-07-02 01:39:25.822 7 INFO placement.requestlog [req-bd0f5eeb-d8c4-4d52-afea-a6a5ac90535a req-4fd9dbe9-0053-418f-a4c4-b5434241ee2a c44bd60944794cb9ad9866cdc176b44f cf69d9ee0a0f496c90e2aa863159cdb2 - - 0dce83d90b0c40048b330c3caea36224 0dce83d90b0c40048b330c3caea36224] 199.204.45.238 "GET /allocations/f6e0cad7-2820-419b-957f-567c84597482" status: 200 len: 243 microversion: 1.28 [pid: 7|app: 0|req: 354/707] 199.204.45.238 () {34 vars in 863 bytes} [Thu Jul 2 01:39:25 2026] GET /allocations/f6e0cad7-2820-419b-957f-567c84597482 => generated 243 bytes in 14 msecs (HTTP/1.1 200) 8 headers in 296 bytes (1 switches on core 0)
2026-07-02 01:39:26.870 8 INFO placement.requestlog [req-bd0f5eeb-d8c4-4d52-afea-a6a5ac90535a req-c1457f44-f5e3-49b4-9a35-7478698e6145 c44bd60944794cb9ad9866cdc176b44f cf69d9ee0a0f496c90e2aa863159cdb2 - - 0dce83d90b0c40048b330c3caea36224 0dce83d90b0c40048b330c3caea36224] 199.204.45.238 "DELETE /allocations/f6e0cad7-2820-419b-957f-567c84597482" status: 204 len: 0 microversion: 1.0 [pid: 8|app: 0|req: 354/708] 199.204.45.238 () {34 vars in 841 bytes} [Thu Jul 2 01:39:26 2026] DELETE /allocations/f6e0cad7-2820-419b-957f-567c84597482 => generated 0 bytes in 23 msecs (HTTP/1.1 204) 5 headers in 198 bytes (1 switches on core 0)
2026-07-02 01:39:29.720 7 INFO placement.requestlog [None req-41b12701-da6e-4ed0-95d0-eeba514bb3b3 - - - - - -] 10.0.0.51 "GET /" status: 200 len: 136 microversion: 1.0
2026-07-02 01:39:29.721 8 INFO placement.requestlog [None req-8dad2571-56da-41ae-a113-83939e6438bf - - - - - -] 10.0.0.51 "GET /" status: 200 len: 136 microversion: 1.0
2026-07-02 01:39:34.851 7 INFO placement.requestlog [None req-5a94b80b-65cf-4cb6-931a-19de05337889 9074c4385cf446f78cdff02a6cd4fbef cf69d9ee0a0f496c90e2aa863159cdb2 - - 0dce83d90b0c40048b330c3caea36224 0dce83d90b0c40048b330c3caea36224] 10.0.0.211 "GET /resource_providers/d7016b4b-e39d-4cc6-86c1-a27f980af107/aggregates" status: 404 len: 235 microversion: 1.1 [pid: 7|app: 0|req: 356/711] 10.0.0.211 () {32 vars in 816 bytes} [Thu Jul 2 01:39:34 2026] GET /resource_providers/d7016b4b-e39d-4cc6-86c1-a27f980af107/aggregates => generated 235 bytes in 210 msecs (HTTP/1.1 404) 5 headers in 202 bytes (1 switches on core 0)
2026-07-02 01:39:34.874 8 INFO placement.requestlog [None req-e9daaddc-704d-4384-845c-2d1b914c8073 9074c4385cf446f78cdff02a6cd4fbef cf69d9ee0a0f496c90e2aa863159cdb2 - - 0dce83d90b0c40048b330c3caea36224 0dce83d90b0c40048b330c3caea36224] 10.0.0.211 "GET /resource_providers/d7016b4b-e39d-4cc6-86c1-a27f980af107/aggregates" status: 404 len: 235 microversion: 1.1 [pid: 8|app: 0|req: 356/712] 10.0.0.211 () {32 vars in 816 bytes} [Thu Jul 2 01:39:34 2026] GET /resource_providers/d7016b4b-e39d-4cc6-86c1-a27f980af107/aggregates => generated 235 bytes in 231 msecs (HTTP/1.1 404) 5 headers in 202 bytes (1 switches on core 0)
2026-07-02 01:39:34.875 7 INFO placement.requestlog [None req-bbb934f9-4498-41d5-b235-d5b090afd9aa 9074c4385cf446f78cdff02a6cd4fbef cf69d9ee0a0f496c90e2aa863159cdb2 - - 0dce83d90b0c40048b330c3caea36224 0dce83d90b0c40048b330c3caea36224] 10.0.0.211 "DELETE /resource_providers/d7016b4b-e39d-4cc6-86c1-a27f980af107" status: 404 len: 246 microversion: 1.1 [pid: 7|app: 0|req: 357/713] 10.0.0.211 () {34 vars in 816 bytes} [Thu Jul 2 01:39:34 2026] DELETE /resource_providers/d7016b4b-e39d-4cc6-86c1-a27f980af107 => generated 246 bytes in 12 msecs (HTTP/1.1 404) 6 headers in 231 bytes (1 switches on core 0)
2026-07-02 01:39:34.900 8 INFO placement.requestlog [None req-0a70f1e8-4d5a-4ef1-886b-f5268d370374 9074c4385cf446f78cdff02a6cd4fbef cf69d9ee0a0f496c90e2aa863159cdb2 - - 0dce83d90b0c40048b330c3caea36224 0dce83d90b0c40048b330c3caea36224] 10.0.0.211 "DELETE /resource_providers/d7016b4b-e39d-4cc6-86c1-a27f980af107" status: 404 len: 246 microversion: 1.1 [pid: 8|app: 0|req: 357/714] 10.0.0.211 () {34 vars in 816 bytes} [Thu Jul 2 01:39:34 2026] DELETE /resource_providers/d7016b4b-e39d-4cc6-86c1-a27f980af107 => generated 246 bytes in 13 msecs (HTTP/1.1 404) 6 headers in 231 bytes (1 switches on core 0)
2026-07-02 01:39:35.337 7 INFO placement.requestlog [req-77686202-e482-4ff2-95e8-dfb3351461b5 req-f52ac07e-e13d-4083-8791-a667f9906c52 c44bd60944794cb9ad9866cdc176b44f cf69d9ee0a0f496c90e2aa863159cdb2 - - 0dce83d90b0c40048b330c3caea36224 0dce83d90b0c40048b330c3caea36224] 10.0.0.166 "GET /allocation_candidates?limit=1000&resources=DISK_GB%3A1%2CMEMORY_MB%3A512%2CVCPU%3A1&root_required=%21COMPUTE_STATUS_DISABLED" status: 200 len: 2444 microversion: 1.36 [pid: 7|app: 0|req: 358/715] 10.0.0.166 () {34 vars in 1012 bytes} [Thu Jul 2 01:39:35 2026] GET /allocation_candidates?limit=1000&resources=DISK_GB%3A1%2CMEMORY_MB%3A512%2CVCPU%3A1&root_required=%21COMPUTE_STATUS_DISABLED => generated 2444 bytes in 56 msecs (HTTP/1.1 200) 8 headers in 297 bytes (1 switches on core 0)
2026-07-02 01:39:35.369 8 INFO placement.requestlog [req-77686202-e482-4ff2-95e8-dfb3351461b5 req-cc2cde6c-83de-4dbe-881f-5fb7fbc2ea6a c44bd60944794cb9ad9866cdc176b44f cf69d9ee0a0f496c90e2aa863159cdb2 - - 0dce83d90b0c40048b330c3caea36224 0dce83d90b0c40048b330c3caea36224] 10.0.0.166 "GET /allocations/d9d7e55e-50c3-4e99-8730-f35414da5cc2" status: 200 len: 19 microversion: 1.28 [pid: 8|app: 0|req: 358/716] 10.0.0.166 () {34 vars in 861 bytes} [Thu Jul 2 01:39:35 2026] GET /allocations/d9d7e55e-50c3-4e99-8730-f35414da5cc2 => generated 19 bytes in 12 msecs (HTTP/1.1 200) 8 headers in 295 bytes (1 switches on core 0)
2026-07-02 01:39:35.447 7 INFO placement.requestlog [req-77686202-e482-4ff2-95e8-dfb3351461b5 req-85407849-a9bb-43a4-a4f5-a4758fdb0876 c44bd60944794cb9ad9866cdc176b44f cf69d9ee0a0f496c90e2aa863159cdb2 - - 0dce83d90b0c40048b330c3caea36224 0dce83d90b0c40048b330c3caea36224] 10.0.0.166 "PUT /allocations/d9d7e55e-50c3-4e99-8730-f35414da5cc2" status: 204 len: 0 microversion: 1.36 [pid: 7|app: 0|req: 359/717] 10.0.0.166 () {38 vars in 914 bytes} [Thu Jul 2 01:39:35 2026] PUT /allocations/d9d7e55e-50c3-4e99-8730-f35414da5cc2 => generated 0 bytes in 71 msecs (HTTP/1.1 204) 5 headers in 199 bytes (1 switches on core 0)
2026-07-02 01:39:36.987 8 INFO placement.requestlog [req-77686202-e482-4ff2-95e8-dfb3351461b5 req-529be1bf-a21e-4e05-8b82-29ce09c8acf2 c44bd60944794cb9ad9866cdc176b44f cf69d9ee0a0f496c90e2aa863159cdb2 - - 0dce83d90b0c40048b330c3caea36224 0dce83d90b0c40048b330c3caea36224] 199.204.45.238 "GET /allocations/d9d7e55e-50c3-4e99-8730-f35414da5cc2" status: 200 len: 257 microversion: 1.28 [pid: 8|app: 0|req: 359/718] 199.204.45.238 () {34 vars in 863 bytes} [Thu Jul 2 01:39:36 2026] GET /allocations/d9d7e55e-50c3-4e99-8730-f35414da5cc2 => generated 257 bytes in 13 msecs (HTTP/1.1 200) 8 headers in 296 bytes (1 switches on core 0)
2026-07-02 01:39:38.039 7 INFO placement.requestlog [req-77686202-e482-4ff2-95e8-dfb3351461b5 req-cf6ccb54-d94d-426b-9bce-6ce889847896 c44bd60944794cb9ad9866cdc176b44f cf69d9ee0a0f496c90e2aa863159cdb2 - - 0dce83d90b0c40048b330c3caea36224 0dce83d90b0c40048b330c3caea36224] 199.204.45.238 "GET /resource_providers/ee43b75a-85f8-4890-b10e-ebf5a3b620b9/allocations" status: 200 len: 252 microversion: 1.0 [pid: 7|app: 0|req: 360/719] 199.204.45.238 () {32 vars in 857 bytes} [Thu Jul 2 01:39:38 2026] GET /resource_providers/ee43b75a-85f8-4890-b10e-ebf5a3b620b9/allocations => generated 252 bytes in 17 msecs (HTTP/1.1 200) 6 headers in 224 bytes (1 switches on core 0)
2026-07-02 01:39:38.060 8 INFO placement.requestlog [req-77686202-e482-4ff2-95e8-dfb3351461b5 req-98fe1849-2429-4749-8a17-faac29d333d0 c44bd60944794cb9ad9866cdc176b44f cf69d9ee0a0f496c90e2aa863159cdb2 - - 0dce83d90b0c40048b330c3caea36224 0dce83d90b0c40048b330c3caea36224] 199.204.45.238 "GET /allocations/f8e50b7b-c3ab-40bb-83b0-18aa0c6d343a" status: 200 len: 257 microversion: 1.28 [pid: 8|app: 0|req: 360/720] 199.204.45.238 () {34 vars in 863 bytes} [Thu Jul 2 01:39:38 2026] GET /allocations/f8e50b7b-c3ab-40bb-83b0-18aa0c6d343a => generated 257 bytes in 16 msecs (HTTP/1.1 200) 8 headers in 296 bytes (1 switches on core 0)
2026-07-02 01:39:38.077 7 INFO placement.requestlog [req-77686202-e482-4ff2-95e8-dfb3351461b5 req-b8d2290b-3931-47b7-bbd2-cd7488883679 c44bd60944794cb9ad9866cdc176b44f cf69d9ee0a0f496c90e2aa863159cdb2 - - 0dce83d90b0c40048b330c3caea36224 0dce83d90b0c40048b330c3caea36224] 199.204.45.238 "GET /allocations/d9d7e55e-50c3-4e99-8730-f35414da5cc2" status: 200 len: 257 microversion: 1.28 [pid: 7|app: 0|req: 361/721] 199.204.45.238 () {34 vars in 863 bytes} [Thu Jul 2 01:39:38 2026] GET /allocations/d9d7e55e-50c3-4e99-8730-f35414da5cc2 => generated 257 bytes in 12 msecs (HTTP/1.1 200) 8 headers in 296 bytes (1 switches on core 0)
2026-07-02 01:39:39.720 7 INFO placement.requestlog [None req-524ce0a6-d8d8-4ada-a9f4-d0cd42587e3b - - - - - -] 10.0.0.51 "GET /" status: 200 len: 136 microversion: 1.0
2026-07-02 01:39:39.720 8 INFO placement.requestlog [None req-d778e2d9-3160-4503-af2d-c8e3b18be9e2 - - - - - -] 10.0.0.51 "GET /" status: 200 len: 136 microversion: 1.0
2026-07-02 01:39:43.862 7 INFO placement.requestlog [None req-db6698ed-c254-4ac1-9cd7-7fc2093fda51 9074c4385cf446f78cdff02a6cd4fbef cf69d9ee0a0f496c90e2aa863159cdb2 - - 0dce83d90b0c40048b330c3caea36224 0dce83d90b0c40048b330c3caea36224] 10.0.0.211 "GET /resource_providers/c09162f6-fb8b-4e3d-8aac-e4a2ba1fd099/aggregates" status: 404 len: 235 microversion: 1.1 [pid: 7|app: 0|req: 363/724] 10.0.0.211 () {32 vars in 816 bytes} [Thu Jul 2 01:39:43 2026] GET /resource_providers/c09162f6-fb8b-4e3d-8aac-e4a2ba1fd099/aggregates => generated 235 bytes in 9 msecs (HTTP/1.1 404) 5 headers in 202 bytes (1 switches on core 0)
2026-07-02 01:39:43.863 8 INFO placement.requestlog [None req-5dd0cffa-6f04-4968-9dab-88b1a9e9e693 9074c4385cf446f78cdff02a6cd4fbef cf69d9ee0a0f496c90e2aa863159cdb2 - - 0dce83d90b0c40048b330c3caea36224 0dce83d90b0c40048b330c3caea36224] 10.0.0.211 "GET /resource_providers/c09162f6-fb8b-4e3d-8aac-e4a2ba1fd099/aggregates" status: 404 len: 235 microversion: 1.1 [pid: 8|app: 0|req: 362/725] 10.0.0.211 () {32 vars in 816 bytes} [Thu Jul 2 01:39:43 2026] GET /resource_providers/c09162f6-fb8b-4e3d-8aac-e4a2ba1fd099/aggregates => generated 235 bytes in 10 msecs (HTTP/1.1 404) 5 headers in 202 bytes (1 switches on core 0)
2026-07-02 01:39:43.884 7 INFO placement.requestlog [None req-f364d644-234d-4c87-98dd-a77d4b959311 9074c4385cf446f78cdff02a6cd4fbef cf69d9ee0a0f496c90e2aa863159cdb2 - - 0dce83d90b0c40048b330c3caea36224 0dce83d90b0c40048b330c3caea36224] 10.0.0.211 "DELETE /resource_providers/c09162f6-fb8b-4e3d-8aac-e4a2ba1fd099" status: 404 len: 246 microversion: 1.1 [pid: 7|app: 0|req: 364/726] 10.0.0.211 () {34 vars in 816 bytes} [Thu Jul 2 01:39:43 2026] DELETE /resource_providers/c09162f6-fb8b-4e3d-8aac-e4a2ba1fd099 => generated 246 bytes in 11 msecs (HTTP/1.1 404) 6 headers in 231 bytes (1 switches on core 0)
2026-07-02 01:39:43.887 8 INFO placement.requestlog [None req-cf7886a7-366b-4527-9e89-3297059dd3b6 9074c4385cf446f78cdff02a6cd4fbef cf69d9ee0a0f496c90e2aa863159cdb2 - - 0dce83d90b0c40048b330c3caea36224 0dce83d90b0c40048b330c3caea36224] 10.0.0.211 "DELETE /resource_providers/c09162f6-fb8b-4e3d-8aac-e4a2ba1fd099" status: 404 len: 246 microversion: 1.1 [pid: 8|app: 0|req: 363/727] 10.0.0.211 () {34 vars in 816 bytes} [Thu Jul 2 01:39:43 2026] DELETE /resource_providers/c09162f6-fb8b-4e3d-8aac-e4a2ba1fd099 => generated 246 bytes in 9 msecs (HTTP/1.1 404) 6 headers in 231 bytes (1 switches on core 0)
2026-07-02 01:39:44.955 7 INFO placement.requestlog [req-8e618542-42d2-4c41-a948-75a1e7f02145 req-b945b0f8-d521-4c49-af8b-16f8fe703bd5 c44bd60944794cb9ad9866cdc176b44f cf69d9ee0a0f496c90e2aa863159cdb2 - - 0dce83d90b0c40048b330c3caea36224 0dce83d90b0c40048b330c3caea36224] 199.204.45.238 "GET /resource_providers/ee43b75a-85f8-4890-b10e-ebf5a3b620b9/allocations" status: 200 len: 252 microversion: 1.0 [pid: 7|app: 0|req: 365/728] 199.204.45.238 () {32 vars in 857 bytes} [Thu Jul 2 01:39:44 2026] GET /resource_providers/ee43b75a-85f8-4890-b10e-ebf5a3b620b9/allocations => generated 252 bytes in 22 msecs (HTTP/1.1 200) 6 headers in 224 bytes (1 switches on core 0)
2026-07-02 01:39:44.975 8 INFO placement.requestlog [req-8e618542-42d2-4c41-a948-75a1e7f02145 req-af5ea2d7-6d14-4f94-8a59-d2befc12d10a c44bd60944794cb9ad9866cdc176b44f cf69d9ee0a0f496c90e2aa863159cdb2 - - 0dce83d90b0c40048b330c3caea36224 0dce83d90b0c40048b330c3caea36224] 199.204.45.238 "GET /allocations/f8e50b7b-c3ab-40bb-83b0-18aa0c6d343a" status: 200 len: 257 microversion: 1.28 [pid: 8|app: 0|req: 364/729] 199.204.45.238 () {34 vars in 863 bytes} [Thu Jul 2 01:39:44 2026] GET /allocations/f8e50b7b-c3ab-40bb-83b0-18aa0c6d343a => generated 257 bytes in 14 msecs (HTTP/1.1 200) 8 headers in 296 bytes (1 switches on core 0)
2026-07-02 01:39:44.994 7 INFO placement.requestlog [req-8e618542-42d2-4c41-a948-75a1e7f02145 req-4093fac2-e53b-4474-b31e-faa643592612 c44bd60944794cb9ad9866cdc176b44f cf69d9ee0a0f496c90e2aa863159cdb2 - - 0dce83d90b0c40048b330c3caea36224 0dce83d90b0c40048b330c3caea36224] 199.204.45.238 "GET /allocations/d9d7e55e-50c3-4e99-8730-f35414da5cc2" status: 200 len: 257 microversion: 1.28 [pid: 7|app: 0|req: 366/730] 199.204.45.238 () {34 vars in 863 bytes} [Thu Jul 2 01:39:44 2026] GET /allocations/d9d7e55e-50c3-4e99-8730-f35414da5cc2 => generated 257 bytes in 14 msecs (HTTP/1.1 200) 8 headers in 296 bytes (1 switches on core 0)
2026-07-02 01:39:46.056 8 INFO placement.requestlog [req-8e618542-42d2-4c41-a948-75a1e7f02145 req-604e0a97-acde-43f2-97ce-2f2682c52358 c44bd60944794cb9ad9866cdc176b44f cf69d9ee0a0f496c90e2aa863159cdb2 - - 0dce83d90b0c40048b330c3caea36224 0dce83d90b0c40048b330c3caea36224] 199.204.45.238 "DELETE /allocations/f8e50b7b-c3ab-40bb-83b0-18aa0c6d343a" status: 204 len: 0 microversion: 1.0 [pid: 8|app: 0|req: 365/731] 199.204.45.238 () {34 vars in 841 bytes} [Thu Jul 2 01:39:46 2026] DELETE /allocations/f8e50b7b-c3ab-40bb-83b0-18aa0c6d343a => generated 0 bytes in 23 msecs (HTTP/1.1 204) 5 headers in 198 bytes (1 switches on core 0)
2026-07-02 01:39:49.720 7 INFO placement.requestlog [None req-a4f0fb23-794d-434f-93c6-9d78b0d7432d - - - - - -] 10.0.0.51 "GET /" status: 200 len: 136 microversion: 1.0
2026-07-02 01:39:49.720 8 INFO placement.requestlog [None req-4d1a5ae8-625f-49e7-a125-1da99f498001 - - - - - -] 10.0.0.51 "GET /" status: 200 len: 136 microversion: 1.0
2026-07-02 01:39:50.726 7 INFO placement.requestlog [None req-3a09eb5e-a8bc-4b20-8112-ca14d167d634 9074c4385cf446f78cdff02a6cd4fbef cf69d9ee0a0f496c90e2aa863159cdb2 - - 0dce83d90b0c40048b330c3caea36224 0dce83d90b0c40048b330c3caea36224] 10.0.0.211 "GET /resource_providers/958c99fe-e9aa-4df0-b44c-a0ac598b6c0e/aggregates" status: 404 len: 235 microversion: 1.1 [pid: 7|app: 0|req: 368/734] 10.0.0.211 () {32 vars in 816 bytes} [Thu Jul 2 01:39:50 2026] GET /resource_providers/958c99fe-e9aa-4df0-b44c-a0ac598b6c0e/aggregates => generated 235 bytes in 8 msecs (HTTP/1.1 404) 5 headers in 202 bytes (1 switches on core 0)
2026-07-02 01:39:50.729 8 INFO placement.requestlog [None req-48616539-e1fd-4511-82d9-e6e89cb0138c 9074c4385cf446f78cdff02a6cd4fbef cf69d9ee0a0f496c90e2aa863159cdb2 - - 0dce83d90b0c40048b330c3caea36224 0dce83d90b0c40048b330c3caea36224] 10.0.0.211 "GET /resource_providers/958c99fe-e9aa-4df0-b44c-a0ac598b6c0e/aggregates" status: 404 len: 235 microversion: 1.1 [pid: 8|app: 0|req: 367/735] 10.0.0.211 () {32 vars in 816 bytes} [Thu Jul 2 01:39:50 2026] GET /resource_providers/958c99fe-e9aa-4df0-b44c-a0ac598b6c0e/aggregates => generated 235 bytes in 12 msecs (HTTP/1.1 404) 5 headers in 202 bytes (1 switches on core 0)
2026-07-02 01:39:50.745 7 INFO placement.requestlog [None req-c8a55f40-2128-44bd-ab4a-49f67ddc8314 9074c4385cf446f78cdff02a6cd4fbef cf69d9ee0a0f496c90e2aa863159cdb2 - - 0dce83d90b0c40048b330c3caea36224 0dce83d90b0c40048b330c3caea36224] 10.0.0.211 "DELETE /resource_providers/958c99fe-e9aa-4df0-b44c-a0ac598b6c0e" status: 404 len: 246 microversion: 1.1 [pid: 7|app: 0|req: 369/736] 10.0.0.211 () {34 vars in 816 bytes} [Thu Jul 2 01:39:50 2026] DELETE /resource_providers/958c99fe-e9aa-4df0-b44c-a0ac598b6c0e => generated 246 bytes in 9 msecs (HTTP/1.1 404) 6 headers in 231 bytes (1 switches on core 0)
2026-07-02 01:39:50.748 8 INFO placement.requestlog [None req-7f425ea2-608d-4839-9e32-f8f341be8ba5 9074c4385cf446f78cdff02a6cd4fbef cf69d9ee0a0f496c90e2aa863159cdb2 - - 0dce83d90b0c40048b330c3caea36224 0dce83d90b0c40048b330c3caea36224] 10.0.0.211 "DELETE /resource_providers/958c99fe-e9aa-4df0-b44c-a0ac598b6c0e" status: 404 len: 246 microversion: 1.1 [pid: 8|app: 0|req: 368/737] 10.0.0.211 () {34 vars in 816 bytes} [Thu Jul 2 01:39:50 2026] DELETE /resource_providers/958c99fe-e9aa-4df0-b44c-a0ac598b6c0e => generated 246 bytes in 9 msecs (HTTP/1.1 404) 6 headers in 231 bytes (1 switches on core 0)
2026-07-02 01:39:59.720 7 INFO placement.requestlog [None req-1703e501-897e-44ca-bdfb-bdf163da70ea - - - - - -] 10.0.0.51 "GET /" status: 200 len: 136 microversion: 1.0
2026-07-02 01:39:59.720 8 INFO placement.requestlog [None req-251e5ed1-9256-4f8c-adee-5a635a36d476 - - - - - -] 10.0.0.51 "GET /" status: 200 len: 136 microversion: 1.0
2026-07-02 01:40:04.458 8 INFO placement.requestlog [None req-faddd7d9-87d8-4e67-b1d1-b551f4291c22 9074c4385cf446f78cdff02a6cd4fbef cf69d9ee0a0f496c90e2aa863159cdb2 - - 0dce83d90b0c40048b330c3caea36224 0dce83d90b0c40048b330c3caea36224] 10.0.0.211 "GET /resource_providers/8215c33e-5ec8-456d-89eb-64e312172515/aggregates" status: 404 len: 235 microversion: 1.1 [pid: 8|app: 0|req: 370/740] 10.0.0.211 () {32 vars in 816 bytes} [Thu Jul 2 01:40:04 2026] GET /resource_providers/8215c33e-5ec8-456d-89eb-64e312172515/aggregates => generated 235 bytes in 10 msecs (HTTP/1.1 404) 5 headers in 202 bytes (1 switches on core 0)
2026-07-02 01:40:04.465 7 INFO placement.requestlog [None req-8aa8ea46-edf6-450a-b8a0-3058bc4dc69a 9074c4385cf446f78cdff02a6cd4fbef cf69d9ee0a0f496c90e2aa863159cdb2 - - 0dce83d90b0c40048b330c3caea36224 0dce83d90b0c40048b330c3caea36224] 10.0.0.211 "GET /resource_providers/8215c33e-5ec8-456d-89eb-64e312172515/aggregates" status: 404 len: 235 microversion: 1.1 [pid: 7|app: 0|req: 371/741] 10.0.0.211 () {32 vars in 816 bytes} [Thu Jul 2 01:40:04 2026] GET /resource_providers/8215c33e-5ec8-456d-89eb-64e312172515/aggregates => generated 235 bytes in 13 msecs (HTTP/1.1 404) 5 headers in 202 bytes (1 switches on core 0)
2026-07-02 01:40:04.482 8 INFO placement.requestlog [None req-de78a083-5f1c-4719-bb2b-818485949428 9074c4385cf446f78cdff02a6cd4fbef cf69d9ee0a0f496c90e2aa863159cdb2 - - 0dce83d90b0c40048b330c3caea36224 0dce83d90b0c40048b330c3caea36224] 10.0.0.211 "DELETE /resource_providers/8215c33e-5ec8-456d-89eb-64e312172515" status: 404 len: 246 microversion: 1.1 [pid: 8|app: 0|req: 371/742] 10.0.0.211 () {34 vars in 816 bytes} [Thu Jul 2 01:40:04 2026] DELETE /resource_providers/8215c33e-5ec8-456d-89eb-64e312172515 => generated 246 bytes in 10 msecs (HTTP/1.1 404) 6 headers in 231 bytes (1 switches on core 0)
2026-07-02 01:40:04.491 7 INFO placement.requestlog [None req-6062808c-d34f-4503-854e-09718b88f307 9074c4385cf446f78cdff02a6cd4fbef cf69d9ee0a0f496c90e2aa863159cdb2 - - 0dce83d90b0c40048b330c3caea36224 0dce83d90b0c40048b330c3caea36224] 10.0.0.211 "DELETE /resource_providers/8215c33e-5ec8-456d-89eb-64e312172515" status: 404 len: 246 microversion: 1.1 [pid: 7|app: 0|req: 372/743] 10.0.0.211 () {34 vars in 816 bytes} [Thu Jul 2 01:40:04 2026] DELETE /resource_providers/8215c33e-5ec8-456d-89eb-64e312172515 => generated 246 bytes in 14 msecs (HTTP/1.1 404) 6 headers in 231 bytes (1 switches on core 0)
2026-07-02 01:40:04.554 8 INFO placement.requestlog [req-95987873-52c3-4125-8a08-b8f6238037cb req-162be3c9-5a45-4223-9bdf-97e2fc45c806 c44bd60944794cb9ad9866cdc176b44f cf69d9ee0a0f496c90e2aa863159cdb2 - - 0dce83d90b0c40048b330c3caea36224 0dce83d90b0c40048b330c3caea36224] 10.0.0.166 "GET /allocation_candidates?limit=1000&resources=DISK_GB%3A1%2CMEMORY_MB%3A512%2CVCPU%3A1&root_required=%21COMPUTE_STATUS_DISABLED" status: 200 len: 2444 microversion: 1.36 [pid: 8|app: 0|req: 372/744] 10.0.0.166 () {34 vars in 1012 bytes} [Thu Jul 2 01:40:04 2026] GET /allocation_candidates?limit=1000&resources=DISK_GB%3A1%2CMEMORY_MB%3A512%2CVCPU%3A1&root_required=%21COMPUTE_STATUS_DISABLED => generated 2444 bytes in 43 msecs (HTTP/1.1 200) 8 headers in 297 bytes (1 switches on core 0)
2026-07-02 01:40:04.582 7 INFO placement.requestlog [req-95987873-52c3-4125-8a08-b8f6238037cb req-6cf30d2d-ce50-4ec0-a1d9-302363d9ad97 c44bd60944794cb9ad9866cdc176b44f cf69d9ee0a0f496c90e2aa863159cdb2 - - 0dce83d90b0c40048b330c3caea36224 0dce83d90b0c40048b330c3caea36224] 10.0.0.166 "GET /allocations/6de9429c-8159-47f3-afdf-4d51b8750e9b" status: 200 len: 19 microversion: 1.28 [pid: 7|app: 0|req: 373/745] 10.0.0.166 () {34 vars in 861 bytes} [Thu Jul 2 01:40:04 2026] GET /allocations/6de9429c-8159-47f3-afdf-4d51b8750e9b => generated 19 bytes in 7 msecs (HTTP/1.1 200) 8 headers in 295 bytes (1 switches on core 0)
2026-07-02 01:40:04.656 8 INFO placement.requestlog [req-95987873-52c3-4125-8a08-b8f6238037cb req-d5b8e94c-f3e9-40ad-b82b-60095c44a461 c44bd60944794cb9ad9866cdc176b44f cf69d9ee0a0f496c90e2aa863159cdb2 - - 0dce83d90b0c40048b330c3caea36224 0dce83d90b0c40048b330c3caea36224] 10.0.0.166 "PUT /allocations/6de9429c-8159-47f3-afdf-4d51b8750e9b" status: 204 len: 0 microversion: 1.36 [pid: 8|app: 0|req: 373/746] 10.0.0.166 () {38 vars in 914 bytes} [Thu Jul 2 01:40:04 2026] PUT /allocations/6de9429c-8159-47f3-afdf-4d51b8750e9b => generated 0 bytes in 69 msecs (HTTP/1.1 204) 5 headers in 199 bytes (1 switches on core 0)
2026-07-02 01:40:06.220 7 INFO placement.requestlog [req-95987873-52c3-4125-8a08-b8f6238037cb req-4bc3483f-511b-43fa-bfd6-a84f109e8668 c44bd60944794cb9ad9866cdc176b44f cf69d9ee0a0f496c90e2aa863159cdb2 - - 0dce83d90b0c40048b330c3caea36224 0dce83d90b0c40048b330c3caea36224] 199.204.45.238 "GET /allocations/6de9429c-8159-47f3-afdf-4d51b8750e9b" status: 200 len: 257 microversion: 1.28 [pid: 7|app: 0|req: 374/747] 199.204.45.238 () {34 vars in 863 bytes} [Thu Jul 2 01:40:06 2026] GET /allocations/6de9429c-8159-47f3-afdf-4d51b8750e9b => generated 257 bytes in 13 msecs (HTTP/1.1 200) 8 headers in 296 bytes (1 switches on core 0)
2026-07-02 01:40:06.522 8 INFO placement.requestlog [None req-21560aaf-6c1e-4636-9fd8-48f7d456cc2e 9074c4385cf446f78cdff02a6cd4fbef cf69d9ee0a0f496c90e2aa863159cdb2 - - 0dce83d90b0c40048b330c3caea36224 0dce83d90b0c40048b330c3caea36224] 10.0.0.211 "GET /resource_providers/7e0f78ca-91fd-4946-adad-5ab6aee43ad2/aggregates" status: 404 len: 235 microversion: 1.1 [pid: 8|app: 0|req: 374/748] 10.0.0.211 () {32 vars in 816 bytes} [Thu Jul 2 01:40:06 2026] GET /resource_providers/7e0f78ca-91fd-4946-adad-5ab6aee43ad2/aggregates => generated 235 bytes in 11 msecs (HTTP/1.1 404) 5 headers in 202 bytes (1 switches on core 0)
2026-07-02 01:40:06.526 7 INFO placement.requestlog [None req-75476733-dd41-4180-9e4f-3d48b82c549b 9074c4385cf446f78cdff02a6cd4fbef cf69d9ee0a0f496c90e2aa863159cdb2 - - 0dce83d90b0c40048b330c3caea36224 0dce83d90b0c40048b330c3caea36224] 10.0.0.211 "GET /resource_providers/7e0f78ca-91fd-4946-adad-5ab6aee43ad2/aggregates" status: 404 len: 235 microversion: 1.1 [pid: 7|app: 0|req: 375/749] 10.0.0.211 () {32 vars in 816 bytes} [Thu Jul 2 01:40:06 2026] GET /resource_providers/7e0f78ca-91fd-4946-adad-5ab6aee43ad2/aggregates => generated 235 bytes in 15 msecs (HTTP/1.1 404) 5 headers in 202 bytes (1 switches on core 0)
2026-07-02 01:40:06.557 7 INFO placement.requestlog [None req-0a8b566a-9a7d-4ba8-9dd1-e96411b16d09 9074c4385cf446f78cdff02a6cd4fbef cf69d9ee0a0f496c90e2aa863159cdb2 - - 0dce83d90b0c40048b330c3caea36224 0dce83d90b0c40048b330c3caea36224] 10.0.0.211 "DELETE /resource_providers/7e0f78ca-91fd-4946-adad-5ab6aee43ad2" status: 404 len: 246 microversion: 1.1 [pid: 7|app: 0|req: 376/750] 10.0.0.211 () {34 vars in 816 bytes} [Thu Jul 2 01:40:06 2026] DELETE /resource_providers/7e0f78ca-91fd-4946-adad-5ab6aee43ad2 => generated 246 bytes in 8 msecs (HTTP/1.1 404) 6 headers in 231 bytes (1 switches on core 0)
2026-07-02 01:40:06.559 8 INFO placement.requestlog [None req-d4215424-3686-4f45-aac7-171a14847366 9074c4385cf446f78cdff02a6cd4fbef cf69d9ee0a0f496c90e2aa863159cdb2 - - 0dce83d90b0c40048b330c3caea36224 0dce83d90b0c40048b330c3caea36224] 10.0.0.211 "DELETE /resource_providers/7e0f78ca-91fd-4946-adad-5ab6aee43ad2" status: 404 len: 246 microversion: 1.1 [pid: 8|app: 0|req: 375/751] 10.0.0.211 () {34 vars in 816 bytes} [Thu Jul 2 01:40:06 2026] DELETE /resource_providers/7e0f78ca-91fd-4946-adad-5ab6aee43ad2 => generated 246 bytes in 10 msecs (HTTP/1.1 404) 6 headers in 231 bytes (1 switches on core 0)
2026-07-02 01:40:07.272 7 INFO placement.requestlog [req-95987873-52c3-4125-8a08-b8f6238037cb req-e8004227-cbcd-4a5e-8aa8-8e9e6441d878 c44bd60944794cb9ad9866cdc176b44f cf69d9ee0a0f496c90e2aa863159cdb2 - - 0dce83d90b0c40048b330c3caea36224 0dce83d90b0c40048b330c3caea36224] 199.204.45.238 "GET /resource_providers/ee43b75a-85f8-4890-b10e-ebf5a3b620b9/allocations" status: 200 len: 252 microversion: 1.0 [pid: 7|app: 0|req: 377/752] 199.204.45.238 () {32 vars in 857 bytes} [Thu Jul 2 01:40:07 2026] GET /resource_providers/ee43b75a-85f8-4890-b10e-ebf5a3b620b9/allocations => generated 252 bytes in 23 msecs (HTTP/1.1 200) 6 headers in 224 bytes (1 switches on core 0)
2026-07-02 01:40:07.305 8 INFO placement.requestlog [req-95987873-52c3-4125-8a08-b8f6238037cb req-72eb1c7d-b7f3-4179-8041-477cfab70a63 c44bd60944794cb9ad9866cdc176b44f cf69d9ee0a0f496c90e2aa863159cdb2 - - 0dce83d90b0c40048b330c3caea36224 0dce83d90b0c40048b330c3caea36224] 199.204.45.238 "GET /allocations/d9d7e55e-50c3-4e99-8730-f35414da5cc2" status: 200 len: 257 microversion: 1.28 [pid: 8|app: 0|req: 376/753] 199.204.45.238 () {34 vars in 863 bytes} [Thu Jul 2 01:40:07 2026] GET /allocations/d9d7e55e-50c3-4e99-8730-f35414da5cc2 => generated 257 bytes in 25 msecs (HTTP/1.1 200) 8 headers in 296 bytes (1 switches on core 0)
2026-07-02 01:40:07.330 7 INFO placement.requestlog [req-95987873-52c3-4125-8a08-b8f6238037cb req-7a791445-d2c2-4b99-8cdd-59b1270d1c21 c44bd60944794cb9ad9866cdc176b44f cf69d9ee0a0f496c90e2aa863159cdb2 - - 0dce83d90b0c40048b330c3caea36224 0dce83d90b0c40048b330c3caea36224] 199.204.45.238 "GET /allocations/6de9429c-8159-47f3-afdf-4d51b8750e9b" status: 200 len: 257 microversion: 1.28 [pid: 7|app: 0|req: 378/754] 199.204.45.238 () {34 vars in 863 bytes} [Thu Jul 2 01:40:07 2026] GET /allocations/6de9429c-8159-47f3-afdf-4d51b8750e9b => generated 257 bytes in 17 msecs (HTTP/1.1 200) 8 headers in 296 bytes (1 switches on core 0)
2026-07-02 01:40:09.719 8 INFO placement.requestlog [None req-42ba9ded-691b-40dc-8cac-fb343ab6322a - - - - - -] 10.0.0.51 "GET /" status: 200 len: 136 microversion: 1.0
2026-07-02 01:40:09.720 7 INFO placement.requestlog [None req-2bbc86d6-a51e-4de3-8cbc-338134d61161 - - - - - -] 10.0.0.51 "GET /" status: 200 len: 136 microversion: 1.0
2026-07-02 01:40:15.637 7 INFO placement.requestlog [None req-f5be0f87-b391-4c33-b895-ed41b493c37b 9074c4385cf446f78cdff02a6cd4fbef cf69d9ee0a0f496c90e2aa863159cdb2 - - 0dce83d90b0c40048b330c3caea36224 0dce83d90b0c40048b330c3caea36224] 10.0.0.211 "GET /resource_providers/5800d8e9-d6a6-4e5e-ad0f-0e7077fdada3/aggregates" status: 404 len: 235 microversion: 1.1 [pid: 7|app: 0|req: 380/757] 10.0.0.211 () {32 vars in 816 bytes} [Thu Jul 2 01:40:15 2026] GET /resource_providers/5800d8e9-d6a6-4e5e-ad0f-0e7077fdada3/aggregates => generated 235 bytes in 10 msecs (HTTP/1.1 404) 5 headers in 202 bytes (1 switches on core 0)
2026-07-02 01:40:15.638 8 INFO placement.requestlog [None req-38ed9177-7dc1-426a-8a92-9f45da4cd042 9074c4385cf446f78cdff02a6cd4fbef cf69d9ee0a0f496c90e2aa863159cdb2 - - 0dce83d90b0c40048b330c3caea36224 0dce83d90b0c40048b330c3caea36224] 10.0.0.211 "GET /resource_providers/5800d8e9-d6a6-4e5e-ad0f-0e7077fdada3/aggregates" status: 404 len: 235 microversion: 1.1 [pid: 8|app: 0|req: 378/758] 10.0.0.211 () {32 vars in 816 bytes} [Thu Jul 2 01:40:15 2026] GET /resource_providers/5800d8e9-d6a6-4e5e-ad0f-0e7077fdada3/aggregates => generated 235 bytes in 11 msecs (HTTP/1.1 404) 5 headers in 202 bytes (1 switches on core 0)
2026-07-02 01:40:15.673 7 INFO placement.requestlog [None req-6c6c5108-415f-484c-baee-b5b388a07af0 9074c4385cf446f78cdff02a6cd4fbef cf69d9ee0a0f496c90e2aa863159cdb2 - - 0dce83d90b0c40048b330c3caea36224 0dce83d90b0c40048b330c3caea36224] 10.0.0.211 "DELETE /resource_providers/5800d8e9-d6a6-4e5e-ad0f-0e7077fdada3" status: 404 len: 246 microversion: 1.1
2026-07-02 01:40:15.673 8 INFO placement.requestlog [None req-5a8f9500-a125-45a8-9b1d-d58581112b8a 9074c4385cf446f78cdff02a6cd4fbef cf69d9ee0a0f496c90e2aa863159cdb2 - - 0dce83d90b0c40048b330c3caea36224 0dce83d90b0c40048b330c3caea36224] 10.0.0.211 "DELETE /resource_providers/5800d8e9-d6a6-4e5e-ad0f-0e7077fdada3" status: 404 len: 246 microversion: 1.1 [pid: 8|app: 0|req: 379/759] 10.0.0.211 () {34 vars in 816 bytes} [Thu Jul 2 01:40:15 2026] DELETE /resource_providers/5800d8e9-d6a6-4e5e-ad0f-0e7077fdada3 => generated 246 bytes in 12 msecs (HTTP/1.1 404) 6 headers in 231 bytes (1 switches on core 0) [pid: 7|app: 0|req: 381/760] 10.0.0.211 () {34 vars in 816 bytes} [Thu Jul 2 01:40:15 2026] DELETE /resource_providers/5800d8e9-d6a6-4e5e-ad0f-0e7077fdada3 => generated 246 bytes in 13 msecs (HTTP/1.1 404) 6 headers in 231 bytes (1 switches on core 0)
2026-07-02 01:40:16.354 8 INFO placement.requestlog [req-d74bb0b7-38b8-4f04-81f1-3c59296698b6 req-92f27baf-b2fc-4a9b-9613-69e80eb87566 c44bd60944794cb9ad9866cdc176b44f cf69d9ee0a0f496c90e2aa863159cdb2 - - 0dce83d90b0c40048b330c3caea36224 0dce83d90b0c40048b330c3caea36224] 199.204.45.238 "GET /resource_providers/ee43b75a-85f8-4890-b10e-ebf5a3b620b9/allocations" status: 200 len: 252 microversion: 1.0 [pid: 8|app: 0|req: 380/761] 199.204.45.238 () {32 vars in 857 bytes} [Thu Jul 2 01:40:16 2026] GET /resource_providers/ee43b75a-85f8-4890-b10e-ebf5a3b620b9/allocations => generated 252 bytes in 19 msecs (HTTP/1.1 200) 6 headers in 224 bytes (1 switches on core 0)
2026-07-02 01:40:16.388 7 INFO placement.requestlog [req-d74bb0b7-38b8-4f04-81f1-3c59296698b6 req-fc4d1dcb-9b1c-428e-bd15-4c1309b5c4a1 c44bd60944794cb9ad9866cdc176b44f cf69d9ee0a0f496c90e2aa863159cdb2 - - 0dce83d90b0c40048b330c3caea36224 0dce83d90b0c40048b330c3caea36224] 199.204.45.238 "GET /resource_providers/ee43b75a-85f8-4890-b10e-ebf5a3b620b9/allocations" status: 200 len: 252 microversion: 1.0 [pid: 7|app: 0|req: 382/762] 199.204.45.238 () {32 vars in 857 bytes} [Thu Jul 2 01:40:16 2026] GET /resource_providers/ee43b75a-85f8-4890-b10e-ebf5a3b620b9/allocations => generated 252 bytes in 24 msecs (HTTP/1.1 200) 6 headers in 224 bytes (1 switches on core 0)
2026-07-02 01:40:16.403 8 INFO placement.requestlog [req-d74bb0b7-38b8-4f04-81f1-3c59296698b6 req-181f79c1-eacb-4431-8c39-8b64e449700e c44bd60944794cb9ad9866cdc176b44f cf69d9ee0a0f496c90e2aa863159cdb2 - - 0dce83d90b0c40048b330c3caea36224 0dce83d90b0c40048b330c3caea36224] 199.204.45.238 "GET /allocations/d9d7e55e-50c3-4e99-8730-f35414da5cc2" status: 200 len: 257 microversion: 1.28 [pid: 8|app: 0|req: 381/763] 199.204.45.238 () {34 vars in 863 bytes} [Thu Jul 2 01:40:16 2026] GET /allocations/d9d7e55e-50c3-4e99-8730-f35414da5cc2 => generated 257 bytes in 10 msecs (HTTP/1.1 200) 8 headers in 296 bytes (1 switches on core 0)
2026-07-02 01:40:16.427 7 INFO placement.requestlog [req-d74bb0b7-38b8-4f04-81f1-3c59296698b6 req-961ef597-8284-4912-bfb0-cfc8b3271adc c44bd60944794cb9ad9866cdc176b44f cf69d9ee0a0f496c90e2aa863159cdb2 - - 0dce83d90b0c40048b330c3caea36224 0dce83d90b0c40048b330c3caea36224] 199.204.45.238 "GET /allocations/6de9429c-8159-47f3-afdf-4d51b8750e9b" status: 200 len: 257 microversion: 1.28 [pid: 7|app: 0|req: 383/764] 199.204.45.238 () {34 vars in 863 bytes} [Thu Jul 2 01:40:16 2026] GET /allocations/6de9429c-8159-47f3-afdf-4d51b8750e9b => generated 257 bytes in 14 msecs (HTTP/1.1 200) 8 headers in 296 bytes (1 switches on core 0)
2026-07-02 01:40:16.546 8 INFO placement.requestlog [req-2eeae403-d73c-4d36-a388-15412554ef62 req-9ac212b1-c2f5-4d84-b7d5-14d17583a224 c44bd60944794cb9ad9866cdc176b44f cf69d9ee0a0f496c90e2aa863159cdb2 - - 0dce83d90b0c40048b330c3caea36224 0dce83d90b0c40048b330c3caea36224] 10.0.0.166 "GET /allocation_candidates?limit=1000&resources=DISK_GB%3A1%2CMEMORY_MB%3A512%2CVCPU%3A1&root_required=%21COMPUTE_STATUS_DISABLED" status: 200 len: 2445 microversion: 1.36 [pid: 8|app: 0|req: 382/765] 10.0.0.166 () {34 vars in 1012 bytes} [Thu Jul 2 01:40:16 2026] GET /allocation_candidates?limit=1000&resources=DISK_GB%3A1%2CMEMORY_MB%3A512%2CVCPU%3A1&root_required=%21COMPUTE_STATUS_DISABLED => generated 2445 bytes in 33 msecs (HTTP/1.1 200) 8 headers in 297 bytes (1 switches on core 0)
2026-07-02 01:40:16.574 7 INFO placement.requestlog [req-2eeae403-d73c-4d36-a388-15412554ef62 req-002df552-1fe6-49db-838e-c03e9747e9dc c44bd60944794cb9ad9866cdc176b44f cf69d9ee0a0f496c90e2aa863159cdb2 - - 0dce83d90b0c40048b330c3caea36224 0dce83d90b0c40048b330c3caea36224] 10.0.0.166 "GET /allocations/c425a016-fb74-4fe9-96f0-5d1ecdf25278" status: 200 len: 19 microversion: 1.28 [pid: 7|app: 0|req: 384/766] 10.0.0.166 () {34 vars in 861 bytes} [Thu Jul 2 01:40:16 2026] GET /allocations/c425a016-fb74-4fe9-96f0-5d1ecdf25278 => generated 19 bytes in 10 msecs (HTTP/1.1 200) 8 headers in 295 bytes (1 switches on core 0)
2026-07-02 01:40:16.634 8 INFO placement.requestlog [req-2eeae403-d73c-4d36-a388-15412554ef62 req-c198daec-67a7-4e99-b038-8bc47255dc88 c44bd60944794cb9ad9866cdc176b44f cf69d9ee0a0f496c90e2aa863159cdb2 - - 0dce83d90b0c40048b330c3caea36224 0dce83d90b0c40048b330c3caea36224] 10.0.0.166 "PUT /allocations/c425a016-fb74-4fe9-96f0-5d1ecdf25278" status: 204 len: 0 microversion: 1.36 [pid: 8|app: 0|req: 383/767] 10.0.0.166 () {38 vars in 914 bytes} [Thu Jul 2 01:40:16 2026] PUT /allocations/c425a016-fb74-4fe9-96f0-5d1ecdf25278 => generated 0 bytes in 53 msecs (HTTP/1.1 204) 5 headers in 199 bytes (1 switches on core 0)
2026-07-02 01:40:18.169 7 INFO placement.requestlog [req-2eeae403-d73c-4d36-a388-15412554ef62 req-cd2cd72f-0df7-4a69-810c-8a7c4275a151 c44bd60944794cb9ad9866cdc176b44f cf69d9ee0a0f496c90e2aa863159cdb2 - - 0dce83d90b0c40048b330c3caea36224 0dce83d90b0c40048b330c3caea36224] 199.204.45.238 "GET /allocations/c425a016-fb74-4fe9-96f0-5d1ecdf25278" status: 200 len: 257 microversion: 1.28 [pid: 7|app: 0|req: 385/768] 199.204.45.238 () {34 vars in 863 bytes} [Thu Jul 2 01:40:18 2026] GET /allocations/c425a016-fb74-4fe9-96f0-5d1ecdf25278 => generated 257 bytes in 21 msecs (HTTP/1.1 200) 8 headers in 296 bytes (1 switches on core 0)
2026-07-02 01:40:19.209 8 INFO placement.requestlog [req-2eeae403-d73c-4d36-a388-15412554ef62 req-ed36cf38-c47a-4260-b32c-6a65ff9d02f9 c44bd60944794cb9ad9866cdc176b44f cf69d9ee0a0f496c90e2aa863159cdb2 - - 0dce83d90b0c40048b330c3caea36224 0dce83d90b0c40048b330c3caea36224] 199.204.45.238 "GET /resource_providers/ee43b75a-85f8-4890-b10e-ebf5a3b620b9/allocations" status: 200 len: 352 microversion: 1.0 [pid: 8|app: 0|req: 384/769] 199.204.45.238 () {32 vars in 857 bytes} [Thu Jul 2 01:40:19 2026] GET /resource_providers/ee43b75a-85f8-4890-b10e-ebf5a3b620b9/allocations => generated 352 bytes in 17 msecs (HTTP/1.1 200) 6 headers in 224 bytes (1 switches on core 0)
2026-07-02 01:40:19.228 7 INFO placement.requestlog [req-2eeae403-d73c-4d36-a388-15412554ef62 req-5f5c2183-5e02-4940-be69-d0ebea61639e c44bd60944794cb9ad9866cdc176b44f cf69d9ee0a0f496c90e2aa863159cdb2 - - 0dce83d90b0c40048b330c3caea36224 0dce83d90b0c40048b330c3caea36224] 199.204.45.238 "GET /allocations/c425a016-fb74-4fe9-96f0-5d1ecdf25278" status: 200 len: 257 microversion: 1.28 [pid: 7|app: 0|req: 386/770] 199.204.45.238 () {34 vars in 863 bytes} [Thu Jul 2 01:40:19 2026] GET /allocations/c425a016-fb74-4fe9-96f0-5d1ecdf25278 => generated 257 bytes in 12 msecs (HTTP/1.1 200) 8 headers in 296 bytes (1 switches on core 0)
2026-07-02 01:40:19.247 8 INFO placement.requestlog [req-2eeae403-d73c-4d36-a388-15412554ef62 req-2f46d043-9ba4-4661-8576-26095466e70e c44bd60944794cb9ad9866cdc176b44f cf69d9ee0a0f496c90e2aa863159cdb2 - - 0dce83d90b0c40048b330c3caea36224 0dce83d90b0c40048b330c3caea36224] 199.204.45.238 "GET /allocations/d9d7e55e-50c3-4e99-8730-f35414da5cc2" status: 200 len: 257 microversion: 1.28 [pid: 8|app: 0|req: 385/771] 199.204.45.238 () {34 vars in 863 bytes} [Thu Jul 2 01:40:19 2026] GET /allocations/d9d7e55e-50c3-4e99-8730-f35414da5cc2 => generated 257 bytes in 13 msecs (HTTP/1.1 200) 8 headers in 296 bytes (1 switches on core 0)
2026-07-02 01:40:19.265 7 INFO placement.requestlog [req-2eeae403-d73c-4d36-a388-15412554ef62 req-bca49926-e156-4af0-b4a1-206b1d0b90bd c44bd60944794cb9ad9866cdc176b44f cf69d9ee0a0f496c90e2aa863159cdb2 - - 0dce83d90b0c40048b330c3caea36224 0dce83d90b0c40048b330c3caea36224] 199.204.45.238 "GET /allocations/6de9429c-8159-47f3-afdf-4d51b8750e9b" status: 200 len: 257 microversion: 1.28 [pid: 7|app: 0|req: 387/772] 199.204.45.238 () {34 vars in 863 bytes} [Thu Jul 2 01:40:19 2026] GET /allocations/6de9429c-8159-47f3-afdf-4d51b8750e9b => generated 257 bytes in 14 msecs (HTTP/1.1 200) 8 headers in 296 bytes (1 switches on core 0)
2026-07-02 01:40:19.721 7 INFO placement.requestlog [None req-50ba4894-33b3-4cec-9c35-423e6c398747 - - - - - -] 10.0.0.51 "GET /" status: 200 len: 136 microversion: 1.0
2026-07-02 01:40:19.721 8 INFO placement.requestlog [None req-0a1077ae-d9a7-4789-82b7-477883a19841 - - - - - -] 10.0.0.51 "GET /" status: 200 len: 136 microversion: 1.0
2026-07-02 01:40:25.821 7 INFO placement.requestlog [None req-0904c19c-9bfb-4d32-b27f-7a335dcddfd8 9074c4385cf446f78cdff02a6cd4fbef cf69d9ee0a0f496c90e2aa863159cdb2 - - 0dce83d90b0c40048b330c3caea36224 0dce83d90b0c40048b330c3caea36224] 10.0.0.211 "GET /resource_providers/60e5484b-b782-4cc6-9336-225f207a2e5b/aggregates" status: 404 len: 235 microversion: 1.1 [pid: 7|app: 0|req: 389/775] 10.0.0.211 () {32 vars in 816 bytes} [Thu Jul 2 01:40:25 2026] GET /resource_providers/60e5484b-b782-4cc6-9336-225f207a2e5b/aggregates => generated 235 bytes in 10 msecs (HTTP/1.1 404) 5 headers in 202 bytes (1 switches on core 0)
2026-07-02 01:40:25.824 8 INFO placement.requestlog [None req-dd7cd273-f1fb-4f9f-a757-637030156119 9074c4385cf446f78cdff02a6cd4fbef cf69d9ee0a0f496c90e2aa863159cdb2 - - 0dce83d90b0c40048b330c3caea36224 0dce83d90b0c40048b330c3caea36224] 10.0.0.211 "GET /resource_providers/60e5484b-b782-4cc6-9336-225f207a2e5b/aggregates" status: 404 len: 235 microversion: 1.1 [pid: 8|app: 0|req: 387/776] 10.0.0.211 () {32 vars in 816 bytes} [Thu Jul 2 01:40:25 2026] GET /resource_providers/60e5484b-b782-4cc6-9336-225f207a2e5b/aggregates => generated 235 bytes in 8 msecs (HTTP/1.1 404) 5 headers in 202 bytes (1 switches on core 0)
2026-07-02 01:40:25.844 7 INFO placement.requestlog [None req-e1ef8a8d-7d15-4d0f-a75d-25deb7b79150 9074c4385cf446f78cdff02a6cd4fbef cf69d9ee0a0f496c90e2aa863159cdb2 - - 0dce83d90b0c40048b330c3caea36224 0dce83d90b0c40048b330c3caea36224] 10.0.0.211 "DELETE /resource_providers/60e5484b-b782-4cc6-9336-225f207a2e5b" status: 404 len: 246 microversion: 1.1 [pid: 7|app: 0|req: 390/777] 10.0.0.211 () {34 vars in 816 bytes} [Thu Jul 2 01:40:25 2026] DELETE /resource_providers/60e5484b-b782-4cc6-9336-225f207a2e5b => generated 246 bytes in 9 msecs (HTTP/1.1 404) 6 headers in 231 bytes (1 switches on core 0)
2026-07-02 01:40:25.845 8 INFO placement.requestlog [None req-e78d3d4f-c3c6-4157-b979-e3f8efdf8c3c 9074c4385cf446f78cdff02a6cd4fbef cf69d9ee0a0f496c90e2aa863159cdb2 - - 0dce83d90b0c40048b330c3caea36224 0dce83d90b0c40048b330c3caea36224] 10.0.0.211 "DELETE /resource_providers/60e5484b-b782-4cc6-9336-225f207a2e5b" status: 404 len: 246 microversion: 1.1 [pid: 8|app: 0|req: 388/778] 10.0.0.211 () {34 vars in 816 bytes} [Thu Jul 2 01:40:25 2026] DELETE /resource_providers/60e5484b-b782-4cc6-9336-225f207a2e5b => generated 246 bytes in 9 msecs (HTTP/1.1 404) 6 headers in 231 bytes (1 switches on core 0)
2026-07-02 01:40:29.720 7 INFO placement.requestlog [None req-2e613db5-8cba-4eb2-9c14-90e872e9f400 - - - - - -] 10.0.0.51 "GET /" status: 200 len: 136 microversion: 1.0
2026-07-02 01:40:29.720 8 INFO placement.requestlog [None req-03582d83-440d-4309-9186-82a566e2b468 - - - - - -] 10.0.0.51 "GET /" status: 200 len: 136 microversion: 1.0
2026-07-02 01:40:29.886 7 INFO placement.requestlog [req-65dacb3f-c50d-48d4-b128-60f981e43753 req-212dfb75-a318-4fa7-92db-777fe2e5e35e c44bd60944794cb9ad9866cdc176b44f cf69d9ee0a0f496c90e2aa863159cdb2 - - 0dce83d90b0c40048b330c3caea36224 0dce83d90b0c40048b330c3caea36224] 199.204.45.238 "GET /resource_providers/ee43b75a-85f8-4890-b10e-ebf5a3b620b9/allocations" status: 200 len: 352 microversion: 1.0 [pid: 7|app: 0|req: 392/781] 199.204.45.238 () {32 vars in 857 bytes} [Thu Jul 2 01:40:29 2026] GET /resource_providers/ee43b75a-85f8-4890-b10e-ebf5a3b620b9/allocations => generated 352 bytes in 16 msecs (HTTP/1.1 200) 6 headers in 224 bytes (1 switches on core 0)
2026-07-02 01:40:29.905 8 INFO placement.requestlog [req-65dacb3f-c50d-48d4-b128-60f981e43753 req-5a6a0a38-cbad-4818-b60e-b71e1cb83738 c44bd60944794cb9ad9866cdc176b44f cf69d9ee0a0f496c90e2aa863159cdb2 - - 0dce83d90b0c40048b330c3caea36224 0dce83d90b0c40048b330c3caea36224] 199.204.45.238 "GET /allocations/c425a016-fb74-4fe9-96f0-5d1ecdf25278" status: 200 len: 257 microversion: 1.28 [pid: 8|app: 0|req: 390/782] 199.204.45.238 () {34 vars in 863 bytes} [Thu Jul 2 01:40:29 2026] GET /allocations/c425a016-fb74-4fe9-96f0-5d1ecdf25278 => generated 257 bytes in 12 msecs (HTTP/1.1 200) 8 headers in 296 bytes (1 switches on core 0)
2026-07-02 01:40:29.928 7 INFO placement.requestlog [req-65dacb3f-c50d-48d4-b128-60f981e43753 req-788c40d2-c71a-4a6b-8075-60fff492f0ba c44bd60944794cb9ad9866cdc176b44f cf69d9ee0a0f496c90e2aa863159cdb2 - - 0dce83d90b0c40048b330c3caea36224 0dce83d90b0c40048b330c3caea36224] 199.204.45.238 "GET /allocations/d9d7e55e-50c3-4e99-8730-f35414da5cc2" status: 200 len: 257 microversion: 1.28 [pid: 7|app: 0|req: 393/783] 199.204.45.238 () {34 vars in 863 bytes} [Thu Jul 2 01:40:29 2026] GET /allocations/d9d7e55e-50c3-4e99-8730-f35414da5cc2 => generated 257 bytes in 15 msecs (HTTP/1.1 200) 8 headers in 296 bytes (1 switches on core 0)
2026-07-02 01:40:29.950 8 INFO placement.requestlog [req-65dacb3f-c50d-48d4-b128-60f981e43753 req-adefcd44-5f87-473a-94a5-1afec59cfad9 c44bd60944794cb9ad9866cdc176b44f cf69d9ee0a0f496c90e2aa863159cdb2 - - 0dce83d90b0c40048b330c3caea36224 0dce83d90b0c40048b330c3caea36224] 199.204.45.238 "GET /allocations/6de9429c-8159-47f3-afdf-4d51b8750e9b" status: 200 len: 257 microversion: 1.28 [pid: 8|app: 0|req: 391/784] 199.204.45.238 () {34 vars in 863 bytes} [Thu Jul 2 01:40:29 2026] GET /allocations/6de9429c-8159-47f3-afdf-4d51b8750e9b => generated 257 bytes in 15 msecs (HTTP/1.1 200) 8 headers in 296 bytes (1 switches on core 0)
2026-07-02 01:40:30.997 7 INFO placement.requestlog [req-65dacb3f-c50d-48d4-b128-60f981e43753 req-9d6b712e-cb19-4037-98dc-05a8f3b76041 c44bd60944794cb9ad9866cdc176b44f cf69d9ee0a0f496c90e2aa863159cdb2 - - 0dce83d90b0c40048b330c3caea36224 0dce83d90b0c40048b330c3caea36224] 199.204.45.238 "DELETE /allocations/d9d7e55e-50c3-4e99-8730-f35414da5cc2" status: 204 len: 0 microversion: 1.0 [pid: 7|app: 0|req: 394/785] 199.204.45.238 () {34 vars in 841 bytes} [Thu Jul 2 01:40:30 2026] DELETE /allocations/d9d7e55e-50c3-4e99-8730-f35414da5cc2 => generated 0 bytes in 24 msecs (HTTP/1.1 204) 5 headers in 198 bytes (1 switches on core 0)
2026-07-02 01:40:36.220 8 INFO placement.requestlog [None req-1ef3a3ad-26f0-472c-9242-34053fd7dc32 9074c4385cf446f78cdff02a6cd4fbef cf69d9ee0a0f496c90e2aa863159cdb2 - - 0dce83d90b0c40048b330c3caea36224 0dce83d90b0c40048b330c3caea36224] 10.0.0.211 "GET /resource_providers/1d5ba94d-c194-4306-9814-9d053df9dadb/aggregates" status: 404 len: 235 microversion: 1.1 [pid: 8|app: 0|req: 392/786] 10.0.0.211 () {32 vars in 816 bytes} [Thu Jul 2 01:40:36 2026] GET /resource_providers/1d5ba94d-c194-4306-9814-9d053df9dadb/aggregates => generated 235 bytes in 11 msecs (HTTP/1.1 404) 5 headers in 202 bytes (1 switches on core 0)
2026-07-02 01:40:36.233 7 INFO placement.requestlog [None req-12db72d4-3944-447f-9db7-4925cd766ca8 9074c4385cf446f78cdff02a6cd4fbef cf69d9ee0a0f496c90e2aa863159cdb2 - - 0dce83d90b0c40048b330c3caea36224 0dce83d90b0c40048b330c3caea36224] 10.0.0.211 "GET /resource_providers/1d5ba94d-c194-4306-9814-9d053df9dadb/aggregates" status: 404 len: 235 microversion: 1.1 [pid: 7|app: 0|req: 395/787] 10.0.0.211 () {32 vars in 816 bytes} [Thu Jul 2 01:40:36 2026] GET /resource_providers/1d5ba94d-c194-4306-9814-9d053df9dadb/aggregates => generated 235 bytes in 11 msecs (HTTP/1.1 404) 5 headers in 202 bytes (1 switches on core 0)
2026-07-02 01:40:36.253 7 INFO placement.requestlog [None req-a6c2fff5-8dae-4b48-9679-c85a8d2df35b 9074c4385cf446f78cdff02a6cd4fbef cf69d9ee0a0f496c90e2aa863159cdb2 - - 0dce83d90b0c40048b330c3caea36224 0dce83d90b0c40048b330c3caea36224] 10.0.0.211 "DELETE /resource_providers/1d5ba94d-c194-4306-9814-9d053df9dadb" status: 404 len: 246 microversion: 1.1 [pid: 7|app: 0|req: 396/788] 10.0.0.211 () {34 vars in 816 bytes} [Thu Jul 2 01:40:36 2026] DELETE /resource_providers/1d5ba94d-c194-4306-9814-9d053df9dadb => generated 246 bytes in 7 msecs (HTTP/1.1 404) 6 headers in 231 bytes (1 switches on core 0)
2026-07-02 01:40:36.255 8 INFO placement.requestlog [None req-8bf6d044-ead9-4b15-a5bf-5f8f995fcc72 9074c4385cf446f78cdff02a6cd4fbef cf69d9ee0a0f496c90e2aa863159cdb2 - - 0dce83d90b0c40048b330c3caea36224 0dce83d90b0c40048b330c3caea36224] 10.0.0.211 "DELETE /resource_providers/1d5ba94d-c194-4306-9814-9d053df9dadb" status: 404 len: 246 microversion: 1.1 [pid: 8|app: 0|req: 393/789] 10.0.0.211 () {34 vars in 816 bytes} [Thu Jul 2 01:40:36 2026] DELETE /resource_providers/1d5ba94d-c194-4306-9814-9d053df9dadb => generated 246 bytes in 13 msecs (HTTP/1.1 404) 6 headers in 231 bytes (1 switches on core 0)
2026-07-02 01:40:38.124 7 INFO placement.requestlog [req-0b0f174e-a7b6-4e7e-bb11-69fdaa8ee57e req-673f1b80-1070-47c8-ab58-24fbc3e3b588 c44bd60944794cb9ad9866cdc176b44f cf69d9ee0a0f496c90e2aa863159cdb2 - - 0dce83d90b0c40048b330c3caea36224 0dce83d90b0c40048b330c3caea36224] 199.204.45.238 "GET /resource_providers/ee43b75a-85f8-4890-b10e-ebf5a3b620b9/allocations" status: 200 len: 252 microversion: 1.0 [pid: 7|app: 0|req: 397/790] 199.204.45.238 () {32 vars in 857 bytes} [Thu Jul 2 01:40:38 2026] GET /resource_providers/ee43b75a-85f8-4890-b10e-ebf5a3b620b9/allocations => generated 252 bytes in 20 msecs (HTTP/1.1 200) 6 headers in 224 bytes (1 switches on core 0)
2026-07-02 01:40:38.144 8 INFO placement.requestlog [req-0b0f174e-a7b6-4e7e-bb11-69fdaa8ee57e req-53b51bc5-d46f-420a-b463-50668c0fe430 c44bd60944794cb9ad9866cdc176b44f cf69d9ee0a0f496c90e2aa863159cdb2 - - 0dce83d90b0c40048b330c3caea36224 0dce83d90b0c40048b330c3caea36224] 199.204.45.238 "GET /allocations/c425a016-fb74-4fe9-96f0-5d1ecdf25278" status: 200 len: 257 microversion: 1.28 [pid: 8|app: 0|req: 394/791] 199.204.45.238 () {34 vars in 863 bytes} [Thu Jul 2 01:40:38 2026] GET /allocations/c425a016-fb74-4fe9-96f0-5d1ecdf25278 => generated 257 bytes in 16 msecs (HTTP/1.1 200) 8 headers in 296 bytes (1 switches on core 0)
2026-07-02 01:40:38.185 7 INFO placement.requestlog [req-0b0f174e-a7b6-4e7e-bb11-69fdaa8ee57e req-06127924-18c9-4ec7-ab63-20b858b6eefe c44bd60944794cb9ad9866cdc176b44f cf69d9ee0a0f496c90e2aa863159cdb2 - - 0dce83d90b0c40048b330c3caea36224 0dce83d90b0c40048b330c3caea36224] 199.204.45.238 "GET /allocations/6de9429c-8159-47f3-afdf-4d51b8750e9b" status: 200 len: 257 microversion: 1.28 [pid: 7|app: 0|req: 398/792] 199.204.45.238 () {34 vars in 863 bytes} [Thu Jul 2 01:40:38 2026] GET /allocations/6de9429c-8159-47f3-afdf-4d51b8750e9b => generated 257 bytes in 29 msecs (HTTP/1.1 200) 8 headers in 296 bytes (1 switches on core 0)
2026-07-02 01:40:39.241 8 INFO placement.requestlog [req-0b0f174e-a7b6-4e7e-bb11-69fdaa8ee57e req-873bf966-ef5e-49d5-92bd-36659b511b4d c44bd60944794cb9ad9866cdc176b44f cf69d9ee0a0f496c90e2aa863159cdb2 - - 0dce83d90b0c40048b330c3caea36224 0dce83d90b0c40048b330c3caea36224] 199.204.45.238 "DELETE /allocations/6de9429c-8159-47f3-afdf-4d51b8750e9b" status: 204 len: 0 microversion: 1.0 [pid: 8|app: 0|req: 395/793] 199.204.45.238 () {34 vars in 841 bytes} [Thu Jul 2 01:40:39 2026] DELETE /allocations/6de9429c-8159-47f3-afdf-4d51b8750e9b => generated 0 bytes in 30 msecs (HTTP/1.1 204) 5 headers in 198 bytes (1 switches on core 0)
2026-07-02 01:40:39.720 8 INFO placement.requestlog [None req-23e01540-4b4e-43e1-a77c-9f442365e5db - - - - - -] 10.0.0.51 "GET /" status: 200 len: 136 microversion: 1.0
