2026-07-02 01:43:23.206 7 INFO neutron.services.segments.plugin [-] Segment d2f5c566-d8a8-4028-a2c7-24e3b4864b4b resource provider aggregate not found
2026-07-02 01:43:23.212 7 INFO neutron.services.segments.plugin [-] Segment d2f5c566-d8a8-4028-a2c7-24e3b4864b4b resource provider aggregate not found [pid: 8|app: 0|req: 1414/2594] 10.0.0.167 () {32 vars in 722 bytes} [Thu Jul 2 01:43:22 2026] DELETE /v2.0/routers/1ff77cba-74ab-4463-b62f-ae416526e313 => generated 0 bytes in 924 msecs (HTTP/1.1 204) 2 headers in 112 bytes (1 switches on core 0)
2026-07-02 01:43:23.224 7 INFO neutron.services.segments.plugin [-] Segment d2f5c566-d8a8-4028-a2c7-24e3b4864b4b resource provider not found; error: Placement Client Error (4xx): {"errors": [{"status": 404, "title": "Not Found", "detail": "The resource could not be found.\n\n No resource provider with uuid d2f5c566-d8a8-4028-a2c7-24e3b4864b4b found for delete ", "request_id": "req-8cfa8880-a10f-4764-8b91-de713fbd34e4"}]}
2026-07-02 01:43:23.231 7 INFO neutron.services.segments.plugin [-] Segment d2f5c566-d8a8-4028-a2c7-24e3b4864b4b resource provider not found; error: Placement Client Error (4xx): {"errors": [{"status": 404, "title": "Not Found", "detail": "The resource could not be found.\n\n No resource provider with uuid d2f5c566-d8a8-4028-a2c7-24e3b4864b4b found for delete ", "request_id": "req-545d3c8b-6ac3-4093-a535-14f0cbf2cdb7"}]}
2026-07-02 01:43:23.247 7 INFO neutron.services.segments.plugin [-] Segment 771a588e-9d56-4314-9024-17fd49c64bcd resource provider aggregate not found
2026-07-02 01:43:23.253 7 INFO neutron.services.segments.plugin [-] Segment 771a588e-9d56-4314-9024-17fd49c64bcd resource provider aggregate not found
2026-07-02 01:43:23.258 7 WARNING neutron.api.v2.base [None req-ef2925bd-ebd7-4952-99bb-cab67dc5eabb 077e14e93428415196baa2530de6fb50 9d83712b223a4a9da5a9f1887b3d6659 - - default default] An exception happened while processing the request body. The exception message is [Invalid input for description. Reason: 'yyyyyyyyyyyyyyyyyyyyyyyyyyyyyyyyyyyyyyyyyyyyyyyyyyyyyyyyyyyyyyyyyyyyyyyyyyyyyyyyyyyyyyyyyyyyyyyyyyyyyyyyyyyyyyyyyyyyyyyyyyyyyyyyyyyyyyyyyyyyyyyyyyyyyyyyyyyyyyyyyyyyyyyyyyyyyyyyyyyyyyyyyyyyyyyyyyyyyyyyyyyyyyyyyyyyyyyyyyyyyyyyyyyyyyyyyyyyyyyyyyyyyyyyyyyyyyyy' exceeds maximum length of 255.].: webob.exc.HTTPBadRequest: Invalid input for description. Reason: 'yyyyyyyyyyyyyyyyyyyyyyyyyyyyyyyyyyyyyyyyyyyyyyyyyyyyyyyyyyyyyyyyyyyyyyyyyyyyyyyyyyyyyyyyyyyyyyyyyyyyyyyyyyyyyyyyyyyyyyyyyyyyyyyyyyyyyyyyyyyyyyyyyyyyyyyyyyyyyyyyyyyyyyyyyyyyyyyyyyyyyyyyyyyyyyyyyyyyyyyyyyyyyyyyyyyyyyyyyyyyyyyyyyyyyyyyyyyyyyyyyyyyyyyyyyyyyyyy' exceeds maximum length of 255.
2026-07-02 01:43:23.264 7 INFO neutron.api.v2.resource [None req-ef2925bd-ebd7-4952-99bb-cab67dc5eabb 077e14e93428415196baa2530de6fb50 9d83712b223a4a9da5a9f1887b3d6659 - - default default] create failed (client error): Invalid input for description. Reason: 'yyyyyyyyyyyyyyyyyyyyyyyyyyyyyyyyyyyyyyyyyyyyyyyyyyyyyyyyyyyyyyyyyyyyyyyyyyyyyyyyyyyyyyyyyyyyyyyyyyyyyyyyyyyyyyyyyyyyyyyyyyyyyyyyyyyyyyyyyyyyyyyyyyyyyyyyyyyyyyyyyyyyyyyyyyyyyyyyyyyyyyyyyyyyyyyyyyyyyyyyyyyyyyyyyyyyyyyyyyyyyyyyyyyyyyyyyyyyyyyyyyyyyyyyyyyyyyyy' exceeds maximum length of 255. [pid: 7|app: 0|req: 1181/2595] 10.0.0.167 () {34 vars in 683 bytes} [Thu Jul 2 01:43:23 2026] POST /v2.0/vpn/vpnservices => generated 401 bytes in 38 msecs (HTTP/1.1 400) 4 headers in 166 bytes (1 switches on core 0)
2026-07-02 01:43:23.268 7 INFO neutron.services.segments.plugin [-] Segment 771a588e-9d56-4314-9024-17fd49c64bcd resource provider not found; error: Placement Client Error (4xx): {"errors": [{"status": 404, "title": "Not Found", "detail": "The resource could not be found.\n\n No resource provider with uuid 771a588e-9d56-4314-9024-17fd49c64bcd found for delete ", "request_id": "req-51a21f0c-c5e4-4922-a11c-9f97faf079e3"}]}
2026-07-02 01:43:23.276 7 INFO neutron.services.segments.plugin [-] Segment 771a588e-9d56-4314-9024-17fd49c64bcd resource provider not found; error: Placement Client Error (4xx): {"errors": [{"status": 404, "title": "Not Found", "detail": "The resource could not be found.\n\n No resource provider with uuid 771a588e-9d56-4314-9024-17fd49c64bcd found for delete ", "request_id": "req-bc15b746-5ebc-44c1-b993-9cae1e93bb76"}]}
2026-07-02 01:43:23.279 8 WARNING neutron.api.v2.base [None req-c645e4ac-2bbb-41e9-9cee-6d74efea272b 077e14e93428415196baa2530de6fb50 9d83712b223a4a9da5a9f1887b3d6659 - - default default] An exception happened while processing the request body. The exception message is [Invalid input for name. Reason: 'xxxxxxxxxxxxxxxxxxxxxxxxxxxxxxxxxxxxxxxxxxxxxxxxxxxxxxxxxxxxxxxxxxxxxxxxxxxxxxxxxxxxxxxxxxxxxxxxxxxxxxxxxxxxxxxxxxxxxxxxxxxxxxxxxxxxxxxxxxxxxxxxxxxxxxxxxxxxxxxxxxxxxxxxxxxxxxxxxxxxxxxxxxxxxxxxxxxxxxxxxxxxxxxxxxxxxxxxxxxxxxxxxxxxxxxxxxxxxxxxxxxxxxxxxxxxxxxx' exceeds maximum length of 255.].: webob.exc.HTTPBadRequest: Invalid input for name. Reason: 'xxxxxxxxxxxxxxxxxxxxxxxxxxxxxxxxxxxxxxxxxxxxxxxxxxxxxxxxxxxxxxxxxxxxxxxxxxxxxxxxxxxxxxxxxxxxxxxxxxxxxxxxxxxxxxxxxxxxxxxxxxxxxxxxxxxxxxxxxxxxxxxxxxxxxxxxxxxxxxxxxxxxxxxxxxxxxxxxxxxxxxxxxxxxxxxxxxxxxxxxxxxxxxxxxxxxxxxxxxxxxxxxxxxxxxxxxxxxxxxxxxxxxxxxxxxxxxxx' exceeds maximum length of 255.
2026-07-02 01:43:23.280 8 INFO neutron.api.v2.resource [None req-c645e4ac-2bbb-41e9-9cee-6d74efea272b 077e14e93428415196baa2530de6fb50 9d83712b223a4a9da5a9f1887b3d6659 - - default default] create failed (client error): Invalid input for name. Reason: 'xxxxxxxxxxxxxxxxxxxxxxxxxxxxxxxxxxxxxxxxxxxxxxxxxxxxxxxxxxxxxxxxxxxxxxxxxxxxxxxxxxxxxxxxxxxxxxxxxxxxxxxxxxxxxxxxxxxxxxxxxxxxxxxxxxxxxxxxxxxxxxxxxxxxxxxxxxxxxxxxxxxxxxxxxxxxxxxxxxxxxxxxxxxxxxxxxxxxxxxxxxxxxxxxxxxxxxxxxxxxxxxxxxxxxxxxxxxxxxxxxxxxxxxxxxxxxxxx' exceeds maximum length of 255. [pid: 8|app: 0|req: 1415/2596] 10.0.0.167 () {34 vars in 683 bytes} [Thu Jul 2 01:43:23 2026] POST /v2.0/vpn/vpnservices => generated 394 bytes in 8 msecs (HTTP/1.1 400) 4 headers in 166 bytes (1 switches on core 0)
2026-07-02 01:43:23.315 7 INFO neutron.api.v2.resource [None req-81777594-b6f1-4c00-a5af-3f270306a117 077e14e93428415196baa2530de6fb50 9d83712b223a4a9da5a9f1887b3d6659 - - default default] create failed (client error): The server could not comply with the request since it is either malformed or otherwise incorrect. [pid: 7|app: 0|req: 1182/2597] 10.0.0.167 () {34 vars in 691 bytes} [Thu Jul 2 01:43:23 2026] POST /v2.0/vpn/endpoint-groups => generated 183 bytes in 30 msecs (HTTP/1.1 400) 4 headers in 166 bytes (1 switches on core 0)
2026-07-02 01:43:23.366 8 INFO neutron.api.v2.resource [None req-f4458d16-cf96-4245-b560-7b1c630be371 077e14e93428415196baa2530de6fb50 9d83712b223a4a9da5a9f1887b3d6659 - - default default] create failed (client error): The server could not comply with the request since it is either malformed or otherwise incorrect. [pid: 8|app: 0|req: 1416/2598] 10.0.0.167 () {34 vars in 691 bytes} [Thu Jul 2 01:43:23 2026] POST /v2.0/vpn/endpoint-groups => generated 160 bytes in 44 msecs (HTTP/1.1 400) 4 headers in 166 bytes (1 switches on core 0)
2026-07-02 01:43:23.405 7 INFO neutron.api.v2.resource [None req-45287557-7db6-4e15-a40e-be535145831d 077e14e93428415196baa2530de6fb50 9d83712b223a4a9da5a9f1887b3d6659 - - default default] create failed (client error): The server could not comply with the request since it is either malformed or otherwise incorrect. [pid: 7|app: 0|req: 1183/2599] 10.0.0.167 () {34 vars in 691 bytes} [Thu Jul 2 01:43:23 2026] POST /v2.0/vpn/endpoint-groups => generated 154 bytes in 32 msecs (HTTP/1.1 400) 4 headers in 166 bytes (1 switches on core 0) [pid: 8|app: 0|req: 1417/2600] 10.0.0.167 () {32 vars in 661 bytes} [Thu Jul 2 01:43:23 2026] GET /v2.0/vpn/ikepolicies => generated 408 bytes in 11 msecs (HTTP/1.1 200) 4 headers in 157 bytes (1 switches on core 0) [pid: 7|app: 0|req: 1184/2601] 10.0.0.167 () {32 vars in 665 bytes} [Thu Jul 2 01:43:23 2026] GET /v2.0/vpn/ipsecpolicies => generated 416 bytes in 11 msecs (HTTP/1.1 200) 4 headers in 157 bytes (1 switches on core 0) [pid: 8|app: 0|req: 1418/2602] 10.0.0.167 () {32 vars in 683 bytes} [Thu Jul 2 01:43:23 2026] GET /v2.0/vpn/ipsec-site-connections => generated 796 bytes in 14 msecs (HTTP/1.1 200) 4 headers in 157 bytes (1 switches on core 0) [pid: 7|app: 0|req: 1185/2603] 10.0.0.167 () {32 vars in 661 bytes} [Thu Jul 2 01:43:23 2026] GET /v2.0/vpn/vpnservices => generated 861 bytes in 10 msecs (HTTP/1.1 200) 4 headers in 157 bytes (1 switches on core 0) [pid: 8|app: 0|req: 1419/2604] 10.0.0.167 () {32 vars in 743 bytes} [Thu Jul 2 01:43:23 2026] GET /v2.0/vpn/endpoint-groups/e0af3cb3-932b-42d2-b4c6-024f9ec9fb36 => generated 328 bytes in 10 msecs (HTTP/1.1 200) 4 headers in 157 bytes (1 switches on core 0) [pid: 7|app: 0|req: 1186/2605] 10.0.0.167 () {32 vars in 743 bytes} [Thu Jul 2 01:43:23 2026] GET /v2.0/vpn/endpoint-groups/b6dab47d-5b0d-45b1-9e70-edd670c8ab2e => generated 319 bytes in 11 msecs (HTTP/1.1 200) 4 headers in 157 bytes (1 switches on core 0) [pid: 8|app: 0|req: 1420/2606] 10.0.0.167 () {32 vars in 735 bytes} [Thu Jul 2 01:43:23 2026] GET /v2.0/vpn/ikepolicies/bd3893b7-5d19-46a3-9dd3-e697a35554b0 => generated 404 bytes in 11 msecs (HTTP/1.1 200) 4 headers in 157 bytes (1 switches on core 0) [pid: 7|app: 0|req: 1187/2607] 10.0.0.167 () {32 vars in 739 bytes} [Thu Jul 2 01:43:23 2026] GET /v2.0/vpn/ipsecpolicies/c8dac727-704e-4126-b458-bf68b0d8202a => generated 412 bytes in 14 msecs (HTTP/1.1 200) 4 headers in 157 bytes (1 switches on core 0) [pid: 8|app: 0|req: 1421/2608] 10.0.0.167 () {32 vars in 735 bytes} [Thu Jul 2 01:43:23 2026] GET /v2.0/vpn/vpnservices/5619fd1a-f3ff-4764-b638-7d8d89d3ccdc => generated 449 bytes in 12 msecs (HTTP/1.1 200) 4 headers in 157 bytes (1 switches on core 0)
2026-07-02 01:43:23.904 8 INFO neutron.db.ovn_revision_numbers_db [None req-37d98b90-2756-4679-9fd3-4e553d53da11 68c4cb610c9b4725b6b27f25f3c8afec 0a2bd2b1f65f46bdada80bae0cffc780 - - default default] Successfully bumped revision number for resource 0a308551-7e81-42ac-8d0d-d289602a66df (type: security_groups) to 1
2026-07-02 01:43:23.917 8 INFO neutron.db.ovn_revision_numbers_db [None req-37d98b90-2756-4679-9fd3-4e553d53da11 68c4cb610c9b4725b6b27f25f3c8afec 0a2bd2b1f65f46bdada80bae0cffc780 - - default default] Successfully bumped revision number for resource 2a6a4193-39ff-492e-b7ec-62da79f0cd27 (type: security_group_rules) to 0
2026-07-02 01:43:23.934 8 INFO neutron.db.ovn_revision_numbers_db [None req-37d98b90-2756-4679-9fd3-4e553d53da11 68c4cb610c9b4725b6b27f25f3c8afec 0a2bd2b1f65f46bdada80bae0cffc780 - - default default] Successfully bumped revision number for resource 4c76f21b-ba9a-4147-96e0-2171d5257b31 (type: security_group_rules) to 0
2026-07-02 01:43:23.951 8 INFO neutron.db.ovn_revision_numbers_db [None req-37d98b90-2756-4679-9fd3-4e553d53da11 68c4cb610c9b4725b6b27f25f3c8afec 0a2bd2b1f65f46bdada80bae0cffc780 - - default default] Successfully bumped revision number for resource ebceb187-2e15-4b8e-ac26-9a064e21bf89 (type: security_group_rules) to 0
2026-07-02 01:43:23.974 8 INFO neutron.db.ovn_revision_numbers_db [None req-37d98b90-2756-4679-9fd3-4e553d53da11 68c4cb610c9b4725b6b27f25f3c8afec 0a2bd2b1f65f46bdada80bae0cffc780 - - default default] Successfully bumped revision number for resource ff1c3768-6282-4a97-a5fe-fb6141f733a9 (type: security_group_rules) to 0 [pid: 8|app: 0|req: 1422/2609] 10.0.0.167 () {32 vars in 772 bytes} [Thu Jul 2 01:43:23 2026] GET /v2.0/security-groups?tenant_id=4c473a3374a64a4595cd2f5db3ab43a7&name=default => generated 2925 bytes in 437 msecs (HTTP/1.1 200) 4 headers in 158 bytes (1 switches on core 0)
2026-07-02 01:43:24.183 7 INFO neutron.db.ovn_revision_numbers_db [None req-efb283fe-4143-431c-b306-281655f70188 077e14e93428415196baa2530de6fb50 9d83712b223a4a9da5a9f1887b3d6659 - - default default] Successfully bumped revision number for resource 8a69a570-06ae-4bf8-90ae-55fcd1e94d22 (type: routers) to 10 [pid: 7|app: 0|req: 1188/2610] 10.0.0.167 () {32 vars in 760 bytes} [Thu Jul 2 01:43:23 2026] DELETE /v2.0/vpn/ipsec-site-connections/67f93523-9118-4c99-a042-bdca4e693eef => generated 0 bytes in 691 msecs (HTTP/1.1 204) 2 headers in 112 bytes (1 switches on core 0) [pid: 7|app: 0|req: 1189/2611] 10.0.0.167 () {32 vars in 746 bytes} [Thu Jul 2 01:43:24 2026] DELETE /v2.0/vpn/endpoint-groups/e0af3cb3-932b-42d2-b4c6-024f9ec9fb36 => generated 0 bytes in 29 msecs (HTTP/1.1 204) 2 headers in 112 bytes (1 switches on core 0) [pid: 7|app: 0|req: 1190/2612] 10.0.0.167 () {32 vars in 746 bytes} [Thu Jul 2 01:43:24 2026] DELETE /v2.0/vpn/endpoint-groups/b6dab47d-5b0d-45b1-9e70-edd670c8ab2e => generated 0 bytes in 29 msecs (HTTP/1.1 204) 2 headers in 112 bytes (1 switches on core 0) [pid: 7|app: 0|req: 1191/2613] 10.0.0.167 () {32 vars in 742 bytes} [Thu Jul 2 01:43:24 2026] DELETE /v2.0/vpn/ipsecpolicies/c8dac727-704e-4126-b458-bf68b0d8202a => generated 0 bytes in 50 msecs (HTTP/1.1 204) 2 headers in 112 bytes (1 switches on core 0) [pid: 8|app: 0|req: 1423/2614] 10.0.0.167 () {32 vars in 738 bytes} [Thu Jul 2 01:43:24 2026] DELETE /v2.0/security-groups/0a308551-7e81-42ac-8d0d-d289602a66df => generated 0 bytes in 380 msecs (HTTP/1.1 204) 2 headers in 112 bytes (1 switches on core 0) [pid: 7|app: 0|req: 1192/2615] 10.0.0.167 () {32 vars in 738 bytes} [Thu Jul 2 01:43:24 2026] DELETE /v2.0/vpn/ikepolicies/bd3893b7-5d19-46a3-9dd3-e697a35554b0 => generated 0 bytes in 48 msecs (HTTP/1.1 204) 2 headers in 112 bytes (1 switches on core 0) [pid: 8|app: 0|req: 1424/2616] 10.0.0.167 () {32 vars in 738 bytes} [Thu Jul 2 01:43:24 2026] DELETE /v2.0/vpn/vpnservices/5619fd1a-f3ff-4764-b638-7d8d89d3ccdc => generated 0 bytes in 57 msecs (HTTP/1.1 204) 2 headers in 112 bytes (1 switches on core 0)
2026-07-02 01:43:24.668 7 INFO neutron.db.ovn_revision_numbers_db [None req-85119aca-adef-44ca-932a-0579ea362eb8 68c4cb610c9b4725b6b27f25f3c8afec 0a2bd2b1f65f46bdada80bae0cffc780 - - default default] Successfully bumped revision number for resource 3612dd15-5b26-4b60-b5dc-0c70e320f59a (type: security_groups) to 1
2026-07-02 01:43:24.680 7 INFO neutron.db.ovn_revision_numbers_db [None req-85119aca-adef-44ca-932a-0579ea362eb8 68c4cb610c9b4725b6b27f25f3c8afec 0a2bd2b1f65f46bdada80bae0cffc780 - - default default] Successfully bumped revision number for resource 378810c6-f566-4231-be9b-8a0ce1432689 (type: security_group_rules) to 0
2026-07-02 01:43:24.696 7 INFO neutron.db.ovn_revision_numbers_db [None req-85119aca-adef-44ca-932a-0579ea362eb8 68c4cb610c9b4725b6b27f25f3c8afec 0a2bd2b1f65f46bdada80bae0cffc780 - - default default] Successfully bumped revision number for resource 45abbfaa-ba5b-4d13-9bca-875899c3f333 (type: security_group_rules) to 0
2026-07-02 01:43:24.708 7 INFO neutron.db.ovn_revision_numbers_db [None req-85119aca-adef-44ca-932a-0579ea362eb8 68c4cb610c9b4725b6b27f25f3c8afec 0a2bd2b1f65f46bdada80bae0cffc780 - - default default] Successfully bumped revision number for resource 46efe2e2-33f0-4a8e-8964-73f0a33c51e4 (type: security_group_rules) to 0
2026-07-02 01:43:24.718 7 INFO neutron.db.ovn_revision_numbers_db [None req-85119aca-adef-44ca-932a-0579ea362eb8 68c4cb610c9b4725b6b27f25f3c8afec 0a2bd2b1f65f46bdada80bae0cffc780 - - default default] Successfully bumped revision number for resource 6b5efba4-3c8b-41e9-8975-fa6c4de5b6a9 (type: security_group_rules) to 0 [pid: 7|app: 0|req: 1193/2617] 10.0.0.167 () {32 vars in 772 bytes} [Thu Jul 2 01:43:24 2026] GET /v2.0/security-groups?tenant_id=88df7928ed254090a8eb84dd6aa974c5&name=default => generated 2925 bytes in 255 msecs (HTTP/1.1 200) 4 headers in 158 bytes (1 switches on core 0)
2026-07-02 01:43:24.766 8 INFO neutron_taas.services.taas.taas_plugin [None req-e6321afb-60b9-40b7-a5ee-289b09280da0 077e14e93428415196baa2530de6fb50 9d83712b223a4a9da5a9f1887b3d6659 - - default default] TaaS: Handle Delete Port: eb001c5d-3dd5-4ae3-8de0-fec9997f82c1
2026-07-02 01:43:24.775 8 INFO neutron_taas.services.taas.tap_mirror_plugin [None req-e6321afb-60b9-40b7-a5ee-289b09280da0 077e14e93428415196baa2530de6fb50 9d83712b223a4a9da5a9f1887b3d6659 - - default default] Tap Mirror: Handle Delete Port: eb001c5d-3dd5-4ae3-8de0-fec9997f82c1 [pid: 7|app: 0|req: 1194/2618] 10.0.0.167 () {32 vars in 738 bytes} [Thu Jul 2 01:43:24 2026] DELETE /v2.0/security-groups/3612dd15-5b26-4b60-b5dc-0c70e320f59a => generated 0 bytes in 405 msecs (HTTP/1.1 204) 2 headers in 112 bytes (1 switches on core 0)
2026-07-02 01:43:25.207 8 INFO neutron_taas.services.taas.taas_plugin [None req-75e71c5e-6908-4621-b236-fff3d99b3df1 - - - - - -] TaaS: Handle Delete Port: 94be259a-9be8-4519-a38d-67b3d87b3f09
2026-07-02 01:43:25.210 8 INFO neutron_taas.services.taas.tap_mirror_plugin [None req-75e71c5e-6908-4621-b236-fff3d99b3df1 - - - - - -] Tap Mirror: Handle Delete Port: 94be259a-9be8-4519-a38d-67b3d87b3f09 [pid: 7|app: 0|req: 1195/2619] 10.0.0.167 () {32 vars in 772 bytes} [Thu Jul 2 01:43:25 2026] GET /v2.0/security-groups?tenant_id=93160cd2f3154498981ec53a4d814b73&name=default => generated 2925 bytes in 32 msecs (HTTP/1.1 200) 4 headers in 158 bytes (1 switches on core 0) [pid: 7|app: 0|req: 1196/2620] 10.0.0.167 () {32 vars in 738 bytes} [Thu Jul 2 01:43:25 2026] DELETE /v2.0/security-groups/af83eca7-2b5b-46b7-ace8-79def792cf7f => generated 0 bytes in 340 msecs (HTTP/1.1 204) 2 headers in 112 bytes (1 switches on core 0)
2026-07-02 01:43:25.682 8 INFO neutron_taas.services.taas.taas_plugin [None req-23678072-2a55-4741-ab07-6914c50eb14c - - - - - -] TaaS: Handle Delete Port: 0e68131e-b962-412e-93ef-4d2ce19e5863
2026-07-02 01:43:25.686 8 INFO neutron_taas.services.taas.tap_mirror_plugin [None req-23678072-2a55-4741-ab07-6914c50eb14c - - - - - -] Tap Mirror: Handle Delete Port: 0e68131e-b962-412e-93ef-4d2ce19e5863
2026-07-02 01:43:26.618 8 INFO neutron_taas.services.taas.taas_plugin [None req-23678072-2a55-4741-ab07-6914c50eb14c - - - - - -] TaaS: Handle Delete Port: 47474003-84c3-4174-949a-98ed85336816
2026-07-02 01:43:26.623 8 INFO neutron_taas.services.taas.tap_mirror_plugin [None req-23678072-2a55-4741-ab07-6914c50eb14c - - - - - -] Tap Mirror: Handle Delete Port: 47474003-84c3-4174-949a-98ed85336816
2026-07-02 01:43:26.868 8 INFO neutron.services.segments.plugin [-] Segment 20e02406-da07-41a4-a8dd-0f2ccf403ae6 resource provider aggregate not found
2026-07-02 01:43:26.868 8 INFO neutron.services.segments.plugin [-] Segment 20e02406-da07-41a4-a8dd-0f2ccf403ae6 resource provider aggregate not found
2026-07-02 01:43:26.893 8 INFO neutron.services.segments.plugin [-] Segment 20e02406-da07-41a4-a8dd-0f2ccf403ae6 resource provider not found; error: Placement Client Error (4xx): {"errors": [{"status": 404, "title": "Not Found", "detail": "The resource could not be found.\n\n No resource provider with uuid 20e02406-da07-41a4-a8dd-0f2ccf403ae6 found for delete ", "request_id": "req-43e84904-7b9e-44e7-9601-eb7d782cf74d"}]}
2026-07-02 01:43:26.909 8 INFO neutron.services.segments.plugin [-] Segment 20e02406-da07-41a4-a8dd-0f2ccf403ae6 resource provider not found; error: Placement Client Error (4xx): {"errors": [{"status": 404, "title": "Not Found", "detail": "The resource could not be found.\n\n No resource provider with uuid 20e02406-da07-41a4-a8dd-0f2ccf403ae6 found for delete ", "request_id": "req-0f8f257e-2f29-40fb-af25-d19201df3c71"}]}
2026-07-02 01:43:26.922 7 WARNING neutron.plugins.ml2.drivers.ovn.mech_driver.ovsdb.ovn_client [None req-c525937e-84bf-4c40-adfd-785a2cc1b84c - - - - - -] No port found with ID 2701059b-5eeb-4428-9427-4bff1ab88bf2: RuntimeError: No port found with ID 2701059b-5eeb-4428-9427-4bff1ab88bf2 [pid: 8|app: 0|req: 1425/2621] 10.0.0.167 () {32 vars in 738 bytes} [Thu Jul 2 01:43:24 2026] DELETE /v2.0/vpn/vpnservices/ca925b65-ca6e-4167-a075-0fddeb22fc5f => generated 0 bytes in 2457 msecs (HTTP/1.1 204) 2 headers in 112 bytes (1 switches on core 0) [pid: 7|app: 0|req: 1197/2622] 10.0.0.167 () {32 vars in 719 bytes} [Thu Jul 2 01:43:26 2026] GET /v2.0/routers/8a69a570-06ae-4bf8-90ae-55fcd1e94d22 => generated 943 bytes in 76 msecs (HTTP/1.1 200) 4 headers in 157 bytes (1 switches on core 0) /var/lib/openstack/lib/python3.12/site-packages/pycadf/identifier.py:70: UserWarning: Invalid uuid: neutron. To ensure interoperability, identifiers should be a valid uuid. warnings.warn(('Invalid uuid: %s. To ensure interoperability, '
2026-07-02 01:43:27.503 7 INFO neutron.db.ovn_revision_numbers_db [None req-20af6766-b10c-4b0c-9af7-79b915e3f22b 604bd45b72eb497bb85bb9b16c23e5ed 4cc84dd86e954cadadb6fc9b57d0a391 - - default default] Successfully bumped revision number for resource 0a838ced-e3b4-45b2-97bc-d205f9ac4dd0 (type: security_groups) to 1
2026-07-02 01:43:27.515 7 INFO neutron.db.ovn_revision_numbers_db [None req-20af6766-b10c-4b0c-9af7-79b915e3f22b 604bd45b72eb497bb85bb9b16c23e5ed 4cc84dd86e954cadadb6fc9b57d0a391 - - default default] Successfully bumped revision number for resource 37cde236-ec61-4d8e-a084-cb131b77f4e5 (type: security_group_rules) to 0
2026-07-02 01:43:27.528 7 INFO neutron.db.ovn_revision_numbers_db [None req-20af6766-b10c-4b0c-9af7-79b915e3f22b 604bd45b72eb497bb85bb9b16c23e5ed 4cc84dd86e954cadadb6fc9b57d0a391 - - default default] Successfully bumped revision number for resource 3b20928a-2ffe-473e-8e4b-e8d991b31485 (type: security_group_rules) to 0
2026-07-02 01:43:27.543 7 INFO neutron.db.ovn_revision_numbers_db [None req-20af6766-b10c-4b0c-9af7-79b915e3f22b 604bd45b72eb497bb85bb9b16c23e5ed 4cc84dd86e954cadadb6fc9b57d0a391 - - default default] Successfully bumped revision number for resource 7eb83fbc-4dc7-452b-b7fa-db26cca742c6 (type: security_group_rules) to 0
2026-07-02 01:43:27.560 7 INFO neutron.db.ovn_revision_numbers_db [None req-20af6766-b10c-4b0c-9af7-79b915e3f22b 604bd45b72eb497bb85bb9b16c23e5ed 4cc84dd86e954cadadb6fc9b57d0a391 - - default default] Successfully bumped revision number for resource e3c2f659-93f9-4222-88bb-5b38c1f604d9 (type: security_group_rules) to 0
2026-07-02 01:43:27.638 7 INFO neutron.db.segments_db [None req-20af6766-b10c-4b0c-9af7-79b915e3f22b 604bd45b72eb497bb85bb9b16c23e5ed 4cc84dd86e954cadadb6fc9b57d0a391 - - default default] Added segment 149b6a2a-00bd-4765-bc27-676c639e3b75 of type geneve for network 10f27168-554a-4087-b6b8-e62536bd7eef
2026-07-02 01:43:27.819 7 INFO neutron.db.ovn_revision_numbers_db [None req-20af6766-b10c-4b0c-9af7-79b915e3f22b 604bd45b72eb497bb85bb9b16c23e5ed 4cc84dd86e954cadadb6fc9b57d0a391 - - default default] Successfully bumped revision number for resource 10f27168-554a-4087-b6b8-e62536bd7eef (type: networks) to 1
2026-07-02 01:43:27.857 8 INFO neutron.db.ovn_revision_numbers_db [None req-c61814b8-7228-4625-96c1-5e1d3414a909 077e14e93428415196baa2530de6fb50 9d83712b223a4a9da5a9f1887b3d6659 - - default default] Successfully bumped revision number for resource 8a69a570-06ae-4bf8-90ae-55fcd1e94d22 (type: routers) to 11 [pid: 8|app: 0|req: 1426/2623] 10.0.0.167 () {34 vars in 740 bytes} [Thu Jul 2 01:43:27 2026] PUT /v2.0/routers/8a69a570-06ae-4bf8-90ae-55fcd1e94d22 => generated 943 bytes in 821 msecs (HTTP/1.1 200) 4 headers in 157 bytes (1 switches on core 0) [pid: 8|app: 0|req: 1427/2624] 10.0.0.167 () {32 vars in 734 bytes} [Thu Jul 2 01:43:27 2026] GET /v2.0/ports?device_id=8a69a570-06ae-4bf8-90ae-55fcd1e94d22 => generated 946 bytes in 95 msecs (HTTP/1.1 200) 4 headers in 157 bytes (1 switches on core 0)
2026-07-02 01:43:28.050 7 WARNING neutron.scheduler.dhcp_agent_scheduler [None req-20af6766-b10c-4b0c-9af7-79b915e3f22b 604bd45b72eb497bb85bb9b16c23e5ed 4cc84dd86e954cadadb6fc9b57d0a391 - - default default] No more DHCP agents
2026-07-02 01:43:28.051 7 WARNING neutron.api.rpc.agentnotifiers.dhcp_rpc_agent_api [None req-20af6766-b10c-4b0c-9af7-79b915e3f22b 604bd45b72eb497bb85bb9b16c23e5ed 4cc84dd86e954cadadb6fc9b57d0a391 - - default default] Unable to schedule network 10f27168-554a-4087-b6b8-e62536bd7eef: no agents available; will retry on subsequent port and subnet creation events.
2026-07-02 01:43:28.138 7 INFO neutron.plugins.ml2.drivers.ovn.mech_driver.mech_driver [None req-c525937e-84bf-4c40-adfd-785a2cc1b84c - - - - - -] OVN reports status down for port: 2eb7d7fd-22e3-4803-a8d3-b540afc615a7
2026-07-02 01:43:28.201 7 INFO neutron.db.ovn_revision_numbers_db [None req-20af6766-b10c-4b0c-9af7-79b915e3f22b 604bd45b72eb497bb85bb9b16c23e5ed 4cc84dd86e954cadadb6fc9b57d0a391 - - default default] Successfully bumped revision number for resource 2eb7d7fd-22e3-4803-a8d3-b540afc615a7 (type: ports) to 1 [pid: 7|app: 0|req: 1198/2625] 10.0.0.167 () {34 vars in 668 bytes} [Thu Jul 2 01:43:27 2026] POST /v2.0/networks => generated 640 bytes in 1154 msecs (HTTP/1.1 201) 4 headers in 162 bytes (1 switches on core 0)
2026-07-02 01:43:28.303 8 INFO neutron_taas.services.taas.taas_plugin [None req-b13b15c3-233f-4297-8253-c9dbc0a3ebcc 077e14e93428415196baa2530de6fb50 9d83712b223a4a9da5a9f1887b3d6659 - - default default] TaaS: Handle Delete Port: 48968f50-7baa-494c-bb09-5be523017da5
2026-07-02 01:43:28.305 8 INFO neutron_taas.services.taas.tap_mirror_plugin [None req-b13b15c3-233f-4297-8253-c9dbc0a3ebcc 077e14e93428415196baa2530de6fb50 9d83712b223a4a9da5a9f1887b3d6659 - - default default] Tap Mirror: Handle Delete Port: 48968f50-7baa-494c-bb09-5be523017da5
2026-07-02 01:43:28.425 7 WARNING neutron.scheduler.dhcp_agent_scheduler [None req-f6a01f6d-dd0c-42d9-828a-313c1c5b236d 604bd45b72eb497bb85bb9b16c23e5ed 4cc84dd86e954cadadb6fc9b57d0a391 - - default default] No more DHCP agents
2026-07-02 01:43:28.426 7 WARNING neutron.api.rpc.agentnotifiers.dhcp_rpc_agent_api [None req-f6a01f6d-dd0c-42d9-828a-313c1c5b236d 604bd45b72eb497bb85bb9b16c23e5ed 4cc84dd86e954cadadb6fc9b57d0a391 - - default default] Unable to schedule network 10f27168-554a-4087-b6b8-e62536bd7eef: no agents available; will retry on subsequent port and subnet creation events.
2026-07-02 01:43:28.987 7 INFO neutron.db.ovn_revision_numbers_db [None req-15cdd9ab-ed12-4dba-9da0-fb853561fad1 - - - - - -] Successfully bumped revision number for resource 2eb7d7fd-22e3-4803-a8d3-b540afc615a7 (type: ports) to 2 [pid: 8|app: 0|req: 1428/2626] 10.0.0.167 () {34 vars in 787 bytes} [Thu Jul 2 01:43:27 2026] PUT /v2.0/routers/8a69a570-06ae-4bf8-90ae-55fcd1e94d22/remove_router_interface => generated 309 bytes in 1023 msecs (HTTP/1.1 200) 4 headers in 157 bytes (1 switches on core 0) /var/lib/openstack/lib/python3.12/site-packages/pycadf/identifier.py:70: UserWarning: Invalid uuid: neutron. To ensure interoperability, identifiers should be a valid uuid. warnings.warn(('Invalid uuid: %s. To ensure interoperability, '
2026-07-02 01:43:29.033 7 INFO neutron.db.ovn_revision_numbers_db [None req-15cdd9ab-ed12-4dba-9da0-fb853561fad1 - - - - - -] Successfully bumped revision number for resource 89430d13-f3dd-465d-9776-89df98d6ef14 (type: subnets) to 0 [pid: 7|app: 0|req: 1199/2629] 10.0.0.167 () {34 vars in 667 bytes} [Thu Jul 2 01:43:28 2026] POST /v2.0/subnets => generated 658 bytes in 805 msecs (HTTP/1.1 201) 4 headers in 162 bytes (1 switches on core 0) [pid: 7|app: 0|req: 1200/2630] 10.0.0.167 () {32 vars in 720 bytes} [Thu Jul 2 01:43:29 2026] GET /v2.0/subnetpools?name=shared-default-subnetpool-v6 => generated 19 bytes in 230 msecs (HTTP/1.1 200) 4 headers in 156 bytes (1 switches on core 0)
2026-07-02 01:43:29.353 8 INFO neutron_taas.services.taas.taas_plugin [None req-6b16ca36-c8b9-43ac-a788-3792d1582211 077e14e93428415196baa2530de6fb50 9d83712b223a4a9da5a9f1887b3d6659 - - default default] TaaS: Handle Delete Port: 4a60eab3-a227-4676-a52c-eb36763712c9
2026-07-02 01:43:29.355 8 INFO neutron_taas.services.taas.tap_mirror_plugin [None req-6b16ca36-c8b9-43ac-a788-3792d1582211 077e14e93428415196baa2530de6fb50 9d83712b223a4a9da5a9f1887b3d6659 - - default default] Tap Mirror: Handle Delete Port: 4a60eab3-a227-4676-a52c-eb36763712c9
2026-07-02 01:43:29.544 7 WARNING neutron.scheduler.dhcp_agent_scheduler [None req-d192b710-0be5-4649-aaac-b58d8eb2d77b 604bd45b72eb497bb85bb9b16c23e5ed 4cc84dd86e954cadadb6fc9b57d0a391 - - default default] No more DHCP agents
2026-07-02 01:43:29.548 7 WARNING neutron.api.rpc.agentnotifiers.dhcp_rpc_agent_api [None req-d192b710-0be5-4649-aaac-b58d8eb2d77b 604bd45b72eb497bb85bb9b16c23e5ed 4cc84dd86e954cadadb6fc9b57d0a391 - - default default] Unable to schedule network 10f27168-554a-4087-b6b8-e62536bd7eef: no agents available; will retry on subsequent port and subnet creation events.
2026-07-02 01:43:29.614 7 INFO neutron.db.ovn_revision_numbers_db [None req-d192b710-0be5-4649-aaac-b58d8eb2d77b 604bd45b72eb497bb85bb9b16c23e5ed 4cc84dd86e954cadadb6fc9b57d0a391 - - default default] Successfully bumped revision number for resource 44c5f886-3675-4e9e-badb-2d96a22a3d24 (type: subnets) to 0 [pid: 7|app: 0|req: 1201/2631] 10.0.0.167 () {34 vars in 667 bytes} [Thu Jul 2 01:43:29 2026] POST /v2.0/subnets => generated 732 bytes in 337 msecs (HTTP/1.1 201) 4 headers in 162 bytes (1 switches on core 0)
2026-07-02 01:43:29.745 7 INFO neutron.db.segments_db [None req-6ebb3224-11fd-4531-bc59-baaaa80a4541 604bd45b72eb497bb85bb9b16c23e5ed 4cc84dd86e954cadadb6fc9b57d0a391 - - default default] Added segment e152bb4c-70e2-41dc-9f05-0651039a53e6 of type geneve for network ec26101b-0f1d-4bbf-87b4-52adf4930086 [pid: 8|app: 0|req: 1431/2632] 10.0.0.167 () {32 vars in 722 bytes} [Thu Jul 2 01:43:29 2026] DELETE /v2.0/routers/8a69a570-06ae-4bf8-90ae-55fcd1e94d22 => generated 0 bytes in 816 msecs (HTTP/1.1 204) 2 headers in 112 bytes (1 switches on core 0)
2026-07-02 01:43:29.927 7 INFO neutron.db.ovn_revision_numbers_db [None req-6ebb3224-11fd-4531-bc59-baaaa80a4541 604bd45b72eb497bb85bb9b16c23e5ed 4cc84dd86e954cadadb6fc9b57d0a391 - - default default] Successfully bumped revision number for resource ec26101b-0f1d-4bbf-87b4-52adf4930086 (type: networks) to 1 [pid: 8|app: 0|req: 1432/2633] 10.0.0.167 () {32 vars in 719 bytes} [Thu Jul 2 01:43:29 2026] GET /v2.0/routers/c9d8e2a1-926b-432c-900f-fb72256db969 => generated 942 bytes in 120 msecs (HTTP/1.1 200) 4 headers in 157 bytes (1 switches on core 0)
2026-07-02 01:43:30.115 7 WARNING neutron.scheduler.dhcp_agent_scheduler [None req-6ebb3224-11fd-4531-bc59-baaaa80a4541 604bd45b72eb497bb85bb9b16c23e5ed 4cc84dd86e954cadadb6fc9b57d0a391 - - default default] No more DHCP agents
2026-07-02 01:43:30.116 7 WARNING neutron.api.rpc.agentnotifiers.dhcp_rpc_agent_api [None req-6ebb3224-11fd-4531-bc59-baaaa80a4541 604bd45b72eb497bb85bb9b16c23e5ed 4cc84dd86e954cadadb6fc9b57d0a391 - - default default] Unable to schedule network ec26101b-0f1d-4bbf-87b4-52adf4930086: no agents available; will retry on subsequent port and subnet creation events.
2026-07-02 01:43:30.181 7 INFO neutron.plugins.ml2.drivers.ovn.mech_driver.mech_driver [None req-c525937e-84bf-4c40-adfd-785a2cc1b84c - - - - - -] OVN reports status down for port: 9d7ff584-72f7-4361-9501-4f57e95ab89d
2026-07-02 01:43:30.258 7 INFO neutron.db.ovn_revision_numbers_db [None req-6ebb3224-11fd-4531-bc59-baaaa80a4541 604bd45b72eb497bb85bb9b16c23e5ed 4cc84dd86e954cadadb6fc9b57d0a391 - - default default] Successfully bumped revision number for resource 9d7ff584-72f7-4361-9501-4f57e95ab89d (type: ports) to 1
2026-07-02 01:43:30.301 8 INFO neutron.db.ovn_revision_numbers_db [None req-929475b3-b865-4318-b965-74c07d358dc0 f7bc56cd1a0441e7ac5631a93d50bb3c 033f2d087e4749e18c2eba9fa7bc9f61 - - default default] Successfully bumped revision number for resource 0270ba08-0e53-4a70-a2d7-3fe30be48e39 (type: security_groups) to 1
2026-07-02 01:43:30.314 8 INFO neutron.db.ovn_revision_numbers_db [None req-929475b3-b865-4318-b965-74c07d358dc0 f7bc56cd1a0441e7ac5631a93d50bb3c 033f2d087e4749e18c2eba9fa7bc9f61 - - default default] Successfully bumped revision number for resource 02641f3e-44a7-4bba-b96b-61ebe9f8bf9a (type: security_group_rules) to 0 [pid: 7|app: 0|req: 1202/2634] 10.0.0.167 () {34 vars in 668 bytes} [Thu Jul 2 01:43:29 2026] POST /v2.0/networks => generated 638 bytes in 688 msecs (HTTP/1.1 201) 4 headers in 162 bytes (1 switches on core 0)
2026-07-02 01:43:30.327 8 INFO neutron.db.ovn_revision_numbers_db [None req-929475b3-b865-4318-b965-74c07d358dc0 f7bc56cd1a0441e7ac5631a93d50bb3c 033f2d087e4749e18c2eba9fa7bc9f61 - - default default] Successfully bumped revision number for resource 0a1c2a3a-17d9-4cbd-bb6f-db2008319cef (type: security_group_rules) to 0
2026-07-02 01:43:30.343 8 INFO neutron.db.ovn_revision_numbers_db [None req-929475b3-b865-4318-b965-74c07d358dc0 f7bc56cd1a0441e7ac5631a93d50bb3c 033f2d087e4749e18c2eba9fa7bc9f61 - - default default] Successfully bumped revision number for resource 106532aa-5000-4ff7-b30e-f83ded0a048d (type: security_group_rules) to 0
2026-07-02 01:43:30.359 8 INFO neutron.db.ovn_revision_numbers_db [None req-929475b3-b865-4318-b965-74c07d358dc0 f7bc56cd1a0441e7ac5631a93d50bb3c 033f2d087e4749e18c2eba9fa7bc9f61 - - default default] Successfully bumped revision number for resource d65641db-5083-46d2-a307-49bffaad5226 (type: security_group_rules) to 0
2026-07-02 01:43:30.437 8 INFO neutron.db.segments_db [None req-929475b3-b865-4318-b965-74c07d358dc0 f7bc56cd1a0441e7ac5631a93d50bb3c 033f2d087e4749e18c2eba9fa7bc9f61 - - default default] Added segment 00cd6565-aab7-492f-9a52-498329f8f291 of type geneve for network 2314695f-10c2-41d5-9e13-7f3c141622a3
2026-07-02 01:43:30.572 8 INFO neutron.db.ovn_revision_numbers_db [None req-929475b3-b865-4318-b965-74c07d358dc0 f7bc56cd1a0441e7ac5631a93d50bb3c 033f2d087e4749e18c2eba9fa7bc9f61 - - default default] Successfully bumped revision number for resource 2314695f-10c2-41d5-9e13-7f3c141622a3 (type: networks) to 1
2026-07-02 01:43:30.751 8 WARNING neutron.scheduler.dhcp_agent_scheduler [None req-929475b3-b865-4318-b965-74c07d358dc0 f7bc56cd1a0441e7ac5631a93d50bb3c 033f2d087e4749e18c2eba9fa7bc9f61 - - default default] No more DHCP agents
2026-07-02 01:43:30.752 8 WARNING neutron.api.rpc.agentnotifiers.dhcp_rpc_agent_api [None req-929475b3-b865-4318-b965-74c07d358dc0 f7bc56cd1a0441e7ac5631a93d50bb3c 033f2d087e4749e18c2eba9fa7bc9f61 - - default default] Unable to schedule network 2314695f-10c2-41d5-9e13-7f3c141622a3: no agents available; will retry on subsequent port and subnet creation events.
2026-07-02 01:43:30.859 7 INFO neutron.plugins.ml2.drivers.ovn.mech_driver.mech_driver [None req-c525937e-84bf-4c40-adfd-785a2cc1b84c - - - - - -] OVN reports status down for port: e339fc32-57ca-4a5a-bf51-89ea5d71f24f
2026-07-02 01:43:30.866 8 INFO neutron.db.ovn_revision_numbers_db [None req-929475b3-b865-4318-b965-74c07d358dc0 f7bc56cd1a0441e7ac5631a93d50bb3c 033f2d087e4749e18c2eba9fa7bc9f61 - - default default] Successfully bumped revision number for resource e339fc32-57ca-4a5a-bf51-89ea5d71f24f (type: ports) to 1 [pid: 8|app: 0|req: 1433/2635] 10.0.0.167 () {34 vars in 668 bytes} [Thu Jul 2 01:43:29 2026] POST /v2.0/networks => generated 631 bytes in 941 msecs (HTTP/1.1 201) 4 headers in 162 bytes (1 switches on core 0)
2026-07-02 01:43:31.149 8 WARNING neutron.scheduler.dhcp_agent_scheduler [None req-3ccda3f5-54ed-490c-8d19-23570d6b6c41 604bd45b72eb497bb85bb9b16c23e5ed 4cc84dd86e954cadadb6fc9b57d0a391 - - default default] No more DHCP agents
2026-07-02 01:43:31.152 8 WARNING neutron.api.rpc.agentnotifiers.dhcp_rpc_agent_api [None req-3ccda3f5-54ed-490c-8d19-23570d6b6c41 604bd45b72eb497bb85bb9b16c23e5ed 4cc84dd86e954cadadb6fc9b57d0a391 - - default default] Unable to schedule network ec26101b-0f1d-4bbf-87b4-52adf4930086: no agents available; will retry on subsequent port and subnet creation events.
2026-07-02 01:43:31.187 7 INFO neutron.db.ovn_revision_numbers_db [None req-0e934f45-4ca1-44ba-87c7-285495f23ace 077e14e93428415196baa2530de6fb50 9d83712b223a4a9da5a9f1887b3d6659 - - default default] Successfully bumped revision number for resource c9d8e2a1-926b-432c-900f-fb72256db969 (type: routers) to 5 [pid: 7|app: 0|req: 1203/2636] 10.0.0.167 () {34 vars in 740 bytes} [Thu Jul 2 01:43:30 2026] PUT /v2.0/routers/c9d8e2a1-926b-432c-900f-fb72256db969 => generated 942 bytes in 871 msecs (HTTP/1.1 200) 4 headers in 157 bytes (1 switches on core 0)
2026-07-02 01:43:31.369 7 WARNING neutron.scheduler.dhcp_agent_scheduler [None req-8f04dceb-0b1c-49ec-b48b-d98c7c5e9d2b f7bc56cd1a0441e7ac5631a93d50bb3c 033f2d087e4749e18c2eba9fa7bc9f61 - - default default] No more DHCP agents
2026-07-02 01:43:31.370 7 WARNING neutron.api.rpc.agentnotifiers.dhcp_rpc_agent_api [None req-8f04dceb-0b1c-49ec-b48b-d98c7c5e9d2b f7bc56cd1a0441e7ac5631a93d50bb3c 033f2d087e4749e18c2eba9fa7bc9f61 - - default default] Unable to schedule network 2314695f-10c2-41d5-9e13-7f3c141622a3: no agents available; will retry on subsequent port and subnet creation events.
2026-07-02 01:43:31.618 8 INFO neutron.db.ovn_revision_numbers_db [None req-a48b3074-0eb6-4ee9-8920-fc4d44ce2588 - - - - - -] Successfully bumped revision number for resource 9d7ff584-72f7-4361-9501-4f57e95ab89d (type: ports) to 2
2026-07-02 01:43:31.652 8 INFO neutron.db.ovn_revision_numbers_db [None req-a48b3074-0eb6-4ee9-8920-fc4d44ce2588 - - - - - -] Successfully bumped revision number for resource 4962decd-9cf0-4786-b4ed-6ae98f9576b2 (type: subnets) to 0 [pid: 8|app: 0|req: 1434/2637] 10.0.0.167 () {34 vars in 667 bytes} [Thu Jul 2 01:43:30 2026] POST /v2.0/subnets => generated 655 bytes in 780 msecs (HTTP/1.1 201) 4 headers in 162 bytes (1 switches on core 0) [pid: 8|app: 0|req: 1435/2638] 10.0.0.167 () {32 vars in 734 bytes} [Thu Jul 2 01:43:31 2026] GET /v2.0/ports?device_id=c9d8e2a1-926b-432c-900f-fb72256db969 => generated 950 bytes in 77 msecs (HTTP/1.1 200) 4 headers in 157 bytes (1 switches on core 0)
2026-07-02 01:43:31.903 7 INFO neutron.db.ovn_revision_numbers_db [None req-2770c55a-1379-4638-ba4c-3a653126b9b6 - - - - - -] Successfully bumped revision number for resource e339fc32-57ca-4a5a-bf51-89ea5d71f24f (type: ports) to 2
2026-07-02 01:43:31.957 7 INFO neutron.db.ovn_revision_numbers_db [None req-2770c55a-1379-4638-ba4c-3a653126b9b6 - - - - - -] Successfully bumped revision number for resource 773b5398-2084-45aa-9dc3-586fd47fe90a (type: subnets) to 0 [pid: 7|app: 0|req: 1204/2639] 10.0.0.167 () {34 vars in 667 bytes} [Thu Jul 2 01:43:31 2026] POST /v2.0/subnets => generated 626 bytes in 790 msecs (HTTP/1.1 201) 4 headers in 162 bytes (1 switches on core 0)
2026-07-02 01:43:32.019 8 WARNING neutron.scheduler.dhcp_agent_scheduler [None req-3eae45c9-e0e8-480c-a1bd-3a2bf739c9f5 604bd45b72eb497bb85bb9b16c23e5ed 4cc84dd86e954cadadb6fc9b57d0a391 - - default default] No more DHCP agents
2026-07-02 01:43:32.020 8 WARNING neutron.api.rpc.agentnotifiers.dhcp_rpc_agent_api [None req-3eae45c9-e0e8-480c-a1bd-3a2bf739c9f5 604bd45b72eb497bb85bb9b16c23e5ed 4cc84dd86e954cadadb6fc9b57d0a391 - - default default] Unable to schedule network ec26101b-0f1d-4bbf-87b4-52adf4930086: no agents available; will retry on subsequent port and subnet creation events.
2026-07-02 01:43:32.069 8 INFO neutron.db.ovn_revision_numbers_db [None req-3eae45c9-e0e8-480c-a1bd-3a2bf739c9f5 604bd45b72eb497bb85bb9b16c23e5ed 4cc84dd86e954cadadb6fc9b57d0a391 - - default default] Successfully bumped revision number for resource cdc44021-e4f4-425c-b7f4-938bd66b8ab6 (type: subnets) to 0 [pid: 8|app: 0|req: 1436/2640] 10.0.0.167 () {34 vars in 667 bytes} [Thu Jul 2 01:43:31 2026] POST /v2.0/subnets => generated 725 bytes in 337 msecs (HTTP/1.1 201) 4 headers in 162 bytes (1 switches on core 0)
2026-07-02 01:43:32.169 8 INFO neutron.db.segments_db [None req-65e3aed6-10fd-4967-b284-2460fb19d8c6 f7bc56cd1a0441e7ac5631a93d50bb3c 033f2d087e4749e18c2eba9fa7bc9f61 - - default default] Added segment 6ba0ec3b-5122-497f-afde-af808338bda9 of type geneve for network f4fb47f6-12a9-45b6-ba18-815d6bca1f35
2026-07-02 01:43:32.279 8 INFO neutron.db.ovn_revision_numbers_db [None req-65e3aed6-10fd-4967-b284-2460fb19d8c6 f7bc56cd1a0441e7ac5631a93d50bb3c 033f2d087e4749e18c2eba9fa7bc9f61 - - default default] Successfully bumped revision number for resource f4fb47f6-12a9-45b6-ba18-815d6bca1f35 (type: networks) to 1
2026-07-02 01:43:32.306 7 INFO neutron_taas.services.taas.taas_plugin [None req-ee05049a-89c0-48fc-959f-7e3707a49407 077e14e93428415196baa2530de6fb50 9d83712b223a4a9da5a9f1887b3d6659 - - default default] TaaS: Handle Delete Port: 075797dd-c4fb-48ab-b87f-d032898d273a
2026-07-02 01:43:32.309 7 INFO neutron_taas.services.taas.tap_mirror_plugin [None req-ee05049a-89c0-48fc-959f-7e3707a49407 077e14e93428415196baa2530de6fb50 9d83712b223a4a9da5a9f1887b3d6659 - - default default] Tap Mirror: Handle Delete Port: 075797dd-c4fb-48ab-b87f-d032898d273a
2026-07-02 01:43:32.406 8 WARNING neutron.scheduler.dhcp_agent_scheduler [None req-65e3aed6-10fd-4967-b284-2460fb19d8c6 f7bc56cd1a0441e7ac5631a93d50bb3c 033f2d087e4749e18c2eba9fa7bc9f61 - - default default] No more DHCP agents
2026-07-02 01:43:32.407 8 WARNING neutron.api.rpc.agentnotifiers.dhcp_rpc_agent_api [None req-65e3aed6-10fd-4967-b284-2460fb19d8c6 f7bc56cd1a0441e7ac5631a93d50bb3c 033f2d087e4749e18c2eba9fa7bc9f61 - - default default] Unable to schedule network f4fb47f6-12a9-45b6-ba18-815d6bca1f35: no agents available; will retry on subsequent port and subnet creation events.
2026-07-02 01:43:32.511 8 INFO neutron.db.ovn_revision_numbers_db [None req-65e3aed6-10fd-4967-b284-2460fb19d8c6 f7bc56cd1a0441e7ac5631a93d50bb3c 033f2d087e4749e18c2eba9fa7bc9f61 - - default default] Successfully bumped revision number for resource 96d26968-01e8-4416-987e-a793dfe0a918 (type: ports) to 1
2026-07-02 01:43:32.511 7 INFO neutron.plugins.ml2.drivers.ovn.mech_driver.mech_driver [None req-c525937e-84bf-4c40-adfd-785a2cc1b84c - - - - - -] OVN reports status down for port: 96d26968-01e8-4416-987e-a793dfe0a918 [pid: 8|app: 0|req: 1437/2641] 10.0.0.167 () {34 vars in 668 bytes} [Thu Jul 2 01:43:32 2026] POST /v2.0/networks => generated 631 bytes in 449 msecs (HTTP/1.1 201) 4 headers in 162 bytes (1 switches on core 0)
2026-07-02 01:43:32.660 8 INFO neutron.db.segments_db [None req-c421c36c-fc9f-43da-8bbd-281992561578 604bd45b72eb497bb85bb9b16c23e5ed 4cc84dd86e954cadadb6fc9b57d0a391 - - default default] Added segment a296547d-6a14-4951-8141-388fff2eda11 of type geneve for network 93253801-0d75-4a22-8444-02d6e949d6ff
2026-07-02 01:43:32.810 8 INFO neutron.db.ovn_revision_numbers_db [None req-c421c36c-fc9f-43da-8bbd-281992561578 604bd45b72eb497bb85bb9b16c23e5ed 4cc84dd86e954cadadb6fc9b57d0a391 - - default default] Successfully bumped revision number for resource 93253801-0d75-4a22-8444-02d6e949d6ff (type: networks) to 1
2026-07-02 01:43:32.998 8 WARNING neutron.scheduler.dhcp_agent_scheduler [None req-c421c36c-fc9f-43da-8bbd-281992561578 604bd45b72eb497bb85bb9b16c23e5ed 4cc84dd86e954cadadb6fc9b57d0a391 - - default default] No more DHCP agents
2026-07-02 01:43:33.000 8 WARNING neutron.api.rpc.agentnotifiers.dhcp_rpc_agent_api [None req-c421c36c-fc9f-43da-8bbd-281992561578 604bd45b72eb497bb85bb9b16c23e5ed 4cc84dd86e954cadadb6fc9b57d0a391 - - default default] Unable to schedule network 93253801-0d75-4a22-8444-02d6e949d6ff: no agents available; will retry on subsequent port and subnet creation events. [pid: 7|app: 0|req: 1205/2642] 10.0.0.167 () {34 vars in 787 bytes} [Thu Jul 2 01:43:31 2026] PUT /v2.0/routers/c9d8e2a1-926b-432c-900f-fb72256db969/remove_router_interface => generated 309 bytes in 1054 msecs (HTTP/1.1 200) 4 headers in 157 bytes (1 switches on core 0) /var/lib/openstack/lib/python3.12/site-packages/pycadf/identifier.py:70: UserWarning: Invalid uuid: neutron. To ensure interoperability, identifiers should be a valid uuid. warnings.warn(('Invalid uuid: %s. To ensure interoperability, '
2026-07-02 01:43:33.113 7 INFO neutron.plugins.ml2.drivers.ovn.mech_driver.mech_driver [None req-c525937e-84bf-4c40-adfd-785a2cc1b84c - - - - - -] OVN reports status down for port: 21cd5200-e38e-4736-bd49-484fb06cc16e
2026-07-02 01:43:33.146 8 INFO neutron.db.ovn_revision_numbers_db [None req-c421c36c-fc9f-43da-8bbd-281992561578 604bd45b72eb497bb85bb9b16c23e5ed 4cc84dd86e954cadadb6fc9b57d0a391 - - default default] Successfully bumped revision number for resource 21cd5200-e38e-4736-bd49-484fb06cc16e (type: ports) to 1 [pid: 8|app: 0|req: 1438/2643] 10.0.0.167 () {34 vars in 668 bytes} [Thu Jul 2 01:43:32 2026] POST /v2.0/networks => generated 637 bytes in 632 msecs (HTTP/1.1 201) 4 headers in 162 bytes (1 switches on core 0)
2026-07-02 01:43:33.349 7 WARNING neutron.scheduler.dhcp_agent_scheduler [None req-b1f23e03-39be-45a6-950a-a050c58d85ba f7bc56cd1a0441e7ac5631a93d50bb3c 033f2d087e4749e18c2eba9fa7bc9f61 - - default default] No more DHCP agents
2026-07-02 01:43:33.350 7 WARNING neutron.api.rpc.agentnotifiers.dhcp_rpc_agent_api [None req-b1f23e03-39be-45a6-950a-a050c58d85ba f7bc56cd1a0441e7ac5631a93d50bb3c 033f2d087e4749e18c2eba9fa7bc9f61 - - default default] Unable to schedule network f4fb47f6-12a9-45b6-ba18-815d6bca1f35: no agents available; will retry on subsequent port and subnet creation events.
2026-07-02 01:43:33.464 8 INFO neutron_taas.services.taas.taas_plugin [None req-ef5b7bf1-843d-435b-b385-f83edc1abaca 077e14e93428415196baa2530de6fb50 9d83712b223a4a9da5a9f1887b3d6659 - - default default] TaaS: Handle Delete Port: 96213ee4-3c9e-49ec-abee-5a5d5b98a8c8
2026-07-02 01:43:33.467 8 INFO neutron_taas.services.taas.tap_mirror_plugin [None req-ef5b7bf1-843d-435b-b385-f83edc1abaca 077e14e93428415196baa2530de6fb50 9d83712b223a4a9da5a9f1887b3d6659 - - default default] Tap Mirror: Handle Delete Port: 96213ee4-3c9e-49ec-abee-5a5d5b98a8c8 [pid: 8|app: 0|req: 1439/2644] 10.0.0.167 () {32 vars in 722 bytes} [Thu Jul 2 01:43:33 2026] DELETE /v2.0/routers/c9d8e2a1-926b-432c-900f-fb72256db969 => generated 0 bytes in 743 msecs (HTTP/1.1 204) 2 headers in 112 bytes (1 switches on core 0)
2026-07-02 01:43:33.942 7 INFO neutron.db.ovn_revision_numbers_db [None req-7a68aad4-96fc-499b-b866-79314df32bdf - - - - - -] Successfully bumped revision number for resource 96d26968-01e8-4416-987e-a793dfe0a918 (type: ports) to 2
2026-07-02 01:43:33.979 7 INFO neutron.db.ovn_revision_numbers_db [None req-7a68aad4-96fc-499b-b866-79314df32bdf - - - - - -] Successfully bumped revision number for resource 3522f7f9-2999-4c05-8631-e97e3f67dcf0 (type: subnets) to 0 [pid: 7|app: 0|req: 1206/2645] 10.0.0.167 () {34 vars in 667 bytes} [Thu Jul 2 01:43:33 2026] POST /v2.0/subnets => generated 629 bytes in 957 msecs (HTTP/1.1 201) 4 headers in 162 bytes (1 switches on core 0) [pid: 7|app: 0|req: 1207/2646] 10.0.0.167 () {32 vars in 719 bytes} [Thu Jul 2 01:43:33 2026] GET /v2.0/routers/d7d3a94d-87b4-4431-bf05-8c6c5e9c23ea => generated 943 bytes in 64 msecs (HTTP/1.1 200) 4 headers in 157 bytes (1 switches on core 0)
2026-07-02 01:43:34.144 8 WARNING neutron.scheduler.dhcp_agent_scheduler [None req-173bac12-da2b-4fc1-88db-3d8bb8ca748a 604bd45b72eb497bb85bb9b16c23e5ed 4cc84dd86e954cadadb6fc9b57d0a391 - - default default] No more DHCP agents
2026-07-02 01:43:34.146 8 WARNING neutron.api.rpc.agentnotifiers.dhcp_rpc_agent_api [None req-173bac12-da2b-4fc1-88db-3d8bb8ca748a 604bd45b72eb497bb85bb9b16c23e5ed 4cc84dd86e954cadadb6fc9b57d0a391 - - default default] Unable to schedule network 93253801-0d75-4a22-8444-02d6e949d6ff: no agents available; will retry on subsequent port and subnet creation events.
2026-07-02 01:43:34.149 7 INFO neutron.db.segments_db [None req-5b15d184-9f04-4446-a6f6-8f6b6c45cc99 f7bc56cd1a0441e7ac5631a93d50bb3c 033f2d087e4749e18c2eba9fa7bc9f61 - - default default] Added segment b0f468c7-5a2f-44f7-a209-db1332e489c1 of type geneve for network 5c342655-b163-444e-b5e0-f9f9102605b9
2026-07-02 01:43:34.275 7 INFO neutron.db.ovn_revision_numbers_db [None req-5b15d184-9f04-4446-a6f6-8f6b6c45cc99 f7bc56cd1a0441e7ac5631a93d50bb3c 033f2d087e4749e18c2eba9fa7bc9f61 - - default default] Successfully bumped revision number for resource 5c342655-b163-444e-b5e0-f9f9102605b9 (type: networks) to 1
2026-07-02 01:43:34.535 7 WARNING neutron.scheduler.dhcp_agent_scheduler [None req-5b15d184-9f04-4446-a6f6-8f6b6c45cc99 f7bc56cd1a0441e7ac5631a93d50bb3c 033f2d087e4749e18c2eba9fa7bc9f61 - - default default] No more DHCP agents
2026-07-02 01:43:34.537 7 WARNING neutron.api.rpc.agentnotifiers.dhcp_rpc_agent_api [None req-5b15d184-9f04-4446-a6f6-8f6b6c45cc99 f7bc56cd1a0441e7ac5631a93d50bb3c 033f2d087e4749e18c2eba9fa7bc9f61 - - default default] Unable to schedule network 5c342655-b163-444e-b5e0-f9f9102605b9: no agents available; will retry on subsequent port and subnet creation events.
2026-07-02 01:43:34.592 7 INFO neutron.plugins.ml2.drivers.ovn.mech_driver.mech_driver [None req-c525937e-84bf-4c40-adfd-785a2cc1b84c - - - - - -] OVN reports status down for port: 06dc4889-b730-42f9-8477-970796c61c06
2026-07-02 01:43:34.642 7 INFO neutron.db.ovn_revision_numbers_db [None req-5b15d184-9f04-4446-a6f6-8f6b6c45cc99 f7bc56cd1a0441e7ac5631a93d50bb3c 033f2d087e4749e18c2eba9fa7bc9f61 - - default default] Successfully bumped revision number for resource 06dc4889-b730-42f9-8477-970796c61c06 (type: ports) to 1 [pid: 7|app: 0|req: 1208/2647] 10.0.0.167 () {34 vars in 668 bytes} [Thu Jul 2 01:43:34 2026] POST /v2.0/networks => generated 630 bytes in 623 msecs (HTTP/1.1 201) 4 headers in 162 bytes (1 switches on core 0)
2026-07-02 01:43:34.773 8 INFO neutron.db.ovn_revision_numbers_db [None req-3269ff81-8bcf-4c2f-a33f-ecdbbc476658 - - - - - -] Successfully bumped revision number for resource 21cd5200-e38e-4736-bd49-484fb06cc16e (type: ports) to 2
2026-07-02 01:43:34.807 8 INFO neutron.db.ovn_revision_numbers_db [None req-3269ff81-8bcf-4c2f-a33f-ecdbbc476658 - - - - - -] Successfully bumped revision number for resource 69242ad7-02ef-46d2-a521-e6619d5102ec (type: subnets) to 0 [pid: 8|app: 0|req: 1440/2648] 10.0.0.167 () {34 vars in 667 bytes} [Thu Jul 2 01:43:33 2026] POST /v2.0/subnets => generated 654 bytes in 911 msecs (HTTP/1.1 201) 4 headers in 162 bytes (1 switches on core 0)
2026-07-02 01:43:35.031 8 WARNING neutron.scheduler.dhcp_agent_scheduler [None req-d0fc34e7-90c3-41c4-99de-ae02ed267e78 f7bc56cd1a0441e7ac5631a93d50bb3c 033f2d087e4749e18c2eba9fa7bc9f61 - - default default] No more DHCP agents
