2026-07-02 01:43:35.032 8 WARNING neutron.api.rpc.agentnotifiers.dhcp_rpc_agent_api [None req-d0fc34e7-90c3-41c4-99de-ae02ed267e78 f7bc56cd1a0441e7ac5631a93d50bb3c 033f2d087e4749e18c2eba9fa7bc9f61 - - default default] Unable to schedule network 5c342655-b163-444e-b5e0-f9f9102605b9: no agents available; will retry on subsequent port and subnet creation events.
2026-07-02 01:43:35.409 7 INFO neutron.db.ovn_revision_numbers_db [None req-9d242255-4bec-46cf-907b-4e39d16c5289 077e14e93428415196baa2530de6fb50 9d83712b223a4a9da5a9f1887b3d6659 - - default default] Successfully bumped revision number for resource d7d3a94d-87b4-4431-bf05-8c6c5e9c23ea (type: routers) to 5 [pid: 7|app: 0|req: 1209/2649] 10.0.0.167 () {34 vars in 740 bytes} [Thu Jul 2 01:43:34 2026] PUT /v2.0/routers/d7d3a94d-87b4-4431-bf05-8c6c5e9c23ea => generated 943 bytes in 731 msecs (HTTP/1.1 200) 4 headers in 157 bytes (1 switches on core 0)
2026-07-02 01:43:35.553 8 INFO neutron.db.ovn_revision_numbers_db [None req-a5cd8d9d-d20e-4088-87a8-c39a62b243d7 - - - - - -] Successfully bumped revision number for resource 06dc4889-b730-42f9-8477-970796c61c06 (type: ports) to 2
2026-07-02 01:43:35.595 8 INFO neutron.db.ovn_revision_numbers_db [None req-a5cd8d9d-d20e-4088-87a8-c39a62b243d7 - - - - - -] Successfully bumped revision number for resource a7dbfe1c-4316-4d99-916e-2b31a7054586 (type: subnets) to 0 [pid: 8|app: 0|req: 1441/2650] 10.0.0.167 () {34 vars in 667 bytes} [Thu Jul 2 01:43:34 2026] POST /v2.0/subnets => generated 629 bytes in 793 msecs (HTTP/1.1 201) 4 headers in 162 bytes (1 switches on core 0)
2026-07-02 01:43:35.689 7 WARNING neutron.scheduler.dhcp_agent_scheduler [None req-a1151307-ce2e-4e8d-9026-a9dfc9ff377f 604bd45b72eb497bb85bb9b16c23e5ed 4cc84dd86e954cadadb6fc9b57d0a391 - - default default] No more DHCP agents
2026-07-02 01:43:35.690 7 WARNING neutron.api.rpc.agentnotifiers.dhcp_rpc_agent_api [None req-a1151307-ce2e-4e8d-9026-a9dfc9ff377f 604bd45b72eb497bb85bb9b16c23e5ed 4cc84dd86e954cadadb6fc9b57d0a391 - - default default] Unable to schedule network 93253801-0d75-4a22-8444-02d6e949d6ff: no agents available; will retry on subsequent port and subnet creation events. [pid: 8|app: 0|req: 1442/2651] 10.0.0.167 () {32 vars in 734 bytes} [Thu Jul 2 01:43:35 2026] GET /v2.0/ports?device_id=d7d3a94d-87b4-4431-bf05-8c6c5e9c23ea => generated 950 bytes in 96 msecs (HTTP/1.1 200) 4 headers in 157 bytes (1 switches on core 0)
2026-07-02 01:43:35.732 7 INFO neutron.db.ovn_revision_numbers_db [None req-a1151307-ce2e-4e8d-9026-a9dfc9ff377f 604bd45b72eb497bb85bb9b16c23e5ed 4cc84dd86e954cadadb6fc9b57d0a391 - - default default] Successfully bumped revision number for resource 708b0dd7-9e00-4614-9708-188bfb9e8e55 (type: subnets) to 0 [pid: 7|app: 0|req: 1210/2652] 10.0.0.167 () {34 vars in 667 bytes} [Thu Jul 2 01:43:35 2026] POST /v2.0/subnets => generated 730 bytes in 338 msecs (HTTP/1.1 201) 4 headers in 162 bytes (1 switches on core 0)
2026-07-02 01:43:35.807 8 INFO neutron.db.segments_db [None req-75d53f9d-d48a-4504-9aca-a5431c16d2b8 f7bc56cd1a0441e7ac5631a93d50bb3c 033f2d087e4749e18c2eba9fa7bc9f61 - - default default] Added segment 3d4f46f7-bde7-49dd-9246-908d5c8abd31 of type geneve for network e487fa1b-1082-4909-bd66-6f648f7bcebe
2026-07-02 01:43:35.943 8 INFO neutron.db.ovn_revision_numbers_db [None req-75d53f9d-d48a-4504-9aca-a5431c16d2b8 f7bc56cd1a0441e7ac5631a93d50bb3c 033f2d087e4749e18c2eba9fa7bc9f61 - - default default] Successfully bumped revision number for resource e487fa1b-1082-4909-bd66-6f648f7bcebe (type: networks) to 1
2026-07-02 01:43:36.117 7 INFO neutron_taas.services.taas.taas_plugin [None req-13a888df-0442-4342-94fa-cc1c52836903 077e14e93428415196baa2530de6fb50 9d83712b223a4a9da5a9f1887b3d6659 - - default default] TaaS: Handle Delete Port: 68495a08-5c99-499d-92e0-39a8a3514612
2026-07-02 01:43:36.121 7 INFO neutron_taas.services.taas.tap_mirror_plugin [None req-13a888df-0442-4342-94fa-cc1c52836903 077e14e93428415196baa2530de6fb50 9d83712b223a4a9da5a9f1887b3d6659 - - default default] Tap Mirror: Handle Delete Port: 68495a08-5c99-499d-92e0-39a8a3514612
2026-07-02 01:43:36.160 8 WARNING neutron.scheduler.dhcp_agent_scheduler [None req-75d53f9d-d48a-4504-9aca-a5431c16d2b8 f7bc56cd1a0441e7ac5631a93d50bb3c 033f2d087e4749e18c2eba9fa7bc9f61 - - default default] No more DHCP agents
2026-07-02 01:43:36.162 8 WARNING neutron.api.rpc.agentnotifiers.dhcp_rpc_agent_api [None req-75d53f9d-d48a-4504-9aca-a5431c16d2b8 f7bc56cd1a0441e7ac5631a93d50bb3c 033f2d087e4749e18c2eba9fa7bc9f61 - - default default] Unable to schedule network e487fa1b-1082-4909-bd66-6f648f7bcebe: no agents available; will retry on subsequent port and subnet creation events.
2026-07-02 01:43:36.268 7 INFO neutron.plugins.ml2.drivers.ovn.mech_driver.mech_driver [None req-c525937e-84bf-4c40-adfd-785a2cc1b84c - - - - - -] OVN reports status down for port: ae702b25-2efc-471d-bc44-f4be990765a2
2026-07-02 01:43:36.298 8 INFO neutron.db.ovn_revision_numbers_db [None req-75d53f9d-d48a-4504-9aca-a5431c16d2b8 f7bc56cd1a0441e7ac5631a93d50bb3c 033f2d087e4749e18c2eba9fa7bc9f61 - - default default] Successfully bumped revision number for resource ae702b25-2efc-471d-bc44-f4be990765a2 (type: ports) to 1 [pid: 8|app: 0|req: 1443/2653] 10.0.0.167 () {34 vars in 668 bytes} [Thu Jul 2 01:43:35 2026] POST /v2.0/networks => generated 631 bytes in 620 msecs (HTTP/1.1 201) 4 headers in 162 bytes (1 switches on core 0) [pid: 7|app: 0|req: 1211/2654] 10.0.0.167 () {34 vars in 787 bytes} [Thu Jul 2 01:43:35 2026] PUT /v2.0/routers/d7d3a94d-87b4-4431-bf05-8c6c5e9c23ea/remove_router_interface => generated 309 bytes in 1146 msecs (HTTP/1.1 200) 4 headers in 157 bytes (1 switches on core 0) /var/lib/openstack/lib/python3.12/site-packages/pycadf/identifier.py:70: UserWarning: Invalid uuid: neutron. To ensure interoperability, identifiers should be a valid uuid. warnings.warn(('Invalid uuid: %s. To ensure interoperability, '
2026-07-02 01:43:36.954 8 WARNING neutron.scheduler.dhcp_agent_scheduler [None req-8dfc49af-92c7-4f0c-aaa5-68d5a069d584 604bd45b72eb497bb85bb9b16c23e5ed 4cc84dd86e954cadadb6fc9b57d0a391 - - default default] No more DHCP agents
2026-07-02 01:43:36.955 8 WARNING neutron.api.rpc.agentnotifiers.dhcp_rpc_agent_api [None req-8dfc49af-92c7-4f0c-aaa5-68d5a069d584 604bd45b72eb497bb85bb9b16c23e5ed 4cc84dd86e954cadadb6fc9b57d0a391 - - default default] Unable to schedule network a78cd133-5135-48bb-9beb-19f95f7d53cc: no agents available; will retry on subsequent port and subnet creation events.
2026-07-02 01:43:37.121 7 INFO neutron.plugins.ml2.drivers.ovn.mech_driver.mech_driver [None req-c525937e-84bf-4c40-adfd-785a2cc1b84c - - - - - -] OVN reports status down for port: 9f2c6278-0028-43fb-84f3-044713eeb273
2026-07-02 01:43:37.154 8 INFO neutron.db.ovn_revision_numbers_db [None req-8dfc49af-92c7-4f0c-aaa5-68d5a069d584 604bd45b72eb497bb85bb9b16c23e5ed 4cc84dd86e954cadadb6fc9b57d0a391 - - default default] Successfully bumped revision number for resource 9f2c6278-0028-43fb-84f3-044713eeb273 (type: ports) to 1
2026-07-02 01:43:37.228 7 WARNING neutron.scheduler.dhcp_agent_scheduler [None req-cb78d796-ed99-4fd2-9c56-95d2c069e9be f7bc56cd1a0441e7ac5631a93d50bb3c 033f2d087e4749e18c2eba9fa7bc9f61 - - default default] No more DHCP agents
2026-07-02 01:43:37.232 7 WARNING neutron.api.rpc.agentnotifiers.dhcp_rpc_agent_api [None req-cb78d796-ed99-4fd2-9c56-95d2c069e9be f7bc56cd1a0441e7ac5631a93d50bb3c 033f2d087e4749e18c2eba9fa7bc9f61 - - default default] Unable to schedule network e487fa1b-1082-4909-bd66-6f648f7bcebe: no agents available; will retry on subsequent port and subnet creation events.
2026-07-02 01:43:37.695 7 INFO neutron.db.ovn_revision_numbers_db [None req-17693b97-f34a-4f4b-95b9-58eb18113f6e - - - - - -] Successfully bumped revision number for resource ae702b25-2efc-471d-bc44-f4be990765a2 (type: ports) to 2
2026-07-02 01:43:37.726 7 INFO neutron.db.ovn_revision_numbers_db [None req-17693b97-f34a-4f4b-95b9-58eb18113f6e - - - - - -] Successfully bumped revision number for resource a4a0749b-eddd-4fa6-a587-ead2af744bd2 (type: subnets) to 0 [pid: 7|app: 0|req: 1212/2655] 10.0.0.167 () {34 vars in 667 bytes} [Thu Jul 2 01:43:36 2026] POST /v2.0/subnets => generated 629 bytes in 841 msecs (HTTP/1.1 201) 4 headers in 162 bytes (1 switches on core 0)
2026-07-02 01:43:37.753 8 INFO neutron.plugins.ml2.drivers.ovn.mech_driver.ovsdb.commands [-] Schedule LRP lrp-9f2c6278-0028-43fb-84f3-044713eeb273 on gateway 00a8bba6-8c14-44db-bfd4-7bdcb4189af3 with priority 1
2026-07-02 01:43:37.923 8 INFO neutron.db.ovn_revision_numbers_db [None req-8dfc49af-92c7-4f0c-aaa5-68d5a069d584 604bd45b72eb497bb85bb9b16c23e5ed 4cc84dd86e954cadadb6fc9b57d0a391 - - default default] Successfully bumped revision number for resource 9f2c6278-0028-43fb-84f3-044713eeb273 (type: router_ports) to 1
2026-07-02 01:43:37.933 7 INFO neutron.plugins.ml2.drivers.ovn.mech_driver.ovsdb.ovsdb_monitor [None req-3a44da6b-f5bd-4af6-bcf1-bd2c56522292 - - - - - -] Router 1fc774c9-0fc1-48d1-a7bc-449b2e353da7 is bound to host instance
2026-07-02 01:43:38.012 7 INFO neutron.plugins.ml2.drivers.ovn.mech_driver.mech_driver [None req-c525937e-84bf-4c40-adfd-785a2cc1b84c - - - - - -] OVN reports status up for port: 9f2c6278-0028-43fb-84f3-044713eeb273
2026-07-02 01:43:38.020 8 INFO neutron.db.ovn_revision_numbers_db [None req-8dfc49af-92c7-4f0c-aaa5-68d5a069d584 604bd45b72eb497bb85bb9b16c23e5ed 4cc84dd86e954cadadb6fc9b57d0a391 - - default default] Successfully bumped revision number for resource 1fc774c9-0fc1-48d1-a7bc-449b2e353da7 (type: routers) to 2 [pid: 8|app: 0|req: 1444/2656] 10.0.0.167 () {34 vars in 667 bytes} [Thu Jul 2 01:43:36 2026] POST /v2.0/routers => generated 945 bytes in 1717 msecs (HTTP/1.1 201) 4 headers in 162 bytes (1 switches on core 0)
2026-07-02 01:43:38.080 7 INFO neutron.plugins.ml2.plugin [None req-c525937e-84bf-4c40-adfd-785a2cc1b84c - - - - - -] Attempt 1 to provision port 9f2c6278-0028-43fb-84f3-044713eeb273
2026-07-02 01:43:38.146 8 INFO neutron.db.segments_db [None req-73bc1344-a8c9-4e7e-8e11-782a69484f21 f7bc56cd1a0441e7ac5631a93d50bb3c 033f2d087e4749e18c2eba9fa7bc9f61 - - default default] Added segment 6bb61e25-497f-4ae6-9b18-d67ea2a01975 of type geneve for network 6dc3edcc-842e-4b79-97db-6eec16675142
2026-07-02 01:43:38.276 8 INFO neutron.db.ovn_revision_numbers_db [None req-73bc1344-a8c9-4e7e-8e11-782a69484f21 f7bc56cd1a0441e7ac5631a93d50bb3c 033f2d087e4749e18c2eba9fa7bc9f61 - - default default] Successfully bumped revision number for resource 6dc3edcc-842e-4b79-97db-6eec16675142 (type: networks) to 1
2026-07-02 01:43:38.448 8 WARNING neutron.scheduler.dhcp_agent_scheduler [None req-73bc1344-a8c9-4e7e-8e11-782a69484f21 f7bc56cd1a0441e7ac5631a93d50bb3c 033f2d087e4749e18c2eba9fa7bc9f61 - - default default] No more DHCP agents
2026-07-02 01:43:38.450 8 WARNING neutron.api.rpc.agentnotifiers.dhcp_rpc_agent_api [None req-73bc1344-a8c9-4e7e-8e11-782a69484f21 f7bc56cd1a0441e7ac5631a93d50bb3c 033f2d087e4749e18c2eba9fa7bc9f61 - - default default] Unable to schedule network 6dc3edcc-842e-4b79-97db-6eec16675142: no agents available; will retry on subsequent port and subnet creation events.
2026-07-02 01:43:38.573 8 INFO neutron.db.ovn_revision_numbers_db [None req-73bc1344-a8c9-4e7e-8e11-782a69484f21 f7bc56cd1a0441e7ac5631a93d50bb3c 033f2d087e4749e18c2eba9fa7bc9f61 - - default default] Successfully bumped revision number for resource 4e246540-9628-4975-b9f2-b0f10263115b (type: ports) to 1 [pid: 8|app: 0|req: 1445/2657] 10.0.0.167 () {34 vars in 668 bytes} [Thu Jul 2 01:43:38 2026] POST /v2.0/networks => generated 632 bytes in 547 msecs (HTTP/1.1 201) 4 headers in 162 bytes (1 switches on core 0)
2026-07-02 01:43:38.800 7 INFO neutron_taas.services.taas.taas_plugin [None req-cceffe0f-ca16-41b4-b1b6-73fb21cf0569 077e14e93428415196baa2530de6fb50 9d83712b223a4a9da5a9f1887b3d6659 - - default default] TaaS: Handle Delete Port: cc78223c-fe8d-46b4-96bc-feabb5e9acf9
2026-07-02 01:43:38.804 7 INFO neutron_taas.services.taas.tap_mirror_plugin [None req-cceffe0f-ca16-41b4-b1b6-73fb21cf0569 077e14e93428415196baa2530de6fb50 9d83712b223a4a9da5a9f1887b3d6659 - - default default] Tap Mirror: Handle Delete Port: cc78223c-fe8d-46b4-96bc-feabb5e9acf9 [pid: 7|app: 0|req: 1213/2658] 10.0.0.167 () {32 vars in 722 bytes} [Thu Jul 2 01:43:37 2026] DELETE /v2.0/routers/d7d3a94d-87b4-4431-bf05-8c6c5e9c23ea => generated 0 bytes in 1846 msecs (HTTP/1.1 204) 2 headers in 112 bytes (1 switches on core 0)
2026-07-02 01:43:39.846 7 INFO neutron.db.ovn_revision_numbers_db [None req-23d9844d-ece2-4acc-9649-8203b33060a7 - - - - - -] Successfully bumped revision number for resource 9f2c6278-0028-43fb-84f3-044713eeb273 (type: ports) to 4
2026-07-02 01:43:39.850 8 WARNING neutron.scheduler.dhcp_agent_scheduler [None req-0bee07b4-7a55-458b-8101-cfd8f9812123 604bd45b72eb497bb85bb9b16c23e5ed 4cc84dd86e954cadadb6fc9b57d0a391 - - default default] No more DHCP agents
2026-07-02 01:43:39.851 8 WARNING neutron.api.rpc.agentnotifiers.dhcp_rpc_agent_api [None req-0bee07b4-7a55-458b-8101-cfd8f9812123 604bd45b72eb497bb85bb9b16c23e5ed 4cc84dd86e954cadadb6fc9b57d0a391 - - default default] Unable to schedule network 10f27168-554a-4087-b6b8-e62536bd7eef: no agents available; will retry on subsequent port and subnet creation events.
2026-07-02 01:43:39.983 7 WARNING neutron.scheduler.dhcp_agent_scheduler [None req-8bc9b49a-2c0a-49eb-a142-aed8bc9eee2f f7bc56cd1a0441e7ac5631a93d50bb3c 033f2d087e4749e18c2eba9fa7bc9f61 - - default default] No more DHCP agents
2026-07-02 01:43:39.990 7 WARNING neutron.api.rpc.agentnotifiers.dhcp_rpc_agent_api [None req-8bc9b49a-2c0a-49eb-a142-aed8bc9eee2f f7bc56cd1a0441e7ac5631a93d50bb3c 033f2d087e4749e18c2eba9fa7bc9f61 - - default default] Unable to schedule network 6dc3edcc-842e-4b79-97db-6eec16675142: no agents available; will retry on subsequent port and subnet creation events.
2026-07-02 01:43:40.111 8 INFO neutron.db.ovn_revision_numbers_db [None req-0bee07b4-7a55-458b-8101-cfd8f9812123 604bd45b72eb497bb85bb9b16c23e5ed 4cc84dd86e954cadadb6fc9b57d0a391 - - default default] Successfully bumped revision number for resource 0eff1608-4239-4305-934b-ef3e39371449 (type: ports) to 1
2026-07-02 01:43:40.650 7 INFO neutron.db.ovn_revision_numbers_db [None req-23d9844d-ece2-4acc-9649-8203b33060a7 - - - - - -] Successfully bumped revision number for resource 9f2c6278-0028-43fb-84f3-044713eeb273 (type: ports) to 5
2026-07-02 01:43:40.867 8 WARNING neutron.scheduler.dhcp_agent_scheduler [None req-0bee07b4-7a55-458b-8101-cfd8f9812123 604bd45b72eb497bb85bb9b16c23e5ed 4cc84dd86e954cadadb6fc9b57d0a391 - - default default] No more DHCP agents
2026-07-02 01:43:40.868 8 WARNING neutron.api.rpc.agentnotifiers.dhcp_rpc_agent_api [None req-0bee07b4-7a55-458b-8101-cfd8f9812123 604bd45b72eb497bb85bb9b16c23e5ed 4cc84dd86e954cadadb6fc9b57d0a391 - - default default] Unable to schedule network 10f27168-554a-4087-b6b8-e62536bd7eef: no agents available; will retry on subsequent port and subnet creation events.
2026-07-02 01:43:40.972 7 INFO neutron.db.ovn_revision_numbers_db [None req-d1c66658-3951-4ae2-9c0e-b96df01d0829 - - - - - -] Successfully bumped revision number for resource 4e246540-9628-4975-b9f2-b0f10263115b (type: ports) to 2
2026-07-02 01:43:40.997 7 INFO neutron.plugins.ml2.drivers.ovn.mech_driver.mech_driver [None req-c525937e-84bf-4c40-adfd-785a2cc1b84c - - - - - -] OVN reports status down for port: 4e246540-9628-4975-b9f2-b0f10263115b
2026-07-02 01:43:41.014 7 INFO neutron.db.ovn_revision_numbers_db [None req-d1c66658-3951-4ae2-9c0e-b96df01d0829 - - - - - -] Successfully bumped revision number for resource c5ead083-e886-4538-b229-2040cb397177 (type: subnets) to 0 [pid: 7|app: 0|req: 1214/2659] 10.0.0.167 () {34 vars in 667 bytes} [Thu Jul 2 01:43:39 2026] POST /v2.0/subnets => generated 629 bytes in 1457 msecs (HTTP/1.1 201) 4 headers in 162 bytes (1 switches on core 0)
2026-07-02 01:43:41.083 7 INFO neutron.api.v2.resource [None req-a43ba7f4-4296-4157-8300-f01315ce2088 077e14e93428415196baa2530de6fb50 9d83712b223a4a9da5a9f1887b3d6659 - - default default] show failed (client error): The resource could not be found. [pid: 7|app: 0|req: 1215/2660] 10.0.0.167 () {32 vars in 719 bytes} [Thu Jul 2 01:43:41 2026] GET /v2.0/routers/1ff77cba-74ab-4463-b62f-ae416526e313 => generated 135 bytes in 36 msecs (HTTP/1.1 404) 4 headers in 164 bytes (1 switches on core 0)
2026-07-02 01:43:41.157 7 INFO neutron.plugins.ml2.drivers.ovn.mech_driver.mech_driver [None req-c525937e-84bf-4c40-adfd-785a2cc1b84c - - - - - -] OVN reports status down for port: 0eff1608-4239-4305-934b-ef3e39371449 [pid: 7|app: 0|req: 1216/2661] 10.0.0.167 () {34 vars in 749 bytes} [Thu Jul 2 01:43:41 2026] PUT /v2.0/subnets/773b5398-2084-45aa-9dc3-586fd47fe90a/tags => generated 17 bytes in 99 msecs (HTTP/1.1 200) 4 headers in 156 bytes (1 switches on core 0)
2026-07-02 01:43:41.319 8 INFO neutron.db.ovn_revision_numbers_db [None req-0bee07b4-7a55-458b-8101-cfd8f9812123 604bd45b72eb497bb85bb9b16c23e5ed 4cc84dd86e954cadadb6fc9b57d0a391 - - default default] Successfully bumped revision number for resource 0eff1608-4239-4305-934b-ef3e39371449 (type: router_ports) to 1 [pid: 8|app: 0|req: 1446/2662] 10.0.0.167 () {34 vars in 781 bytes} [Thu Jul 2 01:43:38 2026] PUT /v2.0/routers/1fc774c9-0fc1-48d1-a7bc-449b2e353da7/add_router_interface => generated 309 bytes in 2728 msecs (HTTP/1.1 200) 4 headers in 157 bytes (1 switches on core 0) [pid: 8|app: 0|req: 1447/2663] 10.0.0.167 () {34 vars in 749 bytes} [Thu Jul 2 01:43:41 2026] PUT /v2.0/subnets/3522f7f9-2999-4c05-8631-e97e3f67dcf0/tags => generated 25 bytes in 58 msecs (HTTP/1.1 200) 4 headers in 156 bytes (1 switches on core 0)
2026-07-02 01:43:41.484 7 WARNING neutron.plugins.ml2.drivers.ovn.mech_driver.ovsdb.ovn_client [None req-c525937e-84bf-4c40-adfd-785a2cc1b84c - - - - - -] Logical_Switch_Port 0eff1608-4239-4305-934b-ef3e39371449 host information not removed, the port state is up
2026-07-02 01:43:41.485 7 INFO neutron.plugins.ml2.drivers.ovn.mech_driver.mech_driver [None req-c525937e-84bf-4c40-adfd-785a2cc1b84c - - - - - -] OVN reports status up for port: 0eff1608-4239-4305-934b-ef3e39371449
2026-07-02 01:43:41.521 7 INFO neutron.plugins.ml2.plugin [None req-c525937e-84bf-4c40-adfd-785a2cc1b84c - - - - - -] Attempt 1 to provision port 0eff1608-4239-4305-934b-ef3e39371449 [pid: 7|app: 0|req: 1217/2664] 10.0.0.167 () {32 vars in 722 bytes} [Thu Jul 2 01:43:41 2026] DELETE /v2.0/subnets/f49361c6-c20e-4323-aa9c-e6a4e211c6df => generated 0 bytes in 364 msecs (HTTP/1.1 204) 3 headers in 131 bytes (1 switches on core 0) [pid: 7|app: 0|req: 1218/2665] 10.0.0.167 () {34 vars in 749 bytes} [Thu Jul 2 01:43:41 2026] PUT /v2.0/subnets/a7dbfe1c-4316-4d99-916e-2b31a7054586/tags => generated 34 bytes in 95 msecs (HTTP/1.1 200) 4 headers in 156 bytes (1 switches on core 0)
2026-07-02 01:43:41.883 8 WARNING neutron.scheduler.dhcp_agent_scheduler [None req-bc913cc2-160b-446b-aec2-71cbfac5c5c9 604bd45b72eb497bb85bb9b16c23e5ed 4cc84dd86e954cadadb6fc9b57d0a391 - - default default] No more DHCP agents
2026-07-02 01:43:41.884 8 WARNING neutron.api.rpc.agentnotifiers.dhcp_rpc_agent_api [None req-bc913cc2-160b-446b-aec2-71cbfac5c5c9 604bd45b72eb497bb85bb9b16c23e5ed 4cc84dd86e954cadadb6fc9b57d0a391 - - default default] Unable to schedule network ec26101b-0f1d-4bbf-87b4-52adf4930086: no agents available; will retry on subsequent port and subnet creation events. [pid: 7|app: 0|req: 1219/2666] 10.0.0.167 () {32 vars in 722 bytes} [Thu Jul 2 01:43:41 2026] DELETE /v2.0/subnets/3e1bb76f-a411-4dd5-b04c-a27ebb1f8752 => generated 0 bytes in 353 msecs (HTTP/1.1 204) 3 headers in 131 bytes (1 switches on core 0)
2026-07-02 01:43:42.096 8 INFO neutron.db.ovn_revision_numbers_db [None req-bc913cc2-160b-446b-aec2-71cbfac5c5c9 604bd45b72eb497bb85bb9b16c23e5ed 4cc84dd86e954cadadb6fc9b57d0a391 - - default default] Successfully bumped revision number for resource 9105f7fc-97d5-4d12-800a-ed202d6ed9af (type: ports) to 1 [pid: 7|app: 0|req: 1220/2667] 10.0.0.167 () {34 vars in 749 bytes} [Thu Jul 2 01:43:41 2026] PUT /v2.0/subnets/a4a0749b-eddd-4fa6-a587-ead2af744bd2/tags => generated 19 bytes in 166 msecs (HTTP/1.1 200) 4 headers in 156 bytes (1 switches on core 0)
2026-07-02 01:43:42.389 7 INFO neutron.db.ovn_revision_numbers_db [None req-c525937e-84bf-4c40-adfd-785a2cc1b84c - - - - - -] Successfully bumped revision number for resource 0eff1608-4239-4305-934b-ef3e39371449 (type: ports) to 2 [pid: 7|app: 0|req: 1221/2668] 10.0.0.167 () {32 vars in 722 bytes} [Thu Jul 2 01:43:42 2026] DELETE /v2.0/subnets/e2855633-e340-4ca1-aeb9-a739e75db1b5 => generated 0 bytes in 310 msecs (HTTP/1.1 204) 3 headers in 131 bytes (1 switches on core 0) [pid: 7|app: 0|req: 1222/2669] 10.0.0.167 () {32 vars in 662 bytes} [Thu Jul 2 01:43:42 2026] GET /v2.0/subnets?tags=red => generated 1904 bytes in 96 msecs (HTTP/1.1 200) 4 headers in 158 bytes (1 switches on core 0)
2026-07-02 01:43:42.586 7 INFO neutron.pecan_wsgi.hooks.translation [None req-d11e5e90-dfc1-4cff-a8ea-9921aa2ae26d 077e14e93428415196baa2530de6fb50 9d83712b223a4a9da5a9f1887b3d6659 - - default default] DELETE failed (client error): The resource could not be found. [pid: 7|app: 0|req: 1223/2670] 10.0.0.167 () {32 vars in 722 bytes} [Thu Jul 2 01:43:42 2026] DELETE /v2.0/subnets/fe20b8de-e2dc-46d7-a26d-12ec38b9299f => generated 136 bytes in 16 msecs (HTTP/1.1 404) 4 headers in 164 bytes (1 switches on core 0) [pid: 7|app: 0|req: 1224/2671] 10.0.0.167 () {32 vars in 676 bytes} [Thu Jul 2 01:43:42 2026] GET /v2.0/subnets?tags=red%2Cblue => generated 1283 bytes in 44 msecs (HTTP/1.1 200) 4 headers in 158 bytes (1 switches on core 0)
2026-07-02 01:43:42.760 7 INFO neutron_taas.services.taas.taas_plugin [None req-1fe5a5c6-245c-42b3-af88-ce48ae31198d 077e14e93428415196baa2530de6fb50 9d83712b223a4a9da5a9f1887b3d6659 - - default default] TaaS: Handle Delete Port: ba74bec1-724e-4302-aee6-7777be24a4a4
2026-07-02 01:43:42.762 7 INFO neutron_taas.services.taas.tap_mirror_plugin [None req-1fe5a5c6-245c-42b3-af88-ce48ae31198d 077e14e93428415196baa2530de6fb50 9d83712b223a4a9da5a9f1887b3d6659 - - default default] Tap Mirror: Handle Delete Port: ba74bec1-724e-4302-aee6-7777be24a4a4
2026-07-02 01:43:42.911 8 WARNING neutron.scheduler.dhcp_agent_scheduler [None req-bc913cc2-160b-446b-aec2-71cbfac5c5c9 604bd45b72eb497bb85bb9b16c23e5ed 4cc84dd86e954cadadb6fc9b57d0a391 - - default default] No more DHCP agents
2026-07-02 01:43:42.917 8 WARNING neutron.api.rpc.agentnotifiers.dhcp_rpc_agent_api [None req-bc913cc2-160b-446b-aec2-71cbfac5c5c9 604bd45b72eb497bb85bb9b16c23e5ed 4cc84dd86e954cadadb6fc9b57d0a391 - - default default] Unable to schedule network ec26101b-0f1d-4bbf-87b4-52adf4930086: no agents available; will retry on subsequent port and subnet creation events.
2026-07-02 01:43:43.065 7 INFO neutron.services.segments.plugin [-] Segment c3c1091e-6732-44f8-9976-045d8690c8e7 resource provider aggregate not found
2026-07-02 01:43:43.069 7 INFO neutron.services.segments.plugin [-] Segment c3c1091e-6732-44f8-9976-045d8690c8e7 resource provider aggregate not found
2026-07-02 01:43:43.095 7 INFO neutron.services.segments.plugin [-] Segment c3c1091e-6732-44f8-9976-045d8690c8e7 resource provider not found; error: Placement Client Error (4xx): {"errors": [{"status": 404, "title": "Not Found", "detail": "The resource could not be found.\n\n No resource provider with uuid c3c1091e-6732-44f8-9976-045d8690c8e7 found for delete ", "request_id": "req-6707edc1-f0c1-48f5-98b2-cfde6742ce50"}]}
2026-07-02 01:43:43.096 7 INFO neutron.services.segments.plugin [-] Segment c3c1091e-6732-44f8-9976-045d8690c8e7 resource provider not found; error: Placement Client Error (4xx): {"errors": [{"status": 404, "title": "Not Found", "detail": "The resource could not be found.\n\n No resource provider with uuid c3c1091e-6732-44f8-9976-045d8690c8e7 found for delete ", "request_id": "req-f688bb77-7fd5-4228-b156-b6483b035f5b"}]} [pid: 7|app: 0|req: 1225/2672] 10.0.0.167 () {32 vars in 724 bytes} [Thu Jul 2 01:43:42 2026] DELETE /v2.0/networks/eff7fde6-9fd8-4299-b3d8-53360caad45a => generated 0 bytes in 518 msecs (HTTP/1.1 204) 3 headers in 131 bytes (1 switches on core 0) [pid: 7|app: 0|req: 1226/2673] 10.0.0.167 () {32 vars in 672 bytes} [Thu Jul 2 01:43:43 2026] GET /v2.0/subnets?tags-any=blue => generated 1283 bytes in 43 msecs (HTTP/1.1 200) 4 headers in 158 bytes (1 switches on core 0)
2026-07-02 01:43:43.325 7 INFO neutron_taas.services.taas.taas_plugin [None req-36be83d1-ce46-4143-94d9-1712caa1eead 077e14e93428415196baa2530de6fb50 9d83712b223a4a9da5a9f1887b3d6659 - - default default] TaaS: Handle Delete Port: 1f4562fd-ae4f-4c28-9e53-62a74a250ae6
2026-07-02 01:43:43.329 7 INFO neutron_taas.services.taas.tap_mirror_plugin [None req-36be83d1-ce46-4143-94d9-1712caa1eead 077e14e93428415196baa2530de6fb50 9d83712b223a4a9da5a9f1887b3d6659 - - default default] Tap Mirror: Handle Delete Port: 1f4562fd-ae4f-4c28-9e53-62a74a250ae6
2026-07-02 01:43:43.412 8 INFO neutron.db.ovn_revision_numbers_db [None req-bc913cc2-160b-446b-aec2-71cbfac5c5c9 604bd45b72eb497bb85bb9b16c23e5ed 4cc84dd86e954cadadb6fc9b57d0a391 - - default default] Successfully bumped revision number for resource 9105f7fc-97d5-4d12-800a-ed202d6ed9af (type: router_ports) to 1 [pid: 8|app: 0|req: 1448/2674] 10.0.0.167 () {34 vars in 781 bytes} [Thu Jul 2 01:43:41 2026] PUT /v2.0/routers/1fc774c9-0fc1-48d1-a7bc-449b2e353da7/add_router_interface => generated 309 bytes in 2034 msecs (HTTP/1.1 200) 4 headers in 157 bytes (1 switches on core 0) [pid: 8|app: 0|req: 1449/2675] 10.0.0.167 () {32 vars in 684 bytes} [Thu Jul 2 01:43:43 2026] GET /v2.0/subnets?tags-any=red%2Cblue => generated 1904 bytes in 45 msecs (HTTP/1.1 200) 4 headers in 158 bytes (1 switches on core 0)
2026-07-02 01:43:44.023 8 WARNING neutron.scheduler.dhcp_agent_scheduler [None req-653f450f-9246-43a7-ad8b-14b4d002e931 604bd45b72eb497bb85bb9b16c23e5ed 4cc84dd86e954cadadb6fc9b57d0a391 - - default default] No more DHCP agents
2026-07-02 01:43:44.025 8 WARNING neutron.api.rpc.agentnotifiers.dhcp_rpc_agent_api [None req-653f450f-9246-43a7-ad8b-14b4d002e931 604bd45b72eb497bb85bb9b16c23e5ed 4cc84dd86e954cadadb6fc9b57d0a391 - - default default] Unable to schedule network 93253801-0d75-4a22-8444-02d6e949d6ff: no agents available; will retry on subsequent port and subnet creation events.
2026-07-02 01:43:44.204 8 INFO neutron.db.ovn_revision_numbers_db [None req-653f450f-9246-43a7-ad8b-14b4d002e931 604bd45b72eb497bb85bb9b16c23e5ed 4cc84dd86e954cadadb6fc9b57d0a391 - - default default] Successfully bumped revision number for resource 63c5b790-d866-4241-9b00-2d921ecbdfeb (type: ports) to 1 [pid: 7|app: 0|req: 1227/2676] 10.0.0.167 () {32 vars in 724 bytes} [Thu Jul 2 01:43:43 2026] DELETE /v2.0/networks/04dcbd37-3792-41b1-a22b-46ce939e94e5 => generated 0 bytes in 1324 msecs (HTTP/1.1 204) 3 headers in 131 bytes (1 switches on core 0) [pid: 7|app: 0|req: 1228/2677] 10.0.0.167 () {32 vars in 670 bytes} [Thu Jul 2 01:43:44 2026] GET /v2.0/subnets?not-tags=red => generated 1894 bytes in 40 msecs (HTTP/1.1 200) 4 headers in 158 bytes (1 switches on core 0)
2026-07-02 01:43:44.664 7 INFO neutron_taas.services.taas.taas_plugin [None req-08d39545-f466-469e-9225-11b27c9cfb25 077e14e93428415196baa2530de6fb50 9d83712b223a4a9da5a9f1887b3d6659 - - default default] TaaS: Handle Delete Port: a6cfca2a-81cd-463f-8148-71860735e1c9
2026-07-02 01:43:44.667 7 INFO neutron_taas.services.taas.tap_mirror_plugin [None req-08d39545-f466-469e-9225-11b27c9cfb25 077e14e93428415196baa2530de6fb50 9d83712b223a4a9da5a9f1887b3d6659 - - default default] Tap Mirror: Handle Delete Port: a6cfca2a-81cd-463f-8148-71860735e1c9 [pid: 7|app: 0|req: 1231/2680] 10.0.0.167 () {32 vars in 724 bytes} [Thu Jul 2 01:43:44 2026] DELETE /v2.0/networks/957ccdf1-2e3f-4f24-8f24-7841a363e84e => generated 0 bytes in 350 msecs (HTTP/1.1 204) 3 headers in 131 bytes (1 switches on core 0) [pid: 7|app: 0|req: 1232/2681] 10.0.0.167 () {32 vars in 684 bytes} [Thu Jul 2 01:43:44 2026] GET /v2.0/subnets?not-tags=red%2Cblue => generated 2515 bytes in 116 msecs (HTTP/1.1 200) 4 headers in 158 bytes (1 switches on core 0)
2026-07-02 01:43:45.048 7 INFO neutron.pecan_wsgi.hooks.translation [None req-4f5e5216-4bbc-4b3f-9450-2771fe572894 077e14e93428415196baa2530de6fb50 9d83712b223a4a9da5a9f1887b3d6659 - - default default] DELETE failed (client error): The resource could not be found. [pid: 7|app: 0|req: 1233/2682] 10.0.0.167 () {32 vars in 724 bytes} [Thu Jul 2 01:43:45 2026] DELETE /v2.0/networks/50678b38-a792-4863-a54d-75973f6cd315 => generated 138 bytes in 19 msecs (HTTP/1.1 404) 4 headers in 164 bytes (1 switches on core 0)
2026-07-02 01:43:45.077 8 WARNING neutron.scheduler.dhcp_agent_scheduler [None req-653f450f-9246-43a7-ad8b-14b4d002e931 604bd45b72eb497bb85bb9b16c23e5ed 4cc84dd86e954cadadb6fc9b57d0a391 - - default default] No more DHCP agents
2026-07-02 01:43:45.078 8 WARNING neutron.api.rpc.agentnotifiers.dhcp_rpc_agent_api [None req-653f450f-9246-43a7-ad8b-14b4d002e931 604bd45b72eb497bb85bb9b16c23e5ed 4cc84dd86e954cadadb6fc9b57d0a391 - - default default] Unable to schedule network 93253801-0d75-4a22-8444-02d6e949d6ff: no agents available; will retry on subsequent port and subnet creation events.
2026-07-02 01:43:45.118 7 INFO neutron.services.segments.plugin [-] Segment d4dfede4-333d-48d1-b293-2fd33f1203e7 resource provider aggregate not found
2026-07-02 01:43:45.123 7 INFO neutron.services.segments.plugin [-] Segment d4dfede4-333d-48d1-b293-2fd33f1203e7 resource provider aggregate not found [pid: 7|app: 0|req: 1234/2683] 10.0.0.167 () {32 vars in 680 bytes} [Thu Jul 2 01:43:45 2026] GET /v2.0/subnets?not-tags-any=blue => generated 2515 bytes in 78 msecs (HTTP/1.1 200) 4 headers in 158 bytes (1 switches on core 0)
2026-07-02 01:43:45.145 7 INFO neutron.services.segments.plugin [-] Segment d4dfede4-333d-48d1-b293-2fd33f1203e7 resource provider not found; error: Placement Client Error (4xx): {"errors": [{"status": 404, "title": "Not Found", "detail": "The resource could not be found.\n\n No resource provider with uuid d4dfede4-333d-48d1-b293-2fd33f1203e7 found for delete ", "request_id": "req-ef8e488a-05ad-44fe-995b-75421ecd182e"}]}
2026-07-02 01:43:45.147 7 INFO neutron.services.segments.plugin [-] Segment d4dfede4-333d-48d1-b293-2fd33f1203e7 resource provider not found; error: Placement Client Error (4xx): {"errors": [{"status": 404, "title": "Not Found", "detail": "The resource could not be found.\n\n No resource provider with uuid d4dfede4-333d-48d1-b293-2fd33f1203e7 found for delete ", "request_id": "req-a32c3f85-76a7-4ada-92e5-c500cdf129e2"}]}
2026-07-02 01:43:45.163 7 INFO neutron.services.segments.plugin [-] Segment 5ebea253-456f-4a15-86c2-d024a0d363c2 resource provider aggregate not found
2026-07-02 01:43:45.172 7 INFO neutron.services.segments.plugin [-] Segment 5ebea253-456f-4a15-86c2-d024a0d363c2 resource provider aggregate not found
2026-07-02 01:43:45.190 7 INFO neutron.services.segments.plugin [-] Segment 5ebea253-456f-4a15-86c2-d024a0d363c2 resource provider not found; error: Placement Client Error (4xx): {"errors": [{"status": 404, "title": "Not Found", "detail": "The resource could not be found.\n\n No resource provider with uuid 5ebea253-456f-4a15-86c2-d024a0d363c2 found for delete ", "request_id": "req-01fabbb0-4495-4c5e-97b8-383777140d0f"}]}
2026-07-02 01:43:45.192 7 INFO neutron.services.segments.plugin [-] Segment 5ebea253-456f-4a15-86c2-d024a0d363c2 resource provider not found; error: Placement Client Error (4xx): {"errors": [{"status": 404, "title": "Not Found", "detail": "The resource could not be found.\n\n No resource provider with uuid 5ebea253-456f-4a15-86c2-d024a0d363c2 found for delete ", "request_id": "req-a85ed366-3838-4bc4-b49c-c0918fb69e13"}]} [pid: 7|app: 0|req: 1235/2684] 10.0.0.167 () {32 vars in 692 bytes} [Thu Jul 2 01:43:45 2026] GET /v2.0/subnets?not-tags-any=red%2Cblue => generated 1894 bytes in 60 msecs (HTTP/1.1 200) 4 headers in 158 bytes (1 switches on core 0) [pid: 7|app: 0|req: 1236/2685] 10.0.0.167 () {32 vars in 722 bytes} [Thu Jul 2 01:43:45 2026] DELETE /v2.0/subnets/773b5398-2084-45aa-9dc3-586fd47fe90a => generated 0 bytes in 165 msecs (HTTP/1.1 204) 3 headers in 131 bytes (1 switches on core 0)
2026-07-02 01:43:45.483 8 INFO neutron.db.ovn_revision_numbers_db [None req-653f450f-9246-43a7-ad8b-14b4d002e931 604bd45b72eb497bb85bb9b16c23e5ed 4cc84dd86e954cadadb6fc9b57d0a391 - - default default] Successfully bumped revision number for resource 63c5b790-d866-4241-9b00-2d921ecbdfeb (type: router_ports) to 1 [pid: 8|app: 0|req: 1450/2686] 10.0.0.167 () {34 vars in 781 bytes} [Thu Jul 2 01:43:43 2026] PUT /v2.0/routers/1fc774c9-0fc1-48d1-a7bc-449b2e353da7/add_router_interface => generated 309 bytes in 2025 msecs (HTTP/1.1 200) 4 headers in 157 bytes (1 switches on core 0)
2026-07-02 01:43:45.706 8 INFO neutron.db.ovn_revision_numbers_db [None req-be01306e-5921-4eac-ad53-9d8923a805a3 604bd45b72eb497bb85bb9b16c23e5ed 4cc84dd86e954cadadb6fc9b57d0a391 - - default default] Successfully bumped revision number for resource 6684bfc8-ac72-429c-a6d6-04955fa53f73 (type: security_groups) to 1
2026-07-02 01:43:45.721 8 INFO neutron.db.ovn_revision_numbers_db [None req-be01306e-5921-4eac-ad53-9d8923a805a3 604bd45b72eb497bb85bb9b16c23e5ed 4cc84dd86e954cadadb6fc9b57d0a391 - - default default] Successfully bumped revision number for resource 41dd2b83-f2f0-4587-967d-006ae6498141 (type: security_group_rules) to 0 [pid: 7|app: 0|req: 1237/2687] 10.0.0.167 () {32 vars in 722 bytes} [Thu Jul 2 01:43:45 2026] DELETE /v2.0/subnets/3522f7f9-2999-4c05-8631-e97e3f67dcf0 => generated 0 bytes in 354 msecs (HTTP/1.1 204) 3 headers in 131 bytes (1 switches on core 0)
2026-07-02 01:43:45.735 8 INFO neutron.db.ovn_revision_numbers_db [None req-be01306e-5921-4eac-ad53-9d8923a805a3 604bd45b72eb497bb85bb9b16c23e5ed 4cc84dd86e954cadadb6fc9b57d0a391 - - default default] Successfully bumped revision number for resource 50c6dc55-9e7a-441f-b0d3-5fccc452b3e8 (type: security_group_rules) to 0 [pid: 8|app: 0|req: 1451/2688] 10.0.0.167 () {34 vars in 682 bytes} [Thu Jul 2 01:43:45 2026] POST /v2.0/security-groups => generated 1625 bytes in 234 msecs (HTTP/1.1 201) 4 headers in 163 bytes (1 switches on core 0) [pid: 7|app: 0|req: 1238/2689] 10.0.0.167 () {32 vars in 772 bytes} [Thu Jul 2 01:43:45 2026] GET /v2.0/security-groups?tenant_id=9d83712b223a4a9da5a9f1887b3d6659&name=default => generated 2925 bytes in 123 msecs (HTTP/1.1 200) 4 headers in 158 bytes (1 switches on core 0) [pid: 8|app: 0|req: 1452/2690] 10.0.0.167 () {32 vars in 722 bytes} [Thu Jul 2 01:43:45 2026] DELETE /v2.0/subnets/a7dbfe1c-4316-4d99-916e-2b31a7054586 => generated 0 bytes in 207 msecs (HTTP/1.1 204) 3 headers in 131 bytes (1 switches on core 0)
2026-07-02 01:43:46.047 7 INFO neutron.db.ovn_revision_numbers_db [None req-b5ee51c0-fd37-4904-bc87-f2a7cfef85df 604bd45b72eb497bb85bb9b16c23e5ed 4cc84dd86e954cadadb6fc9b57d0a391 - - default default] Successfully bumped revision number for resource 1c50859e-f6e9-4471-8ffb-8c8db7d3a083 (type: security_group_rules) to 0 [pid: 7|app: 0|req: 1239/2691] 10.0.0.167 () {34 vars in 693 bytes} [Thu Jul 2 01:43:45 2026] POST /v2.0/security-group-rules => generated 597 bytes in 235 msecs (HTTP/1.1 201) 4 headers in 162 bytes (1 switches on core 0) [pid: 8|app: 0|req: 1453/2692] 10.0.0.167 () {32 vars in 738 bytes} [Thu Jul 2 01:43:45 2026] DELETE /v2.0/security-groups/536b52fd-a646-4fb4-853b-7be000d7e6e3 => generated 0 bytes in 312 msecs (HTTP/1.1 204) 2 headers in 112 bytes (1 switches on core 0) [pid: 7|app: 0|req: 1240/2693] 10.0.0.167 () {32 vars in 722 bytes} [Thu Jul 2 01:43:46 2026] DELETE /v2.0/subnets/a4a0749b-eddd-4fa6-a587-ead2af744bd2 => generated 0 bytes in 226 msecs (HTTP/1.1 204) 3 headers in 131 bytes (1 switches on core 0)
2026-07-02 01:43:46.456 8 INFO neutron.db.ovn_revision_numbers_db [None req-8bbd63cd-8d19-4fb4-afc7-4e2cbd714ed1 604bd45b72eb497bb85bb9b16c23e5ed 4cc84dd86e954cadadb6fc9b57d0a391 - - default default] Successfully bumped revision number for resource 2264a174-967d-4843-857d-816410f2e4c9 (type: security_group_rules) to 0 [pid: 8|app: 0|req: 1454/2694] 10.0.0.167 () {34 vars in 693 bytes} [Thu Jul 2 01:43:46 2026] POST /v2.0/security-group-rules => generated 597 bytes in 192 msecs (HTTP/1.1 201) 4 headers in 162 bytes (1 switches on core 0) [pid: 7|app: 0|req: 1241/2695] 10.0.0.167 () {32 vars in 722 bytes} [Thu Jul 2 01:43:46 2026] DELETE /v2.0/subnets/c5ead083-e886-4538-b229-2040cb397177 => generated 0 bytes in 212 msecs (HTTP/1.1 204) 3 headers in 131 bytes (1 switches on core 0)
2026-07-02 01:43:46.669 8 INFO neutron.db.ovn_revision_numbers_db [None req-fbcafef0-46f4-4768-8ac5-98dc56cfd78d 68c4cb610c9b4725b6b27f25f3c8afec 0a2bd2b1f65f46bdada80bae0cffc780 - - default default] Successfully bumped revision number for resource ef2fca83-122e-489c-b2a3-75ba19f50d6f (type: security_groups) to 1
2026-07-02 01:43:46.680 8 INFO neutron.db.ovn_revision_numbers_db [None req-fbcafef0-46f4-4768-8ac5-98dc56cfd78d 68c4cb610c9b4725b6b27f25f3c8afec 0a2bd2b1f65f46bdada80bae0cffc780 - - default default] Successfully bumped revision number for resource 1b684caa-1cb1-47b8-9415-b423d222914e (type: security_group_rules) to 0
2026-07-02 01:43:46.693 8 INFO neutron.db.ovn_revision_numbers_db [None req-fbcafef0-46f4-4768-8ac5-98dc56cfd78d 68c4cb610c9b4725b6b27f25f3c8afec 0a2bd2b1f65f46bdada80bae0cffc780 - - default default] Successfully bumped revision number for resource 4de19dbb-6c37-440e-a063-b72fb752d9ab (type: security_group_rules) to 0
2026-07-02 01:43:46.709 8 INFO neutron.db.ovn_revision_numbers_db [None req-fbcafef0-46f4-4768-8ac5-98dc56cfd78d 68c4cb610c9b4725b6b27f25f3c8afec 0a2bd2b1f65f46bdada80bae0cffc780 - - default default] Successfully bumped revision number for resource b3893553-c66f-40c6-8f0e-180e2b527044 (type: security_group_rules) to 0
2026-07-02 01:43:46.724 8 INFO neutron.db.ovn_revision_numbers_db [None req-fbcafef0-46f4-4768-8ac5-98dc56cfd78d 68c4cb610c9b4725b6b27f25f3c8afec 0a2bd2b1f65f46bdada80bae0cffc780 - - default default] Successfully bumped revision number for resource e0e22da6-90ce-4626-9b80-da2b69964ac9 (type: security_group_rules) to 0
2026-07-02 01:43:46.729 7 INFO neutron.db.ovn_revision_numbers_db [None req-cc8f2bda-4b54-4ddf-9182-294367475eb7 604bd45b72eb497bb85bb9b16c23e5ed 4cc84dd86e954cadadb6fc9b57d0a391 - - default default] Successfully bumped revision number for resource fbaee623-0303-48f5-af9a-164d1d4a3730 (type: security_group_rules) to 0 [pid: 7|app: 0|req: 1242/2696] 10.0.0.167 () {34 vars in 693 bytes} [Thu Jul 2 01:43:46 2026] POST /v2.0/security-group-rules => generated 599 bytes in 231 msecs (HTTP/1.1 201) 4 headers in 162 bytes (1 switches on core 0) [pid: 8|app: 0|req: 1455/2697] 10.0.0.167 () {32 vars in 772 bytes} [Thu Jul 2 01:43:46 2026] GET /v2.0/security-groups?tenant_id=3ff562f7c93847ca938e3e504b63c241&name=default => generated 2925 bytes in 277 msecs (HTTP/1.1 200) 4 headers in 158 bytes (1 switches on core 0)
2026-07-02 01:43:46.884 7 INFO neutron_taas.services.taas.taas_plugin [None req-8b377438-49f7-4cdc-b2b0-071809b44972 f7bc56cd1a0441e7ac5631a93d50bb3c 033f2d087e4749e18c2eba9fa7bc9f61 - - default default] TaaS: Handle Delete Port: e339fc32-57ca-4a5a-bf51-89ea5d71f24f
2026-07-02 01:43:46.888 7 INFO neutron_taas.services.taas.tap_mirror_plugin [None req-8b377438-49f7-4cdc-b2b0-071809b44972 f7bc56cd1a0441e7ac5631a93d50bb3c 033f2d087e4749e18c2eba9fa7bc9f61 - - default default] Tap Mirror: Handle Delete Port: e339fc32-57ca-4a5a-bf51-89ea5d71f24f
2026-07-02 01:43:46.950 8 INFO neutron.db.ovn_revision_numbers_db [None req-c3538e7f-77b8-4200-9486-bd33054e1095 604bd45b72eb497bb85bb9b16c23e5ed 4cc84dd86e954cadadb6fc9b57d0a391 - - default default] Successfully bumped revision number for resource f269c736-ab87-4d13-a080-8783259a2b00 (type: security_group_rules) to 0 [pid: 8|app: 0|req: 1456/2698] 10.0.0.167 () {34 vars in 693 bytes} [Thu Jul 2 01:43:46 2026] POST /v2.0/security-group-rules => generated 601 bytes in 223 msecs (HTTP/1.1 201) 4 headers in 162 bytes (1 switches on core 0)
2026-07-02 01:43:47.214 7 INFO neutron.services.segments.plugin [-] Segment 00cd6565-aab7-492f-9a52-498329f8f291 resource provider aggregate not found
2026-07-02 01:43:47.219 7 INFO neutron.services.segments.plugin [-] Segment 00cd6565-aab7-492f-9a52-498329f8f291 resource provider aggregate not found
2026-07-02 01:43:47.239 7 INFO neutron.services.segments.plugin [-] Segment 00cd6565-aab7-492f-9a52-498329f8f291 resource provider not found; error: Placement Client Error (4xx): {"errors": [{"status": 404, "title": "Not Found", "detail": "The resource could not be found.\n\n No resource provider with uuid 00cd6565-aab7-492f-9a52-498329f8f291 found for delete ", "request_id": "req-4312760e-4b00-4b21-a5d0-da4db8f9d7c7"}]}
2026-07-02 01:43:47.241 7 INFO neutron.services.segments.plugin [-] Segment 00cd6565-aab7-492f-9a52-498329f8f291 resource provider not found; error: Placement Client Error (4xx): {"errors": [{"status": 404, "title": "Not Found", "detail": "The resource could not be found.\n\n No resource provider with uuid 00cd6565-aab7-492f-9a52-498329f8f291 found for delete ", "request_id": "req-1acc8cd0-cd2a-4b30-9408-84ab34638d71"}]} [pid: 7|app: 0|req: 1243/2699] 10.0.0.167 () {32 vars in 724 bytes} [Thu Jul 2 01:43:46 2026] DELETE /v2.0/networks/2314695f-10c2-41d5-9e13-7f3c141622a3 => generated 0 bytes in 484 msecs (HTTP/1.1 204) 3 headers in 131 bytes (1 switches on core 0) [pid: 8|app: 0|req: 1457/2700] 10.0.0.167 () {32 vars in 738 bytes} [Thu Jul 2 01:43:46 2026] DELETE /v2.0/security-groups/ef2fca83-122e-489c-b2a3-75ba19f50d6f => generated 0 bytes in 387 msecs (HTTP/1.1 204) 2 headers in 112 bytes (1 switches on core 0)
2026-07-02 01:43:47.479 7 INFO neutron.db.ovn_revision_numbers_db [None req-d7b5e46d-6a89-4309-90a4-eb6e23672739 604bd45b72eb497bb85bb9b16c23e5ed 4cc84dd86e954cadadb6fc9b57d0a391 - - default default] Successfully bumped revision number for resource d567c97a-761e-4a91-ab1a-adfb515fc90c (type: security_group_rules) to 0 [pid: 7|app: 0|req: 1244/2701] 10.0.0.167 () {34 vars in 693 bytes} [Thu Jul 2 01:43:47 2026] POST /v2.0/security-group-rules => generated 601 bytes in 261 msecs (HTTP/1.1 201) 4 headers in 162 bytes (1 switches on core 0)
2026-07-02 01:43:47.528 8 INFO neutron_taas.services.taas.taas_plugin [None req-3ba7a57a-6404-455d-8c76-c0414f790a2a f7bc56cd1a0441e7ac5631a93d50bb3c 033f2d087e4749e18c2eba9fa7bc9f61 - - default default] TaaS: Handle Delete Port: 96d26968-01e8-4416-987e-a793dfe0a918
2026-07-02 01:43:47.531 8 INFO neutron_taas.services.taas.tap_mirror_plugin [None req-3ba7a57a-6404-455d-8c76-c0414f790a2a f7bc56cd1a0441e7ac5631a93d50bb3c 033f2d087e4749e18c2eba9fa7bc9f61 - - default default] Tap Mirror: Handle Delete Port: 96d26968-01e8-4416-987e-a793dfe0a918
2026-07-02 01:43:47.726 7 WARNING neutron.plugins.ml2.drivers.ovn.mech_driver.ovsdb.ovn_client [None req-fc47bfaa-ff97-4030-bc1f-68f7702cc3ae - - - - - -] No hosting information found for port 0eff1608-4239-4305-934b-ef3e39371449: RuntimeError: No hosting information found for port 0eff1608-4239-4305-934b-ef3e39371449
2026-07-02 01:43:47.761 7 INFO neutron.db.ovn_revision_numbers_db [None req-285dfe3f-fe28-4170-9a2f-51562e93fa56 604bd45b72eb497bb85bb9b16c23e5ed 4cc84dd86e954cadadb6fc9b57d0a391 - - default default] Successfully bumped revision number for resource b1bbb4a7-5e04-465a-9547-913f9588e698 (type: security_group_rules) to 0 [pid: 7|app: 0|req: 1245/2702] 10.0.0.167 () {34 vars in 693 bytes} [Thu Jul 2 01:43:47 2026] POST /v2.0/security-group-rules => generated 597 bytes in 308 msecs (HTTP/1.1 201) 4 headers in 162 bytes (1 switches on core 0) [pid: 8|app: 0|req: 1458/2703] 10.0.0.167 () {32 vars in 724 bytes} [Thu Jul 2 01:43:47 2026] DELETE /v2.0/networks/f4fb47f6-12a9-45b6-ba18-815d6bca1f35 => generated 0 bytes in 500 msecs (HTTP/1.1 204) 3 headers in 131 bytes (1 switches on core 0)
2026-07-02 01:43:47.972 7 INFO neutron.db.ovn_revision_numbers_db [None req-fc47bfaa-ff97-4030-bc1f-68f7702cc3ae - - - - - -] Successfully bumped revision number for resource 0eff1608-4239-4305-934b-ef3e39371449 (type: router_ports) to 2
2026-07-02 01:43:47.973 7 INFO neutron.plugins.ml2.drivers.ovn.mech_driver.mech_driver [None req-fc47bfaa-ff97-4030-bc1f-68f7702cc3ae - - - - - -] OVN reports status down for port: 9105f7fc-97d5-4d12-800a-ed202d6ed9af
2026-07-02 01:43:48.062 8 INFO neutron_taas.services.taas.taas_plugin [None req-3865f1e7-5ee7-4214-bb6a-be7e70390e64 f7bc56cd1a0441e7ac5631a93d50bb3c 033f2d087e4749e18c2eba9fa7bc9f61 - - default default] TaaS: Handle Delete Port: 06dc4889-b730-42f9-8477-970796c61c06
2026-07-02 01:43:48.065 8 INFO neutron_taas.services.taas.tap_mirror_plugin [None req-3865f1e7-5ee7-4214-bb6a-be7e70390e64 f7bc56cd1a0441e7ac5631a93d50bb3c 033f2d087e4749e18c2eba9fa7bc9f61 - - default default] Tap Mirror: Handle Delete Port: 06dc4889-b730-42f9-8477-970796c61c06
2026-07-02 01:43:48.124 7 WARNING neutron.plugins.ml2.drivers.ovn.mech_driver.ovsdb.ovn_client [None req-fc47bfaa-ff97-4030-bc1f-68f7702cc3ae - - - - - -] Logical_Switch_Port 9105f7fc-97d5-4d12-800a-ed202d6ed9af host information not removed, the port state is up
2026-07-02 01:43:48.128 8 INFO neutron.services.segments.plugin [-] Segment 6ba0ec3b-5122-497f-afde-af808338bda9 resource provider aggregate not found
2026-07-02 01:43:48.149 8 INFO neutron.services.segments.plugin [-] Segment 6ba0ec3b-5122-497f-afde-af808338bda9 resource provider not found; error: Placement Client Error (4xx): {"errors": [{"status": 404, "title": "Not Found", "detail": "The resource could not be found.\n\n No resource provider with uuid 6ba0ec3b-5122-497f-afde-af808338bda9 found for delete ", "request_id": "req-70fd9d92-127c-41ec-8db3-3c7b204d7c8e"}]}
2026-07-02 01:43:48.154 8 INFO neutron.services.segments.plugin [-] Segment 6ba0ec3b-5122-497f-afde-af808338bda9 resource provider aggregate not found
2026-07-02 01:43:48.155 7 INFO neutron.db.ovn_revision_numbers_db [None req-91cb7aa3-59f7-43ac-8951-7c12d0e3788e 604bd45b72eb497bb85bb9b16c23e5ed 4cc84dd86e954cadadb6fc9b57d0a391 - - default default] Successfully bumped revision number for resource 77af5d2f-6541-4d71-8e73-3eb9b2f7880f (type: security_group_rules) to 0
2026-07-02 01:43:48.177 8 INFO neutron.services.segments.plugin [-] Segment 6ba0ec3b-5122-497f-afde-af808338bda9 resource provider not found; error: Placement Client Error (4xx): {"errors": [{"status": 404, "title": "Not Found", "detail": "The resource could not be found.\n\n No resource provider with uuid 6ba0ec3b-5122-497f-afde-af808338bda9 found for delete ", "request_id": "req-2304e978-e5ee-4173-ae78-b9d0b572a8c2"}]} [pid: 7|app: 0|req: 1246/2704] 10.0.0.167 () {34 vars in 693 bytes} [Thu Jul 2 01:43:47 2026] POST /v2.0/security-group-rules => generated 597 bytes in 388 msecs (HTTP/1.1 201) 4 headers in 162 bytes (1 switches on core 0)
2026-07-02 01:43:48.253 7 INFO neutron.plugins.ml2.drivers.ovn.mech_driver.mech_driver [None req-fc47bfaa-ff97-4030-bc1f-68f7702cc3ae - - - - - -] OVN reports status up for port: 9105f7fc-97d5-4d12-800a-ed202d6ed9af
2026-07-02 01:43:48.278 7 INFO neutron.plugins.ml2.plugin [None req-fc47bfaa-ff97-4030-bc1f-68f7702cc3ae - - - - - -] Attempt 1 to provision port 9105f7fc-97d5-4d12-800a-ed202d6ed9af [pid: 8|app: 0|req: 1459/2705] 10.0.0.167 () {32 vars in 724 bytes} [Thu Jul 2 01:43:47 2026] DELETE /v2.0/networks/5c342655-b163-444e-b5e0-f9f9102605b9 => generated 0 bytes in 482 msecs (HTTP/1.1 204) 3 headers in 131 bytes (1 switches on core 0)
2026-07-02 01:43:48.484 8 INFO neutron_taas.services.taas.taas_plugin [None req-4dbc69c8-27bd-4b72-8f05-8d4ebd9de97c f7bc56cd1a0441e7ac5631a93d50bb3c 033f2d087e4749e18c2eba9fa7bc9f61 - - default default] TaaS: Handle Delete Port: ae702b25-2efc-471d-bc44-f4be990765a2
2026-07-02 01:43:48.486 8 INFO neutron_taas.services.taas.tap_mirror_plugin [None req-4dbc69c8-27bd-4b72-8f05-8d4ebd9de97c f7bc56cd1a0441e7ac5631a93d50bb3c 033f2d087e4749e18c2eba9fa7bc9f61 - - default default] Tap Mirror: Handle Delete Port: ae702b25-2efc-471d-bc44-f4be990765a2
2026-07-02 01:43:48.709 7 INFO neutron.db.ovn_revision_numbers_db [None req-0ffc441e-c955-42cf-b24b-81457f82395f 604bd45b72eb497bb85bb9b16c23e5ed 4cc84dd86e954cadadb6fc9b57d0a391 - - default default] Successfully bumped revision number for resource 847ea554-f2e3-44b0-b1bd-2693306358c3 (type: security_group_rules) to 0 [pid: 8|app: 0|req: 1460/2706] 10.0.0.167 () {32 vars in 724 bytes} [Thu Jul 2 01:43:48 2026] DELETE /v2.0/networks/e487fa1b-1082-4909-bd66-6f648f7bcebe => generated 0 bytes in 380 msecs (HTTP/1.1 204) 3 headers in 131 bytes (1 switches on core 0) [pid: 7|app: 0|req: 1247/2707] 10.0.0.167 () {34 vars in 693 bytes} [Thu Jul 2 01:43:48 2026] POST /v2.0/security-group-rules => generated 597 bytes in 576 msecs (HTTP/1.1 201) 4 headers in 162 bytes (1 switches on core 0)
2026-07-02 01:43:48.933 8 INFO neutron_taas.services.taas.taas_plugin [None req-8e20a952-a3e2-49d7-af4e-48ce8a5047d4 f7bc56cd1a0441e7ac5631a93d50bb3c 033f2d087e4749e18c2eba9fa7bc9f61 - - default default] TaaS: Handle Delete Port: 4e246540-9628-4975-b9f2-b0f10263115b
2026-07-02 01:43:48.936 8 INFO neutron_taas.services.taas.tap_mirror_plugin [None req-8e20a952-a3e2-49d7-af4e-48ce8a5047d4 f7bc56cd1a0441e7ac5631a93d50bb3c 033f2d087e4749e18c2eba9fa7bc9f61 - - default default] Tap Mirror: Handle Delete Port: 4e246540-9628-4975-b9f2-b0f10263115b
2026-07-02 01:43:49.188 7 INFO neutron.db.ovn_revision_numbers_db [None req-fc47bfaa-ff97-4030-bc1f-68f7702cc3ae - - - - - -] Successfully bumped revision number for resource 9105f7fc-97d5-4d12-800a-ed202d6ed9af (type: ports) to 2
