2026-07-02 01:41:29.161 7 INFO neutron.pecan_wsgi.hooks.translation [None req-da515f1b-6148-4f60-a8be-cdbbb20148e3 778048c6f8cb47e0b9c7093bd6b90115 10cfc8f29cce4a9f93885f503b9d5acf - - default default] DELETE failed (client error): The resource could not be found. [pid: 7|app: 0|req: 818/1858] 10.0.0.167 () {32 vars in 722 bytes} [Thu Jul 2 01:41:29 2026] DELETE /v2.0/subnets/4312daae-de97-4453-8141-0135a8d5cbf7 => generated 136 bytes in 18 msecs (HTTP/1.1 404) 4 headers in 164 bytes (1 switches on core 0) [pid: 8|app: 0|req: 1041/1859] 10.0.0.167 () {32 vars in 647 bytes} [Thu Jul 2 01:41:29 2026] GET /v2.0/networks => generated 651 bytes in 58 msecs (HTTP/1.1 200) 4 headers in 157 bytes (1 switches on core 0)
2026-07-02 01:41:29.223 8 INFO neutron.pecan_wsgi.hooks.translation [None req-2a63e181-f299-4edd-a930-c4d7b93e6388 778048c6f8cb47e0b9c7093bd6b90115 10cfc8f29cce4a9f93885f503b9d5acf - - default default] DELETE failed (client error): The resource could not be found. [pid: 8|app: 0|req: 1042/1860] 10.0.0.167 () {32 vars in 722 bytes} [Thu Jul 2 01:41:29 2026] DELETE /v2.0/subnets/785fa78c-c10b-4ed6-b887-6557c943cf38 => generated 136 bytes in 17 msecs (HTTP/1.1 404) 4 headers in 164 bytes (1 switches on core 0) [pid: 7|app: 0|req: 819/1861] 199.204.45.238 () {34 vars in 1110 bytes} [Thu Jul 2 01:41:29 2026] GET /v2.0/networks/041aecac-124f-4387-921b-a7be4754d0e3?fields=provider%3Aphysical_network&fields=provider%3Anetwork_type => generated 79 bytes in 64 msecs (HTTP/1.1 200) 4 headers in 156 bytes (1 switches on core 0)
2026-07-02 01:41:29.332 7 INFO neutron.db.segments_db [None req-37be5a6a-963b-4e3e-800a-17d6d1c61396 76ac7c8366a848e6b3d5033f1e5f98b8 134fd3d6729f478e8cd5a60ff09eee92 - - default default] Added segment 4b817f9b-1d96-4ee6-8dc6-227fc31a4777 of type geneve for network 9df6e8d5-34f4-4a08-8e73-c64195fc6c2f
2026-07-02 01:41:29.371 8 INFO neutron.db.ovn_revision_numbers_db [None req-627d7922-d388-4827-acc7-382acd7082da 92a8b11743ea42adb1cd8eb00479df50 b084cc4a7d6249c8b3ef63b7c4e13fae - - default default] Successfully bumped revision number for resource 19d7d28e-32bd-4578-bd62-fb997b7febaa (type: security_groups) to 1
2026-07-02 01:41:29.390 8 INFO neutron.db.ovn_revision_numbers_db [None req-627d7922-d388-4827-acc7-382acd7082da 92a8b11743ea42adb1cd8eb00479df50 b084cc4a7d6249c8b3ef63b7c4e13fae - - default default] Successfully bumped revision number for resource ae729822-d883-4e3e-8b68-f1261ffe0df5 (type: security_group_rules) to 0
2026-07-02 01:41:29.401 8 INFO neutron.db.ovn_revision_numbers_db [None req-627d7922-d388-4827-acc7-382acd7082da 92a8b11743ea42adb1cd8eb00479df50 b084cc4a7d6249c8b3ef63b7c4e13fae - - default default] Successfully bumped revision number for resource b65a58ce-c8fd-4a8b-9318-e4691ead162d (type: security_group_rules) to 0 [pid: 8|app: 0|req: 1043/1862] 10.0.0.167 () {34 vars in 683 bytes} [Thu Jul 2 01:41:29 2026] POST /v2.0/security-groups => generated 1673 bytes in 209 msecs (HTTP/1.1 201) 4 headers in 163 bytes (1 switches on core 0)
2026-07-02 01:41:29.483 7 INFO neutron.db.ovn_revision_numbers_db [None req-37be5a6a-963b-4e3e-800a-17d6d1c61396 76ac7c8366a848e6b3d5033f1e5f98b8 134fd3d6729f478e8cd5a60ff09eee92 - - default default] Successfully bumped revision number for resource 9df6e8d5-34f4-4a08-8e73-c64195fc6c2f (type: networks) to 1
2026-07-02 01:41:29.569 8 INFO neutron_taas.services.taas.taas_plugin [None req-d58f70d0-bbbf-415e-933c-db7613cdc922 778048c6f8cb47e0b9c7093bd6b90115 10cfc8f29cce4a9f93885f503b9d5acf - - default default] TaaS: Handle Delete Port: 77a5ab39-d294-4097-9e6a-bf0436924b0b
2026-07-02 01:41:29.572 8 INFO neutron_taas.services.taas.tap_mirror_plugin [None req-d58f70d0-bbbf-415e-933c-db7613cdc922 778048c6f8cb47e0b9c7093bd6b90115 10cfc8f29cce4a9f93885f503b9d5acf - - default default] Tap Mirror: Handle Delete Port: 77a5ab39-d294-4097-9e6a-bf0436924b0b
2026-07-02 01:41:29.646 7 WARNING neutron.scheduler.dhcp_agent_scheduler [None req-37be5a6a-963b-4e3e-800a-17d6d1c61396 76ac7c8366a848e6b3d5033f1e5f98b8 134fd3d6729f478e8cd5a60ff09eee92 - - default default] No more DHCP agents
2026-07-02 01:41:29.647 7 WARNING neutron.api.rpc.agentnotifiers.dhcp_rpc_agent_api [None req-37be5a6a-963b-4e3e-800a-17d6d1c61396 76ac7c8366a848e6b3d5033f1e5f98b8 134fd3d6729f478e8cd5a60ff09eee92 - - default default] Unable to schedule network 9df6e8d5-34f4-4a08-8e73-c64195fc6c2f: no agents available; will retry on subsequent port and subnet creation events. [pid: 8|app: 0|req: 1044/1863] 10.0.0.167 () {32 vars in 718 bytes} [Thu Jul 2 01:41:29 2026] DELETE /v2.0/ports/77a5ab39-d294-4097-9e6a-bf0436924b0b => generated 0 bytes in 296 msecs (HTTP/1.1 204) 3 headers in 131 bytes (1 switches on core 0)
2026-07-02 01:41:29.775 7 INFO neutron.plugins.ml2.drivers.ovn.mech_driver.mech_driver [None req-7f4e42bb-292b-43f7-90b0-6cb3c163c4b8 - - - - - -] OVN reports status down for port: 2bc0f030-7fa6-486e-b347-6f21bbfcf6ed
2026-07-02 01:41:29.785 8 INFO neutron.services.segments.plugin [-] Segment 3758f931-c254-4fd9-82c9-7907560dd298 resource provider aggregate not found
2026-07-02 01:41:29.810 8 INFO neutron.services.segments.plugin [-] Segment 3758f931-c254-4fd9-82c9-7907560dd298 resource provider not found; error: Placement Client Error (4xx): {"errors": [{"status": 404, "title": "Not Found", "detail": "The resource could not be found.\n\n No resource provider with uuid 3758f931-c254-4fd9-82c9-7907560dd298 found for delete ", "request_id": "req-d181b8ea-262c-4e24-afb5-3f6f489dfa8a"}]}
2026-07-02 01:41:29.819 8 INFO neutron.services.segments.plugin [-] Segment 3758f931-c254-4fd9-82c9-7907560dd298 resource provider aggregate not found
2026-07-02 01:41:29.839 7 INFO neutron.db.ovn_revision_numbers_db [None req-37be5a6a-963b-4e3e-800a-17d6d1c61396 76ac7c8366a848e6b3d5033f1e5f98b8 134fd3d6729f478e8cd5a60ff09eee92 - - default default] Successfully bumped revision number for resource 2bc0f030-7fa6-486e-b347-6f21bbfcf6ed (type: ports) to 1
2026-07-02 01:41:29.846 8 INFO neutron.services.segments.plugin [-] Segment 3758f931-c254-4fd9-82c9-7907560dd298 resource provider not found; error: Placement Client Error (4xx): {"errors": [{"status": 404, "title": "Not Found", "detail": "The resource could not be found.\n\n No resource provider with uuid 3758f931-c254-4fd9-82c9-7907560dd298 found for delete ", "request_id": "req-08b0c6e4-299e-4cb6-95d7-14d61a0821ca"}]} [pid: 7|app: 0|req: 820/1864] 10.0.0.167 () {34 vars in 668 bytes} [Thu Jul 2 01:41:29 2026] POST /v2.0/networks => generated 648 bytes in 653 msecs (HTTP/1.1 201) 4 headers in 162 bytes (1 switches on core 0)
2026-07-02 01:41:30.012 8 INFO neutron.db.ovn_revision_numbers_db [None req-836f4419-3134-46fe-b936-9ef3b69388ed 92a8b11743ea42adb1cd8eb00479df50 b084cc4a7d6249c8b3ef63b7c4e13fae - - default default] Successfully bumped revision number for resource 4cade823-d7e6-4654-8733-95e2b374338a (type: security_group_rules) to 0 [pid: 8|app: 0|req: 1045/1865] 10.0.0.167 () {34 vars in 693 bytes} [Thu Jul 2 01:41:29 2026] POST /v2.0/security-group-rules => generated 597 bytes in 319 msecs (HTTP/1.1 201) 4 headers in 162 bytes (1 switches on core 0)
2026-07-02 01:41:30.090 7 INFO neutron_taas.services.taas.taas_plugin [None req-ab856c4b-2c2e-4b73-bdaa-672daf370e43 778048c6f8cb47e0b9c7093bd6b90115 10cfc8f29cce4a9f93885f503b9d5acf - - default default] TaaS: Handle Delete Port: 3acb0e1f-5d36-4789-9683-d06a6f2ae0a4
2026-07-02 01:41:30.097 7 INFO neutron_taas.services.taas.tap_mirror_plugin [None req-ab856c4b-2c2e-4b73-bdaa-672daf370e43 778048c6f8cb47e0b9c7093bd6b90115 10cfc8f29cce4a9f93885f503b9d5acf - - default default] Tap Mirror: Handle Delete Port: 3acb0e1f-5d36-4789-9683-d06a6f2ae0a4
2026-07-02 01:41:30.172 8 INFO neutron.db.segments_db [None req-4dcd96db-28ba-4d55-a0a7-ecc72a87e375 76ac7c8366a848e6b3d5033f1e5f98b8 134fd3d6729f478e8cd5a60ff09eee92 - - default default] Added segment 5968a9f2-b4de-42e1-a3df-de2fff18d43f of type geneve for network ca7ecb45-db30-4f54-8f6a-e5b97921e9d1
2026-07-02 01:41:30.362 8 INFO neutron.db.ovn_revision_numbers_db [None req-4dcd96db-28ba-4d55-a0a7-ecc72a87e375 76ac7c8366a848e6b3d5033f1e5f98b8 134fd3d6729f478e8cd5a60ff09eee92 - - default default] Successfully bumped revision number for resource ca7ecb45-db30-4f54-8f6a-e5b97921e9d1 (type: networks) to 1 [pid: 7|app: 0|req: 821/1866] 10.0.0.167 () {32 vars in 724 bytes} [Thu Jul 2 01:41:29 2026] DELETE /v2.0/networks/9634fd26-e705-4ed6-b16e-5591bd897160 => generated 0 bytes in 492 msecs (HTTP/1.1 204) 3 headers in 131 bytes (1 switches on core 0) [pid: 7|app: 0|req: 822/1867] 10.0.0.111 () {30 vars in 648 bytes} [Thu Jul 2 01:41:30 2026] GET /v2.0/extensions => generated 20118 bytes in 6 msecs (HTTP/1.1 200) 4 headers in 159 bytes (1 switches on core 0)
2026-07-02 01:41:30.556 7 INFO neutron.db.ovn_revision_numbers_db [None req-f6d143c9-47f8-4835-a322-7b5c50a7e538 92a8b11743ea42adb1cd8eb00479df50 b084cc4a7d6249c8b3ef63b7c4e13fae - - default default] Successfully bumped revision number for resource a01e4c10-893e-400e-a3ca-630e8e02d1b7 (type: security_group_rules) to 0
2026-07-02 01:41:30.556 8 WARNING neutron.scheduler.dhcp_agent_scheduler [None req-4dcd96db-28ba-4d55-a0a7-ecc72a87e375 76ac7c8366a848e6b3d5033f1e5f98b8 134fd3d6729f478e8cd5a60ff09eee92 - - default default] No more DHCP agents
2026-07-02 01:41:30.558 8 WARNING neutron.api.rpc.agentnotifiers.dhcp_rpc_agent_api [None req-4dcd96db-28ba-4d55-a0a7-ecc72a87e375 76ac7c8366a848e6b3d5033f1e5f98b8 134fd3d6729f478e8cd5a60ff09eee92 - - default default] Unable to schedule network ca7ecb45-db30-4f54-8f6a-e5b97921e9d1: no agents available; will retry on subsequent port and subnet creation events. [pid: 7|app: 0|req: 823/1868] 10.0.0.167 () {34 vars in 693 bytes} [Thu Jul 2 01:41:30 2026] POST /v2.0/security-group-rules => generated 596 bytes in 204 msecs (HTTP/1.1 201) 4 headers in 162 bytes (1 switches on core 0)
2026-07-02 01:41:30.668 7 INFO neutron.plugins.ml2.drivers.ovn.mech_driver.mech_driver [None req-7f4e42bb-292b-43f7-90b0-6cb3c163c4b8 - - - - - -] OVN reports status down for port: 38b6eb3d-d180-4758-81c1-e64b6c198532
2026-07-02 01:41:30.675 8 INFO neutron.db.ovn_revision_numbers_db [None req-4dcd96db-28ba-4d55-a0a7-ecc72a87e375 76ac7c8366a848e6b3d5033f1e5f98b8 134fd3d6729f478e8cd5a60ff09eee92 - - default default] Successfully bumped revision number for resource 38b6eb3d-d180-4758-81c1-e64b6c198532 (type: ports) to 1 [pid: 8|app: 0|req: 1046/1869] 10.0.0.167 () {34 vars in 668 bytes} [Thu Jul 2 01:41:30 2026] POST /v2.0/networks => generated 650 bytes in 649 msecs (HTTP/1.1 201) 4 headers in 162 bytes (1 switches on core 0) [pid: 7|app: 0|req: 824/1870] 10.0.0.111 () {30 vars in 722 bytes} [Thu Jul 2 01:41:30 2026] GET /v2.0/quotas/77fbfd3aba8344fc8dd9c423f1b672ad/details => generated 847 bytes in 225 msecs (HTTP/1.1 200) 4 headers in 157 bytes (1 switches on core 0)
2026-07-02 01:41:30.878 8 INFO neutron.db.ovn_revision_numbers_db [None req-786a7a1c-c64d-4b11-a083-980a4d725978 92a8b11743ea42adb1cd8eb00479df50 b084cc4a7d6249c8b3ef63b7c4e13fae - - default default] Successfully bumped revision number for resource 3989ec16-7462-498d-bf15-6a1eec3bef8e (type: security_group_rules) to 0 [pid: 8|app: 0|req: 1047/1871] 10.0.0.167 () {34 vars in 693 bytes} [Thu Jul 2 01:41:30 2026] POST /v2.0/security-group-rules => generated 602 bytes in 236 msecs (HTTP/1.1 201) 4 headers in 162 bytes (1 switches on core 0) [pid: 8|app: 0|req: 1048/1872] 10.0.0.167 () {32 vars in 772 bytes} [Thu Jul 2 01:41:30 2026] GET /v2.0/security-groups?tenant_id=10cfc8f29cce4a9f93885f503b9d5acf&name=default => generated 2925 bytes in 185 msecs (HTTP/1.1 200) 4 headers in 158 bytes (1 switches on core 0)
2026-07-02 01:41:31.135 7 INFO neutron.services.segments.plugin [-] Segment 3959b285-d88e-48ad-a669-ce65974395fe resource provider aggregate not found
2026-07-02 01:41:31.150 7 INFO neutron.services.segments.plugin [-] Segment 3959b285-d88e-48ad-a669-ce65974395fe resource provider aggregate not found
2026-07-02 01:41:31.179 7 INFO neutron.services.segments.plugin [-] Segment 3959b285-d88e-48ad-a669-ce65974395fe resource provider not found; error: Placement Client Error (4xx): {"errors": [{"status": 404, "title": "Not Found", "detail": "The resource could not be found.\n\n No resource provider with uuid 3959b285-d88e-48ad-a669-ce65974395fe found for delete ", "request_id": "req-8ce7b4ef-4c81-4b4c-bbfd-156501350867"}]}
2026-07-02 01:41:31.182 7 INFO neutron.services.segments.plugin [-] Segment 3959b285-d88e-48ad-a669-ce65974395fe resource provider not found; error: Placement Client Error (4xx): {"errors": [{"status": 404, "title": "Not Found", "detail": "The resource could not be found.\n\n No resource provider with uuid 3959b285-d88e-48ad-a669-ce65974395fe found for delete ", "request_id": "req-7b02a986-dfe9-4df5-96e9-94b11cdf00cb"}]}
2026-07-02 01:41:31.348 8 INFO neutron.db.ovn_revision_numbers_db [None req-83c4d0d0-4b50-4008-a003-69e9c3eac862 92a8b11743ea42adb1cd8eb00479df50 b084cc4a7d6249c8b3ef63b7c4e13fae - - default default] Successfully bumped revision number for resource 4dd6984d-5e44-4d5b-b472-f3584daf164d (type: security_group_rules) to 0
2026-07-02 01:41:31.364 7 WARNING neutron.scheduler.dhcp_agent_scheduler [None req-43e0a5d2-40e0-4b4b-888b-007a5215ed13 76ac7c8366a848e6b3d5033f1e5f98b8 134fd3d6729f478e8cd5a60ff09eee92 - - default default] No more DHCP agents
2026-07-02 01:41:31.368 7 WARNING neutron.api.rpc.agentnotifiers.dhcp_rpc_agent_api [None req-43e0a5d2-40e0-4b4b-888b-007a5215ed13 76ac7c8366a848e6b3d5033f1e5f98b8 134fd3d6729f478e8cd5a60ff09eee92 - - default default] Unable to schedule network 9df6e8d5-34f4-4a08-8e73-c64195fc6c2f: no agents available; will retry on subsequent port and subnet creation events. [pid: 8|app: 0|req: 1049/1873] 10.0.0.167 () {34 vars in 693 bytes} [Thu Jul 2 01:41:31 2026] POST /v2.0/security-group-rules => generated 601 bytes in 253 msecs (HTTP/1.1 201) 4 headers in 162 bytes (1 switches on core 0) [pid: 8|app: 0|req: 1050/1874] 10.0.0.167 () {32 vars in 738 bytes} [Thu Jul 2 01:41:31 2026] DELETE /v2.0/security-groups/b5078b02-cbc0-4591-bc0d-c6aa33b48667 => generated 0 bytes in 407 msecs (HTTP/1.1 204) 2 headers in 112 bytes (1 switches on core 0)
2026-07-02 01:41:31.845 8 INFO neutron.db.securitygroups_db [None req-8728649b-6eeb-482a-bfb2-127f4b92257e 92a8b11743ea42adb1cd8eb00479df50 b084cc4a7d6249c8b3ef63b7c4e13fae - - default default] Project b084cc4a7d6249c8b3ef63b7c4e13fae added a security group rule with legacy IPv6 ICMP protocol name icmp, ipv6-icmp should be used instead. It was automatically converted.
2026-07-02 01:41:32.053 8 INFO neutron.db.ovn_revision_numbers_db [None req-8728649b-6eeb-482a-bfb2-127f4b92257e 92a8b11743ea42adb1cd8eb00479df50 b084cc4a7d6249c8b3ef63b7c4e13fae - - default default] Successfully bumped revision number for resource 1d1a8ec9-e79d-47ad-8454-982846228333 (type: security_group_rules) to 0 [pid: 8|app: 0|req: 1051/1875] 10.0.0.167 () {34 vars in 693 bytes} [Thu Jul 2 01:41:31 2026] POST /v2.0/security-group-rules => generated 607 bytes in 305 msecs (HTTP/1.1 201) 4 headers in 162 bytes (1 switches on core 0)
2026-07-02 01:41:32.156 8 INFO neutron.db.securitygroups_db [None req-becc591e-4567-42e9-b5bb-c96b9aa7bdff 92a8b11743ea42adb1cd8eb00479df50 b084cc4a7d6249c8b3ef63b7c4e13fae - - default default] Project b084cc4a7d6249c8b3ef63b7c4e13fae added a security group rule with legacy IPv6 ICMP protocol name icmp, ipv6-icmp should be used instead. It was automatically converted.
2026-07-02 01:41:32.223 7 INFO neutron.plugins.ml2.drivers.ovn.mech_driver.mech_driver [None req-7f4e42bb-292b-43f7-90b0-6cb3c163c4b8 - - - - - -] OVN reports status down for port: 3999628e-8775-491a-948b-2f4de9bbf5c3
2026-07-02 01:41:32.301 7 INFO neutron.db.ovn_revision_numbers_db [None req-43e0a5d2-40e0-4b4b-888b-007a5215ed13 76ac7c8366a848e6b3d5033f1e5f98b8 134fd3d6729f478e8cd5a60ff09eee92 - - default default] Successfully bumped revision number for resource 3999628e-8775-491a-948b-2f4de9bbf5c3 (type: ports) to 1
2026-07-02 01:41:32.391 7 WARNING neutron.scheduler.dhcp_agent_scheduler [None req-43e0a5d2-40e0-4b4b-888b-007a5215ed13 76ac7c8366a848e6b3d5033f1e5f98b8 134fd3d6729f478e8cd5a60ff09eee92 - - default default] No more DHCP agents
2026-07-02 01:41:32.394 7 WARNING neutron.api.rpc.agentnotifiers.dhcp_rpc_agent_api [None req-43e0a5d2-40e0-4b4b-888b-007a5215ed13 76ac7c8366a848e6b3d5033f1e5f98b8 134fd3d6729f478e8cd5a60ff09eee92 - - default default] Unable to schedule network ca7ecb45-db30-4f54-8f6a-e5b97921e9d1: no agents available; will retry on subsequent port and subnet creation events.
2026-07-02 01:41:32.444 8 INFO neutron.db.ovn_revision_numbers_db [None req-becc591e-4567-42e9-b5bb-c96b9aa7bdff 92a8b11743ea42adb1cd8eb00479df50 b084cc4a7d6249c8b3ef63b7c4e13fae - - default default] Successfully bumped revision number for resource 764825ee-73ae-4aed-b6ec-db355b005122 (type: security_group_rules) to 0
2026-07-02 01:41:32.495 7 INFO neutron.plugins.ml2.drivers.ovn.mech_driver.mech_driver [None req-7f4e42bb-292b-43f7-90b0-6cb3c163c4b8 - - - - - -] OVN reports status down for port: 64b69405-6b37-412e-b342-b0151297b021 [pid: 8|app: 0|req: 1052/1876] 10.0.0.167 () {34 vars in 693 bytes} [Thu Jul 2 01:41:32 2026] POST /v2.0/security-group-rules => generated 606 bytes in 411 msecs (HTTP/1.1 201) 4 headers in 162 bytes (1 switches on core 0)
2026-07-02 01:41:32.598 7 INFO neutron.db.ovn_revision_numbers_db [None req-43e0a5d2-40e0-4b4b-888b-007a5215ed13 76ac7c8366a848e6b3d5033f1e5f98b8 134fd3d6729f478e8cd5a60ff09eee92 - - default default] Successfully bumped revision number for resource 64b69405-6b37-412e-b342-b0151297b021 (type: ports) to 1 [pid: 7|app: 0|req: 825/1877] 10.0.0.167 () {34 vars in 663 bytes} [Thu Jul 2 01:41:30 2026] POST /v2.0/ports => generated 1506 bytes in 1908 msecs (HTTP/1.1 201) 4 headers in 163 bytes (1 switches on core 0) [pid: 8|app: 0|req: 1053/1878] 10.0.0.167 () {32 vars in 641 bytes} [Thu Jul 2 01:41:32 2026] GET /v2.0/ports => generated 3018 bytes in 113 msecs (HTTP/1.1 200) 4 headers in 158 bytes (1 switches on core 0) /var/lib/openstack/lib/python3.12/site-packages/pycadf/identifier.py:70: UserWarning: Invalid uuid: neutron. To ensure interoperability, identifiers should be a valid uuid. warnings.warn(('Invalid uuid: %s. To ensure interoperability, '
2026-07-02 01:41:33.025 7 INFO neutron_taas.services.taas.taas_plugin [None req-2e70cbc2-0380-48c9-ad6b-3accb3615136 76ac7c8366a848e6b3d5033f1e5f98b8 134fd3d6729f478e8cd5a60ff09eee92 - - default default] TaaS: Handle Delete Port: 3999628e-8775-491a-948b-2f4de9bbf5c3
2026-07-02 01:41:33.028 7 INFO neutron_taas.services.taas.tap_mirror_plugin [None req-2e70cbc2-0380-48c9-ad6b-3accb3615136 76ac7c8366a848e6b3d5033f1e5f98b8 134fd3d6729f478e8cd5a60ff09eee92 - - default default] Tap Mirror: Handle Delete Port: 3999628e-8775-491a-948b-2f4de9bbf5c3 [pid: 7|app: 0|req: 826/1879] 10.0.0.167 () {32 vars in 718 bytes} [Thu Jul 2 01:41:32 2026] DELETE /v2.0/ports/3999628e-8775-491a-948b-2f4de9bbf5c3 => generated 0 bytes in 354 msecs (HTTP/1.1 204) 3 headers in 131 bytes (1 switches on core 0) [pid: 8|app: 0|req: 1054/1880] 10.0.0.167 () {32 vars in 647 bytes} [Thu Jul 2 01:41:32 2026] GET /v2.0/networks => generated 1297 bytes in 329 msecs (HTTP/1.1 200) 4 headers in 158 bytes (1 switches on core 0)
2026-07-02 01:41:33.420 7 INFO neutron.db.ovn_revision_numbers_db [None req-e27b11ec-5c88-4117-bfa9-27f7aab8f3b8 68c4cb610c9b4725b6b27f25f3c8afec 0a2bd2b1f65f46bdada80bae0cffc780 - - default default] Successfully bumped revision number for resource 97f290d8-b169-4827-af6b-b1e2602ad6d2 (type: security_groups) to 1
2026-07-02 01:41:33.435 7 INFO neutron.db.ovn_revision_numbers_db [None req-e27b11ec-5c88-4117-bfa9-27f7aab8f3b8 68c4cb610c9b4725b6b27f25f3c8afec 0a2bd2b1f65f46bdada80bae0cffc780 - - default default] Successfully bumped revision number for resource 4f186e00-7f36-41a3-b7e2-198f58241fd7 (type: security_group_rules) to 0
2026-07-02 01:41:33.449 7 INFO neutron.db.ovn_revision_numbers_db [None req-e27b11ec-5c88-4117-bfa9-27f7aab8f3b8 68c4cb610c9b4725b6b27f25f3c8afec 0a2bd2b1f65f46bdada80bae0cffc780 - - default default] Successfully bumped revision number for resource 9ecd248b-ddf5-4c51-95a8-3cddd08d8ee6 (type: security_group_rules) to 0
2026-07-02 01:41:33.463 7 INFO neutron.db.ovn_revision_numbers_db [None req-e27b11ec-5c88-4117-bfa9-27f7aab8f3b8 68c4cb610c9b4725b6b27f25f3c8afec 0a2bd2b1f65f46bdada80bae0cffc780 - - default default] Successfully bumped revision number for resource c6aed272-7011-4435-95f4-6f77efd97a61 (type: security_group_rules) to 0
2026-07-02 01:41:33.477 7 INFO neutron.db.ovn_revision_numbers_db [None req-e27b11ec-5c88-4117-bfa9-27f7aab8f3b8 68c4cb610c9b4725b6b27f25f3c8afec 0a2bd2b1f65f46bdada80bae0cffc780 - - default default] Successfully bumped revision number for resource f876abef-7609-4e97-ab7f-090c39b77103 (type: security_group_rules) to 0
2026-07-02 01:41:33.477 8 INFO neutron_taas.services.taas.taas_plugin [None req-13fe7e1d-e656-468b-9a07-09d79f2bfef9 76ac7c8366a848e6b3d5033f1e5f98b8 134fd3d6729f478e8cd5a60ff09eee92 - - default default] TaaS: Handle Delete Port: 64b69405-6b37-412e-b342-b0151297b021
2026-07-02 01:41:33.481 8 INFO neutron_taas.services.taas.tap_mirror_plugin [None req-13fe7e1d-e656-468b-9a07-09d79f2bfef9 76ac7c8366a848e6b3d5033f1e5f98b8 134fd3d6729f478e8cd5a60ff09eee92 - - default default] Tap Mirror: Handle Delete Port: 64b69405-6b37-412e-b342-b0151297b021 [pid: 7|app: 0|req: 827/1881] 10.0.0.167 () {32 vars in 772 bytes} [Thu Jul 2 01:41:33 2026] GET /v2.0/security-groups?tenant_id=77fbfd3aba8344fc8dd9c423f1b672ad&name=default => generated 2925 bytes in 317 msecs (HTTP/1.1 200) 4 headers in 158 bytes (1 switches on core 0) [pid: 7|app: 0|req: 828/1882] 10.0.0.141 () {34 vars in 1096 bytes} [Thu Jul 2 01:41:33 2026] GET /v2.0/security-groups?name=tempest-secgroup-smoke-411511868&fields=id&tenant_id=b084cc4a7d6249c8b3ef63b7c4e13fae => generated 69 bytes in 33 msecs (HTTP/1.1 200) 4 headers in 156 bytes (1 switches on core 0) [pid: 8|app: 0|req: 1055/1883] 10.0.0.167 () {32 vars in 718 bytes} [Thu Jul 2 01:41:33 2026] DELETE /v2.0/ports/64b69405-6b37-412e-b342-b0151297b021 => generated 0 bytes in 358 msecs (HTTP/1.1 204) 3 headers in 131 bytes (1 switches on core 0) [pid: 8|app: 0|req: 1056/1884] 10.0.0.141 () {34 vars in 980 bytes} [Thu Jul 2 01:41:33 2026] GET /v2.0/networks?id=041aecac-124f-4387-921b-a7be4754d0e3 => generated 660 bytes in 46 msecs (HTTP/1.1 200) 4 headers in 157 bytes (1 switches on core 0) [pid: 8|app: 0|req: 1057/1885] 10.0.0.167 () {32 vars in 641 bytes} [Thu Jul 2 01:41:33 2026] GET /v2.0/ports => generated 1523 bytes in 60 msecs (HTTP/1.1 200) 4 headers in 158 bytes (1 switches on core 0) [pid: 8|app: 0|req: 1058/1886] 10.0.0.141 () {34 vars in 963 bytes} [Thu Jul 2 01:41:33 2026] GET /v2.0/quotas/b084cc4a7d6249c8b3ef63b7c4e13fae => generated 292 bytes in 15 msecs (HTTP/1.1 200) 4 headers in 157 bytes (1 switches on core 0)
2026-07-02 01:41:33.878 8 INFO neutron.db.segments_db [None req-11a428e1-2b20-4165-bcf4-0302ed1a9916 76ac7c8366a848e6b3d5033f1e5f98b8 134fd3d6729f478e8cd5a60ff09eee92 - - default default] Added segment ea01f866-ddc2-4b8a-8eb5-7b07ad521e25 of type geneve for network 9b4d676c-9a21-4ac6-a9b3-dd51d61f1d5e [pid: 7|app: 0|req: 829/1887] 10.0.0.167 () {32 vars in 738 bytes} [Thu Jul 2 01:41:33 2026] DELETE /v2.0/security-groups/97f290d8-b169-4827-af6b-b1e2602ad6d2 => generated 0 bytes in 346 msecs (HTTP/1.1 204) 2 headers in 112 bytes (1 switches on core 0) [pid: 7|app: 0|req: 830/1888] 10.0.0.141 () {34 vars in 1000 bytes} [Thu Jul 2 01:41:33 2026] GET /v2.0/ports?tenant_id=b084cc4a7d6249c8b3ef63b7c4e13fae&fields=id => generated 149 bytes in 101 msecs (HTTP/1.1 200) 4 headers in 157 bytes (1 switches on core 0)
2026-07-02 01:41:34.029 8 INFO neutron.db.ovn_revision_numbers_db [None req-11a428e1-2b20-4165-bcf4-0302ed1a9916 76ac7c8366a848e6b3d5033f1e5f98b8 134fd3d6729f478e8cd5a60ff09eee92 - - default default] Successfully bumped revision number for resource 9b4d676c-9a21-4ac6-a9b3-dd51d61f1d5e (type: networks) to 1
2026-07-02 01:41:34.191 8 WARNING neutron.scheduler.dhcp_agent_scheduler [None req-11a428e1-2b20-4165-bcf4-0302ed1a9916 76ac7c8366a848e6b3d5033f1e5f98b8 134fd3d6729f478e8cd5a60ff09eee92 - - default default] No more DHCP agents
2026-07-02 01:41:34.193 8 WARNING neutron.api.rpc.agentnotifiers.dhcp_rpc_agent_api [None req-11a428e1-2b20-4165-bcf4-0302ed1a9916 76ac7c8366a848e6b3d5033f1e5f98b8 134fd3d6729f478e8cd5a60ff09eee92 - - default default] Unable to schedule network 9b4d676c-9a21-4ac6-a9b3-dd51d61f1d5e: no agents available; will retry on subsequent port and subnet creation events.
2026-07-02 01:41:34.312 7 INFO neutron.db.ovn_revision_numbers_db [None req-a9248049-8cf3-4a5e-a6b3-b93400a92fdc 23ce743510d14204bd95b862342e6bc5 7688700e6121400193fad14806761442 - - default default] Successfully bumped revision number for resource 8f7a8f81-7ea5-4ef8-b92a-3dddd6e8779d (type: security_groups) to 1
2026-07-02 01:41:34.332 7 INFO neutron.plugins.ml2.drivers.ovn.mech_driver.mech_driver [None req-7f4e42bb-292b-43f7-90b0-6cb3c163c4b8 - - - - - -] OVN reports status down for port: 32f90c90-092e-4015-97bc-5b01714b886a
2026-07-02 01:41:34.334 7 INFO neutron.db.ovn_revision_numbers_db [None req-a9248049-8cf3-4a5e-a6b3-b93400a92fdc 23ce743510d14204bd95b862342e6bc5 7688700e6121400193fad14806761442 - - default default] Successfully bumped revision number for resource 23f86aa6-84f5-48de-8b0b-052e948ad8f9 (type: security_group_rules) to 0
2026-07-02 01:41:34.360 7 INFO neutron.db.ovn_revision_numbers_db [None req-a9248049-8cf3-4a5e-a6b3-b93400a92fdc 23ce743510d14204bd95b862342e6bc5 7688700e6121400193fad14806761442 - - default default] Successfully bumped revision number for resource 341cac32-1dc1-49ed-884b-cfa5d9c38f04 (type: security_group_rules) to 0
2026-07-02 01:41:34.378 8 INFO neutron.db.ovn_revision_numbers_db [None req-11a428e1-2b20-4165-bcf4-0302ed1a9916 76ac7c8366a848e6b3d5033f1e5f98b8 134fd3d6729f478e8cd5a60ff09eee92 - - default default] Successfully bumped revision number for resource 32f90c90-092e-4015-97bc-5b01714b886a (type: ports) to 1
2026-07-02 01:41:34.386 7 INFO neutron.db.ovn_revision_numbers_db [None req-a9248049-8cf3-4a5e-a6b3-b93400a92fdc 23ce743510d14204bd95b862342e6bc5 7688700e6121400193fad14806761442 - - default default] Successfully bumped revision number for resource 4aaa92d0-4654-45be-8bf5-0b8953d78e8c (type: security_group_rules) to 0 [pid: 8|app: 0|req: 1059/1889] 10.0.0.167 () {34 vars in 668 bytes} [Thu Jul 2 01:41:33 2026] POST /v2.0/networks => generated 650 bytes in 644 msecs (HTTP/1.1 201) 4 headers in 162 bytes (1 switches on core 0)
2026-07-02 01:41:34.408 7 INFO neutron.db.ovn_revision_numbers_db [None req-a9248049-8cf3-4a5e-a6b3-b93400a92fdc 23ce743510d14204bd95b862342e6bc5 7688700e6121400193fad14806761442 - - default default] Successfully bumped revision number for resource a646de2b-76ad-4296-98a0-4dc11e4a3bc1 (type: security_group_rules) to 0 [pid: 8|app: 0|req: 1060/1890] 10.0.0.141 () {34 vars in 1006 bytes} [Thu Jul 2 01:41:34 2026] GET /v2.0/networks/041aecac-124f-4387-921b-a7be4754d0e3?fields=segments => generated 14 bytes in 46 msecs (HTTP/1.1 200) 4 headers in 156 bytes (1 switches on core 0)
2026-07-02 01:41:34.511 7 INFO neutron.db.segments_db [None req-a9248049-8cf3-4a5e-a6b3-b93400a92fdc 23ce743510d14204bd95b862342e6bc5 7688700e6121400193fad14806761442 - - default default] Added segment b99121f4-dd97-42b2-b8a2-d7a482394ce8 of type geneve for network 2db0177d-330f-4fca-b493-f3209329a803
2026-07-02 01:41:34.550 8 INFO neutron.db.segments_db [None req-51b8e08d-2923-44e3-b133-6fd8809546f0 76ac7c8366a848e6b3d5033f1e5f98b8 134fd3d6729f478e8cd5a60ff09eee92 - - default default] Added segment c104f80f-77aa-46b4-9efd-21d6a60fd947 of type geneve for network 20387888-b37b-41cc-a327-6751ef0e6395
2026-07-02 01:41:34.759 7 INFO neutron.db.ovn_revision_numbers_db [None req-a9248049-8cf3-4a5e-a6b3-b93400a92fdc 23ce743510d14204bd95b862342e6bc5 7688700e6121400193fad14806761442 - - default default] Successfully bumped revision number for resource 2db0177d-330f-4fca-b493-f3209329a803 (type: networks) to 1
2026-07-02 01:41:34.804 8 INFO neutron.db.ovn_revision_numbers_db [None req-51b8e08d-2923-44e3-b133-6fd8809546f0 76ac7c8366a848e6b3d5033f1e5f98b8 134fd3d6729f478e8cd5a60ff09eee92 - - default default] Successfully bumped revision number for resource 20387888-b37b-41cc-a327-6751ef0e6395 (type: networks) to 1
2026-07-02 01:41:34.979 7 WARNING neutron.scheduler.dhcp_agent_scheduler [None req-a9248049-8cf3-4a5e-a6b3-b93400a92fdc 23ce743510d14204bd95b862342e6bc5 7688700e6121400193fad14806761442 - - default default] No more DHCP agents
2026-07-02 01:41:34.981 7 WARNING neutron.api.rpc.agentnotifiers.dhcp_rpc_agent_api [None req-a9248049-8cf3-4a5e-a6b3-b93400a92fdc 23ce743510d14204bd95b862342e6bc5 7688700e6121400193fad14806761442 - - default default] Unable to schedule network 2db0177d-330f-4fca-b493-f3209329a803: no agents available; will retry on subsequent port and subnet creation events.
2026-07-02 01:41:34.999 8 WARNING neutron.scheduler.dhcp_agent_scheduler [None req-51b8e08d-2923-44e3-b133-6fd8809546f0 76ac7c8366a848e6b3d5033f1e5f98b8 134fd3d6729f478e8cd5a60ff09eee92 - - default default] No more DHCP agents
2026-07-02 01:41:35.001 8 WARNING neutron.api.rpc.agentnotifiers.dhcp_rpc_agent_api [None req-51b8e08d-2923-44e3-b133-6fd8809546f0 76ac7c8366a848e6b3d5033f1e5f98b8 134fd3d6729f478e8cd5a60ff09eee92 - - default default] Unable to schedule network 20387888-b37b-41cc-a327-6751ef0e6395: no agents available; will retry on subsequent port and subnet creation events.
2026-07-02 01:41:35.068 7 INFO neutron.plugins.ml2.drivers.ovn.mech_driver.mech_driver [None req-7f4e42bb-292b-43f7-90b0-6cb3c163c4b8 - - - - - -] OVN reports status down for port: 755e7b75-db1d-481b-aa7c-3455c879c865
2026-07-02 01:41:35.175 8 INFO neutron.db.ovn_revision_numbers_db [None req-51b8e08d-2923-44e3-b133-6fd8809546f0 76ac7c8366a848e6b3d5033f1e5f98b8 134fd3d6729f478e8cd5a60ff09eee92 - - default default] Successfully bumped revision number for resource bf366780-7b6f-4c5c-b640-06dc717dcd60 (type: ports) to 1
2026-07-02 01:41:35.195 7 INFO neutron.db.ovn_revision_numbers_db [None req-a9248049-8cf3-4a5e-a6b3-b93400a92fdc 23ce743510d14204bd95b862342e6bc5 7688700e6121400193fad14806761442 - - default default] Successfully bumped revision number for resource 755e7b75-db1d-481b-aa7c-3455c879c865 (type: ports) to 1 [pid: 8|app: 0|req: 1061/1891] 10.0.0.167 () {34 vars in 668 bytes} [Thu Jul 2 01:41:34 2026] POST /v2.0/networks => generated 650 bytes in 745 msecs (HTTP/1.1 201) 4 headers in 162 bytes (1 switches on core 0) [pid: 8|app: 0|req: 1062/1892] 10.0.0.141 () {34 vars in 1106 bytes} [Thu Jul 2 01:41:35 2026] GET /v2.0/networks/041aecac-124f-4387-921b-a7be4754d0e3?fields=provider%3Aphysical_network&fields=provider%3Anetwork_type => generated 79 bytes in 50 msecs (HTTP/1.1 200) 4 headers in 156 bytes (1 switches on core 0) [pid: 7|app: 0|req: 831/1893] 10.0.0.167 () {34 vars in 668 bytes} [Thu Jul 2 01:41:33 2026] POST /v2.0/networks => generated 645 bytes in 1279 msecs (HTTP/1.1 201) 4 headers in 162 bytes (1 switches on core 0)
2026-07-02 01:41:35.285 7 INFO neutron.plugins.ml2.drivers.ovn.mech_driver.mech_driver [None req-7f4e42bb-292b-43f7-90b0-6cb3c163c4b8 - - - - - -] OVN reports status down for port: bf366780-7b6f-4c5c-b640-06dc717dcd60
2026-07-02 01:41:35.541 7 WARNING neutron.scheduler.dhcp_agent_scheduler [None req-1d4cc18e-6543-4eb9-8994-3c34cbc329f6 23ce743510d14204bd95b862342e6bc5 7688700e6121400193fad14806761442 - - default default] No more DHCP agents
2026-07-02 01:41:35.542 7 WARNING neutron.api.rpc.agentnotifiers.dhcp_rpc_agent_api [None req-1d4cc18e-6543-4eb9-8994-3c34cbc329f6 23ce743510d14204bd95b862342e6bc5 7688700e6121400193fad14806761442 - - default default] Unable to schedule network 2db0177d-330f-4fca-b493-f3209329a803: no agents available; will retry on subsequent port and subnet creation events.
2026-07-02 01:41:35.559 8 WARNING neutron.scheduler.dhcp_agent_scheduler [None req-32edae5e-23de-4419-8307-1e4bf737a4da 76ac7c8366a848e6b3d5033f1e5f98b8 134fd3d6729f478e8cd5a60ff09eee92 - - default default] No more DHCP agents
2026-07-02 01:41:35.560 8 WARNING neutron.api.rpc.agentnotifiers.dhcp_rpc_agent_api [None req-32edae5e-23de-4419-8307-1e4bf737a4da 76ac7c8366a848e6b3d5033f1e5f98b8 134fd3d6729f478e8cd5a60ff09eee92 - - default default] Unable to schedule network 9b4d676c-9a21-4ac6-a9b3-dd51d61f1d5e: no agents available; will retry on subsequent port and subnet creation events.
2026-07-02 01:41:35.640 7 INFO neutron.plugins.ml2.drivers.ovn.mech_driver.mech_driver [None req-7f4e42bb-292b-43f7-90b0-6cb3c163c4b8 - - - - - -] OVN reports status down for port: 6899b302-485f-4992-a555-b955ca127f3b
2026-07-02 01:41:35.741 7 INFO neutron.db.ovn_revision_numbers_db [None req-1d4cc18e-6543-4eb9-8994-3c34cbc329f6 23ce743510d14204bd95b862342e6bc5 7688700e6121400193fad14806761442 - - default default] Successfully bumped revision number for resource 6899b302-485f-4992-a555-b955ca127f3b (type: ports) to 1 [pid: 7|app: 0|req: 832/1894] 10.0.0.167 () {34 vars in 663 bytes} [Thu Jul 2 01:41:35 2026] POST /v2.0/ports => generated 774 bytes in 537 msecs (HTTP/1.1 201) 4 headers in 162 bytes (1 switches on core 0) /var/lib/openstack/lib/python3.12/site-packages/pycadf/identifier.py:70: UserWarning: Invalid uuid: neutron. To ensure interoperability, identifiers should be a valid uuid. warnings.warn(('Invalid uuid: %s. To ensure interoperability, ' [pid: 7|app: 0|req: 833/1895] 10.0.0.141 () {34 vars in 988 bytes} [Thu Jul 2 01:41:35 2026] GET /v2.0/ports?device_id=e46dc71d-300d-4ccf-bf2c-facfd48f0d51 => generated 12 bytes in 18 msecs (HTTP/1.1 200) 4 headers in 156 bytes (1 switches on core 0)
2026-07-02 01:41:35.930 7 INFO neutron.db.segments_db [None req-46385df2-031f-4d4f-b211-7c801cf75199 23ce743510d14204bd95b862342e6bc5 7688700e6121400193fad14806761442 - - default default] Added segment bedf1b29-0522-4ab3-bf70-8e49d0fa6c38 of type geneve for network 04f9bc23-d863-4889-bbc1-ac088f6e38a2
2026-07-02 01:41:36.112 7 INFO neutron.db.ovn_revision_numbers_db [None req-46385df2-031f-4d4f-b211-7c801cf75199 23ce743510d14204bd95b862342e6bc5 7688700e6121400193fad14806761442 - - default default] Successfully bumped revision number for resource 04f9bc23-d863-4889-bbc1-ac088f6e38a2 (type: networks) to 1
2026-07-02 01:41:36.128 8 INFO neutron.db.ovn_revision_numbers_db [None req-b474e7f4-ff30-4b67-b2dd-063e709c3c12 - - - - - -] Successfully bumped revision number for resource 32f90c90-092e-4015-97bc-5b01714b886a (type: ports) to 2
2026-07-02 01:41:36.174 8 INFO neutron.db.ovn_revision_numbers_db [None req-b474e7f4-ff30-4b67-b2dd-063e709c3c12 - - - - - -] Successfully bumped revision number for resource bd961966-3eb0-4aba-ac55-10ab33307594 (type: subnets) to 0
2026-07-02 01:41:36.203 8 WARNING neutron.scheduler.dhcp_agent_scheduler [None req-32edae5e-23de-4419-8307-1e4bf737a4da 76ac7c8366a848e6b3d5033f1e5f98b8 134fd3d6729f478e8cd5a60ff09eee92 - - default default] No more DHCP agents
2026-07-02 01:41:36.205 8 WARNING neutron.api.rpc.agentnotifiers.dhcp_rpc_agent_api [None req-32edae5e-23de-4419-8307-1e4bf737a4da 76ac7c8366a848e6b3d5033f1e5f98b8 134fd3d6729f478e8cd5a60ff09eee92 - - default default] Unable to schedule network 20387888-b37b-41cc-a327-6751ef0e6395: no agents available; will retry on subsequent port and subnet creation events.
2026-07-02 01:41:36.266 7 WARNING neutron.scheduler.dhcp_agent_scheduler [None req-46385df2-031f-4d4f-b211-7c801cf75199 23ce743510d14204bd95b862342e6bc5 7688700e6121400193fad14806761442 - - default default] No more DHCP agents
2026-07-02 01:41:36.268 7 WARNING neutron.api.rpc.agentnotifiers.dhcp_rpc_agent_api [None req-46385df2-031f-4d4f-b211-7c801cf75199 23ce743510d14204bd95b862342e6bc5 7688700e6121400193fad14806761442 - - default default] Unable to schedule network 04f9bc23-d863-4889-bbc1-ac088f6e38a2: no agents available; will retry on subsequent port and subnet creation events.
2026-07-02 01:41:36.342 7 INFO neutron.plugins.ml2.drivers.ovn.mech_driver.mech_driver [None req-7f4e42bb-292b-43f7-90b0-6cb3c163c4b8 - - - - - -] OVN reports status down for port: 1388312e-017f-482d-98ae-a6c005489bc5
2026-07-02 01:41:36.424 7 INFO neutron.db.ovn_revision_numbers_db [None req-46385df2-031f-4d4f-b211-7c801cf75199 23ce743510d14204bd95b862342e6bc5 7688700e6121400193fad14806761442 - - default default] Successfully bumped revision number for resource 1388312e-017f-482d-98ae-a6c005489bc5 (type: ports) to 1 [pid: 7|app: 0|req: 834/1896] 10.0.0.167 () {34 vars in 668 bytes} [Thu Jul 2 01:41:35 2026] POST /v2.0/networks => generated 632 bytes in 640 msecs (HTTP/1.1 201) 4 headers in 162 bytes (1 switches on core 0)
2026-07-02 01:41:36.733 7 WARNING neutron.scheduler.dhcp_agent_scheduler [None req-5f081f68-681b-4e96-a7ec-ddaf0a83b09e 23ce743510d14204bd95b862342e6bc5 7688700e6121400193fad14806761442 - - default default] No more DHCP agents
2026-07-02 01:41:36.739 7 WARNING neutron.api.rpc.agentnotifiers.dhcp_rpc_agent_api [None req-5f081f68-681b-4e96-a7ec-ddaf0a83b09e 23ce743510d14204bd95b862342e6bc5 7688700e6121400193fad14806761442 - - default default] Unable to schedule network 04f9bc23-d863-4889-bbc1-ac088f6e38a2: no agents available; will retry on subsequent port and subnet creation events.
2026-07-02 01:41:36.759 8 INFO neutron.db.ovn_revision_numbers_db [None req-1042f6a7-2f8c-412f-990e-2d0781f19652 - - - - - -] Successfully bumped revision number for resource bf366780-7b6f-4c5c-b640-06dc717dcd60 (type: ports) to 2
2026-07-02 01:41:36.796 8 INFO neutron.db.ovn_revision_numbers_db [None req-1042f6a7-2f8c-412f-990e-2d0781f19652 - - - - - -] Successfully bumped revision number for resource c0b56b1e-dae8-45aa-b2a5-d395ad86147a (type: subnets) to 0 [pid: 8|app: 0|req: 1063/1897] 10.0.0.167 () {34 vars in 667 bytes} [Thu Jul 2 01:41:35 2026] POST /v2.0/subnets => generated 1273 bytes in 1567 msecs (HTTP/1.1 201) 4 headers in 163 bytes (1 switches on core 0) [pid: 8|app: 0|req: 1064/1898] 10.0.0.167 () {32 vars in 645 bytes} [Thu Jul 2 01:41:36 2026] GET /v2.0/subnets => generated 1909 bytes in 33 msecs (HTTP/1.1 200) 4 headers in 158 bytes (1 switches on core 0) [pid: 8|app: 0|req: 1065/1899] 10.0.0.167 () {32 vars in 722 bytes} [Thu Jul 2 01:41:36 2026] DELETE /v2.0/subnets/bd961966-3eb0-4aba-ac55-10ab33307594 => generated 0 bytes in 244 msecs (HTTP/1.1 204) 3 headers in 131 bytes (1 switches on core 0) [pid: 8|app: 0|req: 1066/1900] 10.0.0.141 () {34 vars in 988 bytes} [Thu Jul 2 01:41:37 2026] GET /v2.0/ports?device_id=e46dc71d-300d-4ccf-bf2c-facfd48f0d51 => generated 12 bytes in 17 msecs (HTTP/1.1 200) 4 headers in 156 bytes (1 switches on core 0)
2026-07-02 01:41:37.276 7 INFO neutron.db.ovn_revision_numbers_db [None req-5feddcca-c3ac-4769-86ac-05d7012fd815 - - - - - -] Successfully bumped revision number for resource 1388312e-017f-482d-98ae-a6c005489bc5 (type: ports) to 2
2026-07-02 01:41:37.316 7 INFO neutron.db.ovn_revision_numbers_db [None req-5feddcca-c3ac-4769-86ac-05d7012fd815 - - - - - -] Successfully bumped revision number for resource d95ab1bf-fabc-45ff-aea0-68242ea58476 (type: subnets) to 0 [pid: 7|app: 0|req: 835/1901] 10.0.0.167 () {34 vars in 667 bytes} [Thu Jul 2 01:41:36 2026] POST /v2.0/subnets => generated 626 bytes in 853 msecs (HTTP/1.1 201) 4 headers in 162 bytes (1 switches on core 0) [pid: 8|app: 0|req: 1067/1902] 10.0.0.167 () {32 vars in 722 bytes} [Thu Jul 2 01:41:37 2026] DELETE /v2.0/subnets/c0b56b1e-dae8-45aa-b2a5-d395ad86147a => generated 0 bytes in 208 msecs (HTTP/1.1 204) 3 headers in 131 bytes (1 switches on core 0) [pid: 8|app: 0|req: 1068/1903] 10.0.0.167 () {32 vars in 645 bytes} [Thu Jul 2 01:41:37 2026] GET /v2.0/subnets => generated 649 bytes in 30 msecs (HTTP/1.1 200) 4 headers in 157 bytes (1 switches on core 0)
2026-07-02 01:41:37.496 8 INFO neutron_taas.services.taas.taas_plugin [None req-4fe0e33f-128b-486b-b1c0-c5551add7b4a 76ac7c8366a848e6b3d5033f1e5f98b8 134fd3d6729f478e8cd5a60ff09eee92 - - default default] TaaS: Handle Delete Port: bf366780-7b6f-4c5c-b640-06dc717dcd60
2026-07-02 01:41:37.500 8 INFO neutron_taas.services.taas.tap_mirror_plugin [None req-4fe0e33f-128b-486b-b1c0-c5551add7b4a 76ac7c8366a848e6b3d5033f1e5f98b8 134fd3d6729f478e8cd5a60ff09eee92 - - default default] Tap Mirror: Handle Delete Port: bf366780-7b6f-4c5c-b640-06dc717dcd60
2026-07-02 01:41:37.650 7 WARNING neutron.scheduler.dhcp_agent_scheduler [None req-f1068cf7-7583-4c98-bd8e-1558bdaa346a 23ce743510d14204bd95b862342e6bc5 7688700e6121400193fad14806761442 - - default default] No more DHCP agents
2026-07-02 01:41:37.651 7 WARNING neutron.api.rpc.agentnotifiers.dhcp_rpc_agent_api [None req-f1068cf7-7583-4c98-bd8e-1558bdaa346a 23ce743510d14204bd95b862342e6bc5 7688700e6121400193fad14806761442 - - default default] Unable to schedule network 04f9bc23-d863-4889-bbc1-ac088f6e38a2: no agents available; will retry on subsequent port and subnet creation events.
2026-07-02 01:41:37.708 8 INFO neutron.services.segments.plugin [-] Segment c104f80f-77aa-46b4-9efd-21d6a60fd947 resource provider aggregate not found
2026-07-02 01:41:37.713 8 INFO neutron.services.segments.plugin [-] Segment c104f80f-77aa-46b4-9efd-21d6a60fd947 resource provider aggregate not found
2026-07-02 01:41:37.729 8 INFO neutron.services.segments.plugin [-] Segment c104f80f-77aa-46b4-9efd-21d6a60fd947 resource provider not found; error: Placement Client Error (4xx): {"errors": [{"status": 404, "title": "Not Found", "detail": "The resource could not be found.\n\n No resource provider with uuid c104f80f-77aa-46b4-9efd-21d6a60fd947 found for delete ", "request_id": "req-811f7ef6-cbc6-47c6-8c05-053cb8a20bc4"}]}
2026-07-02 01:41:37.730 8 INFO neutron.services.segments.plugin [-] Segment c104f80f-77aa-46b4-9efd-21d6a60fd947 resource provider not found; error: Placement Client Error (4xx): {"errors": [{"status": 404, "title": "Not Found", "detail": "The resource could not be found.\n\n No resource provider with uuid c104f80f-77aa-46b4-9efd-21d6a60fd947 found for delete ", "request_id": "req-76433014-90d7-4694-9db3-a236d615c8d2"}]}
2026-07-02 01:41:37.811 7 INFO neutron.plugins.ml2.drivers.ovn.mech_driver.mech_driver [None req-7f4e42bb-292b-43f7-90b0-6cb3c163c4b8 - - - - - -] OVN reports status down for port: 9f5ce175-3795-473a-9894-ecb5df4ef2f3 [pid: 8|app: 0|req: 1069/1904] 10.0.0.167 () {32 vars in 724 bytes} [Thu Jul 2 01:41:37 2026] DELETE /v2.0/networks/20387888-b37b-41cc-a327-6751ef0e6395 => generated 0 bytes in 475 msecs (HTTP/1.1 204) 3 headers in 131 bytes (1 switches on core 0)
2026-07-02 01:41:37.919 7 INFO neutron.db.ovn_revision_numbers_db [None req-f1068cf7-7583-4c98-bd8e-1558bdaa346a 23ce743510d14204bd95b862342e6bc5 7688700e6121400193fad14806761442 - - default default] Successfully bumped revision number for resource 9f5ce175-3795-473a-9894-ecb5df4ef2f3 (type: ports) to 1 [pid: 7|app: 0|req: 836/1905] 10.0.0.167 () {34 vars in 663 bytes} [Thu Jul 2 01:41:37 2026] POST /v2.0/ports => generated 949 bytes in 648 msecs (HTTP/1.1 201) 4 headers in 162 bytes (1 switches on core 0) /var/lib/openstack/lib/python3.12/site-packages/pycadf/identifier.py:70: UserWarning: Invalid uuid: neutron. To ensure interoperability, identifiers should be a valid uuid. warnings.warn(('Invalid uuid: %s. To ensure interoperability, '
2026-07-02 01:41:38.035 8 INFO neutron_taas.services.taas.taas_plugin [None req-89f7830e-af44-4969-ad78-1947dc45f200 76ac7c8366a848e6b3d5033f1e5f98b8 134fd3d6729f478e8cd5a60ff09eee92 - - default default] TaaS: Handle Delete Port: 32f90c90-092e-4015-97bc-5b01714b886a
2026-07-02 01:41:38.038 8 INFO neutron_taas.services.taas.tap_mirror_plugin [None req-89f7830e-af44-4969-ad78-1947dc45f200 76ac7c8366a848e6b3d5033f1e5f98b8 134fd3d6729f478e8cd5a60ff09eee92 - - default default] Tap Mirror: Handle Delete Port: 32f90c90-092e-4015-97bc-5b01714b886a
2026-07-02 01:41:38.124 7 INFO neutron_taas.services.taas.taas_plugin [None req-be6d129e-223b-40a1-92b2-237067420d31 23ce743510d14204bd95b862342e6bc5 7688700e6121400193fad14806761442 - - default default] TaaS: Handle Delete Port: 9f5ce175-3795-473a-9894-ecb5df4ef2f3
2026-07-02 01:41:38.141 7 INFO neutron_taas.services.taas.tap_mirror_plugin [None req-be6d129e-223b-40a1-92b2-237067420d31 23ce743510d14204bd95b862342e6bc5 7688700e6121400193fad14806761442 - - default default] Tap Mirror: Handle Delete Port: 9f5ce175-3795-473a-9894-ecb5df4ef2f3 [pid: 8|app: 0|req: 1070/1906] 10.0.0.167 () {32 vars in 724 bytes} [Thu Jul 2 01:41:37 2026] DELETE /v2.0/networks/9b4d676c-9a21-4ac6-a9b3-dd51d61f1d5e => generated 0 bytes in 445 msecs (HTTP/1.1 204) 3 headers in 131 bytes (1 switches on core 0) [pid: 7|app: 0|req: 837/1907] 10.0.0.167 () {32 vars in 718 bytes} [Thu Jul 2 01:41:37 2026] DELETE /v2.0/ports/9f5ce175-3795-473a-9894-ecb5df4ef2f3 => generated 0 bytes in 411 msecs (HTTP/1.1 204) 3 headers in 131 bytes (1 switches on core 0) [pid: 7|app: 0|req: 838/1908] 10.0.0.141 () {34 vars in 988 bytes} [Thu Jul 2 01:41:38 2026] GET /v2.0/ports?device_id=e46dc71d-300d-4ccf-bf2c-facfd48f0d51 => generated 12 bytes in 18 msecs (HTTP/1.1 200) 4 headers in 156 bytes (1 switches on core 0)
2026-07-02 01:41:38.530 7 INFO neutron_taas.services.taas.taas_plugin [None req-bddee9da-ec7c-476e-9f36-bcbd60913097 76ac7c8366a848e6b3d5033f1e5f98b8 134fd3d6729f478e8cd5a60ff09eee92 - - default default] TaaS: Handle Delete Port: 38b6eb3d-d180-4758-81c1-e64b6c198532 [pid: 8|app: 0|req: 1071/1909] 10.0.0.167 () {34 vars in 676 bytes} [Thu Jul 2 01:41:38 2026] POST /v2.0/qos/policies => generated 359 bytes in 222 msecs (HTTP/1.1 201) 4 headers in 162 bytes (1 switches on core 0)
2026-07-02 01:41:38.533 7 INFO neutron_taas.services.taas.tap_mirror_plugin [None req-bddee9da-ec7c-476e-9f36-bcbd60913097 76ac7c8366a848e6b3d5033f1e5f98b8 134fd3d6729f478e8cd5a60ff09eee92 - - default default] Tap Mirror: Handle Delete Port: 38b6eb3d-d180-4758-81c1-e64b6c198532
2026-07-02 01:41:38.551 8 INFO neutron.pecan_wsgi.hooks.translation [None req-c91037ca-50ed-4779-b7da-b7779627a62a 23ce743510d14204bd95b862342e6bc5 7688700e6121400193fad14806761442 - - default default] DELETE failed (client error): The resource could not be found. [pid: 8|app: 0|req: 1072/1910] 10.0.0.167 () {32 vars in 718 bytes} [Thu Jul 2 01:41:38 2026] DELETE /v2.0/ports/9f5ce175-3795-473a-9894-ecb5df4ef2f3 => generated 132 bytes in 22 msecs (HTTP/1.1 404) 4 headers in 164 bytes (1 switches on core 0) [pid: 8|app: 0|req: 1073/1911] 10.0.0.167 () {34 vars in 676 bytes} [Thu Jul 2 01:41:38 2026] POST /v2.0/qos/policies => generated 359 bytes in 49 msecs (HTTP/1.1 201) 4 headers in 162 bytes (1 switches on core 0)
2026-07-02 01:41:38.636 8 INFO neutron.pecan_wsgi.hooks.translation [None req-0185652a-b1e6-421a-9e8a-d7f3465dac57 23ce743510d14204bd95b862342e6bc5 7688700e6121400193fad14806761442 - - default default] GET failed (client error): The resource could not be found. [pid: 8|app: 0|req: 1074/1912] 10.0.0.167 () {32 vars in 715 bytes} [Thu Jul 2 01:41:38 2026] GET /v2.0/ports/9f5ce175-3795-473a-9894-ecb5df4ef2f3 => generated 132 bytes in 33 msecs (HTTP/1.1 404) 4 headers in 164 bytes (1 switches on core 0) [pid: 8|app: 0|req: 1075/1913] 10.0.0.167 () {34 vars in 676 bytes} [Thu Jul 2 01:41:38 2026] POST /v2.0/qos/policies => generated 359 bytes in 57 msecs (HTTP/1.1 201) 4 headers in 162 bytes (1 switches on core 0)
2026-07-02 01:41:38.731 7 INFO neutron.services.segments.plugin [-] Segment 5968a9f2-b4de-42e1-a3df-de2fff18d43f resource provider aggregate not found
2026-07-02 01:41:38.738 7 INFO neutron.services.segments.plugin [-] Segment 5968a9f2-b4de-42e1-a3df-de2fff18d43f resource provider aggregate not found
2026-07-02 01:41:38.756 7 INFO neutron.services.segments.plugin [-] Segment 5968a9f2-b4de-42e1-a3df-de2fff18d43f resource provider not found; error: Placement Client Error (4xx): {"errors": [{"status": 404, "title": "Not Found", "detail": "The resource could not be found.\n\n No resource provider with uuid 5968a9f2-b4de-42e1-a3df-de2fff18d43f found for delete ", "request_id": "req-96eb94e2-0a28-4e40-9beb-aa239501fdf6"}]}
2026-07-02 01:41:38.769 7 INFO neutron.services.segments.plugin [-] Segment 5968a9f2-b4de-42e1-a3df-de2fff18d43f resource provider not found; error: Placement Client Error (4xx): {"errors": [{"status": 404, "title": "Not Found", "detail": "The resource could not be found.\n\n No resource provider with uuid 5968a9f2-b4de-42e1-a3df-de2fff18d43f found for delete ", "request_id": "req-ded09e1c-8fb9-4ef3-b61f-06e8bcc1e95d"}]} [pid: 7|app: 0|req: 839/1914] 10.0.0.167 () {32 vars in 724 bytes} [Thu Jul 2 01:41:38 2026] DELETE /v2.0/networks/ca7ecb45-db30-4f54-8f6a-e5b97921e9d1 => generated 0 bytes in 384 msecs (HTTP/1.1 204) 3 headers in 131 bytes (1 switches on core 0) [pid: 7|app: 0|req: 840/1915] 10.0.0.167 () {34 vars in 676 bytes} [Thu Jul 2 01:41:38 2026] POST /v2.0/qos/policies => generated 359 bytes in 61 msecs (HTTP/1.1 201) 4 headers in 162 bytes (1 switches on core 0) [pid: 8|app: 0|req: 1076/1916] 10.0.0.167 () {32 vars in 722 bytes} [Thu Jul 2 01:41:38 2026] DELETE /v2.0/subnets/d95ab1bf-fabc-45ff-aea0-68242ea58476 => generated 0 bytes in 211 msecs (HTTP/1.1 204) 3 headers in 131 bytes (1 switches on core 0) [pid: 8|app: 0|req: 1077/1917] 10.0.0.167 () {34 vars in 676 bytes} [Thu Jul 2 01:41:38 2026] POST /v2.0/qos/policies => generated 359 bytes in 53 msecs (HTTP/1.1 201) 4 headers in 162 bytes (1 switches on core 0)
2026-07-02 01:41:39.024 7 INFO neutron_taas.services.taas.taas_plugin [None req-326b551f-37ae-4c29-8a5e-008f50f20dba 76ac7c8366a848e6b3d5033f1e5f98b8 134fd3d6729f478e8cd5a60ff09eee92 - - default default] TaaS: Handle Delete Port: 2bc0f030-7fa6-486e-b347-6f21bbfcf6ed
