2026-07-02 01:43:13.757 7 INFO neutron.plugins.ml2.drivers.ovn.mech_driver.mech_driver [None req-9d336355-ad6e-410b-8ca6-104ac6012134 - - - - - -] OVN reports status down for port: 68495a08-5c99-499d-92e0-39a8a3514612
2026-07-02 01:43:13.844 8 WARNING neutron.scheduler.dhcp_agent_scheduler [None req-5bfd3eb3-10fa-439f-b041-cfe62d882046 - - - - - -] No more DHCP agents
2026-07-02 01:43:13.846 8 WARNING neutron.api.rpc.agentnotifiers.dhcp_rpc_agent_api [None req-5bfd3eb3-10fa-439f-b041-cfe62d882046 - - - - - -] Unable to schedule network 53474bde-f900-4698-8485-8ea584e575c8: no agents available; will retry on subsequent port and subnet creation events.
2026-07-02 01:43:13.899 7 WARNING neutron.plugins.ml2.drivers.ovn.mech_driver.ovsdb.ovn_client [None req-9d336355-ad6e-410b-8ca6-104ac6012134 - - - - - -] Logical_Switch_Port 68495a08-5c99-499d-92e0-39a8a3514612 host information not removed, the port state is up
2026-07-02 01:43:13.899 7 INFO neutron.plugins.ml2.drivers.ovn.mech_driver.mech_driver [None req-9d336355-ad6e-410b-8ca6-104ac6012134 - - - - - -] OVN reports status down for port: 80c810e4-7710-44c8-9021-6e427c7c2b9a
2026-07-02 01:43:13.937 7 WARNING neutron.scheduler.dhcp_agent_scheduler [None req-e58eea07-0f3d-44da-9a41-6e8c116c109c 2975a062dd234867b13a6b7880bc4a5e 93160cd2f3154498981ec53a4d814b73 - - default default] No more DHCP agents
2026-07-02 01:43:13.941 7 WARNING neutron.api.rpc.agentnotifiers.dhcp_rpc_agent_api [None req-e58eea07-0f3d-44da-9a41-6e8c116c109c 2975a062dd234867b13a6b7880bc4a5e 93160cd2f3154498981ec53a4d814b73 - - default default] Unable to schedule network 95cd0355-1267-4899-a927-522a6b08de85: no agents available; will retry on subsequent port and subnet creation events.
2026-07-02 01:43:14.059 8 INFO neutron.db.ovn_revision_numbers_db [None req-5bfd3eb3-10fa-439f-b041-cfe62d882046 - - - - - -] Successfully bumped revision number for resource f42f7204-4594-4144-9862-bbf860b1671a (type: ports) to 1
2026-07-02 01:43:14.083 7 INFO neutron.plugins.ml2.drivers.ovn.mech_driver.mech_driver [None req-9d336355-ad6e-410b-8ca6-104ac6012134 - - - - - -] OVN reports status up for port: 68495a08-5c99-499d-92e0-39a8a3514612
2026-07-02 01:43:14.118 7 INFO neutron.plugins.ml2.plugin [None req-9d336355-ad6e-410b-8ca6-104ac6012134 - - - - - -] Attempt 1 to provision port 68495a08-5c99-499d-92e0-39a8a3514612
2026-07-02 01:43:14.286 7 INFO neutron.db.ovn_revision_numbers_db [None req-e58eea07-0f3d-44da-9a41-6e8c116c109c 2975a062dd234867b13a6b7880bc4a5e 93160cd2f3154498981ec53a4d814b73 - - default default] Successfully bumped revision number for resource 3d7c9e83-072e-4e11-9f26-ed22763990ec (type: ports) to 1
2026-07-02 01:43:14.397 8 INFO neutron.db.ovn_revision_numbers_db [None req-5bfd3eb3-10fa-439f-b041-cfe62d882046 - - - - - -] Successfully bumped revision number for resource f42f7204-4594-4144-9862-bbf860b1671a (type: ports) to 3 [pid: 7|app: 0|req: 1149/2536] 10.0.0.167 () {34 vars in 662 bytes} [Thu Jul 2 01:43:13 2026] POST /v2.0/ports => generated 743 bytes in 1040 msecs (HTTP/1.1 201) 4 headers in 162 bytes (1 switches on core 0) /var/lib/openstack/lib/python3.12/site-packages/pycadf/identifier.py:70: UserWarning: Invalid uuid: neutron. To ensure interoperability, identifiers should be a valid uuid. warnings.warn(('Invalid uuid: %s. To ensure interoperability, ' [pid: 8|app: 0|req: 1388/2537] 10.0.0.167 () {34 vars in 683 bytes} [Thu Jul 2 01:43:09 2026] POST /v2.0/vpn/vpnservices => generated 458 bytes in 4596 msecs (HTTP/1.1 201) 4 headers in 162 bytes (1 switches on core 0)
2026-07-02 01:43:14.661 8 INFO neutron.db.segments_db [None req-8c21bba3-3c0d-4604-b3d1-9262d4da2b84 2975a062dd234867b13a6b7880bc4a5e 93160cd2f3154498981ec53a4d814b73 - - default default] Added segment d2f5c566-d8a8-4028-a2c7-24e3b4864b4b of type geneve for network 671356fa-bc42-42e9-84df-713d469cf38f
2026-07-02 01:43:14.825 8 INFO neutron.db.ovn_revision_numbers_db [None req-8c21bba3-3c0d-4604-b3d1-9262d4da2b84 2975a062dd234867b13a6b7880bc4a5e 93160cd2f3154498981ec53a4d814b73 - - default default] Successfully bumped revision number for resource 671356fa-bc42-42e9-84df-713d469cf38f (type: networks) to 1
2026-07-02 01:43:14.827 7 INFO neutron.db.ovn_revision_numbers_db [None req-9d336355-ad6e-410b-8ca6-104ac6012134 - - - - - -] Successfully bumped revision number for resource 68495a08-5c99-499d-92e0-39a8a3514612 (type: ports) to 2 [pid: 7|app: 0|req: 1150/2540] 10.0.0.167 () {32 vars in 722 bytes} [Thu Jul 2 01:43:14 2026] DELETE /v2.0/subnets/8a912d68-a348-44ab-8ac1-b9f416e67232 => generated 0 bytes in 452 msecs (HTTP/1.1 204) 3 headers in 131 bytes (1 switches on core 0) [pid: 7|app: 0|req: 1151/2541] 10.0.0.167 () {32 vars in 661 bytes} [Thu Jul 2 01:43:14 2026] GET /v2.0/vpn/vpnservices => generated 1305 bytes in 30 msecs (HTTP/1.1 200) 4 headers in 158 bytes (1 switches on core 0)
2026-07-02 01:43:15.029 8 WARNING neutron.scheduler.dhcp_agent_scheduler [None req-8c21bba3-3c0d-4604-b3d1-9262d4da2b84 2975a062dd234867b13a6b7880bc4a5e 93160cd2f3154498981ec53a4d814b73 - - default default] No more DHCP agents
2026-07-02 01:43:15.031 8 WARNING neutron.api.rpc.agentnotifiers.dhcp_rpc_agent_api [None req-8c21bba3-3c0d-4604-b3d1-9262d4da2b84 2975a062dd234867b13a6b7880bc4a5e 93160cd2f3154498981ec53a4d814b73 - - default default] Unable to schedule network 671356fa-bc42-42e9-84df-713d469cf38f: no agents available; will retry on subsequent port and subnet creation events.
2026-07-02 01:43:15.167 8 INFO neutron.db.ovn_revision_numbers_db [None req-8c21bba3-3c0d-4604-b3d1-9262d4da2b84 2975a062dd234867b13a6b7880bc4a5e 93160cd2f3154498981ec53a4d814b73 - - default default] Successfully bumped revision number for resource 3537193f-9207-42ff-829c-f27d4f7a89ac (type: ports) to 1
2026-07-02 01:43:15.169 7 INFO neutron_taas.services.taas.taas_plugin [None req-c575ea9e-f28c-4a3e-b591-c11066f59a03 68c4cb610c9b4725b6b27f25f3c8afec 0a2bd2b1f65f46bdada80bae0cffc780 - - default default] TaaS: Handle Delete Port: 57d1f350-c6a4-4696-a92d-dbdfe6417268
2026-07-02 01:43:15.172 7 INFO neutron_taas.services.taas.tap_mirror_plugin [None req-c575ea9e-f28c-4a3e-b591-c11066f59a03 68c4cb610c9b4725b6b27f25f3c8afec 0a2bd2b1f65f46bdada80bae0cffc780 - - default default] Tap Mirror: Handle Delete Port: 57d1f350-c6a4-4696-a92d-dbdfe6417268 [pid: 8|app: 0|req: 1391/2542] 10.0.0.167 () {34 vars in 668 bytes} [Thu Jul 2 01:43:14 2026] POST /v2.0/networks => generated 631 bytes in 618 msecs (HTTP/1.1 201) 4 headers in 162 bytes (1 switches on core 0)
2026-07-02 01:43:15.389 7 INFO neutron.services.segments.plugin [-] Segment ce58cf60-10c8-4775-bee5-0cc7983b2e7a resource provider aggregate not found
2026-07-02 01:43:15.395 7 INFO neutron.services.segments.plugin [-] Segment ce58cf60-10c8-4775-bee5-0cc7983b2e7a resource provider aggregate not found
2026-07-02 01:43:15.415 7 INFO neutron.services.segments.plugin [-] Segment ce58cf60-10c8-4775-bee5-0cc7983b2e7a resource provider not found; error: Placement Client Error (4xx): {"errors": [{"status": 404, "title": "Not Found", "detail": "The resource could not be found.\n\n No resource provider with uuid ce58cf60-10c8-4775-bee5-0cc7983b2e7a found for delete ", "request_id": "req-9d79f4b1-ff6d-4710-8d49-98aa8812a1aa"}]}
2026-07-02 01:43:15.416 7 INFO neutron.services.segments.plugin [-] Segment ce58cf60-10c8-4775-bee5-0cc7983b2e7a resource provider not found; error: Placement Client Error (4xx): {"errors": [{"status": 404, "title": "Not Found", "detail": "The resource could not be found.\n\n No resource provider with uuid ce58cf60-10c8-4775-bee5-0cc7983b2e7a found for delete ", "request_id": "req-c683e877-c144-48b6-8ece-f00db9faca5c"}]} [pid: 7|app: 0|req: 1152/2543] 10.0.0.167 () {32 vars in 724 bytes} [Thu Jul 2 01:43:14 2026] DELETE /v2.0/networks/27cd7305-7dc6-4dfc-9726-9c46f6da4348 => generated 0 bytes in 541 msecs (HTTP/1.1 204) 3 headers in 131 bytes (1 switches on core 0)
2026-07-02 01:43:15.515 8 INFO neutron_taas.services.taas.taas_plugin [None req-e0f9135d-79f5-4157-b2f0-6e821061b45f 077e14e93428415196baa2530de6fb50 9d83712b223a4a9da5a9f1887b3d6659 - - default default] TaaS: Handle Delete Port: 81612e65-f2ce-4bf7-a76b-54656a559263
2026-07-02 01:43:15.518 8 INFO neutron_taas.services.taas.tap_mirror_plugin [None req-e0f9135d-79f5-4157-b2f0-6e821061b45f 077e14e93428415196baa2530de6fb50 9d83712b223a4a9da5a9f1887b3d6659 - - default default] Tap Mirror: Handle Delete Port: 81612e65-f2ce-4bf7-a76b-54656a559263
2026-07-02 01:43:15.663 7 WARNING neutron.scheduler.dhcp_agent_scheduler [None req-bd9ff08e-e05e-4fc2-861a-0516df0a3b0a 2975a062dd234867b13a6b7880bc4a5e 93160cd2f3154498981ec53a4d814b73 - - default default] No more DHCP agents
2026-07-02 01:43:15.665 7 WARNING neutron.api.rpc.agentnotifiers.dhcp_rpc_agent_api [None req-bd9ff08e-e05e-4fc2-861a-0516df0a3b0a 2975a062dd234867b13a6b7880bc4a5e 93160cd2f3154498981ec53a4d814b73 - - default default] Unable to schedule network 671356fa-bc42-42e9-84df-713d469cf38f: no agents available; will retry on subsequent port and subnet creation events.
2026-07-02 01:43:15.842 7 INFO neutron.db.ovn_revision_numbers_db [None req-bd9ff08e-e05e-4fc2-861a-0516df0a3b0a 2975a062dd234867b13a6b7880bc4a5e 93160cd2f3154498981ec53a4d814b73 - - default default] Successfully bumped revision number for resource 9dbfc11f-c8d7-48ae-ade2-22a737cf2a65 (type: ports) to 1
2026-07-02 01:43:15.870 8 INFO neutron_taas.services.taas.taas_plugin [None req-361a6214-06e7-44ed-96e8-7e0919b4b7b8 - - - - - -] TaaS: Handle Delete Port: f42f7204-4594-4144-9862-bbf860b1671a
2026-07-02 01:43:15.873 8 INFO neutron_taas.services.taas.tap_mirror_plugin [None req-361a6214-06e7-44ed-96e8-7e0919b4b7b8 - - - - - -] Tap Mirror: Handle Delete Port: f42f7204-4594-4144-9862-bbf860b1671a [pid: 7|app: 0|req: 1153/2544] 10.0.0.167 () {34 vars in 662 bytes} [Thu Jul 2 01:43:15 2026] POST /v2.0/ports => generated 743 bytes in 437 msecs (HTTP/1.1 201) 4 headers in 162 bytes (1 switches on core 0) /var/lib/openstack/lib/python3.12/site-packages/pycadf/identifier.py:70: UserWarning: Invalid uuid: neutron. To ensure interoperability, identifiers should be a valid uuid. warnings.warn(('Invalid uuid: %s. To ensure interoperability, ' [pid: 7|app: 0|req: 1154/2545] 10.0.0.167 () {32 vars in 772 bytes} [Thu Jul 2 01:43:15 2026] GET /v2.0/security-groups?tenant_id=023acddc4efe4a04b7dcd8e9d783cf81&name=default => generated 2925 bytes in 42 msecs (HTTP/1.1 200) 4 headers in 158 bytes (1 switches on core 0)
2026-07-02 01:43:16.046 7 INFO neutron.db.segments_db [None req-586faf3f-3fa7-4529-b19c-0424c8299fc8 2975a062dd234867b13a6b7880bc4a5e 93160cd2f3154498981ec53a4d814b73 - - default default] Added segment 771a588e-9d56-4314-9024-17fd49c64bcd of type geneve for network f9e1c093-f9f9-43e4-a370-e8b02712e5fd
2026-07-02 01:43:16.208 7 INFO neutron.db.ovn_revision_numbers_db [None req-586faf3f-3fa7-4529-b19c-0424c8299fc8 2975a062dd234867b13a6b7880bc4a5e 93160cd2f3154498981ec53a4d814b73 - - default default] Successfully bumped revision number for resource f9e1c093-f9f9-43e4-a370-e8b02712e5fd (type: networks) to 1
2026-07-02 01:43:16.304 8 INFO neutron_taas.services.taas.taas_plugin [None req-926569ab-d4cc-4268-a69e-d291ea8426e1 - - - - - -] TaaS: Handle Delete Port: 305bab88-95c2-4c75-b4eb-6ed8c2329eda
2026-07-02 01:43:16.307 8 INFO neutron_taas.services.taas.tap_mirror_plugin [None req-926569ab-d4cc-4268-a69e-d291ea8426e1 - - - - - -] Tap Mirror: Handle Delete Port: 305bab88-95c2-4c75-b4eb-6ed8c2329eda
2026-07-02 01:43:16.388 7 WARNING neutron.scheduler.dhcp_agent_scheduler [None req-586faf3f-3fa7-4529-b19c-0424c8299fc8 2975a062dd234867b13a6b7880bc4a5e 93160cd2f3154498981ec53a4d814b73 - - default default] No more DHCP agents
2026-07-02 01:43:16.390 7 WARNING neutron.api.rpc.agentnotifiers.dhcp_rpc_agent_api [None req-586faf3f-3fa7-4529-b19c-0424c8299fc8 2975a062dd234867b13a6b7880bc4a5e 93160cd2f3154498981ec53a4d814b73 - - default default] Unable to schedule network f9e1c093-f9f9-43e4-a370-e8b02712e5fd: no agents available; will retry on subsequent port and subnet creation events.
2026-07-02 01:43:16.537 7 INFO neutron.db.ovn_revision_numbers_db [None req-586faf3f-3fa7-4529-b19c-0424c8299fc8 2975a062dd234867b13a6b7880bc4a5e 93160cd2f3154498981ec53a4d814b73 - - default default] Successfully bumped revision number for resource 151f4a8b-e181-4023-8102-6f0bf87f831d (type: ports) to 1 [pid: 7|app: 0|req: 1155/2546] 10.0.0.167 () {34 vars in 668 bytes} [Thu Jul 2 01:43:15 2026] POST /v2.0/networks => generated 631 bytes in 641 msecs (HTTP/1.1 201) 4 headers in 162 bytes (1 switches on core 0) [pid: 7|app: 0|req: 1156/2547] 10.0.0.167 () {32 vars in 738 bytes} [Thu Jul 2 01:43:16 2026] DELETE /v2.0/security-groups/5d286689-9a92-4bf0-87eb-dcd6fc39a704 => generated 0 bytes in 348 msecs (HTTP/1.1 204) 2 headers in 112 bytes (1 switches on core 0)
2026-07-02 01:43:17.216 7 WARNING neutron.scheduler.dhcp_agent_scheduler [None req-c32ae0d4-c0a0-4ab6-b2a6-246631cea8c4 2975a062dd234867b13a6b7880bc4a5e 93160cd2f3154498981ec53a4d814b73 - - default default] No more DHCP agents
2026-07-02 01:43:17.218 7 WARNING neutron.api.rpc.agentnotifiers.dhcp_rpc_agent_api [None req-c32ae0d4-c0a0-4ab6-b2a6-246631cea8c4 2975a062dd234867b13a6b7880bc4a5e 93160cd2f3154498981ec53a4d814b73 - - default default] Unable to schedule network f9e1c093-f9f9-43e4-a370-e8b02712e5fd: no agents available; will retry on subsequent port and subnet creation events.
2026-07-02 01:43:17.364 7 INFO neutron.db.ovn_revision_numbers_db [None req-c32ae0d4-c0a0-4ab6-b2a6-246631cea8c4 2975a062dd234867b13a6b7880bc4a5e 93160cd2f3154498981ec53a4d814b73 - - default default] Successfully bumped revision number for resource 763890dd-c3ca-49dc-acb1-46437eb97b30 (type: ports) to 1
2026-07-02 01:43:17.366 8 INFO neutron_taas.services.taas.taas_plugin [None req-926569ab-d4cc-4268-a69e-d291ea8426e1 - - - - - -] TaaS: Handle Delete Port: 71f0f6fb-229e-4cf6-8bf7-4e70bc8b4915
2026-07-02 01:43:17.372 8 INFO neutron_taas.services.taas.tap_mirror_plugin [None req-926569ab-d4cc-4268-a69e-d291ea8426e1 - - - - - -] Tap Mirror: Handle Delete Port: 71f0f6fb-229e-4cf6-8bf7-4e70bc8b4915 [pid: 7|app: 0|req: 1157/2548] 10.0.0.167 () {34 vars in 662 bytes} [Thu Jul 2 01:43:16 2026] POST /v2.0/ports => generated 743 bytes in 486 msecs (HTTP/1.1 201) 4 headers in 162 bytes (1 switches on core 0) /var/lib/openstack/lib/python3.12/site-packages/pycadf/identifier.py:70: UserWarning: Invalid uuid: neutron. To ensure interoperability, identifiers should be a valid uuid. warnings.warn(('Invalid uuid: %s. To ensure interoperability, ' [pid: 7|app: 0|req: 1158/2549] 10.0.0.167 () {32 vars in 772 bytes} [Thu Jul 2 01:43:17 2026] GET /v2.0/security-groups?tenant_id=03ca5e7074b0428781816b756945f4bf&name=default => generated 2925 bytes in 45 msecs (HTTP/1.1 200) 4 headers in 158 bytes (1 switches on core 0) [pid: 7|app: 0|req: 1159/2550] 10.0.0.167 () {34 vars in 745 bytes} [Thu Jul 2 01:43:17 2026] PUT /v2.0/ports/a5b81bd5-2438-4103-935c-459007681195/tags => generated 17 bytes in 72 msecs (HTTP/1.1 200) 4 headers in 156 bytes (1 switches on core 0) /var/lib/openstack/lib/python3.12/site-packages/pycadf/identifier.py:70: UserWarning: Invalid uuid: neutron. To ensure interoperability, identifiers should be a valid uuid. warnings.warn(('Invalid uuid: %s. To ensure interoperability, '
2026-07-02 01:43:17.669 8 INFO neutron.services.segments.plugin [-] Segment 218e30c1-4159-4675-8553-19c151a549cc resource provider aggregate not found
2026-07-02 01:43:17.674 8 INFO neutron.services.segments.plugin [-] Segment 218e30c1-4159-4675-8553-19c151a549cc resource provider aggregate not found
2026-07-02 01:43:17.702 8 INFO neutron.services.segments.plugin [-] Segment 218e30c1-4159-4675-8553-19c151a549cc resource provider not found; error: Placement Client Error (4xx): {"errors": [{"status": 404, "title": "Not Found", "detail": "The resource could not be found.\n\n No resource provider with uuid 218e30c1-4159-4675-8553-19c151a549cc found for delete ", "request_id": "req-be351493-bfa0-4b94-8869-3dc5281bd80b"}]}
2026-07-02 01:43:17.714 8 INFO neutron.services.segments.plugin [-] Segment 218e30c1-4159-4675-8553-19c151a549cc resource provider not found; error: Placement Client Error (4xx): {"errors": [{"status": 404, "title": "Not Found", "detail": "The resource could not be found.\n\n No resource provider with uuid 218e30c1-4159-4675-8553-19c151a549cc found for delete ", "request_id": "req-896fa132-6d90-4ef0-bfd9-317ed940e911"}]} [pid: 8|app: 0|req: 1392/2551] 10.0.0.167 () {32 vars in 738 bytes} [Thu Jul 2 01:43:15 2026] DELETE /v2.0/vpn/vpnservices/8ed91eea-25b4-4241-800c-963349b0445a => generated 0 bytes in 2577 msecs (HTTP/1.1 204) 2 headers in 112 bytes (1 switches on core 0) /var/lib/openstack/lib/python3.12/site-packages/pycadf/identifier.py:70: UserWarning: Invalid uuid: neutron. To ensure interoperability, identifiers should be a valid uuid. warnings.warn(('Invalid uuid: %s. To ensure interoperability, ' [pid: 8|app: 0|req: 1393/2552] 10.0.0.167 () {34 vars in 745 bytes} [Thu Jul 2 01:43:17 2026] PUT /v2.0/ports/3308cdf2-b214-44b7-ab0b-6f46c98a46e5/tags => generated 25 bytes in 89 msecs (HTTP/1.1 200) 4 headers in 156 bytes (1 switches on core 0) /var/lib/openstack/lib/python3.12/site-packages/pycadf/identifier.py:70: UserWarning: Invalid uuid: neutron. To ensure interoperability, identifiers should be a valid uuid. warnings.warn(('Invalid uuid: %s. To ensure interoperability, ' [pid: 8|app: 0|req: 1394/2553] 10.0.0.167 () {32 vars in 661 bytes} [Thu Jul 2 01:43:17 2026] GET /v2.0/vpn/vpnservices => generated 861 bytes in 18 msecs (HTTP/1.1 200) 4 headers in 157 bytes (1 switches on core 0) [pid: 7|app: 0|req: 1160/2554] 10.0.0.167 () {32 vars in 738 bytes} [Thu Jul 2 01:43:17 2026] DELETE /v2.0/security-groups/2ac01ab5-b385-47ce-b8ea-c36bdc3ef2d7 => generated 0 bytes in 366 msecs (HTTP/1.1 204) 2 headers in 112 bytes (1 switches on core 0) [pid: 8|app: 0|req: 1395/2555] 10.0.0.167 () {34 vars in 745 bytes} [Thu Jul 2 01:43:17 2026] PUT /v2.0/ports/3d7c9e83-072e-4e11-9f26-ed22763990ec/tags => generated 34 bytes in 78 msecs (HTTP/1.1 200) 4 headers in 156 bytes (1 switches on core 0)
2026-07-02 01:43:17.963 7 INFO neutron.api.v2.resource [None req-91ed0df1-c89e-4dd6-9e2f-c6d6491dfb06 077e14e93428415196baa2530de6fb50 9d83712b223a4a9da5a9f1887b3d6659 - - default default] create failed (client error): The server could not comply with the request since it is either malformed or otherwise incorrect. [pid: 7|app: 0|req: 1161/2556] 10.0.0.167 () {34 vars in 705 bytes} [Thu Jul 2 01:43:17 2026] POST /v2.0/vpn/ipsec-site-connections => generated 127 bytes in 68 msecs (HTTP/1.1 400) 4 headers in 166 bytes (1 switches on core 0) /var/lib/openstack/lib/python3.12/site-packages/pycadf/identifier.py:70: UserWarning: Invalid uuid: neutron. To ensure interoperability, identifiers should be a valid uuid. warnings.warn(('Invalid uuid: %s. To ensure interoperability, '
2026-07-02 01:43:18.032 7 INFO neutron.api.v2.resource [None req-65854d40-8885-4bdc-9dbc-82465d8dce09 077e14e93428415196baa2530de6fb50 9d83712b223a4a9da5a9f1887b3d6659 - - default default] create failed (client error): The server could not comply with the request since it is either malformed or otherwise incorrect. [pid: 8|app: 0|req: 1396/2557] 10.0.0.167 () {34 vars in 745 bytes} [Thu Jul 2 01:43:17 2026] PUT /v2.0/ports/9dbfc11f-c8d7-48ae-ade2-22a737cf2a65/tags => generated 19 bytes in 68 msecs (HTTP/1.1 200) 4 headers in 156 bytes (1 switches on core 0) [pid: 7|app: 0|req: 1162/2558] 10.0.0.167 () {34 vars in 705 bytes} [Thu Jul 2 01:43:17 2026] POST /v2.0/vpn/ipsec-site-connections => generated 136 bytes in 64 msecs (HTTP/1.1 400) 4 headers in 166 bytes (1 switches on core 0) /var/lib/openstack/lib/python3.12/site-packages/pycadf/identifier.py:70: UserWarning: Invalid uuid: neutron. To ensure interoperability, identifiers should be a valid uuid. warnings.warn(('Invalid uuid: %s. To ensure interoperability, '
2026-07-02 01:43:18.045 8 WARNING neutron.api.v2.base [None req-bb7a8abd-7345-4807-99c2-0e2cb0dafff0 077e14e93428415196baa2530de6fb50 9d83712b223a4a9da5a9f1887b3d6659 - - default default] An exception happened while processing the request body. The exception message is [Invalid input for dpd. Reason: '59' is not a dictionary.].: webob.exc.HTTPBadRequest: Invalid input for dpd. Reason: '59' is not a dictionary.
2026-07-02 01:43:18.046 8 INFO neutron.api.v2.resource [None req-bb7a8abd-7345-4807-99c2-0e2cb0dafff0 077e14e93428415196baa2530de6fb50 9d83712b223a4a9da5a9f1887b3d6659 - - default default] create failed (client error): Invalid input for dpd. Reason: '59' is not a dictionary. [pid: 8|app: 0|req: 1397/2559] 10.0.0.167 () {34 vars in 705 bytes} [Thu Jul 2 01:43:18 2026] POST /v2.0/vpn/ipsec-site-connections => generated 129 bytes in 9 msecs (HTTP/1.1 400) 4 headers in 166 bytes (1 switches on core 0) [pid: 8|app: 0|req: 1398/2560] 10.0.0.167 () {34 vars in 691 bytes} [Thu Jul 2 01:43:18 2026] POST /v2.0/vpn/endpoint-groups => generated 294 bytes in 48 msecs (HTTP/1.1 201) 4 headers in 162 bytes (1 switches on core 0)
2026-07-02 01:43:18.156 8 INFO neutron.api.v2.resource [None req-3cc51c0e-8139-45de-b5fa-a0bc0558b3fa 077e14e93428415196baa2530de6fb50 9d83712b223a4a9da5a9f1887b3d6659 - - default default] create failed (client error): The server could not comply with the request since it is either malformed or otherwise incorrect. [pid: 8|app: 0|req: 1399/2561] 10.0.0.167 () {34 vars in 705 bytes} [Thu Jul 2 01:43:18 2026] POST /v2.0/vpn/ipsec-site-connections => generated 149 bytes in 54 msecs (HTTP/1.1 400) 4 headers in 166 bytes (1 switches on core 0) [pid: 8|app: 0|req: 1400/2562] 10.0.0.167 () {32 vars in 669 bytes} [Thu Jul 2 01:43:18 2026] GET /v2.0/vpn/endpoint-groups => generated 908 bytes in 14 msecs (HTTP/1.1 200) 4 headers in 157 bytes (1 switches on core 0) [pid: 7|app: 0|req: 1163/2563] 10.0.0.167 () {32 vars in 658 bytes} [Thu Jul 2 01:43:18 2026] GET /v2.0/ports?tags=red => generated 2253 bytes in 144 msecs (HTTP/1.1 200) 4 headers in 158 bytes (1 switches on core 0) [pid: 8|app: 0|req: 1401/2564] 10.0.0.167 () {32 vars in 746 bytes} [Thu Jul 2 01:43:18 2026] DELETE /v2.0/vpn/endpoint-groups/1d6e6ca9-31d7-4bd4-8064-ed4f91cdd848 => generated 0 bytes in 38 msecs (HTTP/1.1 204) 2 headers in 112 bytes (1 switches on core 0) [pid: 8|app: 0|req: 1402/2565] 10.0.0.167 () {32 vars in 669 bytes} [Thu Jul 2 01:43:18 2026] GET /v2.0/vpn/endpoint-groups => generated 632 bytes in 9 msecs (HTTP/1.1 200) 4 headers in 157 bytes (1 switches on core 0) [pid: 7|app: 0|req: 1164/2566] 10.0.0.167 () {32 vars in 672 bytes} [Thu Jul 2 01:43:18 2026] GET /v2.0/ports?tags=red%2Cblue => generated 1513 bytes in 77 msecs (HTTP/1.1 200) 4 headers in 158 bytes (1 switches on core 0) [pid: 8|app: 0|req: 1403/2567] 10.0.0.167 () {34 vars in 691 bytes} [Thu Jul 2 01:43:18 2026] POST /v2.0/vpn/endpoint-groups => generated 301 bytes in 51 msecs (HTTP/1.1 201) 4 headers in 162 bytes (1 switches on core 0)
2026-07-02 01:43:18.336 8 INFO neutron.api.v2.resource [None req-0ab46646-4938-4933-a60b-a44664743400 077e14e93428415196baa2530de6fb50 9d83712b223a4a9da5a9f1887b3d6659 - - default default] create failed (client error): The server could not comply with the request since it is either malformed or otherwise incorrect. [pid: 7|app: 0|req: 1165/2568] 10.0.0.167 () {32 vars in 668 bytes} [Thu Jul 2 01:43:18 2026] GET /v2.0/ports?tags-any=blue => generated 1513 bytes in 65 msecs (HTTP/1.1 200) 4 headers in 158 bytes (1 switches on core 0) [pid: 8|app: 0|req: 1404/2569] 10.0.0.167 () {34 vars in 705 bytes} [Thu Jul 2 01:43:18 2026] POST /v2.0/vpn/ipsec-site-connections => generated 148 bytes in 38 msecs (HTTP/1.1 400) 4 headers in 166 bytes (1 switches on core 0) [pid: 8|app: 0|req: 1405/2570] 10.0.0.167 () {32 vars in 669 bytes} [Thu Jul 2 01:43:18 2026] GET /v2.0/vpn/endpoint-groups => generated 915 bytes in 15 msecs (HTTP/1.1 200) 4 headers in 157 bytes (1 switches on core 0) [pid: 7|app: 0|req: 1166/2571] 10.0.0.167 () {32 vars in 680 bytes} [Thu Jul 2 01:43:18 2026] GET /v2.0/ports?tags-any=red%2Cblue => generated 2253 bytes in 41 msecs (HTTP/1.1 200) 4 headers in 158 bytes (1 switches on core 0) [pid: 8|app: 0|req: 1406/2572] 10.0.0.167 () {32 vars in 746 bytes} [Thu Jul 2 01:43:18 2026] DELETE /v2.0/vpn/endpoint-groups/8aaaed93-f797-4a2f-965f-2cd4bb57268e => generated 0 bytes in 23 msecs (HTTP/1.1 204) 2 headers in 112 bytes (1 switches on core 0) [pid: 8|app: 0|req: 1407/2573] 10.0.0.167 () {32 vars in 669 bytes} [Thu Jul 2 01:43:18 2026] GET /v2.0/vpn/endpoint-groups => generated 632 bytes in 11 msecs (HTTP/1.1 200) 4 headers in 157 bytes (1 switches on core 0)
2026-07-02 01:43:18.415 8 WARNING neutron.api.v2.base [None req-d91c115c-9874-4617-a967-f2134b04d3f4 077e14e93428415196baa2530de6fb50 9d83712b223a4a9da5a9f1887b3d6659 - - default default] An exception happened while processing the request body. The exception message is [Invalid input for peer_cidrs. Reason: '1.0.0.0/33' is not a valid IP subnet.].: webob.exc.HTTPBadRequest: Invalid input for peer_cidrs. Reason: '1.0.0.0/33' is not a valid IP subnet.
2026-07-02 01:43:18.415 8 INFO neutron.api.v2.resource [None req-d91c115c-9874-4617-a967-f2134b04d3f4 077e14e93428415196baa2530de6fb50 9d83712b223a4a9da5a9f1887b3d6659 - - default default] create failed (client error): Invalid input for peer_cidrs. Reason: '1.0.0.0/33' is not a valid IP subnet. [pid: 8|app: 0|req: 1408/2574] 10.0.0.167 () {34 vars in 705 bytes} [Thu Jul 2 01:43:18 2026] POST /v2.0/vpn/ipsec-site-connections => generated 149 bytes in 7 msecs (HTTP/1.1 400) 4 headers in 166 bytes (1 switches on core 0) [pid: 7|app: 0|req: 1167/2575] 10.0.0.167 () {32 vars in 666 bytes} [Thu Jul 2 01:43:18 2026] GET /v2.0/ports?not-tags=red => generated 5268 bytes in 93 msecs (HTTP/1.1 200) 4 headers in 158 bytes (1 switches on core 0)
2026-07-02 01:43:18.500 8 INFO neutron.db.segments_db [None req-445e897b-8c39-4b04-85d7-d1c13aa94de7 077e14e93428415196baa2530de6fb50 9d83712b223a4a9da5a9f1887b3d6659 - - default default] Added segment 87a968e6-f0c9-4a4b-a4ec-f6365b6bcc38 of type geneve for network 50678b38-a792-4863-a54d-75973f6cd315
2026-07-02 01:43:18.614 8 INFO neutron.db.ovn_revision_numbers_db [None req-445e897b-8c39-4b04-85d7-d1c13aa94de7 077e14e93428415196baa2530de6fb50 9d83712b223a4a9da5a9f1887b3d6659 - - default default] Successfully bumped revision number for resource 50678b38-a792-4863-a54d-75973f6cd315 (type: networks) to 1 [pid: 7|app: 0|req: 1168/2576] 10.0.0.167 () {32 vars in 680 bytes} [Thu Jul 2 01:43:18 2026] GET /v2.0/ports?not-tags=red%2Cblue => generated 6008 bytes in 138 msecs (HTTP/1.1 200) 4 headers in 158 bytes (1 switches on core 0) [pid: 7|app: 0|req: 1169/2577] 10.0.0.167 () {32 vars in 676 bytes} [Thu Jul 2 01:43:18 2026] GET /v2.0/ports?not-tags-any=blue => generated 6008 bytes in 107 msecs (HTTP/1.1 200) 4 headers in 158 bytes (1 switches on core 0)
2026-07-02 01:43:18.763 8 WARNING neutron.scheduler.dhcp_agent_scheduler [None req-445e897b-8c39-4b04-85d7-d1c13aa94de7 077e14e93428415196baa2530de6fb50 9d83712b223a4a9da5a9f1887b3d6659 - - default default] No more DHCP agents
2026-07-02 01:43:18.764 8 WARNING neutron.api.rpc.agentnotifiers.dhcp_rpc_agent_api [None req-445e897b-8c39-4b04-85d7-d1c13aa94de7 077e14e93428415196baa2530de6fb50 9d83712b223a4a9da5a9f1887b3d6659 - - default default] Unable to schedule network 50678b38-a792-4863-a54d-75973f6cd315: no agents available; will retry on subsequent port and subnet creation events. [pid: 7|app: 0|req: 1170/2578] 10.0.0.167 () {32 vars in 688 bytes} [Thu Jul 2 01:43:18 2026] GET /v2.0/ports?not-tags-any=red%2Cblue => generated 5268 bytes in 61 msecs (HTTP/1.1 200) 4 headers in 158 bytes (1 switches on core 0)
2026-07-02 01:43:18.880 8 INFO neutron.db.ovn_revision_numbers_db [None req-445e897b-8c39-4b04-85d7-d1c13aa94de7 077e14e93428415196baa2530de6fb50 9d83712b223a4a9da5a9f1887b3d6659 - - default default] Successfully bumped revision number for resource 58ac3ebd-4ac7-4468-9237-6e52e27555d7 (type: ports) to 1 [pid: 8|app: 0|req: 1409/2579] 10.0.0.167 () {34 vars in 668 bytes} [Thu Jul 2 01:43:18 2026] POST /v2.0/networks => generated 631 bytes in 481 msecs (HTTP/1.1 201) 4 headers in 162 bytes (1 switches on core 0)
2026-07-02 01:43:18.953 7 INFO neutron_taas.services.taas.taas_plugin [None req-50d565d3-16e5-4ef5-8bff-021e60b8328b 2975a062dd234867b13a6b7880bc4a5e 93160cd2f3154498981ec53a4d814b73 - - default default] TaaS: Handle Delete Port: a5b81bd5-2438-4103-935c-459007681195
2026-07-02 01:43:18.957 7 INFO neutron_taas.services.taas.tap_mirror_plugin [None req-50d565d3-16e5-4ef5-8bff-021e60b8328b 2975a062dd234867b13a6b7880bc4a5e 93160cd2f3154498981ec53a4d814b73 - - default default] Tap Mirror: Handle Delete Port: a5b81bd5-2438-4103-935c-459007681195 [pid: 7|app: 0|req: 1171/2580] 10.0.0.167 () {32 vars in 718 bytes} [Thu Jul 2 01:43:18 2026] DELETE /v2.0/ports/a5b81bd5-2438-4103-935c-459007681195 => generated 0 bytes in 296 msecs (HTTP/1.1 204) 3 headers in 131 bytes (1 switches on core 0)
2026-07-02 01:43:19.175 8 WARNING neutron.scheduler.dhcp_agent_scheduler [None req-40e874e5-40c0-4024-a611-c93ff727ac6b 077e14e93428415196baa2530de6fb50 9d83712b223a4a9da5a9f1887b3d6659 - - default default] No more DHCP agents
2026-07-02 01:43:19.177 8 WARNING neutron.api.rpc.agentnotifiers.dhcp_rpc_agent_api [None req-40e874e5-40c0-4024-a611-c93ff727ac6b 077e14e93428415196baa2530de6fb50 9d83712b223a4a9da5a9f1887b3d6659 - - default default] Unable to schedule network 50678b38-a792-4863-a54d-75973f6cd315: no agents available; will retry on subsequent port and subnet creation events.
2026-07-02 01:43:19.220 7 INFO neutron_taas.services.taas.taas_plugin [None req-4242ff3e-d5ad-4938-a117-e60958f8e31e 2975a062dd234867b13a6b7880bc4a5e 93160cd2f3154498981ec53a4d814b73 - - default default] TaaS: Handle Delete Port: 3308cdf2-b214-44b7-ab0b-6f46c98a46e5
2026-07-02 01:43:19.223 7 INFO neutron_taas.services.taas.tap_mirror_plugin [None req-4242ff3e-d5ad-4938-a117-e60958f8e31e 2975a062dd234867b13a6b7880bc4a5e 93160cd2f3154498981ec53a4d814b73 - - default default] Tap Mirror: Handle Delete Port: 3308cdf2-b214-44b7-ab0b-6f46c98a46e5 [pid: 7|app: 0|req: 1172/2581] 10.0.0.167 () {32 vars in 718 bytes} [Thu Jul 2 01:43:19 2026] DELETE /v2.0/ports/3308cdf2-b214-44b7-ab0b-6f46c98a46e5 => generated 0 bytes in 262 msecs (HTTP/1.1 204) 3 headers in 131 bytes (1 switches on core 0)
2026-07-02 01:43:19.474 7 INFO neutron_taas.services.taas.taas_plugin [None req-414c0ca8-5236-496f-bacf-09856bbc02c8 2975a062dd234867b13a6b7880bc4a5e 93160cd2f3154498981ec53a4d814b73 - - default default] TaaS: Handle Delete Port: 3d7c9e83-072e-4e11-9f26-ed22763990ec
2026-07-02 01:43:19.477 7 INFO neutron_taas.services.taas.tap_mirror_plugin [None req-414c0ca8-5236-496f-bacf-09856bbc02c8 2975a062dd234867b13a6b7880bc4a5e 93160cd2f3154498981ec53a4d814b73 - - default default] Tap Mirror: Handle Delete Port: 3d7c9e83-072e-4e11-9f26-ed22763990ec [pid: 7|app: 0|req: 1173/2582] 10.0.0.167 () {32 vars in 718 bytes} [Thu Jul 2 01:43:19 2026] DELETE /v2.0/ports/3d7c9e83-072e-4e11-9f26-ed22763990ec => generated 0 bytes in 250 msecs (HTTP/1.1 204) 3 headers in 131 bytes (1 switches on core 0)
2026-07-02 01:43:19.716 8 INFO neutron.db.ovn_revision_numbers_db [None req-9ac1822b-a980-4a86-8528-0c16f405616a - - - - - -] Successfully bumped revision number for resource 58ac3ebd-4ac7-4468-9237-6e52e27555d7 (type: ports) to 2
2026-07-02 01:43:19.744 8 INFO neutron.db.ovn_revision_numbers_db [None req-9ac1822b-a980-4a86-8528-0c16f405616a - - - - - -] Successfully bumped revision number for resource fe20b8de-e2dc-46d7-a26d-12ec38b9299f (type: subnets) to 0 [pid: 8|app: 0|req: 1410/2583] 10.0.0.167 () {34 vars in 667 bytes} [Thu Jul 2 01:43:18 2026] POST /v2.0/subnets => generated 629 bytes in 852 msecs (HTTP/1.1 201) 4 headers in 162 bytes (1 switches on core 0)
2026-07-02 01:43:19.770 7 INFO neutron_taas.services.taas.taas_plugin [None req-5b5cdb16-48a6-45eb-9410-9e322df131ad 2975a062dd234867b13a6b7880bc4a5e 93160cd2f3154498981ec53a4d814b73 - - default default] TaaS: Handle Delete Port: 9dbfc11f-c8d7-48ae-ade2-22a737cf2a65
2026-07-02 01:43:19.773 7 INFO neutron_taas.services.taas.tap_mirror_plugin [None req-5b5cdb16-48a6-45eb-9410-9e322df131ad 2975a062dd234867b13a6b7880bc4a5e 93160cd2f3154498981ec53a4d814b73 - - default default] Tap Mirror: Handle Delete Port: 9dbfc11f-c8d7-48ae-ade2-22a737cf2a65 [pid: 7|app: 0|req: 1174/2584] 10.0.0.167 () {32 vars in 718 bytes} [Thu Jul 2 01:43:19 2026] DELETE /v2.0/ports/9dbfc11f-c8d7-48ae-ade2-22a737cf2a65 => generated 0 bytes in 314 msecs (HTTP/1.1 204) 3 headers in 131 bytes (1 switches on core 0)
2026-07-02 01:43:19.941 7 WARNING neutron.plugins.ml2.drivers.ovn.mech_driver.ovsdb.ovn_client [None req-c525937e-84bf-4c40-adfd-785a2cc1b84c - - - - - -] No hosting information found for port 68495a08-5c99-499d-92e0-39a8a3514612: RuntimeError: No hosting information found for port 68495a08-5c99-499d-92e0-39a8a3514612
2026-07-02 01:43:20.117 7 INFO neutron.db.ovn_revision_numbers_db [None req-c525937e-84bf-4c40-adfd-785a2cc1b84c - - - - - -] Successfully bumped revision number for resource 68495a08-5c99-499d-92e0-39a8a3514612 (type: router_ports) to 2
2026-07-02 01:43:20.118 7 INFO neutron.plugins.ml2.drivers.ovn.mech_driver.mech_driver [None req-c525937e-84bf-4c40-adfd-785a2cc1b84c - - - - - -] OVN reports status down for port: 3308cdf2-b214-44b7-ab0b-6f46c98a46e5
2026-07-02 01:43:20.138 7 INFO neutron.plugins.ml2.drivers.ovn.mech_driver.mech_driver [None req-c525937e-84bf-4c40-adfd-785a2cc1b84c - - - - - -] OVN reports status down for port: 81612e65-f2ce-4bf7-a76b-54656a559263
2026-07-02 01:43:20.147 7 INFO neutron_taas.services.taas.taas_plugin [None req-e5c6fd8f-ee69-41be-9fda-29fa2462837c 2975a062dd234867b13a6b7880bc4a5e 93160cd2f3154498981ec53a4d814b73 - - default default] TaaS: Handle Delete Port: 763890dd-c3ca-49dc-acb1-46437eb97b30
2026-07-02 01:43:20.156 7 INFO neutron_taas.services.taas.tap_mirror_plugin [None req-e5c6fd8f-ee69-41be-9fda-29fa2462837c 2975a062dd234867b13a6b7880bc4a5e 93160cd2f3154498981ec53a4d814b73 - - default default] Tap Mirror: Handle Delete Port: 763890dd-c3ca-49dc-acb1-46437eb97b30
2026-07-02 01:43:20.160 7 INFO neutron.plugins.ml2.drivers.ovn.mech_driver.mech_driver [None req-c525937e-84bf-4c40-adfd-785a2cc1b84c - - - - - -] OVN reports status down for port: 71f0f6fb-229e-4cf6-8bf7-4e70bc8b4915
2026-07-02 01:43:20.180 7 INFO neutron.plugins.ml2.drivers.ovn.mech_driver.mech_driver [None req-c525937e-84bf-4c40-adfd-785a2cc1b84c - - - - - -] OVN reports status down for port: 5eb09b2b-c9b4-4e02-be8a-8338d714d224
2026-07-02 01:43:20.266 8 WARNING neutron.scheduler.dhcp_agent_scheduler [None req-e6304478-b9d1-457d-9f1b-538866a112be 077e14e93428415196baa2530de6fb50 9d83712b223a4a9da5a9f1887b3d6659 - - default default] No more DHCP agents
2026-07-02 01:43:20.268 8 WARNING neutron.api.rpc.agentnotifiers.dhcp_rpc_agent_api [None req-e6304478-b9d1-457d-9f1b-538866a112be 077e14e93428415196baa2530de6fb50 9d83712b223a4a9da5a9f1887b3d6659 - - default default] Unable to schedule network a78cd133-5135-48bb-9beb-19f95f7d53cc: no agents available; will retry on subsequent port and subnet creation events.
2026-07-02 01:43:20.282 7 INFO neutron.plugins.ml2.drivers.ovn.mech_driver.mech_driver [None req-c525937e-84bf-4c40-adfd-785a2cc1b84c - - - - - -] OVN reports status down for port: 305bab88-95c2-4c75-b4eb-6ed8c2329eda
2026-07-02 01:43:20.297 7 INFO neutron.plugins.ml2.drivers.ovn.mech_driver.mech_driver [None req-c525937e-84bf-4c40-adfd-785a2cc1b84c - - - - - -] OVN reports status up for port: 305bab88-95c2-4c75-b4eb-6ed8c2329eda [pid: 7|app: 0|req: 1175/2585] 10.0.0.167 () {32 vars in 718 bytes} [Thu Jul 2 01:43:19 2026] DELETE /v2.0/ports/763890dd-c3ca-49dc-acb1-46437eb97b30 => generated 0 bytes in 429 msecs (HTTP/1.1 204) 3 headers in 131 bytes (1 switches on core 0)
2026-07-02 01:43:20.381 7 INFO neutron.plugins.ml2.drivers.ovn.mech_driver.mech_driver [None req-c525937e-84bf-4c40-adfd-785a2cc1b84c - - - - - -] OVN reports status down for port: f42f7204-4594-4144-9862-bbf860b1671a
2026-07-02 01:43:20.402 7 INFO neutron.plugins.ml2.drivers.ovn.mech_driver.mech_driver [None req-c525937e-84bf-4c40-adfd-785a2cc1b84c - - - - - -] OVN reports status down for port: 3d7c9e83-072e-4e11-9f26-ed22763990ec
2026-07-02 01:43:20.486 8 INFO neutron.db.ovn_revision_numbers_db [None req-e6304478-b9d1-457d-9f1b-538866a112be 077e14e93428415196baa2530de6fb50 9d83712b223a4a9da5a9f1887b3d6659 - - default default] Successfully bumped revision number for resource 2701059b-5eeb-4428-9427-4bff1ab88bf2 (type: ports) to 1
2026-07-02 01:43:20.515 7 INFO neutron.plugins.ml2.drivers.ovn.mech_driver.mech_driver [None req-c525937e-84bf-4c40-adfd-785a2cc1b84c - - - - - -] OVN reports status down for port: 3537193f-9207-42ff-829c-f27d4f7a89ac
2026-07-02 01:43:20.616 7 INFO neutron.plugins.ml2.drivers.ovn.mech_driver.mech_driver [None req-c525937e-84bf-4c40-adfd-785a2cc1b84c - - - - - -] OVN reports status down for port: 9dbfc11f-c8d7-48ae-ade2-22a737cf2a65
2026-07-02 01:43:20.634 7 INFO neutron.plugins.ml2.drivers.ovn.mech_driver.mech_driver [None req-c525937e-84bf-4c40-adfd-785a2cc1b84c - - - - - -] OVN reports status down for port: 151f4a8b-e181-4023-8102-6f0bf87f831d
2026-07-02 01:43:20.687 7 INFO neutron_taas.services.taas.taas_plugin [None req-28ce02d9-71a6-41f0-85b0-6c76903aa120 2975a062dd234867b13a6b7880bc4a5e 93160cd2f3154498981ec53a4d814b73 - - default default] TaaS: Handle Delete Port: dc8fa4ef-29ef-4144-914a-6aab1a663b60
2026-07-02 01:43:20.691 7 INFO neutron_taas.services.taas.tap_mirror_plugin [None req-28ce02d9-71a6-41f0-85b0-6c76903aa120 2975a062dd234867b13a6b7880bc4a5e 93160cd2f3154498981ec53a4d814b73 - - default default] Tap Mirror: Handle Delete Port: dc8fa4ef-29ef-4144-914a-6aab1a663b60
2026-07-02 01:43:20.750 7 INFO neutron.plugins.ml2.drivers.ovn.mech_driver.mech_driver [None req-c525937e-84bf-4c40-adfd-785a2cc1b84c - - - - - -] OVN reports status down for port: 763890dd-c3ca-49dc-acb1-46437eb97b30
2026-07-02 01:43:20.765 7 INFO neutron.plugins.ml2.drivers.ovn.mech_driver.mech_driver [None req-c525937e-84bf-4c40-adfd-785a2cc1b84c - - - - - -] OVN reports status down for port: 58ac3ebd-4ac7-4468-9237-6e52e27555d7
2026-07-02 01:43:20.914 7 INFO neutron.plugins.ml2.drivers.ovn.mech_driver.mech_driver [None req-c525937e-84bf-4c40-adfd-785a2cc1b84c - - - - - -] OVN reports status down for port: 2701059b-5eeb-4428-9427-4bff1ab88bf2
2026-07-02 01:43:21.064 7 INFO neutron.services.segments.plugin [-] Segment 91e58230-84b6-49bd-91c1-059d02fd4458 resource provider aggregate not found
2026-07-02 01:43:21.070 7 INFO neutron.services.segments.plugin [-] Segment 91e58230-84b6-49bd-91c1-059d02fd4458 resource provider aggregate not found
2026-07-02 01:43:21.099 7 INFO neutron.services.segments.plugin [-] Segment 91e58230-84b6-49bd-91c1-059d02fd4458 resource provider not found; error: Placement Client Error (4xx): {"errors": [{"status": 404, "title": "Not Found", "detail": "The resource could not be found.\n\n No resource provider with uuid 91e58230-84b6-49bd-91c1-059d02fd4458 found for delete ", "request_id": "req-86c262ca-67c3-426c-aef8-9f2439f42cd7"}]}
2026-07-02 01:43:21.103 7 INFO neutron.services.segments.plugin [-] Segment 91e58230-84b6-49bd-91c1-059d02fd4458 resource provider not found; error: Placement Client Error (4xx): {"errors": [{"status": 404, "title": "Not Found", "detail": "The resource could not be found.\n\n No resource provider with uuid 91e58230-84b6-49bd-91c1-059d02fd4458 found for delete ", "request_id": "req-265c46b1-8d43-4ddd-83e5-03113ec9a859"}]} [pid: 7|app: 0|req: 1176/2586] 10.0.0.167 () {32 vars in 724 bytes} [Thu Jul 2 01:43:20 2026] DELETE /v2.0/networks/4a17e558-6b09-44c9-97b6-93796148e4ef => generated 0 bytes in 786 msecs (HTTP/1.1 204) 3 headers in 131 bytes (1 switches on core 0)
2026-07-02 01:43:21.262 8 INFO neutron.plugins.ml2.drivers.ovn.mech_driver.ovsdb.commands [-] Schedule LRP lrp-2701059b-5eeb-4428-9427-4bff1ab88bf2 on gateway 00a8bba6-8c14-44db-bfd4-7bdcb4189af3 with priority 1
2026-07-02 01:43:21.360 7 INFO neutron.plugins.ml2.drivers.ovn.mech_driver.mech_driver [None req-c525937e-84bf-4c40-adfd-785a2cc1b84c - - - - - -] OVN reports status up for port: 2701059b-5eeb-4428-9427-4bff1ab88bf2
2026-07-02 01:43:21.375 8 INFO neutron.db.ovn_revision_numbers_db [None req-e6304478-b9d1-457d-9f1b-538866a112be 077e14e93428415196baa2530de6fb50 9d83712b223a4a9da5a9f1887b3d6659 - - default default] Successfully bumped revision number for resource 2701059b-5eeb-4428-9427-4bff1ab88bf2 (type: router_ports) to 1
2026-07-02 01:43:21.376 7 INFO neutron_taas.services.taas.taas_plugin [None req-a25e801c-dea6-455d-b5fe-f8d0efe3b647 2975a062dd234867b13a6b7880bc4a5e 93160cd2f3154498981ec53a4d814b73 - - default default] TaaS: Handle Delete Port: 80c810e4-7710-44c8-9021-6e427c7c2b9a
2026-07-02 01:43:21.381 7 INFO neutron_taas.services.taas.tap_mirror_plugin [None req-a25e801c-dea6-455d-b5fe-f8d0efe3b647 2975a062dd234867b13a6b7880bc4a5e 93160cd2f3154498981ec53a4d814b73 - - default default] Tap Mirror: Handle Delete Port: 80c810e4-7710-44c8-9021-6e427c7c2b9a
2026-07-02 01:43:21.393 7 INFO neutron.plugins.ml2.plugin [None req-c525937e-84bf-4c40-adfd-785a2cc1b84c - - - - - -] Attempt 1 to provision port 2701059b-5eeb-4428-9427-4bff1ab88bf2
2026-07-02 01:43:21.455 8 INFO neutron.db.ovn_revision_numbers_db [None req-e6304478-b9d1-457d-9f1b-538866a112be 077e14e93428415196baa2530de6fb50 9d83712b223a4a9da5a9f1887b3d6659 - - default default] Successfully bumped revision number for resource 1ff77cba-74ab-4463-b62f-ae416526e313 (type: routers) to 2 [pid: 8|app: 0|req: 1411/2587] 10.0.0.167 () {34 vars in 667 bytes} [Thu Jul 2 01:43:19 2026] POST /v2.0/routers => generated 936 bytes in 1719 msecs (HTTP/1.1 201) 4 headers in 162 bytes (1 switches on core 0)
2026-07-02 01:43:21.647 8 INFO neutron.api.v2.resource [None req-b8501fbe-daa0-4bf9-bafd-79f5566ca7b7 45fda51074884be881c9e3170ba8cd3a 3ff562f7c93847ca938e3e504b63c241 - - default default] create failed (client error): The server could not comply with the request since it is either malformed or otherwise incorrect. [pid: 8|app: 0|req: 1412/2588] 10.0.0.167 () {34 vars in 683 bytes} [Thu Jul 2 01:43:21 2026] POST /v2.0/vpn/vpnservices => generated 194 bytes in 156 msecs (HTTP/1.1 400) 4 headers in 166 bytes (1 switches on core 0) [pid: 7|app: 0|req: 1177/2589] 10.0.0.167 () {32 vars in 724 bytes} [Thu Jul 2 01:43:21 2026] DELETE /v2.0/networks/483d4b94-6357-476c-9587-f36ffd462d54 => generated 0 bytes in 546 msecs (HTTP/1.1 204) 3 headers in 131 bytes (1 switches on core 0)
2026-07-02 01:43:21.813 8 INFO neutron_taas.services.taas.taas_plugin [None req-2c1e863c-dc23-43fe-b5c4-ae9408330a75 45fda51074884be881c9e3170ba8cd3a 3ff562f7c93847ca938e3e504b63c241 - - default default] TaaS: Handle Delete Port: 58ac3ebd-4ac7-4468-9237-6e52e27555d7
2026-07-02 01:43:21.816 8 INFO neutron_taas.services.taas.tap_mirror_plugin [None req-2c1e863c-dc23-43fe-b5c4-ae9408330a75 45fda51074884be881c9e3170ba8cd3a 3ff562f7c93847ca938e3e504b63c241 - - default default] Tap Mirror: Handle Delete Port: 58ac3ebd-4ac7-4468-9237-6e52e27555d7
2026-07-02 01:43:21.830 7 INFO neutron_taas.services.taas.taas_plugin [None req-bcd3c70a-ce9d-497c-bd0e-8b8afda4df0e 2975a062dd234867b13a6b7880bc4a5e 93160cd2f3154498981ec53a4d814b73 - - default default] TaaS: Handle Delete Port: 5eb09b2b-c9b4-4e02-be8a-8338d714d224
2026-07-02 01:43:21.833 7 INFO neutron_taas.services.taas.tap_mirror_plugin [None req-bcd3c70a-ce9d-497c-bd0e-8b8afda4df0e 2975a062dd234867b13a6b7880bc4a5e 93160cd2f3154498981ec53a4d814b73 - - default default] Tap Mirror: Handle Delete Port: 5eb09b2b-c9b4-4e02-be8a-8338d714d224 [pid: 7|app: 0|req: 1178/2590] 10.0.0.167 () {32 vars in 724 bytes} [Thu Jul 2 01:43:21 2026] DELETE /v2.0/networks/95cd0355-1267-4899-a927-522a6b08de85 => generated 0 bytes in 386 msecs (HTTP/1.1 204) 3 headers in 131 bytes (1 switches on core 0)
2026-07-02 01:43:22.221 7 INFO neutron_taas.services.taas.taas_plugin [None req-175f0259-4fd9-401e-9bb9-94b701f4fc6d 2975a062dd234867b13a6b7880bc4a5e 93160cd2f3154498981ec53a4d814b73 - - default default] TaaS: Handle Delete Port: 3537193f-9207-42ff-829c-f27d4f7a89ac
2026-07-02 01:43:22.222 8 INFO neutron.services.segments.plugin [-] Segment 87a968e6-f0c9-4a4b-a4ec-f6365b6bcc38 resource provider aggregate not found
2026-07-02 01:43:22.225 7 INFO neutron_taas.services.taas.tap_mirror_plugin [None req-175f0259-4fd9-401e-9bb9-94b701f4fc6d 2975a062dd234867b13a6b7880bc4a5e 93160cd2f3154498981ec53a4d814b73 - - default default] Tap Mirror: Handle Delete Port: 3537193f-9207-42ff-829c-f27d4f7a89ac
2026-07-02 01:43:22.228 8 INFO neutron.services.segments.plugin [-] Segment 87a968e6-f0c9-4a4b-a4ec-f6365b6bcc38 resource provider aggregate not found
2026-07-02 01:43:22.251 8 INFO neutron.services.segments.plugin [-] Segment 87a968e6-f0c9-4a4b-a4ec-f6365b6bcc38 resource provider not found; error: Placement Client Error (4xx): {"errors": [{"status": 404, "title": "Not Found", "detail": "The resource could not be found.\n\n No resource provider with uuid 87a968e6-f0c9-4a4b-a4ec-f6365b6bcc38 found for delete ", "request_id": "req-5d27bc98-e57d-4d62-b36e-4d7a62b2670f"}]}
2026-07-02 01:43:22.253 8 INFO neutron.services.segments.plugin [-] Segment 87a968e6-f0c9-4a4b-a4ec-f6365b6bcc38 resource provider not found; error: Placement Client Error (4xx): {"errors": [{"status": 404, "title": "Not Found", "detail": "The resource could not be found.\n\n No resource provider with uuid 87a968e6-f0c9-4a4b-a4ec-f6365b6bcc38 found for delete ", "request_id": "req-c6cf220c-3b37-4779-96bc-7398a0c2b76e"}]} [pid: 8|app: 0|req: 1413/2591] 10.0.0.167 () {32 vars in 724 bytes} [Thu Jul 2 01:43:21 2026] DELETE /v2.0/networks/50678b38-a792-4863-a54d-75973f6cd315 => generated 0 bytes in 641 msecs (HTTP/1.1 204) 3 headers in 131 bytes (1 switches on core 0) [pid: 7|app: 0|req: 1179/2592] 10.0.0.167 () {32 vars in 724 bytes} [Thu Jul 2 01:43:22 2026] DELETE /v2.0/networks/671356fa-bc42-42e9-84df-713d469cf38f => generated 0 bytes in 413 msecs (HTTP/1.1 204) 3 headers in 131 bytes (1 switches on core 0)
2026-07-02 01:43:22.650 7 INFO neutron_taas.services.taas.taas_plugin [None req-9c2c21a8-9eb3-4d49-8163-c305ac352872 2975a062dd234867b13a6b7880bc4a5e 93160cd2f3154498981ec53a4d814b73 - - default default] TaaS: Handle Delete Port: 151f4a8b-e181-4023-8102-6f0bf87f831d
2026-07-02 01:43:22.652 7 INFO neutron_taas.services.taas.tap_mirror_plugin [None req-9c2c21a8-9eb3-4d49-8163-c305ac352872 2975a062dd234867b13a6b7880bc4a5e 93160cd2f3154498981ec53a4d814b73 - - default default] Tap Mirror: Handle Delete Port: 151f4a8b-e181-4023-8102-6f0bf87f831d
2026-07-02 01:43:22.699 8 INFO neutron_taas.services.taas.taas_plugin [None req-dd093860-2813-4b48-8146-93df2eb63d5f 45fda51074884be881c9e3170ba8cd3a 3ff562f7c93847ca938e3e504b63c241 - - default default] TaaS: Handle Delete Port: 2701059b-5eeb-4428-9427-4bff1ab88bf2
2026-07-02 01:43:22.701 8 INFO neutron_taas.services.taas.tap_mirror_plugin [None req-dd093860-2813-4b48-8146-93df2eb63d5f 45fda51074884be881c9e3170ba8cd3a 3ff562f7c93847ca938e3e504b63c241 - - default default] Tap Mirror: Handle Delete Port: 2701059b-5eeb-4428-9427-4bff1ab88bf2 [pid: 7|app: 0|req: 1180/2593] 10.0.0.167 () {32 vars in 724 bytes} [Thu Jul 2 01:43:22 2026] DELETE /v2.0/networks/f9e1c093-f9f9-43e4-a370-e8b02712e5fd => generated 0 bytes in 362 msecs (HTTP/1.1 204) 3 headers in 131 bytes (1 switches on core 0)
2026-07-02 01:43:23.120 7 INFO neutron.services.segments.plugin [-] Segment fad7c7c0-8112-4c9b-ac6d-93cd0a5d5ae6 resource provider aggregate not found
2026-07-02 01:43:23.127 7 INFO neutron.services.segments.plugin [-] Segment fad7c7c0-8112-4c9b-ac6d-93cd0a5d5ae6 resource provider aggregate not found
2026-07-02 01:43:23.143 7 INFO neutron.services.segments.plugin [-] Segment fad7c7c0-8112-4c9b-ac6d-93cd0a5d5ae6 resource provider not found; error: Placement Client Error (4xx): {"errors": [{"status": 404, "title": "Not Found", "detail": "The resource could not be found.\n\n No resource provider with uuid fad7c7c0-8112-4c9b-ac6d-93cd0a5d5ae6 found for delete ", "request_id": "req-9b400d79-e958-4e85-a1c0-03f9cb75ef82"}]}
2026-07-02 01:43:23.148 7 INFO neutron.services.segments.plugin [-] Segment fad7c7c0-8112-4c9b-ac6d-93cd0a5d5ae6 resource provider not found; error: Placement Client Error (4xx): {"errors": [{"status": 404, "title": "Not Found", "detail": "The resource could not be found.\n\n No resource provider with uuid fad7c7c0-8112-4c9b-ac6d-93cd0a5d5ae6 found for delete ", "request_id": "req-d9f75bc5-6dc0-453d-af54-95bcfd42a78e"}]}
2026-07-02 01:43:23.166 7 INFO neutron.services.segments.plugin [-] Segment 3c411ff0-6c1a-45f1-b310-6caabac6a6c4 resource provider aggregate not found
2026-07-02 01:43:23.171 7 INFO neutron.services.segments.plugin [-] Segment 3c411ff0-6c1a-45f1-b310-6caabac6a6c4 resource provider aggregate not found
2026-07-02 01:43:23.189 7 INFO neutron.services.segments.plugin [-] Segment 3c411ff0-6c1a-45f1-b310-6caabac6a6c4 resource provider not found; error: Placement Client Error (4xx): {"errors": [{"status": 404, "title": "Not Found", "detail": "The resource could not be found.\n\n No resource provider with uuid 3c411ff0-6c1a-45f1-b310-6caabac6a6c4 found for delete ", "request_id": "req-d8955b10-b84a-46ea-a6fc-75b872485c75"}]}
2026-07-02 01:43:23.189 7 INFO neutron.services.segments.plugin [-] Segment 3c411ff0-6c1a-45f1-b310-6caabac6a6c4 resource provider not found; error: Placement Client Error (4xx): {"errors": [{"status": 404, "title": "Not Found", "detail": "The resource could not be found.\n\n No resource provider with uuid 3c411ff0-6c1a-45f1-b310-6caabac6a6c4 found for delete ", "request_id": "req-e46c0743-9c55-47e3-ada7-d66df19dfde8"}]}
