Jul 10 01:53:11.482852 np0000184935 devstack@n-api-meta.service[106657]: DEBUG nova.api.openstack.wsgi_app [None req-62cf75c2-153c-42f9-aaff-00d3c6a6dc44 None None] oslo_limit.max_version = None {{(pid=106657) log_opt_values /opt/stack/data/venv/lib/python3.12/site-packages/oslo_config/cfg.py:3253}}
Jul 10 01:53:11.483044 np0000184935 devstack@n-api-meta.service[106657]: DEBUG nova.api.openstack.wsgi_app [None req-62cf75c2-153c-42f9-aaff-00d3c6a6dc44 None None] oslo_limit.min_version = None {{(pid=106657) log_opt_values /opt/stack/data/venv/lib/python3.12/site-packages/oslo_config/cfg.py:3253}}
Jul 10 01:53:11.483225 np0000184935 devstack@n-api-meta.service[106657]: DEBUG nova.api.openstack.wsgi_app [None req-62cf75c2-153c-42f9-aaff-00d3c6a6dc44 None None] oslo_limit.region_name = None {{(pid=106657) log_opt_values /opt/stack/data/venv/lib/python3.12/site-packages/oslo_config/cfg.py:3253}}
Jul 10 01:53:11.483411 np0000184935 devstack@n-api-meta.service[106657]: DEBUG nova.api.openstack.wsgi_app [None req-62cf75c2-153c-42f9-aaff-00d3c6a6dc44 None None] oslo_limit.retriable_status_codes = None {{(pid=106657) log_opt_values /opt/stack/data/venv/lib/python3.12/site-packages/oslo_config/cfg.py:3253}}
Jul 10 01:53:11.483593 np0000184935 devstack@n-api-meta.service[106657]: DEBUG nova.api.openstack.wsgi_app [None req-62cf75c2-153c-42f9-aaff-00d3c6a6dc44 None None] oslo_limit.service_name = None {{(pid=106657) log_opt_values /opt/stack/data/venv/lib/python3.12/site-packages/oslo_config/cfg.py:3253}}
Jul 10 01:53:11.483780 np0000184935 devstack@n-api-meta.service[106657]: DEBUG nova.api.openstack.wsgi_app [None req-62cf75c2-153c-42f9-aaff-00d3c6a6dc44 None None] oslo_limit.service_type = None {{(pid=106657) log_opt_values /opt/stack/data/venv/lib/python3.12/site-packages/oslo_config/cfg.py:3253}}
Jul 10 01:53:11.483967 np0000184935 devstack@n-api-meta.service[106657]: DEBUG nova.api.openstack.wsgi_app [None req-62cf75c2-153c-42f9-aaff-00d3c6a6dc44 None None] oslo_limit.split_loggers = False {{(pid=106657) log_opt_values /opt/stack/data/venv/lib/python3.12/site-packages/oslo_config/cfg.py:3253}}
Jul 10 01:53:11.484125 np0000184935 devstack@n-api-meta.service[106657]: DEBUG nova.api.openstack.wsgi_app [None req-62cf75c2-153c-42f9-aaff-00d3c6a6dc44 None None] oslo_limit.status_code_retries = None {{(pid=106657) log_opt_values /opt/stack/data/venv/lib/python3.12/site-packages/oslo_config/cfg.py:3253}}
Jul 10 01:53:11.484255 np0000184935 devstack@n-api-meta.service[106657]: DEBUG nova.api.openstack.wsgi_app [None req-62cf75c2-153c-42f9-aaff-00d3c6a6dc44 None None] oslo_limit.status_code_retry_delay = None {{(pid=106657) log_opt_values /opt/stack/data/venv/lib/python3.12/site-packages/oslo_config/cfg.py:3253}}
Jul 10 01:53:11.484406 np0000184935 devstack@n-api-meta.service[106657]: DEBUG nova.api.openstack.wsgi_app [None req-62cf75c2-153c-42f9-aaff-00d3c6a6dc44 None None] oslo_limit.timeout = None {{(pid=106657) log_opt_values /opt/stack/data/venv/lib/python3.12/site-packages/oslo_config/cfg.py:3253}}
Jul 10 01:53:11.484579 np0000184935 devstack@n-api-meta.service[106657]: DEBUG nova.api.openstack.wsgi_app [None req-62cf75c2-153c-42f9-aaff-00d3c6a6dc44 None None] oslo_limit.valid_interfaces = None {{(pid=106657) log_opt_values /opt/stack/data/venv/lib/python3.12/site-packages/oslo_config/cfg.py:3253}}
Jul 10 01:53:11.484751 np0000184935 devstack@n-api-meta.service[106657]: DEBUG nova.api.openstack.wsgi_app [None req-62cf75c2-153c-42f9-aaff-00d3c6a6dc44 None None] oslo_limit.version = None {{(pid=106657) log_opt_values /opt/stack/data/venv/lib/python3.12/site-packages/oslo_config/cfg.py:3253}}
Jul 10 01:53:11.484923 np0000184935 devstack@n-api-meta.service[106657]: DEBUG nova.api.openstack.wsgi_app [None req-62cf75c2-153c-42f9-aaff-00d3c6a6dc44 None None] oslo_messaging_rabbit.amqp_auto_delete = False {{(pid=106657) log_opt_values /opt/stack/data/venv/lib/python3.12/site-packages/oslo_config/cfg.py:3253}}
Jul 10 01:53:11.485167 np0000184935 devstack@n-api-meta.service[106657]: DEBUG nova.api.openstack.wsgi_app [None req-62cf75c2-153c-42f9-aaff-00d3c6a6dc44 None None] oslo_messaging_rabbit.amqp_durable_queues = False {{(pid=106657) log_opt_values /opt/stack/data/venv/lib/python3.12/site-packages/oslo_config/cfg.py:3253}}
Jul 10 01:53:11.485360 np0000184935 devstack@n-api-meta.service[106657]: DEBUG nova.api.openstack.wsgi_app [None req-62cf75c2-153c-42f9-aaff-00d3c6a6dc44 None None] oslo_messaging_rabbit.conn_pool_min_size = 2 {{(pid=106657) log_opt_values /opt/stack/data/venv/lib/python3.12/site-packages/oslo_config/cfg.py:3253}}
Jul 10 01:53:11.485502 np0000184935 devstack@n-api-meta.service[106657]: DEBUG nova.api.openstack.wsgi_app [None req-62cf75c2-153c-42f9-aaff-00d3c6a6dc44 None None] oslo_messaging_rabbit.conn_pool_ttl = 1200 {{(pid=106657) log_opt_values /opt/stack/data/venv/lib/python3.12/site-packages/oslo_config/cfg.py:3253}}
Jul 10 01:53:11.485646 np0000184935 devstack@n-api-meta.service[106657]: DEBUG nova.api.openstack.wsgi_app [None req-62cf75c2-153c-42f9-aaff-00d3c6a6dc44 None None] oslo_messaging_rabbit.direct_mandatory_flag = True {{(pid=106657) log_opt_values /opt/stack/data/venv/lib/python3.12/site-packages/oslo_config/cfg.py:3253}}
Jul 10 01:53:11.485778 np0000184935 devstack@n-api-meta.service[106657]: DEBUG nova.api.openstack.wsgi_app [None req-62cf75c2-153c-42f9-aaff-00d3c6a6dc44 None None] oslo_messaging_rabbit.enable_cancel_on_failover = False {{(pid=106657) log_opt_values /opt/stack/data/venv/lib/python3.12/site-packages/oslo_config/cfg.py:3253}}
Jul 10 01:53:11.485921 np0000184935 devstack@n-api-meta.service[106657]: DEBUG nova.api.openstack.wsgi_app [None req-62cf75c2-153c-42f9-aaff-00d3c6a6dc44 None None] oslo_messaging_rabbit.heartbeat_rate = 3 {{(pid=106657) log_opt_values /opt/stack/data/venv/lib/python3.12/site-packages/oslo_config/cfg.py:3253}}
Jul 10 01:53:11.486055 np0000184935 devstack@n-api-meta.service[106657]: DEBUG nova.api.openstack.wsgi_app [None req-62cf75c2-153c-42f9-aaff-00d3c6a6dc44 None None] oslo_messaging_rabbit.heartbeat_timeout_threshold = 60 {{(pid=106657) log_opt_values /opt/stack/data/venv/lib/python3.12/site-packages/oslo_config/cfg.py:3253}}
Jul 10 01:53:11.486197 np0000184935 devstack@n-api-meta.service[106657]: DEBUG nova.api.openstack.wsgi_app [None req-62cf75c2-153c-42f9-aaff-00d3c6a6dc44 None None] oslo_messaging_rabbit.hostname = np0000184935 {{(pid=106657) log_opt_values /opt/stack/data/venv/lib/python3.12/site-packages/oslo_config/cfg.py:3253}}
Jul 10 01:53:11.486338 np0000184935 devstack@n-api-meta.service[106657]: DEBUG nova.api.openstack.wsgi_app [None req-62cf75c2-153c-42f9-aaff-00d3c6a6dc44 None None] oslo_messaging_rabbit.kombu_compression = None {{(pid=106657) log_opt_values /opt/stack/data/venv/lib/python3.12/site-packages/oslo_config/cfg.py:3253}}
Jul 10 01:53:11.486485 np0000184935 devstack@n-api-meta.service[106657]: DEBUG nova.api.openstack.wsgi_app [None req-62cf75c2-153c-42f9-aaff-00d3c6a6dc44 None None] oslo_messaging_rabbit.kombu_failover_strategy = round-robin {{(pid=106657) log_opt_values /opt/stack/data/venv/lib/python3.12/site-packages/oslo_config/cfg.py:3253}}
Jul 10 01:53:11.486620 np0000184935 devstack@n-api-meta.service[106657]: DEBUG nova.api.openstack.wsgi_app [None req-62cf75c2-153c-42f9-aaff-00d3c6a6dc44 None None] oslo_messaging_rabbit.kombu_missing_consumer_retry_timeout = 60 {{(pid=106657) log_opt_values /opt/stack/data/venv/lib/python3.12/site-packages/oslo_config/cfg.py:3253}}
Jul 10 01:53:11.486778 np0000184935 devstack@n-api-meta.service[106657]: DEBUG nova.api.openstack.wsgi_app [None req-62cf75c2-153c-42f9-aaff-00d3c6a6dc44 None None] oslo_messaging_rabbit.kombu_reconnect_delay = 1.0 {{(pid=106657) log_opt_values /opt/stack/data/venv/lib/python3.12/site-packages/oslo_config/cfg.py:3253}}
Jul 10 01:53:11.486980 np0000184935 devstack@n-api-meta.service[106657]: DEBUG nova.api.openstack.wsgi_app [None req-62cf75c2-153c-42f9-aaff-00d3c6a6dc44 None None] oslo_messaging_rabbit.kombu_reconnect_splay = 0.0 {{(pid=106657) log_opt_values /opt/stack/data/venv/lib/python3.12/site-packages/oslo_config/cfg.py:3253}}
Jul 10 01:53:11.487135 np0000184935 devstack@n-api-meta.service[106657]: DEBUG nova.api.openstack.wsgi_app [None req-62cf75c2-153c-42f9-aaff-00d3c6a6dc44 None None] oslo_messaging_rabbit.processname = uwsgi {{(pid=106657) log_opt_values /opt/stack/data/venv/lib/python3.12/site-packages/oslo_config/cfg.py:3253}}
Jul 10 01:53:11.487267 np0000184935 devstack@n-api-meta.service[106657]: DEBUG nova.api.openstack.wsgi_app [None req-62cf75c2-153c-42f9-aaff-00d3c6a6dc44 None None] oslo_messaging_rabbit.rabbit_ha_queues = False {{(pid=106657) log_opt_values /opt/stack/data/venv/lib/python3.12/site-packages/oslo_config/cfg.py:3253}}
Jul 10 01:53:11.487410 np0000184935 devstack@n-api-meta.service[106657]: DEBUG nova.api.openstack.wsgi_app [None req-62cf75c2-153c-42f9-aaff-00d3c6a6dc44 None None] oslo_messaging_rabbit.rabbit_interval_max = 30 {{(pid=106657) log_opt_values /opt/stack/data/venv/lib/python3.12/site-packages/oslo_config/cfg.py:3253}}
Jul 10 01:53:11.487549 np0000184935 devstack@n-api-meta.service[106657]: DEBUG nova.api.openstack.wsgi_app [None req-62cf75c2-153c-42f9-aaff-00d3c6a6dc44 None None] oslo_messaging_rabbit.rabbit_login_method = AMQPLAIN {{(pid=106657) log_opt_values /opt/stack/data/venv/lib/python3.12/site-packages/oslo_config/cfg.py:3253}}
Jul 10 01:53:11.487679 np0000184935 devstack@n-api-meta.service[106657]: DEBUG nova.api.openstack.wsgi_app [None req-62cf75c2-153c-42f9-aaff-00d3c6a6dc44 None None] oslo_messaging_rabbit.rabbit_qos_prefetch_count = 0 {{(pid=106657) log_opt_values /opt/stack/data/venv/lib/python3.12/site-packages/oslo_config/cfg.py:3253}}
Jul 10 01:53:11.487810 np0000184935 devstack@n-api-meta.service[106657]: DEBUG nova.api.openstack.wsgi_app [None req-62cf75c2-153c-42f9-aaff-00d3c6a6dc44 None None] oslo_messaging_rabbit.rabbit_quorum_delivery_limit = 0 {{(pid=106657) log_opt_values /opt/stack/data/venv/lib/python3.12/site-packages/oslo_config/cfg.py:3253}}
Jul 10 01:53:11.487939 np0000184935 devstack@n-api-meta.service[106657]: DEBUG nova.api.openstack.wsgi_app [None req-62cf75c2-153c-42f9-aaff-00d3c6a6dc44 None None] oslo_messaging_rabbit.rabbit_quorum_max_memory_bytes = 0 {{(pid=106657) log_opt_values /opt/stack/data/venv/lib/python3.12/site-packages/oslo_config/cfg.py:3253}}
Jul 10 01:53:11.488086 np0000184935 devstack@n-api-meta.service[106657]: DEBUG nova.api.openstack.wsgi_app [None req-62cf75c2-153c-42f9-aaff-00d3c6a6dc44 None None] oslo_messaging_rabbit.rabbit_quorum_max_memory_length = 0 {{(pid=106657) log_opt_values /opt/stack/data/venv/lib/python3.12/site-packages/oslo_config/cfg.py:3253}}
Jul 10 01:53:11.488214 np0000184935 devstack@n-api-meta.service[106657]: DEBUG nova.api.openstack.wsgi_app [None req-62cf75c2-153c-42f9-aaff-00d3c6a6dc44 None None] oslo_messaging_rabbit.rabbit_quorum_queue = False {{(pid=106657) log_opt_values /opt/stack/data/venv/lib/python3.12/site-packages/oslo_config/cfg.py:3253}}
Jul 10 01:53:11.488355 np0000184935 devstack@n-api-meta.service[106657]: DEBUG nova.api.openstack.wsgi_app [None req-62cf75c2-153c-42f9-aaff-00d3c6a6dc44 None None] oslo_messaging_rabbit.rabbit_retry_backoff = 2 {{(pid=106657) log_opt_values /opt/stack/data/venv/lib/python3.12/site-packages/oslo_config/cfg.py:3253}}
Jul 10 01:53:11.488491 np0000184935 devstack@n-api-meta.service[106657]: DEBUG nova.api.openstack.wsgi_app [None req-62cf75c2-153c-42f9-aaff-00d3c6a6dc44 None None] oslo_messaging_rabbit.rabbit_retry_interval = 1 {{(pid=106657) log_opt_values /opt/stack/data/venv/lib/python3.12/site-packages/oslo_config/cfg.py:3253}}
Jul 10 01:53:11.488622 np0000184935 devstack@n-api-meta.service[106657]: DEBUG nova.api.openstack.wsgi_app [None req-62cf75c2-153c-42f9-aaff-00d3c6a6dc44 None None] oslo_messaging_rabbit.rabbit_stream_fanout = False {{(pid=106657) log_opt_values /opt/stack/data/venv/lib/python3.12/site-packages/oslo_config/cfg.py:3253}}
Jul 10 01:53:11.488752 np0000184935 devstack@n-api-meta.service[106657]: DEBUG nova.api.openstack.wsgi_app [None req-62cf75c2-153c-42f9-aaff-00d3c6a6dc44 None None] oslo_messaging_rabbit.rabbit_transient_queues_ttl = 1800 {{(pid=106657) log_opt_values /opt/stack/data/venv/lib/python3.12/site-packages/oslo_config/cfg.py:3253}}
Jul 10 01:53:11.488884 np0000184935 devstack@n-api-meta.service[106657]: DEBUG nova.api.openstack.wsgi_app [None req-62cf75c2-153c-42f9-aaff-00d3c6a6dc44 None None] oslo_messaging_rabbit.rabbit_transient_quorum_queue = False {{(pid=106657) log_opt_values /opt/stack/data/venv/lib/python3.12/site-packages/oslo_config/cfg.py:3253}}
Jul 10 01:53:11.489040 np0000184935 devstack@n-api-meta.service[106657]: DEBUG nova.api.openstack.wsgi_app [None req-62cf75c2-153c-42f9-aaff-00d3c6a6dc44 None None] oslo_messaging_rabbit.rpc_conn_pool_size = 30 {{(pid=106657) log_opt_values /opt/stack/data/venv/lib/python3.12/site-packages/oslo_config/cfg.py:3253}}
Jul 10 01:53:11.489181 np0000184935 devstack@n-api-meta.service[106657]: DEBUG nova.api.openstack.wsgi_app [None req-62cf75c2-153c-42f9-aaff-00d3c6a6dc44 None None] oslo_messaging_rabbit.ssl = False {{(pid=106657) log_opt_values /opt/stack/data/venv/lib/python3.12/site-packages/oslo_config/cfg.py:3253}}
Jul 10 01:53:11.489325 np0000184935 devstack@n-api-meta.service[106657]: DEBUG nova.api.openstack.wsgi_app [None req-62cf75c2-153c-42f9-aaff-00d3c6a6dc44 None None] oslo_messaging_rabbit.ssl_ca_file = {{(pid=106657) log_opt_values /opt/stack/data/venv/lib/python3.12/site-packages/oslo_config/cfg.py:3253}}
Jul 10 01:53:11.489473 np0000184935 devstack@n-api-meta.service[106657]: DEBUG nova.api.openstack.wsgi_app [None req-62cf75c2-153c-42f9-aaff-00d3c6a6dc44 None None] oslo_messaging_rabbit.ssl_cert_file = {{(pid=106657) log_opt_values /opt/stack/data/venv/lib/python3.12/site-packages/oslo_config/cfg.py:3253}}
Jul 10 01:53:11.489629 np0000184935 devstack@n-api-meta.service[106657]: DEBUG nova.api.openstack.wsgi_app [None req-62cf75c2-153c-42f9-aaff-00d3c6a6dc44 None None] oslo_messaging_rabbit.ssl_enforce_fips_mode = False {{(pid=106657) log_opt_values /opt/stack/data/venv/lib/python3.12/site-packages/oslo_config/cfg.py:3253}}
Jul 10 01:53:11.489764 np0000184935 devstack@n-api-meta.service[106657]: DEBUG nova.api.openstack.wsgi_app [None req-62cf75c2-153c-42f9-aaff-00d3c6a6dc44 None None] oslo_messaging_rabbit.ssl_enforce_hostname_verification = True {{(pid=106657) log_opt_values /opt/stack/data/venv/lib/python3.12/site-packages/oslo_config/cfg.py:3253}}
Jul 10 01:53:11.489900 np0000184935 devstack@n-api-meta.service[106657]: DEBUG nova.api.openstack.wsgi_app [None req-62cf75c2-153c-42f9-aaff-00d3c6a6dc44 None None] oslo_messaging_rabbit.ssl_key_file = {{(pid=106657) log_opt_values /opt/stack/data/venv/lib/python3.12/site-packages/oslo_config/cfg.py:3253}}
Jul 10 01:53:11.490049 np0000184935 devstack@n-api-meta.service[106657]: DEBUG nova.api.openstack.wsgi_app [None req-62cf75c2-153c-42f9-aaff-00d3c6a6dc44 None None] oslo_messaging_rabbit.ssl_version = {{(pid=106657) log_opt_values /opt/stack/data/venv/lib/python3.12/site-packages/oslo_config/cfg.py:3253}}
Jul 10 01:53:11.490185 np0000184935 devstack@n-api-meta.service[106657]: DEBUG nova.api.openstack.wsgi_app [None req-62cf75c2-153c-42f9-aaff-00d3c6a6dc44 None None] oslo_messaging_rabbit.use_queue_manager = False {{(pid=106657) log_opt_values /opt/stack/data/venv/lib/python3.12/site-packages/oslo_config/cfg.py:3253}}
Jul 10 01:53:11.490357 np0000184935 devstack@n-api-meta.service[106657]: DEBUG nova.api.openstack.wsgi_app [None req-62cf75c2-153c-42f9-aaff-00d3c6a6dc44 None None] oslo_messaging_notifications.driver = ['messagingv2'] {{(pid=106657) log_opt_values /opt/stack/data/venv/lib/python3.12/site-packages/oslo_config/cfg.py:3253}}
Jul 10 01:53:11.490534 np0000184935 devstack@n-api-meta.service[106657]: DEBUG nova.api.openstack.wsgi_app [None req-62cf75c2-153c-42f9-aaff-00d3c6a6dc44 None None] oslo_messaging_notifications.retry = -1 {{(pid=106657) log_opt_values /opt/stack/data/venv/lib/python3.12/site-packages/oslo_config/cfg.py:3253}}
Jul 10 01:53:11.490693 np0000184935 devstack@n-api-meta.service[106657]: DEBUG nova.api.openstack.wsgi_app [None req-62cf75c2-153c-42f9-aaff-00d3c6a6dc44 None None] oslo_messaging_notifications.topics = ['notifications'] {{(pid=106657) log_opt_values /opt/stack/data/venv/lib/python3.12/site-packages/oslo_config/cfg.py:3253}}
Jul 10 01:53:11.490832 np0000184935 devstack@n-api-meta.service[106657]: DEBUG nova.api.openstack.wsgi_app [None req-62cf75c2-153c-42f9-aaff-00d3c6a6dc44 None None] oslo_messaging_notifications.transport_url = **** {{(pid=106657) log_opt_values /opt/stack/data/venv/lib/python3.12/site-packages/oslo_config/cfg.py:3253}}
Jul 10 01:53:11.490968 np0000184935 devstack@n-api-meta.service[106657]: DEBUG nova.api.openstack.wsgi_app [None req-62cf75c2-153c-42f9-aaff-00d3c6a6dc44 None None] oslo_reports.file_event_handler = None {{(pid=106657) log_opt_values /opt/stack/data/venv/lib/python3.12/site-packages/oslo_config/cfg.py:3253}}
Jul 10 01:53:11.491118 np0000184935 devstack@n-api-meta.service[106657]: DEBUG nova.api.openstack.wsgi_app [None req-62cf75c2-153c-42f9-aaff-00d3c6a6dc44 None None] oslo_reports.file_event_handler_interval = 1 {{(pid=106657) log_opt_values /opt/stack/data/venv/lib/python3.12/site-packages/oslo_config/cfg.py:3253}}
Jul 10 01:53:11.491248 np0000184935 devstack@n-api-meta.service[106657]: DEBUG nova.api.openstack.wsgi_app [None req-62cf75c2-153c-42f9-aaff-00d3c6a6dc44 None None] oslo_reports.log_dir = None {{(pid=106657) log_opt_values /opt/stack/data/venv/lib/python3.12/site-packages/oslo_config/cfg.py:3253}}
Jul 10 01:53:11.491376 np0000184935 devstack@n-api-meta.service[106657]: DEBUG nova.api.openstack.wsgi_app [None req-62cf75c2-153c-42f9-aaff-00d3c6a6dc44 None None] ******************************************************************************** {{(pid=106657) log_opt_values /opt/stack/data/venv/lib/python3.12/site-packages/oslo_config/cfg.py:3260}}
Jul 10 01:53:11.491493 np0000184935 devstack@n-api-meta.service[106657]: WSGI app 0 (mountpoint='') ready in 2 seconds on interpreter 0x7a9f548a4668 pid: 106657 (default app)
Jul 10 01:53:21.045856 np0000184935 devstack@n-api-meta.service[106654]: DEBUG dbcounter [-] [106654] Writing DB stats nova_api:SELECT=1 {{(pid=106654) stat_writer /opt/stack/data/venv/lib/python3.12/site-packages/dbcounter.py:115}}
Jul 10 01:53:21.054426 np0000184935 devstack@n-api-meta.service[106656]: DEBUG dbcounter [-] [106656] Writing DB stats nova_api:SELECT=1 {{(pid=106656) stat_writer /opt/stack/data/venv/lib/python3.12/site-packages/dbcounter.py:115}}
Jul 10 01:53:21.059298 np0000184935 devstack@n-api-meta.service[106655]: DEBUG dbcounter [-] [106655] Writing DB stats nova_api:SELECT=1 {{(pid=106655) stat_writer /opt/stack/data/venv/lib/python3.12/site-packages/dbcounter.py:115}}
Jul 10 01:53:21.121943 np0000184935 devstack@n-api-meta.service[106657]: DEBUG dbcounter [-] [106657] Writing DB stats nova_api:SELECT=1 {{(pid=106657) stat_writer /opt/stack/data/venv/lib/python3.12/site-packages/dbcounter.py:115}}
Jul 10 01:53:21.217662 np0000184935 devstack@n-api-meta.service[106654]: DEBUG dbcounter [-] [106654] Writing DB stats nova_cell1:SELECT=1 {{(pid=106654) stat_writer /opt/stack/data/venv/lib/python3.12/site-packages/dbcounter.py:115}}
Jul 10 01:53:21.219470 np0000184935 devstack@n-api-meta.service[106654]: DEBUG dbcounter [-] [106654] Writing DB stats nova_cell0:SELECT=1 {{(pid=106654) stat_writer /opt/stack/data/venv/lib/python3.12/site-packages/dbcounter.py:115}}
Jul 10 01:53:21.236228 np0000184935 devstack@n-api-meta.service[106656]: DEBUG dbcounter [-] [106656] Writing DB stats nova_cell1:SELECT=1 {{(pid=106656) stat_writer /opt/stack/data/venv/lib/python3.12/site-packages/dbcounter.py:115}}
Jul 10 01:53:21.241911 np0000184935 devstack@n-api-meta.service[106656]: DEBUG dbcounter [-] [106656] Writing DB stats nova_cell0:SELECT=1 {{(pid=106656) stat_writer /opt/stack/data/venv/lib/python3.12/site-packages/dbcounter.py:115}}
Jul 10 01:53:21.250400 np0000184935 devstack@n-api-meta.service[106655]: DEBUG dbcounter [-] [106655] Writing DB stats nova_cell1:SELECT=1 {{(pid=106655) stat_writer /opt/stack/data/venv/lib/python3.12/site-packages/dbcounter.py:115}}
Jul 10 01:53:21.256169 np0000184935 devstack@n-api-meta.service[106655]: DEBUG dbcounter [-] [106655] Writing DB stats nova_cell0:SELECT=1 {{(pid=106655) stat_writer /opt/stack/data/venv/lib/python3.12/site-packages/dbcounter.py:115}}
Jul 10 01:53:21.276051 np0000184935 devstack@n-api-meta.service[106654]: DEBUG dbcounter [-] [106654] Writing DB stats nova_cell0:SELECT=2,nova_cell0:INSERT=1 {{(pid=106654) stat_writer /opt/stack/data/venv/lib/python3.12/site-packages/dbcounter.py:115}}
Jul 10 01:53:21.276132 np0000184935 devstack@n-api-meta.service[106657]: DEBUG dbcounter [-] [106657] Writing DB stats nova_cell0:SELECT=1 {{(pid=106657) stat_writer /opt/stack/data/venv/lib/python3.12/site-packages/dbcounter.py:115}}
Jul 10 01:53:21.282358 np0000184935 devstack@n-api-meta.service[106657]: DEBUG dbcounter [-] [106657] Writing DB stats nova_cell1:SELECT=1 {{(pid=106657) stat_writer /opt/stack/data/venv/lib/python3.12/site-packages/dbcounter.py:115}}
Jul 10 01:53:21.296112 np0000184935 devstack@n-api-meta.service[106656]: DEBUG dbcounter [-] [106656] Writing DB stats nova_cell0:SELECT=1 {{(pid=106656) stat_writer /opt/stack/data/venv/lib/python3.12/site-packages/dbcounter.py:115}}
Jul 10 01:53:21.331378 np0000184935 devstack@n-api-meta.service[106655]: DEBUG dbcounter [-] [106655] Writing DB stats nova_cell0:SELECT=1 {{(pid=106655) stat_writer /opt/stack/data/venv/lib/python3.12/site-packages/dbcounter.py:115}}
Jul 10 01:53:21.343232 np0000184935 devstack@n-api-meta.service[106657]: DEBUG dbcounter [-] [106657] Writing DB stats nova_cell0:SELECT=1 {{(pid=106657) stat_writer /opt/stack/data/venv/lib/python3.12/site-packages/dbcounter.py:115}}
Jul 10 01:59:11.315217 np0000184935 devstack@n-api-meta.service[106654]: DEBUG nova.api.metadata.handler [None req-18aa70ca-59dd-4757-b695-820c649cae7c None None] Metadata request headers: {'Host': '199.204.45.72:8775', 'User-Agent': 'python-requests/2.34.2', 'Accept-Encoding': 'gzip, deflate', 'Accept': '*/*', 'Connection': 'keep-alive', 'X-Forwarded-For': '192.168.24.70', 'X-Instance-Id': '689bfe43-b36b-4035-a3bc-66fa826ab4a2', 'X-Tenant-Id': '7efaec2a4d864541be661788bdca01f8', 'X-Instance-Id-Signature': 'ded1ed532323fb21f5139bd2df811419c918434112996feb005e943b816021dc'} {{(pid=106654) __call__ /opt/stack/nova/nova/api/metadata/handler.py:109}}
Jul 10 01:59:11.328726 np0000184935 devstack@n-api-meta.service[106654]: DEBUG oslo_concurrency.lockutils [None req-c0180d90-1f72-4951-bc99-fae97344a72f None None] Acquiring lock "9f1a4bff-07e8-4e15-9036-6eb893183b0c" by "nova.context.set_target_cell..get_or_set_cached_cell_and_set_connections" {{(pid=106654) inner /opt/stack/data/venv/lib/python3.12/site-packages/oslo_concurrency/lockutils.py:511}}
Jul 10 01:59:11.328862 np0000184935 devstack@n-api-meta.service[106654]: DEBUG oslo_concurrency.lockutils [None req-c0180d90-1f72-4951-bc99-fae97344a72f None None] Lock "9f1a4bff-07e8-4e15-9036-6eb893183b0c" acquired by "nova.context.set_target_cell..get_or_set_cached_cell_and_set_connections" :: waited 0.000s {{(pid=106654) inner /opt/stack/data/venv/lib/python3.12/site-packages/oslo_concurrency/lockutils.py:524}}
Jul 10 01:59:11.328964 np0000184935 devstack@n-api-meta.service[106654]: DEBUG oslo_concurrency.lockutils [None req-c0180d90-1f72-4951-bc99-fae97344a72f None None] Lock "9f1a4bff-07e8-4e15-9036-6eb893183b0c" "released" by "nova.context.set_target_cell..get_or_set_cached_cell_and_set_connections" :: held 0.000s {{(pid=106654) inner /opt/stack/data/venv/lib/python3.12/site-packages/oslo_concurrency/lockutils.py:543}}
Jul 10 01:59:11.381741 np0000184935 devstack@n-api-meta.service[106654]: WARNING neutronclient.v2_0.client [None req-c0180d90-1f72-4951-bc99-fae97344a72f None None] The python binding code in neutronclient is deprecated in favor of OpenstackSDK, please use that as this will be removed in a future release.
Jul 10 01:59:11.786628 np0000184935 devstack@n-api-meta.service[106654]: [pid: 106654|app: 0|req: 1/1] 199.204.45.72 () {40 vars in 640 bytes} [Fri Jul 10 01:59:11 2026] GET /openstack => generated 116 bytes in 473 msecs (HTTP/1.1 200) 3 headers in 100 bytes (1 switches on core 0)
Jul 10 01:59:11.800612 np0000184935 devstack@n-api-meta.service[106656]: DEBUG nova.api.metadata.handler [None req-b14238b3-ac3d-429a-94bc-f7d544a50db0 None None] Metadata request headers: {'Host': '199.204.45.72:8775', 'User-Agent': 'python-requests/2.34.2', 'Accept-Encoding': 'gzip, deflate', 'Accept': '*/*', 'Connection': 'keep-alive', 'X-Forwarded-For': '192.168.24.70', 'X-Instance-Id': '689bfe43-b36b-4035-a3bc-66fa826ab4a2', 'X-Tenant-Id': '7efaec2a4d864541be661788bdca01f8', 'X-Instance-Id-Signature': 'ded1ed532323fb21f5139bd2df811419c918434112996feb005e943b816021dc'} {{(pid=106656) __call__ /opt/stack/nova/nova/api/metadata/handler.py:109}}
Jul 10 01:59:11.804485 np0000184935 devstack@n-api-meta.service[106656]: DEBUG nova.api.metadata.handler [None req-b14238b3-ac3d-429a-94bc-f7d544a50db0 None None] Using cached metadata for instance 689bfe43-b36b-4035-a3bc-66fa826ab4a2 {{(pid=106656) get_metadata_by_instance_id /opt/stack/nova/nova/api/metadata/handler.py:84}}
Jul 10 01:59:11.804933 np0000184935 devstack@n-api-meta.service[106656]: [pid: 106656|app: 0|req: 1/2] 199.204.45.72 () {40 vars in 640 bytes} [Fri Jul 10 01:59:11 2026] GET /openstack => generated 116 bytes in 5 msecs (HTTP/1.1 200) 3 headers in 100 bytes (1 switches on core 0)
Jul 10 01:59:11.812337 np0000184935 devstack@n-api-meta.service[106655]: DEBUG nova.api.metadata.handler [None req-fe028d06-2197-487a-ac53-7fcbbca7e3e6 None None] Metadata request headers: {'Host': '199.204.45.72:8775', 'User-Agent': 'python-requests/2.34.2', 'Accept-Encoding': 'gzip, deflate', 'Accept': '*/*', 'Connection': 'keep-alive', 'X-Forwarded-For': '192.168.24.70', 'X-Instance-Id': '689bfe43-b36b-4035-a3bc-66fa826ab4a2', 'X-Tenant-Id': '7efaec2a4d864541be661788bdca01f8', 'X-Instance-Id-Signature': 'ded1ed532323fb21f5139bd2df811419c918434112996feb005e943b816021dc'} {{(pid=106655) __call__ /opt/stack/nova/nova/api/metadata/handler.py:109}}
Jul 10 01:59:11.818568 np0000184935 devstack@n-api-meta.service[106655]: DEBUG nova.api.metadata.handler [None req-fe028d06-2197-487a-ac53-7fcbbca7e3e6 None None] Using cached metadata for instance 689bfe43-b36b-4035-a3bc-66fa826ab4a2 {{(pid=106655) get_metadata_by_instance_id /opt/stack/nova/nova/api/metadata/handler.py:84}}
Jul 10 01:59:11.819773 np0000184935 devstack@n-api-meta.service[106655]: [pid: 106655|app: 0|req: 1/3] 199.204.45.72 () {40 vars in 692 bytes} [Fri Jul 10 01:59:11 2026] GET /openstack/2018-08-27/meta_data.json => generated 946 bytes in 8 msecs (HTTP/1.1 200) 3 headers in 91 bytes (1 switches on core 0)
Jul 10 01:59:11.829263 np0000184935 devstack@n-api-meta.service[106657]: DEBUG nova.api.metadata.handler [None req-62cf75c2-153c-42f9-aaff-00d3c6a6dc44 None None] Metadata request headers: {'Host': '199.204.45.72:8775', 'User-Agent': 'python-requests/2.34.2', 'Accept-Encoding': 'gzip, deflate', 'Accept': '*/*', 'Connection': 'keep-alive', 'X-Forwarded-For': '192.168.24.70', 'X-Instance-Id': '689bfe43-b36b-4035-a3bc-66fa826ab4a2', 'X-Tenant-Id': '7efaec2a4d864541be661788bdca01f8', 'X-Instance-Id-Signature': 'ded1ed532323fb21f5139bd2df811419c918434112996feb005e943b816021dc'} {{(pid=106657) __call__ /opt/stack/nova/nova/api/metadata/handler.py:109}}
Jul 10 01:59:11.833790 np0000184935 devstack@n-api-meta.service[106657]: DEBUG nova.api.metadata.handler [None req-62cf75c2-153c-42f9-aaff-00d3c6a6dc44 None None] Using cached metadata for instance 689bfe43-b36b-4035-a3bc-66fa826ab4a2 {{(pid=106657) get_metadata_by_instance_id /opt/stack/nova/nova/api/metadata/handler.py:84}}
Jul 10 01:59:11.834260 np0000184935 devstack@n-api-meta.service[106657]: [pid: 106657|app: 0|req: 1/4] 199.204.45.72 () {40 vars in 682 bytes} [Fri Jul 10 01:59:11 2026] GET /openstack/2018-08-27/user_data => generated 26306 bytes in 6 msecs (HTTP/1.1 200) 3 headers in 102 bytes (1 switches on core 0)
Jul 10 01:59:11.843833 np0000184935 devstack@n-api-meta.service[106654]: DEBUG nova.api.metadata.handler [None req-c0180d90-1f72-4951-bc99-fae97344a72f None None] Metadata request headers: {'Host': '199.204.45.72:8775', 'User-Agent': 'python-requests/2.34.2', 'Accept-Encoding': 'gzip, deflate', 'Accept': '*/*', 'Connection': 'keep-alive', 'X-Forwarded-For': '192.168.24.70', 'X-Instance-Id': '689bfe43-b36b-4035-a3bc-66fa826ab4a2', 'X-Tenant-Id': '7efaec2a4d864541be661788bdca01f8', 'X-Instance-Id-Signature': 'ded1ed532323fb21f5139bd2df811419c918434112996feb005e943b816021dc'} {{(pid=106654) __call__ /opt/stack/nova/nova/api/metadata/handler.py:109}}
Jul 10 01:59:11.847077 np0000184935 devstack@n-api-meta.service[106654]: DEBUG nova.api.metadata.handler [None req-c0180d90-1f72-4951-bc99-fae97344a72f None None] Using cached metadata for instance 689bfe43-b36b-4035-a3bc-66fa826ab4a2 {{(pid=106654) get_metadata_by_instance_id /opt/stack/nova/nova/api/metadata/handler.py:84}}
Jul 10 01:59:11.847991 np0000184935 devstack@n-api-meta.service[106654]: [pid: 106654|app: 0|req: 2/5] 199.204.45.72 () {40 vars in 696 bytes} [Fri Jul 10 01:59:11 2026] GET /openstack/2018-08-27/vendor_data.json => generated 2 bytes in 5 msecs (HTTP/1.1 200) 3 headers in 89 bytes (1 switches on core 0)
Jul 10 01:59:11.854653 np0000184935 devstack@n-api-meta.service[106656]: DEBUG nova.api.metadata.handler [None req-b14238b3-ac3d-429a-94bc-f7d544a50db0 None None] Metadata request headers: {'Host': '199.204.45.72:8775', 'User-Agent': 'python-requests/2.34.2', 'Accept-Encoding': 'gzip, deflate', 'Accept': '*/*', 'Connection': 'keep-alive', 'X-Forwarded-For': '192.168.24.70', 'X-Instance-Id': '689bfe43-b36b-4035-a3bc-66fa826ab4a2', 'X-Tenant-Id': '7efaec2a4d864541be661788bdca01f8', 'X-Instance-Id-Signature': 'ded1ed532323fb21f5139bd2df811419c918434112996feb005e943b816021dc'} {{(pid=106656) __call__ /opt/stack/nova/nova/api/metadata/handler.py:109}}
Jul 10 01:59:11.857519 np0000184935 devstack@n-api-meta.service[106656]: DEBUG nova.api.metadata.handler [None req-b14238b3-ac3d-429a-94bc-f7d544a50db0 None None] Using cached metadata for instance 689bfe43-b36b-4035-a3bc-66fa826ab4a2 {{(pid=106656) get_metadata_by_instance_id /opt/stack/nova/nova/api/metadata/handler.py:84}}
Jul 10 01:59:11.858403 np0000184935 devstack@n-api-meta.service[106656]: [pid: 106656|app: 0|req: 2/6] 199.204.45.72 () {40 vars in 698 bytes} [Fri Jul 10 01:59:11 2026] GET /openstack/2018-08-27/vendor_data2.json => generated 14 bytes in 4 msecs (HTTP/1.1 200) 3 headers in 90 bytes (1 switches on core 0)
Jul 10 01:59:11.865397 np0000184935 devstack@n-api-meta.service[106655]: DEBUG nova.api.metadata.handler [None req-fe028d06-2197-487a-ac53-7fcbbca7e3e6 None None] Metadata request headers: {'Host': '199.204.45.72:8775', 'User-Agent': 'python-requests/2.34.2', 'Accept-Encoding': 'gzip, deflate', 'Accept': '*/*', 'Connection': 'keep-alive', 'X-Forwarded-For': '192.168.24.70', 'X-Instance-Id': '689bfe43-b36b-4035-a3bc-66fa826ab4a2', 'X-Tenant-Id': '7efaec2a4d864541be661788bdca01f8', 'X-Instance-Id-Signature': 'ded1ed532323fb21f5139bd2df811419c918434112996feb005e943b816021dc'} {{(pid=106655) __call__ /opt/stack/nova/nova/api/metadata/handler.py:109}}
Jul 10 01:59:11.868055 np0000184935 devstack@n-api-meta.service[106655]: DEBUG nova.api.metadata.handler [None req-fe028d06-2197-487a-ac53-7fcbbca7e3e6 None None] Using cached metadata for instance 689bfe43-b36b-4035-a3bc-66fa826ab4a2 {{(pid=106655) get_metadata_by_instance_id /opt/stack/nova/nova/api/metadata/handler.py:84}}
Jul 10 01:59:11.868513 np0000184935 devstack@n-api-meta.service[106655]: [pid: 106655|app: 0|req: 2/7] 199.204.45.72 () {40 vars in 698 bytes} [Fri Jul 10 01:59:11 2026] GET /openstack/2018-08-27/network_data.json => generated 348 bytes in 4 msecs (HTTP/1.1 200) 3 headers in 100 bytes (1 switches on core 0)
Jul 10 01:59:11.876640 np0000184935 devstack@n-api-meta.service[106657]: DEBUG nova.api.metadata.handler [None req-62cf75c2-153c-42f9-aaff-00d3c6a6dc44 None None] Metadata request headers: {'Host': '199.204.45.72:8775', 'User-Agent': 'python-requests/2.34.2', 'Accept-Encoding': 'gzip, deflate', 'Accept': '*/*', 'Connection': 'keep-alive', 'X-Forwarded-For': '192.168.24.70', 'X-Instance-Id': '689bfe43-b36b-4035-a3bc-66fa826ab4a2', 'X-Tenant-Id': '7efaec2a4d864541be661788bdca01f8', 'X-Instance-Id-Signature': 'ded1ed532323fb21f5139bd2df811419c918434112996feb005e943b816021dc'} {{(pid=106657) __call__ /opt/stack/nova/nova/api/metadata/handler.py:109}}
Jul 10 01:59:11.879261 np0000184935 devstack@n-api-meta.service[106657]: DEBUG nova.api.metadata.handler [None req-62cf75c2-153c-42f9-aaff-00d3c6a6dc44 None None] Using cached metadata for instance 689bfe43-b36b-4035-a3bc-66fa826ab4a2 {{(pid=106657) get_metadata_by_instance_id /opt/stack/nova/nova/api/metadata/handler.py:84}}
Jul 10 01:59:11.879881 np0000184935 devstack@n-api-meta.service[106657]: [pid: 106657|app: 0|req: 2/8] 199.204.45.72 () {40 vars in 656 bytes} [Fri Jul 10 01:59:11 2026] GET /latest/meta-data/ => generated 210 bytes in 4 msecs (HTTP/1.1 200) 3 headers in 100 bytes (1 switches on core 0)
Jul 10 01:59:11.886360 np0000184935 devstack@n-api-meta.service[106654]: DEBUG nova.api.metadata.handler [None req-c0180d90-1f72-4951-bc99-fae97344a72f None None] Metadata request headers: {'Host': '199.204.45.72:8775', 'User-Agent': 'python-requests/2.34.2', 'Accept-Encoding': 'gzip, deflate', 'Accept': '*/*', 'Connection': 'keep-alive', 'X-Forwarded-For': '192.168.24.70', 'X-Instance-Id': '689bfe43-b36b-4035-a3bc-66fa826ab4a2', 'X-Tenant-Id': '7efaec2a4d864541be661788bdca01f8', 'X-Instance-Id-Signature': 'ded1ed532323fb21f5139bd2df811419c918434112996feb005e943b816021dc'} {{(pid=106654) __call__ /opt/stack/nova/nova/api/metadata/handler.py:109}}
Jul 10 01:59:11.889247 np0000184935 devstack@n-api-meta.service[106654]: DEBUG nova.api.metadata.handler [None req-c0180d90-1f72-4951-bc99-fae97344a72f None None] Using cached metadata for instance 689bfe43-b36b-4035-a3bc-66fa826ab4a2 {{(pid=106654) get_metadata_by_instance_id /opt/stack/nova/nova/api/metadata/handler.py:84}}
Jul 10 01:59:11.890168 np0000184935 devstack@n-api-meta.service[106654]: [pid: 106654|app: 0|req: 3/9] 199.204.45.72 () {40 vars in 697 bytes} [Fri Jul 10 01:59:11 2026] GET /latest/meta-data/block-device-mapping/ => generated 8 bytes in 4 msecs (HTTP/1.1 200) 3 headers in 98 bytes (1 switches on core 0)
Jul 10 01:59:11.898316 np0000184935 devstack@n-api-meta.service[106656]: DEBUG nova.api.metadata.handler [None req-b14238b3-ac3d-429a-94bc-f7d544a50db0 None None] Metadata request headers: {'Host': '199.204.45.72:8775', 'User-Agent': 'python-requests/2.34.2', 'Accept-Encoding': 'gzip, deflate', 'Accept': '*/*', 'Connection': 'keep-alive', 'X-Forwarded-For': '192.168.24.70', 'X-Instance-Id': '689bfe43-b36b-4035-a3bc-66fa826ab4a2', 'X-Tenant-Id': '7efaec2a4d864541be661788bdca01f8', 'X-Instance-Id-Signature': 'ded1ed532323fb21f5139bd2df811419c918434112996feb005e943b816021dc'} {{(pid=106656) __call__ /opt/stack/nova/nova/api/metadata/handler.py:109}}
Jul 10 01:59:11.900230 np0000184935 devstack@n-api-meta.service[106656]: DEBUG nova.api.metadata.handler [None req-b14238b3-ac3d-429a-94bc-f7d544a50db0 None None] Using cached metadata for instance 689bfe43-b36b-4035-a3bc-66fa826ab4a2 {{(pid=106656) get_metadata_by_instance_id /opt/stack/nova/nova/api/metadata/handler.py:84}}
Jul 10 01:59:11.900683 np0000184935 devstack@n-api-meta.service[106656]: [pid: 106656|app: 0|req: 3/10] 199.204.45.72 () {40 vars in 703 bytes} [Fri Jul 10 01:59:11 2026] GET /latest/meta-data/block-device-mapping/ami => generated 3 bytes in 3 msecs (HTTP/1.1 200) 3 headers in 98 bytes (1 switches on core 0)
Jul 10 01:59:11.907934 np0000184935 devstack@n-api-meta.service[106655]: DEBUG nova.api.metadata.handler [None req-fe028d06-2197-487a-ac53-7fcbbca7e3e6 None None] Metadata request headers: {'Host': '199.204.45.72:8775', 'User-Agent': 'python-requests/2.34.2', 'Accept-Encoding': 'gzip, deflate', 'Accept': '*/*', 'Connection': 'keep-alive', 'X-Forwarded-For': '192.168.24.70', 'X-Instance-Id': '689bfe43-b36b-4035-a3bc-66fa826ab4a2', 'X-Tenant-Id': '7efaec2a4d864541be661788bdca01f8', 'X-Instance-Id-Signature': 'ded1ed532323fb21f5139bd2df811419c918434112996feb005e943b816021dc'} {{(pid=106655) __call__ /opt/stack/nova/nova/api/metadata/handler.py:109}}
Jul 10 01:59:11.910742 np0000184935 devstack@n-api-meta.service[106655]: DEBUG nova.api.metadata.handler [None req-fe028d06-2197-487a-ac53-7fcbbca7e3e6 None None] Using cached metadata for instance 689bfe43-b36b-4035-a3bc-66fa826ab4a2 {{(pid=106655) get_metadata_by_instance_id /opt/stack/nova/nova/api/metadata/handler.py:84}}
Jul 10 01:59:11.911528 np0000184935 devstack@n-api-meta.service[106655]: [pid: 106655|app: 0|req: 3/11] 199.204.45.72 () {40 vars in 705 bytes} [Fri Jul 10 01:59:11 2026] GET /latest/meta-data/block-device-mapping/root => generated 8 bytes in 4 msecs (HTTP/1.1 200) 3 headers in 98 bytes (1 switches on core 0)
Jul 10 01:59:11.927953 np0000184935 devstack@n-api-meta.service[106657]: DEBUG nova.api.metadata.handler [None req-62cf75c2-153c-42f9-aaff-00d3c6a6dc44 None None] Metadata request headers: {'Host': '199.204.45.72:8775', 'User-Agent': 'python-requests/2.34.2', 'Accept-Encoding': 'gzip, deflate', 'Accept': '*/*', 'Connection': 'keep-alive', 'X-Forwarded-For': '192.168.24.70', 'X-Instance-Id': '689bfe43-b36b-4035-a3bc-66fa826ab4a2', 'X-Tenant-Id': '7efaec2a4d864541be661788bdca01f8', 'X-Instance-Id-Signature': 'ded1ed532323fb21f5139bd2df811419c918434112996feb005e943b816021dc'} {{(pid=106657) __call__ /opt/stack/nova/nova/api/metadata/handler.py:109}}
Jul 10 01:59:11.931110 np0000184935 devstack@n-api-meta.service[106657]: DEBUG nova.api.metadata.handler [None req-62cf75c2-153c-42f9-aaff-00d3c6a6dc44 None None] Using cached metadata for instance 689bfe43-b36b-4035-a3bc-66fa826ab4a2 {{(pid=106657) get_metadata_by_instance_id /opt/stack/nova/nova/api/metadata/handler.py:84}}
Jul 10 01:59:11.931738 np0000184935 devstack@n-api-meta.service[106657]: [pid: 106657|app: 0|req: 3/12] 199.204.45.72 () {40 vars in 675 bytes} [Fri Jul 10 01:59:11 2026] GET /latest/meta-data/placement/ => generated 17 bytes in 4 msecs (HTTP/1.1 200) 3 headers in 99 bytes (1 switches on core 0)
Jul 10 01:59:11.940311 np0000184935 devstack@n-api-meta.service[106654]: DEBUG nova.api.metadata.handler [None req-c0180d90-1f72-4951-bc99-fae97344a72f None None] Metadata request headers: {'Host': '199.204.45.72:8775', 'User-Agent': 'python-requests/2.34.2', 'Accept-Encoding': 'gzip, deflate', 'Accept': '*/*', 'Connection': 'keep-alive', 'X-Forwarded-For': '192.168.24.70', 'X-Instance-Id': '689bfe43-b36b-4035-a3bc-66fa826ab4a2', 'X-Tenant-Id': '7efaec2a4d864541be661788bdca01f8', 'X-Instance-Id-Signature': 'ded1ed532323fb21f5139bd2df811419c918434112996feb005e943b816021dc'} {{(pid=106654) __call__ /opt/stack/nova/nova/api/metadata/handler.py:109}}
Jul 10 01:59:11.943665 np0000184935 devstack@n-api-meta.service[106654]: DEBUG nova.api.metadata.handler [None req-c0180d90-1f72-4951-bc99-fae97344a72f None None] Using cached metadata for instance 689bfe43-b36b-4035-a3bc-66fa826ab4a2 {{(pid=106654) get_metadata_by_instance_id /opt/stack/nova/nova/api/metadata/handler.py:84}}
Jul 10 01:59:11.944132 np0000184935 devstack@n-api-meta.service[106654]: [pid: 106654|app: 0|req: 4/13] 199.204.45.72 () {40 vars in 710 bytes} [Fri Jul 10 01:59:11 2026] GET /latest/meta-data/placement/availability-zone => generated 4 bytes in 4 msecs (HTTP/1.1 200) 3 headers in 98 bytes (1 switches on core 0)
Jul 10 01:59:11.952342 np0000184935 devstack@n-api-meta.service[106656]: DEBUG nova.api.metadata.handler [None req-b14238b3-ac3d-429a-94bc-f7d544a50db0 None None] Metadata request headers: {'Host': '199.204.45.72:8775', 'User-Agent': 'python-requests/2.34.2', 'Accept-Encoding': 'gzip, deflate', 'Accept': '*/*', 'Connection': 'keep-alive', 'X-Forwarded-For': '192.168.24.70', 'X-Instance-Id': '689bfe43-b36b-4035-a3bc-66fa826ab4a2', 'X-Tenant-Id': '7efaec2a4d864541be661788bdca01f8', 'X-Instance-Id-Signature': 'ded1ed532323fb21f5139bd2df811419c918434112996feb005e943b816021dc'} {{(pid=106656) __call__ /opt/stack/nova/nova/api/metadata/handler.py:109}}
Jul 10 01:59:11.955103 np0000184935 devstack@n-api-meta.service[106656]: DEBUG nova.api.metadata.handler [None req-b14238b3-ac3d-429a-94bc-f7d544a50db0 None None] Using cached metadata for instance 689bfe43-b36b-4035-a3bc-66fa826ab4a2 {{(pid=106656) get_metadata_by_instance_id /opt/stack/nova/nova/api/metadata/handler.py:84}}
Jul 10 01:59:11.956330 np0000184935 devstack@n-api-meta.service[106656]: [pid: 106656|app: 0|req: 4/14] 199.204.45.72 () {40 vars in 668 bytes} [Fri Jul 10 01:59:11 2026] GET /latest/meta-data/ami-id => generated 12 bytes in 4 msecs (HTTP/1.1 200) 3 headers in 99 bytes (1 switches on core 0)
Jul 10 01:59:11.961553 np0000184935 devstack@n-api-meta.service[106655]: DEBUG nova.api.metadata.handler [None req-fe028d06-2197-487a-ac53-7fcbbca7e3e6 None None] Metadata request headers: {'Host': '199.204.45.72:8775', 'User-Agent': 'python-requests/2.34.2', 'Accept-Encoding': 'gzip, deflate', 'Accept': '*/*', 'Connection': 'keep-alive', 'X-Forwarded-For': '192.168.24.70', 'X-Instance-Id': '689bfe43-b36b-4035-a3bc-66fa826ab4a2', 'X-Tenant-Id': '7efaec2a4d864541be661788bdca01f8', 'X-Instance-Id-Signature': 'ded1ed532323fb21f5139bd2df811419c918434112996feb005e943b816021dc'} {{(pid=106655) __call__ /opt/stack/nova/nova/api/metadata/handler.py:109}}
Jul 10 01:59:11.964098 np0000184935 devstack@n-api-meta.service[106655]: DEBUG nova.api.metadata.handler [None req-fe028d06-2197-487a-ac53-7fcbbca7e3e6 None None] Using cached metadata for instance 689bfe43-b36b-4035-a3bc-66fa826ab4a2 {{(pid=106655) get_metadata_by_instance_id /opt/stack/nova/nova/api/metadata/handler.py:84}}
Jul 10 01:59:11.964679 np0000184935 devstack@n-api-meta.service[106655]: [pid: 106655|app: 0|req: 4/15] 199.204.45.72 () {40 vars in 688 bytes} [Fri Jul 10 01:59:11 2026] GET /latest/meta-data/ami-launch-index => generated 1 bytes in 3 msecs (HTTP/1.1 200) 3 headers in 98 bytes (1 switches on core 0)
Jul 10 01:59:11.971438 np0000184935 devstack@n-api-meta.service[106657]: DEBUG nova.api.metadata.handler [None req-62cf75c2-153c-42f9-aaff-00d3c6a6dc44 None None] Metadata request headers: {'Host': '199.204.45.72:8775', 'User-Agent': 'python-requests/2.34.2', 'Accept-Encoding': 'gzip, deflate', 'Accept': '*/*', 'Connection': 'keep-alive', 'X-Forwarded-For': '192.168.24.70', 'X-Instance-Id': '689bfe43-b36b-4035-a3bc-66fa826ab4a2', 'X-Tenant-Id': '7efaec2a4d864541be661788bdca01f8', 'X-Instance-Id-Signature': 'ded1ed532323fb21f5139bd2df811419c918434112996feb005e943b816021dc'} {{(pid=106657) __call__ /opt/stack/nova/nova/api/metadata/handler.py:109}}
Jul 10 01:59:11.973862 np0000184935 devstack@n-api-meta.service[106657]: DEBUG nova.api.metadata.handler [None req-62cf75c2-153c-42f9-aaff-00d3c6a6dc44 None None] Using cached metadata for instance 689bfe43-b36b-4035-a3bc-66fa826ab4a2 {{(pid=106657) get_metadata_by_instance_id /opt/stack/nova/nova/api/metadata/handler.py:84}}
Jul 10 01:59:11.974437 np0000184935 devstack@n-api-meta.service[106657]: [pid: 106657|app: 0|req: 4/16] 199.204.45.72 () {40 vars in 690 bytes} [Fri Jul 10 01:59:11 2026] GET /latest/meta-data/ami-manifest-path => generated 5 bytes in 3 msecs (HTTP/1.1 200) 3 headers in 98 bytes (1 switches on core 0)
Jul 10 01:59:11.981369 np0000184935 devstack@n-api-meta.service[106654]: DEBUG nova.api.metadata.handler [None req-c0180d90-1f72-4951-bc99-fae97344a72f None None] Metadata request headers: {'Host': '199.204.45.72:8775', 'User-Agent': 'python-requests/2.34.2', 'Accept-Encoding': 'gzip, deflate', 'Accept': '*/*', 'Connection': 'keep-alive', 'X-Forwarded-For': '192.168.24.70', 'X-Instance-Id': '689bfe43-b36b-4035-a3bc-66fa826ab4a2', 'X-Tenant-Id': '7efaec2a4d864541be661788bdca01f8', 'X-Instance-Id-Signature': 'ded1ed532323fb21f5139bd2df811419c918434112996feb005e943b816021dc'} {{(pid=106654) __call__ /opt/stack/nova/nova/api/metadata/handler.py:109}}
Jul 10 01:59:11.984059 np0000184935 devstack@n-api-meta.service[106654]: DEBUG nova.api.metadata.handler [None req-c0180d90-1f72-4951-bc99-fae97344a72f None None] Using cached metadata for instance 689bfe43-b36b-4035-a3bc-66fa826ab4a2 {{(pid=106654) get_metadata_by_instance_id /opt/stack/nova/nova/api/metadata/handler.py:84}}
Jul 10 01:59:11.984663 np0000184935 devstack@n-api-meta.service[106654]: [pid: 106654|app: 0|req: 5/17] 199.204.45.72 () {40 vars in 672 bytes} [Fri Jul 10 01:59:11 2026] GET /latest/meta-data/hostname => generated 32 bytes in 4 msecs (HTTP/1.1 200) 3 headers in 99 bytes (1 switches on core 0)
Jul 10 01:59:11.992048 np0000184935 devstack@n-api-meta.service[106656]: DEBUG nova.api.metadata.handler [None req-b14238b3-ac3d-429a-94bc-f7d544a50db0 None None] Metadata request headers: {'Host': '199.204.45.72:8775', 'User-Agent': 'python-requests/2.34.2', 'Accept-Encoding': 'gzip, deflate', 'Accept': '*/*', 'Connection': 'keep-alive', 'X-Forwarded-For': '192.168.24.70', 'X-Instance-Id': '689bfe43-b36b-4035-a3bc-66fa826ab4a2', 'X-Tenant-Id': '7efaec2a4d864541be661788bdca01f8', 'X-Instance-Id-Signature': 'ded1ed532323fb21f5139bd2df811419c918434112996feb005e943b816021dc'} {{(pid=106656) __call__ /opt/stack/nova/nova/api/metadata/handler.py:109}}
Jul 10 01:59:11.995101 np0000184935 devstack@n-api-meta.service[106656]: DEBUG nova.api.metadata.handler [None req-b14238b3-ac3d-429a-94bc-f7d544a50db0 None None] Using cached metadata for instance 689bfe43-b36b-4035-a3bc-66fa826ab4a2 {{(pid=106656) get_metadata_by_instance_id /opt/stack/nova/nova/api/metadata/handler.py:84}}
Jul 10 01:59:11.995718 np0000184935 devstack@n-api-meta.service[106656]: [pid: 106656|app: 0|req: 5/18] 199.204.45.72 () {40 vars in 686 bytes} [Fri Jul 10 01:59:11 2026] GET /latest/meta-data/instance-action => generated 4 bytes in 4 msecs (HTTP/1.1 200) 3 headers in 98 bytes (1 switches on core 0)
Jul 10 01:59:12.003233 np0000184935 devstack@n-api-meta.service[106655]: DEBUG nova.api.metadata.handler [None req-fe028d06-2197-487a-ac53-7fcbbca7e3e6 None None] Metadata request headers: {'Host': '199.204.45.72:8775', 'User-Agent': 'python-requests/2.34.2', 'Accept-Encoding': 'gzip, deflate', 'Accept': '*/*', 'Connection': 'keep-alive', 'X-Forwarded-For': '192.168.24.70', 'X-Instance-Id': '689bfe43-b36b-4035-a3bc-66fa826ab4a2', 'X-Tenant-Id': '7efaec2a4d864541be661788bdca01f8', 'X-Instance-Id-Signature': 'ded1ed532323fb21f5139bd2df811419c918434112996feb005e943b816021dc'} {{(pid=106655) __call__ /opt/stack/nova/nova/api/metadata/handler.py:109}}
Jul 10 01:59:12.005615 np0000184935 devstack@n-api-meta.service[106655]: DEBUG nova.api.metadata.handler [None req-fe028d06-2197-487a-ac53-7fcbbca7e3e6 None None] Using cached metadata for instance 689bfe43-b36b-4035-a3bc-66fa826ab4a2 {{(pid=106655) get_metadata_by_instance_id /opt/stack/nova/nova/api/metadata/handler.py:84}}
Jul 10 01:59:12.006207 np0000184935 devstack@n-api-meta.service[106655]: [pid: 106655|app: 0|req: 5/19] 199.204.45.72 () {40 vars in 678 bytes} [Fri Jul 10 01:59:12 2026] GET /latest/meta-data/instance-id => generated 10 bytes in 3 msecs (HTTP/1.1 200) 3 headers in 99 bytes (1 switches on core 0)
Jul 10 01:59:12.013630 np0000184935 devstack@n-api-meta.service[106657]: DEBUG nova.api.metadata.handler [None req-62cf75c2-153c-42f9-aaff-00d3c6a6dc44 None None] Metadata request headers: {'Host': '199.204.45.72:8775', 'User-Agent': 'python-requests/2.34.2', 'Accept-Encoding': 'gzip, deflate', 'Accept': '*/*', 'Connection': 'keep-alive', 'X-Forwarded-For': '192.168.24.70', 'X-Instance-Id': '689bfe43-b36b-4035-a3bc-66fa826ab4a2', 'X-Tenant-Id': '7efaec2a4d864541be661788bdca01f8', 'X-Instance-Id-Signature': 'ded1ed532323fb21f5139bd2df811419c918434112996feb005e943b816021dc'} {{(pid=106657) __call__ /opt/stack/nova/nova/api/metadata/handler.py:109}}
Jul 10 01:59:12.016049 np0000184935 devstack@n-api-meta.service[106657]: DEBUG nova.api.metadata.handler [None req-62cf75c2-153c-42f9-aaff-00d3c6a6dc44 None None] Using cached metadata for instance 689bfe43-b36b-4035-a3bc-66fa826ab4a2 {{(pid=106657) get_metadata_by_instance_id /opt/stack/nova/nova/api/metadata/handler.py:84}}
Jul 10 01:59:12.016604 np0000184935 devstack@n-api-meta.service[106657]: [pid: 106657|app: 0|req: 5/20] 199.204.45.72 () {40 vars in 682 bytes} [Fri Jul 10 01:59:12 2026] GET /latest/meta-data/instance-type => generated 8 bytes in 3 msecs (HTTP/1.1 200) 3 headers in 98 bytes (1 switches on core 0)
Jul 10 01:59:12.023888 np0000184935 devstack@n-api-meta.service[106654]: DEBUG nova.api.metadata.handler [None req-c0180d90-1f72-4951-bc99-fae97344a72f None None] Metadata request headers: {'Host': '199.204.45.72:8775', 'User-Agent': 'python-requests/2.34.2', 'Accept-Encoding': 'gzip, deflate', 'Accept': '*/*', 'Connection': 'keep-alive', 'X-Forwarded-For': '192.168.24.70', 'X-Instance-Id': '689bfe43-b36b-4035-a3bc-66fa826ab4a2', 'X-Tenant-Id': '7efaec2a4d864541be661788bdca01f8', 'X-Instance-Id-Signature': 'ded1ed532323fb21f5139bd2df811419c918434112996feb005e943b816021dc'} {{(pid=106654) __call__ /opt/stack/nova/nova/api/metadata/handler.py:109}}
Jul 10 01:59:12.026468 np0000184935 devstack@n-api-meta.service[106654]: DEBUG nova.api.metadata.handler [None req-c0180d90-1f72-4951-bc99-fae97344a72f None None] Using cached metadata for instance 689bfe43-b36b-4035-a3bc-66fa826ab4a2 {{(pid=106654) get_metadata_by_instance_id /opt/stack/nova/nova/api/metadata/handler.py:84}}
