2026-04-16 01:16:25.412 7 INFO neutron.db.ovn_revision_numbers_db [None req-16246c10-2272-4049-a276-a48d1c06a276 43b22d4f6e4e429abeb06354488dbaca 7f3f7d0a0afc4ed68c902cac8b6c1f18 - - default default] Successfully bumped revision number for resource fce5e480-72b2-439b-b360-0028ae3ab64c (type: routers) to 2 [pid: 7|app: 0|req: 190/378] 10.0.0.148 () {34 vars in 669 bytes} [Thu Apr 16 01:16:23 2026] POST /v2.0/routers => generated 974 bytes in 1938 msecs (HTTP/1.1 201) 4 headers in 162 bytes (1 switches on core 0)
2026-04-16 01:16:25.485 8 WARNING oslo_config.cfg [None req-b1fd1537-d1a5-4644-942c-36e9852b7f0e 43b22d4f6e4e429abeb06354488dbaca 7f3f7d0a0afc4ed68c902cac8b6c1f18 - - default default] Deprecated: Option "ovn_emit_need_to_frag" from group "ovn" is deprecated for removal (The option is useful only on very old Linux kernels (version < 5.2).). Its value may be silently ignored in the future.
2026-04-16 01:16:25.803 8 INFO neutron.plugins.ml2.drivers.ovn.mech_driver.ovsdb.commands [None req-521e27be-afc6-428d-b799-24a53927f6da - - - - - -] Schedule LRP lrp-223c9b6e-085d-40bf-ba34-7f7bce04af92 on gateway b28970ab-bc7e-4a37-8114-a44683636eed with priority 1
2026-04-16 01:16:25.877 8 INFO neutron.plugins.ml2.drivers.ovn.mech_driver.ovsdb.ovsdb_monitor [-] Router a03ab4b2-25d5-44a9-97f6-5a74d824d834 is bound to host instance
2026-04-16 01:16:25.965 8 INFO neutron.db.ovn_revision_numbers_db [None req-b1fd1537-d1a5-4644-942c-36e9852b7f0e 43b22d4f6e4e429abeb06354488dbaca 7f3f7d0a0afc4ed68c902cac8b6c1f18 - - default default] Successfully bumped revision number for resource 223c9b6e-085d-40bf-ba34-7f7bce04af92 (type: router_ports) to 1
2026-04-16 01:16:26.113 8 INFO neutron.db.ovn_revision_numbers_db [None req-b1fd1537-d1a5-4644-942c-36e9852b7f0e 43b22d4f6e4e429abeb06354488dbaca 7f3f7d0a0afc4ed68c902cac8b6c1f18 - - default default] Successfully bumped revision number for resource a03ab4b2-25d5-44a9-97f6-5a74d824d834 (type: routers) to 2 [pid: 8|app: 0|req: 189/379] 10.0.0.148 () {34 vars in 669 bytes} [Thu Apr 16 01:16:24 2026] POST /v2.0/routers => generated 963 bytes in 1719 msecs (HTTP/1.1 201) 4 headers in 162 bytes (1 switches on core 0)
2026-04-16 01:16:26.316 7 WARNING neutron.scheduler.dhcp_agent_scheduler [None req-09f22456-67e9-4105-ae7c-712122a9fbbd 43b22d4f6e4e429abeb06354488dbaca 7f3f7d0a0afc4ed68c902cac8b6c1f18 - - default default] No more DHCP agents
2026-04-16 01:16:26.326 7 WARNING neutron.api.rpc.agentnotifiers.dhcp_rpc_agent_api [None req-09f22456-67e9-4105-ae7c-712122a9fbbd 43b22d4f6e4e429abeb06354488dbaca 7f3f7d0a0afc4ed68c902cac8b6c1f18 - - default default] Unable to schedule network 3ddc1862-6866-4fc9-9c7e-9a24219e58b7: no agents available; will retry on subsequent port and subnet creation events.
2026-04-16 01:16:26.499 8 INFO neutron.plugins.ml2.drivers.ovn.mech_driver.mech_driver [None req-4804b9f6-4842-4efd-ba11-87253539a79b - - - - - -] OVN reports status down for port: 92961308-9ace-4048-85c8-d3cc1193c913
2026-04-16 01:16:26.548 7 INFO neutron.db.ovn_revision_numbers_db [None req-09f22456-67e9-4105-ae7c-712122a9fbbd 43b22d4f6e4e429abeb06354488dbaca 7f3f7d0a0afc4ed68c902cac8b6c1f18 - - default default] Successfully bumped revision number for resource 92961308-9ace-4048-85c8-d3cc1193c913 (type: ports) to 1
2026-04-16 01:16:26.646 8 INFO neutron.db.ovn_revision_numbers_db [None req-f954ab77-d797-4c20-8c11-582920ca188b 43b22d4f6e4e429abeb06354488dbaca 7f3f7d0a0afc4ed68c902cac8b6c1f18 - - default default] Successfully bumped revision number for resource 3fda0032-2e86-4e1a-865c-6cc074d79f00 (type: security_groups) to 1
2026-04-16 01:16:26.678 8 INFO neutron.db.ovn_revision_numbers_db [None req-f954ab77-d797-4c20-8c11-582920ca188b 43b22d4f6e4e429abeb06354488dbaca 7f3f7d0a0afc4ed68c902cac8b6c1f18 - - default default] Successfully bumped revision number for resource 64a278c7-1684-4f3f-a176-14c51d25e391 (type: security_group_rules) to 0
2026-04-16 01:16:26.706 8 INFO neutron.db.ovn_revision_numbers_db [None req-f954ab77-d797-4c20-8c11-582920ca188b 43b22d4f6e4e429abeb06354488dbaca 7f3f7d0a0afc4ed68c902cac8b6c1f18 - - default default] Successfully bumped revision number for resource 6c30f979-1ac9-4646-9d86-3ace452336c4 (type: security_group_rules) to 0
2026-04-16 01:16:26.743 8 INFO neutron.db.ovn_revision_numbers_db [None req-f954ab77-d797-4c20-8c11-582920ca188b 43b22d4f6e4e429abeb06354488dbaca 7f3f7d0a0afc4ed68c902cac8b6c1f18 - - default default] Successfully bumped revision number for resource 970573f1-0207-453b-90b5-bcdc573331ff (type: security_group_rules) to 0
2026-04-16 01:16:26.763 8 INFO neutron.db.ovn_revision_numbers_db [None req-f954ab77-d797-4c20-8c11-582920ca188b 43b22d4f6e4e429abeb06354488dbaca 7f3f7d0a0afc4ed68c902cac8b6c1f18 - - default default] Successfully bumped revision number for resource e5fb4808-5514-46f9-9560-6706be4b9524 (type: security_group_rules) to 0
2026-04-16 01:16:26.892 8 INFO neutron.db.segments_db [None req-f954ab77-d797-4c20-8c11-582920ca188b 43b22d4f6e4e429abeb06354488dbaca 7f3f7d0a0afc4ed68c902cac8b6c1f18 - - default default] Added segment 9b195634-9d1d-4ff6-9765-99281077881f of type geneve for network 67cb0923-d6e8-40ac-8b6a-662d1779e6bf
2026-04-16 01:16:26.906 7 INFO neutron.db.ovn_revision_numbers_db [None req-0629073a-9184-4451-b4c1-cc1fb8b2c00d - - - - - -] Successfully bumped revision number for resource e6173222-9694-4707-a545-d8cf6221cb86 (type: ports) to 4
2026-04-16 01:16:27.128 8 INFO neutron.db.ovn_revision_numbers_db [None req-f954ab77-d797-4c20-8c11-582920ca188b 43b22d4f6e4e429abeb06354488dbaca 7f3f7d0a0afc4ed68c902cac8b6c1f18 - - default default] Successfully bumped revision number for resource 67cb0923-d6e8-40ac-8b6a-662d1779e6bf (type: networks) to 1
2026-04-16 01:16:27.426 8 INFO neutron.db.ovn_revision_numbers_db [None req-01b12a11-fb9b-4492-ad59-699d271f4e0a - - - - - -] Successfully bumped revision number for resource 223c9b6e-085d-40bf-ba34-7f7bce04af92 (type: ports) to 4
2026-04-16 01:16:27.437 8 WARNING neutron.scheduler.dhcp_agent_scheduler [None req-f954ab77-d797-4c20-8c11-582920ca188b 43b22d4f6e4e429abeb06354488dbaca 7f3f7d0a0afc4ed68c902cac8b6c1f18 - - default default] No more DHCP agents
2026-04-16 01:16:27.440 8 WARNING neutron.api.rpc.agentnotifiers.dhcp_rpc_agent_api [None req-f954ab77-d797-4c20-8c11-582920ca188b 43b22d4f6e4e429abeb06354488dbaca 7f3f7d0a0afc4ed68c902cac8b6c1f18 - - default default] Unable to schedule network 67cb0923-d6e8-40ac-8b6a-662d1779e6bf: no agents available; will retry on subsequent port and subnet creation events.
2026-04-16 01:16:27.598 8 INFO neutron.db.ovn_revision_numbers_db [None req-f954ab77-d797-4c20-8c11-582920ca188b 43b22d4f6e4e429abeb06354488dbaca 7f3f7d0a0afc4ed68c902cac8b6c1f18 - - default default] Successfully bumped revision number for resource 665a1493-1949-4c9f-a3ba-96a39138b619 (type: ports) to 1 [pid: 8|app: 0|req: 190/380] 10.0.0.148 () {34 vars in 671 bytes} [Thu Apr 16 01:16:26 2026] POST /v2.0/networks => generated 774 bytes in 1495 msecs (HTTP/1.1 201) 4 headers in 162 bytes (1 switches on core 0)
2026-04-16 01:16:27.698 7 INFO neutron.plugins.ml2.drivers.ovn.mech_driver.mech_driver [None req-d9c90071-88b2-45c3-90a2-1fa94341e6c8 - - - - - -] OVN reports status down for port: 223c9b6e-085d-40bf-ba34-7f7bce04af92
2026-04-16 01:16:28.328 7 INFO neutron.db.ovn_revision_numbers_db [None req-0629073a-9184-4451-b4c1-cc1fb8b2c00d - - - - - -] Successfully bumped revision number for resource e6173222-9694-4707-a545-d8cf6221cb86 (type: ports) to 5
2026-04-16 01:16:28.489 8 INFO neutron.db.ovn_revision_numbers_db [None req-01b12a11-fb9b-4492-ad59-699d271f4e0a - - - - - -] Successfully bumped revision number for resource 223c9b6e-085d-40bf-ba34-7f7bce04af92 (type: ports) to 5
2026-04-16 01:16:28.543 7 INFO neutron.plugins.ml2.drivers.ovn.mech_driver.ovsdb.commands [None req-7806d46a-cf58-42e0-9679-d90ee50243a1 - - - - - -] Schedule LRP lrp-92961308-9ace-4048-85c8-d3cc1193c913 on gateway b28970ab-bc7e-4a37-8114-a44683636eed with priority 1
2026-04-16 01:16:28.661 7 INFO neutron.plugins.ml2.drivers.ovn.mech_driver.ovsdb.ovsdb_monitor [None req-0629073a-9184-4451-b4c1-cc1fb8b2c00d - - - - - -] Router fefd3be5-dad9-4ae5-ba51-479064b76c41 is bound to host instance
2026-04-16 01:16:28.707 7 INFO neutron.db.ovn_revision_numbers_db [None req-09f22456-67e9-4105-ae7c-712122a9fbbd 43b22d4f6e4e429abeb06354488dbaca 7f3f7d0a0afc4ed68c902cac8b6c1f18 - - default default] Successfully bumped revision number for resource 92961308-9ace-4048-85c8-d3cc1193c913 (type: router_ports) to 1
2026-04-16 01:16:28.738 8 INFO neutron.plugins.ml2.drivers.ovn.mech_driver.mech_driver [None req-4804b9f6-4842-4efd-ba11-87253539a79b - - - - - -] OVN reports status up for port: 92961308-9ace-4048-85c8-d3cc1193c913
2026-04-16 01:16:28.766 8 INFO neutron.plugins.ml2.plugin [None req-4804b9f6-4842-4efd-ba11-87253539a79b - - - - - -] Attempt 1 to provision port 92961308-9ace-4048-85c8-d3cc1193c913
2026-04-16 01:16:28.989 7 INFO neutron.db.ovn_revision_numbers_db [None req-09f22456-67e9-4105-ae7c-712122a9fbbd 43b22d4f6e4e429abeb06354488dbaca 7f3f7d0a0afc4ed68c902cac8b6c1f18 - - default default] Successfully bumped revision number for resource fefd3be5-dad9-4ae5-ba51-479064b76c41 (type: routers) to 2
2026-04-16 01:16:28.997 8 WARNING neutron.scheduler.dhcp_agent_scheduler [None req-05c97724-6575-46b3-b51b-61964b59c733 43b22d4f6e4e429abeb06354488dbaca 7f3f7d0a0afc4ed68c902cac8b6c1f18 - - default default] No more DHCP agents
2026-04-16 01:16:28.998 8 WARNING neutron.api.rpc.agentnotifiers.dhcp_rpc_agent_api [None req-05c97724-6575-46b3-b51b-61964b59c733 43b22d4f6e4e429abeb06354488dbaca 7f3f7d0a0afc4ed68c902cac8b6c1f18 - - default default] Unable to schedule network ceb4aa64-0f0d-44b3-be4f-16897a9e23db: no agents available; will retry on subsequent port and subnet creation events.
2026-04-16 01:16:29.030 7 INFO neutron.db.ovn_revision_numbers_db [None req-d9c90071-88b2-45c3-90a2-1fa94341e6c8 - - - - - -] Successfully bumped revision number for resource 223c9b6e-085d-40bf-ba34-7f7bce04af92 (type: ports) to 6 [pid: 7|app: 0|req: 191/381] 10.0.0.148 () {34 vars in 669 bytes} [Thu Apr 16 01:16:25 2026] POST /v2.0/routers => generated 970 bytes in 3609 msecs (HTTP/1.1 201) 4 headers in 162 bytes (1 switches on core 0)
2026-04-16 01:16:29.147 8 INFO neutron.db.ovn_revision_numbers_db [None req-05c97724-6575-46b3-b51b-61964b59c733 43b22d4f6e4e429abeb06354488dbaca 7f3f7d0a0afc4ed68c902cac8b6c1f18 - - default default] Successfully bumped revision number for resource a4fbc309-6a71-409d-9eb0-57c00d458263 (type: ports) to 1
2026-04-16 01:16:29.282 7 WARNING neutron.plugins.ml2.drivers.ovn.mech_driver.ovsdb.ovn_client [None req-a2d641de-9ef9-4f01-931e-5d4d1867ae14 - - - - - -] Logical_Switch_Port %s host information not removed, the port state is up
2026-04-16 01:16:29.282 7 INFO neutron.plugins.ml2.drivers.ovn.mech_driver.mech_driver [None req-a2d641de-9ef9-4f01-931e-5d4d1867ae14 - - - - - -] OVN reports status up for port: 223c9b6e-085d-40bf-ba34-7f7bce04af92
2026-04-16 01:16:29.316 7 INFO neutron.plugins.ml2.plugin [None req-a2d641de-9ef9-4f01-931e-5d4d1867ae14 - - - - - -] Attempt 1 to provision port 223c9b6e-085d-40bf-ba34-7f7bce04af92
2026-04-16 01:16:29.849 8 WARNING neutron.scheduler.dhcp_agent_scheduler [None req-05c97724-6575-46b3-b51b-61964b59c733 43b22d4f6e4e429abeb06354488dbaca 7f3f7d0a0afc4ed68c902cac8b6c1f18 - - default default] No more DHCP agents
2026-04-16 01:16:29.850 8 WARNING neutron.api.rpc.agentnotifiers.dhcp_rpc_agent_api [None req-05c97724-6575-46b3-b51b-61964b59c733 43b22d4f6e4e429abeb06354488dbaca 7f3f7d0a0afc4ed68c902cac8b6c1f18 - - default default] Unable to schedule network ceb4aa64-0f0d-44b3-be4f-16897a9e23db: no agents available; will retry on subsequent port and subnet creation events.
2026-04-16 01:16:30.444 8 INFO neutron.db.ovn_revision_numbers_db [None req-05c97724-6575-46b3-b51b-61964b59c733 43b22d4f6e4e429abeb06354488dbaca 7f3f7d0a0afc4ed68c902cac8b6c1f18 - - default default] Successfully bumped revision number for resource a4fbc309-6a71-409d-9eb0-57c00d458263 (type: router_ports) to 1 [pid: 8|app: 0|req: 191/382] 10.0.0.148 () {34 vars in 783 bytes} [Thu Apr 16 01:16:27 2026] PUT /v2.0/routers/fce5e480-72b2-439b-b360-0028ae3ab64c/add_router_interface => generated 309 bytes in 2796 msecs (HTTP/1.1 200) 4 headers in 157 bytes (1 switches on core 0)
2026-04-16 01:16:30.566 7 INFO neutron.db.ovn_revision_numbers_db [None req-a2d641de-9ef9-4f01-931e-5d4d1867ae14 - - - - - -] Successfully bumped revision number for resource 223c9b6e-085d-40bf-ba34-7f7bce04af92 (type: ports) to 7
2026-04-16 01:16:30.589 7 WARNING neutron.scheduler.dhcp_agent_scheduler [None req-1894bb70-5e1e-4d1c-896b-8d7d284c1c0d 43b22d4f6e4e429abeb06354488dbaca 7f3f7d0a0afc4ed68c902cac8b6c1f18 - - default default] No more DHCP agents
2026-04-16 01:16:30.593 8 WARNING neutron.scheduler.dhcp_agent_scheduler [None req-b399e471-40d1-456c-a517-dec6eaebe5d1 43b22d4f6e4e429abeb06354488dbaca 7f3f7d0a0afc4ed68c902cac8b6c1f18 - - default default] No more DHCP agents
2026-04-16 01:16:30.594 8 WARNING neutron.api.rpc.agentnotifiers.dhcp_rpc_agent_api [None req-b399e471-40d1-456c-a517-dec6eaebe5d1 43b22d4f6e4e429abeb06354488dbaca 7f3f7d0a0afc4ed68c902cac8b6c1f18 - - default default] Unable to schedule network 67cb0923-d6e8-40ac-8b6a-662d1779e6bf: no agents available; will retry on subsequent port and subnet creation events.
2026-04-16 01:16:30.597 7 WARNING neutron.api.rpc.agentnotifiers.dhcp_rpc_agent_api [None req-1894bb70-5e1e-4d1c-896b-8d7d284c1c0d 43b22d4f6e4e429abeb06354488dbaca 7f3f7d0a0afc4ed68c902cac8b6c1f18 - - default default] Unable to schedule network 64d81320-025c-48ad-b311-96a1b6180504: no agents available; will retry on subsequent port and subnet creation events.
2026-04-16 01:16:30.902 7 INFO neutron.plugins.ml2.drivers.ovn.mech_driver.mech_driver [None req-58062346-5d97-465e-9c84-ab73c89f2483 - - - - - -] OVN reports status down for port: 665a1493-1949-4c9f-a3ba-96a39138b619
2026-04-16 01:16:30.980 7 INFO neutron.db.ovn_revision_numbers_db [None req-1894bb70-5e1e-4d1c-896b-8d7d284c1c0d 43b22d4f6e4e429abeb06354488dbaca 7f3f7d0a0afc4ed68c902cac8b6c1f18 - - default default] Successfully bumped revision number for resource 2fe4cfd3-8c2d-4a4c-8054-da8577a550df (type: ports) to 1
2026-04-16 01:16:31.064 8 INFO neutron.db.ovn_revision_numbers_db [None req-428d8a08-efb1-4511-9579-325719981d18 - - - - - -] Successfully bumped revision number for resource 665a1493-1949-4c9f-a3ba-96a39138b619 (type: ports) to 2
2026-04-16 01:16:31.096 8 INFO neutron.db.ovn_revision_numbers_db [None req-428d8a08-efb1-4511-9579-325719981d18 - - - - - -] Successfully bumped revision number for resource 1fd6ff95-17f9-4770-a72e-a2544f61fcca (type: subnets) to 0 [pid: 8|app: 0|req: 192/383] 10.0.0.148 () {34 vars in 669 bytes} [Thu Apr 16 01:16:30 2026] POST /v2.0/subnets => generated 699 bytes in 670 msecs (HTTP/1.1 201) 4 headers in 162 bytes (1 switches on core 0)
2026-04-16 01:16:31.268 7 INFO neutron.plugins.ml2.drivers.ovn.mech_driver.mech_driver [None req-58062346-5d97-465e-9c84-ab73c89f2483 - - - - - -] OVN reports status down for port: 2fe4cfd3-8c2d-4a4c-8054-da8577a550df
2026-04-16 01:16:31.628 7 INFO neutron.db.ovn_revision_numbers_db [None req-f10d560e-a03e-4479-9def-f2f164199c78 - - - - - -] Successfully bumped revision number for resource 92961308-9ace-4048-85c8-d3cc1193c913 (type: ports) to 4
2026-04-16 01:16:31.671 8 WARNING neutron.scheduler.dhcp_agent_scheduler [None req-1844b413-9e20-49b4-ba56-3ec7dd3195df 43b22d4f6e4e429abeb06354488dbaca 7f3f7d0a0afc4ed68c902cac8b6c1f18 - - default default] No more DHCP agents
2026-04-16 01:16:31.674 8 WARNING neutron.api.rpc.agentnotifiers.dhcp_rpc_agent_api [None req-1844b413-9e20-49b4-ba56-3ec7dd3195df 43b22d4f6e4e429abeb06354488dbaca 7f3f7d0a0afc4ed68c902cac8b6c1f18 - - default default] Unable to schedule network d5b0136d-3e9e-4bb0-88ab-795b1c2e4221: no agents available; will retry on subsequent port and subnet creation events.
2026-04-16 01:16:31.811 8 INFO neutron.db.ovn_revision_numbers_db [None req-1844b413-9e20-49b4-ba56-3ec7dd3195df 43b22d4f6e4e429abeb06354488dbaca 7f3f7d0a0afc4ed68c902cac8b6c1f18 - - default default] Successfully bumped revision number for resource 4037ae4c-cf37-4981-bd34-b292446d0400 (type: ports) to 1
2026-04-16 01:16:31.900 8 INFO neutron.plugins.ml2.drivers.ovn.mech_driver.mech_driver [None req-4804b9f6-4842-4efd-ba11-87253539a79b - - - - - -] OVN reports status down for port: a4fbc309-6a71-409d-9eb0-57c00d458263
2026-04-16 01:16:32.008 8 WARNING neutron.plugins.ml2.drivers.ovn.mech_driver.ovsdb.ovn_client [None req-4804b9f6-4842-4efd-ba11-87253539a79b - - - - - -] Logical_Switch_Port %s host information not removed, the port state is up
2026-04-16 01:16:32.015 8 INFO neutron.plugins.ml2.drivers.ovn.mech_driver.mech_driver [None req-4804b9f6-4842-4efd-ba11-87253539a79b - - - - - -] OVN reports status up for port: a4fbc309-6a71-409d-9eb0-57c00d458263
2026-04-16 01:16:32.035 8 INFO neutron.plugins.ml2.plugin [None req-4804b9f6-4842-4efd-ba11-87253539a79b - - - - - -] Attempt 1 to provision port a4fbc309-6a71-409d-9eb0-57c00d458263
2026-04-16 01:16:32.248 7 INFO neutron.db.ovn_revision_numbers_db [None req-f10d560e-a03e-4479-9def-f2f164199c78 - - - - - -] Successfully bumped revision number for resource 92961308-9ace-4048-85c8-d3cc1193c913 (type: ports) to 5
2026-04-16 01:16:32.419 7 INFO neutron.plugins.ml2.drivers.ovn.mech_driver.mech_driver [None req-58062346-5d97-465e-9c84-ab73c89f2483 - - - - - -] OVN reports status up for port: 2fe4cfd3-8c2d-4a4c-8054-da8577a550df
2026-04-16 01:16:32.442 7 INFO neutron.plugins.ml2.plugin [None req-58062346-5d97-465e-9c84-ab73c89f2483 - - - - - -] Attempt 1 to provision port 2fe4cfd3-8c2d-4a4c-8054-da8577a550df
2026-04-16 01:16:32.554 7 WARNING neutron.scheduler.dhcp_agent_scheduler [None req-1894bb70-5e1e-4d1c-896b-8d7d284c1c0d 43b22d4f6e4e429abeb06354488dbaca 7f3f7d0a0afc4ed68c902cac8b6c1f18 - - default default] No more DHCP agents
2026-04-16 01:16:32.557 7 WARNING neutron.api.rpc.agentnotifiers.dhcp_rpc_agent_api [None req-1894bb70-5e1e-4d1c-896b-8d7d284c1c0d 43b22d4f6e4e429abeb06354488dbaca 7f3f7d0a0afc4ed68c902cac8b6c1f18 - - default default] Unable to schedule network 64d81320-025c-48ad-b311-96a1b6180504: no agents available; will retry on subsequent port and subnet creation events.
2026-04-16 01:16:32.767 8 INFO neutron.db.ovn_revision_numbers_db [None req-4804b9f6-4842-4efd-ba11-87253539a79b - - - - - -] Successfully bumped revision number for resource a4fbc309-6a71-409d-9eb0-57c00d458263 (type: ports) to 2
2026-04-16 01:16:32.971 8 WARNING neutron.scheduler.dhcp_agent_scheduler [None req-1844b413-9e20-49b4-ba56-3ec7dd3195df 43b22d4f6e4e429abeb06354488dbaca 7f3f7d0a0afc4ed68c902cac8b6c1f18 - - default default] No more DHCP agents
2026-04-16 01:16:32.973 8 WARNING neutron.api.rpc.agentnotifiers.dhcp_rpc_agent_api [None req-1844b413-9e20-49b4-ba56-3ec7dd3195df 43b22d4f6e4e429abeb06354488dbaca 7f3f7d0a0afc4ed68c902cac8b6c1f18 - - default default] Unable to schedule network d5b0136d-3e9e-4bb0-88ab-795b1c2e4221: no agents available; will retry on subsequent port and subnet creation events.
2026-04-16 01:16:33.196 7 INFO neutron.db.ovn_revision_numbers_db [None req-58062346-5d97-465e-9c84-ab73c89f2483 - - - - - -] Successfully bumped revision number for resource 2fe4cfd3-8c2d-4a4c-8054-da8577a550df (type: ports) to 2
2026-04-16 01:16:33.507 8 INFO neutron.db.ovn_revision_numbers_db [None req-1844b413-9e20-49b4-ba56-3ec7dd3195df 43b22d4f6e4e429abeb06354488dbaca 7f3f7d0a0afc4ed68c902cac8b6c1f18 - - default default] Successfully bumped revision number for resource 4037ae4c-cf37-4981-bd34-b292446d0400 (type: router_ports) to 1
2026-04-16 01:16:33.514 7 INFO neutron.db.ovn_revision_numbers_db [None req-1894bb70-5e1e-4d1c-896b-8d7d284c1c0d 43b22d4f6e4e429abeb06354488dbaca 7f3f7d0a0afc4ed68c902cac8b6c1f18 - - default default] Successfully bumped revision number for resource 2fe4cfd3-8c2d-4a4c-8054-da8577a550df (type: router_ports) to 1 [pid: 8|app: 0|req: 193/384] 10.0.0.148 () {34 vars in 783 bytes} [Thu Apr 16 01:16:31 2026] PUT /v2.0/routers/fefd3be5-dad9-4ae5-ba51-479064b76c41/add_router_interface => generated 309 bytes in 2393 msecs (HTTP/1.1 200) 4 headers in 157 bytes (1 switches on core 0) [pid: 7|app: 0|req: 192/385] 10.0.0.148 () {34 vars in 783 bytes} [Thu Apr 16 01:16:29 2026] PUT /v2.0/routers/a03ab4b2-25d5-44a9-97f6-5a74d824d834/add_router_interface => generated 309 bytes in 4461 msecs (HTTP/1.1 200) 4 headers in 157 bytes (1 switches on core 0)
2026-04-16 01:16:33.759 7 INFO neutron.db.ovn_revision_numbers_db [req-a02988b4-f104-42dd-beb3-47b07fb3b999 req-1c366b2a-75ff-49f5-aeda-db4183815de1 d52fa3f338d246d7abfdb4ef690e8141 74a91ed9c526472daf52d5d303edc5ed - - default default] Successfully bumped revision number for resource ff6917e8-94b0-4384-a9a0-9bd7e94c0a97 (type: security_groups) to 1
2026-04-16 01:16:33.769 7 INFO neutron.db.ovn_revision_numbers_db [req-a02988b4-f104-42dd-beb3-47b07fb3b999 req-1c366b2a-75ff-49f5-aeda-db4183815de1 d52fa3f338d246d7abfdb4ef690e8141 74a91ed9c526472daf52d5d303edc5ed - - default default] Successfully bumped revision number for resource 427715e3-c340-424d-85df-ec7e9bc5d841 (type: security_group_rules) to 0
2026-04-16 01:16:33.780 7 INFO neutron.db.ovn_revision_numbers_db [req-a02988b4-f104-42dd-beb3-47b07fb3b999 req-1c366b2a-75ff-49f5-aeda-db4183815de1 d52fa3f338d246d7abfdb4ef690e8141 74a91ed9c526472daf52d5d303edc5ed - - default default] Successfully bumped revision number for resource 9d12fcf0-7885-43d8-80c1-8fca4d5f0f4d (type: security_group_rules) to 0 [pid: 7|app: 0|req: 193/386] 10.0.0.225 () {38 vars in 971 bytes} [Thu Apr 16 01:16:33 2026] POST /v2.0/security-groups => generated 1686 bytes in 307 msecs (HTTP/1.1 201) 4 headers in 163 bytes (1 switches on core 0)
2026-04-16 01:16:34.084 8 WARNING neutron.scheduler.dhcp_agent_scheduler [None req-a4f09185-990e-4277-98c9-94c9c006b70c 43b22d4f6e4e429abeb06354488dbaca 7f3f7d0a0afc4ed68c902cac8b6c1f18 - - default default] No more DHCP agents
2026-04-16 01:16:34.086 8 WARNING neutron.api.rpc.agentnotifiers.dhcp_rpc_agent_api [None req-a4f09185-990e-4277-98c9-94c9c006b70c 43b22d4f6e4e429abeb06354488dbaca 7f3f7d0a0afc4ed68c902cac8b6c1f18 - - default default] Unable to schedule network 3ddc1862-6866-4fc9-9c7e-9a24219e58b7: no agents available; will retry on subsequent port and subnet creation events.
2026-04-16 01:16:34.235 8 INFO neutron.db.ovn_revision_numbers_db [None req-a4f09185-990e-4277-98c9-94c9c006b70c 43b22d4f6e4e429abeb06354488dbaca 7f3f7d0a0afc4ed68c902cac8b6c1f18 - - default default] Successfully bumped revision number for resource 6429282d-fce9-474d-82cd-52384322bd0e (type: ports) to 1
2026-04-16 01:16:34.257 7 INFO neutron.db.ovn_revision_numbers_db [None req-80bc70ba-91e1-424b-9715-a956c914f279 52b4d216f45540f59219ae26de914a73 c6324f6c0841412483d575128a7464ed - - default default] Successfully bumped revision number for resource c17ba1cb-877c-4fe0-b338-5c4d557f2e1b (type: security_groups) to 1
2026-04-16 01:16:34.270 7 INFO neutron.db.ovn_revision_numbers_db [None req-80bc70ba-91e1-424b-9715-a956c914f279 52b4d216f45540f59219ae26de914a73 c6324f6c0841412483d575128a7464ed - - default default] Successfully bumped revision number for resource 2a9eb224-17bf-43a2-a287-2ca24200ce45 (type: security_group_rules) to 0
2026-04-16 01:16:34.281 7 INFO neutron.db.ovn_revision_numbers_db [None req-80bc70ba-91e1-424b-9715-a956c914f279 52b4d216f45540f59219ae26de914a73 c6324f6c0841412483d575128a7464ed - - default default] Successfully bumped revision number for resource e3f90303-ea01-4354-a108-8dc32c0ba2cf (type: security_group_rules) to 0 [pid: 7|app: 0|req: 194/387] 10.0.0.148 () {34 vars in 685 bytes} [Thu Apr 16 01:16:34 2026] POST /v2.0/security-groups => generated 1660 bytes in 221 msecs (HTTP/1.1 201) 4 headers in 163 bytes (1 switches on core 0)
2026-04-16 01:16:34.467 7 INFO neutron.db.ovn_revision_numbers_db [req-63b77a7d-e3eb-437e-8468-5da20860570b req-c8554fa9-9828-4ea8-8e09-b9cae724c7fa 11e1c916ac53485ab7d78dc18a10e599 a7aa0f07f62646a59d5b525fe94c85d4 - - default default] Successfully bumped revision number for resource 0487de56-70c3-43a3-a0ba-ba12e0c9e757 (type: security_groups) to 1
2026-04-16 01:16:34.477 7 INFO neutron.db.ovn_revision_numbers_db [req-63b77a7d-e3eb-437e-8468-5da20860570b req-c8554fa9-9828-4ea8-8e09-b9cae724c7fa 11e1c916ac53485ab7d78dc18a10e599 a7aa0f07f62646a59d5b525fe94c85d4 - - default default] Successfully bumped revision number for resource 9aaefb30-1d47-4040-b34f-e3bd87c670d9 (type: security_group_rules) to 0
2026-04-16 01:16:34.492 7 INFO neutron.db.ovn_revision_numbers_db [req-63b77a7d-e3eb-437e-8468-5da20860570b req-c8554fa9-9828-4ea8-8e09-b9cae724c7fa 11e1c916ac53485ab7d78dc18a10e599 a7aa0f07f62646a59d5b525fe94c85d4 - - default default] Successfully bumped revision number for resource ba181d44-531b-44af-97ed-23aa68454498 (type: security_group_rules) to 0 [pid: 7|app: 0|req: 195/388] 10.0.0.225 () {38 vars in 971 bytes} [Thu Apr 16 01:16:34 2026] POST /v2.0/security-groups => generated 1681 bytes in 203 msecs (HTTP/1.1 201) 4 headers in 163 bytes (1 switches on core 0) [pid: 7|app: 0|req: 196/389] 10.0.0.225 () {34 vars in 991 bytes} [Thu Apr 16 01:16:34 2026] GET /v2.0/security-groups/ff6917e8-94b0-4384-a9a0-9bd7e94c0a97 => generated 1686 bytes in 73 msecs (HTTP/1.1 200) 4 headers in 158 bytes (1 switches on core 0)
2026-04-16 01:16:34.755 7 INFO neutron.db.ovn_revision_numbers_db [None req-bb964972-565a-4d45-b394-f25b1a716b5d 52b4d216f45540f59219ae26de914a73 c6324f6c0841412483d575128a7464ed - - default default] Successfully bumped revision number for resource c0b260f5-3ea1-4a93-97b1-3b0a077a1103 (type: security_group_rules) to 0 [pid: 7|app: 0|req: 197/390] 10.0.0.148 () {34 vars in 695 bytes} [Thu Apr 16 01:16:34 2026] POST /v2.0/security-group-rules => generated 597 bytes in 179 msecs (HTTP/1.1 201) 4 headers in 162 bytes (1 switches on core 0)
2026-04-16 01:16:34.815 8 INFO neutron.plugins.ml2.drivers.ovn.mech_driver.ovsdb.commands [None req-521e27be-afc6-428d-b799-24a53927f6da - - - - - -] Schedule LRP lrp-6429282d-fce9-474d-82cd-52384322bd0e on gateway b28970ab-bc7e-4a37-8114-a44683636eed with priority 1
2026-04-16 01:16:34.854 8 INFO neutron.plugins.ml2.drivers.ovn.mech_driver.ovsdb.ovsdb_monitor [None req-01b12a11-fb9b-4492-ad59-699d271f4e0a - - - - - -] Router 04ccd0fd-8e19-4d29-8af0-688b40750a05 is bound to host instance
2026-04-16 01:16:34.962 8 INFO neutron.db.ovn_revision_numbers_db [None req-a4f09185-990e-4277-98c9-94c9c006b70c 43b22d4f6e4e429abeb06354488dbaca 7f3f7d0a0afc4ed68c902cac8b6c1f18 - - default default] Successfully bumped revision number for resource 6429282d-fce9-474d-82cd-52384322bd0e (type: router_ports) to 1
2026-04-16 01:16:34.977 7 INFO neutron.db.ovn_revision_numbers_db [req-661d2e6e-e5b2-4e8a-9703-b5f23c2a0afd req-8d02ab03-18cd-4453-9204-6f26be5d2d73 11e1c916ac53485ab7d78dc18a10e599 a7aa0f07f62646a59d5b525fe94c85d4 - - default default] Successfully bumped revision number for resource a58b2158-37b1-47fe-814b-5eb04dc27d8f (type: security_groups) to 1
2026-04-16 01:16:34.990 7 INFO neutron.db.ovn_revision_numbers_db [req-661d2e6e-e5b2-4e8a-9703-b5f23c2a0afd req-8d02ab03-18cd-4453-9204-6f26be5d2d73 11e1c916ac53485ab7d78dc18a10e599 a7aa0f07f62646a59d5b525fe94c85d4 - - default default] Successfully bumped revision number for resource a4ce1eaf-c37d-4628-817d-18683c1f27c8 (type: security_group_rules) to 0
2026-04-16 01:16:35.024 7 INFO neutron.db.ovn_revision_numbers_db [req-661d2e6e-e5b2-4e8a-9703-b5f23c2a0afd req-8d02ab03-18cd-4453-9204-6f26be5d2d73 11e1c916ac53485ab7d78dc18a10e599 a7aa0f07f62646a59d5b525fe94c85d4 - - default default] Successfully bumped revision number for resource e02f035b-7c68-466e-ac0d-3de5927b5121 (type: security_group_rules) to 0 [pid: 7|app: 0|req: 198/391] 10.0.0.225 () {38 vars in 971 bytes} [Thu Apr 16 01:16:34 2026] POST /v2.0/security-groups => generated 1682 bytes in 270 msecs (HTTP/1.1 201) 4 headers in 163 bytes (1 switches on core 0)
2026-04-16 01:16:35.114 8 INFO neutron.db.ovn_revision_numbers_db [None req-a4f09185-990e-4277-98c9-94c9c006b70c 43b22d4f6e4e429abeb06354488dbaca 7f3f7d0a0afc4ed68c902cac8b6c1f18 - - default default] Successfully bumped revision number for resource 04ccd0fd-8e19-4d29-8af0-688b40750a05 (type: routers) to 2 [pid: 8|app: 0|req: 194/392] 10.0.0.148 () {34 vars in 669 bytes} [Thu Apr 16 01:16:33 2026] POST /v2.0/routers => generated 977 bytes in 1630 msecs (HTTP/1.1 201) 4 headers in 162 bytes (1 switches on core 0)
2026-04-16 01:16:35.224 7 INFO neutron.db.ovn_revision_numbers_db [req-3ab5257c-d1ef-4fd9-b7cc-1c9b2825c266 req-a05caa27-9bfb-47f6-8bab-be70e072b397 d52fa3f338d246d7abfdb4ef690e8141 74a91ed9c526472daf52d5d303edc5ed - - default default] Successfully bumped revision number for resource d69e7e8f-9d0c-4d24-8cab-f7c31c1d2f77 (type: security_group_rules) to 0 [pid: 7|app: 0|req: 199/393] 10.0.0.225 () {38 vars in 981 bytes} [Thu Apr 16 01:16:35 2026] POST /v2.0/security-group-rules => generated 614 bytes in 206 msecs (HTTP/1.1 201) 4 headers in 162 bytes (1 switches on core 0)
2026-04-16 01:16:35.429 7 INFO neutron.db.ovn_revision_numbers_db [req-57a1f470-4bcb-4a13-bf54-f4ae14cb1870 req-18839927-dd99-438d-800d-7d9337aad48d 11e1c916ac53485ab7d78dc18a10e599 a7aa0f07f62646a59d5b525fe94c85d4 - - default default] Successfully bumped revision number for resource 734c63f0-7f51-4ef0-8983-eb2bdfc1adbd (type: security_groups) to 1
2026-04-16 01:16:35.445 7 INFO neutron.db.ovn_revision_numbers_db [req-57a1f470-4bcb-4a13-bf54-f4ae14cb1870 req-18839927-dd99-438d-800d-7d9337aad48d 11e1c916ac53485ab7d78dc18a10e599 a7aa0f07f62646a59d5b525fe94c85d4 - - default default] Successfully bumped revision number for resource 0fdf2460-765c-45af-b876-8cd1424c38c9 (type: security_group_rules) to 0
2026-04-16 01:16:35.464 7 INFO neutron.db.ovn_revision_numbers_db [req-57a1f470-4bcb-4a13-bf54-f4ae14cb1870 req-18839927-dd99-438d-800d-7d9337aad48d 11e1c916ac53485ab7d78dc18a10e599 a7aa0f07f62646a59d5b525fe94c85d4 - - default default] Successfully bumped revision number for resource 7ce1f6a5-8ee0-4f80-9afd-bf3d66c484ae (type: security_group_rules) to 0
2026-04-16 01:16:35.482 8 INFO neutron.db.ovn_revision_numbers_db [None req-cbd239d7-8847-4935-a3b0-8ada78966faa 52b4d216f45540f59219ae26de914a73 c6324f6c0841412483d575128a7464ed - - default default] Successfully bumped revision number for resource df8ba103-d1da-4566-9124-01e280e2e3b8 (type: security_group_rules) to 0 [pid: 7|app: 0|req: 200/394] 10.0.0.225 () {38 vars in 971 bytes} [Thu Apr 16 01:16:35 2026] POST /v2.0/security-groups => generated 1681 bytes in 238 msecs (HTTP/1.1 201) 4 headers in 163 bytes (1 switches on core 0) [pid: 8|app: 0|req: 195/395] 10.0.0.148 () {34 vars in 695 bytes} [Thu Apr 16 01:16:35 2026] POST /v2.0/security-group-rules => generated 602 bytes in 445 msecs (HTTP/1.1 201) 4 headers in 162 bytes (1 switches on core 0)
2026-04-16 01:16:35.825 8 INFO neutron.db.ovn_revision_numbers_db [req-8ff6526e-ac2d-40f4-bf4b-1bedb74a34c9 req-c3d6fc36-8965-43aa-b6f5-051e6b84b4f1 d52fa3f338d246d7abfdb4ef690e8141 74a91ed9c526472daf52d5d303edc5ed - - default default] Successfully bumped revision number for resource e797db32-da6d-4759-a5fa-2d9c4bb22b2a (type: security_groups) to 1
2026-04-16 01:16:35.845 8 INFO neutron.db.ovn_revision_numbers_db [req-8ff6526e-ac2d-40f4-bf4b-1bedb74a34c9 req-c3d6fc36-8965-43aa-b6f5-051e6b84b4f1 d52fa3f338d246d7abfdb4ef690e8141 74a91ed9c526472daf52d5d303edc5ed - - default default] Successfully bumped revision number for resource 67598481-3c9d-4a94-ba60-daa3a07e06ed (type: security_group_rules) to 0
2026-04-16 01:16:35.867 8 INFO neutron.db.ovn_revision_numbers_db [req-8ff6526e-ac2d-40f4-bf4b-1bedb74a34c9 req-c3d6fc36-8965-43aa-b6f5-051e6b84b4f1 d52fa3f338d246d7abfdb4ef690e8141 74a91ed9c526472daf52d5d303edc5ed - - default default] Successfully bumped revision number for resource faeb1dbb-83bc-4f42-a6d2-ec6144858b80 (type: security_group_rules) to 0 [pid: 8|app: 0|req: 196/396] 10.0.0.225 () {38 vars in 971 bytes} [Thu Apr 16 01:16:35 2026] POST /v2.0/security-groups => generated 1685 bytes in 344 msecs (HTTP/1.1 201) 4 headers in 163 bytes (1 switches on core 0)
2026-04-16 01:16:35.952 7 WARNING neutron.scheduler.dhcp_agent_scheduler [None req-4b16f8f4-17ca-4f34-ae02-0e9a548e04f9 43b22d4f6e4e429abeb06354488dbaca 7f3f7d0a0afc4ed68c902cac8b6c1f18 - - default default] No more DHCP agents
2026-04-16 01:16:35.954 7 WARNING neutron.api.rpc.agentnotifiers.dhcp_rpc_agent_api [None req-4b16f8f4-17ca-4f34-ae02-0e9a548e04f9 43b22d4f6e4e429abeb06354488dbaca 7f3f7d0a0afc4ed68c902cac8b6c1f18 - - default default] Unable to schedule network 67cb0923-d6e8-40ac-8b6a-662d1779e6bf: no agents available; will retry on subsequent port and subnet creation events. [pid: 8|app: 0|req: 197/397] 10.0.0.225 () {34 vars in 1002 bytes} [Thu Apr 16 01:16:35 2026] GET /v2.0/security-groups?tenant_id=a7aa0f07f62646a59d5b525fe94c85d4 => generated 7905 bytes in 55 msecs (HTTP/1.1 200) 4 headers in 158 bytes (1 switches on core 0)
2026-04-16 01:16:36.094 7 INFO neutron.db.ovn_revision_numbers_db [None req-4b16f8f4-17ca-4f34-ae02-0e9a548e04f9 43b22d4f6e4e429abeb06354488dbaca 7f3f7d0a0afc4ed68c902cac8b6c1f18 - - default default] Successfully bumped revision number for resource dcff85f0-78cb-43cc-bde2-13f15bf58936 (type: ports) to 1
2026-04-16 01:16:36.347 8 INFO neutron.db.ovn_revision_numbers_db [None req-9633db33-78f7-4022-89e4-2686b9cfc899 - - - - - -] Successfully bumped revision number for resource 6429282d-fce9-474d-82cd-52384322bd0e (type: ports) to 4
2026-04-16 01:16:36.451 8 WARNING neutron.scheduler.dhcp_agent_scheduler [None req-b2cfe312-f704-435f-9f47-75116d9f1135 52b4d216f45540f59219ae26de914a73 c6324f6c0841412483d575128a7464ed - - default default] No more DHCP agents
2026-04-16 01:16:36.458 8 WARNING neutron.api.rpc.agentnotifiers.dhcp_rpc_agent_api [None req-b2cfe312-f704-435f-9f47-75116d9f1135 52b4d216f45540f59219ae26de914a73 c6324f6c0841412483d575128a7464ed - - default default] Unable to schedule network 3ddc1862-6866-4fc9-9c7e-9a24219e58b7: no agents available; will retry on subsequent port and subnet creation events.
2026-04-16 01:16:36.790 7 WARNING neutron.scheduler.dhcp_agent_scheduler [None req-4b16f8f4-17ca-4f34-ae02-0e9a548e04f9 43b22d4f6e4e429abeb06354488dbaca 7f3f7d0a0afc4ed68c902cac8b6c1f18 - - default default] No more DHCP agents
2026-04-16 01:16:36.792 7 WARNING neutron.api.rpc.agentnotifiers.dhcp_rpc_agent_api [None req-4b16f8f4-17ca-4f34-ae02-0e9a548e04f9 43b22d4f6e4e429abeb06354488dbaca 7f3f7d0a0afc4ed68c902cac8b6c1f18 - - default default] Unable to schedule network 67cb0923-d6e8-40ac-8b6a-662d1779e6bf: no agents available; will retry on subsequent port and subnet creation events.
2026-04-16 01:16:36.987 8 INFO neutron.db.ovn_revision_numbers_db [None req-9633db33-78f7-4022-89e4-2686b9cfc899 - - - - - -] Successfully bumped revision number for resource 6429282d-fce9-474d-82cd-52384322bd0e (type: ports) to 5 [pid: 8|app: 0|req: 198/398] 10.0.0.148 () {34 vars in 676 bytes} [Thu Apr 16 01:16:35 2026] POST /v2.0/floatingips => generated 552 bytes in 1019 msecs (HTTP/1.1 201) 4 headers in 162 bytes (1 switches on core 0) [pid: 8|app: 0|req: 199/399] 10.0.0.225 () {34 vars in 991 bytes} [Thu Apr 16 01:16:37 2026] GET /v2.0/security-groups/e797db32-da6d-4759-a5fa-2d9c4bb22b2a => generated 1685 bytes in 39 msecs (HTTP/1.1 200) 4 headers in 158 bytes (1 switches on core 0) [pid: 8|app: 0|req: 200/400] 10.0.0.225 () {34 vars in 991 bytes} [Thu Apr 16 01:16:37 2026] GET /v2.0/security-groups/c7115aae-00c7-4ce3-ac00-0edd12c21d39 => generated 2918 bytes in 56 msecs (HTTP/1.1 200) 4 headers in 158 bytes (1 switches on core 0)
2026-04-16 01:16:37.266 8 INFO neutron.db.ovn_revision_numbers_db [req-1359f3aa-a2f8-455b-88ed-874e2ba4d6b7 req-6299960c-9e2f-4c4d-b4fa-03d9f000bf08 d52fa3f338d246d7abfdb4ef690e8141 74a91ed9c526472daf52d5d303edc5ed - - default default] Successfully bumped revision number for resource 49daebdc-e468-4cf4-b8d7-fba4418773fa (type: security_group_rules) to 0
2026-04-16 01:16:37.296 7 INFO neutron.db.ovn_revision_numbers_db [None req-4b16f8f4-17ca-4f34-ae02-0e9a548e04f9 43b22d4f6e4e429abeb06354488dbaca 7f3f7d0a0afc4ed68c902cac8b6c1f18 - - default default] Successfully bumped revision number for resource dcff85f0-78cb-43cc-bde2-13f15bf58936 (type: router_ports) to 1 [pid: 7|app: 0|req: 201/401] 10.0.0.148 () {34 vars in 783 bytes} [Thu Apr 16 01:16:35 2026] PUT /v2.0/routers/04ccd0fd-8e19-4d29-8af0-688b40750a05/add_router_interface => generated 309 bytes in 1811 msecs (HTTP/1.1 200) 4 headers in 157 bytes (1 switches on core 0) [pid: 7|app: 0|req: 202/402] 10.0.0.225 () {34 vars in 991 bytes} [Thu Apr 16 01:16:37 2026] GET /v2.0/security-groups/c7115aae-00c7-4ce3-ac00-0edd12c21d39 => generated 2918 bytes in 37 msecs (HTTP/1.1 200) 4 headers in 158 bytes (1 switches on core 0) [pid: 8|app: 0|req: 201/405] 10.0.0.225 () {38 vars in 981 bytes} [Thu Apr 16 01:16:37 2026] POST /v2.0/security-group-rules => generated 614 bytes in 270 msecs (HTTP/1.1 201) 4 headers in 162 bytes (1 switches on core 0) [pid: 7|app: 0|req: 205/406] 10.0.0.225 () {34 vars in 991 bytes} [Thu Apr 16 01:16:37 2026] GET /v2.0/security-groups/0487de56-70c3-43a3-a0ba-ba12e0c9e757 => generated 1681 bytes in 24 msecs (HTTP/1.1 200) 4 headers in 158 bytes (1 switches on core 0) [pid: 7|app: 0|req: 206/407] 10.0.0.225 () {34 vars in 1098 bytes} [Thu Apr 16 01:16:37 2026] GET /v2.0/security-groups?name=tempest-securitygroup--731703428&fields=id&tenant_id=c6324f6c0841412483d575128a7464ed => generated 69 bytes in 36 msecs (HTTP/1.1 200) 4 headers in 156 bytes (1 switches on core 0) [pid: 8|app: 0|req: 202/408] 10.0.0.225 () {36 vars in 1013 bytes} [Thu Apr 16 01:16:37 2026] DELETE /v2.0/security-groups/0487de56-70c3-43a3-a0ba-ba12e0c9e757 => generated 0 bytes in 128 msecs (HTTP/1.1 204) 2 headers in 112 bytes (1 switches on core 0) [pid: 7|app: 0|req: 207/409] 10.0.0.225 () {34 vars in 982 bytes} [Thu Apr 16 01:16:37 2026] GET /v2.0/networks?id=64d81320-025c-48ad-b311-96a1b6180504 => generated 708 bytes in 60 msecs (HTTP/1.1 200) 4 headers in 157 bytes (1 switches on core 0) [pid: 7|app: 0|req: 208/410] 10.0.0.225 () {34 vars in 965 bytes} [Thu Apr 16 01:16:37 2026] GET /v2.0/quotas/c6324f6c0841412483d575128a7464ed => generated 292 bytes in 11 msecs (HTTP/1.1 200) 4 headers in 157 bytes (1 switches on core 0) [pid: 8|app: 0|req: 203/411] 10.0.0.225 () {34 vars in 991 bytes} [Thu Apr 16 01:16:37 2026] GET /v2.0/security-groups/e797db32-da6d-4759-a5fa-2d9c4bb22b2a => generated 2310 bytes in 37 msecs (HTTP/1.1 200) 4 headers in 158 bytes (1 switches on core 0) [pid: 7|app: 0|req: 209/412] 10.0.0.225 () {34 vars in 1002 bytes} [Thu Apr 16 01:16:37 2026] GET /v2.0/ports?tenant_id=c6324f6c0841412483d575128a7464ed&fields=id => generated 103 bytes in 100 msecs (HTTP/1.1 200) 4 headers in 157 bytes (1 switches on core 0) [pid: 7|app: 0|req: 210/413] 10.0.0.225 () {34 vars in 907 bytes} [Thu Apr 16 01:16:38 2026] GET /v2.0/extensions => generated 20541 bytes in 56 msecs (HTTP/1.1 200) 4 headers in 159 bytes (1 switches on core 0)
2026-04-16 01:16:38.182 8 WARNING neutron.plugins.ml2.drivers.ovn.mech_driver.ovsdb.ovn_client [None req-7c733fbf-fb13-493e-a503-7535a01cc95a - - - - - -] No hosting information found for port a4fbc309-6a71-409d-9eb0-57c00d458263: RuntimeError: No hosting information found for port a4fbc309-6a71-409d-9eb0-57c00d458263 [pid: 7|app: 0|req: 211/414] 10.0.0.225 () {34 vars in 1008 bytes} [Thu Apr 16 01:16:38 2026] GET /v2.0/networks/64d81320-025c-48ad-b311-96a1b6180504?fields=segments => generated 14 bytes in 78 msecs (HTTP/1.1 200) 4 headers in 156 bytes (1 switches on core 0) [pid: 7|app: 0|req: 212/415] 10.0.0.225 () {34 vars in 1108 bytes} [Thu Apr 16 01:16:38 2026] GET /v2.0/networks/64d81320-025c-48ad-b311-96a1b6180504?fields=provider%3Aphysical_network&fields=provider%3Anetwork_type => generated 79 bytes in 82 msecs (HTTP/1.1 200) 4 headers in 156 bytes (1 switches on core 0)
2026-04-16 01:16:38.336 8 INFO neutron.db.ovn_revision_numbers_db [req-ff2a89d1-7b83-4b70-9d75-2048bb1acf81 req-79596dc9-9eb6-4820-be26-8f51baca6302 d52fa3f338d246d7abfdb4ef690e8141 74a91ed9c526472daf52d5d303edc5ed - - default default] Successfully bumped revision number for resource 8ce2931e-8962-47d2-b0e3-3f394bb6361b (type: security_group_rules) to 0
2026-04-16 01:16:38.395 8 INFO neutron.db.ovn_revision_numbers_db [None req-7c733fbf-fb13-493e-a503-7535a01cc95a - - - - - -] Successfully bumped revision number for resource a4fbc309-6a71-409d-9eb0-57c00d458263 (type: router_ports) to 2
2026-04-16 01:16:38.396 8 INFO neutron.plugins.ml2.drivers.ovn.mech_driver.mech_driver [None req-7c733fbf-fb13-493e-a503-7535a01cc95a - - - - - -] OVN reports status down for port: 4037ae4c-cf37-4981-bd34-b292446d0400 [pid: 8|app: 0|req: 204/416] 10.0.0.225 () {38 vars in 981 bytes} [Thu Apr 16 01:16:37 2026] POST /v2.0/security-group-rules => generated 619 bytes in 791 msecs (HTTP/1.1 201) 4 headers in 162 bytes (1 switches on core 0)
2026-04-16 01:16:38.449 7 INFO neutron.api.v2.resource [req-d36c2fc7-9d40-48a1-8541-1cc8744b5c83 req-84262319-51c1-4128-8ab6-e78c2334b27c 11e1c916ac53485ab7d78dc18a10e599 a7aa0f07f62646a59d5b525fe94c85d4 - - default default] show failed (client error): The resource could not be found. [pid: 7|app: 0|req: 213/417] 10.0.0.225 () {34 vars in 991 bytes} [Thu Apr 16 01:16:38 2026] GET /v2.0/security-groups/0487de56-70c3-43a3-a0ba-ba12e0c9e757 => generated 146 bytes in 14 msecs (HTTP/1.1 404) 4 headers in 164 bytes (1 switches on core 0)
2026-04-16 01:16:38.475 8 WARNING neutron.plugins.ml2.drivers.ovn.mech_driver.ovsdb.ovn_client [None req-7c733fbf-fb13-493e-a503-7535a01cc95a - - - - - -] Logical_Switch_Port %s host information not removed, the port state is up
2026-04-16 01:16:38.572 8 INFO neutron.plugins.ml2.drivers.ovn.mech_driver.mech_driver [None req-7c733fbf-fb13-493e-a503-7535a01cc95a - - - - - -] OVN reports status up for port: 4037ae4c-cf37-4981-bd34-b292446d0400 [pid: 8|app: 0|req: 205/418] 10.0.0.225 () {34 vars in 991 bytes} [Thu Apr 16 01:16:38 2026] GET /v2.0/security-groups/e797db32-da6d-4759-a5fa-2d9c4bb22b2a => generated 2940 bytes in 73 msecs (HTTP/1.1 200) 4 headers in 158 bytes (1 switches on core 0)
2026-04-16 01:16:38.648 8 INFO neutron.plugins.ml2.plugin [None req-7c733fbf-fb13-493e-a503-7535a01cc95a - - - - - -] Attempt 1 to provision port 4037ae4c-cf37-4981-bd34-b292446d0400 [pid: 8|app: 0|req: 206/419] 10.0.0.225 () {34 vars in 991 bytes} [Thu Apr 16 01:16:38 2026] GET /v2.0/security-groups/a58b2158-37b1-47fe-814b-5eb04dc27d8f => generated 1682 bytes in 69 msecs (HTTP/1.1 200) 4 headers in 158 bytes (1 switches on core 0) [pid: 8|app: 0|req: 207/420] 10.0.0.225 () {34 vars in 990 bytes} [Thu Apr 16 01:16:38 2026] GET /v2.0/ports?device_id=0fcb4574-e358-4ca6-ab44-a5e28ac13d0a => generated 12 bytes in 82 msecs (HTTP/1.1 200) 4 headers in 156 bytes (1 switches on core 0) [pid: 8|app: 0|req: 208/421] 10.0.0.225 () {36 vars in 1013 bytes} [Thu Apr 16 01:16:38 2026] DELETE /v2.0/security-groups/a58b2158-37b1-47fe-814b-5eb04dc27d8f => generated 0 bytes in 326 msecs (HTTP/1.1 204) 2 headers in 112 bytes (1 switches on core 0)
2026-04-16 01:16:39.110 7 WARNING neutron.plugins.ml2.drivers.ovn.mech_driver.ovsdb.ovn_client [None req-65b06570-1a16-4c65-973c-ecbc8dbb5bf9 - - - - - -] No hosting information found for port 2fe4cfd3-8c2d-4a4c-8054-da8577a550df: RuntimeError: No hosting information found for port 2fe4cfd3-8c2d-4a4c-8054-da8577a550df [pid: 8|app: 0|req: 209/422] 10.0.0.225 () {34 vars in 1001 bytes} [Thu Apr 16 01:16:39 2026] GET /v2.0/security-group-rules/8ce2931e-8962-47d2-b0e3-3f394bb6361b => generated 616 bytes in 41 msecs (HTTP/1.1 200) 4 headers in 157 bytes (1 switches on core 0)
2026-04-16 01:16:39.143 8 INFO neutron.api.v2.resource [req-fe52bb31-c807-46d6-a66e-e0ffc0834bc4 req-13e12aee-f4de-4ed4-94da-fb74855d0be1 11e1c916ac53485ab7d78dc18a10e599 a7aa0f07f62646a59d5b525fe94c85d4 - - default default] show failed (client error): The resource could not be found. [pid: 8|app: 0|req: 210/423] 10.0.0.225 () {34 vars in 991 bytes} [Thu Apr 16 01:16:39 2026] GET /v2.0/security-groups/a58b2158-37b1-47fe-814b-5eb04dc27d8f => generated 146 bytes in 25 msecs (HTTP/1.1 404) 4 headers in 164 bytes (1 switches on core 0) [pid: 8|app: 0|req: 211/424] 10.0.0.225 () {34 vars in 991 bytes} [Thu Apr 16 01:16:39 2026] GET /v2.0/security-groups/e797db32-da6d-4759-a5fa-2d9c4bb22b2a => generated 2940 bytes in 78 msecs (HTTP/1.1 200) 4 headers in 158 bytes (1 switches on core 0) [pid: 8|app: 0|req: 212/425] 10.0.0.225 () {34 vars in 991 bytes} [Thu Apr 16 01:16:39 2026] GET /v2.0/security-groups/734c63f0-7f51-4ef0-8983-eb2bdfc1adbd => generated 1681 bytes in 97 msecs (HTTP/1.1 200) 4 headers in 158 bytes (1 switches on core 0)
2026-04-16 01:16:39.339 7 INFO neutron.db.ovn_revision_numbers_db [None req-65b06570-1a16-4c65-973c-ecbc8dbb5bf9 - - - - - -] Successfully bumped revision number for resource 2fe4cfd3-8c2d-4a4c-8054-da8577a550df (type: router_ports) to 2
2026-04-16 01:16:39.371 7 INFO neutron.db.ovn_revision_numbers_db [None req-afe5210c-e5dc-46ae-a8da-d6179bc5bad9 e37d69f45e6747cd8430dfeeaea34159 8a6735550e224d5bb3c9b96a6ec120a9 - - default default] Successfully bumped revision number for resource fb1003cc-3c3b-404b-a596-6f4b2e607c4f (type: security_groups) to 1
2026-04-16 01:16:39.402 7 INFO neutron.db.ovn_revision_numbers_db [None req-afe5210c-e5dc-46ae-a8da-d6179bc5bad9 e37d69f45e6747cd8430dfeeaea34159 8a6735550e224d5bb3c9b96a6ec120a9 - - default default] Successfully bumped revision number for resource 95f85f9b-8b0a-4f9d-89cc-5dfeca9b648a (type: security_group_rules) to 0
2026-04-16 01:16:39.420 7 INFO neutron.db.ovn_revision_numbers_db [None req-afe5210c-e5dc-46ae-a8da-d6179bc5bad9 e37d69f45e6747cd8430dfeeaea34159 8a6735550e224d5bb3c9b96a6ec120a9 - - default default] Successfully bumped revision number for resource e50a197d-7159-497b-8c5a-0aede483124b (type: security_group_rules) to 0 [pid: 7|app: 0|req: 214/426] 10.0.0.148 () {34 vars in 685 bytes} [Thu Apr 16 01:16:38 2026] POST /v2.0/security-groups => generated 1660 bytes in 865 msecs (HTTP/1.1 201) 4 headers in 163 bytes (1 switches on core 0)
2026-04-16 01:16:39.630 8 INFO neutron.db.ovn_revision_numbers_db [None req-7c733fbf-fb13-493e-a503-7535a01cc95a - - - - - -] Successfully bumped revision number for resource 4037ae4c-cf37-4981-bd34-b292446d0400 (type: ports) to 2 [pid: 7|app: 0|req: 215/427] 10.0.0.225 () {36 vars in 1013 bytes} [Thu Apr 16 01:16:39 2026] DELETE /v2.0/security-groups/734c63f0-7f51-4ef0-8983-eb2bdfc1adbd => generated 0 bytes in 168 msecs (HTTP/1.1 204) 2 headers in 112 bytes (1 switches on core 0) [pid: 8|app: 0|req: 213/428] 10.0.0.225 () {36 vars in 1023 bytes} [Thu Apr 16 01:16:39 2026] DELETE /v2.0/security-group-rules/8ce2931e-8962-47d2-b0e3-3f394bb6361b => generated 0 bytes in 475 msecs (HTTP/1.1 204) 2 headers in 112 bytes (1 switches on core 0)
2026-04-16 01:16:39.807 7 INFO neutron.db.ovn_revision_numbers_db [None req-78647893-0840-434a-be5f-04fb95f5d3be e37d69f45e6747cd8430dfeeaea34159 8a6735550e224d5bb3c9b96a6ec120a9 - - default default] Successfully bumped revision number for resource 9e23c458-a66f-4789-bad2-71be55aadbef (type: security_group_rules) to 0
2026-04-16 01:16:39.832 8 INFO neutron.api.v2.resource [req-598d0280-94db-4601-8362-3d8998724c15 req-192871fb-b17e-4bea-b8d4-46db32478cd0 11e1c916ac53485ab7d78dc18a10e599 a7aa0f07f62646a59d5b525fe94c85d4 - - default default] show failed (client error): The resource could not be found. [pid: 8|app: 0|req: 214/429] 10.0.0.225 () {34 vars in 991 bytes} [Thu Apr 16 01:16:39 2026] GET /v2.0/security-groups/734c63f0-7f51-4ef0-8983-eb2bdfc1adbd => generated 146 bytes in 36 msecs (HTTP/1.1 404) 4 headers in 164 bytes (1 switches on core 0) [pid: 8|app: 0|req: 215/430] 10.0.0.225 () {34 vars in 991 bytes} [Thu Apr 16 01:16:39 2026] GET /v2.0/security-groups/e797db32-da6d-4759-a5fa-2d9c4bb22b2a => generated 2310 bytes in 27 msecs (HTTP/1.1 200) 4 headers in 158 bytes (1 switches on core 0) [pid: 7|app: 0|req: 216/431] 10.0.0.148 () {34 vars in 695 bytes} [Thu Apr 16 01:16:39 2026] POST /v2.0/security-group-rules => generated 597 bytes in 317 msecs (HTTP/1.1 201) 4 headers in 162 bytes (1 switches on core 0) [pid: 7|app: 0|req: 217/432] 10.0.0.225 () {34 vars in 990 bytes} [Thu Apr 16 01:16:39 2026] GET /v2.0/ports?device_id=0fcb4574-e358-4ca6-ab44-a5e28ac13d0a => generated 12 bytes in 38 msecs (HTTP/1.1 200) 4 headers in 156 bytes (1 switches on core 0) [pid: 8|app: 0|req: 216/433] 10.0.0.225 () {36 vars in 1013 bytes} [Thu Apr 16 01:16:39 2026] DELETE /v2.0/security-groups/e797db32-da6d-4759-a5fa-2d9c4bb22b2a => generated 0 bytes in 170 msecs (HTTP/1.1 204) 2 headers in 112 bytes (1 switches on core 0) [pid: 8|app: 0|req: 217/434] 10.0.0.225 () {34 vars in 1002 bytes} [Thu Apr 16 01:16:40 2026] GET /v2.0/security-groups?tenant_id=a7aa0f07f62646a59d5b525fe94c85d4 => generated 2921 bytes in 36 msecs (HTTP/1.1 200) 4 headers in 158 bytes (1 switches on core 0) [pid: 8|app: 0|req: 218/435] 10.0.0.225 () {34 vars in 991 bytes} [Thu Apr 16 01:16:40 2026] GET /v2.0/security-groups/ff6917e8-94b0-4384-a9a0-9bd7e94c0a97 => generated 2311 bytes in 31 msecs (HTTP/1.1 200) 4 headers in 158 bytes (1 switches on core 0)
