2026-04-16 01:18:35.762 7 INFO neutron.db.ovn_revision_numbers_db [None req-23dfd628-d6b0-4be3-9d09-f7c9dfd42acb 025cdda639ef48138d6edc1deff38962 f9f79f5f87b04f338e7767213bce1f8b - - default default] Successfully bumped revision number for resource f82c3872-03e6-471c-ad98-6f25c6327e5f (type: security_groups) to 1
2026-04-16 01:18:35.785 7 INFO neutron.db.ovn_revision_numbers_db [None req-23dfd628-d6b0-4be3-9d09-f7c9dfd42acb 025cdda639ef48138d6edc1deff38962 f9f79f5f87b04f338e7767213bce1f8b - - default default] Successfully bumped revision number for resource 33721dee-b32e-47a8-a56a-ad0aa6c82e9c (type: security_group_rules) to 0
2026-04-16 01:18:35.814 7 INFO neutron.db.ovn_revision_numbers_db [None req-23dfd628-d6b0-4be3-9d09-f7c9dfd42acb 025cdda639ef48138d6edc1deff38962 f9f79f5f87b04f338e7767213bce1f8b - - default default] Successfully bumped revision number for resource cab45480-2885-4b60-a693-cd68c97a45ab (type: security_group_rules) to 0
2026-04-16 01:18:35.878 7 INFO neutron.plugins.ml2.drivers.ovn.mech_driver.mech_driver [None req-2f32fd0f-f423-43e1-b0b3-c62f7bff3a47 - - - - - -] OVN reports status down for port: 398dee86-baf5-4773-a966-02856549e0bb
2026-04-16 01:18:35.897 8 INFO neutron.db.ovn_revision_numbers_db [None req-747d213b-72e6-4b98-bfd1-05a053748557 1a12a0df1f384dd7addc93d59cd65da8 daf347e4afb84c1a9d02b58159c355cf - - default default] Successfully bumped revision number for resource 398dee86-baf5-4773-a966-02856549e0bb (type: ports) to 1 [pid: 7|app: 0|req: 661/1318] 10.0.0.148 () {34 vars in 684 bytes} [Thu Apr 16 01:18:35 2026] POST /v2.0/security-groups => generated 1624 bytes in 269 msecs (HTTP/1.1 201) 4 headers in 163 bytes (1 switches on core 0)
2026-04-16 01:18:36.059 7 INFO neutron.db.ovn_revision_numbers_db [None req-4fc2a976-88bc-43ac-b4a4-99bd55866e8c 025cdda639ef48138d6edc1deff38962 f9f79f5f87b04f338e7767213bce1f8b - - default default] Successfully bumped revision number for resource 4f3ac0f9-4722-467e-9e8c-4de7a639bca6 (type: security_group_rules) to 0 [pid: 7|app: 0|req: 662/1319] 10.0.0.148 () {34 vars in 695 bytes} [Thu Apr 16 01:18:35 2026] POST /v2.0/security-group-rules => generated 601 bytes in 178 msecs (HTTP/1.1 201) 4 headers in 162 bytes (1 switches on core 0) [pid: 7|app: 0|req: 663/1320] 10.0.0.148 () {32 vars in 774 bytes} [Thu Apr 16 01:18:36 2026] GET /v2.0/security-groups?tenant_id=8e62f094dcab452e9f83ee7d1c6358a6&name=default => generated 2925 bytes in 145 msecs (HTTP/1.1 200) 4 headers in 158 bytes (1 switches on core 0) [pid: 7|app: 0|req: 664/1321] 10.0.0.148 () {32 vars in 747 bytes} [Thu Apr 16 01:18:36 2026] GET /v2.0/security-group-rules/4f3ac0f9-4722-467e-9e8c-4de7a639bca6 => generated 601 bytes in 15 msecs (HTTP/1.1 200) 4 headers in 157 bytes (1 switches on core 0)
2026-04-16 01:18:36.487 7 INFO neutron.plugins.ml2.drivers.ovn.mech_driver.mech_driver [None req-2f32fd0f-f423-43e1-b0b3-c62f7bff3a47 - - - - - -] OVN reports status up for port: 398dee86-baf5-4773-a966-02856549e0bb [pid: 7|app: 0|req: 665/1322] 10.0.0.148 () {32 vars in 740 bytes} [Thu Apr 16 01:18:36 2026] DELETE /v2.0/security-groups/ebd3086a-a1e4-47bd-912f-b7702dee3886 => generated 0 bytes in 251 msecs (HTTP/1.1 204) 2 headers in 112 bytes (1 switches on core 0)
2026-04-16 01:18:36.515 7 INFO neutron.plugins.ml2.plugin [None req-2f32fd0f-f423-43e1-b0b3-c62f7bff3a47 - - - - - -] Attempt 1 to provision port 398dee86-baf5-4773-a966-02856549e0bb
2026-04-16 01:18:36.557 8 WARNING neutron.scheduler.dhcp_agent_scheduler [None req-747d213b-72e6-4b98-bfd1-05a053748557 1a12a0df1f384dd7addc93d59cd65da8 daf347e4afb84c1a9d02b58159c355cf - - default default] No more DHCP agents
2026-04-16 01:18:36.558 8 WARNING neutron.api.rpc.agentnotifiers.dhcp_rpc_agent_api [None req-747d213b-72e6-4b98-bfd1-05a053748557 1a12a0df1f384dd7addc93d59cd65da8 daf347e4afb84c1a9d02b58159c355cf - - default default] Unable to schedule network 3a070eae-c06b-4778-ab69-b1298b258c46: no agents available; will retry on subsequent port and subnet creation events. [pid: 7|app: 0|req: 666/1323] 10.0.0.148 () {32 vars in 673 bytes} [Thu Apr 16 01:18:36 2026] GET /v2.0/security-group-rules => generated 4138 bytes in 130 msecs (HTTP/1.1 200) 4 headers in 158 bytes (1 switches on core 0)
2026-04-16 01:18:36.793 8 INFO neutron.db.ovn_revision_numbers_db [None req-747d213b-72e6-4b98-bfd1-05a053748557 1a12a0df1f384dd7addc93d59cd65da8 daf347e4afb84c1a9d02b58159c355cf - - default default] Successfully bumped revision number for resource 398dee86-baf5-4773-a966-02856549e0bb (type: router_ports) to 1 [pid: 8|app: 0|req: 658/1324] 10.0.0.148 () {34 vars in 783 bytes} [Thu Apr 16 01:18:35 2026] PUT /v2.0/routers/b6f516f9-0a7a-473f-8c95-8a317dfd25bc/add_router_interface => generated 309 bytes in 1529 msecs (HTTP/1.1 200) 4 headers in 157 bytes (1 switches on core 0) [pid: 8|app: 0|req: 659/1325] 10.0.0.148 () {32 vars in 717 bytes} [Thu Apr 16 01:18:36 2026] GET /v2.0/ports/398dee86-baf5-4773-a966-02856549e0bb => generated 941 bytes in 33 msecs (HTTP/1.1 200) 4 headers in 157 bytes (1 switches on core 0) [pid: 7|app: 0|req: 667/1326] 10.0.0.148 () {32 vars in 750 bytes} [Thu Apr 16 01:18:36 2026] DELETE /v2.0/security-group-rules/4f3ac0f9-4722-467e-9e8c-4de7a639bca6 => generated 0 bytes in 343 msecs (HTTP/1.1 204) 2 headers in 112 bytes (1 switches on core 0) [pid: 7|app: 0|req: 668/1327] 10.0.0.148 () {32 vars in 673 bytes} [Thu Apr 16 01:18:36 2026] GET /v2.0/security-group-rules => generated 3560 bytes in 151 msecs (HTTP/1.1 200) 4 headers in 158 bytes (1 switches on core 0)
2026-04-16 01:18:37.233 7 INFO neutron.db.ovn_revision_numbers_db [None req-2f32fd0f-f423-43e1-b0b3-c62f7bff3a47 - - - - - -] Successfully bumped revision number for resource 398dee86-baf5-4773-a966-02856549e0bb (type: ports) to 2
2026-04-16 01:18:37.280 8 WARNING neutron.scheduler.dhcp_agent_scheduler [None req-dcaed0a0-69cf-462e-bf4b-ed9c9db39c3c 1a12a0df1f384dd7addc93d59cd65da8 daf347e4afb84c1a9d02b58159c355cf - - default default] No more DHCP agents
2026-04-16 01:18:37.281 8 WARNING neutron.api.rpc.agentnotifiers.dhcp_rpc_agent_api [None req-dcaed0a0-69cf-462e-bf4b-ed9c9db39c3c 1a12a0df1f384dd7addc93d59cd65da8 daf347e4afb84c1a9d02b58159c355cf - - default default] Unable to schedule network 0ef7aba0-1239-4439-a52b-dc05aaee4404: no agents available; will retry on subsequent port and subnet creation events.
2026-04-16 01:18:37.365 7 INFO neutron.db.ovn_revision_numbers_db [None req-20df8f38-255a-4a4d-9221-a979a02bf0c2 025cdda639ef48138d6edc1deff38962 f9f79f5f87b04f338e7767213bce1f8b - - default default] Successfully bumped revision number for resource a0f1fbcb-1308-4f02-b59f-568581dbc247 (type: security_group_rules) to 0
2026-04-16 01:18:37.420 8 INFO neutron.plugins.ml2.drivers.ovn.mech_driver.mech_driver [None req-59103630-4fc7-46b8-9f1f-ce58414ad9d1 - - - - - -] OVN reports status down for port: d8427a74-2c81-4c15-b68b-51e246edd52e [pid: 7|app: 0|req: 669/1328] 10.0.0.148 () {34 vars in 695 bytes} [Thu Apr 16 01:18:37 2026] POST /v2.0/security-group-rules => generated 601 bytes in 302 msecs (HTTP/1.1 201) 4 headers in 162 bytes (1 switches on core 0)
2026-04-16 01:18:37.466 8 INFO neutron.db.ovn_revision_numbers_db [None req-dcaed0a0-69cf-462e-bf4b-ed9c9db39c3c 1a12a0df1f384dd7addc93d59cd65da8 daf347e4afb84c1a9d02b58159c355cf - - default default] Successfully bumped revision number for resource d8427a74-2c81-4c15-b68b-51e246edd52e (type: ports) to 1 [pid: 7|app: 0|req: 672/1331] 10.0.0.148 () {32 vars in 747 bytes} [Thu Apr 16 01:18:37 2026] GET /v2.0/security-group-rules/a0f1fbcb-1308-4f02-b59f-568581dbc247 => generated 601 bytes in 27 msecs (HTTP/1.1 200) 4 headers in 157 bytes (1 switches on core 0) [pid: 7|app: 0|req: 673/1332] 10.0.0.148 () {32 vars in 673 bytes} [Thu Apr 16 01:18:37 2026] GET /v2.0/security-group-rules => generated 4138 bytes in 63 msecs (HTTP/1.1 200) 4 headers in 158 bytes (1 switches on core 0) [pid: 7|app: 0|req: 674/1333] 10.0.0.148 () {32 vars in 750 bytes} [Thu Apr 16 01:18:37 2026] DELETE /v2.0/security-group-rules/a0f1fbcb-1308-4f02-b59f-568581dbc247 => generated 0 bytes in 123 msecs (HTTP/1.1 204) 2 headers in 112 bytes (1 switches on core 0)
2026-04-16 01:18:37.954 7 INFO neutron.db.ovn_revision_numbers_db [None req-de9e158c-62b6-4592-8260-d97907b91dfd 43b22d4f6e4e429abeb06354488dbaca 7f3f7d0a0afc4ed68c902cac8b6c1f18 - - default default] Successfully bumped revision number for resource 7c17bed5-9184-4183-9f0f-b3d6adf5ac34 (type: security_groups) to 1
2026-04-16 01:18:37.966 7 INFO neutron.db.ovn_revision_numbers_db [None req-de9e158c-62b6-4592-8260-d97907b91dfd 43b22d4f6e4e429abeb06354488dbaca 7f3f7d0a0afc4ed68c902cac8b6c1f18 - - default default] Successfully bumped revision number for resource 0740743e-d033-4fc8-bbb1-de83a53cd9d6 (type: security_group_rules) to 0
2026-04-16 01:18:37.978 7 INFO neutron.db.ovn_revision_numbers_db [None req-de9e158c-62b6-4592-8260-d97907b91dfd 43b22d4f6e4e429abeb06354488dbaca 7f3f7d0a0afc4ed68c902cac8b6c1f18 - - default default] Successfully bumped revision number for resource 4e8baf60-92a7-4d44-a7ab-7bd290c781c4 (type: security_group_rules) to 0
2026-04-16 01:18:37.989 7 INFO neutron.db.ovn_revision_numbers_db [None req-de9e158c-62b6-4592-8260-d97907b91dfd 43b22d4f6e4e429abeb06354488dbaca 7f3f7d0a0afc4ed68c902cac8b6c1f18 - - default default] Successfully bumped revision number for resource b2754dda-61ca-4b35-85e5-815cf42b4fcc (type: security_group_rules) to 0
2026-04-16 01:18:38.001 7 INFO neutron.db.ovn_revision_numbers_db [None req-de9e158c-62b6-4592-8260-d97907b91dfd 43b22d4f6e4e429abeb06354488dbaca 7f3f7d0a0afc4ed68c902cac8b6c1f18 - - default default] Successfully bumped revision number for resource e08f923c-dce6-45b0-8b57-70dda400fd40 (type: security_group_rules) to 0 [pid: 7|app: 0|req: 675/1334] 10.0.0.148 () {32 vars in 774 bytes} [Thu Apr 16 01:18:37 2026] GET /v2.0/security-groups?tenant_id=8e588215a9b74883971fb4c8e92ff314&name=default => generated 2925 bytes in 370 msecs (HTTP/1.1 200) 4 headers in 158 bytes (1 switches on core 0)
2026-04-16 01:18:38.085 8 INFO neutron.plugins.ml2.drivers.ovn.mech_driver.mech_driver [None req-59103630-4fc7-46b8-9f1f-ce58414ad9d1 - - - - - -] OVN reports status up for port: d8427a74-2c81-4c15-b68b-51e246edd52e [pid: 7|app: 0|req: 676/1335] 10.0.0.148 () {32 vars in 673 bytes} [Thu Apr 16 01:18:38 2026] GET /v2.0/security-group-rules => generated 3560 bytes in 68 msecs (HTTP/1.1 200) 4 headers in 158 bytes (1 switches on core 0)
2026-04-16 01:18:38.122 8 INFO neutron.plugins.ml2.plugin [None req-59103630-4fc7-46b8-9f1f-ce58414ad9d1 - - - - - -] Attempt 1 to provision port d8427a74-2c81-4c15-b68b-51e246edd52e
2026-04-16 01:18:38.224 8 WARNING neutron.scheduler.dhcp_agent_scheduler [None req-dcaed0a0-69cf-462e-bf4b-ed9c9db39c3c 1a12a0df1f384dd7addc93d59cd65da8 daf347e4afb84c1a9d02b58159c355cf - - default default] No more DHCP agents
2026-04-16 01:18:38.227 8 WARNING neutron.api.rpc.agentnotifiers.dhcp_rpc_agent_api [None req-dcaed0a0-69cf-462e-bf4b-ed9c9db39c3c 1a12a0df1f384dd7addc93d59cd65da8 daf347e4afb84c1a9d02b58159c355cf - - default default] Unable to schedule network 0ef7aba0-1239-4439-a52b-dc05aaee4404: no agents available; will retry on subsequent port and subnet creation events. [pid: 7|app: 0|req: 677/1336] 10.0.0.148 () {32 vars in 740 bytes} [Thu Apr 16 01:18:38 2026] DELETE /v2.0/security-groups/7c17bed5-9184-4183-9f0f-b3d6adf5ac34 => generated 0 bytes in 238 msecs (HTTP/1.1 204) 2 headers in 112 bytes (1 switches on core 0)
2026-04-16 01:18:38.455 7 INFO neutron.db.ovn_revision_numbers_db [None req-ed0030d0-0dd6-467f-8b96-ddb0a2a230ad 025cdda639ef48138d6edc1deff38962 f9f79f5f87b04f338e7767213bce1f8b - - default default] Successfully bumped revision number for resource 75c147b9-abd5-420d-8480-b1d927b2b1cd (type: security_group_rules) to 0 [pid: 7|app: 0|req: 678/1337] 10.0.0.148 () {34 vars in 695 bytes} [Thu Apr 16 01:18:38 2026] POST /v2.0/security-group-rules => generated 602 bytes in 132 msecs (HTTP/1.1 201) 4 headers in 162 bytes (1 switches on core 0)
2026-04-16 01:18:38.634 8 INFO neutron.db.ovn_revision_numbers_db [None req-dcaed0a0-69cf-462e-bf4b-ed9c9db39c3c 1a12a0df1f384dd7addc93d59cd65da8 daf347e4afb84c1a9d02b58159c355cf - - default default] Successfully bumped revision number for resource d8427a74-2c81-4c15-b68b-51e246edd52e (type: router_ports) to 1 [pid: 8|app: 0|req: 660/1338] 10.0.0.148 () {34 vars in 783 bytes} [Thu Apr 16 01:18:36 2026] PUT /v2.0/routers/b6f516f9-0a7a-473f-8c95-8a317dfd25bc/add_router_interface => generated 309 bytes in 1798 msecs (HTTP/1.1 200) 4 headers in 157 bytes (1 switches on core 0) [pid: 8|app: 0|req: 661/1339] 10.0.0.148 () {32 vars in 747 bytes} [Thu Apr 16 01:18:38 2026] GET /v2.0/security-group-rules/75c147b9-abd5-420d-8480-b1d927b2b1cd => generated 602 bytes in 63 msecs (HTTP/1.1 200) 4 headers in 157 bytes (1 switches on core 0)
2026-04-16 01:18:38.802 7 INFO neutron.db.ovn_revision_numbers_db [None req-108ff44e-b350-4b36-afbe-66317145c812 746cb025383143f596b6cd81d089e9a2 0d8cbddf38204d3c8ad317ca4260abb1 - - default default] Successfully bumped revision number for resource ec0047ba-5506-456b-beeb-9c86035063fd (type: security_groups) to 1 [pid: 8|app: 0|req: 662/1340] 10.0.0.148 () {32 vars in 717 bytes} [Thu Apr 16 01:18:38 2026] GET /v2.0/ports/d8427a74-2c81-4c15-b68b-51e246edd52e => generated 943 bytes in 102 msecs (HTTP/1.1 200) 4 headers in 157 bytes (1 switches on core 0)
2026-04-16 01:18:38.813 7 INFO neutron.db.ovn_revision_numbers_db [None req-108ff44e-b350-4b36-afbe-66317145c812 746cb025383143f596b6cd81d089e9a2 0d8cbddf38204d3c8ad317ca4260abb1 - - default default] Successfully bumped revision number for resource 1cfd8a87-4242-4234-a275-cd0be514cd56 (type: security_group_rules) to 0
2026-04-16 01:18:38.825 7 INFO neutron.db.ovn_revision_numbers_db [None req-108ff44e-b350-4b36-afbe-66317145c812 746cb025383143f596b6cd81d089e9a2 0d8cbddf38204d3c8ad317ca4260abb1 - - default default] Successfully bumped revision number for resource a691be34-2740-4b4a-bfc7-feafb9a700d5 (type: security_group_rules) to 0
2026-04-16 01:18:38.839 7 INFO neutron.db.ovn_revision_numbers_db [None req-108ff44e-b350-4b36-afbe-66317145c812 746cb025383143f596b6cd81d089e9a2 0d8cbddf38204d3c8ad317ca4260abb1 - - default default] Successfully bumped revision number for resource ab0ee20f-41a7-4d98-a358-06bc295a958e (type: security_group_rules) to 0
2026-04-16 01:18:38.855 7 INFO neutron.db.ovn_revision_numbers_db [None req-108ff44e-b350-4b36-afbe-66317145c812 746cb025383143f596b6cd81d089e9a2 0d8cbddf38204d3c8ad317ca4260abb1 - - default default] Successfully bumped revision number for resource ff630dd0-341b-4d8c-ab0f-9f30d47029fb (type: security_group_rules) to 0
2026-04-16 01:18:38.909 8 INFO neutron.db.ovn_revision_numbers_db [None req-59103630-4fc7-46b8-9f1f-ce58414ad9d1 - - - - - -] Successfully bumped revision number for resource d8427a74-2c81-4c15-b68b-51e246edd52e (type: ports) to 2 [pid: 8|app: 0|req: 663/1341] 10.0.0.148 () {32 vars in 673 bytes} [Thu Apr 16 01:18:38 2026] GET /v2.0/security-group-rules => generated 4139 bytes in 112 msecs (HTTP/1.1 200) 4 headers in 158 bytes (1 switches on core 0)
2026-04-16 01:18:38.949 7 INFO neutron.db.segments_db [None req-108ff44e-b350-4b36-afbe-66317145c812 746cb025383143f596b6cd81d089e9a2 0d8cbddf38204d3c8ad317ca4260abb1 - - default default] Added segment 3799b4bd-8c73-4aed-b299-95b924bb86a6 of type geneve for network 67c774c1-4131-402f-8727-34c7e132dcf5 [pid: 8|app: 0|req: 664/1342] 10.0.0.148 () {32 vars in 717 bytes} [Thu Apr 16 01:18:38 2026] GET /v2.0/ports/d8427a74-2c81-4c15-b68b-51e246edd52e => generated 943 bytes in 66 msecs (HTTP/1.1 200) 4 headers in 157 bytes (1 switches on core 0)
2026-04-16 01:18:39.040 7 INFO neutron.db.segments_db [None req-108ff44e-b350-4b36-afbe-66317145c812 746cb025383143f596b6cd81d089e9a2 0d8cbddf38204d3c8ad317ca4260abb1 - - default default] Added segment 6eb0415d-66c0-4853-80e3-8de2b338da4a of type geneve for network 8adc41dd-2831-4d1e-94b9-84b99e64a4fd [pid: 8|app: 0|req: 665/1343] 10.0.0.148 () {32 vars in 750 bytes} [Thu Apr 16 01:18:38 2026] DELETE /v2.0/security-group-rules/75c147b9-abd5-420d-8480-b1d927b2b1cd => generated 0 bytes in 167 msecs (HTTP/1.1 204) 2 headers in 112 bytes (1 switches on core 0)
2026-04-16 01:18:39.168 7 INFO neutron.db.ovn_revision_numbers_db [None req-108ff44e-b350-4b36-afbe-66317145c812 746cb025383143f596b6cd81d089e9a2 0d8cbddf38204d3c8ad317ca4260abb1 - - default default] Successfully bumped revision number for resource 67c774c1-4131-402f-8727-34c7e132dcf5 (type: networks) to 1
2026-04-16 01:18:39.346 7 WARNING neutron.scheduler.dhcp_agent_scheduler [None req-108ff44e-b350-4b36-afbe-66317145c812 746cb025383143f596b6cd81d089e9a2 0d8cbddf38204d3c8ad317ca4260abb1 - - default default] No more DHCP agents
2026-04-16 01:18:39.348 7 WARNING neutron.api.rpc.agentnotifiers.dhcp_rpc_agent_api [None req-108ff44e-b350-4b36-afbe-66317145c812 746cb025383143f596b6cd81d089e9a2 0d8cbddf38204d3c8ad317ca4260abb1 - - default default] Unable to schedule network 67c774c1-4131-402f-8727-34c7e132dcf5: no agents available; will retry on subsequent port and subnet creation events.
2026-04-16 01:18:39.452 7 INFO neutron.db.ovn_revision_numbers_db [None req-108ff44e-b350-4b36-afbe-66317145c812 746cb025383143f596b6cd81d089e9a2 0d8cbddf38204d3c8ad317ca4260abb1 - - default default] Successfully bumped revision number for resource 53933ee6-fdbd-4b3e-9ebe-77f0ea42f8b3 (type: ports) to 1
2026-04-16 01:18:39.515 8 INFO neutron_taas.services.taas.taas_plugin [None req-6c38a9ba-dfc4-4655-bbce-dd6d19698034 1a12a0df1f384dd7addc93d59cd65da8 daf347e4afb84c1a9d02b58159c355cf - - default default] TaaS: Handle Delete Port: d8427a74-2c81-4c15-b68b-51e246edd52e
2026-04-16 01:18:39.518 8 INFO neutron_taas.services.taas.tap_mirror_plugin [None req-6c38a9ba-dfc4-4655-bbce-dd6d19698034 1a12a0df1f384dd7addc93d59cd65da8 daf347e4afb84c1a9d02b58159c355cf - - default default] Tap Mirror: Handle Delete Port: d8427a74-2c81-4c15-b68b-51e246edd52e
2026-04-16 01:18:39.539 7 INFO neutron.db.ovn_revision_numbers_db [None req-108ff44e-b350-4b36-afbe-66317145c812 746cb025383143f596b6cd81d089e9a2 0d8cbddf38204d3c8ad317ca4260abb1 - - default default] Successfully bumped revision number for resource 8adc41dd-2831-4d1e-94b9-84b99e64a4fd (type: networks) to 1
2026-04-16 01:18:39.728 7 WARNING neutron.scheduler.dhcp_agent_scheduler [None req-108ff44e-b350-4b36-afbe-66317145c812 746cb025383143f596b6cd81d089e9a2 0d8cbddf38204d3c8ad317ca4260abb1 - - default default] No more DHCP agents
2026-04-16 01:18:39.730 7 WARNING neutron.api.rpc.agentnotifiers.dhcp_rpc_agent_api [None req-108ff44e-b350-4b36-afbe-66317145c812 746cb025383143f596b6cd81d089e9a2 0d8cbddf38204d3c8ad317ca4260abb1 - - default default] Unable to schedule network 8adc41dd-2831-4d1e-94b9-84b99e64a4fd: no agents available; will retry on subsequent port and subnet creation events.
2026-04-16 01:18:39.823 7 INFO neutron.db.ovn_revision_numbers_db [None req-108ff44e-b350-4b36-afbe-66317145c812 746cb025383143f596b6cd81d089e9a2 0d8cbddf38204d3c8ad317ca4260abb1 - - default default] Successfully bumped revision number for resource e950a413-d141-4f9b-92ef-189e5745eae5 (type: ports) to 1 [pid: 7|app: 0|req: 679/1344] 10.0.0.148 () {34 vars in 670 bytes} [Thu Apr 16 01:18:38 2026] POST /v2.0/networks => generated 1284 bytes in 1375 msecs (HTTP/1.1 201) 4 headers in 163 bytes (1 switches on core 0) [pid: 7|app: 0|req: 680/1345] 10.0.0.148 () {32 vars in 673 bytes} [Thu Apr 16 01:18:39 2026] GET /v2.0/security-group-rules => generated 3560 bytes in 74 msecs (HTTP/1.1 200) 4 headers in 158 bytes (1 switches on core 0) [pid: 8|app: 0|req: 666/1346] 10.0.0.148 () {34 vars in 789 bytes} [Thu Apr 16 01:18:39 2026] PUT /v2.0/routers/b6f516f9-0a7a-473f-8c95-8a317dfd25bc/remove_router_interface => generated 309 bytes in 776 msecs (HTTP/1.1 200) 4 headers in 157 bytes (1 switches on core 0) /var/lib/openstack/lib/python3.12/site-packages/pycadf/identifier.py:70: UserWarning: Invalid uuid: neutron. To ensure interoperability, identifiers should be a valid uuid. warnings.warn(('Invalid uuid: %s. To ensure interoperability, ' [pid: 7|app: 0|req: 681/1347] 10.0.0.148 () {32 vars in 649 bytes} [Thu Apr 16 01:18:39 2026] GET /v2.0/networks => generated 1971 bytes in 42 msecs (HTTP/1.1 200) 4 headers in 158 bytes (1 switches on core 0) [pid: 8|app: 0|req: 667/1348] 10.0.0.148 () {32 vars in 717 bytes} [Thu Apr 16 01:18:39 2026] GET /v2.0/ports/398dee86-baf5-4773-a966-02856549e0bb => generated 943 bytes in 76 msecs (HTTP/1.1 200) 4 headers in 157 bytes (1 switches on core 0) [pid: 7|app: 0|req: 682/1349] 10.0.0.148 () {32 vars in 740 bytes} [Thu Apr 16 01:18:39 2026] DELETE /v2.0/security-groups/f82c3872-03e6-471c-ad98-6f25c6327e5f => generated 0 bytes in 113 msecs (HTTP/1.1 204) 2 headers in 112 bytes (1 switches on core 0)
2026-04-16 01:18:40.144 8 INFO neutron_taas.services.taas.taas_plugin [None req-17ee25de-6a5a-49c6-995d-72cfdc2049ac 746cb025383143f596b6cd81d089e9a2 0d8cbddf38204d3c8ad317ca4260abb1 - - default default] TaaS: Handle Delete Port: 53933ee6-fdbd-4b3e-9ebe-77f0ea42f8b3
2026-04-16 01:18:40.148 8 INFO neutron_taas.services.taas.tap_mirror_plugin [None req-17ee25de-6a5a-49c6-995d-72cfdc2049ac 746cb025383143f596b6cd81d089e9a2 0d8cbddf38204d3c8ad317ca4260abb1 - - default default] Tap Mirror: Handle Delete Port: 53933ee6-fdbd-4b3e-9ebe-77f0ea42f8b3
2026-04-16 01:18:40.340 8 INFO neutron.services.segments.plugin [-] Segment 3799b4bd-8c73-4aed-b299-95b924bb86a6 resource provider aggregate not found
2026-04-16 01:18:40.343 8 INFO neutron.services.segments.plugin [-] Segment 3799b4bd-8c73-4aed-b299-95b924bb86a6 resource provider aggregate not found
2026-04-16 01:18:40.357 8 INFO neutron.services.segments.plugin [-] Segment 3799b4bd-8c73-4aed-b299-95b924bb86a6 resource provider not found; error: Placement Client Error (4xx): {"errors": [{"status": 404, "title": "Not Found", "detail": "The resource could not be found.\n\n No resource provider with uuid 3799b4bd-8c73-4aed-b299-95b924bb86a6 found for delete ", "request_id": "req-b084727a-ad58-491c-95e1-cd5be926e6e7"}]}
2026-04-16 01:18:40.358 8 INFO neutron.services.segments.plugin [-] Segment 3799b4bd-8c73-4aed-b299-95b924bb86a6 resource provider not found; error: Placement Client Error (4xx): {"errors": [{"status": 404, "title": "Not Found", "detail": "The resource could not be found.\n\n No resource provider with uuid 3799b4bd-8c73-4aed-b299-95b924bb86a6 found for delete ", "request_id": "req-718c9185-01df-4773-9bf0-71a55b476b23"}]}
2026-04-16 01:18:40.382 7 INFO neutron_taas.services.taas.taas_plugin [None req-b49617cd-ccaa-4d57-8e45-f43ab7ad88f3 1a12a0df1f384dd7addc93d59cd65da8 daf347e4afb84c1a9d02b58159c355cf - - default default] TaaS: Handle Delete Port: 398dee86-baf5-4773-a966-02856549e0bb
2026-04-16 01:18:40.385 7 INFO neutron_taas.services.taas.tap_mirror_plugin [None req-b49617cd-ccaa-4d57-8e45-f43ab7ad88f3 1a12a0df1f384dd7addc93d59cd65da8 daf347e4afb84c1a9d02b58159c355cf - - default default] Tap Mirror: Handle Delete Port: 398dee86-baf5-4773-a966-02856549e0bb [pid: 8|app: 0|req: 668/1350] 10.0.0.148 () {32 vars in 726 bytes} [Thu Apr 16 01:18:40 2026] DELETE /v2.0/networks/67c774c1-4131-402f-8727-34c7e132dcf5 => generated 0 bytes in 375 msecs (HTTP/1.1 204) 3 headers in 131 bytes (1 switches on core 0) [pid: 8|app: 0|req: 669/1351] 10.0.0.148 () {32 vars in 663 bytes} [Thu Apr 16 01:18:40 2026] GET /v2.0/security-groups => generated 2925 bytes in 28 msecs (HTTP/1.1 200) 4 headers in 158 bytes (1 switches on core 0)
2026-04-16 01:18:40.529 8 INFO neutron_taas.services.taas.taas_plugin [None req-f93822a7-a3b2-4192-8f1a-aa492697cfdc 746cb025383143f596b6cd81d089e9a2 0d8cbddf38204d3c8ad317ca4260abb1 - - default default] TaaS: Handle Delete Port: e950a413-d141-4f9b-92ef-189e5745eae5
2026-04-16 01:18:40.532 8 INFO neutron_taas.services.taas.tap_mirror_plugin [None req-f93822a7-a3b2-4192-8f1a-aa492697cfdc 746cb025383143f596b6cd81d089e9a2 0d8cbddf38204d3c8ad317ca4260abb1 - - default default] Tap Mirror: Handle Delete Port: e950a413-d141-4f9b-92ef-189e5745eae5 [pid: 7|app: 0|req: 683/1352] 10.0.0.148 () {34 vars in 789 bytes} [Thu Apr 16 01:18:40 2026] PUT /v2.0/routers/b6f516f9-0a7a-473f-8c95-8a317dfd25bc/remove_router_interface => generated 309 bytes in 623 msecs (HTTP/1.1 200) 4 headers in 157 bytes (1 switches on core 0) /var/lib/openstack/lib/python3.12/site-packages/pycadf/identifier.py:70: UserWarning: Invalid uuid: neutron. To ensure interoperability, identifiers should be a valid uuid. warnings.warn(('Invalid uuid: %s. To ensure interoperability, ' [pid: 7|app: 0|req: 684/1353] 10.0.0.148 () {32 vars in 663 bytes} [Thu Apr 16 01:18:40 2026] GET /v2.0/security-groups => generated 2925 bytes in 26 msecs (HTTP/1.1 200) 4 headers in 158 bytes (1 switches on core 0) [pid: 7|app: 0|req: 685/1354] 10.0.0.148 () {32 vars in 736 bytes} [Thu Apr 16 01:18:40 2026] GET /v2.0/ports?device_id=b6f516f9-0a7a-473f-8c95-8a317dfd25bc => generated 12 bytes in 18 msecs (HTTP/1.1 200) 4 headers in 156 bytes (1 switches on core 0) [pid: 8|app: 0|req: 670/1355] 10.0.0.148 () {32 vars in 726 bytes} [Thu Apr 16 01:18:40 2026] DELETE /v2.0/networks/8adc41dd-2831-4d1e-94b9-84b99e64a4fd => generated 0 bytes in 381 msecs (HTTP/1.1 204) 3 headers in 131 bytes (1 switches on core 0) [pid: 8|app: 0|req: 671/1356] 10.0.0.148 () {32 vars in 649 bytes} [Thu Apr 16 01:18:40 2026] GET /v2.0/networks => generated 689 bytes in 67 msecs (HTTP/1.1 200) 4 headers in 157 bytes (1 switches on core 0)
2026-04-16 01:18:40.959 8 INFO neutron.db.segments_db [None req-457699dd-8735-4615-b1d0-f8db89ed9f94 746cb025383143f596b6cd81d089e9a2 0d8cbddf38204d3c8ad317ca4260abb1 - - default default] Added segment 64f93c3d-f799-47b2-86c7-4adfce80b41d of type geneve for network 7c335be9-ebe0-4bd7-a1bc-d8706787c1a2 [pid: 7|app: 0|req: 686/1357] 10.0.0.148 () {32 vars in 724 bytes} [Thu Apr 16 01:18:40 2026] DELETE /v2.0/routers/b6f516f9-0a7a-473f-8c95-8a317dfd25bc => generated 0 bytes in 219 msecs (HTTP/1.1 204) 2 headers in 112 bytes (1 switches on core 0)
2026-04-16 01:18:41.108 8 INFO neutron.db.ovn_revision_numbers_db [None req-457699dd-8735-4615-b1d0-f8db89ed9f94 746cb025383143f596b6cd81d089e9a2 0d8cbddf38204d3c8ad317ca4260abb1 - - default default] Successfully bumped revision number for resource 7c335be9-ebe0-4bd7-a1bc-d8706787c1a2 (type: networks) to 1 [pid: 7|app: 0|req: 687/1358] 10.0.0.148 () {32 vars in 724 bytes} [Thu Apr 16 01:18:40 2026] DELETE /v2.0/subnets/2dba594b-ac9f-456e-9d67-fdc2a13d25bd => generated 0 bytes in 219 msecs (HTTP/1.1 204) 3 headers in 131 bytes (1 switches on core 0)
2026-04-16 01:18:41.308 8 WARNING neutron.scheduler.dhcp_agent_scheduler [None req-457699dd-8735-4615-b1d0-f8db89ed9f94 746cb025383143f596b6cd81d089e9a2 0d8cbddf38204d3c8ad317ca4260abb1 - - default default] No more DHCP agents
2026-04-16 01:18:41.310 8 WARNING neutron.api.rpc.agentnotifiers.dhcp_rpc_agent_api [None req-457699dd-8735-4615-b1d0-f8db89ed9f94 746cb025383143f596b6cd81d089e9a2 0d8cbddf38204d3c8ad317ca4260abb1 - - default default] Unable to schedule network 7c335be9-ebe0-4bd7-a1bc-d8706787c1a2: no agents available; will retry on subsequent port and subnet creation events.
2026-04-16 01:18:41.386 8 INFO neutron.db.ovn_revision_numbers_db [None req-457699dd-8735-4615-b1d0-f8db89ed9f94 746cb025383143f596b6cd81d089e9a2 0d8cbddf38204d3c8ad317ca4260abb1 - - default default] Successfully bumped revision number for resource 04a8abf8-f0a6-48c3-b85d-54729029ed0b (type: ports) to 1 [pid: 8|app: 0|req: 672/1359] 10.0.0.148 () {34 vars in 670 bytes} [Thu Apr 16 01:18:40 2026] POST /v2.0/networks => generated 669 bytes in 540 msecs (HTTP/1.1 201) 4 headers in 162 bytes (1 switches on core 0) [pid: 7|app: 0|req: 688/1360] 10.0.0.148 () {32 vars in 724 bytes} [Thu Apr 16 01:18:41 2026] DELETE /v2.0/subnets/40d91129-5f44-4b75-ae2a-634285798d69 => generated 0 bytes in 213 msecs (HTTP/1.1 204) 3 headers in 131 bytes (1 switches on core 0)
2026-04-16 01:18:41.499 7 INFO neutron.db.segments_db [None req-f77f57d6-cee6-4a40-8ec3-77de19c23638 746cb025383143f596b6cd81d089e9a2 0d8cbddf38204d3c8ad317ca4260abb1 - - default default] Added segment 099c71c3-6cf3-4e1a-9bf5-f8e64842d4a8 of type geneve for network b03b5dd3-fe75-453d-89eb-3bd3e26d6209 [pid: 8|app: 0|req: 673/1361] 10.0.0.148 () {32 vars in 774 bytes} [Thu Apr 16 01:18:41 2026] GET /v2.0/security-groups?tenant_id=f9f79f5f87b04f338e7767213bce1f8b&name=default => generated 2925 bytes in 162 msecs (HTTP/1.1 200) 4 headers in 158 bytes (1 switches on core 0)
2026-04-16 01:18:41.605 7 INFO neutron.db.ovn_revision_numbers_db [None req-f77f57d6-cee6-4a40-8ec3-77de19c23638 746cb025383143f596b6cd81d089e9a2 0d8cbddf38204d3c8ad317ca4260abb1 - - default default] Successfully bumped revision number for resource b03b5dd3-fe75-453d-89eb-3bd3e26d6209 (type: networks) to 1
2026-04-16 01:18:41.719 8 INFO neutron_taas.services.taas.taas_plugin [None req-1e346929-0cf0-456c-b6dc-bec5e82effc5 1a12a0df1f384dd7addc93d59cd65da8 daf347e4afb84c1a9d02b58159c355cf - - default default] TaaS: Handle Delete Port: 20ea2c29-d9a5-4e4e-a82f-dead775157b6
2026-04-16 01:18:41.723 8 INFO neutron_taas.services.taas.tap_mirror_plugin [None req-1e346929-0cf0-456c-b6dc-bec5e82effc5 1a12a0df1f384dd7addc93d59cd65da8 daf347e4afb84c1a9d02b58159c355cf - - default default] Tap Mirror: Handle Delete Port: 20ea2c29-d9a5-4e4e-a82f-dead775157b6
2026-04-16 01:18:41.788 7 WARNING neutron.scheduler.dhcp_agent_scheduler [None req-f77f57d6-cee6-4a40-8ec3-77de19c23638 746cb025383143f596b6cd81d089e9a2 0d8cbddf38204d3c8ad317ca4260abb1 - - default default] No more DHCP agents
2026-04-16 01:18:41.789 7 WARNING neutron.api.rpc.agentnotifiers.dhcp_rpc_agent_api [None req-f77f57d6-cee6-4a40-8ec3-77de19c23638 746cb025383143f596b6cd81d089e9a2 0d8cbddf38204d3c8ad317ca4260abb1 - - default default] Unable to schedule network b03b5dd3-fe75-453d-89eb-3bd3e26d6209: no agents available; will retry on subsequent port and subnet creation events.
2026-04-16 01:18:41.888 7 INFO neutron.db.ovn_revision_numbers_db [None req-f77f57d6-cee6-4a40-8ec3-77de19c23638 746cb025383143f596b6cd81d089e9a2 0d8cbddf38204d3c8ad317ca4260abb1 - - default default] Successfully bumped revision number for resource 6a72ba27-dfaa-40cb-a514-2a85fe653b50 (type: ports) to 1 [pid: 7|app: 0|req: 689/1362] 10.0.0.148 () {34 vars in 670 bytes} [Thu Apr 16 01:18:41 2026] POST /v2.0/networks => generated 669 bytes in 491 msecs (HTTP/1.1 201) 4 headers in 162 bytes (1 switches on core 0) [pid: 7|app: 0|req: 690/1363] 10.0.0.148 () {32 vars in 740 bytes} [Thu Apr 16 01:18:41 2026] DELETE /v2.0/security-groups/27d104c3-b69e-4923-a7aa-0ac3377197cf => generated 0 bytes in 288 msecs (HTTP/1.1 204) 2 headers in 112 bytes (1 switches on core 0)
2026-04-16 01:18:42.408 8 INFO neutron.services.segments.plugin [-] Segment 6eb0415d-66c0-4853-80e3-8de2b338da4a resource provider aggregate not found
2026-04-16 01:18:42.427 8 INFO neutron.services.segments.plugin [-] Segment 6eb0415d-66c0-4853-80e3-8de2b338da4a resource provider aggregate not found
2026-04-16 01:18:42.451 8 INFO neutron.services.segments.plugin [-] Segment 6eb0415d-66c0-4853-80e3-8de2b338da4a resource provider not found; error: Placement Client Error (4xx): {"errors": [{"status": 404, "title": "Not Found", "detail": "The resource could not be found.\n\n No resource provider with uuid 6eb0415d-66c0-4853-80e3-8de2b338da4a found for delete ", "request_id": "req-6b9f5bf9-5ba4-4097-80ce-debda58a9005"}]}
2026-04-16 01:18:42.455 8 INFO neutron.services.segments.plugin [-] Segment 6eb0415d-66c0-4853-80e3-8de2b338da4a resource provider not found; error: Placement Client Error (4xx): {"errors": [{"status": 404, "title": "Not Found", "detail": "The resource could not be found.\n\n No resource provider with uuid 6eb0415d-66c0-4853-80e3-8de2b338da4a found for delete ", "request_id": "req-7a51c989-0b53-40fc-988a-d0a080f0a7c2"}]} [pid: 8|app: 0|req: 674/1364] 10.0.0.148 () {32 vars in 726 bytes} [Thu Apr 16 01:18:41 2026] DELETE /v2.0/networks/0ef7aba0-1239-4439-a52b-dc05aaee4404 => generated 0 bytes in 1034 msecs (HTTP/1.1 204) 3 headers in 131 bytes (1 switches on core 0)
2026-04-16 01:18:42.658 7 WARNING neutron.scheduler.dhcp_agent_scheduler [None req-20a3f544-376e-4f72-818b-e1a50f7ea727 746cb025383143f596b6cd81d089e9a2 0d8cbddf38204d3c8ad317ca4260abb1 - - default default] No more DHCP agents
2026-04-16 01:18:42.659 7 WARNING neutron.api.rpc.agentnotifiers.dhcp_rpc_agent_api [None req-20a3f544-376e-4f72-818b-e1a50f7ea727 746cb025383143f596b6cd81d089e9a2 0d8cbddf38204d3c8ad317ca4260abb1 - - default default] Unable to schedule network 7c335be9-ebe0-4bd7-a1bc-d8706787c1a2: no agents available; will retry on subsequent port and subnet creation events.
2026-04-16 01:18:42.756 8 INFO neutron_taas.services.taas.taas_plugin [None req-77e2d408-753b-4198-9250-687025ec9bd1 1a12a0df1f384dd7addc93d59cd65da8 daf347e4afb84c1a9d02b58159c355cf - - default default] TaaS: Handle Delete Port: 7a6d2897-3d40-4e91-94bf-07bd2a58a1ff
2026-04-16 01:18:42.759 8 INFO neutron_taas.services.taas.tap_mirror_plugin [None req-77e2d408-753b-4198-9250-687025ec9bd1 1a12a0df1f384dd7addc93d59cd65da8 daf347e4afb84c1a9d02b58159c355cf - - default default] Tap Mirror: Handle Delete Port: 7a6d2897-3d40-4e91-94bf-07bd2a58a1ff
2026-04-16 01:18:42.779 7 INFO neutron.db.ovn_revision_numbers_db [None req-20a3f544-376e-4f72-818b-e1a50f7ea727 746cb025383143f596b6cd81d089e9a2 0d8cbddf38204d3c8ad317ca4260abb1 - - default default] Successfully bumped revision number for resource aba1774a-8f70-45ec-a34e-34e54b646d51 (type: ports) to 1
2026-04-16 01:18:42.825 7 WARNING neutron.scheduler.dhcp_agent_scheduler [None req-20a3f544-376e-4f72-818b-e1a50f7ea727 746cb025383143f596b6cd81d089e9a2 0d8cbddf38204d3c8ad317ca4260abb1 - - default default] No more DHCP agents
2026-04-16 01:18:42.826 7 WARNING neutron.api.rpc.agentnotifiers.dhcp_rpc_agent_api [None req-20a3f544-376e-4f72-818b-e1a50f7ea727 746cb025383143f596b6cd81d089e9a2 0d8cbddf38204d3c8ad317ca4260abb1 - - default default] Unable to schedule network b03b5dd3-fe75-453d-89eb-3bd3e26d6209: no agents available; will retry on subsequent port and subnet creation events.
2026-04-16 01:18:42.956 7 INFO neutron.db.ovn_revision_numbers_db [None req-20a3f544-376e-4f72-818b-e1a50f7ea727 746cb025383143f596b6cd81d089e9a2 0d8cbddf38204d3c8ad317ca4260abb1 - - default default] Successfully bumped revision number for resource a7b532cd-1482-4a96-abb3-ea981b1d2c90 (type: ports) to 1 [pid: 8|app: 0|req: 675/1365] 10.0.0.148 () {32 vars in 726 bytes} [Thu Apr 16 01:18:42 2026] DELETE /v2.0/networks/3a070eae-c06b-4778-ab69-b1298b258c46 => generated 0 bytes in 410 msecs (HTTP/1.1 204) 3 headers in 131 bytes (1 switches on core 0)
2026-04-16 01:18:43.059 7 WARNING neutron.plugins.ml2.drivers.ovn.mech_driver.ovsdb.ovn_client [None req-6491aaf5-f2c1-4f22-a321-5547fef04ecb - - - - - -] No port found with ID 398dee86-baf5-4773-a966-02856549e0bb: RuntimeError: No port found with ID 398dee86-baf5-4773-a966-02856549e0bb [pid: 7|app: 0|req: 691/1366] 10.0.0.148 () {34 vars in 665 bytes} [Thu Apr 16 01:18:42 2026] POST /v2.0/ports => generated 1506 bytes in 872 msecs (HTTP/1.1 201) 4 headers in 163 bytes (1 switches on core 0) /var/lib/openstack/lib/python3.12/site-packages/pycadf/identifier.py:70: UserWarning: Invalid uuid: neutron. To ensure interoperability, identifiers should be a valid uuid. warnings.warn(('Invalid uuid: %s. To ensure interoperability, '
2026-04-16 01:18:43.098 7 INFO neutron.plugins.ml2.drivers.ovn.mech_driver.mech_driver [None req-6491aaf5-f2c1-4f22-a321-5547fef04ecb - - - - - -] OVN reports status down for port: 04a8abf8-f0a6-48c3-b85d-54729029ed0b
2026-04-16 01:18:43.183 7 INFO neutron.plugins.ml2.drivers.ovn.mech_driver.mech_driver [None req-6491aaf5-f2c1-4f22-a321-5547fef04ecb - - - - - -] OVN reports status down for port: aba1774a-8f70-45ec-a34e-34e54b646d51
2026-04-16 01:18:43.212 7 INFO neutron.db.segments_db [None req-0272b7a6-f864-4cf0-9e36-dc24bd81633d 1a12a0df1f384dd7addc93d59cd65da8 daf347e4afb84c1a9d02b58159c355cf - - default default] Added segment 9962a7d8-820e-4ff0-9292-a225ca319c7e of type geneve for network 7d4e7b52-b35a-4182-9409-9aee4df6c420
2026-04-16 01:18:43.276 8 INFO neutron.db.ovn_revision_numbers_db [None req-868b017a-6a55-40fa-89c7-3c8849d63206 43b22d4f6e4e429abeb06354488dbaca 7f3f7d0a0afc4ed68c902cac8b6c1f18 - - default default] Successfully bumped revision number for resource 1efd19ce-576a-4109-b7a7-f9d1afc8e69b (type: security_groups) to 1
2026-04-16 01:18:43.289 8 INFO neutron.db.ovn_revision_numbers_db [None req-868b017a-6a55-40fa-89c7-3c8849d63206 43b22d4f6e4e429abeb06354488dbaca 7f3f7d0a0afc4ed68c902cac8b6c1f18 - - default default] Successfully bumped revision number for resource 3a983d8b-fddd-4618-9f08-0d5aab936099 (type: security_group_rules) to 0
2026-04-16 01:18:43.300 8 INFO neutron.db.ovn_revision_numbers_db [None req-868b017a-6a55-40fa-89c7-3c8849d63206 43b22d4f6e4e429abeb06354488dbaca 7f3f7d0a0afc4ed68c902cac8b6c1f18 - - default default] Successfully bumped revision number for resource 7da9e471-e883-4a2a-af83-34c61123fcae (type: security_group_rules) to 0
2026-04-16 01:18:43.314 8 INFO neutron.db.ovn_revision_numbers_db [None req-868b017a-6a55-40fa-89c7-3c8849d63206 43b22d4f6e4e429abeb06354488dbaca 7f3f7d0a0afc4ed68c902cac8b6c1f18 - - default default] Successfully bumped revision number for resource 7fe87113-d738-430b-842b-38ae092577eb (type: security_group_rules) to 0
2026-04-16 01:18:43.327 8 INFO neutron.db.ovn_revision_numbers_db [None req-868b017a-6a55-40fa-89c7-3c8849d63206 43b22d4f6e4e429abeb06354488dbaca 7f3f7d0a0afc4ed68c902cac8b6c1f18 - - default default] Successfully bumped revision number for resource ce64aaf2-4d26-4b83-a6dd-186eda00eec6 (type: security_group_rules) to 0
2026-04-16 01:18:43.374 7 INFO neutron.db.ovn_revision_numbers_db [None req-0272b7a6-f864-4cf0-9e36-dc24bd81633d 1a12a0df1f384dd7addc93d59cd65da8 daf347e4afb84c1a9d02b58159c355cf - - default default] Successfully bumped revision number for resource 7d4e7b52-b35a-4182-9409-9aee4df6c420 (type: networks) to 1 [pid: 8|app: 0|req: 676/1367] 10.0.0.148 () {32 vars in 774 bytes} [Thu Apr 16 01:18:43 2026] GET /v2.0/security-groups?tenant_id=f460efa914634de5b972331ec1aa707b&name=default => generated 2925 bytes in 348 msecs (HTTP/1.1 200) 4 headers in 158 bytes (1 switches on core 0) [pid: 8|app: 0|req: 677/1368] 10.0.0.148 () {32 vars in 643 bytes} [Thu Apr 16 01:18:43 2026] GET /v2.0/ports => generated 3018 bytes in 109 msecs (HTTP/1.1 200) 4 headers in 158 bytes (1 switches on core 0)
2026-04-16 01:18:43.550 7 WARNING neutron.scheduler.dhcp_agent_scheduler [None req-0272b7a6-f864-4cf0-9e36-dc24bd81633d 1a12a0df1f384dd7addc93d59cd65da8 daf347e4afb84c1a9d02b58159c355cf - - default default] No more DHCP agents
2026-04-16 01:18:43.552 7 WARNING neutron.api.rpc.agentnotifiers.dhcp_rpc_agent_api [None req-0272b7a6-f864-4cf0-9e36-dc24bd81633d 1a12a0df1f384dd7addc93d59cd65da8 daf347e4afb84c1a9d02b58159c355cf - - default default] Unable to schedule network 7d4e7b52-b35a-4182-9409-9aee4df6c420: no agents available; will retry on subsequent port and subnet creation events.
2026-04-16 01:18:43.618 7 INFO neutron.plugins.ml2.drivers.ovn.mech_driver.mech_driver [None req-6491aaf5-f2c1-4f22-a321-5547fef04ecb - - - - - -] OVN reports status down for port: 471332f7-d92b-40aa-b602-e348a6eeffa6
2026-04-16 01:18:43.704 7 INFO neutron.db.ovn_revision_numbers_db [None req-0272b7a6-f864-4cf0-9e36-dc24bd81633d 1a12a0df1f384dd7addc93d59cd65da8 daf347e4afb84c1a9d02b58159c355cf - - default default] Successfully bumped revision number for resource 471332f7-d92b-40aa-b602-e348a6eeffa6 (type: ports) to 1 [pid: 8|app: 0|req: 678/1369] 10.0.0.148 () {32 vars in 740 bytes} [Thu Apr 16 01:18:43 2026] DELETE /v2.0/security-groups/1efd19ce-576a-4109-b7a7-f9d1afc8e69b => generated 0 bytes in 257 msecs (HTTP/1.1 204) 2 headers in 112 bytes (1 switches on core 0) [pid: 7|app: 0|req: 692/1370] 10.0.0.148 () {34 vars in 670 bytes} [Thu Apr 16 01:18:43 2026] POST /v2.0/networks => generated 649 bytes in 709 msecs (HTTP/1.1 201) 4 headers in 162 bytes (1 switches on core 0)
2026-04-16 01:18:43.876 8 INFO neutron_taas.services.taas.taas_plugin [None req-838bf7d7-ce29-441b-b974-050d9ed3aab2 746cb025383143f596b6cd81d089e9a2 0d8cbddf38204d3c8ad317ca4260abb1 - - default default] TaaS: Handle Delete Port: aba1774a-8f70-45ec-a34e-34e54b646d51
2026-04-16 01:18:43.879 8 INFO neutron_taas.services.taas.tap_mirror_plugin [None req-838bf7d7-ce29-441b-b974-050d9ed3aab2 746cb025383143f596b6cd81d089e9a2 0d8cbddf38204d3c8ad317ca4260abb1 - - default default] Tap Mirror: Handle Delete Port: aba1774a-8f70-45ec-a34e-34e54b646d51
2026-04-16 01:18:43.994 7 WARNING neutron.scheduler.dhcp_agent_scheduler [None req-ce4d6c6c-07f1-4746-892a-f27a60f3fd39 1a12a0df1f384dd7addc93d59cd65da8 daf347e4afb84c1a9d02b58159c355cf - - default default] No more DHCP agents
2026-04-16 01:18:43.997 7 WARNING neutron.api.rpc.agentnotifiers.dhcp_rpc_agent_api [None req-ce4d6c6c-07f1-4746-892a-f27a60f3fd39 1a12a0df1f384dd7addc93d59cd65da8 daf347e4afb84c1a9d02b58159c355cf - - default default] Unable to schedule network 7d4e7b52-b35a-4182-9409-9aee4df6c420: no agents available; will retry on subsequent port and subnet creation events. [pid: 8|app: 0|req: 679/1371] 10.0.0.148 () {32 vars in 720 bytes} [Thu Apr 16 01:18:43 2026] DELETE /v2.0/ports/aba1774a-8f70-45ec-a34e-34e54b646d51 => generated 0 bytes in 260 msecs (HTTP/1.1 204) 3 headers in 131 bytes (1 switches on core 0) [pid: 8|app: 0|req: 680/1372] 10.0.0.148 () {32 vars in 623 bytes} [Thu Apr 16 01:18:44 2026] GET / => generated 151 bytes in 1 msecs (HTTP/1.1 200) 3 headers in 91 bytes (1 switches on core 0)
2026-04-16 01:18:44.142 8 INFO neutron_taas.services.taas.taas_plugin [None req-669fb993-c1ba-4b0f-aaff-3afb19db3c1b 746cb025383143f596b6cd81d089e9a2 0d8cbddf38204d3c8ad317ca4260abb1 - - default default] TaaS: Handle Delete Port: a7b532cd-1482-4a96-abb3-ea981b1d2c90
2026-04-16 01:18:44.145 8 INFO neutron_taas.services.taas.tap_mirror_plugin [None req-669fb993-c1ba-4b0f-aaff-3afb19db3c1b 746cb025383143f596b6cd81d089e9a2 0d8cbddf38204d3c8ad317ca4260abb1 - - default default] Tap Mirror: Handle Delete Port: a7b532cd-1482-4a96-abb3-ea981b1d2c90 [pid: 8|app: 0|req: 681/1373] 10.0.0.148 () {32 vars in 720 bytes} [Thu Apr 16 01:18:44 2026] DELETE /v2.0/ports/a7b532cd-1482-4a96-abb3-ea981b1d2c90 => generated 0 bytes in 243 msecs (HTTP/1.1 204) 3 headers in 131 bytes (1 switches on core 0)
2026-04-16 01:18:44.477 8 INFO neutron.services.segments.plugin [-] Segment ba09797f-8b6e-44d7-8171-0e3316e63bd4 resource provider aggregate not found
2026-04-16 01:18:44.484 8 INFO neutron.services.segments.plugin [-] Segment ba09797f-8b6e-44d7-8171-0e3316e63bd4 resource provider aggregate not found [pid: 8|app: 0|req: 682/1374] 10.0.0.148 () {32 vars in 633 bytes} [Thu Apr 16 01:18:44 2026] GET /v2.0/ => generated 632 bytes in 238 msecs (HTTP/1.1 200) 4 headers in 157 bytes (1 switches on core 0)
2026-04-16 01:18:44.507 8 INFO neutron.services.segments.plugin [-] Segment ba09797f-8b6e-44d7-8171-0e3316e63bd4 resource provider not found; error: Placement Client Error (4xx): {"errors": [{"status": 404, "title": "Not Found", "detail": "The resource could not be found.\n\n No resource provider with uuid ba09797f-8b6e-44d7-8171-0e3316e63bd4 found for delete ", "request_id": "req-2deafe10-1d90-4b14-a412-f5e7ff034ace"}]}
2026-04-16 01:18:44.510 8 INFO neutron.services.segments.plugin [-] Segment ba09797f-8b6e-44d7-8171-0e3316e63bd4 resource provider not found; error: Placement Client Error (4xx): {"errors": [{"status": 404, "title": "Not Found", "detail": "The resource could not be found.\n\n No resource provider with uuid ba09797f-8b6e-44d7-8171-0e3316e63bd4 found for delete ", "request_id": "req-7e5be06e-ae69-42fe-872e-7ae2f6669129"}]}
2026-04-16 01:18:44.529 8 INFO neutron.services.segments.plugin [-] Segment 3ac8a9e8-bf88-4ff7-aa3c-12f4fec79ddc resource provider aggregate not found
2026-04-16 01:18:44.532 8 INFO neutron.services.segments.plugin [-] Segment 3ac8a9e8-bf88-4ff7-aa3c-12f4fec79ddc resource provider aggregate not found
2026-04-16 01:18:44.550 8 INFO neutron.services.segments.plugin [-] Segment 3ac8a9e8-bf88-4ff7-aa3c-12f4fec79ddc resource provider not found; error: Placement Client Error (4xx): {"errors": [{"status": 404, "title": "Not Found", "detail": "The resource could not be found.\n\n No resource provider with uuid 3ac8a9e8-bf88-4ff7-aa3c-12f4fec79ddc found for delete ", "request_id": "req-29f9d1c4-9732-4481-90cf-94f77d092fb9"}]}
2026-04-16 01:18:44.551 8 INFO neutron.services.segments.plugin [-] Segment 3ac8a9e8-bf88-4ff7-aa3c-12f4fec79ddc resource provider not found; error: Placement Client Error (4xx): {"errors": [{"status": 404, "title": "Not Found", "detail": "The resource could not be found.\n\n No resource provider with uuid 3ac8a9e8-bf88-4ff7-aa3c-12f4fec79ddc found for delete ", "request_id": "req-1c5f2bef-547b-4cfd-890b-1f092e33cfe0"}]} [pid: 8|app: 0|req: 683/1375] 10.0.0.148 () {32 vars in 643 bytes} [Thu Apr 16 01:18:44 2026] GET /v2.0/ports => generated 1523 bytes in 108 msecs (HTTP/1.1 200) 4 headers in 158 bytes (1 switches on core 0)
2026-04-16 01:18:44.619 7 INFO neutron.db.ovn_revision_numbers_db [None req-10ae7a16-63a6-4ef0-a975-f73d11a95913 - - - - - -] Successfully bumped revision number for resource 471332f7-d92b-40aa-b602-e348a6eeffa6 (type: ports) to 2
2026-04-16 01:18:44.662 7 INFO neutron.db.ovn_revision_numbers_db [None req-10ae7a16-63a6-4ef0-a975-f73d11a95913 - - - - - -] Successfully bumped revision number for resource 59310cf4-65c4-4864-b90f-edcca2cfc678 (type: subnets) to 0 [pid: 7|app: 0|req: 693/1376] 10.0.0.148 () {34 vars in 669 bytes} [Thu Apr 16 01:18:43 2026] POST /v2.0/subnets => generated 626 bytes in 887 msecs (HTTP/1.1 201) 4 headers in 162 bytes (1 switches on core 0)
2026-04-16 01:18:44.696 8 INFO neutron.db.segments_db [None req-04ea20c9-12c2-4b17-906e-86e2e55c6c3e 746cb025383143f596b6cd81d089e9a2 0d8cbddf38204d3c8ad317ca4260abb1 - - default default] Added segment 81d87c04-b95e-4eae-b1a2-90cc0d7c9d02 of type geneve for network b070f134-2a42-4d78-a83e-8d8bddb98275
2026-04-16 01:18:44.777 8 WARNING neutron.plugins.ml2.drivers.ovn.mech_driver.ovsdb.ovn_client [None req-8a5ff23c-9f3f-4d41-9f38-afc278fcc618 - - - - - -] No port found with ID d8427a74-2c81-4c15-b68b-51e246edd52e: RuntimeError: No port found with ID d8427a74-2c81-4c15-b68b-51e246edd52e
2026-04-16 01:18:44.810 8 INFO neutron.plugins.ml2.drivers.ovn.mech_driver.mech_driver [None req-8a5ff23c-9f3f-4d41-9f38-afc278fcc618 - - - - - -] OVN reports status down for port: 53933ee6-fdbd-4b3e-9ebe-77f0ea42f8b3
2026-04-16 01:18:44.827 7 INFO neutron.db.ovn_revision_numbers_db [None req-1f2b7a62-5e0e-4c42-b286-9aac61a7bd25 1a12a0df1f384dd7addc93d59cd65da8 daf347e4afb84c1a9d02b58159c355cf - - default default] Successfully bumped revision number for resource c3892426-94fe-48e3-b73a-f4fb25cd2b2d (type: routers) to 1
2026-04-16 01:18:44.848 8 INFO neutron.plugins.ml2.drivers.ovn.mech_driver.mech_driver [None req-8a5ff23c-9f3f-4d41-9f38-afc278fcc618 - - - - - -] OVN reports status down for port: e950a413-d141-4f9b-92ef-189e5745eae5 [pid: 7|app: 0|req: 694/1377] 10.0.0.148 () {34 vars in 669 bytes} [Thu Apr 16 01:18:44 2026] POST /v2.0/routers => generated 601 bytes in 163 msecs (HTTP/1.1 201) 4 headers in 162 bytes (1 switches on core 0)
2026-04-16 01:18:44.864 8 INFO neutron.plugins.ml2.drivers.ovn.mech_driver.mech_driver [None req-8a5ff23c-9f3f-4d41-9f38-afc278fcc618 - - - - - -] OVN reports status down for port: 6a72ba27-dfaa-40cb-a514-2a85fe653b50
2026-04-16 01:18:44.868 8 INFO neutron.db.ovn_revision_numbers_db [None req-04ea20c9-12c2-4b17-906e-86e2e55c6c3e 746cb025383143f596b6cd81d089e9a2 0d8cbddf38204d3c8ad317ca4260abb1 - - default default] Successfully bumped revision number for resource b070f134-2a42-4d78-a83e-8d8bddb98275 (type: networks) to 1
2026-04-16 01:18:45.012 8 INFO neutron.plugins.ml2.drivers.ovn.mech_driver.mech_driver [None req-8a5ff23c-9f3f-4d41-9f38-afc278fcc618 - - - - - -] OVN reports status down for port: a7b532cd-1482-4a96-abb3-ea981b1d2c90
2026-04-16 01:18:45.130 8 WARNING neutron.scheduler.dhcp_agent_scheduler [None req-04ea20c9-12c2-4b17-906e-86e2e55c6c3e 746cb025383143f596b6cd81d089e9a2 0d8cbddf38204d3c8ad317ca4260abb1 - - default default] No more DHCP agents
2026-04-16 01:18:45.131 8 WARNING neutron.api.rpc.agentnotifiers.dhcp_rpc_agent_api [None req-04ea20c9-12c2-4b17-906e-86e2e55c6c3e 746cb025383143f596b6cd81d089e9a2 0d8cbddf38204d3c8ad317ca4260abb1 - - default default] Unable to schedule network b070f134-2a42-4d78-a83e-8d8bddb98275: no agents available; will retry on subsequent port and subnet creation events.
2026-04-16 01:18:45.229 7 WARNING neutron.scheduler.dhcp_agent_scheduler [None req-16b23e1e-4a27-42ae-a7eb-d4382ce9fca3 1a12a0df1f384dd7addc93d59cd65da8 daf347e4afb84c1a9d02b58159c355cf - - default default] No more DHCP agents
2026-04-16 01:18:45.235 7 WARNING neutron.api.rpc.agentnotifiers.dhcp_rpc_agent_api [None req-16b23e1e-4a27-42ae-a7eb-d4382ce9fca3 1a12a0df1f384dd7addc93d59cd65da8 daf347e4afb84c1a9d02b58159c355cf - - default default] Unable to schedule network 7d4e7b52-b35a-4182-9409-9aee4df6c420: no agents available; will retry on subsequent port and subnet creation events.
2026-04-16 01:18:45.237 7 INFO neutron.plugins.ml2.drivers.ovn.mech_driver.mech_driver [None req-6491aaf5-f2c1-4f22-a321-5547fef04ecb - - - - - -] OVN reports status down for port: d3a3921f-3a74-4260-a8db-3b7eccb041c3
