2026-06-13 23:58:45.526 10 INFO neutron.wsgi [None req-77dc65d1-ec85-49ea-98cf-fddeb2379571 08244c9936764b1989607db43174eabf 8676eadb2b9d4108b21f61e8228abd22 - - default default] 10.0.0.14 "DELETE /v2.0/security-groups/da9ff46f-fce9-45f6-a5cf-38ad44f96020 HTTP/1.1" status: 204 len: 168 time: 0.1362939
2026-06-13 23:58:45.547 10 INFO neutron.api.v2.resource [None req-1995dd53-5f98-4c04-b3a4-9f791670d3d8 08244c9936764b1989607db43174eabf 8676eadb2b9d4108b21f61e8228abd22 - - default default] show failed (client error): The resource could not be found.
2026-06-13 23:58:45.548 10 INFO neutron.wsgi [None req-1995dd53-5f98-4c04-b3a4-9f791670d3d8 08244c9936764b1989607db43174eabf 8676eadb2b9d4108b21f61e8228abd22 - - default default] 10.0.0.14 "GET /v2.0/security-groups/da9ff46f-fce9-45f6-a5cf-38ad44f96020 HTTP/1.1" status: 404 len: 347 time: 0.0143902
2026-06-13 23:58:45.718 10 INFO neutron.wsgi [None req-ec02c44a-ba14-4d33-90a2-8bdec0bfe872 0badf3674b824baf9deb0d3b13eef2c5 85afb4b5014f42358a55eb5080f7a039 - - default default] 10.0.0.14 "DELETE /v2.0/security-groups/8936d81c-3c74-443a-9adf-b265fdc30f23 HTTP/1.1" status: 204 len: 168 time: 0.2281833
2026-06-13 23:58:45.766 9 WARNING neutron_lib.context [None req-1e2f44de-419e-456d-a797-d75e9130ab51 82738ee0440b438fbfdfd6754f3b31c1 08436342e2264893851d76dddf12174e - - default default] Method 'is_advsvc' is deprecated since 2023.2 release (neutron-lib 3.8.0) and will be removed once support for the old RBAC API policies will be removed from Neutron. Please use method 'is_service_role' instead.
2026-06-13 23:58:45.928 9 INFO neutron.db.ovn_revision_numbers_db [None req-1e2f44de-419e-456d-a797-d75e9130ab51 82738ee0440b438fbfdfd6754f3b31c1 08436342e2264893851d76dddf12174e - - default default] Successfully bumped revision number for resource 32edb18b-bef3-499c-9875-13cd6e665ccf (type: security_groups) to 1
2026-06-13 23:58:45.932 9 INFO neutron.wsgi [None req-61cb04c2-524d-46fc-a7d3-7d04f6249647 08244c9936764b1989607db43174eabf 8676eadb2b9d4108b21f61e8228abd22 - - default default] 10.0.0.14 "DELETE /v2.0/floatingips/05f60412-83bf-4cb9-b579-15fe9fd692b7 HTTP/1.1" status: 204 len: 168 time: 0.3794217
2026-06-13 23:58:45.961 9 INFO neutron.db.ovn_revision_numbers_db [None req-1e2f44de-419e-456d-a797-d75e9130ab51 82738ee0440b438fbfdfd6754f3b31c1 08436342e2264893851d76dddf12174e - - default default] Successfully bumped revision number for resource 28c2e2ce-92a3-423d-814a-07af2755481f (type: security_group_rules) to 0
2026-06-13 23:58:45.988 9 INFO neutron.db.ovn_revision_numbers_db [None req-1e2f44de-419e-456d-a797-d75e9130ab51 82738ee0440b438fbfdfd6754f3b31c1 08436342e2264893851d76dddf12174e - - default default] Successfully bumped revision number for resource 4952bf30-3838-4e87-8eca-ff0e40653e70 (type: security_group_rules) to 0
2026-06-13 23:58:46.003 9 INFO neutron.db.ovn_revision_numbers_db [None req-1e2f44de-419e-456d-a797-d75e9130ab51 82738ee0440b438fbfdfd6754f3b31c1 08436342e2264893851d76dddf12174e - - default default] Successfully bumped revision number for resource 71046adb-0e37-4c12-9580-cb0eb499bdb6 (type: security_group_rules) to 0
2026-06-13 23:58:46.029 9 INFO neutron.db.ovn_revision_numbers_db [None req-1e2f44de-419e-456d-a797-d75e9130ab51 82738ee0440b438fbfdfd6754f3b31c1 08436342e2264893851d76dddf12174e - - default default] Successfully bumped revision number for resource e04218ff-9f6d-44fa-96d6-846aae342ad7 (type: security_group_rules) to 0
2026-06-13 23:58:46.098 9 INFO neutron.db.segments_db [None req-1e2f44de-419e-456d-a797-d75e9130ab51 82738ee0440b438fbfdfd6754f3b31c1 08436342e2264893851d76dddf12174e - - default default] Added segment 8e7e1267-935d-42b1-9f52-27fca5a28198 of type geneve for network 3a3886f0-bdb8-4057-b3dd-8e699a5b1a81
2026-06-13 23:58:46.297 9 INFO neutron.db.ovn_revision_numbers_db [None req-1e2f44de-419e-456d-a797-d75e9130ab51 82738ee0440b438fbfdfd6754f3b31c1 08436342e2264893851d76dddf12174e - - default default] Successfully bumped revision number for resource 3a3886f0-bdb8-4057-b3dd-8e699a5b1a81 (type: networks) to 1
2026-06-13 23:58:46.530 9 WARNING neutron.scheduler.dhcp_agent_scheduler [None req-1e2f44de-419e-456d-a797-d75e9130ab51 82738ee0440b438fbfdfd6754f3b31c1 08436342e2264893851d76dddf12174e - - default default] No more DHCP agents
2026-06-13 23:58:46.535 9 WARNING neutron.api.rpc.agentnotifiers.dhcp_rpc_agent_api [None req-1e2f44de-419e-456d-a797-d75e9130ab51 82738ee0440b438fbfdfd6754f3b31c1 08436342e2264893851d76dddf12174e - - default default] Unable to schedule network 3a3886f0-bdb8-4057-b3dd-8e699a5b1a81: no agents available; will retry on subsequent port and subnet creation events.
2026-06-13 23:58:46.650 9 INFO neutron.db.ovn_revision_numbers_db [None req-1e2f44de-419e-456d-a797-d75e9130ab51 82738ee0440b438fbfdfd6754f3b31c1 08436342e2264893851d76dddf12174e - - default default] Successfully bumped revision number for resource 49ea4540-4609-4e77-85c9-899604203794 (type: ports) to 1
2026-06-13 23:58:46.702 9 INFO neutron.wsgi [None req-1e2f44de-419e-456d-a797-d75e9130ab51 82738ee0440b438fbfdfd6754f3b31c1 08436342e2264893851d76dddf12174e - - default default] 10.0.0.14 "POST /v2.0/networks HTTP/1.1" status: 201 len: 847 time: 1.1856482
2026-06-13 23:58:46.718 10 WARNING neutron_lib.context [None req-40b94422-786d-4fe6-9254-4cf202b0a792 82738ee0440b438fbfdfd6754f3b31c1 08436342e2264893851d76dddf12174e - - default default] Method 'is_advsvc' is deprecated since 2023.2 release (neutron-lib 3.8.0) and will be removed once support for the old RBAC API policies will be removed from Neutron. Please use method 'is_service_role' instead.
2026-06-13 23:58:46.945 10 WARNING neutron.scheduler.dhcp_agent_scheduler [None req-40b94422-786d-4fe6-9254-4cf202b0a792 82738ee0440b438fbfdfd6754f3b31c1 08436342e2264893851d76dddf12174e - - default default] No more DHCP agents
2026-06-13 23:58:46.948 10 WARNING neutron.api.rpc.agentnotifiers.dhcp_rpc_agent_api [None req-40b94422-786d-4fe6-9254-4cf202b0a792 82738ee0440b438fbfdfd6754f3b31c1 08436342e2264893851d76dddf12174e - - default default] Unable to schedule network 3a3886f0-bdb8-4057-b3dd-8e699a5b1a81: no agents available; will retry on subsequent port and subnet creation events.
2026-06-13 23:58:47.019 10 INFO neutron.db.ovn_revision_numbers_db [None req-40b94422-786d-4fe6-9254-4cf202b0a792 82738ee0440b438fbfdfd6754f3b31c1 08436342e2264893851d76dddf12174e - - default default] Successfully bumped revision number for resource 897726a1-ebc5-4165-bf0c-2cdaf44028da (type: ports) to 1
2026-06-13 23:58:47.042 9 INFO neutron.wsgi [None req-8f5a2572-656a-47ac-8abb-27f7fc097e5b 0badf3674b824baf9deb0d3b13eef2c5 85afb4b5014f42358a55eb5080f7a039 - - default default] 10.0.0.14 "PUT /v2.0/routers/b01cecb5-47ef-4dd4-bf72-c26b01ffad12/remove_router_interface HTTP/1.1" status: 200 len: 503 time: 1.1038046
2026-06-13 23:58:47.042 10 INFO neutron.wsgi [None req-40b94422-786d-4fe6-9254-4cf202b0a792 82738ee0440b438fbfdfd6754f3b31c1 08436342e2264893851d76dddf12174e - - default default] 10.0.0.14 "POST /v2.0/ports HTTP/1.1" status: 201 len: 978 time: 0.3301377 /var/lib/openstack/lib/python3.10/site-packages/pycadf/identifier.py:71: UserWarning: Invalid uuid: neutron. To ensure interoperability, identifiers should be a valid uuid. warnings.warn(('Invalid uuid: %s. To ensure interoperability, ' /var/lib/openstack/lib/python3.10/site-packages/pycadf/identifier.py:71: UserWarning: Invalid uuid: neutron. To ensure interoperability, identifiers should be a valid uuid. warnings.warn(('Invalid uuid: %s. To ensure interoperability, '
2026-06-13 23:58:47.052 10 WARNING neutron_lib.context [None req-513295ef-5b51-4c26-8f0e-95cc6a8513b6 82738ee0440b438fbfdfd6754f3b31c1 08436342e2264893851d76dddf12174e - - default default] Method 'is_advsvc' is deprecated since 2023.2 release (neutron-lib 3.8.0) and will be removed once support for the old RBAC API policies will be removed from Neutron. Please use method 'is_service_role' instead.
2026-06-13 23:58:47.129 10 INFO neutron.db.segments_db [None req-513295ef-5b51-4c26-8f0e-95cc6a8513b6 82738ee0440b438fbfdfd6754f3b31c1 08436342e2264893851d76dddf12174e - - default default] Added segment b64f2305-621c-47e1-9042-c4745586527d of type geneve for network 87b295f5-2503-469e-a38e-b575c73a0a22
2026-06-13 23:58:47.278 10 INFO neutron.db.ovn_revision_numbers_db [None req-513295ef-5b51-4c26-8f0e-95cc6a8513b6 82738ee0440b438fbfdfd6754f3b31c1 08436342e2264893851d76dddf12174e - - default default] Successfully bumped revision number for resource 87b295f5-2503-469e-a38e-b575c73a0a22 (type: networks) to 1
2026-06-13 23:58:47.477 10 WARNING neutron.scheduler.dhcp_agent_scheduler [None req-513295ef-5b51-4c26-8f0e-95cc6a8513b6 82738ee0440b438fbfdfd6754f3b31c1 08436342e2264893851d76dddf12174e - - default default] No more DHCP agents
2026-06-13 23:58:47.479 10 WARNING neutron.api.rpc.agentnotifiers.dhcp_rpc_agent_api [None req-513295ef-5b51-4c26-8f0e-95cc6a8513b6 82738ee0440b438fbfdfd6754f3b31c1 08436342e2264893851d76dddf12174e - - default default] Unable to schedule network 87b295f5-2503-469e-a38e-b575c73a0a22: no agents available; will retry on subsequent port and subnet creation events.
2026-06-13 23:58:47.552 10 INFO neutron.db.ovn_revision_numbers_db [None req-513295ef-5b51-4c26-8f0e-95cc6a8513b6 82738ee0440b438fbfdfd6754f3b31c1 08436342e2264893851d76dddf12174e - - default default] Successfully bumped revision number for resource 07bd39d4-d814-474f-aefa-b52a4482602d (type: ports) to 1
2026-06-13 23:58:47.575 10 INFO neutron.wsgi [None req-513295ef-5b51-4c26-8f0e-95cc6a8513b6 82738ee0440b438fbfdfd6754f3b31c1 08436342e2264893851d76dddf12174e - - default default] 10.0.0.14 "POST /v2.0/networks HTTP/1.1" status: 201 len: 835 time: 0.5275137
2026-06-13 23:58:47.584 10 WARNING neutron_lib.context [None req-83cf3c94-df9b-4549-9752-f2c6a6475843 82738ee0440b438fbfdfd6754f3b31c1 08436342e2264893851d76dddf12174e - - default default] Method 'is_advsvc' is deprecated since 2023.2 release (neutron-lib 3.8.0) and will be removed once support for the old RBAC API policies will be removed from Neutron. Please use method 'is_service_role' instead.
2026-06-13 23:58:47.867 10 WARNING neutron.scheduler.dhcp_agent_scheduler [None req-83cf3c94-df9b-4549-9752-f2c6a6475843 82738ee0440b438fbfdfd6754f3b31c1 08436342e2264893851d76dddf12174e - - default default] No more DHCP agents
2026-06-13 23:58:47.870 10 WARNING neutron.api.rpc.agentnotifiers.dhcp_rpc_agent_api [None req-83cf3c94-df9b-4549-9752-f2c6a6475843 82738ee0440b438fbfdfd6754f3b31c1 08436342e2264893851d76dddf12174e - - default default] Unable to schedule network 87b295f5-2503-469e-a38e-b575c73a0a22: no agents available; will retry on subsequent port and subnet creation events.
2026-06-13 23:58:47.905 10 INFO neutron.db.ovn_revision_numbers_db [None req-83cf3c94-df9b-4549-9752-f2c6a6475843 82738ee0440b438fbfdfd6754f3b31c1 08436342e2264893851d76dddf12174e - - default default] Successfully bumped revision number for resource 43efd3d9-36a4-42c8-b2d3-2c42e713aa41 (type: subnets) to 0
2026-06-13 23:58:47.920 10 INFO neutron.wsgi [None req-83cf3c94-df9b-4549-9752-f2c6a6475843 82738ee0440b438fbfdfd6754f3b31c1 08436342e2264893851d76dddf12174e - - default default] 10.0.0.14 "POST /v2.0/subnets HTTP/1.1" status: 201 len: 821 time: 0.3405132
2026-06-13 23:58:47.929 10 WARNING neutron_lib.context [None req-e8dc487d-d8b4-41ea-8845-44678327d11d 82738ee0440b438fbfdfd6754f3b31c1 08436342e2264893851d76dddf12174e - - default default] Method 'is_advsvc' is deprecated since 2023.2 release (neutron-lib 3.8.0) and will be removed once support for the old RBAC API policies will be removed from Neutron. Please use method 'is_service_role' instead.
2026-06-13 23:58:47.994 9 INFO neutron.wsgi [None req-e5b16b8a-d214-4511-bea4-3d0d98994299 0badf3674b824baf9deb0d3b13eef2c5 85afb4b5014f42358a55eb5080f7a039 - - default default] 10.0.0.14 "DELETE /v2.0/routers/b01cecb5-47ef-4dd4-bf72-c26b01ffad12 HTTP/1.1" status: 204 len: 168 time: 0.9482772
2026-06-13 23:58:48.273 10 INFO neutron.wsgi [None req-f7215d14-4479-43ed-97db-72598c2a18b0 0badf3674b824baf9deb0d3b13eef2c5 85afb4b5014f42358a55eb5080f7a039 - - default default] 10.0.0.14 "DELETE /v2.0/subnets/99094f3f-1f83-41dc-aca1-d1c9f905b790 HTTP/1.1" status: 204 len: 168 time: 0.2746198
2026-06-13 23:58:48.292 10 WARNING neutron.scheduler.dhcp_agent_scheduler [None req-e8dc487d-d8b4-41ea-8845-44678327d11d 82738ee0440b438fbfdfd6754f3b31c1 08436342e2264893851d76dddf12174e - - default default] No more DHCP agents
2026-06-13 23:58:48.293 10 WARNING neutron.api.rpc.agentnotifiers.dhcp_rpc_agent_api [None req-e8dc487d-d8b4-41ea-8845-44678327d11d 82738ee0440b438fbfdfd6754f3b31c1 08436342e2264893851d76dddf12174e - - default default] Unable to schedule network 87b295f5-2503-469e-a38e-b575c73a0a22: no agents available; will retry on subsequent port and subnet creation events.
2026-06-13 23:58:48.354 9 INFO neutron.db.ovn_revision_numbers_db [None req-9968487d-4c9a-4839-bd71-cb38bfcdff8d 0badf3674b824baf9deb0d3b13eef2c5 85afb4b5014f42358a55eb5080f7a039 - - default default] Successfully bumped revision number for resource a8850e00-4236-415f-a1c8-4c304e3d1de3 (type: security_groups) to 1
2026-06-13 23:58:48.371 9 INFO neutron.db.ovn_revision_numbers_db [None req-9968487d-4c9a-4839-bd71-cb38bfcdff8d 0badf3674b824baf9deb0d3b13eef2c5 85afb4b5014f42358a55eb5080f7a039 - - default default] Successfully bumped revision number for resource 8fe7f718-cfd9-41a5-a0c7-be3aea4c095e (type: security_group_rules) to 0
2026-06-13 23:58:48.403 10 INFO neutron.db.ovn_revision_numbers_db [None req-e8dc487d-d8b4-41ea-8845-44678327d11d 82738ee0440b438fbfdfd6754f3b31c1 08436342e2264893851d76dddf12174e - - default default] Successfully bumped revision number for resource dede5f80-d45c-4192-ab58-373a943a357d (type: ports) to 1
2026-06-13 23:58:48.404 9 INFO neutron.db.ovn_revision_numbers_db [None req-9968487d-4c9a-4839-bd71-cb38bfcdff8d 0badf3674b824baf9deb0d3b13eef2c5 85afb4b5014f42358a55eb5080f7a039 - - default default] Successfully bumped revision number for resource a507fd84-1027-4bda-b761-c736767d77bf (type: security_group_rules) to 0
2026-06-13 23:58:48.423 9 INFO neutron.db.ovn_revision_numbers_db [None req-9968487d-4c9a-4839-bd71-cb38bfcdff8d 0badf3674b824baf9deb0d3b13eef2c5 85afb4b5014f42358a55eb5080f7a039 - - default default] Successfully bumped revision number for resource d976adf2-bc6d-43b7-9de6-ff75d73153b3 (type: security_group_rules) to 0
2026-06-13 23:58:48.426 10 INFO neutron.wsgi [None req-e8dc487d-d8b4-41ea-8845-44678327d11d 82738ee0440b438fbfdfd6754f3b31c1 08436342e2264893851d76dddf12174e - - default default] 10.0.0.14 "POST /v2.0/ports HTTP/1.1" status: 201 len: 1163 time: 0.5009348 /var/lib/openstack/lib/python3.10/site-packages/pycadf/identifier.py:71: UserWarning: Invalid uuid: neutron. To ensure interoperability, identifiers should be a valid uuid. warnings.warn(('Invalid uuid: %s. To ensure interoperability, '
2026-06-13 23:58:48.456 9 INFO neutron.db.ovn_revision_numbers_db [None req-9968487d-4c9a-4839-bd71-cb38bfcdff8d 0badf3674b824baf9deb0d3b13eef2c5 85afb4b5014f42358a55eb5080f7a039 - - default default] Successfully bumped revision number for resource ffaffdcc-0792-444c-83dd-ed982c2da7fb (type: security_group_rules) to 0
2026-06-13 23:58:48.482 9 INFO neutron.wsgi [None req-9968487d-4c9a-4839-bd71-cb38bfcdff8d 0badf3674b824baf9deb0d3b13eef2c5 85afb4b5014f42358a55eb5080f7a039 - - default default] 10.0.0.14 "GET /v2.0/security-groups?tenant_id=a39dfae827934ba49e80ea7809388261&name=default HTTP/1.1" status: 200 len: 2996 time: 0.4239128
2026-06-13 23:58:48.693 9 INFO neutron.services.segments.plugin [-] Segment b557e753-1e36-4c89-a838-69ceb1be4f50 resource provider aggregate not found
2026-06-13 23:58:48.696 10 INFO neutron.wsgi [None req-a3eb957a-6701-4ec6-9b69-5d239ac89d5c 82738ee0440b438fbfdfd6754f3b31c1 08436342e2264893851d76dddf12174e - - default default] 10.0.0.14 "DELETE /v2.0/ports/dede5f80-d45c-4192-ab58-373a943a357d HTTP/1.1" status: 204 len: 168 time: 0.2667797
2026-06-13 23:58:48.699 9 INFO neutron.services.segments.plugin [-] Segment b557e753-1e36-4c89-a838-69ceb1be4f50 resource provider aggregate not found
2026-06-13 23:58:48.716 9 INFO neutron.services.segments.plugin [-] Segment b557e753-1e36-4c89-a838-69ceb1be4f50 resource provider not found; error: Placement Client Error (4xx): {"errors": [{"status": 404, "title": "Not Found", "detail": "The resource could not be found.\n\n No resource provider with uuid b557e753-1e36-4c89-a838-69ceb1be4f50 found for delete ", "request_id": "req-88dc0d18-c2e7-4ee2-9cd9-34ffb1d73bd0"}]}
2026-06-13 23:58:48.716 9 INFO neutron.services.segments.plugin [-] Segment b557e753-1e36-4c89-a838-69ceb1be4f50 resource provider not found; error: Placement Client Error (4xx): {"errors": [{"status": 404, "title": "Not Found", "detail": "The resource could not be found.\n\n No resource provider with uuid b557e753-1e36-4c89-a838-69ceb1be4f50 found for delete ", "request_id": "req-d25be1ff-3b67-454b-95d6-7920590467c3"}]}
2026-06-13 23:58:48.724 10 INFO neutron.pecan_wsgi.hooks.translation [None req-e013efe1-f051-49f3-9d34-7d2602d230cb 82738ee0440b438fbfdfd6754f3b31c1 08436342e2264893851d76dddf12174e - - default default] DELETE failed (client error): The resource could not be found.
2026-06-13 23:58:48.729 10 INFO neutron.wsgi [None req-e013efe1-f051-49f3-9d34-7d2602d230cb 82738ee0440b438fbfdfd6754f3b31c1 08436342e2264893851d76dddf12174e - - default default] 10.0.0.14 "DELETE /v2.0/ports/dede5f80-d45c-4192-ab58-373a943a357d HTTP/1.1" status: 404 len: 333 time: 0.0283377
2026-06-13 23:58:48.749 9 INFO neutron.wsgi [None req-f9c6ced7-f5fb-495b-b0c7-4e533b5b4d62 0badf3674b824baf9deb0d3b13eef2c5 85afb4b5014f42358a55eb5080f7a039 - - default default] 10.0.0.14 "DELETE /v2.0/networks/c0854106-cc86-4ede-b8a4-7016301b6b3b HTTP/1.1" status: 204 len: 168 time: 0.4689698
2026-06-13 23:58:48.755 10 INFO neutron.pecan_wsgi.hooks.translation [None req-2d30c0ed-b464-4656-95df-ac8c977c883b 82738ee0440b438fbfdfd6754f3b31c1 08436342e2264893851d76dddf12174e - - default default] GET failed (client error): The resource could not be found.
2026-06-13 23:58:48.757 10 INFO neutron.wsgi [None req-2d30c0ed-b464-4656-95df-ac8c977c883b 82738ee0440b438fbfdfd6754f3b31c1 08436342e2264893851d76dddf12174e - - default default] 10.0.0.14 "GET /v2.0/ports/dede5f80-d45c-4192-ab58-373a943a357d HTTP/1.1" status: 404 len: 333 time: 0.0224185
2026-06-13 23:58:48.789 9 INFO neutron.wsgi [None req-1e357702-5ab4-4dab-9a55-83fb15e703f5 0badf3674b824baf9deb0d3b13eef2c5 85afb4b5014f42358a55eb5080f7a039 - - default default] 10.0.0.14 "DELETE /v2.0/security-groups/a8850e00-4236-415f-a1c8-4c304e3d1de3 HTTP/1.1" status: 204 len: 168 time: 0.3032355
2026-06-13 23:58:48.938 10 INFO neutron.wsgi [None req-6b759f18-688b-4a01-bc4a-07530c86d2f6 82738ee0440b438fbfdfd6754f3b31c1 08436342e2264893851d76dddf12174e - - default default] 10.0.0.14 "DELETE /v2.0/subnets/43efd3d9-36a4-42c8-b2d3-2c42e713aa41 HTTP/1.1" status: 204 len: 168 time: 0.1766465
2026-06-13 23:58:48.945 9 INFO neutron.wsgi [None req-c6b04112-3d21-4043-a2ed-a1c3c387bf6d 0badf3674b824baf9deb0d3b13eef2c5 85afb4b5014f42358a55eb5080f7a039 - - default default] 10.0.0.14 "GET /v2.0/security-groups?tenant_id=8676eadb2b9d4108b21f61e8228abd22&name=default HTTP/1.1" status: 200 len: 2996 time: 0.0441496
2026-06-13 23:58:49.456 10 INFO neutron.wsgi [None req-e6b14aa0-51e9-484e-8e5f-a3adcb5541b5 0badf3674b824baf9deb0d3b13eef2c5 85afb4b5014f42358a55eb5080f7a039 - - default default] 10.0.0.14 "DELETE /v2.0/security-groups/e2c9950c-e117-43c8-b86a-26e47ed74303 HTTP/1.1" status: 204 len: 168 time: 0.5060718
2026-06-13 23:58:49.531 10 INFO neutron.services.segments.plugin [-] Segment b64f2305-621c-47e1-9042-c4745586527d resource provider aggregate not found
2026-06-13 23:58:49.536 10 INFO neutron.services.segments.plugin [-] Segment b64f2305-621c-47e1-9042-c4745586527d resource provider aggregate not found
2026-06-13 23:58:49.552 10 INFO neutron.services.segments.plugin [-] Segment b64f2305-621c-47e1-9042-c4745586527d resource provider not found; error: Placement Client Error (4xx): {"errors": [{"status": 404, "title": "Not Found", "detail": "The resource could not be found.\n\n No resource provider with uuid b64f2305-621c-47e1-9042-c4745586527d found for delete ", "request_id": "req-30f6e981-6577-4ce2-9df3-fe369b8a5cc9"}]}
2026-06-13 23:58:49.554 10 INFO neutron.services.segments.plugin [-] Segment b64f2305-621c-47e1-9042-c4745586527d resource provider not found; error: Placement Client Error (4xx): {"errors": [{"status": 404, "title": "Not Found", "detail": "The resource could not be found.\n\n No resource provider with uuid b64f2305-621c-47e1-9042-c4745586527d found for delete ", "request_id": "req-eeddccde-3baf-47f2-b6a1-b0f04a889f2d"}]}
2026-06-13 23:58:49.572 10 INFO neutron.wsgi [None req-28bce2db-52ec-48ac-b355-9717a13c8bd8 82738ee0440b438fbfdfd6754f3b31c1 08436342e2264893851d76dddf12174e - - default default] 10.0.0.14 "DELETE /v2.0/networks/87b295f5-2503-469e-a38e-b575c73a0a22 HTTP/1.1" status: 204 len: 168 time: 0.6295583
2026-06-13 23:58:49.584 9 WARNING neutron_lib.context [None req-5ea0ae4c-3262-4d14-89f8-01fec9fecf8b 82738ee0440b438fbfdfd6754f3b31c1 08436342e2264893851d76dddf12174e - - default default] Method 'is_advsvc' is deprecated since 2023.2 release (neutron-lib 3.8.0) and will be removed once support for the old RBAC API policies will be removed from Neutron. Please use method 'is_service_role' instead.
2026-06-13 23:58:49.663 9 INFO neutron.db.segments_db [None req-5ea0ae4c-3262-4d14-89f8-01fec9fecf8b 82738ee0440b438fbfdfd6754f3b31c1 08436342e2264893851d76dddf12174e - - default default] Added segment 69521311-e32a-47d6-b543-7b88a9d4827f of type geneve for network fba64fd9-2d10-4807-986b-a3a0971677ab
2026-06-13 23:58:49.718 10 WARNING neutron_lib.context [None req-16c1a5a0-5e57-4e85-a686-9f8cddce1bc1 a8340cbb458c4675991cec3a40c6e8ae d3006ac59bcf4820b85181a6222ec174 - - default default] Method 'is_advsvc' is deprecated since 2023.2 release (neutron-lib 3.8.0) and will be removed once support for the old RBAC API policies will be removed from Neutron. Please use method 'is_service_role' instead.
2026-06-13 23:58:49.949 10 WARNING neutron.scheduler.dhcp_agent_scheduler [None req-16c1a5a0-5e57-4e85-a686-9f8cddce1bc1 a8340cbb458c4675991cec3a40c6e8ae d3006ac59bcf4820b85181a6222ec174 - - default default] No more DHCP agents
2026-06-13 23:58:49.950 10 WARNING neutron.api.rpc.agentnotifiers.dhcp_rpc_agent_api [None req-16c1a5a0-5e57-4e85-a686-9f8cddce1bc1 a8340cbb458c4675991cec3a40c6e8ae d3006ac59bcf4820b85181a6222ec174 - - default default] Unable to schedule network 644f7abb-5833-4769-bbb9-5ec42dfe6f0e: no agents available; will retry on subsequent port and subnet creation events.
2026-06-13 23:58:50.043 9 INFO neutron.db.ovn_revision_numbers_db [None req-5ea0ae4c-3262-4d14-89f8-01fec9fecf8b 82738ee0440b438fbfdfd6754f3b31c1 08436342e2264893851d76dddf12174e - - default default] Successfully bumped revision number for resource fba64fd9-2d10-4807-986b-a3a0971677ab (type: networks) to 1
2026-06-13 23:58:50.288 9 WARNING neutron.scheduler.dhcp_agent_scheduler [None req-5ea0ae4c-3262-4d14-89f8-01fec9fecf8b 82738ee0440b438fbfdfd6754f3b31c1 08436342e2264893851d76dddf12174e - - default default] No more DHCP agents
2026-06-13 23:58:50.293 9 WARNING neutron.api.rpc.agentnotifiers.dhcp_rpc_agent_api [None req-5ea0ae4c-3262-4d14-89f8-01fec9fecf8b 82738ee0440b438fbfdfd6754f3b31c1 08436342e2264893851d76dddf12174e - - default default] Unable to schedule network fba64fd9-2d10-4807-986b-a3a0971677ab: no agents available; will retry on subsequent port and subnet creation events.
2026-06-13 23:58:50.349 10 INFO neutron.db.ovn_revision_numbers_db [None req-16c1a5a0-5e57-4e85-a686-9f8cddce1bc1 a8340cbb458c4675991cec3a40c6e8ae d3006ac59bcf4820b85181a6222ec174 - - default default] Successfully bumped revision number for resource dd2bfe2a-76b7-4ec7-a628-7378363c9aa5 (type: floatingips) to 0
2026-06-13 23:58:50.395 10 INFO neutron.wsgi [None req-16c1a5a0-5e57-4e85-a686-9f8cddce1bc1 a8340cbb458c4675991cec3a40c6e8ae d3006ac59bcf4820b85181a6222ec174 - - default default] 10.0.0.14 "POST /v2.0/floatingips HTTP/1.1" status: 201 len: 751 time: 0.9172397
2026-06-13 23:58:50.405 10 WARNING neutron_lib.context [None req-9f8bd381-04b9-47c1-84cd-37d979f039d1 a8340cbb458c4675991cec3a40c6e8ae d3006ac59bcf4820b85181a6222ec174 - - default default] Method 'is_advsvc' is deprecated since 2023.2 release (neutron-lib 3.8.0) and will be removed once support for the old RBAC API policies will be removed from Neutron. Please use method 'is_service_role' instead.
2026-06-13 23:58:50.417 9 INFO neutron.db.ovn_revision_numbers_db [None req-5ea0ae4c-3262-4d14-89f8-01fec9fecf8b 82738ee0440b438fbfdfd6754f3b31c1 08436342e2264893851d76dddf12174e - - default default] Successfully bumped revision number for resource d19c8f36-c279-4408-b954-1f48e615cc2d (type: ports) to 1
2026-06-13 23:58:50.442 9 INFO neutron.wsgi [None req-5ea0ae4c-3262-4d14-89f8-01fec9fecf8b 82738ee0440b438fbfdfd6754f3b31c1 08436342e2264893851d76dddf12174e - - default default] 10.0.0.14 "POST /v2.0/networks HTTP/1.1" status: 201 len: 835 time: 0.8653862
2026-06-13 23:58:50.464 10 WARNING neutron_lib.context [None req-bf5f5c4d-e28a-43b0-a0c2-c5e185c56b17 82738ee0440b438fbfdfd6754f3b31c1 08436342e2264893851d76dddf12174e - - default default] Method 'is_advsvc' is deprecated since 2023.2 release (neutron-lib 3.8.0) and will be removed once support for the old RBAC API policies will be removed from Neutron. Please use method 'is_service_role' instead.
2026-06-13 23:58:50.759 10 WARNING neutron.scheduler.dhcp_agent_scheduler [None req-bf5f5c4d-e28a-43b0-a0c2-c5e185c56b17 82738ee0440b438fbfdfd6754f3b31c1 08436342e2264893851d76dddf12174e - - default default] No more DHCP agents
2026-06-13 23:58:50.764 10 WARNING neutron.api.rpc.agentnotifiers.dhcp_rpc_agent_api [None req-bf5f5c4d-e28a-43b0-a0c2-c5e185c56b17 82738ee0440b438fbfdfd6754f3b31c1 08436342e2264893851d76dddf12174e - - default default] Unable to schedule network fba64fd9-2d10-4807-986b-a3a0971677ab: no agents available; will retry on subsequent port and subnet creation events.
2026-06-13 23:58:50.770 10 WARNING neutron.scheduler.dhcp_agent_scheduler [None req-9f8bd381-04b9-47c1-84cd-37d979f039d1 a8340cbb458c4675991cec3a40c6e8ae d3006ac59bcf4820b85181a6222ec174 - - default default] No more DHCP agents
2026-06-13 23:58:50.773 10 WARNING neutron.api.rpc.agentnotifiers.dhcp_rpc_agent_api [None req-9f8bd381-04b9-47c1-84cd-37d979f039d1 a8340cbb458c4675991cec3a40c6e8ae d3006ac59bcf4820b85181a6222ec174 - - default default] Unable to schedule network 644f7abb-5833-4769-bbb9-5ec42dfe6f0e: no agents available; will retry on subsequent port and subnet creation events.
2026-06-13 23:58:50.808 10 INFO neutron.db.ovn_revision_numbers_db [None req-bf5f5c4d-e28a-43b0-a0c2-c5e185c56b17 82738ee0440b438fbfdfd6754f3b31c1 08436342e2264893851d76dddf12174e - - default default] Successfully bumped revision number for resource c27cfea1-d0ac-4439-a0ed-db5be543a7e4 (type: subnets) to 0
2026-06-13 23:58:50.834 10 INFO neutron.wsgi [None req-bf5f5c4d-e28a-43b0-a0c2-c5e185c56b17 82738ee0440b438fbfdfd6754f3b31c1 08436342e2264893851d76dddf12174e - - default default] 10.0.0.14 "POST /v2.0/subnets HTTP/1.1" status: 201 len: 821 time: 0.3857415
2026-06-13 23:58:50.848 9 WARNING neutron_lib.context [None req-228b0762-ba57-40ed-bbba-0d5e20fe0a8a 82738ee0440b438fbfdfd6754f3b31c1 08436342e2264893851d76dddf12174e - - default default] Method 'is_advsvc' is deprecated since 2023.2 release (neutron-lib 3.8.0) and will be removed once support for the old RBAC API policies will be removed from Neutron. Please use method 'is_service_role' instead.
2026-06-13 23:58:51.081 10 INFO neutron.db.ovn_revision_numbers_db [None req-9f8bd381-04b9-47c1-84cd-37d979f039d1 a8340cbb458c4675991cec3a40c6e8ae d3006ac59bcf4820b85181a6222ec174 - - default default] Successfully bumped revision number for resource 5314c8d3-8a1f-4f26-9aa7-a52ac493e298 (type: floatingips) to 0
2026-06-13 23:58:51.094 10 INFO neutron.wsgi [None req-9f8bd381-04b9-47c1-84cd-37d979f039d1 a8340cbb458c4675991cec3a40c6e8ae d3006ac59bcf4820b85181a6222ec174 - - default default] 10.0.0.14 "POST /v2.0/floatingips HTTP/1.1" status: 201 len: 751 time: 0.6952291
2026-06-13 23:58:51.105 10 WARNING neutron_lib.context [None req-b4ee87f1-ccae-4588-a63c-b9373a4aab97 a8340cbb458c4675991cec3a40c6e8ae d3006ac59bcf4820b85181a6222ec174 - - default default] Method 'is_advsvc' is deprecated since 2023.2 release (neutron-lib 3.8.0) and will be removed once support for the old RBAC API policies will be removed from Neutron. Please use method 'is_service_role' instead.
2026-06-13 23:58:51.152 9 WARNING neutron.scheduler.dhcp_agent_scheduler [None req-228b0762-ba57-40ed-bbba-0d5e20fe0a8a 82738ee0440b438fbfdfd6754f3b31c1 08436342e2264893851d76dddf12174e - - default default] No more DHCP agents
2026-06-13 23:58:51.156 9 WARNING neutron.api.rpc.agentnotifiers.dhcp_rpc_agent_api [None req-228b0762-ba57-40ed-bbba-0d5e20fe0a8a 82738ee0440b438fbfdfd6754f3b31c1 08436342e2264893851d76dddf12174e - - default default] Unable to schedule network fba64fd9-2d10-4807-986b-a3a0971677ab: no agents available; will retry on subsequent port and subnet creation events.
2026-06-13 23:58:51.276 9 INFO neutron.db.ovn_revision_numbers_db [None req-228b0762-ba57-40ed-bbba-0d5e20fe0a8a 82738ee0440b438fbfdfd6754f3b31c1 08436342e2264893851d76dddf12174e - - default default] Successfully bumped revision number for resource b2cfd3cf-ecba-4fff-a390-ec466fe750bc (type: ports) to 1
2026-06-13 23:58:51.298 9 INFO neutron.wsgi [None req-228b0762-ba57-40ed-bbba-0d5e20fe0a8a 82738ee0440b438fbfdfd6754f3b31c1 08436342e2264893851d76dddf12174e - - default default] 10.0.0.14 "POST /v2.0/ports HTTP/1.1" status: 201 len: 1125 time: 0.4554458
2026-06-13 23:58:51.350 10 WARNING neutron.scheduler.dhcp_agent_scheduler [None req-b4ee87f1-ccae-4588-a63c-b9373a4aab97 a8340cbb458c4675991cec3a40c6e8ae d3006ac59bcf4820b85181a6222ec174 - - default default] No more DHCP agents
2026-06-13 23:58:51.353 10 WARNING neutron.api.rpc.agentnotifiers.dhcp_rpc_agent_api [None req-b4ee87f1-ccae-4588-a63c-b9373a4aab97 a8340cbb458c4675991cec3a40c6e8ae d3006ac59bcf4820b85181a6222ec174 - - default default] Unable to schedule network 644f7abb-5833-4769-bbb9-5ec42dfe6f0e: no agents available; will retry on subsequent port and subnet creation events.
2026-06-13 23:58:51.634 9 INFO neutron.db.ovn_revision_numbers_db [None req-f76a7009-2951-4acc-b25e-54f94868ba7d 0badf3674b824baf9deb0d3b13eef2c5 85afb4b5014f42358a55eb5080f7a039 - - default default] Successfully bumped revision number for resource 8a1c4564-2e71-4061-8f4e-ec77d372cfce (type: security_groups) to 1
2026-06-13 23:58:51.645 10 INFO neutron.db.ovn_revision_numbers_db [None req-b4ee87f1-ccae-4588-a63c-b9373a4aab97 a8340cbb458c4675991cec3a40c6e8ae d3006ac59bcf4820b85181a6222ec174 - - default default] Successfully bumped revision number for resource 3e6ae1b7-9002-4b44-bbca-ec541a509882 (type: floatingips) to 0
2026-06-13 23:58:51.653 9 INFO neutron.db.ovn_revision_numbers_db [None req-f76a7009-2951-4acc-b25e-54f94868ba7d 0badf3674b824baf9deb0d3b13eef2c5 85afb4b5014f42358a55eb5080f7a039 - - default default] Successfully bumped revision number for resource 5a27d3a9-3c0a-47a3-bdd2-5002d4367453 (type: security_group_rules) to 0
2026-06-13 23:58:51.658 10 INFO neutron.wsgi [None req-b4ee87f1-ccae-4588-a63c-b9373a4aab97 a8340cbb458c4675991cec3a40c6e8ae d3006ac59bcf4820b85181a6222ec174 - - default default] 10.0.0.14 "POST /v2.0/floatingips HTTP/1.1" status: 201 len: 751 time: 0.5572917
2026-06-13 23:58:51.668 10 WARNING neutron_lib.context [None req-be3a86ea-a669-4d17-9132-046ab2ae6cb0 a8340cbb458c4675991cec3a40c6e8ae d3006ac59bcf4820b85181a6222ec174 - - default default] Method 'is_advsvc' is deprecated since 2023.2 release (neutron-lib 3.8.0) and will be removed once support for the old RBAC API policies will be removed from Neutron. Please use method 'is_service_role' instead.
2026-06-13 23:58:51.679 9 INFO neutron.db.ovn_revision_numbers_db [None req-f76a7009-2951-4acc-b25e-54f94868ba7d 0badf3674b824baf9deb0d3b13eef2c5 85afb4b5014f42358a55eb5080f7a039 - - default default] Successfully bumped revision number for resource 936a7195-2ec1-425e-b786-b9914b1cf240 (type: security_group_rules) to 0
2026-06-13 23:58:51.686 9 INFO neutron.wsgi [None req-9fe753bd-c7b6-4903-98e5-6d1d4e4631ec 82738ee0440b438fbfdfd6754f3b31c1 08436342e2264893851d76dddf12174e - - default default] 10.0.0.14 "DELETE /v2.0/ports/b2cfd3cf-ecba-4fff-a390-ec466fe750bc HTTP/1.1" status: 204 len: 168 time: 0.3839107
2026-06-13 23:58:51.696 9 INFO neutron.db.ovn_revision_numbers_db [None req-f76a7009-2951-4acc-b25e-54f94868ba7d 0badf3674b824baf9deb0d3b13eef2c5 85afb4b5014f42358a55eb5080f7a039 - - default default] Successfully bumped revision number for resource e5fe6b0d-973d-4cc3-8ab4-c237a8241203 (type: security_group_rules) to 0
2026-06-13 23:58:51.715 9 INFO neutron.db.ovn_revision_numbers_db [None req-f76a7009-2951-4acc-b25e-54f94868ba7d 0badf3674b824baf9deb0d3b13eef2c5 85afb4b5014f42358a55eb5080f7a039 - - default default] Successfully bumped revision number for resource eedc46ba-7c84-4bd1-adfe-790c0adea009 (type: security_group_rules) to 0
2026-06-13 23:58:51.719 10 INFO neutron.pecan_wsgi.hooks.translation [None req-c78ab68b-23f9-4101-baa8-16ce10ad058d 82738ee0440b438fbfdfd6754f3b31c1 08436342e2264893851d76dddf12174e - - default default] GET failed (client error): The resource could not be found.
2026-06-13 23:58:51.721 10 INFO neutron.wsgi [None req-c78ab68b-23f9-4101-baa8-16ce10ad058d 82738ee0440b438fbfdfd6754f3b31c1 08436342e2264893851d76dddf12174e - - default default] 10.0.0.14 "GET /v2.0/ports/b2cfd3cf-ecba-4fff-a390-ec466fe750bc HTTP/1.1" status: 404 len: 333 time: 0.0289793
2026-06-13 23:58:51.797 9 INFO neutron.db.segments_db [None req-f76a7009-2951-4acc-b25e-54f94868ba7d 0badf3674b824baf9deb0d3b13eef2c5 85afb4b5014f42358a55eb5080f7a039 - - default default] Added segment 91e5f285-46be-4a9d-95f9-1778b95c85fc of type geneve for network 524e415c-2ef2-4d17-b9c3-82d435749e83
2026-06-13 23:58:51.941 10 WARNING neutron.scheduler.dhcp_agent_scheduler [None req-be3a86ea-a669-4d17-9132-046ab2ae6cb0 a8340cbb458c4675991cec3a40c6e8ae d3006ac59bcf4820b85181a6222ec174 - - default default] No more DHCP agents
2026-06-13 23:58:51.942 10 WARNING neutron.api.rpc.agentnotifiers.dhcp_rpc_agent_api [None req-be3a86ea-a669-4d17-9132-046ab2ae6cb0 a8340cbb458c4675991cec3a40c6e8ae d3006ac59bcf4820b85181a6222ec174 - - default default] Unable to schedule network 644f7abb-5833-4769-bbb9-5ec42dfe6f0e: no agents available; will retry on subsequent port and subnet creation events.
2026-06-13 23:58:51.963 9 INFO neutron.db.ovn_revision_numbers_db [None req-f76a7009-2951-4acc-b25e-54f94868ba7d 0badf3674b824baf9deb0d3b13eef2c5 85afb4b5014f42358a55eb5080f7a039 - - default default] Successfully bumped revision number for resource 524e415c-2ef2-4d17-b9c3-82d435749e83 (type: networks) to 1
2026-06-13 23:58:51.982 9 INFO neutron.wsgi [None req-b124430b-7793-4a02-b272-b8d8adafb3ea 82738ee0440b438fbfdfd6754f3b31c1 08436342e2264893851d76dddf12174e - - default default] 10.0.0.14 "DELETE /v2.0/subnets/c27cfea1-d0ac-4439-a0ed-db5be543a7e4 HTTP/1.1" status: 204 len: 168 time: 0.2525942
2026-06-13 23:58:51.998 10 WARNING neutron_lib.context [None req-1db14492-439a-4f55-ae7e-fc07331f3490 a8a1053a98074a1297623524f201b77a 35291e346cd1438f99410ffd87f2d767 - - default default] Method 'is_advsvc' is deprecated since 2023.2 release (neutron-lib 3.8.0) and will be removed once support for the old RBAC API policies will be removed from Neutron. Please use method 'is_service_role' instead.
2026-06-13 23:58:52.132 9 WARNING neutron.scheduler.dhcp_agent_scheduler [None req-f76a7009-2951-4acc-b25e-54f94868ba7d 0badf3674b824baf9deb0d3b13eef2c5 85afb4b5014f42358a55eb5080f7a039 - - default default] No more DHCP agents
2026-06-13 23:58:52.136 9 WARNING neutron.api.rpc.agentnotifiers.dhcp_rpc_agent_api [None req-f76a7009-2951-4acc-b25e-54f94868ba7d 0badf3674b824baf9deb0d3b13eef2c5 85afb4b5014f42358a55eb5080f7a039 - - default default] Unable to schedule network 524e415c-2ef2-4d17-b9c3-82d435749e83: no agents available; will retry on subsequent port and subnet creation events.
2026-06-13 23:58:52.219 9 INFO neutron.db.ovn_revision_numbers_db [None req-f76a7009-2951-4acc-b25e-54f94868ba7d 0badf3674b824baf9deb0d3b13eef2c5 85afb4b5014f42358a55eb5080f7a039 - - default default] Successfully bumped revision number for resource 77446f9d-369b-40e5-9155-1e3fa153e24a (type: ports) to 1
2026-06-13 23:58:52.243 9 INFO neutron.wsgi [None req-f76a7009-2951-4acc-b25e-54f94868ba7d 0badf3674b824baf9deb0d3b13eef2c5 85afb4b5014f42358a55eb5080f7a039 - - default default] 10.0.0.14 "POST /v2.0/networks HTTP/1.1" status: 201 len: 947 time: 1.0708511
2026-06-13 23:58:52.408 9 WARNING neutron.scheduler.dhcp_agent_scheduler [None req-82f5fee0-71bc-4c5a-bf2c-e5a6170228e1 0badf3674b824baf9deb0d3b13eef2c5 85afb4b5014f42358a55eb5080f7a039 - - default default] No more DHCP agents
2026-06-13 23:58:52.409 10 WARNING neutron.scheduler.dhcp_agent_scheduler [None req-1db14492-439a-4f55-ae7e-fc07331f3490 a8a1053a98074a1297623524f201b77a 35291e346cd1438f99410ffd87f2d767 - - default default] No more DHCP agents
2026-06-13 23:58:52.410 9 WARNING neutron.api.rpc.agentnotifiers.dhcp_rpc_agent_api [None req-82f5fee0-71bc-4c5a-bf2c-e5a6170228e1 0badf3674b824baf9deb0d3b13eef2c5 85afb4b5014f42358a55eb5080f7a039 - - default default] Unable to schedule network 524e415c-2ef2-4d17-b9c3-82d435749e83: no agents available; will retry on subsequent port and subnet creation events.
2026-06-13 23:58:52.429 10 WARNING neutron.api.rpc.agentnotifiers.dhcp_rpc_agent_api [None req-1db14492-439a-4f55-ae7e-fc07331f3490 a8a1053a98074a1297623524f201b77a 35291e346cd1438f99410ffd87f2d767 - - default default] Unable to schedule network 644f7abb-5833-4769-bbb9-5ec42dfe6f0e: no agents available; will retry on subsequent port and subnet creation events.
2026-06-13 23:58:52.459 10 INFO neutron.db.ovn_revision_numbers_db [None req-be3a86ea-a669-4d17-9132-046ab2ae6cb0 a8340cbb458c4675991cec3a40c6e8ae d3006ac59bcf4820b85181a6222ec174 - - default default] Successfully bumped revision number for resource fcbc774f-6564-43e8-8f86-5dbeceacf21a (type: floatingips) to 0
2026-06-13 23:58:52.486 10 INFO neutron.wsgi [None req-be3a86ea-a669-4d17-9132-046ab2ae6cb0 a8340cbb458c4675991cec3a40c6e8ae d3006ac59bcf4820b85181a6222ec174 - - default default] 10.0.0.14 "POST /v2.0/floatingips HTTP/1.1" status: 201 len: 751 time: 0.8225036
2026-06-13 23:58:52.498 10 WARNING neutron_lib.context [None req-d988b6d6-94e9-4d87-b635-7e2a7af0c9d9 a8340cbb458c4675991cec3a40c6e8ae d3006ac59bcf4820b85181a6222ec174 - - default default] Method 'is_advsvc' is deprecated since 2023.2 release (neutron-lib 3.8.0) and will be removed once support for the old RBAC API policies will be removed from Neutron. Please use method 'is_service_role' instead.
2026-06-13 23:58:52.544 10 INFO neutron.services.segments.plugin [-] Segment 69521311-e32a-47d6-b543-7b88a9d4827f resource provider aggregate not found
2026-06-13 23:58:52.554 10 INFO neutron.services.segments.plugin [-] Segment 69521311-e32a-47d6-b543-7b88a9d4827f resource provider aggregate not found
2026-06-13 23:58:52.574 10 INFO neutron.services.segments.plugin [-] Segment 69521311-e32a-47d6-b543-7b88a9d4827f resource provider not found; error: Placement Client Error (4xx): {"errors": [{"status": 404, "title": "Not Found", "detail": "The resource could not be found.\n\n No resource provider with uuid 69521311-e32a-47d6-b543-7b88a9d4827f found for delete ", "request_id": "req-17647f49-cf5c-499a-8518-2add0473d4b3"}]}
2026-06-13 23:58:52.575 10 INFO neutron.services.segments.plugin [-] Segment 69521311-e32a-47d6-b543-7b88a9d4827f resource provider not found; error: Placement Client Error (4xx): {"errors": [{"status": 404, "title": "Not Found", "detail": "The resource could not be found.\n\n No resource provider with uuid 69521311-e32a-47d6-b543-7b88a9d4827f found for delete ", "request_id": "req-cc20677b-db27-439b-b17f-525f66eb36fd"}]}
2026-06-13 23:58:52.627 10 INFO neutron.wsgi [None req-d63bcecf-c070-4bdd-a03b-485e64fced6e 82738ee0440b438fbfdfd6754f3b31c1 08436342e2264893851d76dddf12174e - - default default] 10.0.0.14 "DELETE /v2.0/networks/fba64fd9-2d10-4807-986b-a3a0971677ab HTTP/1.1" status: 204 len: 168 time: 0.6408839
2026-06-13 23:58:52.641 9 WARNING neutron_lib.context [None req-a28b13d3-b6cf-4bc5-9318-90da04b70276 82738ee0440b438fbfdfd6754f3b31c1 08436342e2264893851d76dddf12174e - - default default] Method 'is_advsvc' is deprecated since 2023.2 release (neutron-lib 3.8.0) and will be removed once support for the old RBAC API policies will be removed from Neutron. Please use method 'is_service_role' instead.
2026-06-13 23:58:53.008 9 WARNING neutron.scheduler.dhcp_agent_scheduler [None req-a28b13d3-b6cf-4bc5-9318-90da04b70276 82738ee0440b438fbfdfd6754f3b31c1 08436342e2264893851d76dddf12174e - - default default] No more DHCP agents
2026-06-13 23:58:53.013 9 WARNING neutron.api.rpc.agentnotifiers.dhcp_rpc_agent_api [None req-a28b13d3-b6cf-4bc5-9318-90da04b70276 82738ee0440b438fbfdfd6754f3b31c1 08436342e2264893851d76dddf12174e - - default default] Unable to schedule network 3a3886f0-bdb8-4057-b3dd-8e699a5b1a81: no agents available; will retry on subsequent port and subnet creation events.
2026-06-13 23:58:53.070 9 INFO neutron.db.ovn_revision_numbers_db [None req-82f5fee0-71bc-4c5a-bf2c-e5a6170228e1 0badf3674b824baf9deb0d3b13eef2c5 85afb4b5014f42358a55eb5080f7a039 - - default default] Successfully bumped revision number for resource 77446f9d-369b-40e5-9155-1e3fa153e24a (type: ports) to 2
2026-06-13 23:58:53.113 9 INFO neutron.db.ovn_revision_numbers_db [None req-82f5fee0-71bc-4c5a-bf2c-e5a6170228e1 0badf3674b824baf9deb0d3b13eef2c5 85afb4b5014f42358a55eb5080f7a039 - - default default] Successfully bumped revision number for resource c8dfe412-6358-4a43-8414-29f49c35bbc8 (type: subnets) to 0
2026-06-13 23:58:53.118 10 WARNING neutron.scheduler.dhcp_agent_scheduler [None req-d988b6d6-94e9-4d87-b635-7e2a7af0c9d9 a8340cbb458c4675991cec3a40c6e8ae d3006ac59bcf4820b85181a6222ec174 - - default default] No more DHCP agents
2026-06-13 23:58:53.121 9 INFO neutron.db.ovn_revision_numbers_db [None req-a28b13d3-b6cf-4bc5-9318-90da04b70276 82738ee0440b438fbfdfd6754f3b31c1 08436342e2264893851d76dddf12174e - - default default] Successfully bumped revision number for resource 41dddda9-bd2b-4e48-b699-43b89e8a5dc8 (type: ports) to 1
2026-06-13 23:58:53.122 10 WARNING neutron.api.rpc.agentnotifiers.dhcp_rpc_agent_api [None req-d988b6d6-94e9-4d87-b635-7e2a7af0c9d9 a8340cbb458c4675991cec3a40c6e8ae d3006ac59bcf4820b85181a6222ec174 - - default default] Unable to schedule network 644f7abb-5833-4769-bbb9-5ec42dfe6f0e: no agents available; will retry on subsequent port and subnet creation events.
2026-06-13 23:58:53.131 9 INFO neutron.wsgi [None req-82f5fee0-71bc-4c5a-bf2c-e5a6170228e1 0badf3674b824baf9deb0d3b13eef2c5 85afb4b5014f42358a55eb5080f7a039 - - default default] 10.0.0.14 "POST /v2.0/subnets HTTP/1.1" status: 201 len: 868 time: 0.8831508
2026-06-13 23:58:53.143 9 INFO neutron.wsgi [None req-a28b13d3-b6cf-4bc5-9318-90da04b70276 82738ee0440b438fbfdfd6754f3b31c1 08436342e2264893851d76dddf12174e - - default default] 10.0.0.14 "POST /v2.0/ports HTTP/1.1" status: 201 len: 977 time: 0.5076296 /var/lib/openstack/lib/python3.10/site-packages/pycadf/identifier.py:71: UserWarning: Invalid uuid: neutron. To ensure interoperability, identifiers should be a valid uuid. warnings.warn(('Invalid uuid: %s. To ensure interoperability, '
2026-06-13 23:58:53.174 10 INFO neutron.db.ovn_revision_numbers_db [None req-1db14492-439a-4f55-ae7e-fc07331f3490 a8a1053a98074a1297623524f201b77a 35291e346cd1438f99410ffd87f2d767 - - default default] Successfully bumped revision number for resource c5bfe705-b1b5-4876-b2a9-7dd2207f63b4 (type: floatingips) to 0
2026-06-13 23:58:53.194 10 INFO neutron.wsgi [None req-1db14492-439a-4f55-ae7e-fc07331f3490 a8a1053a98074a1297623524f201b77a 35291e346cd1438f99410ffd87f2d767 - - default default] 10.0.0.14 "POST /v2.0/floatingips HTTP/1.1" status: 201 len: 751 time: 1.2614682
2026-06-13 23:58:53.256 9 INFO neutron.wsgi [None req-f397d39b-09f9-48a7-8e27-8ffd8009616c a8a1053a98074a1297623524f201b77a 35291e346cd1438f99410ffd87f2d767 - - default default] 10.0.0.14 "PUT /v2.0/floatingips/c5bfe705-b1b5-4876-b2a9-7dd2207f63b4/tags HTTP/1.1" status: 200 len: 218 time: 0.0564508
2026-06-13 23:58:53.299 9 INFO neutron.wsgi [None req-b8c90fa0-5948-4033-ba50-5f8acfae5631 a8a1053a98074a1297623524f201b77a 35291e346cd1438f99410ffd87f2d767 - - default default] 10.0.0.14 "GET /v2.0/floatingips/c5bfe705-b1b5-4876-b2a9-7dd2207f63b4/tags HTTP/1.1" status: 200 len: 218 time: 0.0375075
2026-06-13 23:58:53.360 9 INFO neutron.wsgi [None req-8d1a98f9-559a-45ba-862e-a2a8b8781e73 a8a1053a98074a1297623524f201b77a 35291e346cd1438f99410ffd87f2d767 - - default default] 10.0.0.14 "PUT /v2.0/floatingips/c5bfe705-b1b5-4876-b2a9-7dd2207f63b4/tags/green HTTP/1.1" status: 201 len: 201 time: 0.0548038
2026-06-13 23:58:53.411 9 INFO neutron.wsgi [None req-c076658e-e350-4dc7-a3aa-842b4749497d a8a1053a98074a1297623524f201b77a 35291e346cd1438f99410ffd87f2d767 - - default default] 10.0.0.14 "GET /v2.0/floatingips/c5bfe705-b1b5-4876-b2a9-7dd2207f63b4/tags HTTP/1.1" status: 200 len: 227 time: 0.0463991
2026-06-13 23:58:53.436 9 INFO neutron.plugins.ml2.drivers.ovn.mech_driver.mech_driver [None req-12b9eb48-e3c2-47ec-a464-21ef71433738 - - - - - -] OVN reports status down for port: 41dddda9-bd2b-4e48-b699-43b89e8a5dc8
2026-06-13 23:58:53.468 9 INFO neutron.db.ovn_revision_numbers_db [None req-cdc335c8-9f8e-43d7-ad88-34692598e0d2 82738ee0440b438fbfdfd6754f3b31c1 08436342e2264893851d76dddf12174e - - default default] Successfully bumped revision number for resource 41dddda9-bd2b-4e48-b699-43b89e8a5dc8 (type: ports) to 2
2026-06-13 23:58:53.476 9 INFO neutron.wsgi [None req-cdc335c8-9f8e-43d7-ad88-34692598e0d2 82738ee0440b438fbfdfd6754f3b31c1 08436342e2264893851d76dddf12174e - - default default] 10.0.0.14 "PUT /v2.0/ports/41dddda9-bd2b-4e48-b699-43b89e8a5dc8 HTTP/1.1" status: 200 len: 946 time: 0.3262160
2026-06-13 23:58:53.477 10 INFO neutron.wsgi [None req-ea4fe5d2-8432-4950-ac88-d3918af49dd9 a8a1053a98074a1297623524f201b77a 35291e346cd1438f99410ffd87f2d767 - - default default] 10.0.0.14 "PUT /v2.0/floatingips/c5bfe705-b1b5-4876-b2a9-7dd2207f63b4/tags/red HTTP/1.1" status: 201 len: 201 time: 0.0616858 /var/lib/openstack/lib/python3.10/site-packages/pycadf/identifier.py:71: UserWarning: Invalid uuid: neutron. To ensure interoperability, identifiers should be a valid uuid. warnings.warn(('Invalid uuid: %s. To ensure interoperability, '
2026-06-13 23:58:53.536 9 INFO neutron.wsgi [None req-8a1000f9-14a5-4f37-830b-9d986c9d8ea6 a8a1053a98074a1297623524f201b77a 35291e346cd1438f99410ffd87f2d767 - - default default] 10.0.0.14 "GET /v2.0/floatingips/c5bfe705-b1b5-4876-b2a9-7dd2207f63b4/tags HTTP/1.1" status: 200 len: 227 time: 0.0525045
2026-06-13 23:58:53.587 9 INFO neutron.wsgi [None req-5e8b3b73-484e-4154-af0a-1f1bb39d6e5b a8a1053a98074a1297623524f201b77a 35291e346cd1438f99410ffd87f2d767 - - default default] 10.0.0.14 "PUT /v2.0/floatingips/c5bfe705-b1b5-4876-b2a9-7dd2207f63b4/tags/black.or.white HTTP/1.1" status: 201 len: 201 time: 0.0448945
2026-06-13 23:58:53.606 10 INFO neutron.db.ovn_revision_numbers_db [None req-d988b6d6-94e9-4d87-b635-7e2a7af0c9d9 a8340cbb458c4675991cec3a40c6e8ae d3006ac59bcf4820b85181a6222ec174 - - default default] Successfully bumped revision number for resource 50873a64-8328-4d1b-b47b-8eadef439752 (type: floatingips) to 0
2026-06-13 23:58:53.633 10 INFO neutron.wsgi [None req-d988b6d6-94e9-4d87-b635-7e2a7af0c9d9 a8340cbb458c4675991cec3a40c6e8ae d3006ac59bcf4820b85181a6222ec174 - - default default] 10.0.0.14 "POST /v2.0/floatingips HTTP/1.1" status: 201 len: 751 time: 1.1400211
2026-06-13 23:58:53.638 10 INFO neutron.wsgi [None req-f8e20eb2-849b-4f95-aef7-d820245d7130 a8a1053a98074a1297623524f201b77a 35291e346cd1438f99410ffd87f2d767 - - default default] 10.0.0.14 "GET /v2.0/floatingips/c5bfe705-b1b5-4876-b2a9-7dd2207f63b4/tags HTTP/1.1" status: 200 len: 245 time: 0.0465341
2026-06-13 23:58:53.689 10 INFO neutron.wsgi [None req-4533dc76-5a53-4907-8d89-1bbc9176a4a2 a8340cbb458c4675991cec3a40c6e8ae d3006ac59bcf4820b85181a6222ec174 - - default default] 10.0.0.14 "PUT /v2.0/floatingips/dd2bfe2a-76b7-4ec7-a628-7378363c9aa5/tags HTTP/1.1" status: 200 len: 210 time: 0.0492210
2026-06-13 23:58:53.698 9 INFO neutron.wsgi [None req-e8c4afad-716c-4779-a694-46c58eb7b9c0 a8a1053a98074a1297623524f201b77a 35291e346cd1438f99410ffd87f2d767 - - default default] 10.0.0.14 "PUT /v2.0/floatingips/c5bfe705-b1b5-4876-b2a9-7dd2207f63b4/tags HTTP/1.1" status: 200 len: 230 time: 0.0552044
2026-06-13 23:58:53.744 10 WARNING neutron.scheduler.dhcp_agent_scheduler [None req-05b701fb-0870-4f68-8d83-03ba42fcf374 0badf3674b824baf9deb0d3b13eef2c5 85afb4b5014f42358a55eb5080f7a039 - - default default] No more DHCP agents
2026-06-13 23:58:53.748 10 WARNING neutron.api.rpc.agentnotifiers.dhcp_rpc_agent_api [None req-05b701fb-0870-4f68-8d83-03ba42fcf374 0badf3674b824baf9deb0d3b13eef2c5 85afb4b5014f42358a55eb5080f7a039 - - default default] Unable to schedule network 644f7abb-5833-4769-bbb9-5ec42dfe6f0e: no agents available; will retry on subsequent port and subnet creation events.
2026-06-13 23:58:53.749 9 INFO neutron.wsgi [None req-b5fd7f4b-7a62-4966-93f7-2305494b6793 a8340cbb458c4675991cec3a40c6e8ae d3006ac59bcf4820b85181a6222ec174 - - default default] 10.0.0.14 "PUT /v2.0/floatingips/5314c8d3-8a1f-4f26-9aa7-a52ac493e298/tags HTTP/1.1" status: 200 len: 218 time: 0.0533643
