2026-06-13 23:59:15.246 9 INFO neutron.wsgi [None req-225310bd-6f75-4bc8-8743-20c19f6c9b6d 8336df57fd624f8192a55aad64e4da56 124b94c0370c49e0a655a65e135fb311 - - default default] 10.0.0.14 "POST /v2.0/routers HTTP/1.1" status: 201 len: 654 time: 0.1647010
2026-06-13 23:59:15.257 9 WARNING neutron_lib.context [None req-18a75ae3-0cf6-4e9f-9cbc-31ac946fd1b2 8336df57fd624f8192a55aad64e4da56 124b94c0370c49e0a655a65e135fb311 - - default default] Method 'is_advsvc' is deprecated since 2023.2 release (neutron-lib 3.8.0) and will be removed once support for the old RBAC API policies will be removed from Neutron. Please use method 'is_service_role' instead.
2026-06-13 23:59:15.399 9 INFO neutron.db.ovn_revision_numbers_db [None req-18a75ae3-0cf6-4e9f-9cbc-31ac946fd1b2 8336df57fd624f8192a55aad64e4da56 124b94c0370c49e0a655a65e135fb311 - - default default] Successfully bumped revision number for resource cea55f47-ade9-42f6-8071-e2fda583b19f (type: routers) to 1
2026-06-13 23:59:15.419 9 INFO neutron.wsgi [None req-18a75ae3-0cf6-4e9f-9cbc-31ac946fd1b2 8336df57fd624f8192a55aad64e4da56 124b94c0370c49e0a655a65e135fb311 - - default default] 10.0.0.14 "POST /v2.0/routers HTTP/1.1" status: 201 len: 654 time: 0.1662991
2026-06-13 23:59:15.427 9 WARNING neutron_lib.context [None req-14f1229e-865a-4af9-ba89-c6a1616e11a6 8336df57fd624f8192a55aad64e4da56 124b94c0370c49e0a655a65e135fb311 - - default default] Method 'is_advsvc' is deprecated since 2023.2 release (neutron-lib 3.8.0) and will be removed once support for the old RBAC API policies will be removed from Neutron. Please use method 'is_service_role' instead.
2026-06-13 23:59:15.573 9 INFO neutron.wsgi [None req-9154d88b-ee13-49f6-b819-a4b9123359f3 0badf3674b824baf9deb0d3b13eef2c5 85afb4b5014f42358a55eb5080f7a039 - - default default] 10.0.0.14 "GET /v2.0/security-groups?tenant_id=c364ca4b2ff84da6ae4c08e8f0f26967&name=default HTTP/1.1" status: 200 len: 2996 time: 0.1625404
2026-06-13 23:59:15.587 9 INFO neutron.db.ovn_revision_numbers_db [None req-14f1229e-865a-4af9-ba89-c6a1616e11a6 8336df57fd624f8192a55aad64e4da56 124b94c0370c49e0a655a65e135fb311 - - default default] Successfully bumped revision number for resource e392c6d4-c4fa-4b7d-b6f9-ceabaf0f1eb6 (type: routers) to 1
2026-06-13 23:59:15.612 9 INFO neutron.wsgi [None req-14f1229e-865a-4af9-ba89-c6a1616e11a6 8336df57fd624f8192a55aad64e4da56 124b94c0370c49e0a655a65e135fb311 - - default default] 10.0.0.14 "POST /v2.0/routers HTTP/1.1" status: 201 len: 654 time: 0.1891446
2026-06-13 23:59:15.624 10 WARNING neutron_lib.context [None req-52db733b-46e1-4250-a03c-3aa0923c676d 8336df57fd624f8192a55aad64e4da56 124b94c0370c49e0a655a65e135fb311 - - default default] Method 'is_advsvc' is deprecated since 2023.2 release (neutron-lib 3.8.0) and will be removed once support for the old RBAC API policies will be removed from Neutron. Please use method 'is_service_role' instead.
2026-06-13 23:59:15.698 9 WARNING neutron_lib.context [None req-7b58d484-3ace-4eb4-bb89-bf41d92ba0dd cd32cc0456ef40ee9c8ac59ace930e79 fa89346f507146fca9fbfa268a6ff7c9 - - default default] Method 'is_advsvc' is deprecated since 2023.2 release (neutron-lib 3.8.0) and will be removed once support for the old RBAC API policies will be removed from Neutron. Please use method 'is_service_role' instead.
2026-06-13 23:59:15.758 10 INFO neutron.db.ovn_revision_numbers_db [None req-52db733b-46e1-4250-a03c-3aa0923c676d 8336df57fd624f8192a55aad64e4da56 124b94c0370c49e0a655a65e135fb311 - - default default] Successfully bumped revision number for resource 9c03ec16-5469-443f-8fd9-91f0f4bc6c0e (type: routers) to 1
2026-06-13 23:59:15.775 10 INFO neutron.wsgi [None req-52db733b-46e1-4250-a03c-3aa0923c676d 8336df57fd624f8192a55aad64e4da56 124b94c0370c49e0a655a65e135fb311 - - default default] 10.0.0.14 "POST /v2.0/routers HTTP/1.1" status: 201 len: 654 time: 0.1574917
2026-06-13 23:59:15.822 9 INFO neutron.wsgi [None req-2df2f0cb-5af7-401a-9539-23394fd56525 0badf3674b824baf9deb0d3b13eef2c5 85afb4b5014f42358a55eb5080f7a039 - - default default] 10.0.0.14 "DELETE /v2.0/security-groups/07b89be4-390d-4395-ab85-f06291bb674b HTTP/1.1" status: 204 len: 168 time: 0.2447917
2026-06-13 23:59:15.831 10 INFO neutron.wsgi [None req-2d564e50-6fd9-4115-901d-a34901bea73f 8336df57fd624f8192a55aad64e4da56 124b94c0370c49e0a655a65e135fb311 - - default default] 10.0.0.14 "PUT /v2.0/routers/24e9a4d4-e29b-4b66-832c-c82fa1b0b33e/tags HTTP/1.1" status: 200 len: 210 time: 0.0522313
2026-06-13 23:59:15.860 9 INFO neutron.db.ovn_revision_numbers_db [None req-7b58d484-3ace-4eb4-bb89-bf41d92ba0dd cd32cc0456ef40ee9c8ac59ace930e79 fa89346f507146fca9fbfa268a6ff7c9 - - default default] Successfully bumped revision number for resource 2c2ffd63-c096-4fd8-92e9-e48c6de77b1f (type: security_groups) to 1
2026-06-13 23:59:15.872 9 INFO neutron.db.ovn_revision_numbers_db [None req-7b58d484-3ace-4eb4-bb89-bf41d92ba0dd cd32cc0456ef40ee9c8ac59ace930e79 fa89346f507146fca9fbfa268a6ff7c9 - - default default] Successfully bumped revision number for resource 29ce854a-bd87-48f6-bd80-5325061e61ba (type: security_group_rules) to 0
2026-06-13 23:59:15.885 9 INFO neutron.db.ovn_revision_numbers_db [None req-7b58d484-3ace-4eb4-bb89-bf41d92ba0dd cd32cc0456ef40ee9c8ac59ace930e79 fa89346f507146fca9fbfa268a6ff7c9 - - default default] Successfully bumped revision number for resource 8009105a-3434-483b-b8ef-6d9e255fef8f (type: security_group_rules) to 0
2026-06-13 23:59:15.895 10 INFO neutron.wsgi [None req-06274ee4-437b-4bff-aade-1a11553a66a9 8336df57fd624f8192a55aad64e4da56 124b94c0370c49e0a655a65e135fb311 - - default default] 10.0.0.14 "PUT /v2.0/routers/f82c0ac7-2b2d-497b-888d-1895be0327e1/tags HTTP/1.1" status: 200 len: 218 time: 0.0605407
2026-06-13 23:59:15.899 9 INFO neutron.db.ovn_revision_numbers_db [None req-7b58d484-3ace-4eb4-bb89-bf41d92ba0dd cd32cc0456ef40ee9c8ac59ace930e79 fa89346f507146fca9fbfa268a6ff7c9 - - default default] Successfully bumped revision number for resource d3df935b-cc30-4bbc-b639-ca6d65d0a937 (type: security_group_rules) to 0
2026-06-13 23:59:15.913 9 INFO neutron.db.ovn_revision_numbers_db [None req-7b58d484-3ace-4eb4-bb89-bf41d92ba0dd cd32cc0456ef40ee9c8ac59ace930e79 fa89346f507146fca9fbfa268a6ff7c9 - - default default] Successfully bumped revision number for resource fadb7084-3969-4007-b979-c8f775289ad6 (type: security_group_rules) to 0
2026-06-13 23:59:15.956 10 INFO neutron.wsgi [None req-60bba310-5cd3-4182-bcb7-fb66593eb4dd 8336df57fd624f8192a55aad64e4da56 124b94c0370c49e0a655a65e135fb311 - - default default] 10.0.0.14 "PUT /v2.0/routers/cea55f47-ade9-42f6-8071-e2fda583b19f/tags HTTP/1.1" status: 200 len: 227 time: 0.0559359
2026-06-13 23:59:15.962 9 INFO neutron.db.segments_db [None req-7b58d484-3ace-4eb4-bb89-bf41d92ba0dd cd32cc0456ef40ee9c8ac59ace930e79 fa89346f507146fca9fbfa268a6ff7c9 - - default default] Added segment 8095f910-49ac-46de-8aa5-8cc7942c0206 of type geneve for network 772062aa-21cf-4833-aa40-609774bb03f6
2026-06-13 23:59:16.019 10 INFO neutron.wsgi [None req-d1b7f74c-3c9c-4c47-a9f1-8d9b49684d02 8336df57fd624f8192a55aad64e4da56 124b94c0370c49e0a655a65e135fb311 - - default default] 10.0.0.14 "PUT /v2.0/routers/e392c6d4-c4fa-4b7d-b6f9-ceabaf0f1eb6/tags HTTP/1.1" status: 200 len: 212 time: 0.0565143
2026-06-13 23:59:16.094 10 INFO neutron.wsgi [None req-9b833ffa-129b-4954-b262-0e7698f454c8 8336df57fd624f8192a55aad64e4da56 124b94c0370c49e0a655a65e135fb311 - - default default] 10.0.0.14 "GET /v2.0/routers?tags=red HTTP/1.1" status: 200 len: 1601 time: 0.0704780
2026-06-13 23:59:16.160 10 INFO neutron.wsgi [None req-e66e187f-b7aa-4baf-981a-fc0f06475486 8336df57fd624f8192a55aad64e4da56 124b94c0370c49e0a655a65e135fb311 - - default default] 10.0.0.14 "GET /v2.0/routers?tags=red%2Cblue HTTP/1.1" status: 200 len: 1144 time: 0.0618784
2026-06-13 23:59:16.226 10 INFO neutron.wsgi [None req-b749c7c6-0785-469f-87da-d6aa48c7b9ad 8336df57fd624f8192a55aad64e4da56 124b94c0370c49e0a655a65e135fb311 - - default default] 10.0.0.14 "GET /v2.0/routers?tags-any=blue HTTP/1.1" status: 200 len: 1144 time: 0.0609863
2026-06-13 23:59:16.287 10 INFO neutron.wsgi [None req-d04b1206-9b0f-44f4-bb00-225f1144e33c 8336df57fd624f8192a55aad64e4da56 124b94c0370c49e0a655a65e135fb311 - - default default] 10.0.0.14 "GET /v2.0/routers?tags-any=red%2Cblue HTTP/1.1" status: 200 len: 1601 time: 0.0546429
2026-06-13 23:59:16.336 9 INFO neutron.db.ovn_revision_numbers_db [None req-7b58d484-3ace-4eb4-bb89-bf41d92ba0dd cd32cc0456ef40ee9c8ac59ace930e79 fa89346f507146fca9fbfa268a6ff7c9 - - default default] Successfully bumped revision number for resource 772062aa-21cf-4833-aa40-609774bb03f6 (type: networks) to 1
2026-06-13 23:59:16.352 10 INFO neutron.wsgi [None req-95ac6e66-b6cb-46ed-afec-92b5a9da7964 8336df57fd624f8192a55aad64e4da56 124b94c0370c49e0a655a65e135fb311 - - default default] 10.0.0.14 "GET /v2.0/routers?not-tags=red HTTP/1.1" status: 200 len: 1116 time: 0.0602899
2026-06-13 23:59:16.505 9 WARNING neutron.scheduler.dhcp_agent_scheduler [None req-7b58d484-3ace-4eb4-bb89-bf41d92ba0dd cd32cc0456ef40ee9c8ac59ace930e79 fa89346f507146fca9fbfa268a6ff7c9 - - default default] No more DHCP agents
2026-06-13 23:59:16.506 9 WARNING neutron.api.rpc.agentnotifiers.dhcp_rpc_agent_api [None req-7b58d484-3ace-4eb4-bb89-bf41d92ba0dd cd32cc0456ef40ee9c8ac59ace930e79 fa89346f507146fca9fbfa268a6ff7c9 - - default default] Unable to schedule network 772062aa-21cf-4833-aa40-609774bb03f6: no agents available; will retry on subsequent port and subnet creation events.
2026-06-13 23:59:16.591 9 INFO neutron.db.ovn_revision_numbers_db [None req-7b58d484-3ace-4eb4-bb89-bf41d92ba0dd cd32cc0456ef40ee9c8ac59ace930e79 fa89346f507146fca9fbfa268a6ff7c9 - - default default] Successfully bumped revision number for resource 402b2d7c-d480-4f23-8eaf-409cb85a9945 (type: ports) to 1
2026-06-13 23:59:16.613 9 INFO neutron.wsgi [None req-7b58d484-3ace-4eb4-bb89-bf41d92ba0dd cd32cc0456ef40ee9c8ac59ace930e79 fa89346f507146fca9fbfa268a6ff7c9 - - default default] 10.0.0.14 "POST /v2.0/networks HTTP/1.1" status: 201 len: 831 time: 0.9669371
2026-06-13 23:59:16.623 9 WARNING neutron_lib.context [None req-a3ee6a6c-bef6-474a-acf0-0c6eab1a7608 cd32cc0456ef40ee9c8ac59ace930e79 fa89346f507146fca9fbfa268a6ff7c9 - - default default] Method 'is_advsvc' is deprecated since 2023.2 release (neutron-lib 3.8.0) and will be removed once support for the old RBAC API policies will be removed from Neutron. Please use method 'is_service_role' instead.
2026-06-13 23:59:16.652 10 INFO neutron.wsgi [None req-1db800d3-2379-4c90-b482-8cd16fdbff53 8336df57fd624f8192a55aad64e4da56 124b94c0370c49e0a655a65e135fb311 - - default default] 10.0.0.14 "GET /v2.0/routers?not-tags=red%2Cblue HTTP/1.1" status: 200 len: 1573 time: 0.2943740
2026-06-13 23:59:16.739 10 INFO neutron.wsgi [None req-df9062f5-5ebc-4f2f-bf81-372422327c24 8336df57fd624f8192a55aad64e4da56 124b94c0370c49e0a655a65e135fb311 - - default default] 10.0.0.14 "GET /v2.0/routers?not-tags-any=blue HTTP/1.1" status: 200 len: 1573 time: 0.0827045
2026-06-13 23:59:16.793 10 INFO neutron.wsgi [None req-9804ab12-4a30-4591-9d5e-0ed18e815b10 8336df57fd624f8192a55aad64e4da56 124b94c0370c49e0a655a65e135fb311 - - default default] 10.0.0.14 "GET /v2.0/routers?not-tags-any=red%2Cblue HTTP/1.1" status: 200 len: 1116 time: 0.0485780
2026-06-13 23:59:16.847 10 INFO neutron.wsgi [None req-81ee8657-64ca-4a6e-9e01-7bfd70b33f91 8336df57fd624f8192a55aad64e4da56 124b94c0370c49e0a655a65e135fb311 - - default default] 10.0.0.14 "GET /v2.0/routers/24e9a4d4-e29b-4b66-832c-c82fa1b0b33e HTTP/1.1" status: 200 len: 660 time: 0.0471368
2026-06-13 23:59:16.908 9 WARNING neutron.scheduler.dhcp_agent_scheduler [None req-a3ee6a6c-bef6-474a-acf0-0c6eab1a7608 cd32cc0456ef40ee9c8ac59ace930e79 fa89346f507146fca9fbfa268a6ff7c9 - - default default] No more DHCP agents
2026-06-13 23:59:16.912 9 WARNING neutron.api.rpc.agentnotifiers.dhcp_rpc_agent_api [None req-a3ee6a6c-bef6-474a-acf0-0c6eab1a7608 cd32cc0456ef40ee9c8ac59ace930e79 fa89346f507146fca9fbfa268a6ff7c9 - - default default] Unable to schedule network 772062aa-21cf-4833-aa40-609774bb03f6: no agents available; will retry on subsequent port and subnet creation events.
2026-06-13 23:59:17.010 9 INFO neutron.db.ovn_revision_numbers_db [None req-a3ee6a6c-bef6-474a-acf0-0c6eab1a7608 cd32cc0456ef40ee9c8ac59ace930e79 fa89346f507146fca9fbfa268a6ff7c9 - - default default] Successfully bumped revision number for resource c442cad6-8992-4aaf-a3b0-32ae5663d4c8 (type: ports) to 1
2026-06-13 23:59:17.033 9 INFO neutron.wsgi [None req-a3ee6a6c-bef6-474a-acf0-0c6eab1a7608 cd32cc0456ef40ee9c8ac59ace930e79 fa89346f507146fca9fbfa268a6ff7c9 - - default default] 10.0.0.14 "POST /v2.0/ports HTTP/1.1" status: 201 len: 942 time: 0.4145317 /var/lib/openstack/lib/python3.10/site-packages/pycadf/identifier.py:71: UserWarning: Invalid uuid: neutron. To ensure interoperability, identifiers should be a valid uuid. warnings.warn(('Invalid uuid: %s. To ensure interoperability, '
2026-06-13 23:59:17.045 9 WARNING neutron_lib.context [None req-a61b5663-ee4f-4dfe-af60-bfa02469d48e cd32cc0456ef40ee9c8ac59ace930e79 fa89346f507146fca9fbfa268a6ff7c9 - - default default] Method 'is_advsvc' is deprecated since 2023.2 release (neutron-lib 3.8.0) and will be removed once support for the old RBAC API policies will be removed from Neutron. Please use method 'is_service_role' instead.
2026-06-13 23:59:17.291 10 INFO neutron.db.ovn_revision_numbers_db [None req-80b0f64a-5c54-4fa9-aed2-c03537491545 8336df57fd624f8192a55aad64e4da56 124b94c0370c49e0a655a65e135fb311 - - default default] Successfully bumped revision number for resource 24e9a4d4-e29b-4b66-832c-c82fa1b0b33e (type: routers) to 2
2026-06-13 23:59:17.295 10 INFO neutron.wsgi [None req-80b0f64a-5c54-4fa9-aed2-c03537491545 8336df57fd624f8192a55aad64e4da56 124b94c0370c49e0a655a65e135fb311 - - default default] 10.0.0.14 "PUT /v2.0/routers/24e9a4d4-e29b-4b66-832c-c82fa1b0b33e HTTP/1.1" status: 200 len: 660 time: 0.4407392
2026-06-13 23:59:17.316 9 INFO neutron.wsgi [None req-a61b5663-ee4f-4dfe-af60-bfa02469d48e cd32cc0456ef40ee9c8ac59ace930e79 fa89346f507146fca9fbfa268a6ff7c9 - - default default] 10.0.0.14 "POST /v2.0/trunks HTTP/1.1" status: 201 len: 608 time: 0.2775121
2026-06-13 23:59:17.317 10 INFO neutron.wsgi [None req-04bbe87d-7af9-4023-b21a-d2cc3d1c7e3a 8336df57fd624f8192a55aad64e4da56 124b94c0370c49e0a655a65e135fb311 - - default default] 10.0.0.14 "GET /v2.0/ports?device_id=24e9a4d4-e29b-4b66-832c-c82fa1b0b33e HTTP/1.1" status: 200 len: 205 time: 0.0190268
2026-06-13 23:59:17.351 10 INFO neutron.wsgi [None req-35ab8f5c-0ff3-4763-afda-c61ced3f9ffa cd32cc0456ef40ee9c8ac59ace930e79 fa89346f507146fca9fbfa268a6ff7c9 - - default default] 10.0.0.14 "PUT /v2.0/trunks/72981440-d7c6-4a1d-86a7-b17ade64b581/tags HTTP/1.1" status: 200 len: 218 time: 0.0288792
2026-06-13 23:59:17.372 10 INFO neutron.wsgi [None req-e8319fe6-4d0f-4ab6-92fe-34cdefd423ea cd32cc0456ef40ee9c8ac59ace930e79 fa89346f507146fca9fbfa268a6ff7c9 - - default default] 10.0.0.14 "GET /v2.0/trunks/72981440-d7c6-4a1d-86a7-b17ade64b581/tags HTTP/1.1" status: 200 len: 218 time: 0.0157115
2026-06-13 23:59:17.404 10 INFO neutron.wsgi [None req-566a08ae-e662-4e21-b74f-eb4c9e368ecd cd32cc0456ef40ee9c8ac59ace930e79 fa89346f507146fca9fbfa268a6ff7c9 - - default default] 10.0.0.14 "PUT /v2.0/trunks/72981440-d7c6-4a1d-86a7-b17ade64b581/tags/green HTTP/1.1" status: 201 len: 201 time: 0.0273821
2026-06-13 23:59:17.440 10 INFO neutron.wsgi [None req-93f3ed32-b233-4850-85f9-3c847e7c3e9a cd32cc0456ef40ee9c8ac59ace930e79 fa89346f507146fca9fbfa268a6ff7c9 - - default default] 10.0.0.14 "GET /v2.0/trunks/72981440-d7c6-4a1d-86a7-b17ade64b581/tags HTTP/1.1" status: 200 len: 227 time: 0.0314522
2026-06-13 23:59:17.466 10 INFO neutron.wsgi [None req-98b688b6-65af-44e4-832a-ee8dffcc5f84 cd32cc0456ef40ee9c8ac59ace930e79 fa89346f507146fca9fbfa268a6ff7c9 - - default default] 10.0.0.14 "PUT /v2.0/trunks/72981440-d7c6-4a1d-86a7-b17ade64b581/tags/red HTTP/1.1" status: 201 len: 201 time: 0.0203383
2026-06-13 23:59:17.486 10 INFO neutron.wsgi [None req-e4f146cc-b501-42ee-8426-9601ddcf6a74 cd32cc0456ef40ee9c8ac59ace930e79 fa89346f507146fca9fbfa268a6ff7c9 - - default default] 10.0.0.14 "GET /v2.0/trunks/72981440-d7c6-4a1d-86a7-b17ade64b581/tags HTTP/1.1" status: 200 len: 227 time: 0.0159230
2026-06-13 23:59:17.523 10 INFO neutron.wsgi [None req-99de3250-1091-4785-88bd-7d3070a7dc9c cd32cc0456ef40ee9c8ac59ace930e79 fa89346f507146fca9fbfa268a6ff7c9 - - default default] 10.0.0.14 "PUT /v2.0/trunks/72981440-d7c6-4a1d-86a7-b17ade64b581/tags/black.or.white HTTP/1.1" status: 201 len: 201 time: 0.0316870
2026-06-13 23:59:17.552 10 INFO neutron.wsgi [None req-35e82869-526b-4f4b-8372-3107908a7433 cd32cc0456ef40ee9c8ac59ace930e79 fa89346f507146fca9fbfa268a6ff7c9 - - default default] 10.0.0.14 "GET /v2.0/trunks/72981440-d7c6-4a1d-86a7-b17ade64b581/tags HTTP/1.1" status: 200 len: 245 time: 0.0248988
2026-06-13 23:59:17.583 10 INFO neutron.wsgi [None req-8df866c6-7e18-4258-b53f-76278fd56626 cd32cc0456ef40ee9c8ac59ace930e79 fa89346f507146fca9fbfa268a6ff7c9 - - default default] 10.0.0.14 "PUT /v2.0/trunks/72981440-d7c6-4a1d-86a7-b17ade64b581/tags HTTP/1.1" status: 200 len: 230 time: 0.0280609
2026-06-13 23:59:17.599 9 INFO neutron.wsgi [None req-45ec3e6d-3908-45ce-b62f-e01db6a20278 8336df57fd624f8192a55aad64e4da56 124b94c0370c49e0a655a65e135fb311 - - default default] 10.0.0.14 "DELETE /v2.0/routers/24e9a4d4-e29b-4b66-832c-c82fa1b0b33e HTTP/1.1" status: 204 len: 168 time: 0.2756481
2026-06-13 23:59:17.604 10 INFO neutron.wsgi [None req-468c6623-3761-461f-b8cb-f1337a513745 cd32cc0456ef40ee9c8ac59ace930e79 fa89346f507146fca9fbfa268a6ff7c9 - - default default] 10.0.0.14 "GET /v2.0/trunks/72981440-d7c6-4a1d-86a7-b17ade64b581/tags HTTP/1.1" status: 200 len: 230 time: 0.0167572
2026-06-13 23:59:17.623 10 INFO neutron.wsgi [None req-9e3eadcd-16de-489a-9842-e18266ad5d59 cd32cc0456ef40ee9c8ac59ace930e79 fa89346f507146fca9fbfa268a6ff7c9 - - default default] 10.0.0.14 "GET /v2.0/trunks/72981440-d7c6-4a1d-86a7-b17ade64b581/tags/red HTTP/1.1" status: 204 len: 168 time: 0.0151298
2026-06-13 23:59:17.642 10 INFO neutron.api.v2.resource [None req-7da93eaa-c620-45ce-9b01-e4c25179f321 cd32cc0456ef40ee9c8ac59ace930e79 fa89346f507146fca9fbfa268a6ff7c9 - - default default] show failed (client error): The resource could not be found.
2026-06-13 23:59:17.643 10 INFO neutron.wsgi [None req-7da93eaa-c620-45ce-9b01-e4c25179f321 cd32cc0456ef40ee9c8ac59ace930e79 fa89346f507146fca9fbfa268a6ff7c9 - - default default] 10.0.0.14 "GET /v2.0/trunks/72981440-d7c6-4a1d-86a7-b17ade64b581/tags/green HTTP/1.1" status: 404 len: 299 time: 0.0158105
2026-06-13 23:59:17.653 9 INFO neutron.wsgi [None req-928609fa-1abb-42c1-865d-07e4df1e5bea 8336df57fd624f8192a55aad64e4da56 124b94c0370c49e0a655a65e135fb311 - - default default] 10.0.0.14 "GET /v2.0/routers/f82c0ac7-2b2d-497b-888d-1895be0327e1 HTTP/1.1" status: 200 len: 668 time: 0.0487921
2026-06-13 23:59:17.701 10 INFO neutron.wsgi [None req-e387f17d-ec61-450e-85d1-394082544a57 cd32cc0456ef40ee9c8ac59ace930e79 fa89346f507146fca9fbfa268a6ff7c9 - - default default] 10.0.0.14 "DELETE /v2.0/trunks/72981440-d7c6-4a1d-86a7-b17ade64b581/tags/red HTTP/1.1" status: 204 len: 168 time: 0.0519271
2026-06-13 23:59:17.757 9 INFO neutron.wsgi [None req-69efebd3-0977-4eba-a089-0a3227c69a75 cd32cc0456ef40ee9c8ac59ace930e79 fa89346f507146fca9fbfa268a6ff7c9 - - default default] 10.0.0.14 "GET /v2.0/trunks/72981440-d7c6-4a1d-86a7-b17ade64b581/tags HTTP/1.1" status: 200 len: 223 time: 0.0496130
2026-06-13 23:59:17.791 10 INFO neutron.api.v2.resource [None req-3673afb1-b85b-4925-9920-72dc565ba532 cd32cc0456ef40ee9c8ac59ace930e79 fa89346f507146fca9fbfa268a6ff7c9 - - default default] delete failed (client error): The resource could not be found.
2026-06-13 23:59:17.793 10 INFO neutron.wsgi [None req-3673afb1-b85b-4925-9920-72dc565ba532 cd32cc0456ef40ee9c8ac59ace930e79 fa89346f507146fca9fbfa268a6ff7c9 - - default default] 10.0.0.14 "DELETE /v2.0/trunks/72981440-d7c6-4a1d-86a7-b17ade64b581/tags/green HTTP/1.1" status: 404 len: 299 time: 0.0317881
2026-06-13 23:59:17.830 10 INFO neutron.wsgi [None req-6e62eda7-92dc-4f47-aead-21edd992cdf3 cd32cc0456ef40ee9c8ac59ace930e79 fa89346f507146fca9fbfa268a6ff7c9 - - default default] 10.0.0.14 "DELETE /v2.0/trunks/72981440-d7c6-4a1d-86a7-b17ade64b581/tags HTTP/1.1" status: 204 len: 168 time: 0.0328338
2026-06-13 23:59:17.860 10 INFO neutron.wsgi [None req-2b6bc11c-d3c4-49d9-b453-acbe15a423ac cd32cc0456ef40ee9c8ac59ace930e79 fa89346f507146fca9fbfa268a6ff7c9 - - default default] 10.0.0.14 "GET /v2.0/trunks/72981440-d7c6-4a1d-86a7-b17ade64b581/tags HTTP/1.1" status: 200 len: 205 time: 0.0253856
2026-06-13 23:59:17.892 10 INFO neutron.wsgi [None req-1d204752-af70-49f9-a5fd-9060e0e65c19 cd32cc0456ef40ee9c8ac59ace930e79 fa89346f507146fca9fbfa268a6ff7c9 - - default default] 10.0.0.14 "GET /v2.0/trunks/72981440-d7c6-4a1d-86a7-b17ade64b581 HTTP/1.1" status: 200 len: 603 time: 0.0240622
2026-06-13 23:59:17.997 10 INFO neutron.wsgi [None req-f579377a-935e-4fb1-bc55-7589f90db0b6 cd32cc0456ef40ee9c8ac59ace930e79 fa89346f507146fca9fbfa268a6ff7c9 - - default default] 10.0.0.14 "GET /v2.0/ports/c442cad6-8992-4aaf-a3b0-32ae5663d4c8 HTTP/1.1" status: 200 len: 1020 time: 0.1009867
2026-06-13 23:59:18.074 10 INFO neutron.wsgi [None req-09ff64ad-2b1d-4c68-ad0e-f6bc208edf13 cd32cc0456ef40ee9c8ac59ace930e79 fa89346f507146fca9fbfa268a6ff7c9 - - default default] 10.0.0.14 "DELETE /v2.0/trunks/72981440-d7c6-4a1d-86a7-b17ade64b581 HTTP/1.1" status: 204 len: 168 time: 0.0733438
2026-06-13 23:59:18.130 9 INFO neutron.db.ovn_revision_numbers_db [None req-1c557820-09fc-4349-970d-bd455227e515 8336df57fd624f8192a55aad64e4da56 124b94c0370c49e0a655a65e135fb311 - - default default] Successfully bumped revision number for resource f82c0ac7-2b2d-497b-888d-1895be0327e1 (type: routers) to 2
2026-06-13 23:59:18.134 9 INFO neutron.wsgi [None req-1c557820-09fc-4349-970d-bd455227e515 8336df57fd624f8192a55aad64e4da56 124b94c0370c49e0a655a65e135fb311 - - default default] 10.0.0.14 "PUT /v2.0/routers/f82c0ac7-2b2d-497b-888d-1895be0327e1 HTTP/1.1" status: 200 len: 668 time: 0.4777789
2026-06-13 23:59:18.158 10 INFO neutron.wsgi [None req-b750c1af-5603-4494-9832-4009af6d0412 8336df57fd624f8192a55aad64e4da56 124b94c0370c49e0a655a65e135fb311 - - default default] 10.0.0.14 "GET /v2.0/ports?device_id=f82c0ac7-2b2d-497b-888d-1895be0327e1 HTTP/1.1" status: 200 len: 205 time: 0.0196800
2026-06-13 23:59:18.319 10 INFO neutron.wsgi [None req-62ab6933-abdf-49a5-bc3d-6c5881b23181 cd32cc0456ef40ee9c8ac59ace930e79 fa89346f507146fca9fbfa268a6ff7c9 - - default default] 10.0.0.14 "DELETE /v2.0/ports/c442cad6-8992-4aaf-a3b0-32ae5663d4c8 HTTP/1.1" status: 204 len: 168 time: 0.2412889
2026-06-13 23:59:18.447 9 INFO neutron.wsgi [None req-4e62ff30-927d-4979-8e28-f275080b51d7 8336df57fd624f8192a55aad64e4da56 124b94c0370c49e0a655a65e135fb311 - - default default] 10.0.0.14 "DELETE /v2.0/routers/f82c0ac7-2b2d-497b-888d-1895be0327e1 HTTP/1.1" status: 204 len: 168 time: 0.2835250
2026-06-13 23:59:18.513 10 INFO neutron.wsgi [None req-8191903e-f434-48bb-b365-f53d555c19ec 8336df57fd624f8192a55aad64e4da56 124b94c0370c49e0a655a65e135fb311 - - default default] 10.0.0.14 "GET /v2.0/routers/cea55f47-ade9-42f6-8071-e2fda583b19f HTTP/1.1" status: 200 len: 677 time: 0.0616665
2026-06-13 23:59:18.758 10 INFO neutron.services.segments.plugin [-] Segment 8095f910-49ac-46de-8aa5-8cc7942c0206 resource provider aggregate not found
2026-06-13 23:59:18.764 10 INFO neutron.services.segments.plugin [-] Segment 8095f910-49ac-46de-8aa5-8cc7942c0206 resource provider aggregate not found
2026-06-13 23:59:18.782 10 INFO neutron.services.segments.plugin [-] Segment 8095f910-49ac-46de-8aa5-8cc7942c0206 resource provider not found; error: Placement Client Error (4xx): {"errors": [{"status": 404, "title": "Not Found", "detail": "The resource could not be found.\n\n No resource provider with uuid 8095f910-49ac-46de-8aa5-8cc7942c0206 found for delete ", "request_id": "req-b33f5bee-aa4b-405e-ae87-065e50c37da7"}]}
2026-06-13 23:59:18.790 10 INFO neutron.services.segments.plugin [-] Segment 8095f910-49ac-46de-8aa5-8cc7942c0206 resource provider not found; error: Placement Client Error (4xx): {"errors": [{"status": 404, "title": "Not Found", "detail": "The resource could not be found.\n\n No resource provider with uuid 8095f910-49ac-46de-8aa5-8cc7942c0206 found for delete ", "request_id": "req-e9b43b97-46bf-46e7-bd57-761c5520ec3b"}]}
2026-06-13 23:59:18.811 10 INFO neutron.wsgi [None req-19465ea7-fdc9-4878-8cb3-aa3777b9c23b cd32cc0456ef40ee9c8ac59ace930e79 fa89346f507146fca9fbfa268a6ff7c9 - - default default] 10.0.0.14 "DELETE /v2.0/networks/772062aa-21cf-4833-aa40-609774bb03f6 HTTP/1.1" status: 204 len: 168 time: 0.4868731
2026-06-13 23:59:19.246 9 INFO neutron.db.ovn_revision_numbers_db [None req-727d69ad-2162-422e-b621-817979eca7ab 8336df57fd624f8192a55aad64e4da56 124b94c0370c49e0a655a65e135fb311 - - default default] Successfully bumped revision number for resource cea55f47-ade9-42f6-8071-e2fda583b19f (type: routers) to 2
2026-06-13 23:59:19.252 9 INFO neutron.wsgi [None req-727d69ad-2162-422e-b621-817979eca7ab 8336df57fd624f8192a55aad64e4da56 124b94c0370c49e0a655a65e135fb311 - - default default] 10.0.0.14 "PUT /v2.0/routers/cea55f47-ade9-42f6-8071-e2fda583b19f HTTP/1.1" status: 200 len: 677 time: 0.7342045
2026-06-13 23:59:19.279 9 INFO neutron.wsgi [None req-97a819d4-2963-4835-958a-628b8d4df647 8336df57fd624f8192a55aad64e4da56 124b94c0370c49e0a655a65e135fb311 - - default default] 10.0.0.14 "GET /v2.0/ports?device_id=cea55f47-ade9-42f6-8071-e2fda583b19f HTTP/1.1" status: 200 len: 205 time: 0.0221212
2026-06-13 23:59:19.671 9 INFO neutron.db.ovn_revision_numbers_db [None req-3b5edb4e-72f6-489d-914b-2be4c88d7ecf 0badf3674b824baf9deb0d3b13eef2c5 85afb4b5014f42358a55eb5080f7a039 - - default default] Successfully bumped revision number for resource 8dc80428-cd5c-4fff-8ce4-fa3411f833bb (type: security_groups) to 1
2026-06-13 23:59:19.692 9 INFO neutron.db.ovn_revision_numbers_db [None req-3b5edb4e-72f6-489d-914b-2be4c88d7ecf 0badf3674b824baf9deb0d3b13eef2c5 85afb4b5014f42358a55eb5080f7a039 - - default default] Successfully bumped revision number for resource 2bba4ee9-eacd-49ee-90b1-edeb3a9c99c7 (type: security_group_rules) to 0
2026-06-13 23:59:19.710 9 INFO neutron.db.ovn_revision_numbers_db [None req-3b5edb4e-72f6-489d-914b-2be4c88d7ecf 0badf3674b824baf9deb0d3b13eef2c5 85afb4b5014f42358a55eb5080f7a039 - - default default] Successfully bumped revision number for resource 56e80763-8f50-4d36-9473-d92669407464 (type: security_group_rules) to 0
2026-06-13 23:59:19.725 9 INFO neutron.db.ovn_revision_numbers_db [None req-3b5edb4e-72f6-489d-914b-2be4c88d7ecf 0badf3674b824baf9deb0d3b13eef2c5 85afb4b5014f42358a55eb5080f7a039 - - default default] Successfully bumped revision number for resource b1a27e18-e2a5-4b8d-869c-e2b8c9b88803 (type: security_group_rules) to 0
2026-06-13 23:59:19.739 9 INFO neutron.db.ovn_revision_numbers_db [None req-3b5edb4e-72f6-489d-914b-2be4c88d7ecf 0badf3674b824baf9deb0d3b13eef2c5 85afb4b5014f42358a55eb5080f7a039 - - default default] Successfully bumped revision number for resource b3387381-dcf3-45f2-b573-269f7952bcbe (type: security_group_rules) to 0
2026-06-13 23:59:19.770 9 INFO neutron.wsgi [None req-3b5edb4e-72f6-489d-914b-2be4c88d7ecf 0badf3674b824baf9deb0d3b13eef2c5 85afb4b5014f42358a55eb5080f7a039 - - default default] 10.0.0.14 "GET /v2.0/security-groups?tenant_id=81b7631e9f7c4f7f9490d51c0fc3a6a8&name=default HTTP/1.1" status: 200 len: 2996 time: 0.3399694
2026-06-13 23:59:19.804 10 INFO neutron.wsgi [None req-9f6f1b4c-14af-48ce-9419-4f1086831646 8336df57fd624f8192a55aad64e4da56 124b94c0370c49e0a655a65e135fb311 - - default default] 10.0.0.14 "DELETE /v2.0/routers/cea55f47-ade9-42f6-8071-e2fda583b19f HTTP/1.1" status: 204 len: 168 time: 0.5198469
2026-06-13 23:59:19.848 10 INFO neutron.wsgi [None req-7fbb7d75-93b9-4e7c-91e9-4c243996ce2f 8336df57fd624f8192a55aad64e4da56 124b94c0370c49e0a655a65e135fb311 - - default default] 10.0.0.14 "GET /v2.0/routers/e392c6d4-c4fa-4b7d-b6f9-ceabaf0f1eb6 HTTP/1.1" status: 200 len: 662 time: 0.0415440
2026-06-13 23:59:19.904 10 INFO neutron.wsgi [None req-f0e434ad-ef63-4423-bf88-4db5ed9cda77 0badf3674b824baf9deb0d3b13eef2c5 85afb4b5014f42358a55eb5080f7a039 - - default default] 10.0.0.185 "GET /v2.0/network-ip-availabilities HTTP/1.1" status: 200 len: 1280 time: 0.1266780
2026-06-13 23:59:19.977 10 INFO neutron.wsgi [None req-5076049d-6a68-4dcb-86a0-7fd34ddeb0e3 0badf3674b824baf9deb0d3b13eef2c5 85afb4b5014f42358a55eb5080f7a039 - - default default] 10.0.0.185 "GET /v2.0/subnets HTTP/1.1" status: 200 len: 1437 time: 0.0602806
2026-06-13 23:59:19.994 9 INFO neutron.wsgi [None req-4b2b3f3d-5d62-498a-9612-eea0ff358614 0badf3674b824baf9deb0d3b13eef2c5 85afb4b5014f42358a55eb5080f7a039 - - default default] 10.0.0.14 "DELETE /v2.0/security-groups/8dc80428-cd5c-4fff-8ce4-fa3411f833bb HTTP/1.1" status: 204 len: 168 time: 0.2193377
2026-06-13 23:59:20.000 10 INFO neutron.wsgi [None req-044af727-157c-4d42-94ae-0043d0a9a86b 0badf3674b824baf9deb0d3b13eef2c5 85afb4b5014f42358a55eb5080f7a039 - - default default] 10.0.0.185 "GET /v2.0/subnetpools HTTP/1.1" status: 200 len: 193 time: 0.0205460
2026-06-13 23:59:20.120 10 INFO neutron.wsgi [None req-317c1b6c-1dbf-4055-ab00-9c85e9139896 0badf3674b824baf9deb0d3b13eef2c5 85afb4b5014f42358a55eb5080f7a039 - - default default] 10.0.0.185 "GET /v2.0/networks HTTP/1.1" status: 200 len: 2348 time: 0.1141930
2026-06-13 23:59:20.213 10 INFO neutron.wsgi [None req-cc2251a9-b25d-48fd-bef1-a301d6df880d 0badf3674b824baf9deb0d3b13eef2c5 85afb4b5014f42358a55eb5080f7a039 - - default default] 10.0.0.185 "GET /v2.0/ports HTTP/1.1" status: 200 len: 5351 time: 0.0920978
2026-06-13 23:59:20.241 9 INFO neutron.wsgi [None req-a2944aca-8521-4bed-b431-6319c9281719 0badf3674b824baf9deb0d3b13eef2c5 85afb4b5014f42358a55eb5080f7a039 - - default default] 10.0.0.14 "GET /v2.0/security-groups?tenant_id=fa89346f507146fca9fbfa268a6ff7c9&name=default HTTP/1.1" status: 200 len: 2996 time: 0.0413997
2026-06-13 23:59:20.314 10 INFO neutron.wsgi [None req-1bc870bb-e17a-475b-87fa-5738f625528f 0badf3674b824baf9deb0d3b13eef2c5 85afb4b5014f42358a55eb5080f7a039 - - default default] 10.0.0.185 "GET /v2.0/security-groups HTTP/1.1" status: 200 len: 19583 time: 0.0872347
2026-06-13 23:59:20.404 10 INFO neutron.wsgi [None req-731768d5-6cd2-467b-ad2f-b84e2904ff91 0badf3674b824baf9deb0d3b13eef2c5 85afb4b5014f42358a55eb5080f7a039 - - default default] 10.0.0.185 "GET /v2.0/routers HTTP/1.1" status: 200 len: 1097 time: 0.0847943
2026-06-13 23:59:20.429 10 INFO neutron.wsgi [None req-81bd93f6-9521-45e8-9712-6fb7dd37767b 0badf3674b824baf9deb0d3b13eef2c5 85afb4b5014f42358a55eb5080f7a039 - - default default] 10.0.0.185 "GET /v2.0/agents?binary=ovn-controller HTTP/1.1" status: 200 len: 591 time: 0.0237679
2026-06-13 23:59:20.453 10 INFO neutron.wsgi [None req-f096c3d9-2400-4384-82bf-d692139f0c0d 0badf3674b824baf9deb0d3b13eef2c5 85afb4b5014f42358a55eb5080f7a039 - - default default] 10.0.0.185 "GET /v2.0/agents HTTP/1.1" status: 200 len: 997 time: 0.0227482
2026-06-13 23:59:20.471 10 INFO neutron.db.ovn_revision_numbers_db [None req-55055b51-cc13-4c7f-adce-0da8b00d9d6b 8336df57fd624f8192a55aad64e4da56 124b94c0370c49e0a655a65e135fb311 - - default default] Successfully bumped revision number for resource e392c6d4-c4fa-4b7d-b6f9-ceabaf0f1eb6 (type: routers) to 2
2026-06-13 23:59:20.474 10 INFO neutron.wsgi [None req-55055b51-cc13-4c7f-adce-0da8b00d9d6b 8336df57fd624f8192a55aad64e4da56 124b94c0370c49e0a655a65e135fb311 - - default default] 10.0.0.14 "PUT /v2.0/routers/e392c6d4-c4fa-4b7d-b6f9-ceabaf0f1eb6 HTTP/1.1" status: 200 len: 662 time: 0.6190693
2026-06-13 23:59:20.475 9 INFO neutron.wsgi [None req-8faf0a10-0e0d-42d0-b29e-730fe779ca5f 0badf3674b824baf9deb0d3b13eef2c5 85afb4b5014f42358a55eb5080f7a039 - - default default] 10.0.0.14 "DELETE /v2.0/security-groups/2c2ffd63-c096-4fd8-92e9-e48c6de77b1f HTTP/1.1" status: 204 len: 168 time: 0.2294629
2026-06-13 23:59:20.477 10 INFO neutron.wsgi [None req-bc89ea26-902f-413e-a7f1-aefb188f3260 0badf3674b824baf9deb0d3b13eef2c5 85afb4b5014f42358a55eb5080f7a039 - - default default] 10.0.0.185 "GET /v2.0/floatingips HTTP/1.1" status: 200 len: 193 time: 0.0212374
2026-06-13 23:59:20.502 9 INFO neutron.wsgi [None req-a9b91a3b-d075-422e-9142-23ed93696519 8336df57fd624f8192a55aad64e4da56 124b94c0370c49e0a655a65e135fb311 - - default default] 10.0.0.14 "GET /v2.0/ports?device_id=e392c6d4-c4fa-4b7d-b6f9-ceabaf0f1eb6 HTTP/1.1" status: 200 len: 205 time: 0.0231597
2026-06-13 23:59:20.507 10 INFO neutron.wsgi [None req-26140975-a370-455f-bd64-ae35ae4d4130 0badf3674b824baf9deb0d3b13eef2c5 85afb4b5014f42358a55eb5080f7a039 - - default default] 10.0.0.185 "GET /v2.0/subnets HTTP/1.1" status: 200 len: 1437 time: 0.0293252
2026-06-13 23:59:20.683 9 INFO neutron.db.ovn_revision_numbers_db [None req-0ea905c7-92bd-4aae-9f22-4c6d1a86bd23 0badf3674b824baf9deb0d3b13eef2c5 85afb4b5014f42358a55eb5080f7a039 - - default default] Successfully bumped revision number for resource be51a801-9e56-4e5a-896f-1db8a9730e9d (type: security_groups) to 1
2026-06-13 23:59:20.700 9 INFO neutron.db.ovn_revision_numbers_db [None req-0ea905c7-92bd-4aae-9f22-4c6d1a86bd23 0badf3674b824baf9deb0d3b13eef2c5 85afb4b5014f42358a55eb5080f7a039 - - default default] Successfully bumped revision number for resource 10ad9e84-5617-40ba-bd89-ff0a6d05beb1 (type: security_group_rules) to 0
2026-06-13 23:59:20.716 9 INFO neutron.db.ovn_revision_numbers_db [None req-0ea905c7-92bd-4aae-9f22-4c6d1a86bd23 0badf3674b824baf9deb0d3b13eef2c5 85afb4b5014f42358a55eb5080f7a039 - - default default] Successfully bumped revision number for resource 4e3ebc42-b19c-4a77-8bdd-a2a2af6e0d70 (type: security_group_rules) to 0
2026-06-13 23:59:20.738 9 INFO neutron.db.ovn_revision_numbers_db [None req-0ea905c7-92bd-4aae-9f22-4c6d1a86bd23 0badf3674b824baf9deb0d3b13eef2c5 85afb4b5014f42358a55eb5080f7a039 - - default default] Successfully bumped revision number for resource 73b4afb6-e322-4c82-b8cd-2cf5039ba563 (type: security_group_rules) to 0
2026-06-13 23:59:20.743 10 INFO neutron.wsgi [None req-f071bff6-a412-408e-8506-4bea25fed2a1 8336df57fd624f8192a55aad64e4da56 124b94c0370c49e0a655a65e135fb311 - - default default] 10.0.0.14 "DELETE /v2.0/routers/e392c6d4-c4fa-4b7d-b6f9-ceabaf0f1eb6 HTTP/1.1" status: 204 len: 168 time: 0.2333732
2026-06-13 23:59:20.753 9 INFO neutron.db.ovn_revision_numbers_db [None req-0ea905c7-92bd-4aae-9f22-4c6d1a86bd23 0badf3674b824baf9deb0d3b13eef2c5 85afb4b5014f42358a55eb5080f7a039 - - default default] Successfully bumped revision number for resource f7280047-3e9e-4261-8627-7060409d332f (type: security_group_rules) to 0
2026-06-13 23:59:20.779 9 INFO neutron.wsgi [None req-0ea905c7-92bd-4aae-9f22-4c6d1a86bd23 0badf3674b824baf9deb0d3b13eef2c5 85afb4b5014f42358a55eb5080f7a039 - - default default] 10.0.0.14 "GET /v2.0/security-groups?tenant_id=bbe6883b544145848b88ed3ce57b3f62&name=default HTTP/1.1" status: 200 len: 2996 time: 0.3892910
2026-06-13 23:59:20.792 10 INFO neutron.wsgi [None req-1423b2c1-86e1-44cd-8f74-d003257e4832 8336df57fd624f8192a55aad64e4da56 124b94c0370c49e0a655a65e135fb311 - - default default] 10.0.0.14 "GET /v2.0/routers/9c03ec16-5469-443f-8fd9-91f0f4bc6c0e HTTP/1.1" status: 200 len: 655 time: 0.0417144
2026-06-13 23:59:20.974 9 INFO neutron.wsgi [None req-d0668a2b-615c-4da0-8f0d-a8cbffdf5397 0badf3674b824baf9deb0d3b13eef2c5 85afb4b5014f42358a55eb5080f7a039 - - default default] 10.0.0.14 "DELETE /v2.0/security-groups/be51a801-9e56-4e5a-896f-1db8a9730e9d HTTP/1.1" status: 204 len: 168 time: 0.1873672
2026-06-13 23:59:21.307 9 INFO neutron.db.ovn_revision_numbers_db [None req-e7916cb4-a655-4ea0-ac01-c97c4ca56e40 0badf3674b824baf9deb0d3b13eef2c5 85afb4b5014f42358a55eb5080f7a039 - - default default] Successfully bumped revision number for resource 8b24d870-40c1-47a3-a65e-8be713e4f88b (type: security_groups) to 1
2026-06-13 23:59:21.310 9 INFO neutron.db.ovn_revision_numbers_db [None req-1174358e-1ade-4c0f-81ad-616932911b8a 0badf3674b824baf9deb0d3b13eef2c5 85afb4b5014f42358a55eb5080f7a039 - - default default] Successfully bumped revision number for resource 6ade9fce-8f43-40d6-8e94-df8ae555c62a (type: security_groups) to 1
2026-06-13 23:59:21.327 9 INFO neutron.db.ovn_revision_numbers_db [None req-e7916cb4-a655-4ea0-ac01-c97c4ca56e40 0badf3674b824baf9deb0d3b13eef2c5 85afb4b5014f42358a55eb5080f7a039 - - default default] Successfully bumped revision number for resource 84f82d32-8f5d-46f7-a43c-c9f533ab802b (type: security_group_rules) to 0
2026-06-13 23:59:21.331 9 INFO neutron.db.ovn_revision_numbers_db [None req-1174358e-1ade-4c0f-81ad-616932911b8a 0badf3674b824baf9deb0d3b13eef2c5 85afb4b5014f42358a55eb5080f7a039 - - default default] Successfully bumped revision number for resource 000e9012-857a-4576-8ccc-746fe329f69a (type: security_group_rules) to 0
2026-06-13 23:59:21.340 9 INFO neutron.db.ovn_revision_numbers_db [None req-e7916cb4-a655-4ea0-ac01-c97c4ca56e40 0badf3674b824baf9deb0d3b13eef2c5 85afb4b5014f42358a55eb5080f7a039 - - default default] Successfully bumped revision number for resource a4ebb9ee-369a-437a-befc-79c23c37c088 (type: security_group_rules) to 0
2026-06-13 23:59:21.344 9 INFO neutron.db.ovn_revision_numbers_db [None req-1174358e-1ade-4c0f-81ad-616932911b8a 0badf3674b824baf9deb0d3b13eef2c5 85afb4b5014f42358a55eb5080f7a039 - - default default] Successfully bumped revision number for resource 24efaea7-52fc-406c-8ca1-64a919071dc8 (type: security_group_rules) to 0
2026-06-13 23:59:21.353 9 INFO neutron.db.ovn_revision_numbers_db [None req-e7916cb4-a655-4ea0-ac01-c97c4ca56e40 0badf3674b824baf9deb0d3b13eef2c5 85afb4b5014f42358a55eb5080f7a039 - - default default] Successfully bumped revision number for resource dece2605-9f8d-44d9-a0de-33a8fd9669b5 (type: security_group_rules) to 0
2026-06-13 23:59:21.357 9 INFO neutron.db.ovn_revision_numbers_db [None req-1174358e-1ade-4c0f-81ad-616932911b8a 0badf3674b824baf9deb0d3b13eef2c5 85afb4b5014f42358a55eb5080f7a039 - - default default] Successfully bumped revision number for resource 660ef2db-f635-4f36-84a2-2d07c57ed434 (type: security_group_rules) to 0
2026-06-13 23:59:21.368 9 INFO neutron.db.ovn_revision_numbers_db [None req-e7916cb4-a655-4ea0-ac01-c97c4ca56e40 0badf3674b824baf9deb0d3b13eef2c5 85afb4b5014f42358a55eb5080f7a039 - - default default] Successfully bumped revision number for resource f7ccb269-d108-4817-b62e-26c142d57b35 (type: security_group_rules) to 0
2026-06-13 23:59:21.376 9 INFO neutron.db.ovn_revision_numbers_db [None req-1174358e-1ade-4c0f-81ad-616932911b8a 0badf3674b824baf9deb0d3b13eef2c5 85afb4b5014f42358a55eb5080f7a039 - - default default] Successfully bumped revision number for resource c2463989-9228-427e-b537-3bb630052eca (type: security_group_rules) to 0
2026-06-13 23:59:21.391 9 INFO neutron.wsgi [None req-e7916cb4-a655-4ea0-ac01-c97c4ca56e40 0badf3674b824baf9deb0d3b13eef2c5 85afb4b5014f42358a55eb5080f7a039 - - default default] 10.0.0.14 "GET /v2.0/security-groups?tenant_id=96e8c2002af846598daefb48c8ca4c22&name=default HTTP/1.1" status: 200 len: 2996 time: 0.2227716
2026-06-13 23:59:21.407 9 INFO neutron.wsgi [None req-1174358e-1ade-4c0f-81ad-616932911b8a 0badf3674b824baf9deb0d3b13eef2c5 85afb4b5014f42358a55eb5080f7a039 - - default default] 10.0.0.14 "GET /v2.0/security-groups?tenant_id=f3b8284cc1244a7b9518374fd7491fb7&name=default HTTP/1.1" status: 200 len: 2996 time: 0.3972001
2026-06-13 23:59:21.429 10 INFO neutron.wsgi [None req-6f514d2d-da0b-40d3-b483-c26633b65bb7 8336df57fd624f8192a55aad64e4da56 124b94c0370c49e0a655a65e135fb311 - - default default] 10.0.0.14 "PUT /v2.0/routers/9c03ec16-5469-443f-8fd9-91f0f4bc6c0e HTTP/1.1" status: 200 len: 655 time: 0.6332767
2026-06-13 23:59:21.456 10 INFO neutron.wsgi [None req-867668da-f5de-435c-912a-a40aad88b858 8336df57fd624f8192a55aad64e4da56 124b94c0370c49e0a655a65e135fb311 - - default default] 10.0.0.14 "GET /v2.0/ports?device_id=9c03ec16-5469-443f-8fd9-91f0f4bc6c0e HTTP/1.1" status: 200 len: 205 time: 0.0215976
2026-06-13 23:59:21.612 9 INFO neutron.wsgi [None req-063cfb9f-3936-4bde-a0ed-91489ef1723c 0badf3674b824baf9deb0d3b13eef2c5 85afb4b5014f42358a55eb5080f7a039 - - default default] 10.0.0.14 "DELETE /v2.0/security-groups/8b24d870-40c1-47a3-a65e-8be713e4f88b HTTP/1.1" status: 204 len: 168 time: 0.2153943
2026-06-13 23:59:21.630 9 INFO neutron.wsgi [None req-00780d9b-4e0b-48fc-a785-9334aa02eb45 0badf3674b824baf9deb0d3b13eef2c5 85afb4b5014f42358a55eb5080f7a039 - - default default] 10.0.0.14 "DELETE /v2.0/security-groups/6ade9fce-8f43-40d6-8e94-df8ae555c62a HTTP/1.1" status: 204 len: 168 time: 0.2157300
2026-06-13 23:59:21.745 10 INFO neutron.wsgi [None req-88227520-ab23-4709-a781-6f5e1b1f312c 8336df57fd624f8192a55aad64e4da56 124b94c0370c49e0a655a65e135fb311 - - default default] 10.0.0.14 "DELETE /v2.0/routers/9c03ec16-5469-443f-8fd9-91f0f4bc6c0e HTTP/1.1" status: 204 len: 168 time: 0.2851105
2026-06-13 23:59:21.835 9 INFO neutron.db.ovn_revision_numbers_db [None req-cb6d6850-91c6-4405-9eba-3b66b28b576e 0badf3674b824baf9deb0d3b13eef2c5 85afb4b5014f42358a55eb5080f7a039 - - default default] Successfully bumped revision number for resource 0827305a-b79b-4bea-8a81-4a024960ee9c (type: security_groups) to 1
2026-06-13 23:59:21.852 9 INFO neutron.db.ovn_revision_numbers_db [None req-cb6d6850-91c6-4405-9eba-3b66b28b576e 0badf3674b824baf9deb0d3b13eef2c5 85afb4b5014f42358a55eb5080f7a039 - - default default] Successfully bumped revision number for resource 187af8c9-f51c-4f4c-844d-56c9fc6a75b2 (type: security_group_rules) to 0
2026-06-13 23:59:21.866 9 INFO neutron.db.ovn_revision_numbers_db [None req-cb6d6850-91c6-4405-9eba-3b66b28b576e 0badf3674b824baf9deb0d3b13eef2c5 85afb4b5014f42358a55eb5080f7a039 - - default default] Successfully bumped revision number for resource 4883844b-7f3b-47b3-8ad4-488d2fe7ce2d (type: security_group_rules) to 0
2026-06-13 23:59:21.892 9 INFO neutron.db.ovn_revision_numbers_db [None req-cb6d6850-91c6-4405-9eba-3b66b28b576e 0badf3674b824baf9deb0d3b13eef2c5 85afb4b5014f42358a55eb5080f7a039 - - default default] Successfully bumped revision number for resource 6a962bfc-cc57-4e0b-969e-edeb6223e016 (type: security_group_rules) to 0
2026-06-13 23:59:21.907 9 INFO neutron.db.ovn_revision_numbers_db [None req-cb6d6850-91c6-4405-9eba-3b66b28b576e 0badf3674b824baf9deb0d3b13eef2c5 85afb4b5014f42358a55eb5080f7a039 - - default default] Successfully bumped revision number for resource d2fee319-0079-46ad-8eca-365929d8fa03 (type: security_group_rules) to 0
2026-06-13 23:59:21.932 9 INFO neutron.wsgi [None req-cb6d6850-91c6-4405-9eba-3b66b28b576e 0badf3674b824baf9deb0d3b13eef2c5 85afb4b5014f42358a55eb5080f7a039 - - default default] 10.0.0.14 "GET /v2.0/security-groups?tenant_id=22c044b751e743b38520f2d145cac7b4&name=default HTTP/1.1" status: 200 len: 2996 time: 0.2245326
2026-06-13 23:59:22.112 9 INFO neutron.wsgi [None req-02d2a7c8-8c13-428f-90f1-ae503418b112 0badf3674b824baf9deb0d3b13eef2c5 85afb4b5014f42358a55eb5080f7a039 - - default default] 10.0.0.14 "DELETE /v2.0/security-groups/0827305a-b79b-4bea-8a81-4a024960ee9c HTTP/1.1" status: 204 len: 168 time: 0.1760910
2026-06-13 23:59:22.830 9 INFO neutron.db.ovn_revision_numbers_db [None req-9c833cc2-e494-472c-9196-c2e5894d1ac3 0badf3674b824baf9deb0d3b13eef2c5 85afb4b5014f42358a55eb5080f7a039 - - default default] Successfully bumped revision number for resource 5a14024f-7a8a-4b2c-8d87-8479029dd616 (type: security_groups) to 1
2026-06-13 23:59:22.847 9 INFO neutron.db.ovn_revision_numbers_db [None req-9c833cc2-e494-472c-9196-c2e5894d1ac3 0badf3674b824baf9deb0d3b13eef2c5 85afb4b5014f42358a55eb5080f7a039 - - default default] Successfully bumped revision number for resource 1382562e-20cf-4580-880f-41175f27b015 (type: security_group_rules) to 0
2026-06-13 23:59:22.864 9 INFO neutron.db.ovn_revision_numbers_db [None req-9c833cc2-e494-472c-9196-c2e5894d1ac3 0badf3674b824baf9deb0d3b13eef2c5 85afb4b5014f42358a55eb5080f7a039 - - default default] Successfully bumped revision number for resource 45f14974-ec6f-438d-abe7-ce33ae8b2264 (type: security_group_rules) to 0
2026-06-13 23:59:22.879 9 INFO neutron.db.ovn_revision_numbers_db [None req-9c833cc2-e494-472c-9196-c2e5894d1ac3 0badf3674b824baf9deb0d3b13eef2c5 85afb4b5014f42358a55eb5080f7a039 - - default default] Successfully bumped revision number for resource 60f30dfd-e257-4921-bd3e-ba525ed7e296 (type: security_group_rules) to 0
2026-06-13 23:59:22.892 9 INFO neutron.db.ovn_revision_numbers_db [None req-9c833cc2-e494-472c-9196-c2e5894d1ac3 0badf3674b824baf9deb0d3b13eef2c5 85afb4b5014f42358a55eb5080f7a039 - - default default] Successfully bumped revision number for resource 8a04cbaf-ee18-4db0-a1e4-b027a2313fab (type: security_group_rules) to 0
2026-06-13 23:59:22.917 9 INFO neutron.wsgi [None req-9c833cc2-e494-472c-9196-c2e5894d1ac3 0badf3674b824baf9deb0d3b13eef2c5 85afb4b5014f42358a55eb5080f7a039 - - default default] 10.0.0.14 "GET /v2.0/security-groups?tenant_id=c8d1ded9b6c44a09a697a2d57c0ad3fd&name=default HTTP/1.1" status: 200 len: 2996 time: 0.3581035
2026-06-13 23:59:23.090 9 INFO neutron.wsgi [None req-5008164b-1ddb-45f9-9437-f098bf308877 0badf3674b824baf9deb0d3b13eef2c5 85afb4b5014f42358a55eb5080f7a039 - - default default] 10.0.0.14 "DELETE /v2.0/security-groups/5a14024f-7a8a-4b2c-8d87-8479029dd616 HTTP/1.1" status: 204 len: 168 time: 0.1694517
2026-06-13 23:59:23.370 9 INFO neutron.db.ovn_revision_numbers_db [None req-df88b42f-eee1-4ade-8894-dbb7e243c629 0badf3674b824baf9deb0d3b13eef2c5 85afb4b5014f42358a55eb5080f7a039 - - default default] Successfully bumped revision number for resource d45f3c05-15b5-42f6-a0ec-a26435e05bae (type: security_groups) to 1
2026-06-13 23:59:23.388 9 INFO neutron.db.ovn_revision_numbers_db [None req-df88b42f-eee1-4ade-8894-dbb7e243c629 0badf3674b824baf9deb0d3b13eef2c5 85afb4b5014f42358a55eb5080f7a039 - - default default] Successfully bumped revision number for resource 1554a46f-b653-4ab6-9c55-0478534d017e (type: security_group_rules) to 0
2026-06-13 23:59:23.402 9 INFO neutron.db.ovn_revision_numbers_db [None req-df88b42f-eee1-4ade-8894-dbb7e243c629 0badf3674b824baf9deb0d3b13eef2c5 85afb4b5014f42358a55eb5080f7a039 - - default default] Successfully bumped revision number for resource 7ef1c218-7685-47e5-ab46-1e521daaf17b (type: security_group_rules) to 0
2026-06-13 23:59:23.414 9 INFO neutron.db.ovn_revision_numbers_db [None req-df88b42f-eee1-4ade-8894-dbb7e243c629 0badf3674b824baf9deb0d3b13eef2c5 85afb4b5014f42358a55eb5080f7a039 - - default default] Successfully bumped revision number for resource 8278b644-c921-4c0b-b6d5-191e85d0aa75 (type: security_group_rules) to 0
2026-06-13 23:59:23.433 9 INFO neutron.db.ovn_revision_numbers_db [None req-df88b42f-eee1-4ade-8894-dbb7e243c629 0badf3674b824baf9deb0d3b13eef2c5 85afb4b5014f42358a55eb5080f7a039 - - default default] Successfully bumped revision number for resource f722eb43-94b0-462c-8626-5e723f4d9652 (type: security_group_rules) to 0
2026-06-13 23:59:23.458 9 INFO neutron.wsgi [None req-df88b42f-eee1-4ade-8894-dbb7e243c629 0badf3674b824baf9deb0d3b13eef2c5 85afb4b5014f42358a55eb5080f7a039 - - default default] 10.0.0.14 "GET /v2.0/security-groups?tenant_id=0c2e6a7ed4da473bad2c911a93d4d17e&name=default HTTP/1.1" status: 200 len: 2996 time: 0.2052772
2026-06-13 23:59:23.650 9 INFO neutron.wsgi [None req-1fe80fee-47dd-41d7-b669-50260375d34d 0badf3674b824baf9deb0d3b13eef2c5 85afb4b5014f42358a55eb5080f7a039 - - default default] 10.0.0.14 "DELETE /v2.0/security-groups/d45f3c05-15b5-42f6-a0ec-a26435e05bae HTTP/1.1" status: 204 len: 168 time: 0.1890199
2026-06-13 23:59:23.891 10 INFO neutron.db.ovn_revision_numbers_db [None req-824f6811-942a-42a4-9619-326ff61425c2 0badf3674b824baf9deb0d3b13eef2c5 85afb4b5014f42358a55eb5080f7a039 - - default default] Successfully bumped revision number for resource 7505eced-9fa2-4a1b-a8c1-f14604b837b0 (type: security_groups) to 1
2026-06-13 23:59:23.913 10 INFO neutron.db.ovn_revision_numbers_db [None req-824f6811-942a-42a4-9619-326ff61425c2 0badf3674b824baf9deb0d3b13eef2c5 85afb4b5014f42358a55eb5080f7a039 - - default default] Successfully bumped revision number for resource 4471d084-9ad2-483c-addd-f17be2b0b33a (type: security_group_rules) to 0
2026-06-13 23:59:23.929 10 INFO neutron.db.ovn_revision_numbers_db [None req-824f6811-942a-42a4-9619-326ff61425c2 0badf3674b824baf9deb0d3b13eef2c5 85afb4b5014f42358a55eb5080f7a039 - - default default] Successfully bumped revision number for resource cd52736a-6e3a-4c5d-b9f7-d4f82c13b1ec (type: security_group_rules) to 0
2026-06-13 23:59:23.948 10 INFO neutron.db.ovn_revision_numbers_db [None req-824f6811-942a-42a4-9619-326ff61425c2 0badf3674b824baf9deb0d3b13eef2c5 85afb4b5014f42358a55eb5080f7a039 - - default default] Successfully bumped revision number for resource d70b9cd1-8f2a-47f7-8e77-84a1f31099a9 (type: security_group_rules) to 0
2026-06-13 23:59:23.963 10 INFO neutron.db.ovn_revision_numbers_db [None req-824f6811-942a-42a4-9619-326ff61425c2 0badf3674b824baf9deb0d3b13eef2c5 85afb4b5014f42358a55eb5080f7a039 - - default default] Successfully bumped revision number for resource ff48e761-836f-4a43-a61a-62bfb4c902ed (type: security_group_rules) to 0
2026-06-13 23:59:23.991 10 INFO neutron.wsgi [None req-824f6811-942a-42a4-9619-326ff61425c2 0badf3674b824baf9deb0d3b13eef2c5 85afb4b5014f42358a55eb5080f7a039 - - default default] 10.0.0.14 "GET /v2.0/security-groups?tenant_id=124b94c0370c49e0a655a65e135fb311&name=default HTTP/1.1" status: 200 len: 2996 time: 0.2342136
2026-06-13 23:59:24.218 10 INFO neutron.wsgi [None req-1d6e2039-8175-44e5-87e9-341bec08d01d 0badf3674b824baf9deb0d3b13eef2c5 85afb4b5014f42358a55eb5080f7a039 - - default default] 10.0.0.14 "DELETE /v2.0/security-groups/7505eced-9fa2-4a1b-a8c1-f14604b837b0 HTTP/1.1" status: 204 len: 168 time: 0.2226405
