2026-06-13 23:59:24.600 10 INFO neutron.db.ovn_revision_numbers_db [None req-d15dbcb3-f2cb-4bea-9b23-07bcbf90e1b3 0badf3674b824baf9deb0d3b13eef2c5 85afb4b5014f42358a55eb5080f7a039 - - default default] Successfully bumped revision number for resource b030870e-0417-402e-a4e0-24bc7f678da8 (type: security_groups) to 1
2026-06-13 23:59:24.638 10 INFO neutron.db.ovn_revision_numbers_db [None req-d15dbcb3-f2cb-4bea-9b23-07bcbf90e1b3 0badf3674b824baf9deb0d3b13eef2c5 85afb4b5014f42358a55eb5080f7a039 - - default default] Successfully bumped revision number for resource 266d3625-0380-4930-b97a-63b4d4c587b2 (type: security_group_rules) to 0
2026-06-13 23:59:24.652 10 INFO neutron.db.ovn_revision_numbers_db [None req-d15dbcb3-f2cb-4bea-9b23-07bcbf90e1b3 0badf3674b824baf9deb0d3b13eef2c5 85afb4b5014f42358a55eb5080f7a039 - - default default] Successfully bumped revision number for resource 5a11113f-64b6-4a42-8c2c-9714b7a7b4fd (type: security_group_rules) to 0
2026-06-13 23:59:24.657 9 INFO neutron.db.ovn_revision_numbers_db [None req-9b977df3-7030-46ec-9bb5-fbfbc4395e03 0badf3674b824baf9deb0d3b13eef2c5 85afb4b5014f42358a55eb5080f7a039 - - default default] Successfully bumped revision number for resource 4cc81596-8a1a-4293-a607-9811dcc801e4 (type: security_groups) to 1
2026-06-13 23:59:24.668 10 INFO neutron.db.ovn_revision_numbers_db [None req-d15dbcb3-f2cb-4bea-9b23-07bcbf90e1b3 0badf3674b824baf9deb0d3b13eef2c5 85afb4b5014f42358a55eb5080f7a039 - - default default] Successfully bumped revision number for resource 680a3beb-058d-4623-b215-0035f3b54cba (type: security_group_rules) to 0
2026-06-13 23:59:24.681 9 INFO neutron.db.ovn_revision_numbers_db [None req-9b977df3-7030-46ec-9bb5-fbfbc4395e03 0badf3674b824baf9deb0d3b13eef2c5 85afb4b5014f42358a55eb5080f7a039 - - default default] Successfully bumped revision number for resource 09c3d174-b828-4f03-b432-afd372db727d (type: security_group_rules) to 0
2026-06-13 23:59:24.682 10 INFO neutron.db.ovn_revision_numbers_db [None req-d15dbcb3-f2cb-4bea-9b23-07bcbf90e1b3 0badf3674b824baf9deb0d3b13eef2c5 85afb4b5014f42358a55eb5080f7a039 - - default default] Successfully bumped revision number for resource 7a49f3a7-c06d-4054-bb99-94251520cf3f (type: security_group_rules) to 0
2026-06-13 23:59:24.700 9 INFO neutron.db.ovn_revision_numbers_db [None req-9b977df3-7030-46ec-9bb5-fbfbc4395e03 0badf3674b824baf9deb0d3b13eef2c5 85afb4b5014f42358a55eb5080f7a039 - - default default] Successfully bumped revision number for resource 129e2632-1470-4028-b8f3-11f24729951f (type: security_group_rules) to 0
2026-06-13 23:59:24.707 10 INFO neutron.wsgi [None req-d15dbcb3-f2cb-4bea-9b23-07bcbf90e1b3 0badf3674b824baf9deb0d3b13eef2c5 85afb4b5014f42358a55eb5080f7a039 - - default default] 10.0.0.14 "GET /v2.0/security-groups?tenant_id=9a3eb7eefe284631a5e1f16d881385cf&name=default HTTP/1.1" status: 200 len: 2996 time: 0.4311783
2026-06-13 23:59:24.717 9 INFO neutron.db.ovn_revision_numbers_db [None req-9b977df3-7030-46ec-9bb5-fbfbc4395e03 0badf3674b824baf9deb0d3b13eef2c5 85afb4b5014f42358a55eb5080f7a039 - - default default] Successfully bumped revision number for resource 4cfd767a-176b-404c-b487-03cdbd109751 (type: security_group_rules) to 0
2026-06-13 23:59:24.732 9 INFO neutron.db.ovn_revision_numbers_db [None req-9b977df3-7030-46ec-9bb5-fbfbc4395e03 0badf3674b824baf9deb0d3b13eef2c5 85afb4b5014f42358a55eb5080f7a039 - - default default] Successfully bumped revision number for resource c55905cc-07dc-4a0a-9de5-adb6f8662c64 (type: security_group_rules) to 0
2026-06-13 23:59:24.764 9 INFO neutron.wsgi [None req-9b977df3-7030-46ec-9bb5-fbfbc4395e03 0badf3674b824baf9deb0d3b13eef2c5 85afb4b5014f42358a55eb5080f7a039 - - default default] 10.0.0.14 "GET /v2.0/security-groups?tenant_id=9ba139c5b20943e8bf69c239628ac294&name=default HTTP/1.1" status: 200 len: 2996 time: 0.2568421
2026-06-13 23:59:24.875 9 INFO neutron.wsgi [None req-39cc171b-836e-4ccc-a20e-3598f782ed60 d7829768a4994686a8207f4079152db0 bcbbac0813604959af77c21ad149ea80 - - default default] 10.0.0.13 "GET /v2.0/extensions HTTP/1.1" status: 200 len: 16980 time: 0.0559900
2026-06-13 23:59:24.922 10 INFO neutron.wsgi [None req-f86809a1-3200-4fdb-aafc-9f2208ae2688 0badf3674b824baf9deb0d3b13eef2c5 85afb4b5014f42358a55eb5080f7a039 - - default default] 10.0.0.14 "DELETE /v2.0/security-groups/b030870e-0417-402e-a4e0-24bc7f678da8 HTTP/1.1" status: 204 len: 168 time: 0.2093940
2026-06-13 23:59:24.994 9 INFO neutron.wsgi [None req-f7938609-0bb9-471a-ae9f-f8eb2dc524c6 d7829768a4994686a8207f4079152db0 bcbbac0813604959af77c21ad149ea80 - - default default] 10.0.0.13 "GET /v2.0/quotas/bcbbac0813604959af77c21ad149ea80/details HTTP/1.1" status: 200 len: 756 time: 0.1023378
2026-06-13 23:59:25.006 9 INFO neutron.wsgi [None req-9c6f19ab-f63c-42be-b25c-c560711624cd 0badf3674b824baf9deb0d3b13eef2c5 85afb4b5014f42358a55eb5080f7a039 - - default default] 10.0.0.14 "DELETE /v2.0/security-groups/4cc81596-8a1a-4293-a607-9811dcc801e4 HTTP/1.1" status: 204 len: 168 time: 0.2337692
2026-06-13 23:59:25.117 9 INFO neutron.db.ovn_revision_numbers_db [None req-bfaae4f5-f417-46fa-ad45-4a05f49531bb 0badf3674b824baf9deb0d3b13eef2c5 85afb4b5014f42358a55eb5080f7a039 - - default default] Successfully bumped revision number for resource 0398dd89-ac4f-4af5-bf03-762ff3d381b2 (type: security_groups) to 1
2026-06-13 23:59:25.130 9 INFO neutron.db.ovn_revision_numbers_db [None req-bfaae4f5-f417-46fa-ad45-4a05f49531bb 0badf3674b824baf9deb0d3b13eef2c5 85afb4b5014f42358a55eb5080f7a039 - - default default] Successfully bumped revision number for resource 32c11f93-2f32-4564-9d92-94002b39d509 (type: security_group_rules) to 0
2026-06-13 23:59:25.142 9 INFO neutron.db.ovn_revision_numbers_db [None req-bfaae4f5-f417-46fa-ad45-4a05f49531bb 0badf3674b824baf9deb0d3b13eef2c5 85afb4b5014f42358a55eb5080f7a039 - - default default] Successfully bumped revision number for resource 3355e732-35ec-4994-b770-b8dae02e666b (type: security_group_rules) to 0
2026-06-13 23:59:25.154 9 INFO neutron.db.ovn_revision_numbers_db [None req-bfaae4f5-f417-46fa-ad45-4a05f49531bb 0badf3674b824baf9deb0d3b13eef2c5 85afb4b5014f42358a55eb5080f7a039 - - default default] Successfully bumped revision number for resource 3cb88900-9fd1-4608-93d5-12e27c312717 (type: security_group_rules) to 0
2026-06-13 23:59:25.166 9 INFO neutron.db.ovn_revision_numbers_db [None req-bfaae4f5-f417-46fa-ad45-4a05f49531bb 0badf3674b824baf9deb0d3b13eef2c5 85afb4b5014f42358a55eb5080f7a039 - - default default] Successfully bumped revision number for resource 6832a02b-ff9f-4472-ac00-acc86b298894 (type: security_group_rules) to 0
2026-06-13 23:59:25.190 9 INFO neutron.wsgi [None req-bfaae4f5-f417-46fa-ad45-4a05f49531bb 0badf3674b824baf9deb0d3b13eef2c5 85afb4b5014f42358a55eb5080f7a039 - - default default] 10.0.0.14 "GET /v2.0/security-groups?tenant_id=7fee5fb4f3324109a62f106489cca335&name=default HTTP/1.1" status: 200 len: 2996 time: 0.1778650
2026-06-13 23:59:25.399 9 INFO neutron.wsgi [None req-1ed1f7f6-f50a-4d82-9f8e-b91dc80efefc 0badf3674b824baf9deb0d3b13eef2c5 85afb4b5014f42358a55eb5080f7a039 - - default default] 10.0.0.14 "DELETE /v2.0/security-groups/0398dd89-ac4f-4af5-bf03-762ff3d381b2 HTTP/1.1" status: 204 len: 168 time: 0.1999259
2026-06-13 23:59:26.944 10 WARNING neutron_lib.context [None req-e602ee02-4463-4aac-b9b5-5b0af6ba858e 5d425a906db1490b8720b3c349d83584 1cb217f626f74778892f83dd2f21b1fa - - default default] Method 'is_advsvc' is deprecated since 2023.2 release (neutron-lib 3.8.0) and will be removed once support for the old RBAC API policies will be removed from Neutron. Please use method 'is_service_role' instead.
2026-06-13 23:59:27.059 10 INFO neutron.db.ovn_revision_numbers_db [None req-e602ee02-4463-4aac-b9b5-5b0af6ba858e 5d425a906db1490b8720b3c349d83584 1cb217f626f74778892f83dd2f21b1fa - - default default] Successfully bumped revision number for resource 288521e6-ec24-4d32-b874-0473e5926b0e (type: security_groups) to 1
2026-06-13 23:59:27.072 10 INFO neutron.db.ovn_revision_numbers_db [None req-e602ee02-4463-4aac-b9b5-5b0af6ba858e 5d425a906db1490b8720b3c349d83584 1cb217f626f74778892f83dd2f21b1fa - - default default] Successfully bumped revision number for resource 18e9e045-7582-49d7-8166-688fb2515c65 (type: security_group_rules) to 0
2026-06-13 23:59:27.084 10 INFO neutron.db.ovn_revision_numbers_db [None req-e602ee02-4463-4aac-b9b5-5b0af6ba858e 5d425a906db1490b8720b3c349d83584 1cb217f626f74778892f83dd2f21b1fa - - default default] Successfully bumped revision number for resource 5ac1c612-e4d3-445d-900a-0aa662c10072 (type: security_group_rules) to 0
2026-06-13 23:59:27.097 10 INFO neutron.db.ovn_revision_numbers_db [None req-e602ee02-4463-4aac-b9b5-5b0af6ba858e 5d425a906db1490b8720b3c349d83584 1cb217f626f74778892f83dd2f21b1fa - - default default] Successfully bumped revision number for resource 81a8230c-3abb-46a0-8dc4-6c8f743ca2ff (type: security_group_rules) to 0
2026-06-13 23:59:27.109 10 INFO neutron.db.ovn_revision_numbers_db [None req-e602ee02-4463-4aac-b9b5-5b0af6ba858e 5d425a906db1490b8720b3c349d83584 1cb217f626f74778892f83dd2f21b1fa - - default default] Successfully bumped revision number for resource d1b9210c-2c63-401a-b87a-72188fe52038 (type: security_group_rules) to 0
2026-06-13 23:59:27.157 10 INFO neutron.db.segments_db [None req-e602ee02-4463-4aac-b9b5-5b0af6ba858e 5d425a906db1490b8720b3c349d83584 1cb217f626f74778892f83dd2f21b1fa - - default default] Added segment eaa91bf1-6f28-4db2-a3f9-439c2f01cda4 of type geneve for network 92beac01-8db3-4e63-9357-773a3105113a
2026-06-13 23:59:27.321 10 INFO neutron.db.ovn_revision_numbers_db [None req-e602ee02-4463-4aac-b9b5-5b0af6ba858e 5d425a906db1490b8720b3c349d83584 1cb217f626f74778892f83dd2f21b1fa - - default default] Successfully bumped revision number for resource 92beac01-8db3-4e63-9357-773a3105113a (type: networks) to 1
2026-06-13 23:59:27.493 9 INFO neutron.wsgi [None req-59770765-cc7e-4d8b-a217-9836af28a7ae d7829768a4994686a8207f4079152db0 bcbbac0813604959af77c21ad149ea80 - - default default] 10.0.0.13 "GET /v2.0/extensions HTTP/1.1" status: 200 len: 16980 time: 0.0088940
2026-06-13 23:59:27.503 10 WARNING neutron.scheduler.dhcp_agent_scheduler [None req-e602ee02-4463-4aac-b9b5-5b0af6ba858e 5d425a906db1490b8720b3c349d83584 1cb217f626f74778892f83dd2f21b1fa - - default default] No more DHCP agents
2026-06-13 23:59:27.505 10 WARNING neutron.api.rpc.agentnotifiers.dhcp_rpc_agent_api [None req-e602ee02-4463-4aac-b9b5-5b0af6ba858e 5d425a906db1490b8720b3c349d83584 1cb217f626f74778892f83dd2f21b1fa - - default default] Unable to schedule network 92beac01-8db3-4e63-9357-773a3105113a: no agents available; will retry on subsequent port and subnet creation events.
2026-06-13 23:59:27.587 10 INFO neutron.db.ovn_revision_numbers_db [None req-e602ee02-4463-4aac-b9b5-5b0af6ba858e 5d425a906db1490b8720b3c349d83584 1cb217f626f74778892f83dd2f21b1fa - - default default] Successfully bumped revision number for resource 13c2364e-878f-41bb-8397-97c3205c3f23 (type: ports) to 1
2026-06-13 23:59:27.607 10 INFO neutron.wsgi [None req-e602ee02-4463-4aac-b9b5-5b0af6ba858e 5d425a906db1490b8720b3c349d83584 1cb217f626f74778892f83dd2f21b1fa - - default default] 10.0.0.14 "POST /v2.0/networks HTTP/1.1" status: 201 len: 847 time: 0.7625072
2026-06-13 23:59:27.619 10 INFO neutron.wsgi [None req-ac3a1fde-a053-4d59-869f-7eed0c7c9dd6 d7829768a4994686a8207f4079152db0 bcbbac0813604959af77c21ad149ea80 - - default default] 10.0.0.13 "GET /v2.0/quotas/bcbbac0813604959af77c21ad149ea80/details HTTP/1.1" status: 200 len: 756 time: 0.1116819
2026-06-13 23:59:28.040 10 WARNING neutron_lib.context [None req-8719885b-5219-4fd9-bc60-10212ae9aa46 5d425a906db1490b8720b3c349d83584 1cb217f626f74778892f83dd2f21b1fa - - default default] Method 'is_advsvc' is deprecated since 2023.2 release (neutron-lib 3.8.0) and will be removed once support for the old RBAC API policies will be removed from Neutron. Please use method 'is_service_role' instead.
2026-06-13 23:59:28.051 9 INFO neutron.wsgi [-] 10.0.0.39 "GET / HTTP/1.1" status: 200 len: 247 time: 0.0040329
2026-06-13 23:59:28.054 9 INFO neutron.wsgi [-] 10.0.0.39 "GET / HTTP/1.1" status: 200 len: 247 time: 0.0019839
2026-06-13 23:59:28.302 10 WARNING neutron.scheduler.dhcp_agent_scheduler [None req-8719885b-5219-4fd9-bc60-10212ae9aa46 5d425a906db1490b8720b3c349d83584 1cb217f626f74778892f83dd2f21b1fa - - default default] No more DHCP agents
2026-06-13 23:59:28.304 10 WARNING neutron.api.rpc.agentnotifiers.dhcp_rpc_agent_api [None req-8719885b-5219-4fd9-bc60-10212ae9aa46 5d425a906db1490b8720b3c349d83584 1cb217f626f74778892f83dd2f21b1fa - - default default] Unable to schedule network 92beac01-8db3-4e63-9357-773a3105113a: no agents available; will retry on subsequent port and subnet creation events.
2026-06-13 23:59:28.335 10 INFO neutron.db.ovn_revision_numbers_db [None req-8719885b-5219-4fd9-bc60-10212ae9aa46 5d425a906db1490b8720b3c349d83584 1cb217f626f74778892f83dd2f21b1fa - - default default] Successfully bumped revision number for resource 3bf5aadf-a99b-4634-b45c-42defbe6e34f (type: subnets) to 0
2026-06-13 23:59:28.355 10 INFO neutron.wsgi [None req-8719885b-5219-4fd9-bc60-10212ae9aa46 5d425a906db1490b8720b3c349d83584 1cb217f626f74778892f83dd2f21b1fa - - default default] 10.0.0.14 "POST /v2.0/subnets HTTP/1.1" status: 201 len: 848 time: 0.3204520
2026-06-13 23:59:28.365 10 WARNING neutron_lib.context [None req-51145cf1-d11f-459c-a5a2-3ff92a514577 5d425a906db1490b8720b3c349d83584 1cb217f626f74778892f83dd2f21b1fa - - default default] Method 'is_advsvc' is deprecated since 2023.2 release (neutron-lib 3.8.0) and will be removed once support for the old RBAC API policies will be removed from Neutron. Please use method 'is_service_role' instead.
2026-06-13 23:59:28.441 10 INFO neutron.db.segments_db [None req-51145cf1-d11f-459c-a5a2-3ff92a514577 5d425a906db1490b8720b3c349d83584 1cb217f626f74778892f83dd2f21b1fa - - default default] Added segment 4ee0646f-2c7d-461e-a206-7b8416656506 of type geneve for network a90b9bf3-f852-4098-9220-13bcae426529
2026-06-13 23:59:28.606 10 INFO neutron.db.ovn_revision_numbers_db [None req-51145cf1-d11f-459c-a5a2-3ff92a514577 5d425a906db1490b8720b3c349d83584 1cb217f626f74778892f83dd2f21b1fa - - default default] Successfully bumped revision number for resource a90b9bf3-f852-4098-9220-13bcae426529 (type: networks) to 1
2026-06-13 23:59:28.707 10 WARNING neutron_lib.context [None req-3f03a725-e5ab-4c85-b859-cc4071927930 6ed22c024d304f478bf8e2b8db5acb28 93ddb6a213404b5fb331da9e90b724db - - default default] Method 'is_advsvc' is deprecated since 2023.2 release (neutron-lib 3.8.0) and will be removed once support for the old RBAC API policies will be removed from Neutron. Please use method 'is_service_role' instead.
2026-06-13 23:59:28.829 10 WARNING neutron.scheduler.dhcp_agent_scheduler [None req-51145cf1-d11f-459c-a5a2-3ff92a514577 5d425a906db1490b8720b3c349d83584 1cb217f626f74778892f83dd2f21b1fa - - default default] No more DHCP agents
2026-06-13 23:59:28.836 10 WARNING neutron.api.rpc.agentnotifiers.dhcp_rpc_agent_api [None req-51145cf1-d11f-459c-a5a2-3ff92a514577 5d425a906db1490b8720b3c349d83584 1cb217f626f74778892f83dd2f21b1fa - - default default] Unable to schedule network a90b9bf3-f852-4098-9220-13bcae426529: no agents available; will retry on subsequent port and subnet creation events.
2026-06-13 23:59:28.917 10 INFO neutron.db.ovn_revision_numbers_db [None req-3f03a725-e5ab-4c85-b859-cc4071927930 6ed22c024d304f478bf8e2b8db5acb28 93ddb6a213404b5fb331da9e90b724db - - default default] Successfully bumped revision number for resource 1841a806-c194-4dc7-b202-464c03efb47c (type: security_groups) to 1
2026-06-13 23:59:28.930 10 INFO neutron.db.ovn_revision_numbers_db [None req-3f03a725-e5ab-4c85-b859-cc4071927930 6ed22c024d304f478bf8e2b8db5acb28 93ddb6a213404b5fb331da9e90b724db - - default default] Successfully bumped revision number for resource 0cf380b1-b9e3-4955-a518-61e3f00ce109 (type: security_group_rules) to 0
2026-06-13 23:59:28.937 10 INFO neutron.db.ovn_revision_numbers_db [None req-51145cf1-d11f-459c-a5a2-3ff92a514577 5d425a906db1490b8720b3c349d83584 1cb217f626f74778892f83dd2f21b1fa - - default default] Successfully bumped revision number for resource fe5d2fc3-db90-430e-a02b-12eda8eecde1 (type: ports) to 1
2026-06-13 23:59:28.944 10 INFO neutron.db.ovn_revision_numbers_db [None req-3f03a725-e5ab-4c85-b859-cc4071927930 6ed22c024d304f478bf8e2b8db5acb28 93ddb6a213404b5fb331da9e90b724db - - default default] Successfully bumped revision number for resource 3a040b02-7d4e-4c7b-81c4-2b756f637251 (type: security_group_rules) to 0
2026-06-13 23:59:28.956 10 INFO neutron.wsgi [None req-51145cf1-d11f-459c-a5a2-3ff92a514577 5d425a906db1490b8720b3c349d83584 1cb217f626f74778892f83dd2f21b1fa - - default default] 10.0.0.14 "POST /v2.0/networks HTTP/1.1" status: 201 len: 847 time: 0.5967009
2026-06-13 23:59:28.957 10 INFO neutron.db.ovn_revision_numbers_db [None req-3f03a725-e5ab-4c85-b859-cc4071927930 6ed22c024d304f478bf8e2b8db5acb28 93ddb6a213404b5fb331da9e90b724db - - default default] Successfully bumped revision number for resource 6315f1eb-280f-4161-921c-1800ed1e5809 (type: security_group_rules) to 0
2026-06-13 23:59:28.979 10 INFO neutron.db.ovn_revision_numbers_db [None req-3f03a725-e5ab-4c85-b859-cc4071927930 6ed22c024d304f478bf8e2b8db5acb28 93ddb6a213404b5fb331da9e90b724db - - default default] Successfully bumped revision number for resource e562e0df-d4f6-4239-871d-2453c4f68387 (type: security_group_rules) to 0
2026-06-13 23:59:29.034 10 INFO neutron.db.segments_db [None req-3f03a725-e5ab-4c85-b859-cc4071927930 6ed22c024d304f478bf8e2b8db5acb28 93ddb6a213404b5fb331da9e90b724db - - default default] Added segment bc4f9626-5ea7-48ba-84bd-23cb0802db07 of type geneve for network 30bc5313-670b-4ddc-96ac-744ebd5dd667
2026-06-13 23:59:29.165 9 INFO neutron.db.ovn_revision_numbers_db [None req-930a6f04-6ceb-442c-872e-cc57d3f4eb5b 5d425a906db1490b8720b3c349d83584 1cb217f626f74778892f83dd2f21b1fa - - default default] Successfully bumped revision number for resource a90b9bf3-f852-4098-9220-13bcae426529 (type: networks) to 2
2026-06-13 23:59:29.166 10 INFO neutron.db.ovn_revision_numbers_db [None req-3f03a725-e5ab-4c85-b859-cc4071927930 6ed22c024d304f478bf8e2b8db5acb28 93ddb6a213404b5fb331da9e90b724db - - default default] Successfully bumped revision number for resource 30bc5313-670b-4ddc-96ac-744ebd5dd667 (type: networks) to 1
2026-06-13 23:59:29.171 9 INFO neutron.wsgi [None req-930a6f04-6ceb-442c-872e-cc57d3f4eb5b 5d425a906db1490b8720b3c349d83584 1cb217f626f74778892f83dd2f21b1fa - - default default] 10.0.0.14 "PUT /v2.0/networks/a90b9bf3-f852-4098-9220-13bcae426529 HTTP/1.1" status: 200 len: 792 time: 0.2088974
2026-06-13 23:59:29.181 9 WARNING neutron_lib.context [None req-0518c807-f599-4439-88a4-bf9b8f639ae1 5d425a906db1490b8720b3c349d83584 1cb217f626f74778892f83dd2f21b1fa - - default default] Method 'is_advsvc' is deprecated since 2023.2 release (neutron-lib 3.8.0) and will be removed once support for the old RBAC API policies will be removed from Neutron. Please use method 'is_service_role' instead.
2026-06-13 23:59:29.358 10 WARNING neutron.scheduler.dhcp_agent_scheduler [None req-3f03a725-e5ab-4c85-b859-cc4071927930 6ed22c024d304f478bf8e2b8db5acb28 93ddb6a213404b5fb331da9e90b724db - - default default] No more DHCP agents
2026-06-13 23:59:29.359 10 WARNING neutron.api.rpc.agentnotifiers.dhcp_rpc_agent_api [None req-3f03a725-e5ab-4c85-b859-cc4071927930 6ed22c024d304f478bf8e2b8db5acb28 93ddb6a213404b5fb331da9e90b724db - - default default] Unable to schedule network 30bc5313-670b-4ddc-96ac-744ebd5dd667: no agents available; will retry on subsequent port and subnet creation events.
2026-06-13 23:59:29.435 9 WARNING neutron.scheduler.dhcp_agent_scheduler [None req-0518c807-f599-4439-88a4-bf9b8f639ae1 5d425a906db1490b8720b3c349d83584 1cb217f626f74778892f83dd2f21b1fa - - default default] No more DHCP agents
2026-06-13 23:59:29.437 9 WARNING neutron.api.rpc.agentnotifiers.dhcp_rpc_agent_api [None req-0518c807-f599-4439-88a4-bf9b8f639ae1 5d425a906db1490b8720b3c349d83584 1cb217f626f74778892f83dd2f21b1fa - - default default] Unable to schedule network a90b9bf3-f852-4098-9220-13bcae426529: no agents available; will retry on subsequent port and subnet creation events.
2026-06-13 23:59:29.446 10 INFO neutron.db.ovn_revision_numbers_db [None req-3f03a725-e5ab-4c85-b859-cc4071927930 6ed22c024d304f478bf8e2b8db5acb28 93ddb6a213404b5fb331da9e90b724db - - default default] Successfully bumped revision number for resource 9c8bb448-7adc-4d8a-a8fe-9d7404e8525e (type: ports) to 1
2026-06-13 23:59:29.484 10 INFO neutron.wsgi [None req-3f03a725-e5ab-4c85-b859-cc4071927930 6ed22c024d304f478bf8e2b8db5acb28 93ddb6a213404b5fb331da9e90b724db - - default default] 10.0.0.14 "POST /v2.0/networks HTTP/1.1" status: 201 len: 831 time: 0.9608426
2026-06-13 23:59:29.491 9 INFO neutron.db.ovn_revision_numbers_db [None req-0518c807-f599-4439-88a4-bf9b8f639ae1 5d425a906db1490b8720b3c349d83584 1cb217f626f74778892f83dd2f21b1fa - - default default] Successfully bumped revision number for resource f52997fe-1a83-4224-a98e-4d729b0ec87c (type: subnets) to 0
2026-06-13 23:59:29.498 10 WARNING neutron_lib.context [None req-b7f14137-dcb4-4e8f-9367-bbf3ca185179 6ed22c024d304f478bf8e2b8db5acb28 93ddb6a213404b5fb331da9e90b724db - - default default] Method 'is_advsvc' is deprecated since 2023.2 release (neutron-lib 3.8.0) and will be removed once support for the old RBAC API policies will be removed from Neutron. Please use method 'is_service_role' instead.
2026-06-13 23:59:29.513 9 INFO neutron.wsgi [None req-0518c807-f599-4439-88a4-bf9b8f639ae1 5d425a906db1490b8720b3c349d83584 1cb217f626f74778892f83dd2f21b1fa - - default default] 10.0.0.14 "POST /v2.0/subnets HTTP/1.1" status: 201 len: 821 time: 0.3371875
2026-06-13 23:59:29.822 10 WARNING neutron.scheduler.dhcp_agent_scheduler [None req-b7f14137-dcb4-4e8f-9367-bbf3ca185179 6ed22c024d304f478bf8e2b8db5acb28 93ddb6a213404b5fb331da9e90b724db - - default default] No more DHCP agents
2026-06-13 23:59:29.825 10 WARNING neutron.api.rpc.agentnotifiers.dhcp_rpc_agent_api [None req-b7f14137-dcb4-4e8f-9367-bbf3ca185179 6ed22c024d304f478bf8e2b8db5acb28 93ddb6a213404b5fb331da9e90b724db - - default default] Unable to schedule network 30bc5313-670b-4ddc-96ac-744ebd5dd667: no agents available; will retry on subsequent port and subnet creation events.
2026-06-13 23:59:30.218 9 INFO neutron.db.ovn_revision_numbers_db [None req-82862f9d-7cea-4f02-a274-e3a713e545c6 5d425a906db1490b8720b3c349d83584 1cb217f626f74778892f83dd2f21b1fa - - default default] Successfully bumped revision number for resource fe5d2fc3-db90-430e-a02b-12eda8eecde1 (type: ports) to 2
2026-06-13 23:59:30.258 9 INFO neutron.db.ovn_revision_numbers_db [None req-82862f9d-7cea-4f02-a274-e3a713e545c6 5d425a906db1490b8720b3c349d83584 1cb217f626f74778892f83dd2f21b1fa - - default default] Successfully bumped revision number for resource f52997fe-1a83-4224-a98e-4d729b0ec87c (type: subnets) to 1
2026-06-13 23:59:30.262 9 INFO neutron.wsgi [None req-82862f9d-7cea-4f02-a274-e3a713e545c6 5d425a906db1490b8720b3c349d83584 1cb217f626f74778892f83dd2f21b1fa - - default default] 10.0.0.14 "PUT /v2.0/subnets/f52997fe-1a83-4224-a98e-4d729b0ec87c HTTP/1.1" status: 200 len: 826 time: 0.7456758
2026-06-13 23:59:30.322 10 INFO neutron.db.ovn_revision_numbers_db [None req-b7f14137-dcb4-4e8f-9367-bbf3ca185179 6ed22c024d304f478bf8e2b8db5acb28 93ddb6a213404b5fb331da9e90b724db - - default default] Successfully bumped revision number for resource 9c8bb448-7adc-4d8a-a8fe-9d7404e8525e (type: ports) to 2
2026-06-13 23:59:30.360 10 INFO neutron.db.ovn_revision_numbers_db [None req-b7f14137-dcb4-4e8f-9367-bbf3ca185179 6ed22c024d304f478bf8e2b8db5acb28 93ddb6a213404b5fb331da9e90b724db - - default default] Successfully bumped revision number for resource adcc9e34-ec3e-4d5e-9b01-86cb07f68b40 (type: subnets) to 0
2026-06-13 23:59:30.384 10 INFO neutron.wsgi [None req-b7f14137-dcb4-4e8f-9367-bbf3ca185179 6ed22c024d304f478bf8e2b8db5acb28 93ddb6a213404b5fb331da9e90b724db - - default default] 10.0.0.14 "POST /v2.0/subnets HTTP/1.1" status: 201 len: 801 time: 0.8926101
2026-06-13 23:59:30.392 10 WARNING neutron_lib.context [None req-5a073706-e1ab-431b-9dbf-410dd551ade0 6ed22c024d304f478bf8e2b8db5acb28 93ddb6a213404b5fb331da9e90b724db - - default default] Method 'is_advsvc' is deprecated since 2023.2 release (neutron-lib 3.8.0) and will be removed once support for the old RBAC API policies will be removed from Neutron. Please use method 'is_service_role' instead.
2026-06-13 23:59:30.394 10 INFO neutron.db.ovn_revision_numbers_db [None req-4c86c8c3-27b5-4654-a69d-79d0cdca9304 0badf3674b824baf9deb0d3b13eef2c5 85afb4b5014f42358a55eb5080f7a039 - - default default] Successfully bumped revision number for resource a160fd59-254e-4645-9365-5aa79edf894d (type: security_groups) to 1
2026-06-13 23:59:30.409 10 INFO neutron.db.ovn_revision_numbers_db [None req-4c86c8c3-27b5-4654-a69d-79d0cdca9304 0badf3674b824baf9deb0d3b13eef2c5 85afb4b5014f42358a55eb5080f7a039 - - default default] Successfully bumped revision number for resource 49e54e39-59fb-4f4e-8822-2dbe0ee288bb (type: security_group_rules) to 0
2026-06-13 23:59:30.433 10 INFO neutron.db.ovn_revision_numbers_db [None req-4c86c8c3-27b5-4654-a69d-79d0cdca9304 0badf3674b824baf9deb0d3b13eef2c5 85afb4b5014f42358a55eb5080f7a039 - - default default] Successfully bumped revision number for resource 564f4ec0-9965-4c97-abe5-6dca07ac9957 (type: security_group_rules) to 0
2026-06-13 23:59:30.444 10 INFO neutron.db.ovn_revision_numbers_db [None req-4c86c8c3-27b5-4654-a69d-79d0cdca9304 0badf3674b824baf9deb0d3b13eef2c5 85afb4b5014f42358a55eb5080f7a039 - - default default] Successfully bumped revision number for resource 67a2971b-a9e8-41f2-88fb-8fb6c7c629a4 (type: security_group_rules) to 0
2026-06-13 23:59:30.457 10 INFO neutron.db.ovn_revision_numbers_db [None req-4c86c8c3-27b5-4654-a69d-79d0cdca9304 0badf3674b824baf9deb0d3b13eef2c5 85afb4b5014f42358a55eb5080f7a039 - - default default] Successfully bumped revision number for resource 9fcc1e95-f638-416d-93c2-1acaafecbea3 (type: security_group_rules) to 0
2026-06-13 23:59:30.482 10 INFO neutron.db.segments_db [None req-5a073706-e1ab-431b-9dbf-410dd551ade0 6ed22c024d304f478bf8e2b8db5acb28 93ddb6a213404b5fb331da9e90b724db - - default default] Added segment 2d3402fd-08c0-4bbe-8962-0993482d7b0a of type geneve for network ea014107-5b90-4260-ba88-b80a794ffa5f
2026-06-13 23:59:30.485 10 INFO neutron.wsgi [None req-4c86c8c3-27b5-4654-a69d-79d0cdca9304 0badf3674b824baf9deb0d3b13eef2c5 85afb4b5014f42358a55eb5080f7a039 - - default default] 10.0.0.14 "GET /v2.0/security-groups?tenant_id=bcbbac0813604959af77c21ad149ea80&name=default HTTP/1.1" status: 200 len: 2996 time: 0.3500111
2026-06-13 23:59:30.635 10 INFO neutron.db.ovn_revision_numbers_db [None req-5a073706-e1ab-431b-9dbf-410dd551ade0 6ed22c024d304f478bf8e2b8db5acb28 93ddb6a213404b5fb331da9e90b724db - - default default] Successfully bumped revision number for resource ea014107-5b90-4260-ba88-b80a794ffa5f (type: networks) to 1
2026-06-13 23:59:30.753 9 INFO neutron.wsgi [None req-2137b7d5-9dd7-44aa-82bd-6cdf29f4f9ce 0badf3674b824baf9deb0d3b13eef2c5 85afb4b5014f42358a55eb5080f7a039 - - default default] 10.0.0.14 "DELETE /v2.0/security-groups/a160fd59-254e-4645-9365-5aa79edf894d HTTP/1.1" status: 204 len: 168 time: 0.2618799
2026-06-13 23:59:30.798 9 INFO neutron.services.segments.plugin [-] Segment 4ee0646f-2c7d-461e-a206-7b8416656506 resource provider aggregate not found
2026-06-13 23:59:30.811 9 INFO neutron.services.segments.plugin [-] Segment 4ee0646f-2c7d-461e-a206-7b8416656506 resource provider aggregate not found
2026-06-13 23:59:30.815 9 INFO neutron.services.segments.plugin [-] Segment 4ee0646f-2c7d-461e-a206-7b8416656506 resource provider not found; error: Placement Client Error (4xx): {"errors": [{"status": 404, "title": "Not Found", "detail": "The resource could not be found.\n\n No resource provider with uuid 4ee0646f-2c7d-461e-a206-7b8416656506 found for delete ", "request_id": "req-8340a8e5-7cd0-40e5-821a-1968c7314401"}]}
2026-06-13 23:59:30.826 9 INFO neutron.services.segments.plugin [-] Segment 4ee0646f-2c7d-461e-a206-7b8416656506 resource provider not found; error: Placement Client Error (4xx): {"errors": [{"status": 404, "title": "Not Found", "detail": "The resource could not be found.\n\n No resource provider with uuid 4ee0646f-2c7d-461e-a206-7b8416656506 found for delete ", "request_id": "req-dc1dc3b2-0469-4383-8516-49736cfa4599"}]}
2026-06-13 23:59:30.836 10 WARNING neutron.scheduler.dhcp_agent_scheduler [None req-5a073706-e1ab-431b-9dbf-410dd551ade0 6ed22c024d304f478bf8e2b8db5acb28 93ddb6a213404b5fb331da9e90b724db - - default default] No more DHCP agents
2026-06-13 23:59:30.840 10 WARNING neutron.api.rpc.agentnotifiers.dhcp_rpc_agent_api [None req-5a073706-e1ab-431b-9dbf-410dd551ade0 6ed22c024d304f478bf8e2b8db5acb28 93ddb6a213404b5fb331da9e90b724db - - default default] Unable to schedule network ea014107-5b90-4260-ba88-b80a794ffa5f: no agents available; will retry on subsequent port and subnet creation events.
2026-06-13 23:59:30.856 9 INFO neutron.wsgi [None req-0668d39c-b9d0-4b1c-aee4-b0c97338cf1d 5d425a906db1490b8720b3c349d83584 1cb217f626f74778892f83dd2f21b1fa - - default default] 10.0.0.14 "DELETE /v2.0/networks/a90b9bf3-f852-4098-9220-13bcae426529 HTTP/1.1" status: 204 len: 168 time: 0.5892594
2026-06-13 23:59:30.883 10 INFO neutron.pecan_wsgi.hooks.translation [None req-c043b5fa-0514-4938-88c9-afe455facbd0 5d425a906db1490b8720b3c349d83584 1cb217f626f74778892f83dd2f21b1fa - - default default] DELETE failed (client error): The resource could not be found.
2026-06-13 23:59:30.884 10 INFO neutron.wsgi [None req-c043b5fa-0514-4938-88c9-afe455facbd0 5d425a906db1490b8720b3c349d83584 1cb217f626f74778892f83dd2f21b1fa - - default default] 10.0.0.14 "DELETE /v2.0/networks/a90b9bf3-f852-4098-9220-13bcae426529 HTTP/1.1" status: 404 len: 339 time: 0.0231450
2026-06-13 23:59:30.979 10 INFO neutron.db.ovn_revision_numbers_db [None req-5a073706-e1ab-431b-9dbf-410dd551ade0 6ed22c024d304f478bf8e2b8db5acb28 93ddb6a213404b5fb331da9e90b724db - - default default] Successfully bumped revision number for resource dc74a5a8-46c0-492d-aa21-4f6585cb1366 (type: ports) to 1
2026-06-13 23:59:30.990 10 INFO neutron.wsgi [None req-b4db7720-ec0c-4c70-90e7-1f949a8e1aa1 5d425a906db1490b8720b3c349d83584 1cb217f626f74778892f83dd2f21b1fa - - default default] 10.0.0.14 "GET /v2.0/networks?router%3Aexternal=True HTTP/1.1" status: 200 len: 845 time: 0.1003478
2026-06-13 23:59:31.012 10 INFO neutron.wsgi [None req-5a073706-e1ab-431b-9dbf-410dd551ade0 6ed22c024d304f478bf8e2b8db5acb28 93ddb6a213404b5fb331da9e90b724db - - default default] 10.0.0.14 "POST /v2.0/networks HTTP/1.1" status: 201 len: 831 time: 0.6234074
2026-06-13 23:59:31.020 10 WARNING neutron_lib.context [None req-b0f512e5-6516-4f2c-ac13-efbf14843b36 6ed22c024d304f478bf8e2b8db5acb28 93ddb6a213404b5fb331da9e90b724db - - default default] Method 'is_advsvc' is deprecated since 2023.2 release (neutron-lib 3.8.0) and will be removed once support for the old RBAC API policies will be removed from Neutron. Please use method 'is_service_role' instead.
2026-06-13 23:59:31.035 10 INFO neutron.wsgi [None req-813fef41-8062-4795-b158-804091a2dc78 5d425a906db1490b8720b3c349d83584 1cb217f626f74778892f83dd2f21b1fa - - default default] 10.0.0.14 "GET /v2.0/subnets?network_id=644f7abb-5833-4769-bbb9-5ec42dfe6f0e HTTP/1.1" status: 200 len: 820 time: 0.0396821
2026-06-13 23:59:31.046 9 INFO neutron.wsgi [None req-8c37a332-25e8-4d45-a8ba-7b1aacfe4016 5d425a906db1490b8720b3c349d83584 1cb217f626f74778892f83dd2f21b1fa - - default default] 10.0.0.14 "GET /v2.0/extensions HTTP/1.1" status: 200 len: 16975 time: 0.0063798
2026-06-13 23:59:31.127 9 INFO neutron.wsgi [None req-6b22cf70-37ff-4781-b291-76a9b4708638 5d425a906db1490b8720b3c349d83584 1cb217f626f74778892f83dd2f21b1fa - - default default] 10.0.0.14 "GET /v2.0/networks HTTP/1.1" status: 200 len: 1508 time: 0.0739357
2026-06-13 23:59:31.198 9 INFO neutron.wsgi [None req-67616140-66f1-4788-afdd-725705704eba 5d425a906db1490b8720b3c349d83584 1cb217f626f74778892f83dd2f21b1fa - - default default] 10.0.0.14 "GET /v2.0/subnets HTTP/1.1" status: 200 len: 1460 time: 0.0563514
2026-06-13 23:59:31.250 10 WARNING neutron.scheduler.dhcp_agent_scheduler [None req-b0f512e5-6516-4f2c-ac13-efbf14843b36 6ed22c024d304f478bf8e2b8db5acb28 93ddb6a213404b5fb331da9e90b724db - - default default] No more DHCP agents
2026-06-13 23:59:31.253 10 WARNING neutron.api.rpc.agentnotifiers.dhcp_rpc_agent_api [None req-b0f512e5-6516-4f2c-ac13-efbf14843b36 6ed22c024d304f478bf8e2b8db5acb28 93ddb6a213404b5fb331da9e90b724db - - default default] Unable to schedule network ea014107-5b90-4260-ba88-b80a794ffa5f: no agents available; will retry on subsequent port and subnet creation events.
2026-06-13 23:59:31.272 9 INFO neutron.wsgi [None req-10729232-ee30-4fb5-8923-9cc5e94b1e7c 5d425a906db1490b8720b3c349d83584 1cb217f626f74778892f83dd2f21b1fa - - default default] 10.0.0.14 "GET /v2.0/networks/92beac01-8db3-4e63-9357-773a3105113a HTTP/1.1" status: 200 len: 867 time: 0.0666363
2026-06-13 23:59:31.322 9 INFO neutron.wsgi [None req-669e6b63-76c4-4d25-b4a5-b4f17eee0b1a 5d425a906db1490b8720b3c349d83584 1cb217f626f74778892f83dd2f21b1fa - - default default] 10.0.0.14 "GET /v2.0/subnets/3bf5aadf-a99b-4634-b45c-42defbe6e34f HTTP/1.1" status: 200 len: 843 time: 0.0428197
2026-06-13 23:59:31.342 9 INFO neutron.pecan_wsgi.hooks.translation [None req-ea133b47-9724-4e8e-868f-a6f68a7f5de9 5d425a906db1490b8720b3c349d83584 1cb217f626f74778892f83dd2f21b1fa - - default default] DELETE failed (client error): The resource could not be found.
2026-06-13 23:59:31.344 9 INFO neutron.wsgi [None req-ea133b47-9724-4e8e-868f-a6f68a7f5de9 5d425a906db1490b8720b3c349d83584 1cb217f626f74778892f83dd2f21b1fa - - default default] 10.0.0.14 "DELETE /v2.0/subnets/f52997fe-1a83-4224-a98e-4d729b0ec87c HTTP/1.1" status: 404 len: 337 time: 0.0166621
2026-06-13 23:59:31.362 9 INFO neutron.pecan_wsgi.hooks.translation [None req-a03fcd30-7c96-482b-8579-d00cf9ccdf28 5d425a906db1490b8720b3c349d83584 1cb217f626f74778892f83dd2f21b1fa - - default default] DELETE failed (client error): The resource could not be found.
2026-06-13 23:59:31.364 9 INFO neutron.wsgi [None req-a03fcd30-7c96-482b-8579-d00cf9ccdf28 5d425a906db1490b8720b3c349d83584 1cb217f626f74778892f83dd2f21b1fa - - default default] 10.0.0.14 "DELETE /v2.0/networks/a90b9bf3-f852-4098-9220-13bcae426529 HTTP/1.1" status: 404 len: 339 time: 0.0160010
2026-06-13 23:59:31.557 9 INFO neutron.wsgi [None req-d05d21c1-737b-4d7a-a436-ff9729d8ded0 5d425a906db1490b8720b3c349d83584 1cb217f626f74778892f83dd2f21b1fa - - default default] 10.0.0.14 "DELETE /v2.0/subnets/3bf5aadf-a99b-4634-b45c-42defbe6e34f HTTP/1.1" status: 204 len: 168 time: 0.1843672
2026-06-13 23:59:31.933 9 INFO neutron.wsgi [None req-5db2e460-8c81-41b4-aaf5-8016099c2795 5d425a906db1490b8720b3c349d83584 1cb217f626f74778892f83dd2f21b1fa - - default default] 10.0.0.14 "DELETE /v2.0/networks/92beac01-8db3-4e63-9357-773a3105113a HTTP/1.1" status: 204 len: 168 time: 0.3714423
2026-06-13 23:59:31.964 10 INFO neutron.db.ovn_revision_numbers_db [None req-b0f512e5-6516-4f2c-ac13-efbf14843b36 6ed22c024d304f478bf8e2b8db5acb28 93ddb6a213404b5fb331da9e90b724db - - default default] Successfully bumped revision number for resource dc74a5a8-46c0-492d-aa21-4f6585cb1366 (type: ports) to 2
2026-06-13 23:59:32.006 10 INFO neutron.db.ovn_revision_numbers_db [None req-b0f512e5-6516-4f2c-ac13-efbf14843b36 6ed22c024d304f478bf8e2b8db5acb28 93ddb6a213404b5fb331da9e90b724db - - default default] Successfully bumped revision number for resource 326b9a70-048e-4ff6-b226-fed138b5a762 (type: subnets) to 0
2026-06-13 23:59:32.023 10 INFO neutron.wsgi [None req-b0f512e5-6516-4f2c-ac13-efbf14843b36 6ed22c024d304f478bf8e2b8db5acb28 93ddb6a213404b5fb331da9e90b724db - - default default] 10.0.0.14 "POST /v2.0/subnets HTTP/1.1" status: 201 len: 804 time: 1.0070744
2026-06-13 23:59:32.033 10 WARNING neutron_lib.context [None req-cf232a8c-5a37-4cec-9077-810d50454a53 6ed22c024d304f478bf8e2b8db5acb28 93ddb6a213404b5fb331da9e90b724db - - default default] Method 'is_advsvc' is deprecated since 2023.2 release (neutron-lib 3.8.0) and will be removed once support for the old RBAC API policies will be removed from Neutron. Please use method 'is_service_role' instead.
2026-06-13 23:59:32.107 10 INFO neutron.db.segments_db [None req-cf232a8c-5a37-4cec-9077-810d50454a53 6ed22c024d304f478bf8e2b8db5acb28 93ddb6a213404b5fb331da9e90b724db - - default default] Added segment be73f709-f28f-4a87-9433-8c76a742fc22 of type geneve for network 906fc05d-1b5b-405c-9b3c-c71e7b46eb90
2026-06-13 23:59:32.232 10 INFO neutron.db.ovn_revision_numbers_db [None req-cf232a8c-5a37-4cec-9077-810d50454a53 6ed22c024d304f478bf8e2b8db5acb28 93ddb6a213404b5fb331da9e90b724db - - default default] Successfully bumped revision number for resource 906fc05d-1b5b-405c-9b3c-c71e7b46eb90 (type: networks) to 1
2026-06-13 23:59:32.406 10 WARNING neutron.scheduler.dhcp_agent_scheduler [None req-cf232a8c-5a37-4cec-9077-810d50454a53 6ed22c024d304f478bf8e2b8db5acb28 93ddb6a213404b5fb331da9e90b724db - - default default] No more DHCP agents
2026-06-13 23:59:32.408 10 WARNING neutron.api.rpc.agentnotifiers.dhcp_rpc_agent_api [None req-cf232a8c-5a37-4cec-9077-810d50454a53 6ed22c024d304f478bf8e2b8db5acb28 93ddb6a213404b5fb331da9e90b724db - - default default] Unable to schedule network 906fc05d-1b5b-405c-9b3c-c71e7b46eb90: no agents available; will retry on subsequent port and subnet creation events.
2026-06-13 23:59:32.474 10 INFO neutron.db.ovn_revision_numbers_db [None req-cf232a8c-5a37-4cec-9077-810d50454a53 6ed22c024d304f478bf8e2b8db5acb28 93ddb6a213404b5fb331da9e90b724db - - default default] Successfully bumped revision number for resource 05cd9046-0f48-404d-b197-798f025aa6cf (type: ports) to 1
2026-06-13 23:59:32.497 10 INFO neutron.wsgi [None req-cf232a8c-5a37-4cec-9077-810d50454a53 6ed22c024d304f478bf8e2b8db5acb28 93ddb6a213404b5fb331da9e90b724db - - default default] 10.0.0.14 "POST /v2.0/networks HTTP/1.1" status: 201 len: 831 time: 0.4690554
2026-06-13 23:59:32.506 10 WARNING neutron_lib.context [None req-9c0b736d-ed2c-417d-9708-6c5154075127 6ed22c024d304f478bf8e2b8db5acb28 93ddb6a213404b5fb331da9e90b724db - - default default] Method 'is_advsvc' is deprecated since 2023.2 release (neutron-lib 3.8.0) and will be removed once support for the old RBAC API policies will be removed from Neutron. Please use method 'is_service_role' instead.
2026-06-13 23:59:32.594 9 INFO neutron.wsgi [None req-0506a509-4fa7-4a87-868c-7734fccc9309 0badf3674b824baf9deb0d3b13eef2c5 85afb4b5014f42358a55eb5080f7a039 - - default default] 10.0.0.14 "GET /v2.0/security-groups?tenant_id=1cb217f626f74778892f83dd2f21b1fa&name=default HTTP/1.1" status: 200 len: 2996 time: 0.1884665
2026-06-13 23:59:32.802 10 WARNING neutron.scheduler.dhcp_agent_scheduler [None req-9c0b736d-ed2c-417d-9708-6c5154075127 6ed22c024d304f478bf8e2b8db5acb28 93ddb6a213404b5fb331da9e90b724db - - default default] No more DHCP agents
2026-06-13 23:59:32.808 10 WARNING neutron.api.rpc.agentnotifiers.dhcp_rpc_agent_api [None req-9c0b736d-ed2c-417d-9708-6c5154075127 6ed22c024d304f478bf8e2b8db5acb28 93ddb6a213404b5fb331da9e90b724db - - default default] Unable to schedule network 906fc05d-1b5b-405c-9b3c-c71e7b46eb90: no agents available; will retry on subsequent port and subnet creation events.
2026-06-13 23:59:32.838 9 INFO neutron.services.segments.plugin [-] Segment eaa91bf1-6f28-4db2-a3f9-439c2f01cda4 resource provider aggregate not found
2026-06-13 23:59:32.845 9 INFO neutron.services.segments.plugin [-] Segment eaa91bf1-6f28-4db2-a3f9-439c2f01cda4 resource provider aggregate not found
2026-06-13 23:59:32.852 9 INFO neutron.services.segments.plugin [-] Segment eaa91bf1-6f28-4db2-a3f9-439c2f01cda4 resource provider not found; error: Placement Client Error (4xx): {"errors": [{"status": 404, "title": "Not Found", "detail": "The resource could not be found.\n\n No resource provider with uuid eaa91bf1-6f28-4db2-a3f9-439c2f01cda4 found for delete ", "request_id": "req-8c543af3-df22-4ec4-85f8-4b1146c195fa"}]}
2026-06-13 23:59:32.858 9 INFO neutron.services.segments.plugin [-] Segment eaa91bf1-6f28-4db2-a3f9-439c2f01cda4 resource provider not found; error: Placement Client Error (4xx): {"errors": [{"status": 404, "title": "Not Found", "detail": "The resource could not be found.\n\n No resource provider with uuid eaa91bf1-6f28-4db2-a3f9-439c2f01cda4 found for delete ", "request_id": "req-4393883e-5387-4b6f-aa54-54c9879dcac0"}]}
2026-06-13 23:59:32.916 10 INFO neutron.wsgi [None req-4e4a5c3f-59f3-4c8e-84c4-49d4a2cbfc45 0badf3674b824baf9deb0d3b13eef2c5 85afb4b5014f42358a55eb5080f7a039 - - default default] 10.0.0.14 "DELETE /v2.0/security-groups/288521e6-ec24-4d32-b874-0473e5926b0e HTTP/1.1" status: 204 len: 168 time: 0.3159916
2026-06-13 23:59:33.300 10 INFO neutron.db.ovn_revision_numbers_db [None req-9c0b736d-ed2c-417d-9708-6c5154075127 6ed22c024d304f478bf8e2b8db5acb28 93ddb6a213404b5fb331da9e90b724db - - default default] Successfully bumped revision number for resource 05cd9046-0f48-404d-b197-798f025aa6cf (type: ports) to 2
2026-06-13 23:59:33.337 10 INFO neutron.db.ovn_revision_numbers_db [None req-9c0b736d-ed2c-417d-9708-6c5154075127 6ed22c024d304f478bf8e2b8db5acb28 93ddb6a213404b5fb331da9e90b724db - - default default] Successfully bumped revision number for resource 74336d29-638b-4d02-bad1-b30b74f10bd6 (type: subnets) to 0
2026-06-13 23:59:33.357 10 INFO neutron.wsgi [None req-9c0b736d-ed2c-417d-9708-6c5154075127 6ed22c024d304f478bf8e2b8db5acb28 93ddb6a213404b5fb331da9e90b724db - - default default] 10.0.0.14 "POST /v2.0/subnets HTTP/1.1" status: 201 len: 804 time: 0.8555529
2026-06-13 23:59:33.366 10 WARNING neutron_lib.context [None req-6b62836e-5315-4ab8-81b0-7a6b7e5a543f 6ed22c024d304f478bf8e2b8db5acb28 93ddb6a213404b5fb331da9e90b724db - - default default] Method 'is_advsvc' is deprecated since 2023.2 release (neutron-lib 3.8.0) and will be removed once support for the old RBAC API policies will be removed from Neutron. Please use method 'is_service_role' instead.
2026-06-13 23:59:33.442 10 INFO neutron.db.segments_db [None req-6b62836e-5315-4ab8-81b0-7a6b7e5a543f 6ed22c024d304f478bf8e2b8db5acb28 93ddb6a213404b5fb331da9e90b724db - - default default] Added segment dd909eb1-9f8b-4877-8f40-5b17e2effbe4 of type geneve for network 90933f02-041b-40f9-b27c-ba5237b29ad2
2026-06-13 23:59:33.587 10 INFO neutron.db.ovn_revision_numbers_db [None req-6b62836e-5315-4ab8-81b0-7a6b7e5a543f 6ed22c024d304f478bf8e2b8db5acb28 93ddb6a213404b5fb331da9e90b724db - - default default] Successfully bumped revision number for resource 90933f02-041b-40f9-b27c-ba5237b29ad2 (type: networks) to 1
2026-06-13 23:59:33.785 10 WARNING neutron.scheduler.dhcp_agent_scheduler [None req-6b62836e-5315-4ab8-81b0-7a6b7e5a543f 6ed22c024d304f478bf8e2b8db5acb28 93ddb6a213404b5fb331da9e90b724db - - default default] No more DHCP agents
2026-06-13 23:59:33.790 10 WARNING neutron.api.rpc.agentnotifiers.dhcp_rpc_agent_api [None req-6b62836e-5315-4ab8-81b0-7a6b7e5a543f 6ed22c024d304f478bf8e2b8db5acb28 93ddb6a213404b5fb331da9e90b724db - - default default] Unable to schedule network 90933f02-041b-40f9-b27c-ba5237b29ad2: no agents available; will retry on subsequent port and subnet creation events.
2026-06-13 23:59:33.869 10 INFO neutron.db.ovn_revision_numbers_db [None req-6b62836e-5315-4ab8-81b0-7a6b7e5a543f 6ed22c024d304f478bf8e2b8db5acb28 93ddb6a213404b5fb331da9e90b724db - - default default] Successfully bumped revision number for resource d1455baa-f672-495f-b60b-0cccc2cc2d64 (type: ports) to 1
2026-06-13 23:59:33.890 10 INFO neutron.wsgi [None req-6b62836e-5315-4ab8-81b0-7a6b7e5a543f 6ed22c024d304f478bf8e2b8db5acb28 93ddb6a213404b5fb331da9e90b724db - - default default] 10.0.0.14 "POST /v2.0/networks HTTP/1.1" status: 201 len: 831 time: 0.5293972
2026-06-13 23:59:33.899 10 WARNING neutron_lib.context [None req-456702b7-5d93-406b-b0aa-be15c6488212 6ed22c024d304f478bf8e2b8db5acb28 93ddb6a213404b5fb331da9e90b724db - - default default] Method 'is_advsvc' is deprecated since 2023.2 release (neutron-lib 3.8.0) and will be removed once support for the old RBAC API policies will be removed from Neutron. Please use method 'is_service_role' instead.
2026-06-13 23:59:34.140 10 WARNING neutron.scheduler.dhcp_agent_scheduler [None req-456702b7-5d93-406b-b0aa-be15c6488212 6ed22c024d304f478bf8e2b8db5acb28 93ddb6a213404b5fb331da9e90b724db - - default default] No more DHCP agents
2026-06-13 23:59:34.146 10 WARNING neutron.api.rpc.agentnotifiers.dhcp_rpc_agent_api [None req-456702b7-5d93-406b-b0aa-be15c6488212 6ed22c024d304f478bf8e2b8db5acb28 93ddb6a213404b5fb331da9e90b724db - - default default] Unable to schedule network 90933f02-041b-40f9-b27c-ba5237b29ad2: no agents available; will retry on subsequent port and subnet creation events.
2026-06-13 23:59:34.689 10 INFO neutron.db.ovn_revision_numbers_db [None req-456702b7-5d93-406b-b0aa-be15c6488212 6ed22c024d304f478bf8e2b8db5acb28 93ddb6a213404b5fb331da9e90b724db - - default default] Successfully bumped revision number for resource d1455baa-f672-495f-b60b-0cccc2cc2d64 (type: ports) to 2
2026-06-13 23:59:34.727 10 INFO neutron.db.ovn_revision_numbers_db [None req-456702b7-5d93-406b-b0aa-be15c6488212 6ed22c024d304f478bf8e2b8db5acb28 93ddb6a213404b5fb331da9e90b724db - - default default] Successfully bumped revision number for resource e670d3a0-d2a3-467b-9440-e7a258ab9f97 (type: subnets) to 0
2026-06-13 23:59:34.746 10 INFO neutron.wsgi [None req-456702b7-5d93-406b-b0aa-be15c6488212 6ed22c024d304f478bf8e2b8db5acb28 93ddb6a213404b5fb331da9e90b724db - - default default] 10.0.0.14 "POST /v2.0/subnets HTTP/1.1" status: 201 len: 804 time: 0.8509302
2026-06-13 23:59:34.764 10 WARNING neutron_lib.context [None req-2df4f068-1813-4477-9cdf-271a3988f93b 6ed22c024d304f478bf8e2b8db5acb28 93ddb6a213404b5fb331da9e90b724db - - default default] Method 'is_advsvc' is deprecated since 2023.2 release (neutron-lib 3.8.0) and will be removed once support for the old RBAC API policies will be removed from Neutron. Please use method 'is_service_role' instead.
2026-06-13 23:59:34.768 9 WARNING neutron_lib.context [None req-81aea9f1-860b-4345-97ee-ffbe7de4bec7 721c4b96ad564a34b6fe397b58187e9f e1cb191bae614da7b5758e83c4f2517f - - default default] Method 'is_advsvc' is deprecated since 2023.2 release (neutron-lib 3.8.0) and will be removed once support for the old RBAC API policies will be removed from Neutron. Please use method 'is_service_role' instead.
2026-06-13 23:59:34.839 10 INFO neutron.db.segments_db [None req-2df4f068-1813-4477-9cdf-271a3988f93b 6ed22c024d304f478bf8e2b8db5acb28 93ddb6a213404b5fb331da9e90b724db - - default default] Added segment 0347d74a-51a1-4538-91a9-775ca8622f2c of type geneve for network c951314f-12ed-4043-bd52-0aa6cb17162f
2026-06-13 23:59:34.934 9 INFO neutron.db.ovn_revision_numbers_db [None req-81aea9f1-860b-4345-97ee-ffbe7de4bec7 721c4b96ad564a34b6fe397b58187e9f e1cb191bae614da7b5758e83c4f2517f - - default default] Successfully bumped revision number for resource 30f23cd5-1536-4f53-bf1e-ca273231ce82 (type: security_groups) to 1
2026-06-13 23:59:34.948 9 INFO neutron.db.ovn_revision_numbers_db [None req-68ed44ac-2962-4f59-b3db-2cbcd2558c95 18a8dfbad1f949938f0e46710c34b60b 1f9e49979a0a48d1b94f5a5b7907eb92 - - default default] Successfully bumped revision number for resource 3c484149-c1ab-4a31-9830-092327650c3e (type: security_groups) to 1
2026-06-13 23:59:34.950 9 INFO neutron.db.ovn_revision_numbers_db [None req-81aea9f1-860b-4345-97ee-ffbe7de4bec7 721c4b96ad564a34b6fe397b58187e9f e1cb191bae614da7b5758e83c4f2517f - - default default] Successfully bumped revision number for resource 12db2a4b-e02a-4bcb-993f-fa36380e5ddd (type: security_group_rules) to 0
2026-06-13 23:59:34.964 9 INFO neutron.db.ovn_revision_numbers_db [None req-68ed44ac-2962-4f59-b3db-2cbcd2558c95 18a8dfbad1f949938f0e46710c34b60b 1f9e49979a0a48d1b94f5a5b7907eb92 - - default default] Successfully bumped revision number for resource 93ba184d-e961-4328-bad4-84661c710cc5 (type: security_group_rules) to 0
2026-06-13 23:59:34.965 9 INFO neutron.db.ovn_revision_numbers_db [None req-81aea9f1-860b-4345-97ee-ffbe7de4bec7 721c4b96ad564a34b6fe397b58187e9f e1cb191bae614da7b5758e83c4f2517f - - default default] Successfully bumped revision number for resource 2b9c6c35-810d-4398-9df8-619513cc138f (type: security_group_rules) to 0
2026-06-13 23:59:34.977 9 INFO neutron.db.ovn_revision_numbers_db [None req-68ed44ac-2962-4f59-b3db-2cbcd2558c95 18a8dfbad1f949938f0e46710c34b60b 1f9e49979a0a48d1b94f5a5b7907eb92 - - default default] Successfully bumped revision number for resource a77ef39c-6f1e-4e08-ad88-6307ee313b87 (type: security_group_rules) to 0
2026-06-13 23:59:34.980 9 INFO neutron.db.ovn_revision_numbers_db [None req-81aea9f1-860b-4345-97ee-ffbe7de4bec7 721c4b96ad564a34b6fe397b58187e9f e1cb191bae614da7b5758e83c4f2517f - - default default] Successfully bumped revision number for resource 757c8539-3f88-424a-b663-ccb77488de1f (type: security_group_rules) to 0
2026-06-13 23:59:34.985 10 INFO neutron.db.ovn_revision_numbers_db [None req-2df4f068-1813-4477-9cdf-271a3988f93b 6ed22c024d304f478bf8e2b8db5acb28 93ddb6a213404b5fb331da9e90b724db - - default default] Successfully bumped revision number for resource c951314f-12ed-4043-bd52-0aa6cb17162f (type: networks) to 1
2026-06-13 23:59:34.994 9 INFO neutron.db.ovn_revision_numbers_db [None req-68ed44ac-2962-4f59-b3db-2cbcd2558c95 18a8dfbad1f949938f0e46710c34b60b 1f9e49979a0a48d1b94f5a5b7907eb92 - - default default] Successfully bumped revision number for resource df7192c1-c0a3-435b-93ed-d87dffeeaffd (type: security_group_rules) to 0
