2026-06-14 00:00:08.728 10 WARNING neutron_lib.context [None req-e2a166c2-89dc-4612-a224-8befc2ae119a 8da80d6b555145f7b14de8e504b461f9 c2ce31dfea304c2da012e6de974bad22 - - default default] Method 'is_advsvc' is deprecated since 2023.2 release (neutron-lib 3.8.0) and will be removed once support for the old RBAC API policies will be removed from Neutron. Please use method 'is_service_role' instead.
2026-06-14 00:00:08.754 9 INFO neutron.wsgi [None req-ba1ccf77-e0e0-4de1-aa32-c9ebfdfe5a43 80c6715e21744fa68fe2ca61d8bc100e 0326d322bd594c319558a5eb2299e6b6 - - default default] 10.0.0.14 "PUT /v2.0/networks/82043ae9-0e30-4328-986b-0a89981b9bc9/tags HTTP/1.1" status: 200 len: 218 time: 0.0725691
2026-06-14 00:00:08.835 9 INFO neutron.wsgi [None req-b0409539-4994-41c3-852a-c1f907c81f26 80c6715e21744fa68fe2ca61d8bc100e 0326d322bd594c319558a5eb2299e6b6 - - default default] 10.0.0.14 "GET /v2.0/networks/82043ae9-0e30-4328-986b-0a89981b9bc9/tags HTTP/1.1" status: 200 len: 218 time: 0.0766034
2026-06-14 00:00:08.840 10 INFO neutron.db.segments_db [None req-e2a166c2-89dc-4612-a224-8befc2ae119a 8da80d6b555145f7b14de8e504b461f9 c2ce31dfea304c2da012e6de974bad22 - - default default] Added segment 36490cb4-83e4-46ab-bc84-65239563e53a of type geneve for network 00756ed0-32a4-4b0a-907f-e498d771aa2a
2026-06-14 00:00:08.891 9 INFO neutron.wsgi [None req-0fc52cdd-094e-473a-b469-09fb770170e9 80c6715e21744fa68fe2ca61d8bc100e 0326d322bd594c319558a5eb2299e6b6 - - default default] 10.0.0.14 "PUT /v2.0/networks/82043ae9-0e30-4328-986b-0a89981b9bc9/tags/green HTTP/1.1" status: 201 len: 201 time: 0.0528328
2026-06-14 00:00:08.959 9 INFO neutron.wsgi [None req-6510f486-ccaa-49c6-b702-683c6fef4498 80c6715e21744fa68fe2ca61d8bc100e 0326d322bd594c319558a5eb2299e6b6 - - default default] 10.0.0.14 "GET /v2.0/networks/82043ae9-0e30-4328-986b-0a89981b9bc9/tags HTTP/1.1" status: 200 len: 227 time: 0.0622323
2026-06-14 00:00:08.995 10 INFO neutron.db.ovn_revision_numbers_db [None req-e2a166c2-89dc-4612-a224-8befc2ae119a 8da80d6b555145f7b14de8e504b461f9 c2ce31dfea304c2da012e6de974bad22 - - default default] Successfully bumped revision number for resource 00756ed0-32a4-4b0a-907f-e498d771aa2a (type: networks) to 1
2026-06-14 00:00:09.016 9 INFO neutron.wsgi [None req-e60cf28e-aed2-4a3c-833c-4ce7c7cf5242 80c6715e21744fa68fe2ca61d8bc100e 0326d322bd594c319558a5eb2299e6b6 - - default default] 10.0.0.14 "PUT /v2.0/networks/82043ae9-0e30-4328-986b-0a89981b9bc9/tags/red HTTP/1.1" status: 201 len: 201 time: 0.0499167
2026-06-14 00:00:09.079 9 INFO neutron.wsgi [None req-97295676-b388-4888-b2d6-21d10a620f5d 80c6715e21744fa68fe2ca61d8bc100e 0326d322bd594c319558a5eb2299e6b6 - - default default] 10.0.0.14 "GET /v2.0/networks/82043ae9-0e30-4328-986b-0a89981b9bc9/tags HTTP/1.1" status: 200 len: 227 time: 0.0559986
2026-06-14 00:00:09.164 9 INFO neutron.wsgi [None req-180b62bd-33e4-47e8-b3cc-5751a17c9e6b 80c6715e21744fa68fe2ca61d8bc100e 0326d322bd594c319558a5eb2299e6b6 - - default default] 10.0.0.14 "PUT /v2.0/networks/82043ae9-0e30-4328-986b-0a89981b9bc9/tags/black.or.white HTTP/1.1" status: 201 len: 201 time: 0.0811884
2026-06-14 00:00:09.206 9 INFO neutron.wsgi [None req-bcdae686-7168-437a-b2bb-654105b3ee94 80c6715e21744fa68fe2ca61d8bc100e 0326d322bd594c319558a5eb2299e6b6 - - default default] 10.0.0.14 "GET /v2.0/networks/82043ae9-0e30-4328-986b-0a89981b9bc9/tags HTTP/1.1" status: 200 len: 245 time: 0.0367334
2026-06-14 00:00:09.218 10 WARNING neutron.scheduler.dhcp_agent_scheduler [None req-e2a166c2-89dc-4612-a224-8befc2ae119a 8da80d6b555145f7b14de8e504b461f9 c2ce31dfea304c2da012e6de974bad22 - - default default] No more DHCP agents
2026-06-14 00:00:09.220 10 WARNING neutron.api.rpc.agentnotifiers.dhcp_rpc_agent_api [None req-e2a166c2-89dc-4612-a224-8befc2ae119a 8da80d6b555145f7b14de8e504b461f9 c2ce31dfea304c2da012e6de974bad22 - - default default] Unable to schedule network 00756ed0-32a4-4b0a-907f-e498d771aa2a: no agents available; will retry on subsequent port and subnet creation events.
2026-06-14 00:00:09.275 9 INFO neutron.wsgi [None req-5f6e8a21-0032-486f-91be-d6065b9e34db 80c6715e21744fa68fe2ca61d8bc100e 0326d322bd594c319558a5eb2299e6b6 - - default default] 10.0.0.14 "PUT /v2.0/networks/82043ae9-0e30-4328-986b-0a89981b9bc9/tags HTTP/1.1" status: 200 len: 230 time: 0.0553746
2026-06-14 00:00:09.330 10 INFO neutron.wsgi [None req-b84ff105-bf91-44a8-8e53-edf4ad2f7985 80c6715e21744fa68fe2ca61d8bc100e 0326d322bd594c319558a5eb2299e6b6 - - default default] 10.0.0.14 "GET /v2.0/networks/82043ae9-0e30-4328-986b-0a89981b9bc9/tags HTTP/1.1" status: 200 len: 230 time: 0.0519059
2026-06-14 00:00:09.334 10 INFO neutron.db.ovn_revision_numbers_db [None req-e2a166c2-89dc-4612-a224-8befc2ae119a 8da80d6b555145f7b14de8e504b461f9 c2ce31dfea304c2da012e6de974bad22 - - default default] Successfully bumped revision number for resource 922a9e05-1c74-4c4a-b62e-15973cf9e27a (type: ports) to 1
2026-06-14 00:00:09.354 10 INFO neutron.wsgi [None req-e2a166c2-89dc-4612-a224-8befc2ae119a 8da80d6b555145f7b14de8e504b461f9 c2ce31dfea304c2da012e6de974bad22 - - default default] 10.0.0.14 "POST /v2.0/networks HTTP/1.1" status: 201 len: 831 time: 0.6313126
2026-06-14 00:00:09.362 10 WARNING neutron_lib.context [None req-1caf2b95-88a2-42e0-9926-d092457edf50 8da80d6b555145f7b14de8e504b461f9 c2ce31dfea304c2da012e6de974bad22 - - default default] Method 'is_advsvc' is deprecated since 2023.2 release (neutron-lib 3.8.0) and will be removed once support for the old RBAC API policies will be removed from Neutron. Please use method 'is_service_role' instead.
2026-06-14 00:00:09.391 9 INFO neutron.wsgi [None req-40300919-2a5f-456d-ba75-6087ef8ded96 80c6715e21744fa68fe2ca61d8bc100e 0326d322bd594c319558a5eb2299e6b6 - - default default] 10.0.0.14 "GET /v2.0/networks/82043ae9-0e30-4328-986b-0a89981b9bc9/tags/red HTTP/1.1" status: 204 len: 168 time: 0.0486016
2026-06-14 00:00:09.446 9 INFO neutron.api.v2.resource [None req-a8f98b98-3cf3-4cbb-824c-e8f44d46690e 80c6715e21744fa68fe2ca61d8bc100e 0326d322bd594c319558a5eb2299e6b6 - - default default] show failed (client error): The resource could not be found.
2026-06-14 00:00:09.448 9 INFO neutron.wsgi [None req-a8f98b98-3cf3-4cbb-824c-e8f44d46690e 80c6715e21744fa68fe2ca61d8bc100e 0326d322bd594c319558a5eb2299e6b6 - - default default] 10.0.0.14 "GET /v2.0/networks/82043ae9-0e30-4328-986b-0a89981b9bc9/tags/green HTTP/1.1" status: 404 len: 299 time: 0.0481913
2026-06-14 00:00:09.526 9 INFO neutron.wsgi [None req-9ddc5752-2173-4a6b-8cbc-dbe584d52731 80c6715e21744fa68fe2ca61d8bc100e 0326d322bd594c319558a5eb2299e6b6 - - default default] 10.0.0.14 "DELETE /v2.0/networks/82043ae9-0e30-4328-986b-0a89981b9bc9/tags/red HTTP/1.1" status: 204 len: 168 time: 0.0738914
2026-06-14 00:00:09.588 9 INFO neutron.wsgi [None req-3189d1d1-acdf-416a-a6f2-744b069c52fa 80c6715e21744fa68fe2ca61d8bc100e 0326d322bd594c319558a5eb2299e6b6 - - default default] 10.0.0.14 "GET /v2.0/networks/82043ae9-0e30-4328-986b-0a89981b9bc9/tags HTTP/1.1" status: 200 len: 223 time: 0.0458810
2026-06-14 00:00:09.635 10 WARNING neutron.scheduler.dhcp_agent_scheduler [None req-1caf2b95-88a2-42e0-9926-d092457edf50 8da80d6b555145f7b14de8e504b461f9 c2ce31dfea304c2da012e6de974bad22 - - default default] No more DHCP agents
2026-06-14 00:00:09.636 10 WARNING neutron.api.rpc.agentnotifiers.dhcp_rpc_agent_api [None req-1caf2b95-88a2-42e0-9926-d092457edf50 8da80d6b555145f7b14de8e504b461f9 c2ce31dfea304c2da012e6de974bad22 - - default default] Unable to schedule network 00756ed0-32a4-4b0a-907f-e498d771aa2a: no agents available; will retry on subsequent port and subnet creation events.
2026-06-14 00:00:09.646 9 INFO neutron.api.v2.resource [None req-b77455cd-53ec-4a25-9efe-8157ad87a0e9 80c6715e21744fa68fe2ca61d8bc100e 0326d322bd594c319558a5eb2299e6b6 - - default default] delete failed (client error): The resource could not be found.
2026-06-14 00:00:09.648 9 INFO neutron.wsgi [None req-b77455cd-53ec-4a25-9efe-8157ad87a0e9 80c6715e21744fa68fe2ca61d8bc100e 0326d322bd594c319558a5eb2299e6b6 - - default default] 10.0.0.14 "DELETE /v2.0/networks/82043ae9-0e30-4328-986b-0a89981b9bc9/tags/green HTTP/1.1" status: 404 len: 299 time: 0.0542097
2026-06-14 00:00:09.749 10 INFO neutron.db.ovn_revision_numbers_db [None req-1caf2b95-88a2-42e0-9926-d092457edf50 8da80d6b555145f7b14de8e504b461f9 c2ce31dfea304c2da012e6de974bad22 - - default default] Successfully bumped revision number for resource 03121a8a-60a0-430d-9c86-b95168901920 (type: ports) to 1
2026-06-14 00:00:09.751 9 INFO neutron.wsgi [None req-8054e807-02ea-442c-b405-70d283f12944 80c6715e21744fa68fe2ca61d8bc100e 0326d322bd594c319558a5eb2299e6b6 - - default default] 10.0.0.14 "DELETE /v2.0/networks/82043ae9-0e30-4328-986b-0a89981b9bc9/tags HTTP/1.1" status: 204 len: 168 time: 0.0948145
2026-06-14 00:00:09.773 10 INFO neutron.wsgi [None req-1caf2b95-88a2-42e0-9926-d092457edf50 8da80d6b555145f7b14de8e504b461f9 c2ce31dfea304c2da012e6de974bad22 - - default default] 10.0.0.14 "POST /v2.0/ports HTTP/1.1" status: 201 len: 942 time: 0.4154203 /var/lib/openstack/lib/python3.10/site-packages/pycadf/identifier.py:71: UserWarning: Invalid uuid: neutron. To ensure interoperability, identifiers should be a valid uuid. warnings.warn(('Invalid uuid: %s. To ensure interoperability, '
2026-06-14 00:00:09.782 10 WARNING neutron_lib.context [None req-721c81e5-779f-4367-96e9-ec03bd68a580 8da80d6b555145f7b14de8e504b461f9 c2ce31dfea304c2da012e6de974bad22 - - default default] Method 'is_advsvc' is deprecated since 2023.2 release (neutron-lib 3.8.0) and will be removed once support for the old RBAC API policies will be removed from Neutron. Please use method 'is_service_role' instead.
2026-06-14 00:00:09.811 9 INFO neutron.wsgi [None req-af471572-ff24-4de9-84e6-174524475599 80c6715e21744fa68fe2ca61d8bc100e 0326d322bd594c319558a5eb2299e6b6 - - default default] 10.0.0.14 "GET /v2.0/networks/82043ae9-0e30-4328-986b-0a89981b9bc9/tags HTTP/1.1" status: 200 len: 205 time: 0.0551114
2026-06-14 00:00:09.867 10 INFO neutron.db.segments_db [None req-721c81e5-779f-4367-96e9-ec03bd68a580 8da80d6b555145f7b14de8e504b461f9 c2ce31dfea304c2da012e6de974bad22 - - default default] Added segment 05854fd2-3f86-422d-bde0-1373fda76d0c of type geneve for network 439b36ae-1a58-4083-b847-4015c700fa5f
2026-06-14 00:00:10.037 10 INFO neutron.db.ovn_revision_numbers_db [None req-721c81e5-779f-4367-96e9-ec03bd68a580 8da80d6b555145f7b14de8e504b461f9 c2ce31dfea304c2da012e6de974bad22 - - default default] Successfully bumped revision number for resource 439b36ae-1a58-4083-b847-4015c700fa5f (type: networks) to 1
2026-06-14 00:00:10.201 9 INFO neutron.services.segments.plugin [-] Segment 40d9f9a6-9002-40de-b459-7e8191e0bad3 resource provider aggregate not found
2026-06-14 00:00:10.209 9 INFO neutron.services.segments.plugin [-] Segment 40d9f9a6-9002-40de-b459-7e8191e0bad3 resource provider aggregate not found
2026-06-14 00:00:10.238 9 INFO neutron.services.segments.plugin [-] Segment 40d9f9a6-9002-40de-b459-7e8191e0bad3 resource provider not found; error: Placement Client Error (4xx): {"errors": [{"status": 404, "title": "Not Found", "detail": "The resource could not be found.\n\n No resource provider with uuid 40d9f9a6-9002-40de-b459-7e8191e0bad3 found for delete ", "request_id": "req-206091a6-b4cc-4534-8609-527ab7ed758a"}]}
2026-06-14 00:00:10.241 9 INFO neutron.services.segments.plugin [-] Segment 40d9f9a6-9002-40de-b459-7e8191e0bad3 resource provider not found; error: Placement Client Error (4xx): {"errors": [{"status": 404, "title": "Not Found", "detail": "The resource could not be found.\n\n No resource provider with uuid 40d9f9a6-9002-40de-b459-7e8191e0bad3 found for delete ", "request_id": "req-a31b4d03-14f9-4c3f-b646-830a4b694ba2"}]}
2026-06-14 00:00:10.266 9 INFO neutron.wsgi [None req-98cd92ec-5221-4a1f-9bf5-871c548bdad0 80c6715e21744fa68fe2ca61d8bc100e 0326d322bd594c319558a5eb2299e6b6 - - default default] 10.0.0.14 "DELETE /v2.0/networks/82043ae9-0e30-4328-986b-0a89981b9bc9 HTTP/1.1" status: 204 len: 168 time: 0.4490650
2026-06-14 00:00:10.447 10 WARNING neutron.scheduler.dhcp_agent_scheduler [None req-721c81e5-779f-4367-96e9-ec03bd68a580 8da80d6b555145f7b14de8e504b461f9 c2ce31dfea304c2da012e6de974bad22 - - default default] No more DHCP agents
2026-06-14 00:00:10.448 10 WARNING neutron.api.rpc.agentnotifiers.dhcp_rpc_agent_api [None req-721c81e5-779f-4367-96e9-ec03bd68a580 8da80d6b555145f7b14de8e504b461f9 c2ce31dfea304c2da012e6de974bad22 - - default default] Unable to schedule network 439b36ae-1a58-4083-b847-4015c700fa5f: no agents available; will retry on subsequent port and subnet creation events.
2026-06-14 00:00:10.535 10 INFO neutron.db.ovn_revision_numbers_db [None req-721c81e5-779f-4367-96e9-ec03bd68a580 8da80d6b555145f7b14de8e504b461f9 c2ce31dfea304c2da012e6de974bad22 - - default default] Successfully bumped revision number for resource d1780897-7c62-4d33-9ca9-1094f6e0f207 (type: ports) to 1
2026-06-14 00:00:10.564 10 INFO neutron.wsgi [None req-721c81e5-779f-4367-96e9-ec03bd68a580 8da80d6b555145f7b14de8e504b461f9 c2ce31dfea304c2da012e6de974bad22 - - default default] 10.0.0.14 "POST /v2.0/networks HTTP/1.1" status: 201 len: 831 time: 0.7865279
2026-06-14 00:00:10.572 10 WARNING neutron_lib.context [None req-8fb8f343-88f3-4bcb-9943-30f14e9de191 8da80d6b555145f7b14de8e504b461f9 c2ce31dfea304c2da012e6de974bad22 - - default default] Method 'is_advsvc' is deprecated since 2023.2 release (neutron-lib 3.8.0) and will be removed once support for the old RBAC API policies will be removed from Neutron. Please use method 'is_service_role' instead.
2026-06-14 00:00:10.834 10 WARNING neutron.scheduler.dhcp_agent_scheduler [None req-8fb8f343-88f3-4bcb-9943-30f14e9de191 8da80d6b555145f7b14de8e504b461f9 c2ce31dfea304c2da012e6de974bad22 - - default default] No more DHCP agents
2026-06-14 00:00:10.837 10 WARNING neutron.api.rpc.agentnotifiers.dhcp_rpc_agent_api [None req-8fb8f343-88f3-4bcb-9943-30f14e9de191 8da80d6b555145f7b14de8e504b461f9 c2ce31dfea304c2da012e6de974bad22 - - default default] Unable to schedule network 439b36ae-1a58-4083-b847-4015c700fa5f: no agents available; will retry on subsequent port and subnet creation events.
2026-06-14 00:00:10.920 10 INFO neutron.db.ovn_revision_numbers_db [None req-8fb8f343-88f3-4bcb-9943-30f14e9de191 8da80d6b555145f7b14de8e504b461f9 c2ce31dfea304c2da012e6de974bad22 - - default default] Successfully bumped revision number for resource 2308401f-ebef-4db3-8342-3b84234b1b6e (type: ports) to 1
2026-06-14 00:00:10.941 10 INFO neutron.wsgi [None req-8fb8f343-88f3-4bcb-9943-30f14e9de191 8da80d6b555145f7b14de8e504b461f9 c2ce31dfea304c2da012e6de974bad22 - - default default] 10.0.0.14 "POST /v2.0/ports HTTP/1.1" status: 201 len: 942 time: 0.3738146 /var/lib/openstack/lib/python3.10/site-packages/pycadf/identifier.py:71: UserWarning: Invalid uuid: neutron. To ensure interoperability, identifiers should be a valid uuid. warnings.warn(('Invalid uuid: %s. To ensure interoperability, '
2026-06-14 00:00:10.952 10 WARNING neutron_lib.context [None req-cf89389b-d52e-4dc3-840e-3f63693d9a10 8da80d6b555145f7b14de8e504b461f9 c2ce31dfea304c2da012e6de974bad22 - - default default] Method 'is_advsvc' is deprecated since 2023.2 release (neutron-lib 3.8.0) and will be removed once support for the old RBAC API policies will be removed from Neutron. Please use method 'is_service_role' instead.
2026-06-14 00:00:11.030 10 INFO neutron.db.segments_db [None req-cf89389b-d52e-4dc3-840e-3f63693d9a10 8da80d6b555145f7b14de8e504b461f9 c2ce31dfea304c2da012e6de974bad22 - - default default] Added segment 37ecfd59-6d0c-4d50-960a-01da540604b8 of type geneve for network 96279e56-5d33-4f9a-af55-5bbbee380ce3
2026-06-14 00:00:11.187 10 INFO neutron.db.ovn_revision_numbers_db [None req-cf89389b-d52e-4dc3-840e-3f63693d9a10 8da80d6b555145f7b14de8e504b461f9 c2ce31dfea304c2da012e6de974bad22 - - default default] Successfully bumped revision number for resource 96279e56-5d33-4f9a-af55-5bbbee380ce3 (type: networks) to 1
2026-06-14 00:00:11.261 9 INFO neutron.db.ovn_revision_numbers_db [None req-8e350c2f-d0da-4815-9252-ccb35b1f9c13 0badf3674b824baf9deb0d3b13eef2c5 85afb4b5014f42358a55eb5080f7a039 - - default default] Successfully bumped revision number for resource 209f3585-90a9-456c-b6ba-df4c2fab8fb3 (type: security_groups) to 1
2026-06-14 00:00:11.281 9 INFO neutron.db.ovn_revision_numbers_db [None req-8e350c2f-d0da-4815-9252-ccb35b1f9c13 0badf3674b824baf9deb0d3b13eef2c5 85afb4b5014f42358a55eb5080f7a039 - - default default] Successfully bumped revision number for resource 397ee40a-8324-4b0f-a79c-158dcff0f872 (type: security_group_rules) to 0
2026-06-14 00:00:11.298 9 INFO neutron.db.ovn_revision_numbers_db [None req-8e350c2f-d0da-4815-9252-ccb35b1f9c13 0badf3674b824baf9deb0d3b13eef2c5 85afb4b5014f42358a55eb5080f7a039 - - default default] Successfully bumped revision number for resource 52b1c970-272e-4f6b-84fe-214741db01d7 (type: security_group_rules) to 0
2026-06-14 00:00:11.303 9 INFO neutron.db.ovn_revision_numbers_db [None req-cdda7316-f6aa-4b09-97df-78a1de060e1f 0badf3674b824baf9deb0d3b13eef2c5 85afb4b5014f42358a55eb5080f7a039 - - default default] Successfully bumped revision number for resource 7224a4ab-8bbd-4b26-8016-22f7f2593748 (type: security_groups) to 1
2026-06-14 00:00:11.311 9 INFO neutron.db.ovn_revision_numbers_db [None req-8e350c2f-d0da-4815-9252-ccb35b1f9c13 0badf3674b824baf9deb0d3b13eef2c5 85afb4b5014f42358a55eb5080f7a039 - - default default] Successfully bumped revision number for resource 9aeb3822-9e03-4f95-a5ac-4787c065d240 (type: security_group_rules) to 0
2026-06-14 00:00:11.315 9 INFO neutron.db.ovn_revision_numbers_db [None req-cdda7316-f6aa-4b09-97df-78a1de060e1f 0badf3674b824baf9deb0d3b13eef2c5 85afb4b5014f42358a55eb5080f7a039 - - default default] Successfully bumped revision number for resource 0190c382-e801-4802-ab6d-a0fa7604d2bb (type: security_group_rules) to 0
2026-06-14 00:00:11.324 9 INFO neutron.db.ovn_revision_numbers_db [None req-8e350c2f-d0da-4815-9252-ccb35b1f9c13 0badf3674b824baf9deb0d3b13eef2c5 85afb4b5014f42358a55eb5080f7a039 - - default default] Successfully bumped revision number for resource e2c4ad77-c77a-4d78-af12-a37605205458 (type: security_group_rules) to 0
2026-06-14 00:00:11.330 9 INFO neutron.db.ovn_revision_numbers_db [None req-cdda7316-f6aa-4b09-97df-78a1de060e1f 0badf3674b824baf9deb0d3b13eef2c5 85afb4b5014f42358a55eb5080f7a039 - - default default] Successfully bumped revision number for resource 3fcc618c-c201-43cd-a317-940276f3198f (type: security_group_rules) to 0
2026-06-14 00:00:11.348 10 WARNING neutron.scheduler.dhcp_agent_scheduler [None req-cf89389b-d52e-4dc3-840e-3f63693d9a10 8da80d6b555145f7b14de8e504b461f9 c2ce31dfea304c2da012e6de974bad22 - - default default] No more DHCP agents
2026-06-14 00:00:11.348 9 INFO neutron.wsgi [None req-8e350c2f-d0da-4815-9252-ccb35b1f9c13 0badf3674b824baf9deb0d3b13eef2c5 85afb4b5014f42358a55eb5080f7a039 - - default default] 10.0.0.14 "GET /v2.0/security-groups?tenant_id=e47eb66feb3c43d1af763f5695e02b64&name=default HTTP/1.1" status: 200 len: 2996 time: 0.3714020
2026-06-14 00:00:11.350 10 WARNING neutron.api.rpc.agentnotifiers.dhcp_rpc_agent_api [None req-cf89389b-d52e-4dc3-840e-3f63693d9a10 8da80d6b555145f7b14de8e504b461f9 c2ce31dfea304c2da012e6de974bad22 - - default default] Unable to schedule network 96279e56-5d33-4f9a-af55-5bbbee380ce3: no agents available; will retry on subsequent port and subnet creation events.
2026-06-14 00:00:11.352 9 INFO neutron.db.ovn_revision_numbers_db [None req-cdda7316-f6aa-4b09-97df-78a1de060e1f 0badf3674b824baf9deb0d3b13eef2c5 85afb4b5014f42358a55eb5080f7a039 - - default default] Successfully bumped revision number for resource 5d2fa01b-9c6d-47e3-8148-bcd7c9de9f4e (type: security_group_rules) to 0
2026-06-14 00:00:11.371 9 INFO neutron.db.ovn_revision_numbers_db [None req-cdda7316-f6aa-4b09-97df-78a1de060e1f 0badf3674b824baf9deb0d3b13eef2c5 85afb4b5014f42358a55eb5080f7a039 - - default default] Successfully bumped revision number for resource 61319d59-5009-4987-862b-7803f994c9a6 (type: security_group_rules) to 0
2026-06-14 00:00:11.395 9 INFO neutron.wsgi [None req-cdda7316-f6aa-4b09-97df-78a1de060e1f 0badf3674b824baf9deb0d3b13eef2c5 85afb4b5014f42358a55eb5080f7a039 - - default default] 10.0.0.14 "GET /v2.0/security-groups?tenant_id=ae060eb22b3446838a695240d6b9bf8f&name=default HTTP/1.1" status: 200 len: 2996 time: 0.3427479
2026-06-14 00:00:11.438 10 INFO neutron.db.ovn_revision_numbers_db [None req-cf89389b-d52e-4dc3-840e-3f63693d9a10 8da80d6b555145f7b14de8e504b461f9 c2ce31dfea304c2da012e6de974bad22 - - default default] Successfully bumped revision number for resource ee5c1462-7bdf-461a-9cb8-dcfa8a16b1d6 (type: ports) to 1
2026-06-14 00:00:11.474 10 INFO neutron.wsgi [None req-cf89389b-d52e-4dc3-840e-3f63693d9a10 8da80d6b555145f7b14de8e504b461f9 c2ce31dfea304c2da012e6de974bad22 - - default default] 10.0.0.14 "POST /v2.0/networks HTTP/1.1" status: 201 len: 831 time: 0.5277202
2026-06-14 00:00:11.484 10 WARNING neutron_lib.context [None req-5ca165f7-cbb4-4ee0-81c5-66d32286982f 8da80d6b555145f7b14de8e504b461f9 c2ce31dfea304c2da012e6de974bad22 - - default default] Method 'is_advsvc' is deprecated since 2023.2 release (neutron-lib 3.8.0) and will be removed once support for the old RBAC API policies will be removed from Neutron. Please use method 'is_service_role' instead.
2026-06-14 00:00:11.566 9 INFO neutron.wsgi [None req-3cb39781-48c4-48db-8798-0ddd5f648bce 0badf3674b824baf9deb0d3b13eef2c5 85afb4b5014f42358a55eb5080f7a039 - - default default] 10.0.0.14 "DELETE /v2.0/security-groups/209f3585-90a9-456c-b6ba-df4c2fab8fb3 HTTP/1.1" status: 204 len: 168 time: 0.2124939
2026-06-14 00:00:11.697 10 INFO neutron.wsgi [None req-037664c7-17ec-4163-b843-abdde295125b 0badf3674b824baf9deb0d3b13eef2c5 85afb4b5014f42358a55eb5080f7a039 - - default default] 10.0.0.14 "DELETE /v2.0/security-groups/7224a4ab-8bbd-4b26-8016-22f7f2593748 HTTP/1.1" status: 204 len: 168 time: 0.2971470
2026-06-14 00:00:11.708 9 INFO neutron.wsgi [None req-078c8bfa-25fe-4565-bffc-06c9ffa38d05 0badf3674b824baf9deb0d3b13eef2c5 85afb4b5014f42358a55eb5080f7a039 - - default default] 10.0.0.14 "GET /v2.0/security-groups?tenant_id=0326d322bd594c319558a5eb2299e6b6&name=default HTTP/1.1" status: 200 len: 2996 time: 0.0407419
2026-06-14 00:00:11.764 10 WARNING neutron.scheduler.dhcp_agent_scheduler [None req-5ca165f7-cbb4-4ee0-81c5-66d32286982f 8da80d6b555145f7b14de8e504b461f9 c2ce31dfea304c2da012e6de974bad22 - - default default] No more DHCP agents
2026-06-14 00:00:11.766 10 WARNING neutron.api.rpc.agentnotifiers.dhcp_rpc_agent_api [None req-5ca165f7-cbb4-4ee0-81c5-66d32286982f 8da80d6b555145f7b14de8e504b461f9 c2ce31dfea304c2da012e6de974bad22 - - default default] Unable to schedule network 96279e56-5d33-4f9a-af55-5bbbee380ce3: no agents available; will retry on subsequent port and subnet creation events.
2026-06-14 00:00:11.845 10 INFO neutron.db.ovn_revision_numbers_db [None req-5ca165f7-cbb4-4ee0-81c5-66d32286982f 8da80d6b555145f7b14de8e504b461f9 c2ce31dfea304c2da012e6de974bad22 - - default default] Successfully bumped revision number for resource cc43437a-9c06-4917-8fce-5310b3f7cf28 (type: ports) to 1
2026-06-14 00:00:11.876 10 INFO neutron.wsgi [None req-5ca165f7-cbb4-4ee0-81c5-66d32286982f 8da80d6b555145f7b14de8e504b461f9 c2ce31dfea304c2da012e6de974bad22 - - default default] 10.0.0.14 "POST /v2.0/ports HTTP/1.1" status: 201 len: 942 time: 0.3970926
2026-06-14 00:00:11.920 9 INFO neutron.wsgi [None req-b9c58115-0a3a-4cea-bd68-e1979ba3772f 0badf3674b824baf9deb0d3b13eef2c5 85afb4b5014f42358a55eb5080f7a039 - - default default] 10.0.0.14 "DELETE /v2.0/security-groups/c97dda42-d3b6-4719-b934-584f4099d3ee HTTP/1.1" status: 204 len: 168 time: 0.2085922
2026-06-14 00:00:11.923 9 INFO neutron.wsgi [None req-9f5bd141-9ba5-4424-a054-d1f40a43e7db 8da80d6b555145f7b14de8e504b461f9 c2ce31dfea304c2da012e6de974bad22 - - default default] 10.0.0.14 "PUT /v2.0/ports/dcce71d7-f0be-4ffe-8cc5-5b0081def2d4/tags HTTP/1.1" status: 200 len: 210 time: 0.0427337
2026-06-14 00:00:11.968 9 INFO neutron.wsgi [None req-ecc2eb04-fe9b-4b98-b8ae-0c35a1dcf48d 8da80d6b555145f7b14de8e504b461f9 c2ce31dfea304c2da012e6de974bad22 - - default default] 10.0.0.14 "PUT /v2.0/ports/d9f5ceb7-5df6-4a38-afc7-6e53bc902aa5/tags HTTP/1.1" status: 200 len: 218 time: 0.0402582
2026-06-14 00:00:12.015 9 INFO neutron.wsgi [None req-11e249c5-f765-4ae0-9e62-f5ae08f9c270 8da80d6b555145f7b14de8e504b461f9 c2ce31dfea304c2da012e6de974bad22 - - default default] 10.0.0.14 "PUT /v2.0/ports/03121a8a-60a0-430d-9c86-b95168901920/tags HTTP/1.1" status: 200 len: 227 time: 0.0422771
2026-06-14 00:00:12.075 9 INFO neutron.wsgi [None req-6b24a695-d6c0-4497-ab75-545b6c8dda22 8da80d6b555145f7b14de8e504b461f9 c2ce31dfea304c2da012e6de974bad22 - - default default] 10.0.0.14 "PUT /v2.0/ports/2308401f-ebef-4db3-8342-3b84234b1b6e/tags HTTP/1.1" status: 200 len: 212 time: 0.0524023
2026-06-14 00:00:12.255 9 INFO neutron.wsgi [None req-155a2800-d99d-4a0e-a13f-fd4204f6cc94 8da80d6b555145f7b14de8e504b461f9 c2ce31dfea304c2da012e6de974bad22 - - default default] 10.0.0.14 "GET /v2.0/ports?tags=red HTTP/1.1" status: 200 len: 2448 time: 0.1745825
2026-06-14 00:00:12.319 9 INFO neutron.wsgi [None req-0fbfb9fb-1cf7-4263-ba23-8d3879b98210 8da80d6b555145f7b14de8e504b461f9 c2ce31dfea304c2da012e6de974bad22 - - default default] 10.0.0.14 "GET /v2.0/ports?tags=red%2Cblue HTTP/1.1" status: 200 len: 1708 time: 0.0578535
2026-06-14 00:00:12.376 9 INFO neutron.wsgi [None req-4713c4d1-470f-4206-8600-c7f52586c780 8da80d6b555145f7b14de8e504b461f9 c2ce31dfea304c2da012e6de974bad22 - - default default] 10.0.0.14 "GET /v2.0/ports?tags-any=blue HTTP/1.1" status: 200 len: 1708 time: 0.0537040
2026-06-14 00:00:12.426 9 INFO neutron.wsgi [None req-63161630-e0e7-43d3-afdf-b6a4cb547d36 8da80d6b555145f7b14de8e504b461f9 c2ce31dfea304c2da012e6de974bad22 - - default default] 10.0.0.14 "GET /v2.0/ports?tags-any=red%2Cblue HTTP/1.1" status: 200 len: 2448 time: 0.0448451
2026-06-14 00:00:12.586 9 INFO neutron.wsgi [None req-11a282ac-469f-4d51-ab71-3fc5389f0ba6 8da80d6b555145f7b14de8e504b461f9 c2ce31dfea304c2da012e6de974bad22 - - default default] 10.0.0.14 "GET /v2.0/ports?not-tags=red HTTP/1.1" status: 200 len: 5463 time: 0.1554933
2026-06-14 00:00:12.678 9 INFO neutron.wsgi [None req-db0a76fe-c172-4493-816c-92ffe015c322 8da80d6b555145f7b14de8e504b461f9 c2ce31dfea304c2da012e6de974bad22 - - default default] 10.0.0.14 "GET /v2.0/ports?not-tags=red%2Cblue HTTP/1.1" status: 200 len: 6203 time: 0.0852849
2026-06-14 00:00:12.977 9 INFO neutron.wsgi [None req-94b923ae-0197-473c-aa7d-e638b30b529f 8da80d6b555145f7b14de8e504b461f9 c2ce31dfea304c2da012e6de974bad22 - - default default] 10.0.0.14 "GET /v2.0/ports?not-tags-any=blue HTTP/1.1" status: 200 len: 6203 time: 0.2940826
2026-06-14 00:00:13.035 9 INFO neutron.wsgi [None req-dc1085b4-5ab3-4186-b0f8-a6cc7a5f087f 8da80d6b555145f7b14de8e504b461f9 c2ce31dfea304c2da012e6de974bad22 - - default default] 10.0.0.14 "GET /v2.0/ports?not-tags-any=red%2Cblue HTTP/1.1" status: 200 len: 5463 time: 0.0545232
2026-06-14 00:00:13.048 9 INFO neutron.wsgi [-] 10.0.0.39 "GET / HTTP/1.1" status: 200 len: 247 time: 0.0015860
2026-06-14 00:00:13.069 9 INFO neutron.wsgi [-] 10.0.0.39 "GET / HTTP/1.1" status: 200 len: 247 time: 0.0017812
2026-06-14 00:00:13.291 9 INFO neutron.wsgi [None req-930e0ed9-19b0-47af-ba0e-5df9b1af97f3 8da80d6b555145f7b14de8e504b461f9 c2ce31dfea304c2da012e6de974bad22 - - default default] 10.0.0.14 "DELETE /v2.0/ports/dcce71d7-f0be-4ffe-8cc5-5b0081def2d4 HTTP/1.1" status: 204 len: 168 time: 0.2509387
2026-06-14 00:00:13.526 9 INFO neutron.wsgi [None req-8cd7e1ff-393b-4a5b-8fbe-85e91786ce31 8da80d6b555145f7b14de8e504b461f9 c2ce31dfea304c2da012e6de974bad22 - - default default] 10.0.0.14 "DELETE /v2.0/ports/d9f5ceb7-5df6-4a38-afc7-6e53bc902aa5 HTTP/1.1" status: 204 len: 168 time: 0.2297287 /var/lib/openstack/lib/python3.10/site-packages/pycadf/identifier.py:71: UserWarning: Invalid uuid: neutron. To ensure interoperability, identifiers should be a valid uuid. warnings.warn(('Invalid uuid: %s. To ensure interoperability, '
2026-06-14 00:00:13.814 10 INFO neutron.wsgi [None req-2d94b477-8199-47b1-967e-dc0b2e09ffef 8da80d6b555145f7b14de8e504b461f9 c2ce31dfea304c2da012e6de974bad22 - - default default] 10.0.0.14 "DELETE /v2.0/ports/03121a8a-60a0-430d-9c86-b95168901920 HTTP/1.1" status: 204 len: 168 time: 0.2841647
2026-06-14 00:00:14.046 10 INFO neutron.wsgi [None req-59691192-e8d5-4916-ae95-3d304718dfda 8da80d6b555145f7b14de8e504b461f9 c2ce31dfea304c2da012e6de974bad22 - - default default] 10.0.0.14 "DELETE /v2.0/ports/2308401f-ebef-4db3-8342-3b84234b1b6e HTTP/1.1" status: 204 len: 168 time: 0.2269807
2026-06-14 00:00:14.307 10 INFO neutron.wsgi [None req-915e8e28-4277-42e4-ae92-6a36e01186ee 8da80d6b555145f7b14de8e504b461f9 c2ce31dfea304c2da012e6de974bad22 - - default default] 10.0.0.14 "DELETE /v2.0/ports/cc43437a-9c06-4917-8fce-5310b3f7cf28 HTTP/1.1" status: 204 len: 168 time: 0.2570684
2026-06-14 00:00:14.689 10 INFO neutron.services.segments.plugin [-] Segment d4af4570-4078-4309-8535-6d247da18818 resource provider aggregate not found
2026-06-14 00:00:14.696 10 INFO neutron.services.segments.plugin [-] Segment d4af4570-4078-4309-8535-6d247da18818 resource provider aggregate not found
2026-06-14 00:00:14.713 10 INFO neutron.services.segments.plugin [-] Segment d4af4570-4078-4309-8535-6d247da18818 resource provider not found; error: Placement Client Error (4xx): {"errors": [{"status": 404, "title": "Not Found", "detail": "The resource could not be found.\n\n No resource provider with uuid d4af4570-4078-4309-8535-6d247da18818 found for delete ", "request_id": "req-c8531506-807f-42c0-8562-15a1ca33ed85"}]}
2026-06-14 00:00:14.726 10 INFO neutron.services.segments.plugin [-] Segment d4af4570-4078-4309-8535-6d247da18818 resource provider not found; error: Placement Client Error (4xx): {"errors": [{"status": 404, "title": "Not Found", "detail": "The resource could not be found.\n\n No resource provider with uuid d4af4570-4078-4309-8535-6d247da18818 found for delete ", "request_id": "req-afaef4dd-ee38-41e8-9982-a4c653746e8e"}]}
2026-06-14 00:00:14.747 10 INFO neutron.wsgi [None req-bd469051-ccc8-4687-ac42-aa0b409aefc3 8da80d6b555145f7b14de8e504b461f9 c2ce31dfea304c2da012e6de974bad22 - - default default] 10.0.0.14 "DELETE /v2.0/networks/4c3cc9c9-e2ad-44b9-a851-495c113a828b HTTP/1.1" status: 204 len: 168 time: 0.4345143
2026-06-14 00:00:15.097 9 INFO neutron.db.ovn_revision_numbers_db [None req-c25e15cb-0ff8-4210-a91a-5f35e2f4582c 0badf3674b824baf9deb0d3b13eef2c5 85afb4b5014f42358a55eb5080f7a039 - - default default] Successfully bumped revision number for resource 35d3a32d-6903-4d5f-b19c-b60997113b08 (type: security_groups) to 1
2026-06-14 00:00:15.118 9 INFO neutron.db.ovn_revision_numbers_db [None req-c25e15cb-0ff8-4210-a91a-5f35e2f4582c 0badf3674b824baf9deb0d3b13eef2c5 85afb4b5014f42358a55eb5080f7a039 - - default default] Successfully bumped revision number for resource 1ec23e85-c523-48a8-b3f8-1a052f534ccf (type: security_group_rules) to 0
2026-06-14 00:00:15.151 9 INFO neutron.services.segments.plugin [-] Segment 7247f3b8-6ec5-4c85-b746-f4aa692e00c6 resource provider aggregate not found
2026-06-14 00:00:15.155 9 INFO neutron.services.segments.plugin [-] Segment 7247f3b8-6ec5-4c85-b746-f4aa692e00c6 resource provider aggregate not found
2026-06-14 00:00:15.164 9 INFO neutron.db.ovn_revision_numbers_db [None req-c25e15cb-0ff8-4210-a91a-5f35e2f4582c 0badf3674b824baf9deb0d3b13eef2c5 85afb4b5014f42358a55eb5080f7a039 - - default default] Successfully bumped revision number for resource 5578ff8a-cd31-4525-b1a6-13e754056b61 (type: security_group_rules) to 0
2026-06-14 00:00:15.169 9 INFO neutron.services.segments.plugin [-] Segment 7247f3b8-6ec5-4c85-b746-f4aa692e00c6 resource provider not found; error: Placement Client Error (4xx): {"errors": [{"status": 404, "title": "Not Found", "detail": "The resource could not be found.\n\n No resource provider with uuid 7247f3b8-6ec5-4c85-b746-f4aa692e00c6 found for delete ", "request_id": "req-3caf7119-dc16-4501-9886-3ad8d6b69d47"}]}
2026-06-14 00:00:15.170 9 INFO neutron.services.segments.plugin [-] Segment 7247f3b8-6ec5-4c85-b746-f4aa692e00c6 resource provider not found; error: Placement Client Error (4xx): {"errors": [{"status": 404, "title": "Not Found", "detail": "The resource could not be found.\n\n No resource provider with uuid 7247f3b8-6ec5-4c85-b746-f4aa692e00c6 found for delete ", "request_id": "req-e88a4587-98bf-464f-aede-ab47714a43cf"}]}
2026-06-14 00:00:15.184 9 INFO neutron.db.ovn_revision_numbers_db [None req-c25e15cb-0ff8-4210-a91a-5f35e2f4582c 0badf3674b824baf9deb0d3b13eef2c5 85afb4b5014f42358a55eb5080f7a039 - - default default] Successfully bumped revision number for resource 6046fa6b-8839-4da7-818f-b65a4023df7b (type: security_group_rules) to 0
2026-06-14 00:00:15.201 9 INFO neutron.wsgi [None req-b11ef003-4876-470b-bd10-1014ff3f6086 8da80d6b555145f7b14de8e504b461f9 c2ce31dfea304c2da012e6de974bad22 - - default default] 10.0.0.14 "DELETE /v2.0/networks/de072196-00c5-4992-9701-c44a2bd0af21 HTTP/1.1" status: 204 len: 168 time: 0.4488697
2026-06-14 00:00:15.206 9 INFO neutron.db.ovn_revision_numbers_db [None req-c25e15cb-0ff8-4210-a91a-5f35e2f4582c 0badf3674b824baf9deb0d3b13eef2c5 85afb4b5014f42358a55eb5080f7a039 - - default default] Successfully bumped revision number for resource 69c0e015-ee6b-4df0-93cf-9e7a45443c6a (type: security_group_rules) to 0
2026-06-14 00:00:15.234 9 INFO neutron.wsgi [None req-c25e15cb-0ff8-4210-a91a-5f35e2f4582c 0badf3674b824baf9deb0d3b13eef2c5 85afb4b5014f42358a55eb5080f7a039 - - default default] 10.0.0.14 "GET /v2.0/security-groups?tenant_id=cf8c655d4407452580459795d90bd58a&name=default HTTP/1.1" status: 200 len: 2996 time: 0.3823347
2026-06-14 00:00:15.487 10 WARNING neutron_lib.context [None req-c23b08f8-4e63-43c8-ab3a-9fd75bf9d155 9f592e3ed6da4fd39e8c3d361b25e22f 04926872833043b2b1e670b88bf3879d - - default default] Method 'is_advsvc' is deprecated since 2023.2 release (neutron-lib 3.8.0) and will be removed once support for the old RBAC API policies will be removed from Neutron. Please use method 'is_service_role' instead.
2026-06-14 00:00:15.503 9 INFO neutron.wsgi [None req-9a76aebd-2e40-431c-9843-c0609c10d0d0 0badf3674b824baf9deb0d3b13eef2c5 85afb4b5014f42358a55eb5080f7a039 - - default default] 10.0.0.14 "DELETE /v2.0/security-groups/35d3a32d-6903-4d5f-b19c-b60997113b08 HTTP/1.1" status: 204 len: 168 time: 0.2605433
2026-06-14 00:00:15.694 10 INFO neutron.db.ovn_revision_numbers_db [None req-c23b08f8-4e63-43c8-ab3a-9fd75bf9d155 9f592e3ed6da4fd39e8c3d361b25e22f 04926872833043b2b1e670b88bf3879d - - default default] Successfully bumped revision number for resource b4e4fef4-7ab4-407d-b024-fa2ac0c9ce11 (type: security_groups) to 1
2026-06-14 00:00:15.712 10 INFO neutron.wsgi [None req-4f8a0476-171e-4b50-8f3a-3a097a4951a3 8da80d6b555145f7b14de8e504b461f9 c2ce31dfea304c2da012e6de974bad22 - - default default] 10.0.0.14 "DELETE /v2.0/networks/00756ed0-32a4-4b0a-907f-e498d771aa2a HTTP/1.1" status: 204 len: 168 time: 0.5052431
2026-06-14 00:00:15.721 10 INFO neutron.db.ovn_revision_numbers_db [None req-c23b08f8-4e63-43c8-ab3a-9fd75bf9d155 9f592e3ed6da4fd39e8c3d361b25e22f 04926872833043b2b1e670b88bf3879d - - default default] Successfully bumped revision number for resource 265ff3d3-aca2-408a-9956-cc8629ad80cf (type: security_group_rules) to 0
2026-06-14 00:00:15.747 10 INFO neutron.db.ovn_revision_numbers_db [None req-c23b08f8-4e63-43c8-ab3a-9fd75bf9d155 9f592e3ed6da4fd39e8c3d361b25e22f 04926872833043b2b1e670b88bf3879d - - default default] Successfully bumped revision number for resource 59b6c7d8-b44e-48f6-ab28-96c29ed7da62 (type: security_group_rules) to 0
2026-06-14 00:00:15.764 10 INFO neutron.db.ovn_revision_numbers_db [None req-c23b08f8-4e63-43c8-ab3a-9fd75bf9d155 9f592e3ed6da4fd39e8c3d361b25e22f 04926872833043b2b1e670b88bf3879d - - default default] Successfully bumped revision number for resource 9adb1ebe-ea05-4b0c-afe8-a4ce03c1ea10 (type: security_group_rules) to 0
2026-06-14 00:00:15.780 10 INFO neutron.db.ovn_revision_numbers_db [None req-c23b08f8-4e63-43c8-ab3a-9fd75bf9d155 9f592e3ed6da4fd39e8c3d361b25e22f 04926872833043b2b1e670b88bf3879d - - default default] Successfully bumped revision number for resource d68c719e-894f-4e8d-a1ef-57b978c22667 (type: security_group_rules) to 0
2026-06-14 00:00:15.830 10 INFO neutron.db.segments_db [None req-c23b08f8-4e63-43c8-ab3a-9fd75bf9d155 9f592e3ed6da4fd39e8c3d361b25e22f 04926872833043b2b1e670b88bf3879d - - default default] Added segment b5923f95-17d1-4081-91c0-c2a0ed3d311c of type geneve for network 6f0eb9fd-feb0-4983-96e6-fcebf0964a13
2026-06-14 00:00:15.967 10 INFO neutron.db.ovn_revision_numbers_db [None req-c23b08f8-4e63-43c8-ab3a-9fd75bf9d155 9f592e3ed6da4fd39e8c3d361b25e22f 04926872833043b2b1e670b88bf3879d - - default default] Successfully bumped revision number for resource 6f0eb9fd-feb0-4983-96e6-fcebf0964a13 (type: networks) to 1
2026-06-14 00:00:16.135 9 INFO neutron.wsgi [None req-2ce2461b-b8a3-48ec-b9f8-8f26495da4fb 8da80d6b555145f7b14de8e504b461f9 c2ce31dfea304c2da012e6de974bad22 - - default default] 10.0.0.14 "DELETE /v2.0/networks/439b36ae-1a58-4083-b847-4015c700fa5f HTTP/1.1" status: 204 len: 168 time: 0.4165006
2026-06-14 00:00:16.153 10 WARNING neutron.scheduler.dhcp_agent_scheduler [None req-c23b08f8-4e63-43c8-ab3a-9fd75bf9d155 9f592e3ed6da4fd39e8c3d361b25e22f 04926872833043b2b1e670b88bf3879d - - default default] No more DHCP agents
2026-06-14 00:00:16.154 10 WARNING neutron.api.rpc.agentnotifiers.dhcp_rpc_agent_api [None req-c23b08f8-4e63-43c8-ab3a-9fd75bf9d155 9f592e3ed6da4fd39e8c3d361b25e22f 04926872833043b2b1e670b88bf3879d - - default default] Unable to schedule network 6f0eb9fd-feb0-4983-96e6-fcebf0964a13: no agents available; will retry on subsequent port and subnet creation events.
2026-06-14 00:00:16.253 10 INFO neutron.db.ovn_revision_numbers_db [None req-c23b08f8-4e63-43c8-ab3a-9fd75bf9d155 9f592e3ed6da4fd39e8c3d361b25e22f 04926872833043b2b1e670b88bf3879d - - default default] Successfully bumped revision number for resource 4f9dde78-630b-4844-a1ba-226bc1b596ab (type: ports) to 1
2026-06-14 00:00:16.291 10 INFO neutron.wsgi [None req-c23b08f8-4e63-43c8-ab3a-9fd75bf9d155 9f592e3ed6da4fd39e8c3d361b25e22f 04926872833043b2b1e670b88bf3879d - - default default] 10.0.0.14 "POST /v2.0/networks HTTP/1.1" status: 201 len: 830 time: 0.8666716
2026-06-14 00:00:16.300 10 WARNING neutron_lib.context [None req-02e9299d-61dc-4127-b4ae-2c42af332258 9f592e3ed6da4fd39e8c3d361b25e22f 04926872833043b2b1e670b88bf3879d - - default default] Method 'is_advsvc' is deprecated since 2023.2 release (neutron-lib 3.8.0) and will be removed once support for the old RBAC API policies will be removed from Neutron. Please use method 'is_service_role' instead.
2026-06-14 00:00:16.531 9 INFO neutron.wsgi [None req-24b5d93d-b3de-4fe7-bb02-ce362f030b46 8da80d6b555145f7b14de8e504b461f9 c2ce31dfea304c2da012e6de974bad22 - - default default] 10.0.0.14 "DELETE /v2.0/networks/96279e56-5d33-4f9a-af55-5bbbee380ce3 HTTP/1.1" status: 204 len: 168 time: 0.3879054
2026-06-14 00:00:16.565 10 WARNING neutron.scheduler.dhcp_agent_scheduler [None req-02e9299d-61dc-4127-b4ae-2c42af332258 9f592e3ed6da4fd39e8c3d361b25e22f 04926872833043b2b1e670b88bf3879d - - default default] No more DHCP agents
2026-06-14 00:00:16.567 10 WARNING neutron.api.rpc.agentnotifiers.dhcp_rpc_agent_api [None req-02e9299d-61dc-4127-b4ae-2c42af332258 9f592e3ed6da4fd39e8c3d361b25e22f 04926872833043b2b1e670b88bf3879d - - default default] Unable to schedule network 6f0eb9fd-feb0-4983-96e6-fcebf0964a13: no agents available; will retry on subsequent port and subnet creation events.
2026-06-14 00:00:16.663 10 INFO neutron.db.ovn_revision_numbers_db [None req-02e9299d-61dc-4127-b4ae-2c42af332258 9f592e3ed6da4fd39e8c3d361b25e22f 04926872833043b2b1e670b88bf3879d - - default default] Successfully bumped revision number for resource be97ac58-ab70-46ae-ad27-5c4efc277d28 (type: ports) to 1
2026-06-14 00:00:16.687 10 INFO neutron.wsgi [None req-02e9299d-61dc-4127-b4ae-2c42af332258 9f592e3ed6da4fd39e8c3d361b25e22f 04926872833043b2b1e670b88bf3879d - - default default] 10.0.0.14 "POST /v2.0/ports HTTP/1.1" status: 201 len: 942 time: 0.3922126 /var/lib/openstack/lib/python3.10/site-packages/pycadf/identifier.py:71: UserWarning: Invalid uuid: neutron. To ensure interoperability, identifiers should be a valid uuid. warnings.warn(('Invalid uuid: %s. To ensure interoperability, '
2026-06-14 00:00:16.739 10 INFO neutron.services.segments.plugin [-] Segment 36490cb4-83e4-46ab-bc84-65239563e53a resource provider aggregate not found
2026-06-14 00:00:16.746 10 INFO neutron.services.segments.plugin [-] Segment 36490cb4-83e4-46ab-bc84-65239563e53a resource provider aggregate not found
2026-06-14 00:00:16.753 10 INFO neutron.services.segments.plugin [-] Segment 36490cb4-83e4-46ab-bc84-65239563e53a resource provider not found; error: Placement Client Error (4xx): {"errors": [{"status": 404, "title": "Not Found", "detail": "The resource could not be found.\n\n No resource provider with uuid 36490cb4-83e4-46ab-bc84-65239563e53a found for delete ", "request_id": "req-4b9ce9b2-171d-4cde-9605-2c63dfc35f3c"}]}
2026-06-14 00:00:16.762 10 INFO neutron.services.segments.plugin [-] Segment 36490cb4-83e4-46ab-bc84-65239563e53a resource provider not found; error: Placement Client Error (4xx): {"errors": [{"status": 404, "title": "Not Found", "detail": "The resource could not be found.\n\n No resource provider with uuid 36490cb4-83e4-46ab-bc84-65239563e53a found for delete ", "request_id": "req-7d025bc9-4953-42e3-a19b-81870dde5c14"}]}
2026-06-14 00:00:16.776 10 INFO neutron.wsgi [None req-1839b0f8-23aa-4a3d-b538-e91dfb953889 9f592e3ed6da4fd39e8c3d361b25e22f 04926872833043b2b1e670b88bf3879d - - default default] 10.0.0.14 "PUT /v2.0/ports/be97ac58-ab70-46ae-ad27-5c4efc277d28/tags HTTP/1.1" status: 200 len: 218 time: 0.0828638
2026-06-14 00:00:16.839 9 INFO neutron.wsgi [None req-285d2260-ddcf-4c5a-9f90-88b9cf3962ae 9f592e3ed6da4fd39e8c3d361b25e22f 04926872833043b2b1e670b88bf3879d - - default default] 10.0.0.14 "GET /v2.0/ports/be97ac58-ab70-46ae-ad27-5c4efc277d28/tags HTTP/1.1" status: 200 len: 218 time: 0.0556760
2026-06-14 00:00:16.908 10 INFO neutron.wsgi [None req-f2e473bd-36e9-46a2-ad00-f1efcc4f127b 9f592e3ed6da4fd39e8c3d361b25e22f 04926872833043b2b1e670b88bf3879d - - default default] 10.0.0.14 "PUT /v2.0/ports/be97ac58-ab70-46ae-ad27-5c4efc277d28/tags/green HTTP/1.1" status: 201 len: 201 time: 0.0471427
2026-06-14 00:00:16.953 9 INFO neutron.wsgi [None req-9240bec6-1954-4b1d-b456-45c2878c4a79 9f592e3ed6da4fd39e8c3d361b25e22f 04926872833043b2b1e670b88bf3879d - - default default] 10.0.0.14 "GET /v2.0/ports/be97ac58-ab70-46ae-ad27-5c4efc277d28/tags HTTP/1.1" status: 200 len: 227 time: 0.0390801
2026-06-14 00:00:17.005 9 INFO neutron.wsgi [None req-3903d40b-cea6-45e9-9462-3dd02ad86824 9f592e3ed6da4fd39e8c3d361b25e22f 04926872833043b2b1e670b88bf3879d - - default default] 10.0.0.14 "PUT /v2.0/ports/be97ac58-ab70-46ae-ad27-5c4efc277d28/tags/red HTTP/1.1" status: 201 len: 201 time: 0.0469720
2026-06-14 00:00:17.046 9 INFO neutron.wsgi [None req-76d9b0b7-a778-4383-87ad-cbbac85bd426 9f592e3ed6da4fd39e8c3d361b25e22f 04926872833043b2b1e670b88bf3879d - - default default] 10.0.0.14 "GET /v2.0/ports/be97ac58-ab70-46ae-ad27-5c4efc277d28/tags HTTP/1.1" status: 200 len: 227 time: 0.0349052
2026-06-14 00:00:17.096 9 INFO neutron.wsgi [None req-0f31ceb0-785d-4cae-98f5-daad6736914c 9f592e3ed6da4fd39e8c3d361b25e22f 04926872833043b2b1e670b88bf3879d - - default default] 10.0.0.14 "PUT /v2.0/ports/be97ac58-ab70-46ae-ad27-5c4efc277d28/tags/black.or.white HTTP/1.1" status: 201 len: 201 time: 0.0461385
2026-06-14 00:00:17.138 9 INFO neutron.wsgi [None req-a47ff0bf-4c86-4756-b5e8-d50b20f87e38 9f592e3ed6da4fd39e8c3d361b25e22f 04926872833043b2b1e670b88bf3879d - - default default] 10.0.0.14 "GET /v2.0/ports/be97ac58-ab70-46ae-ad27-5c4efc277d28/tags HTTP/1.1" status: 200 len: 245 time: 0.0378532
2026-06-14 00:00:17.207 9 INFO neutron.wsgi [None req-77c277ee-d61e-44b7-bbd1-fd50c91f993a 9f592e3ed6da4fd39e8c3d361b25e22f 04926872833043b2b1e670b88bf3879d - - default default] 10.0.0.14 "PUT /v2.0/ports/be97ac58-ab70-46ae-ad27-5c4efc277d28/tags HTTP/1.1" status: 200 len: 230 time: 0.0642021
2026-06-14 00:00:17.208 9 INFO neutron.services.segments.plugin [-] Segment 05854fd2-3f86-422d-bde0-1373fda76d0c resource provider aggregate not found
2026-06-14 00:00:17.214 9 INFO neutron.services.segments.plugin [-] Segment 05854fd2-3f86-422d-bde0-1373fda76d0c resource provider aggregate not found
2026-06-14 00:00:17.232 9 INFO neutron.services.segments.plugin [-] Segment 05854fd2-3f86-422d-bde0-1373fda76d0c resource provider not found; error: Placement Client Error (4xx): {"errors": [{"status": 404, "title": "Not Found", "detail": "The resource could not be found.\n\n No resource provider with uuid 05854fd2-3f86-422d-bde0-1373fda76d0c found for delete ", "request_id": "req-1220ac92-73d1-43e7-881b-941c62d4d0bc"}]}
2026-06-14 00:00:17.242 9 INFO neutron.services.segments.plugin [-] Segment 05854fd2-3f86-422d-bde0-1373fda76d0c resource provider not found; error: Placement Client Error (4xx): {"errors": [{"status": 404, "title": "Not Found", "detail": "The resource could not be found.\n\n No resource provider with uuid 05854fd2-3f86-422d-bde0-1373fda76d0c found for delete ", "request_id": "req-449ea0e1-7596-44b3-bd09-b3968d8fe555"}]}
2026-06-14 00:00:17.257 9 INFO neutron.services.segments.plugin [-] Segment 37ecfd59-6d0c-4d50-960a-01da540604b8 resource provider aggregate not found
2026-06-14 00:00:17.267 9 INFO neutron.services.segments.plugin [-] Segment 37ecfd59-6d0c-4d50-960a-01da540604b8 resource provider aggregate not found
2026-06-14 00:00:17.275 9 INFO neutron.services.segments.plugin [-] Segment 37ecfd59-6d0c-4d50-960a-01da540604b8 resource provider not found; error: Placement Client Error (4xx): {"errors": [{"status": 404, "title": "Not Found", "detail": "The resource could not be found.\n\n No resource provider with uuid 37ecfd59-6d0c-4d50-960a-01da540604b8 found for delete ", "request_id": "req-4548a69a-771a-455b-9d90-e3661507b0e1"}]}
2026-06-14 00:00:17.284 10 INFO neutron.wsgi [None req-5100c1f4-6d24-4999-ab80-e2d30f43e3c7 9f592e3ed6da4fd39e8c3d361b25e22f 04926872833043b2b1e670b88bf3879d - - default default] 10.0.0.14 "GET /v2.0/ports/be97ac58-ab70-46ae-ad27-5c4efc277d28/tags HTTP/1.1" status: 200 len: 230 time: 0.0722740
2026-06-14 00:00:17.288 9 INFO neutron.services.segments.plugin [-] Segment 37ecfd59-6d0c-4d50-960a-01da540604b8 resource provider not found; error: Placement Client Error (4xx): {"errors": [{"status": 404, "title": "Not Found", "detail": "The resource could not be found.\n\n No resource provider with uuid 37ecfd59-6d0c-4d50-960a-01da540604b8 found for delete ", "request_id": "req-cd001500-4125-4d25-8aea-2e22d68f202e"}]}
2026-06-14 00:00:17.332 9 INFO neutron.wsgi [None req-7bf9ca96-b8c9-4a60-a848-5669d57568b7 9f592e3ed6da4fd39e8c3d361b25e22f 04926872833043b2b1e670b88bf3879d - - default default] 10.0.0.14 "GET /v2.0/ports/be97ac58-ab70-46ae-ad27-5c4efc277d28/tags/red HTTP/1.1" status: 204 len: 168 time: 0.0422363
2026-06-14 00:00:17.373 9 INFO neutron.api.v2.resource [None req-621e2593-c984-40d1-8536-410eda96b461 9f592e3ed6da4fd39e8c3d361b25e22f 04926872833043b2b1e670b88bf3879d - - default default] show failed (client error): The resource could not be found.
2026-06-14 00:00:17.375 9 INFO neutron.wsgi [None req-621e2593-c984-40d1-8536-410eda96b461 9f592e3ed6da4fd39e8c3d361b25e22f 04926872833043b2b1e670b88bf3879d - - default default] 10.0.0.14 "GET /v2.0/ports/be97ac58-ab70-46ae-ad27-5c4efc277d28/tags/green HTTP/1.1" status: 404 len: 299 time: 0.0386264
2026-06-14 00:00:17.420 9 INFO neutron.wsgi [None req-e6e0b95f-c1b0-4c93-ae05-51866675f28a 9f592e3ed6da4fd39e8c3d361b25e22f 04926872833043b2b1e670b88bf3879d - - default default] 10.0.0.14 "DELETE /v2.0/ports/be97ac58-ab70-46ae-ad27-5c4efc277d28/tags/red HTTP/1.1" status: 204 len: 168 time: 0.0398932
2026-06-14 00:00:17.456 9 INFO neutron.wsgi [None req-0f02c78f-d14c-4f57-9210-65be28360a5a 9f592e3ed6da4fd39e8c3d361b25e22f 04926872833043b2b1e670b88bf3879d - - default default] 10.0.0.14 "GET /v2.0/ports/be97ac58-ab70-46ae-ad27-5c4efc277d28/tags HTTP/1.1" status: 200 len: 223 time: 0.0315888
2026-06-14 00:00:17.522 9 INFO neutron.api.v2.resource [None req-8ee85b1e-601e-46c3-b2f9-75cde227f062 9f592e3ed6da4fd39e8c3d361b25e22f 04926872833043b2b1e670b88bf3879d - - default default] delete failed (client error): The resource could not be found.
2026-06-14 00:00:17.523 9 INFO neutron.wsgi [None req-8ee85b1e-601e-46c3-b2f9-75cde227f062 9f592e3ed6da4fd39e8c3d361b25e22f 04926872833043b2b1e670b88bf3879d - - default default] 10.0.0.14 "DELETE /v2.0/ports/be97ac58-ab70-46ae-ad27-5c4efc277d28/tags/green HTTP/1.1" status: 404 len: 299 time: 0.0525210
2026-06-14 00:00:17.545 10 INFO neutron.wsgi [None req-a2b96113-1209-4128-b9dc-db409a7f188a 0badf3674b824baf9deb0d3b13eef2c5 85afb4b5014f42358a55eb5080f7a039 - - default default] 10.0.0.14 "GET /v2.0/security-groups?tenant_id=c2ce31dfea304c2da012e6de974bad22&name=default HTTP/1.1" status: 200 len: 2996 time: 0.1501343
2026-06-14 00:00:17.590 9 INFO neutron.wsgi [None req-5caecd21-5f27-472b-8164-0c913d1734d3 9f592e3ed6da4fd39e8c3d361b25e22f 04926872833043b2b1e670b88bf3879d - - default default] 10.0.0.14 "DELETE /v2.0/ports/be97ac58-ab70-46ae-ad27-5c4efc277d28/tags HTTP/1.1" status: 204 len: 168 time: 0.0589316
2026-06-14 00:00:17.624 9 INFO neutron.wsgi [None req-9211d981-8af7-45bb-bb21-d80384d01523 9f592e3ed6da4fd39e8c3d361b25e22f 04926872833043b2b1e670b88bf3879d - - default default] 10.0.0.14 "GET /v2.0/ports/be97ac58-ab70-46ae-ad27-5c4efc277d28/tags HTTP/1.1" status: 200 len: 205 time: 0.0307195
