2026-06-14 00:05:02.609 9 INFO neutron.db.ovn_revision_numbers_db [req-692d745f-3b7c-4adf-8618-583790dc5322 req-1446a111-8b19-4948-96b3-f97ada9a2203 0badf3674b824baf9deb0d3b13eef2c5 85afb4b5014f42358a55eb5080f7a039 - - default default] Successfully bumped revision number for resource f32ea739-4699-4d4f-90cf-7e59103fc6bb (type: ports) to 1
2026-06-14 00:05:02.631 9 INFO neutron.wsgi [req-692d745f-3b7c-4adf-8618-583790dc5322 req-1446a111-8b19-4948-96b3-f97ada9a2203 0badf3674b824baf9deb0d3b13eef2c5 85afb4b5014f42358a55eb5080f7a039 - - default default] 199.204.45.95 "POST /v2.0/ports HTTP/1.1" status: 201 len: 1508 time: 0.4665003 /var/lib/openstack/lib/python3.10/site-packages/pycadf/identifier.py:71: UserWarning: Invalid uuid: neutron. To ensure interoperability, identifiers should be a valid uuid. warnings.warn(('Invalid uuid: %s. To ensure interoperability, '
2026-06-14 00:05:03.098 9 INFO neutron.db.ovn_revision_numbers_db [req-692d745f-3b7c-4adf-8618-583790dc5322 req-30c01d3a-7f86-4d79-9263-258ac971667a 326affdcbef54fcf91d2ce6f747d6909 6cdd55410299440194f68e01f06829eb - - 43d848d5152f49aa96a22434d33eb6cf 43d848d5152f49aa96a22434d33eb6cf] Successfully bumped revision number for resource f32ea739-4699-4d4f-90cf-7e59103fc6bb (type: ports) to 2
2026-06-14 00:05:03.345 9 INFO neutron.db.ovn_revision_numbers_db [req-692d745f-3b7c-4adf-8618-583790dc5322 req-30c01d3a-7f86-4d79-9263-258ac971667a 326affdcbef54fcf91d2ce6f747d6909 6cdd55410299440194f68e01f06829eb - - 43d848d5152f49aa96a22434d33eb6cf 43d848d5152f49aa96a22434d33eb6cf] Successfully bumped revision number for resource f32ea739-4699-4d4f-90cf-7e59103fc6bb (type: ports) to 2
2026-06-14 00:05:03.363 9 INFO neutron.wsgi [req-692d745f-3b7c-4adf-8618-583790dc5322 req-30c01d3a-7f86-4d79-9263-258ac971667a 326affdcbef54fcf91d2ce6f747d6909 6cdd55410299440194f68e01f06829eb - - 43d848d5152f49aa96a22434d33eb6cf 43d848d5152f49aa96a22434d33eb6cf] 199.204.45.95 "PUT /v2.0/ports/f32ea739-4699-4d4f-90cf-7e59103fc6bb HTTP/1.1" status: 200 len: 1605 time: 0.7259421
2026-06-14 00:05:03.401 9 INFO neutron.notifiers.nova [-] Nova event matching ['req-fbcc6c09-17dd-4f01-a2e6-476681fef3c8'] response: {'name': 'network-changed', 'server_uuid': '7b0ece7f-0f1c-41b3-824b-e76636a548ac', 'tag': 'f32ea739-4699-4d4f-90cf-7e59103fc6bb', 'status': 'completed', 'code': 200} /var/lib/openstack/lib/python3.10/site-packages/pycadf/identifier.py:71: UserWarning: Invalid uuid: neutron. To ensure interoperability, identifiers should be a valid uuid. warnings.warn(('Invalid uuid: %s. To ensure interoperability, '
2026-06-14 00:05:03.447 9 INFO neutron.wsgi [req-692d745f-3b7c-4adf-8618-583790dc5322 req-428871e6-80a3-46a6-91dc-7b9f9df148e9 326affdcbef54fcf91d2ce6f747d6909 6cdd55410299440194f68e01f06829eb - - 43d848d5152f49aa96a22434d33eb6cf 43d848d5152f49aa96a22434d33eb6cf] 199.204.45.95 "GET /v2.0/ports?tenant_id=85afb4b5014f42358a55eb5080f7a039&device_id=7b0ece7f-0f1c-41b3-824b-e76636a548ac HTTP/1.1" status: 200 len: 4149 time: 0.0488858
2026-06-14 00:05:03.470 9 INFO neutron.wsgi [req-692d745f-3b7c-4adf-8618-583790dc5322 req-e6f685b0-f817-40e9-838e-f7c868676945 326affdcbef54fcf91d2ce6f747d6909 6cdd55410299440194f68e01f06829eb - - 43d848d5152f49aa96a22434d33eb6cf 43d848d5152f49aa96a22434d33eb6cf] 199.204.45.95 "GET /v2.0/floatingips?fixed_ip_address=172.24.3.232&port_id=4376f2d1-3a06-4526-aebc-a065d4e0cbd2 HTTP/1.1" status: 200 len: 217 time: 0.0199282
2026-06-14 00:05:03.501 9 INFO neutron.wsgi [req-692d745f-3b7c-4adf-8618-583790dc5322 req-2e9070e2-db5e-416f-9c7d-44c7e7353fe7 326affdcbef54fcf91d2ce6f747d6909 6cdd55410299440194f68e01f06829eb - - 43d848d5152f49aa96a22434d33eb6cf 43d848d5152f49aa96a22434d33eb6cf] 199.204.45.95 "GET /v2.0/subnets?id=170d966e-5aa0-4925-9a62-d52ab651ea4e HTTP/1.1" status: 200 len: 829 time: 0.0281136
2026-06-14 00:05:03.527 9 INFO neutron.wsgi [req-692d745f-3b7c-4adf-8618-583790dc5322 req-87144ad0-6143-4c08-a98d-484ebed667e0 326affdcbef54fcf91d2ce6f747d6909 6cdd55410299440194f68e01f06829eb - - 43d848d5152f49aa96a22434d33eb6cf 43d848d5152f49aa96a22434d33eb6cf] 199.204.45.95 "GET /v2.0/ports?network_id=4f8ed778-e66d-4118-b888-452f473c1625&device_owner=network%3Adhcp HTTP/1.1" status: 200 len: 210 time: 0.0232053
2026-06-14 00:05:03.590 9 INFO neutron.wsgi [req-692d745f-3b7c-4adf-8618-583790dc5322 req-5e0a07de-b618-4d95-9eea-ea920d700f22 326affdcbef54fcf91d2ce6f747d6909 6cdd55410299440194f68e01f06829eb - - 43d848d5152f49aa96a22434d33eb6cf 43d848d5152f49aa96a22434d33eb6cf] 199.204.45.95 "GET /v2.0/networks/4f8ed778-e66d-4118-b888-452f473c1625?fields=segments HTTP/1.1" status: 200 len: 212 time: 0.0568664
2026-06-14 00:05:03.656 9 INFO neutron.wsgi [req-692d745f-3b7c-4adf-8618-583790dc5322 req-f459704c-da19-487a-a68d-3429b55f9d59 326affdcbef54fcf91d2ce6f747d6909 6cdd55410299440194f68e01f06829eb - - 43d848d5152f49aa96a22434d33eb6cf 43d848d5152f49aa96a22434d33eb6cf] 199.204.45.95 "GET /v2.0/networks/4f8ed778-e66d-4118-b888-452f473c1625?fields=provider%3Aphysical_network&fields=provider%3Anetwork_type HTTP/1.1" status: 200 len: 277 time: 0.0563211
2026-06-14 00:05:03.696 9 INFO neutron.wsgi [req-692d745f-3b7c-4adf-8618-583790dc5322 req-e48078bf-b6d7-4858-9fa0-fedc8ee42670 326affdcbef54fcf91d2ce6f747d6909 6cdd55410299440194f68e01f06829eb - - 43d848d5152f49aa96a22434d33eb6cf 43d848d5152f49aa96a22434d33eb6cf] 199.204.45.95 "GET /v2.0/floatingips?fixed_ip_address=10.1.1.59&port_id=82646d93-5f7d-4915-8ab6-2c71c7bb598a HTTP/1.1" status: 200 len: 217 time: 0.0324874
2026-06-14 00:05:03.755 9 INFO neutron.wsgi [req-692d745f-3b7c-4adf-8618-583790dc5322 req-0ab954b0-50d4-444a-810a-4ca422ca45e9 326affdcbef54fcf91d2ce6f747d6909 6cdd55410299440194f68e01f06829eb - - 43d848d5152f49aa96a22434d33eb6cf 43d848d5152f49aa96a22434d33eb6cf] 199.204.45.95 "GET /v2.0/subnets?id=a615a409-0db7-4de5-95cc-996588ddfa2c HTTP/1.1" status: 200 len: 854 time: 0.0488541
2026-06-14 00:05:03.789 9 INFO neutron.wsgi [req-692d745f-3b7c-4adf-8618-583790dc5322 req-673c4e55-f588-4ec4-b8c2-fd60e2036083 326affdcbef54fcf91d2ce6f747d6909 6cdd55410299440194f68e01f06829eb - - 43d848d5152f49aa96a22434d33eb6cf 43d848d5152f49aa96a22434d33eb6cf] 199.204.45.95 "GET /v2.0/ports?network_id=2ecb87ae-a075-4947-b74e-a1071d2ddf50&device_owner=network%3Adhcp HTTP/1.1" status: 200 len: 210 time: 0.0238395
2026-06-14 00:05:03.845 9 INFO neutron.wsgi [req-692d745f-3b7c-4adf-8618-583790dc5322 req-d67d68df-e752-41a7-a2a3-7b26daa7ea8c 326affdcbef54fcf91d2ce6f747d6909 6cdd55410299440194f68e01f06829eb - - 43d848d5152f49aa96a22434d33eb6cf 43d848d5152f49aa96a22434d33eb6cf] 199.204.45.95 "GET /v2.0/networks/2ecb87ae-a075-4947-b74e-a1071d2ddf50?fields=segments HTTP/1.1" status: 200 len: 212 time: 0.0472932
2026-06-14 00:05:03.920 9 INFO neutron.wsgi [req-692d745f-3b7c-4adf-8618-583790dc5322 req-34eae697-7cc3-47ca-af78-0d4c2b4bd57f 326affdcbef54fcf91d2ce6f747d6909 6cdd55410299440194f68e01f06829eb - - 43d848d5152f49aa96a22434d33eb6cf 43d848d5152f49aa96a22434d33eb6cf] 199.204.45.95 "GET /v2.0/networks/2ecb87ae-a075-4947-b74e-a1071d2ddf50?fields=provider%3Aphysical_network&fields=provider%3Anetwork_type HTTP/1.1" status: 200 len: 277 time: 0.0656195
2026-06-14 00:05:03.948 9 INFO neutron.wsgi [req-692d745f-3b7c-4adf-8618-583790dc5322 req-3d1ce309-a120-4596-9cf8-0e1e63c698e2 326affdcbef54fcf91d2ce6f747d6909 6cdd55410299440194f68e01f06829eb - - 43d848d5152f49aa96a22434d33eb6cf 43d848d5152f49aa96a22434d33eb6cf] 199.204.45.95 "GET /v2.0/floatingips?fixed_ip_address=10.2.1.141&port_id=f32ea739-4699-4d4f-90cf-7e59103fc6bb HTTP/1.1" status: 200 len: 217 time: 0.0217011
2026-06-14 00:05:03.977 9 INFO neutron.wsgi [req-692d745f-3b7c-4adf-8618-583790dc5322 req-a2149ab1-a0d9-4403-a86d-5e775e60deba 326affdcbef54fcf91d2ce6f747d6909 6cdd55410299440194f68e01f06829eb - - 43d848d5152f49aa96a22434d33eb6cf 43d848d5152f49aa96a22434d33eb6cf] 199.204.45.95 "GET /v2.0/floatingips?fixed_ip_address=fd7b%3Af9f7%3Afff%3A4eca%3A%3A1af&port_id=f32ea739-4699-4d4f-90cf-7e59103fc6bb HTTP/1.1" status: 200 len: 217 time: 0.0228035
2026-06-14 00:05:04.021 9 INFO neutron.wsgi [req-692d745f-3b7c-4adf-8618-583790dc5322 req-a4de0545-ab8b-4ac8-b98c-0b5eafba01ba 326affdcbef54fcf91d2ce6f747d6909 6cdd55410299440194f68e01f06829eb - - 43d848d5152f49aa96a22434d33eb6cf 43d848d5152f49aa96a22434d33eb6cf] 199.204.45.95 "GET /v2.0/subnets?id=dfcf5166-9a7b-4beb-80b6-266cc2a79d8d&id=09e6bb04-8c86-49ed-b847-1de246eaa720 HTTP/1.1" status: 200 len: 1561 time: 0.0368345
2026-06-14 00:05:04.047 9 INFO neutron.wsgi [req-692d745f-3b7c-4adf-8618-583790dc5322 req-339cc5da-2eb3-40c4-b0b7-2de032386e4f 326affdcbef54fcf91d2ce6f747d6909 6cdd55410299440194f68e01f06829eb - - 43d848d5152f49aa96a22434d33eb6cf 43d848d5152f49aa96a22434d33eb6cf] 199.204.45.95 "GET /v2.0/ports?network_id=ee9041ba-2977-4bb9-b20b-b65b11a57ae6&device_owner=network%3Adhcp HTTP/1.1" status: 200 len: 210 time: 0.0194211
2026-06-14 00:05:04.073 9 INFO neutron.wsgi [req-692d745f-3b7c-4adf-8618-583790dc5322 req-76d7c94b-c309-481e-b03e-88ab62a2ab58 326affdcbef54fcf91d2ce6f747d6909 6cdd55410299440194f68e01f06829eb - - 43d848d5152f49aa96a22434d33eb6cf 43d848d5152f49aa96a22434d33eb6cf] 199.204.45.95 "GET /v2.0/ports?network_id=ee9041ba-2977-4bb9-b20b-b65b11a57ae6&device_owner=network%3Adhcp HTTP/1.1" status: 200 len: 210 time: 0.0194507
2026-06-14 00:05:04.153 9 INFO neutron.wsgi [req-692d745f-3b7c-4adf-8618-583790dc5322 req-a05f70b1-c763-4013-8518-b984c6923a5c 326affdcbef54fcf91d2ce6f747d6909 6cdd55410299440194f68e01f06829eb - - 43d848d5152f49aa96a22434d33eb6cf 43d848d5152f49aa96a22434d33eb6cf] 199.204.45.95 "GET /v2.0/networks/ee9041ba-2977-4bb9-b20b-b65b11a57ae6?fields=segments HTTP/1.1" status: 200 len: 212 time: 0.0725036
2026-06-14 00:05:04.247 9 INFO neutron.wsgi [req-692d745f-3b7c-4adf-8618-583790dc5322 req-123cb780-3125-432a-a639-0773a89e3b6e 326affdcbef54fcf91d2ce6f747d6909 6cdd55410299440194f68e01f06829eb - - 43d848d5152f49aa96a22434d33eb6cf 43d848d5152f49aa96a22434d33eb6cf] 199.204.45.95 "GET /v2.0/networks/ee9041ba-2977-4bb9-b20b-b65b11a57ae6?fields=provider%3Aphysical_network&fields=provider%3Anetwork_type HTTP/1.1" status: 200 len: 277 time: 0.0898292
2026-06-14 00:05:04.342 9 INFO neutron.wsgi [req-05bc1ed1-0e97-4072-9d82-66bf5e9683e2 req-8dd0065d-ae2a-4afb-983b-da560fe1af2a 326affdcbef54fcf91d2ce6f747d6909 6cdd55410299440194f68e01f06829eb - - 43d848d5152f49aa96a22434d33eb6cf 43d848d5152f49aa96a22434d33eb6cf] 199.204.45.95 "GET /v2.0/ports?tenant_id=85afb4b5014f42358a55eb5080f7a039&device_id=7b0ece7f-0f1c-41b3-824b-e76636a548ac HTTP/1.1" status: 200 len: 4149 time: 0.0486236
2026-06-14 00:05:04.372 10 INFO neutron.plugins.ml2.drivers.ovn.mech_driver.mech_driver [None req-e6cf0876-a609-408f-8628-c2f6faf33b79 - - - - - -] OVN reports status up for port: f32ea739-4699-4d4f-90cf-7e59103fc6bb
2026-06-14 00:05:04.386 10 INFO neutron.plugins.ml2.plugin [None req-e6cf0876-a609-408f-8628-c2f6faf33b79 - - - - - -] Attempt 1 to provision port f32ea739-4699-4d4f-90cf-7e59103fc6bb
2026-06-14 00:05:04.428 9 INFO neutron.wsgi [req-05bc1ed1-0e97-4072-9d82-66bf5e9683e2 req-db427667-d41a-4feb-9774-26ad4e8c638b 326affdcbef54fcf91d2ce6f747d6909 6cdd55410299440194f68e01f06829eb - - 43d848d5152f49aa96a22434d33eb6cf 43d848d5152f49aa96a22434d33eb6cf] 199.204.45.95 "GET /v2.0/networks?id=ee9041ba-2977-4bb9-b20b-b65b11a57ae6 HTTP/1.1" status: 200 len: 1003 time: 0.0741255
2026-06-14 00:05:04.458 9 INFO neutron.wsgi [req-05bc1ed1-0e97-4072-9d82-66bf5e9683e2 req-addbe7c1-805d-44bc-ba9d-fa3a43ff9919 326affdcbef54fcf91d2ce6f747d6909 6cdd55410299440194f68e01f06829eb - - 43d848d5152f49aa96a22434d33eb6cf 43d848d5152f49aa96a22434d33eb6cf] 199.204.45.95 "GET /v2.0/floatingips?fixed_ip_address=10.2.1.141&port_id=f32ea739-4699-4d4f-90cf-7e59103fc6bb HTTP/1.1" status: 200 len: 217 time: 0.0250723
2026-06-14 00:05:04.490 9 INFO neutron.wsgi [req-05bc1ed1-0e97-4072-9d82-66bf5e9683e2 req-f6c59339-28e8-4288-9ad9-6d42a620e911 326affdcbef54fcf91d2ce6f747d6909 6cdd55410299440194f68e01f06829eb - - 43d848d5152f49aa96a22434d33eb6cf 43d848d5152f49aa96a22434d33eb6cf] 199.204.45.95 "GET /v2.0/floatingips?fixed_ip_address=fd7b%3Af9f7%3Afff%3A4eca%3A%3A1af&port_id=f32ea739-4699-4d4f-90cf-7e59103fc6bb HTTP/1.1" status: 200 len: 217 time: 0.0267267 /var/lib/openstack/lib/python3.10/site-packages/pycadf/identifier.py:71: UserWarning: Invalid uuid: neutron. To ensure interoperability, identifiers should be a valid uuid. warnings.warn(('Invalid uuid: %s. To ensure interoperability, '
2026-06-14 00:05:04.505 10 INFO neutron.notifiers.nova [-] Nova event matching ['req-30c767cb-f5cb-4b31-9cb6-42addb081af1'] response: {'server_uuid': '7b0ece7f-0f1c-41b3-824b-e76636a548ac', 'name': 'network-vif-plugged', 'status': 'completed', 'tag': 'f32ea739-4699-4d4f-90cf-7e59103fc6bb', 'code': 200}
2026-06-14 00:05:04.533 9 INFO neutron.wsgi [req-05bc1ed1-0e97-4072-9d82-66bf5e9683e2 req-6c3a7c47-6fac-432d-827c-36b858203984 326affdcbef54fcf91d2ce6f747d6909 6cdd55410299440194f68e01f06829eb - - 43d848d5152f49aa96a22434d33eb6cf 43d848d5152f49aa96a22434d33eb6cf] 199.204.45.95 "GET /v2.0/subnets?id=dfcf5166-9a7b-4beb-80b6-266cc2a79d8d&id=09e6bb04-8c86-49ed-b847-1de246eaa720 HTTP/1.1" status: 200 len: 1561 time: 0.0370266
2026-06-14 00:05:04.547 10 INFO neutron.wsgi [req-692d745f-3b7c-4adf-8618-583790dc5322 req-30c22c93-8206-4702-989b-a47eb4070d06 0badf3674b824baf9deb0d3b13eef2c5 85afb4b5014f42358a55eb5080f7a039 - - default default] 10.0.0.190 "GET /v2.0/ports/f32ea739-4699-4d4f-90cf-7e59103fc6bb HTTP/1.1" status: 200 len: 1635 time: 0.0574331
2026-06-14 00:05:04.555 9 INFO neutron.wsgi [req-05bc1ed1-0e97-4072-9d82-66bf5e9683e2 req-46b47dcf-be24-47ae-ab01-833ef438fbdc 326affdcbef54fcf91d2ce6f747d6909 6cdd55410299440194f68e01f06829eb - - 43d848d5152f49aa96a22434d33eb6cf 43d848d5152f49aa96a22434d33eb6cf] 199.204.45.95 "GET /v2.0/ports?network_id=ee9041ba-2977-4bb9-b20b-b65b11a57ae6&device_owner=network%3Adhcp HTTP/1.1" status: 200 len: 210 time: 0.0180705
2026-06-14 00:05:04.584 9 INFO neutron.wsgi [req-05bc1ed1-0e97-4072-9d82-66bf5e9683e2 req-d3c8d469-c7b8-430d-826f-530e96e86685 326affdcbef54fcf91d2ce6f747d6909 6cdd55410299440194f68e01f06829eb - - 43d848d5152f49aa96a22434d33eb6cf 43d848d5152f49aa96a22434d33eb6cf] 199.204.45.95 "GET /v2.0/ports?network_id=ee9041ba-2977-4bb9-b20b-b65b11a57ae6&device_owner=network%3Adhcp HTTP/1.1" status: 200 len: 210 time: 0.0215881
2026-06-14 00:05:04.599 9 INFO neutron.wsgi [None req-4ea02654-f3a4-4865-b390-5a16fc15ecbe 0badf3674b824baf9deb0d3b13eef2c5 85afb4b5014f42358a55eb5080f7a039 - - default default] 199.204.45.95 "GET /v2.0/ports/f32ea739-4699-4d4f-90cf-7e59103fc6bb HTTP/1.1" status: 200 len: 1635 time: 0.0435116
2026-06-14 00:05:04.659 9 INFO neutron.wsgi [None req-23fcd5a6-e8ad-4432-aea2-3614c6a59ea5 0badf3674b824baf9deb0d3b13eef2c5 85afb4b5014f42358a55eb5080f7a039 - - default default] 199.204.45.95 "GET /v2.0/ports/f32ea739-4699-4d4f-90cf-7e59103fc6bb HTTP/1.1" status: 200 len: 1635 time: 0.0543950
2026-06-14 00:05:04.686 10 INFO neutron.db.ovn_revision_numbers_db [None req-e6cf0876-a609-408f-8628-c2f6faf33b79 - - - - - -] Successfully bumped revision number for resource f32ea739-4699-4d4f-90cf-7e59103fc6bb (type: ports) to 4
2026-06-14 00:05:04.700 9 INFO neutron.wsgi [req-05bc1ed1-0e97-4072-9d82-66bf5e9683e2 req-6ef6d4ca-40df-41d7-a0a2-ebaf5efbabb3 326affdcbef54fcf91d2ce6f747d6909 6cdd55410299440194f68e01f06829eb - - 43d848d5152f49aa96a22434d33eb6cf 43d848d5152f49aa96a22434d33eb6cf] 199.204.45.95 "GET /v2.0/networks/ee9041ba-2977-4bb9-b20b-b65b11a57ae6?fields=segments HTTP/1.1" status: 200 len: 212 time: 0.1106067
2026-06-14 00:05:04.803 9 INFO neutron.wsgi [req-05bc1ed1-0e97-4072-9d82-66bf5e9683e2 req-8a8a877e-7a16-4d42-a890-252c36f1ca4a 326affdcbef54fcf91d2ce6f747d6909 6cdd55410299440194f68e01f06829eb - - 43d848d5152f49aa96a22434d33eb6cf 43d848d5152f49aa96a22434d33eb6cf] 199.204.45.95 "GET /v2.0/networks/ee9041ba-2977-4bb9-b20b-b65b11a57ae6?fields=provider%3Aphysical_network&fields=provider%3Anetwork_type HTTP/1.1" status: 200 len: 277 time: 0.0982244
2026-06-14 00:05:05.182 9 INFO neutron.db.ovn_revision_numbers_db [None req-391a6f04-fc35-48cd-be26-23178ff7268d 0badf3674b824baf9deb0d3b13eef2c5 85afb4b5014f42358a55eb5080f7a039 - - default default] Successfully bumped revision number for resource f32ea739-4699-4d4f-90cf-7e59103fc6bb (type: ports) to 5
2026-06-14 00:05:05.196 9 INFO neutron.wsgi [None req-391a6f04-fc35-48cd-be26-23178ff7268d 0badf3674b824baf9deb0d3b13eef2c5 85afb4b5014f42358a55eb5080f7a039 - - default default] 199.204.45.95 "PUT /v2.0/ports/f32ea739-4699-4d4f-90cf-7e59103fc6bb HTTP/1.1" status: 200 len: 1378 time: 0.5308440 /var/lib/openstack/lib/python3.10/site-packages/pycadf/identifier.py:71: UserWarning: Invalid uuid: neutron. To ensure interoperability, identifiers should be a valid uuid. warnings.warn(('Invalid uuid: %s. To ensure interoperability, '
2026-06-14 00:05:05.259 9 INFO neutron.wsgi [None req-37a5b343-8f04-4262-83b5-bbd84633565d 0badf3674b824baf9deb0d3b13eef2c5 85afb4b5014f42358a55eb5080f7a039 - - default default] 199.204.45.95 "GET /v2.0/networks/ee9041ba-2977-4bb9-b20b-b65b11a57ae6 HTTP/1.1" status: 200 len: 1000 time: 0.0566740
2026-06-14 00:05:05.293 9 INFO neutron.wsgi [None req-ecd381c7-110e-4db4-9137-e65d11bd1118 0badf3674b824baf9deb0d3b13eef2c5 85afb4b5014f42358a55eb5080f7a039 - - default default] 199.204.45.95 "GET /v2.0/subnets/dfcf5166-9a7b-4beb-80b6-266cc2a79d8d HTTP/1.1" status: 200 len: 848 time: 0.0270576
2026-06-14 00:05:05.376 9 INFO neutron.wsgi [None req-e40c6646-5c6b-4e85-8f92-0252319e65a1 0badf3674b824baf9deb0d3b13eef2c5 85afb4b5014f42358a55eb5080f7a039 - - default default] 199.204.45.95 "GET /v2.0/extensions/security-group HTTP/1.1" status: 200 len: 369 time: 0.0040448
2026-06-14 00:05:05.383 9 INFO neutron.wsgi [None req-3ba55d50-b8b4-4538-ab69-74d7b01a5a32 0badf3674b824baf9deb0d3b13eef2c5 85afb4b5014f42358a55eb5080f7a039 - - default default] 199.204.45.95 "GET /v2.0/extensions/dns-integration HTTP/1.1" status: 200 len: 371 time: 0.0038376
2026-06-14 00:05:05.391 9 INFO neutron.wsgi [None req-dae59eca-a2fc-46c8-82d9-c5378cf0b4b6 0badf3674b824baf9deb0d3b13eef2c5 85afb4b5014f42358a55eb5080f7a039 - - default default] 199.204.45.95 "GET /v2.0/extensions/qos HTTP/1.1" status: 200 len: 365 time: 0.0048351
2026-06-14 00:05:05.398 9 INFO neutron.wsgi [None req-7abd4462-30fd-4f58-8f1c-894e4f4da7d7 0badf3674b824baf9deb0d3b13eef2c5 85afb4b5014f42358a55eb5080f7a039 - - default default] 199.204.45.95 "GET /v2.0/extensions/allowed-address-pairs HTTP/1.1" status: 200 len: 383 time: 0.0050111
2026-06-14 00:05:05.443 9 INFO neutron.notifiers.nova [-] Nova event matching ['req-56ef26fe-6f59-447d-9df3-26af1891fbb3'] response: {'name': 'network-changed', 'server_uuid': '7b0ece7f-0f1c-41b3-824b-e76636a548ac', 'tag': 'f32ea739-4699-4d4f-90cf-7e59103fc6bb', 'status': 'completed', 'code': 200}
2026-06-14 00:05:05.457 9 INFO neutron.wsgi [None req-807bac60-ff94-4563-a61d-0444920c93b7 0badf3674b824baf9deb0d3b13eef2c5 85afb4b5014f42358a55eb5080f7a039 - - default default] 199.204.45.95 "GET /v2.0/subnets/a615a409-0db7-4de5-95cc-996588ddfa2c HTTP/1.1" status: 200 len: 851 time: 0.0554378
2026-06-14 00:05:05.504 9 INFO neutron.wsgi [None req-0a7091c7-1044-425a-ab55-b6dc3d0f6d3d 0badf3674b824baf9deb0d3b13eef2c5 85afb4b5014f42358a55eb5080f7a039 - - default default] 199.204.45.95 "GET /v2.0/ports/47eba68a-7a2e-4a2f-b828-68fbf90ed332 HTTP/1.1" status: 200 len: 1340 time: 0.0435677
2026-06-14 00:05:05.518 9 INFO neutron.wsgi [req-e5ec7f74-80c6-4d9b-9c2f-d89d1c4626b9 req-2def009d-ab0a-4393-ae07-1fbc60fc6e0c 326affdcbef54fcf91d2ce6f747d6909 6cdd55410299440194f68e01f06829eb - - 43d848d5152f49aa96a22434d33eb6cf 43d848d5152f49aa96a22434d33eb6cf] 199.204.45.95 "GET /v2.0/ports?tenant_id=85afb4b5014f42358a55eb5080f7a039&device_id=7b0ece7f-0f1c-41b3-824b-e76636a548ac HTTP/1.1" status: 200 len: 3922 time: 0.0500898
2026-06-14 00:05:05.569 9 INFO neutron.wsgi [None req-f8824ad7-a370-4c3d-82c9-45ac45ff121a 0badf3674b824baf9deb0d3b13eef2c5 85afb4b5014f42358a55eb5080f7a039 - - default default] 199.204.45.95 "GET /v2.0/ports/82646d93-5f7d-4915-8ab6-2c71c7bb598a HTTP/1.1" status: 200 len: 1515 time: 0.0506823
2026-06-14 00:05:05.609 9 INFO neutron.wsgi [req-e5ec7f74-80c6-4d9b-9c2f-d89d1c4626b9 req-80b6df2f-8877-4cbe-9448-32ec94d5875a 326affdcbef54fcf91d2ce6f747d6909 6cdd55410299440194f68e01f06829eb - - 43d848d5152f49aa96a22434d33eb6cf 43d848d5152f49aa96a22434d33eb6cf] 199.204.45.95 "GET /v2.0/networks?id=ee9041ba-2977-4bb9-b20b-b65b11a57ae6 HTTP/1.1" status: 200 len: 1003 time: 0.0846128
2026-06-14 00:05:05.613 9 INFO neutron.wsgi [None req-572bccd4-1b29-4b0d-99d9-3f5e501f12d4 0badf3674b824baf9deb0d3b13eef2c5 85afb4b5014f42358a55eb5080f7a039 - - default default] 199.204.45.95 "GET /v2.0/subnets/a615a409-0db7-4de5-95cc-996588ddfa2c HTTP/1.1" status: 200 len: 851 time: 0.0373347
2026-06-14 00:05:05.648 9 INFO neutron.wsgi [req-e5ec7f74-80c6-4d9b-9c2f-d89d1c4626b9 req-dbf25ac1-86e2-4715-a35a-ab12a3e7ccec 326affdcbef54fcf91d2ce6f747d6909 6cdd55410299440194f68e01f06829eb - - 43d848d5152f49aa96a22434d33eb6cf 43d848d5152f49aa96a22434d33eb6cf] 199.204.45.95 "GET /v2.0/floatingips?fixed_ip_address=10.2.1.141&port_id=f32ea739-4699-4d4f-90cf-7e59103fc6bb HTTP/1.1" status: 200 len: 217 time: 0.0313931
2026-06-14 00:05:05.705 9 INFO neutron.wsgi [req-e5ec7f74-80c6-4d9b-9c2f-d89d1c4626b9 req-e9f794f9-5e87-4a4c-a300-1eb87bf70909 326affdcbef54fcf91d2ce6f747d6909 6cdd55410299440194f68e01f06829eb - - 43d848d5152f49aa96a22434d33eb6cf 43d848d5152f49aa96a22434d33eb6cf] 199.204.45.95 "GET /v2.0/subnets?id=dfcf5166-9a7b-4beb-80b6-266cc2a79d8d HTTP/1.1" status: 200 len: 851 time: 0.0453274
2026-06-14 00:05:05.710 9 INFO neutron.wsgi [None req-44c6b63d-7e7c-4a74-8a79-8950bf3b1f95 0badf3674b824baf9deb0d3b13eef2c5 85afb4b5014f42358a55eb5080f7a039 - - default default] 199.204.45.95 "GET /v2.0/networks/2ecb87ae-a075-4947-b74e-a1071d2ddf50 HTTP/1.1" status: 200 len: 1001 time: 0.0932226
2026-06-14 00:05:05.757 9 INFO neutron.wsgi [req-e5ec7f74-80c6-4d9b-9c2f-d89d1c4626b9 req-b3e6872a-41ea-4707-978a-94454cdbd924 326affdcbef54fcf91d2ce6f747d6909 6cdd55410299440194f68e01f06829eb - - 43d848d5152f49aa96a22434d33eb6cf 43d848d5152f49aa96a22434d33eb6cf] 199.204.45.95 "GET /v2.0/ports?network_id=ee9041ba-2977-4bb9-b20b-b65b11a57ae6&device_owner=network%3Adhcp HTTP/1.1" status: 200 len: 210 time: 0.0463986
2026-06-14 00:05:05.768 9 INFO neutron.wsgi [None req-dd30912c-d87f-4cda-a551-0520ad8e9b31 0badf3674b824baf9deb0d3b13eef2c5 85afb4b5014f42358a55eb5080f7a039 - - default default] 199.204.45.95 "GET /v2.0/ports/47eba68a-7a2e-4a2f-b828-68fbf90ed332 HTTP/1.1" status: 200 len: 1340 time: 0.0495868
2026-06-14 00:05:05.822 9 INFO neutron.wsgi [None req-58553db0-0a0a-4c5f-828d-49b097f3c48d 0badf3674b824baf9deb0d3b13eef2c5 85afb4b5014f42358a55eb5080f7a039 - - default default] 199.204.45.95 "GET /v2.0/subnets/a615a409-0db7-4de5-95cc-996588ddfa2c HTTP/1.1" status: 200 len: 851 time: 0.0441334
2026-06-14 00:05:05.846 9 INFO neutron.wsgi [req-e5ec7f74-80c6-4d9b-9c2f-d89d1c4626b9 req-9eed8707-aae3-410e-b5dc-0c0fbd48d8f1 326affdcbef54fcf91d2ce6f747d6909 6cdd55410299440194f68e01f06829eb - - 43d848d5152f49aa96a22434d33eb6cf 43d848d5152f49aa96a22434d33eb6cf] 199.204.45.95 "GET /v2.0/networks/ee9041ba-2977-4bb9-b20b-b65b11a57ae6?fields=segments HTTP/1.1" status: 200 len: 212 time: 0.0771973
2026-06-14 00:05:05.931 9 INFO neutron.wsgi [req-e5ec7f74-80c6-4d9b-9c2f-d89d1c4626b9 req-9bf87be6-da76-4a3e-b871-c4295859ec3c 326affdcbef54fcf91d2ce6f747d6909 6cdd55410299440194f68e01f06829eb - - 43d848d5152f49aa96a22434d33eb6cf 43d848d5152f49aa96a22434d33eb6cf] 199.204.45.95 "GET /v2.0/networks/ee9041ba-2977-4bb9-b20b-b65b11a57ae6?fields=provider%3Aphysical_network&fields=provider%3Anetwork_type HTTP/1.1" status: 200 len: 277 time: 0.0787301
2026-06-14 00:05:06.549 10 INFO neutron.notifiers.nova [-] Nova event matching ['req-99425d9b-8359-4c4b-b2ff-41cf01218c28'] response: {'server_uuid': '7b0ece7f-0f1c-41b3-824b-e76636a548ac', 'name': 'network-vif-plugged', 'status': 'completed', 'tag': 'f32ea739-4699-4d4f-90cf-7e59103fc6bb', 'code': 200} /var/lib/openstack/lib/python3.10/site-packages/pycadf/identifier.py:71: UserWarning: Invalid uuid: neutron. To ensure interoperability, identifiers should be a valid uuid. warnings.warn(('Invalid uuid: %s. To ensure interoperability, '
2026-06-14 00:05:12.011 10 INFO neutron.wsgi [None req-75d1c475-7a1a-4a01-a39a-787fc36274ec 0badf3674b824baf9deb0d3b13eef2c5 85afb4b5014f42358a55eb5080f7a039 - - default default] 10.0.0.56 "GET /v2.0/extensions/security-group HTTP/1.1" status: 200 len: 369 time: 0.0515046
2026-06-14 00:05:12.025 10 INFO neutron.wsgi [None req-9ffebe23-3b27-4e27-8dac-af8689d61244 0badf3674b824baf9deb0d3b13eef2c5 85afb4b5014f42358a55eb5080f7a039 - - default default] 10.0.0.56 "GET /v2.0/extensions/dns-integration HTTP/1.1" status: 200 len: 371 time: 0.0047505
2026-06-14 00:05:12.034 10 INFO neutron.wsgi [None req-cdd827c5-e392-410d-b685-48dba7509831 0badf3674b824baf9deb0d3b13eef2c5 85afb4b5014f42358a55eb5080f7a039 - - default default] 10.0.0.56 "GET /v2.0/extensions/qos HTTP/1.1" status: 200 len: 365 time: 0.0053115
2026-06-14 00:05:12.044 10 INFO neutron.wsgi [None req-22804df4-8a24-4608-bad7-7767febaba55 0badf3674b824baf9deb0d3b13eef2c5 85afb4b5014f42358a55eb5080f7a039 - - default default] 10.0.0.56 "GET /v2.0/extensions/allowed-address-pairs HTTP/1.1" status: 200 len: 383 time: 0.0046065
2026-06-14 00:05:12.515 9 INFO neutron.wsgi [-] 10.0.0.56 "GET / HTTP/1.1" status: 200 len: 284 time: 0.0028691
2026-06-14 00:05:12.571 9 INFO neutron.wsgi [None req-5af85204-6c3e-4b39-b5bf-55f4483034bd eb84268e60314e8ab91f3533b7974fd7 96ea2e2f03084c5c90d0ebcf3bea5b43 - - default default] 10.0.0.56 "GET /v2.0/subnets/dbae9d89-2e92-4ede-b073-5a8344ac297e HTTP/1.1" status: 200 len: 830 time: 0.0391016
2026-06-14 00:05:13.050 10 INFO neutron.wsgi [-] 10.0.0.39 "GET / HTTP/1.1" status: 200 len: 247 time: 0.0024889
2026-06-14 00:05:13.050 9 INFO neutron.wsgi [-] 10.0.0.39 "GET / HTTP/1.1" status: 200 len: 247 time: 0.0027080
2026-06-14 00:05:13.133 9 INFO neutron.wsgi [None req-b5b03edf-7450-4b36-80b2-a223b4ee8ed9 0badf3674b824baf9deb0d3b13eef2c5 85afb4b5014f42358a55eb5080f7a039 - - default default] 199.204.45.95 "GET /v2.0/extensions/security-group HTTP/1.1" status: 200 len: 369 time: 0.0068483
2026-06-14 00:05:13.141 9 INFO neutron.wsgi [None req-6c467cc7-860c-4023-a344-f543085bf3b4 0badf3674b824baf9deb0d3b13eef2c5 85afb4b5014f42358a55eb5080f7a039 - - default default] 199.204.45.95 "GET /v2.0/extensions/dns-integration HTTP/1.1" status: 200 len: 371 time: 0.0043089
2026-06-14 00:05:13.150 9 INFO neutron.wsgi [None req-b3614006-e4a4-4d42-af57-dbac67b469bf 0badf3674b824baf9deb0d3b13eef2c5 85afb4b5014f42358a55eb5080f7a039 - - default default] 199.204.45.95 "GET /v2.0/extensions/qos HTTP/1.1" status: 200 len: 365 time: 0.0053375
2026-06-14 00:05:13.158 9 INFO neutron.wsgi [None req-96812c98-3468-4639-8ec4-58f3b110b496 0badf3674b824baf9deb0d3b13eef2c5 85afb4b5014f42358a55eb5080f7a039 - - default default] 199.204.45.95 "GET /v2.0/extensions/allowed-address-pairs HTTP/1.1" status: 200 len: 383 time: 0.0045836
2026-06-14 00:05:13.191 9 INFO neutron.wsgi [None req-608e36b9-3622-46f9-8abd-b8fbc067e77a 0badf3674b824baf9deb0d3b13eef2c5 85afb4b5014f42358a55eb5080f7a039 - - default default] 199.204.45.95 "GET /v2.0/subnets/dfcf5166-9a7b-4beb-80b6-266cc2a79d8d HTTP/1.1" status: 200 len: 848 time: 0.0282586
2026-06-14 00:05:13.231 9 INFO neutron.wsgi [None req-4a3aa6f2-0709-4991-b18b-ef91b111b49e 0badf3674b824baf9deb0d3b13eef2c5 85afb4b5014f42358a55eb5080f7a039 - - default default] 199.204.45.95 "GET /v2.0/subnets/dbae9d89-2e92-4ede-b073-5a8344ac297e HTTP/1.1" status: 200 len: 848 time: 0.0320652
2026-06-14 00:05:13.284 9 INFO neutron.wsgi [None req-2f7a1dc5-0043-46c7-a436-85b9871f3b67 0badf3674b824baf9deb0d3b13eef2c5 85afb4b5014f42358a55eb5080f7a039 - - default default] 199.204.45.95 "GET /v2.0/ports?device_id=7b0ece7f-0f1c-41b3-824b-e76636a548ac HTTP/1.1" status: 200 len: 3922 time: 0.0475152
2026-06-14 00:05:13.430 9 INFO neutron.wsgi [None req-b066db10-cdfc-40a4-b750-82df83841044 0badf3674b824baf9deb0d3b13eef2c5 85afb4b5014f42358a55eb5080f7a039 - - default default] 199.204.45.95 "GET /v2.0/extensions/security-group HTTP/1.1" status: 200 len: 369 time: 0.0063374
2026-06-14 00:05:13.438 9 INFO neutron.wsgi [None req-fbe22f77-fed8-4ae3-b4fa-0a5b9d662371 0badf3674b824baf9deb0d3b13eef2c5 85afb4b5014f42358a55eb5080f7a039 - - default default] 199.204.45.95 "GET /v2.0/extensions/dns-integration HTTP/1.1" status: 200 len: 371 time: 0.0044882
2026-06-14 00:05:13.446 9 INFO neutron.wsgi [None req-5f8f8e42-f8c1-4479-afae-b31e7f0316fc 0badf3674b824baf9deb0d3b13eef2c5 85afb4b5014f42358a55eb5080f7a039 - - default default] 199.204.45.95 "GET /v2.0/extensions/qos HTTP/1.1" status: 200 len: 365 time: 0.0043743
2026-06-14 00:05:13.454 9 INFO neutron.wsgi [None req-a16c9c4f-14af-4c59-bcaa-c7317889a72c 0badf3674b824baf9deb0d3b13eef2c5 85afb4b5014f42358a55eb5080f7a039 - - default default] 199.204.45.95 "GET /v2.0/extensions/allowed-address-pairs HTTP/1.1" status: 200 len: 383 time: 0.0039532
2026-06-14 00:05:13.605 9 INFO neutron.wsgi [req-03dc71db-1d61-49cc-a39c-a0579516f3d5 req-5f1bc0c3-363f-428e-a27e-3f66dc15135f 326affdcbef54fcf91d2ce6f747d6909 6cdd55410299440194f68e01f06829eb - - 43d848d5152f49aa96a22434d33eb6cf 43d848d5152f49aa96a22434d33eb6cf] 199.204.45.95 "GET /v2.0/networks/58d21ebe-3bf7-471e-99f2-06c694364a0a?fields=segments HTTP/1.1" status: 200 len: 212 time: 0.0571394
2026-06-14 00:05:13.664 9 INFO neutron.wsgi [req-03dc71db-1d61-49cc-a39c-a0579516f3d5 req-fb67b46a-d98b-43d6-9a16-3b22b49c4468 326affdcbef54fcf91d2ce6f747d6909 6cdd55410299440194f68e01f06829eb - - 43d848d5152f49aa96a22434d33eb6cf 43d848d5152f49aa96a22434d33eb6cf] 199.204.45.95 "GET /v2.0/networks/58d21ebe-3bf7-471e-99f2-06c694364a0a?fields=provider%3Aphysical_network&fields=provider%3Anetwork_type HTTP/1.1" status: 200 len: 277 time: 0.0520394
2026-06-14 00:05:13.759 9 INFO neutron.wsgi [req-03dc71db-1d61-49cc-a39c-a0579516f3d5 req-8cc56726-4362-4670-a614-9b0b34c878bc 0badf3674b824baf9deb0d3b13eef2c5 85afb4b5014f42358a55eb5080f7a039 - - default default] 199.204.45.95 "GET /v2.0/networks?id=58d21ebe-3bf7-471e-99f2-06c694364a0a HTTP/1.1" status: 200 len: 1002 time: 0.0733330
2026-06-14 00:05:14.053 9 WARNING neutron.scheduler.dhcp_agent_scheduler [req-03dc71db-1d61-49cc-a39c-a0579516f3d5 req-0b659e3b-c0b9-4a51-a029-b946cab74c6e 0badf3674b824baf9deb0d3b13eef2c5 85afb4b5014f42358a55eb5080f7a039 - - default default] No more DHCP agents
2026-06-14 00:05:14.055 9 WARNING neutron.api.rpc.agentnotifiers.dhcp_rpc_agent_api [req-03dc71db-1d61-49cc-a39c-a0579516f3d5 req-0b659e3b-c0b9-4a51-a029-b946cab74c6e 0badf3674b824baf9deb0d3b13eef2c5 85afb4b5014f42358a55eb5080f7a039 - - default default] Unable to schedule network 58d21ebe-3bf7-471e-99f2-06c694364a0a: no agents available; will retry on subsequent port and subnet creation events.
2026-06-14 00:05:14.227 9 INFO neutron.db.ovn_revision_numbers_db [req-03dc71db-1d61-49cc-a39c-a0579516f3d5 req-0b659e3b-c0b9-4a51-a029-b946cab74c6e 0badf3674b824baf9deb0d3b13eef2c5 85afb4b5014f42358a55eb5080f7a039 - - default default] Successfully bumped revision number for resource 79f39749-0a27-4b27-90cf-70a66563c24f (type: ports) to 1
2026-06-14 00:05:14.248 9 INFO neutron.wsgi [req-03dc71db-1d61-49cc-a39c-a0579516f3d5 req-0b659e3b-c0b9-4a51-a029-b946cab74c6e 0badf3674b824baf9deb0d3b13eef2c5 85afb4b5014f42358a55eb5080f7a039 - - default default] 199.204.45.95 "POST /v2.0/ports HTTP/1.1" status: 201 len: 1508 time: 0.4851112 /var/lib/openstack/lib/python3.10/site-packages/pycadf/identifier.py:71: UserWarning: Invalid uuid: neutron. To ensure interoperability, identifiers should be a valid uuid. warnings.warn(('Invalid uuid: %s. To ensure interoperability, '
2026-06-14 00:05:14.659 9 INFO neutron.db.ovn_revision_numbers_db [req-03dc71db-1d61-49cc-a39c-a0579516f3d5 req-d8cf75e0-2c32-45d5-bad0-1134cc0f285e 326affdcbef54fcf91d2ce6f747d6909 6cdd55410299440194f68e01f06829eb - - 43d848d5152f49aa96a22434d33eb6cf 43d848d5152f49aa96a22434d33eb6cf] Successfully bumped revision number for resource 79f39749-0a27-4b27-90cf-70a66563c24f (type: ports) to 2
2026-06-14 00:05:14.880 9 INFO neutron.db.ovn_revision_numbers_db [req-03dc71db-1d61-49cc-a39c-a0579516f3d5 req-d8cf75e0-2c32-45d5-bad0-1134cc0f285e 326affdcbef54fcf91d2ce6f747d6909 6cdd55410299440194f68e01f06829eb - - 43d848d5152f49aa96a22434d33eb6cf 43d848d5152f49aa96a22434d33eb6cf] Successfully bumped revision number for resource 79f39749-0a27-4b27-90cf-70a66563c24f (type: ports) to 2
2026-06-14 00:05:14.896 9 INFO neutron.wsgi [req-03dc71db-1d61-49cc-a39c-a0579516f3d5 req-d8cf75e0-2c32-45d5-bad0-1134cc0f285e 326affdcbef54fcf91d2ce6f747d6909 6cdd55410299440194f68e01f06829eb - - 43d848d5152f49aa96a22434d33eb6cf 43d848d5152f49aa96a22434d33eb6cf] 199.204.45.95 "PUT /v2.0/ports/79f39749-0a27-4b27-90cf-70a66563c24f HTTP/1.1" status: 200 len: 1605 time: 0.6415257 /var/lib/openstack/lib/python3.10/site-packages/pycadf/identifier.py:71: UserWarning: Invalid uuid: neutron. To ensure interoperability, identifiers should be a valid uuid. warnings.warn(('Invalid uuid: %s. To ensure interoperability, '
2026-06-14 00:05:14.939 9 INFO neutron.notifiers.nova [-] Nova event matching ['req-fa10479d-f520-42ee-83a0-bf63bb2fcd8b'] response: {'name': 'network-changed', 'server_uuid': '7b0ece7f-0f1c-41b3-824b-e76636a548ac', 'tag': '79f39749-0a27-4b27-90cf-70a66563c24f', 'status': 'completed', 'code': 200}
2026-06-14 00:05:14.979 9 INFO neutron.wsgi [req-03dc71db-1d61-49cc-a39c-a0579516f3d5 req-39fe0179-f20c-4714-a1e7-9ebdf34580d6 326affdcbef54fcf91d2ce6f747d6909 6cdd55410299440194f68e01f06829eb - - 43d848d5152f49aa96a22434d33eb6cf 43d848d5152f49aa96a22434d33eb6cf] 199.204.45.95 "GET /v2.0/ports?tenant_id=85afb4b5014f42358a55eb5080f7a039&device_id=7b0ece7f-0f1c-41b3-824b-e76636a548ac HTTP/1.1" status: 200 len: 5347 time: 0.0528624
2026-06-14 00:05:15.010 9 INFO neutron.wsgi [req-03dc71db-1d61-49cc-a39c-a0579516f3d5 req-83a41a18-56e6-4142-8173-7dd45293f52c 326affdcbef54fcf91d2ce6f747d6909 6cdd55410299440194f68e01f06829eb - - 43d848d5152f49aa96a22434d33eb6cf 43d848d5152f49aa96a22434d33eb6cf] 199.204.45.95 "GET /v2.0/floatingips?fixed_ip_address=172.24.3.232&port_id=4376f2d1-3a06-4526-aebc-a065d4e0cbd2 HTTP/1.1" status: 200 len: 217 time: 0.0235965
2026-06-14 00:05:15.052 9 INFO neutron.wsgi [req-03dc71db-1d61-49cc-a39c-a0579516f3d5 req-1f3878cf-3d5f-40ac-9bf1-7243dccb833e 326affdcbef54fcf91d2ce6f747d6909 6cdd55410299440194f68e01f06829eb - - 43d848d5152f49aa96a22434d33eb6cf 43d848d5152f49aa96a22434d33eb6cf] 199.204.45.95 "GET /v2.0/subnets?id=170d966e-5aa0-4925-9a62-d52ab651ea4e HTTP/1.1" status: 200 len: 829 time: 0.0352325
2026-06-14 00:05:15.075 9 INFO neutron.wsgi [req-03dc71db-1d61-49cc-a39c-a0579516f3d5 req-be5b2ade-8fe3-4825-8a65-f5053bb42753 326affdcbef54fcf91d2ce6f747d6909 6cdd55410299440194f68e01f06829eb - - 43d848d5152f49aa96a22434d33eb6cf 43d848d5152f49aa96a22434d33eb6cf] 199.204.45.95 "GET /v2.0/ports?network_id=4f8ed778-e66d-4118-b888-452f473c1625&device_owner=network%3Adhcp HTTP/1.1" status: 200 len: 210 time: 0.0182402
2026-06-14 00:05:15.135 9 INFO neutron.wsgi [req-03dc71db-1d61-49cc-a39c-a0579516f3d5 req-0c869623-06b0-4b87-b6f8-0c4de50dbe30 326affdcbef54fcf91d2ce6f747d6909 6cdd55410299440194f68e01f06829eb - - 43d848d5152f49aa96a22434d33eb6cf 43d848d5152f49aa96a22434d33eb6cf] 199.204.45.95 "GET /v2.0/networks/4f8ed778-e66d-4118-b888-452f473c1625?fields=segments HTTP/1.1" status: 200 len: 212 time: 0.0539694
2026-06-14 00:05:15.212 9 INFO neutron.wsgi [req-03dc71db-1d61-49cc-a39c-a0579516f3d5 req-366bf05f-f430-4a5c-a9ff-cc7eb03cf2a0 326affdcbef54fcf91d2ce6f747d6909 6cdd55410299440194f68e01f06829eb - - 43d848d5152f49aa96a22434d33eb6cf 43d848d5152f49aa96a22434d33eb6cf] 199.204.45.95 "GET /v2.0/networks/4f8ed778-e66d-4118-b888-452f473c1625?fields=provider%3Aphysical_network&fields=provider%3Anetwork_type HTTP/1.1" status: 200 len: 277 time: 0.0685492
2026-06-14 00:05:15.243 9 INFO neutron.wsgi [req-03dc71db-1d61-49cc-a39c-a0579516f3d5 req-49f4433d-0a59-49e1-8ff7-c3b4429e4966 326affdcbef54fcf91d2ce6f747d6909 6cdd55410299440194f68e01f06829eb - - 43d848d5152f49aa96a22434d33eb6cf 43d848d5152f49aa96a22434d33eb6cf] 199.204.45.95 "GET /v2.0/floatingips?fixed_ip_address=10.1.1.59&port_id=82646d93-5f7d-4915-8ab6-2c71c7bb598a HTTP/1.1" status: 200 len: 217 time: 0.0241902
2026-06-14 00:05:15.281 9 INFO neutron.wsgi [req-03dc71db-1d61-49cc-a39c-a0579516f3d5 req-5fb691a4-0f2f-43ac-a5e0-38dd7d4c4b65 326affdcbef54fcf91d2ce6f747d6909 6cdd55410299440194f68e01f06829eb - - 43d848d5152f49aa96a22434d33eb6cf 43d848d5152f49aa96a22434d33eb6cf] 199.204.45.95 "GET /v2.0/subnets?id=a615a409-0db7-4de5-95cc-996588ddfa2c HTTP/1.1" status: 200 len: 854 time: 0.0321941
2026-06-14 00:05:15.311 9 INFO neutron.wsgi [req-03dc71db-1d61-49cc-a39c-a0579516f3d5 req-db8ee91a-bc41-4815-bdd6-d8917eb93563 326affdcbef54fcf91d2ce6f747d6909 6cdd55410299440194f68e01f06829eb - - 43d848d5152f49aa96a22434d33eb6cf 43d848d5152f49aa96a22434d33eb6cf] 199.204.45.95 "GET /v2.0/ports?network_id=2ecb87ae-a075-4947-b74e-a1071d2ddf50&device_owner=network%3Adhcp HTTP/1.1" status: 200 len: 210 time: 0.0240376
2026-06-14 00:05:15.373 9 INFO neutron.wsgi [req-03dc71db-1d61-49cc-a39c-a0579516f3d5 req-056ad587-63e1-4fee-b1da-2bb0a962b215 326affdcbef54fcf91d2ce6f747d6909 6cdd55410299440194f68e01f06829eb - - 43d848d5152f49aa96a22434d33eb6cf 43d848d5152f49aa96a22434d33eb6cf] 199.204.45.95 "GET /v2.0/networks/2ecb87ae-a075-4947-b74e-a1071d2ddf50?fields=segments HTTP/1.1" status: 200 len: 212 time: 0.0542219
2026-06-14 00:05:15.431 10 INFO neutron.wsgi [req-9c5f83ed-04e2-423a-b9bb-c35b57e13dd5 req-0982bc44-63ab-4575-8d95-e487672e7c6f 326affdcbef54fcf91d2ce6f747d6909 6cdd55410299440194f68e01f06829eb - - 43d848d5152f49aa96a22434d33eb6cf 43d848d5152f49aa96a22434d33eb6cf] 199.204.45.95 "GET /v2.0/ports?device_id=af6aceb3-ca33-4dca-a1a5-35be883758aa&fields=binding%3Ahost_id&fields=binding%3Avif_type HTTP/1.1" status: 200 len: 265 time: 0.0399685
2026-06-14 00:05:15.468 9 INFO neutron.wsgi [req-03dc71db-1d61-49cc-a39c-a0579516f3d5 req-901d8d35-bf62-497b-bec3-8787508fac45 326affdcbef54fcf91d2ce6f747d6909 6cdd55410299440194f68e01f06829eb - - 43d848d5152f49aa96a22434d33eb6cf 43d848d5152f49aa96a22434d33eb6cf] 199.204.45.95 "GET /v2.0/networks/2ecb87ae-a075-4947-b74e-a1071d2ddf50?fields=provider%3Aphysical_network&fields=provider%3Anetwork_type HTTP/1.1" status: 200 len: 277 time: 0.0873861
2026-06-14 00:05:15.495 9 INFO neutron.wsgi [req-03dc71db-1d61-49cc-a39c-a0579516f3d5 req-6bb78915-2c87-47a5-9f9c-df0a5880aba5 326affdcbef54fcf91d2ce6f747d6909 6cdd55410299440194f68e01f06829eb - - 43d848d5152f49aa96a22434d33eb6cf 43d848d5152f49aa96a22434d33eb6cf] 199.204.45.95 "GET /v2.0/floatingips?fixed_ip_address=10.2.1.141&port_id=f32ea739-4699-4d4f-90cf-7e59103fc6bb HTTP/1.1" status: 200 len: 217 time: 0.0215418
2026-06-14 00:05:15.529 9 INFO neutron.wsgi [req-03dc71db-1d61-49cc-a39c-a0579516f3d5 req-e38b7a40-9f33-4977-93c8-fa4955fa5008 326affdcbef54fcf91d2ce6f747d6909 6cdd55410299440194f68e01f06829eb - - 43d848d5152f49aa96a22434d33eb6cf 43d848d5152f49aa96a22434d33eb6cf] 199.204.45.95 "GET /v2.0/subnets?id=dfcf5166-9a7b-4beb-80b6-266cc2a79d8d HTTP/1.1" status: 200 len: 851 time: 0.0282397
2026-06-14 00:05:15.551 9 INFO neutron.wsgi [req-03dc71db-1d61-49cc-a39c-a0579516f3d5 req-904c30dd-1e04-4b46-91be-2df76f9322b1 326affdcbef54fcf91d2ce6f747d6909 6cdd55410299440194f68e01f06829eb - - 43d848d5152f49aa96a22434d33eb6cf 43d848d5152f49aa96a22434d33eb6cf] 199.204.45.95 "GET /v2.0/ports?network_id=ee9041ba-2977-4bb9-b20b-b65b11a57ae6&device_owner=network%3Adhcp HTTP/1.1" status: 200 len: 210 time: 0.0182929
2026-06-14 00:05:15.795 10 INFO neutron.wsgi [req-9c5f83ed-04e2-423a-b9bb-c35b57e13dd5 req-9b2334ff-93b0-43b3-bc9e-3d1e22545caf 326affdcbef54fcf91d2ce6f747d6909 6cdd55410299440194f68e01f06829eb - - 43d848d5152f49aa96a22434d33eb6cf 43d848d5152f49aa96a22434d33eb6cf] 199.204.45.95 "GET /v2.0/ports?tenant_id=96ea2e2f03084c5c90d0ebcf3bea5b43&device_id=af6aceb3-ca33-4dca-a1a5-35be883758aa HTTP/1.1" status: 200 len: 1642 time: 0.3437278
2026-06-14 00:05:15.874 10 INFO neutron.wsgi [req-9c5f83ed-04e2-423a-b9bb-c35b57e13dd5 req-75ada102-8fd1-4cca-a93c-8cd52234ff50 326affdcbef54fcf91d2ce6f747d6909 6cdd55410299440194f68e01f06829eb - - 43d848d5152f49aa96a22434d33eb6cf 43d848d5152f49aa96a22434d33eb6cf] 199.204.45.95 "GET /v2.0/networks?id=58d21ebe-3bf7-471e-99f2-06c694364a0a HTTP/1.1" status: 200 len: 1002 time: 0.0625262
2026-06-14 00:05:15.923 9 INFO neutron.wsgi [req-03dc71db-1d61-49cc-a39c-a0579516f3d5 req-7910c4bf-4324-49ed-9d85-3a601af88463 326affdcbef54fcf91d2ce6f747d6909 6cdd55410299440194f68e01f06829eb - - 43d848d5152f49aa96a22434d33eb6cf 43d848d5152f49aa96a22434d33eb6cf] 199.204.45.95 "GET /v2.0/networks/ee9041ba-2977-4bb9-b20b-b65b11a57ae6?fields=segments HTTP/1.1" status: 200 len: 212 time: 0.3672490
2026-06-14 00:05:15.943 10 INFO neutron.wsgi [req-9c5f83ed-04e2-423a-b9bb-c35b57e13dd5 req-f1f62de2-b546-409e-8969-74ad7319fe15 326affdcbef54fcf91d2ce6f747d6909 6cdd55410299440194f68e01f06829eb - - 43d848d5152f49aa96a22434d33eb6cf 43d848d5152f49aa96a22434d33eb6cf] 199.204.45.95 "GET /v2.0/floatingips?fixed_ip_address=10.2.2.131&port_id=ac684954-af4f-4f62-8297-015a4ab56cd4 HTTP/1.1" status: 200 len: 1059 time: 0.0629220
2026-06-14 00:05:15.978 10 INFO neutron.wsgi [req-9c5f83ed-04e2-423a-b9bb-c35b57e13dd5 req-09b95674-60ee-4e23-8765-ad3ea58c90ee 326affdcbef54fcf91d2ce6f747d6909 6cdd55410299440194f68e01f06829eb - - 43d848d5152f49aa96a22434d33eb6cf 43d848d5152f49aa96a22434d33eb6cf] 199.204.45.95 "GET /v2.0/floatingips?fixed_ip_address=fd77%3A1457%3A4cf0%3A26a8%3A%3A30e&port_id=ac684954-af4f-4f62-8297-015a4ab56cd4 HTTP/1.1" status: 200 len: 217 time: 0.0280364
2026-06-14 00:05:16.007 9 INFO neutron.wsgi [req-03dc71db-1d61-49cc-a39c-a0579516f3d5 req-31f9f79c-c7c9-4c2b-b682-8cc81437a14b 326affdcbef54fcf91d2ce6f747d6909 6cdd55410299440194f68e01f06829eb - - 43d848d5152f49aa96a22434d33eb6cf 43d848d5152f49aa96a22434d33eb6cf] 199.204.45.95 "GET /v2.0/networks/ee9041ba-2977-4bb9-b20b-b65b11a57ae6?fields=provider%3Aphysical_network&fields=provider%3Anetwork_type HTTP/1.1" status: 200 len: 277 time: 0.0774195
2026-06-14 00:05:16.043 10 INFO neutron.wsgi [req-9c5f83ed-04e2-423a-b9bb-c35b57e13dd5 req-1e7a66e0-ad6b-4311-b40d-2c8ac408dea3 326affdcbef54fcf91d2ce6f747d6909 6cdd55410299440194f68e01f06829eb - - 43d848d5152f49aa96a22434d33eb6cf 43d848d5152f49aa96a22434d33eb6cf] 199.204.45.95 "GET /v2.0/subnets?id=e6355453-d41b-4484-870f-8f8777ec9b2a&id=dbae9d89-2e92-4ede-b073-5a8344ac297e HTTP/1.1" status: 200 len: 1566 time: 0.0581758
2026-06-14 00:05:16.062 9 INFO neutron.wsgi [req-03dc71db-1d61-49cc-a39c-a0579516f3d5 req-3fb34dd7-ffba-44e4-a104-39dc18402ab4 326affdcbef54fcf91d2ce6f747d6909 6cdd55410299440194f68e01f06829eb - - 43d848d5152f49aa96a22434d33eb6cf 43d848d5152f49aa96a22434d33eb6cf] 199.204.45.95 "GET /v2.0/floatingips?fixed_ip_address=10.2.2.112&port_id=79f39749-0a27-4b27-90cf-70a66563c24f HTTP/1.1" status: 200 len: 217 time: 0.0491669
2026-06-14 00:05:16.085 10 INFO neutron.wsgi [req-9c5f83ed-04e2-423a-b9bb-c35b57e13dd5 req-cec73927-f5a1-475c-a2bb-bad984be8080 326affdcbef54fcf91d2ce6f747d6909 6cdd55410299440194f68e01f06829eb - - 43d848d5152f49aa96a22434d33eb6cf 43d848d5152f49aa96a22434d33eb6cf] 199.204.45.95 "GET /v2.0/ports?network_id=58d21ebe-3bf7-471e-99f2-06c694364a0a&device_owner=network%3Adhcp HTTP/1.1" status: 200 len: 210 time: 0.0324476
2026-06-14 00:05:16.090 9 INFO neutron.wsgi [req-03dc71db-1d61-49cc-a39c-a0579516f3d5 req-ae364ca4-0ce4-402d-a628-f0b6b0dddcc0 326affdcbef54fcf91d2ce6f747d6909 6cdd55410299440194f68e01f06829eb - - 43d848d5152f49aa96a22434d33eb6cf 43d848d5152f49aa96a22434d33eb6cf] 199.204.45.95 "GET /v2.0/floatingips?fixed_ip_address=fd77%3A1457%3A4cf0%3A26a8%3A%3Aa9&port_id=79f39749-0a27-4b27-90cf-70a66563c24f HTTP/1.1" status: 200 len: 217 time: 0.0247769
2026-06-14 00:05:16.127 10 INFO neutron.wsgi [req-9c5f83ed-04e2-423a-b9bb-c35b57e13dd5 req-a3978500-599e-48a8-80fc-65eca507e528 326affdcbef54fcf91d2ce6f747d6909 6cdd55410299440194f68e01f06829eb - - 43d848d5152f49aa96a22434d33eb6cf 43d848d5152f49aa96a22434d33eb6cf] 199.204.45.95 "GET /v2.0/ports?network_id=58d21ebe-3bf7-471e-99f2-06c694364a0a&device_owner=network%3Adhcp HTTP/1.1" status: 200 len: 210 time: 0.0282578
2026-06-14 00:05:16.144 9 INFO neutron.wsgi [req-03dc71db-1d61-49cc-a39c-a0579516f3d5 req-6335665b-8f02-4057-a66d-fc8856d401d3 326affdcbef54fcf91d2ce6f747d6909 6cdd55410299440194f68e01f06829eb - - 43d848d5152f49aa96a22434d33eb6cf 43d848d5152f49aa96a22434d33eb6cf] 199.204.45.95 "GET /v2.0/subnets?id=e6355453-d41b-4484-870f-8f8777ec9b2a&id=dbae9d89-2e92-4ede-b073-5a8344ac297e HTTP/1.1" status: 200 len: 1566 time: 0.0435605
2026-06-14 00:05:16.167 9 INFO neutron.wsgi [req-03dc71db-1d61-49cc-a39c-a0579516f3d5 req-7544b4a9-ea10-4407-9c88-bec329306137 326affdcbef54fcf91d2ce6f747d6909 6cdd55410299440194f68e01f06829eb - - 43d848d5152f49aa96a22434d33eb6cf 43d848d5152f49aa96a22434d33eb6cf] 199.204.45.95 "GET /v2.0/ports?network_id=58d21ebe-3bf7-471e-99f2-06c694364a0a&device_owner=network%3Adhcp HTTP/1.1" status: 200 len: 210 time: 0.0188041
2026-06-14 00:05:16.188 9 INFO neutron.wsgi [req-03dc71db-1d61-49cc-a39c-a0579516f3d5 req-635bf138-bf21-4879-9a8a-a7ffde7adb1f 326affdcbef54fcf91d2ce6f747d6909 6cdd55410299440194f68e01f06829eb - - 43d848d5152f49aa96a22434d33eb6cf 43d848d5152f49aa96a22434d33eb6cf] 199.204.45.95 "GET /v2.0/ports?network_id=58d21ebe-3bf7-471e-99f2-06c694364a0a&device_owner=network%3Adhcp HTTP/1.1" status: 200 len: 210 time: 0.0155509
2026-06-14 00:05:16.196 10 INFO neutron.wsgi [req-9c5f83ed-04e2-423a-b9bb-c35b57e13dd5 req-a99e0800-15ce-4af8-9bc5-c9f8ded729d1 326affdcbef54fcf91d2ce6f747d6909 6cdd55410299440194f68e01f06829eb - - 43d848d5152f49aa96a22434d33eb6cf 43d848d5152f49aa96a22434d33eb6cf] 199.204.45.95 "GET /v2.0/networks/58d21ebe-3bf7-471e-99f2-06c694364a0a?fields=segments HTTP/1.1" status: 200 len: 212 time: 0.0609803
2026-06-14 00:05:16.250 9 INFO neutron.wsgi [req-03dc71db-1d61-49cc-a39c-a0579516f3d5 req-16061fc4-f266-4ef8-b177-e6e515809c8e 326affdcbef54fcf91d2ce6f747d6909 6cdd55410299440194f68e01f06829eb - - 43d848d5152f49aa96a22434d33eb6cf 43d848d5152f49aa96a22434d33eb6cf] 199.204.45.95 "GET /v2.0/networks/58d21ebe-3bf7-471e-99f2-06c694364a0a?fields=segments HTTP/1.1" status: 200 len: 212 time: 0.0555201
2026-06-14 00:05:16.264 10 INFO neutron.wsgi [req-9c5f83ed-04e2-423a-b9bb-c35b57e13dd5 req-8651aa26-1fdd-4240-8cf3-662bf797247e 326affdcbef54fcf91d2ce6f747d6909 6cdd55410299440194f68e01f06829eb - - 43d848d5152f49aa96a22434d33eb6cf 43d848d5152f49aa96a22434d33eb6cf] 199.204.45.95 "GET /v2.0/networks/58d21ebe-3bf7-471e-99f2-06c694364a0a?fields=provider%3Aphysical_network&fields=provider%3Anetwork_type HTTP/1.1" status: 200 len: 277 time: 0.0634179
2026-06-14 00:05:16.318 9 INFO neutron.wsgi [req-03dc71db-1d61-49cc-a39c-a0579516f3d5 req-86665eb8-7fd9-4210-92b7-633de530551b 326affdcbef54fcf91d2ce6f747d6909 6cdd55410299440194f68e01f06829eb - - 43d848d5152f49aa96a22434d33eb6cf 43d848d5152f49aa96a22434d33eb6cf] 199.204.45.95 "GET /v2.0/networks/58d21ebe-3bf7-471e-99f2-06c694364a0a?fields=provider%3Aphysical_network&fields=provider%3Anetwork_type HTTP/1.1" status: 200 len: 277 time: 0.0618360
2026-06-14 00:05:16.427 9 INFO neutron.wsgi [req-efabf714-3f08-4994-bf1f-16d748dbf8b3 req-860ef717-c2e4-4003-a8e1-7122de93c371 326affdcbef54fcf91d2ce6f747d6909 6cdd55410299440194f68e01f06829eb - - 43d848d5152f49aa96a22434d33eb6cf 43d848d5152f49aa96a22434d33eb6cf] 199.204.45.95 "GET /v2.0/ports?tenant_id=85afb4b5014f42358a55eb5080f7a039&device_id=7b0ece7f-0f1c-41b3-824b-e76636a548ac HTTP/1.1" status: 200 len: 5347 time: 0.0561490
2026-06-14 00:05:16.434 10 INFO neutron.plugins.ml2.drivers.ovn.mech_driver.mech_driver [None req-e6cf0876-a609-408f-8628-c2f6faf33b79 - - - - - -] OVN reports status up for port: 79f39749-0a27-4b27-90cf-70a66563c24f
2026-06-14 00:05:16.450 10 INFO neutron.plugins.ml2.plugin [None req-e6cf0876-a609-408f-8628-c2f6faf33b79 - - - - - -] Attempt 1 to provision port 79f39749-0a27-4b27-90cf-70a66563c24f
2026-06-14 00:05:16.491 9 INFO neutron.wsgi [req-efabf714-3f08-4994-bf1f-16d748dbf8b3 req-481222ce-9674-4131-8b8b-f5b6920fae26 326affdcbef54fcf91d2ce6f747d6909 6cdd55410299440194f68e01f06829eb - - 43d848d5152f49aa96a22434d33eb6cf 43d848d5152f49aa96a22434d33eb6cf] 199.204.45.95 "GET /v2.0/networks?id=58d21ebe-3bf7-471e-99f2-06c694364a0a HTTP/1.1" status: 200 len: 1002 time: 0.0561144
2026-06-14 00:05:16.537 9 INFO neutron.wsgi [req-efabf714-3f08-4994-bf1f-16d748dbf8b3 req-ebdd3e7d-935f-42d4-a73a-3ee222204cf8 326affdcbef54fcf91d2ce6f747d6909 6cdd55410299440194f68e01f06829eb - - 43d848d5152f49aa96a22434d33eb6cf 43d848d5152f49aa96a22434d33eb6cf] 199.204.45.95 "GET /v2.0/floatingips?fixed_ip_address=10.2.2.112&port_id=79f39749-0a27-4b27-90cf-70a66563c24f HTTP/1.1" status: 200 len: 217 time: 0.0351603
2026-06-14 00:05:16.566 9 INFO neutron.wsgi [req-efabf714-3f08-4994-bf1f-16d748dbf8b3 req-2095e878-a63d-4b3b-8d08-fd46fa01aab7 326affdcbef54fcf91d2ce6f747d6909 6cdd55410299440194f68e01f06829eb - - 43d848d5152f49aa96a22434d33eb6cf 43d848d5152f49aa96a22434d33eb6cf] 199.204.45.95 "GET /v2.0/floatingips?fixed_ip_address=fd77%3A1457%3A4cf0%3A26a8%3A%3Aa9&port_id=79f39749-0a27-4b27-90cf-70a66563c24f HTTP/1.1" status: 200 len: 217 time: 0.0207529
2026-06-14 00:05:16.590 10 INFO neutron.notifiers.nova [-] Nova event matching ['req-46e2449d-db16-4acc-ae35-71f7f7b45db4'] response: {'server_uuid': '7b0ece7f-0f1c-41b3-824b-e76636a548ac', 'name': 'network-vif-plugged', 'status': 'completed', 'tag': '79f39749-0a27-4b27-90cf-70a66563c24f', 'code': 200}
