2026-06-13 23:58:31.048 10 INFO neutron.db.ovn_revision_numbers_db [None req-74f59bab-85b9-4d64-9129-7ee7f2935e2a 89bd6caaa1254cfa925b687f9b3ffc83 6dec90ae427f4b64b0363ff3dcab3e03 - - default default] Successfully bumped revision number for resource c990a522-ddf1-455a-aabc-f0fcdeefa1b6 (type: routers) to 2
2026-06-13 23:58:31.065 10 INFO neutron.wsgi [None req-74f59bab-85b9-4d64-9129-7ee7f2935e2a 89bd6caaa1254cfa925b687f9b3ffc83 6dec90ae427f4b64b0363ff3dcab3e03 - - default default] 10.0.0.14 "POST /v2.0/routers HTTP/1.1" status: 201 len: 868 time: 1.5489843
2026-06-13 23:58:31.185 9 INFO neutron.wsgi [None req-37c64dbe-88f1-458d-8575-c76724c91f11 89bd6caaa1254cfa925b687f9b3ffc83 6dec90ae427f4b64b0363ff3dcab3e03 - - default default] 10.0.0.14 "GET /v2.0/routers/c990a522-ddf1-455a-aabc-f0fcdeefa1b6 HTTP/1.1" status: 200 len: 869 time: 0.1134887
2026-06-13 23:58:31.205 10 INFO neutron.wsgi [None req-7506578f-bb99-4f8c-8d1f-7ff97f509fb5 0badf3674b824baf9deb0d3b13eef2c5 85afb4b5014f42358a55eb5080f7a039 - - default default] 10.0.0.14 "DELETE /v2.0/security-groups/f002826c-31c1-45aa-a8ed-1b9f53131c8f HTTP/1.1" status: 204 len: 168 time: 0.1928163
2026-06-13 23:58:31.529 9 INFO neutron.wsgi [None req-4049ab3e-181a-42be-bae0-38cf8ebf66de 89bd6caaa1254cfa925b687f9b3ffc83 6dec90ae427f4b64b0363ff3dcab3e03 - - default default] 10.0.0.14 "GET /v2.0/routers HTTP/1.1" status: 200 len: 872 time: 0.3387969
2026-06-13 23:58:31.927 9 INFO neutron.wsgi [None req-415545ab-423e-4f49-815f-925d1b96c57d 0badf3674b824baf9deb0d3b13eef2c5 85afb4b5014f42358a55eb5080f7a039 - - default default] 10.0.0.14 "PUT /v2.0/routers/379c0a8f-cc79-413f-a80a-81e4cbfdb7ad/remove_router_interface HTTP/1.1" status: 200 len: 503 time: 1.5542018 /var/lib/openstack/lib/python3.10/site-packages/pycadf/identifier.py:71: UserWarning: Invalid uuid: neutron. To ensure interoperability, identifiers should be a valid uuid. warnings.warn(('Invalid uuid: %s. To ensure interoperability, '
2026-06-13 23:58:31.996 10 INFO neutron.db.ovn_revision_numbers_db [None req-45285823-9227-4e78-a305-70317ccc687e 89bd6caaa1254cfa925b687f9b3ffc83 6dec90ae427f4b64b0363ff3dcab3e03 - - default default] Successfully bumped revision number for resource c990a522-ddf1-455a-aabc-f0fcdeefa1b6 (type: routers) to 3
2026-06-13 23:58:32.003 10 INFO neutron.wsgi [None req-45285823-9227-4e78-a305-70317ccc687e 89bd6caaa1254cfa925b687f9b3ffc83 6dec90ae427f4b64b0363ff3dcab3e03 - - default default] 10.0.0.14 "PUT /v2.0/routers/c990a522-ddf1-455a-aabc-f0fcdeefa1b6 HTTP/1.1" status: 200 len: 876 time: 0.4665341
2026-06-13 23:58:32.072 10 INFO neutron.wsgi [None req-f4bde6be-0188-43d8-b104-f06010745522 89bd6caaa1254cfa925b687f9b3ffc83 6dec90ae427f4b64b0363ff3dcab3e03 - - default default] 10.0.0.14 "GET /v2.0/routers/c990a522-ddf1-455a-aabc-f0fcdeefa1b6 HTTP/1.1" status: 200 len: 876 time: 0.0655856
2026-06-13 23:58:32.102 9 INFO neutron.wsgi [None req-8c622cbc-a10a-4005-ae3e-7a6a44526899 89bd6caaa1254cfa925b687f9b3ffc83 6dec90ae427f4b64b0363ff3dcab3e03 - - default default] 10.0.0.14 "GET /v2.0/ports?device_id=c990a522-ddf1-455a-aabc-f0fcdeefa1b6 HTTP/1.1" status: 200 len: 205 time: 0.0251391
2026-06-13 23:58:33.033 10 WARNING neutron_lib.context [None req-4e8c1429-0354-48d4-b6c5-55c68c3cbf6f cca2f382bb694080b9261129c85f9e2a 291ca19d6aef4adb8aa55f803c4424a0 - - default default] Method 'is_advsvc' is deprecated since 2023.2 release (neutron-lib 3.8.0) and will be removed once support for the old RBAC API policies will be removed from Neutron. Please use method 'is_service_role' instead.
2026-06-13 23:58:33.081 9 WARNING neutron.plugins.ml2.drivers.ovn.mech_driver.ovsdb.ovn_client [None req-12b9eb48-e3c2-47ec-a464-21ef71433738 - - - - - -] No port found with ID 92a740f4-3449-4fa2-8ed0-64949547b8fa: RuntimeError: No port found with ID 92a740f4-3449-4fa2-8ed0-64949547b8fa
2026-06-13 23:58:33.081 9 INFO neutron.plugins.ml2.drivers.ovn.mech_driver.mech_driver [None req-12b9eb48-e3c2-47ec-a464-21ef71433738 - - - - - -] OVN reports status down for port: b699130a-d3fb-46f5-8f58-931261a00bc9
2026-06-13 23:58:33.166 10 INFO neutron.db.ovn_revision_numbers_db [None req-4e8c1429-0354-48d4-b6c5-55c68c3cbf6f cca2f382bb694080b9261129c85f9e2a 291ca19d6aef4adb8aa55f803c4424a0 - - default default] Successfully bumped revision number for resource f7f550d1-766f-43ac-a395-186b05492241 (type: security_groups) to 1
2026-06-13 23:58:33.179 10 INFO neutron.db.ovn_revision_numbers_db [None req-4e8c1429-0354-48d4-b6c5-55c68c3cbf6f cca2f382bb694080b9261129c85f9e2a 291ca19d6aef4adb8aa55f803c4424a0 - - default default] Successfully bumped revision number for resource 859abb0c-beb5-4c3a-b13e-b0f3fcece498 (type: security_group_rules) to 0
2026-06-13 23:58:33.191 10 INFO neutron.db.ovn_revision_numbers_db [None req-4e8c1429-0354-48d4-b6c5-55c68c3cbf6f cca2f382bb694080b9261129c85f9e2a 291ca19d6aef4adb8aa55f803c4424a0 - - default default] Successfully bumped revision number for resource 8e9fbb0e-6d41-4869-985c-3b92814238e2 (type: security_group_rules) to 0
2026-06-13 23:58:33.205 10 INFO neutron.db.ovn_revision_numbers_db [None req-4e8c1429-0354-48d4-b6c5-55c68c3cbf6f cca2f382bb694080b9261129c85f9e2a 291ca19d6aef4adb8aa55f803c4424a0 - - default default] Successfully bumped revision number for resource ea3911df-2e71-4bd6-b16d-7ae99af6f53a (type: security_group_rules) to 0
2026-06-13 23:58:33.223 10 INFO neutron.db.ovn_revision_numbers_db [None req-4e8c1429-0354-48d4-b6c5-55c68c3cbf6f cca2f382bb694080b9261129c85f9e2a 291ca19d6aef4adb8aa55f803c4424a0 - - default default] Successfully bumped revision number for resource f0627903-2c3e-4ca8-8080-d119a9c42a53 (type: security_group_rules) to 0
2026-06-13 23:58:33.229 9 INFO neutron.wsgi [None req-933e1967-8a12-48c8-b157-febabc7b4285 0badf3674b824baf9deb0d3b13eef2c5 85afb4b5014f42358a55eb5080f7a039 - - default default] 10.0.0.14 "DELETE /v2.0/routers/379c0a8f-cc79-413f-a80a-81e4cbfdb7ad HTTP/1.1" status: 204 len: 168 time: 1.2976356 /var/lib/openstack/lib/python3.10/site-packages/pycadf/identifier.py:71: UserWarning: Invalid uuid: neutron. To ensure interoperability, identifiers should be a valid uuid. warnings.warn(('Invalid uuid: %s. To ensure interoperability, '
2026-06-13 23:58:33.301 10 INFO neutron.db.ovn_revision_numbers_db [None req-4e8c1429-0354-48d4-b6c5-55c68c3cbf6f cca2f382bb694080b9261129c85f9e2a 291ca19d6aef4adb8aa55f803c4424a0 - - default default] Successfully bumped revision number for resource d462b1c8-ab24-42c1-9ffc-f8cbfb5e8b3e (type: security_groups) to 1
2026-06-13 23:58:33.314 10 INFO neutron.db.ovn_revision_numbers_db [None req-4e8c1429-0354-48d4-b6c5-55c68c3cbf6f cca2f382bb694080b9261129c85f9e2a 291ca19d6aef4adb8aa55f803c4424a0 - - default default] Successfully bumped revision number for resource 0c1d8235-ed01-457a-88fb-ff7282883ea2 (type: security_group_rules) to 0
2026-06-13 23:58:33.328 10 INFO neutron.db.ovn_revision_numbers_db [None req-4e8c1429-0354-48d4-b6c5-55c68c3cbf6f cca2f382bb694080b9261129c85f9e2a 291ca19d6aef4adb8aa55f803c4424a0 - - default default] Successfully bumped revision number for resource 67512d96-8a6f-400f-906a-3ff8fb9f758e (type: security_group_rules) to 0
2026-06-13 23:58:33.347 10 INFO neutron.wsgi [None req-4e8c1429-0354-48d4-b6c5-55c68c3cbf6f cca2f382bb694080b9261129c85f9e2a 291ca19d6aef4adb8aa55f803c4424a0 - - default default] 10.0.0.14 "POST /v2.0/security-groups HTTP/1.1" status: 201 len: 1760 time: 0.4711697
2026-06-13 23:58:33.390 10 INFO neutron.wsgi [None req-202f3cea-5363-40d4-9b53-1e99109ca273 cca2f382bb694080b9261129c85f9e2a 291ca19d6aef4adb8aa55f803c4424a0 - - default default] 10.0.0.14 "GET /v2.0/security-groups HTTP/1.1" status: 200 len: 4538 time: 0.0378211
2026-06-13 23:58:33.473 10 INFO neutron.db.ovn_revision_numbers_db [None req-2362a193-c40a-4ecd-8ef0-a65af7211a26 cca2f382bb694080b9261129c85f9e2a 291ca19d6aef4adb8aa55f803c4424a0 - - default default] Successfully bumped revision number for resource d462b1c8-ab24-42c1-9ffc-f8cbfb5e8b3e (type: security_groups) to 2
2026-06-13 23:58:33.476 10 INFO neutron.wsgi [None req-2362a193-c40a-4ecd-8ef0-a65af7211a26 cca2f382bb694080b9261129c85f9e2a 291ca19d6aef4adb8aa55f803c4424a0 - - default default] 10.0.0.14 "PUT /v2.0/security-groups/d462b1c8-ab24-42c1-9ffc-f8cbfb5e8b3e HTTP/1.1" status: 200 len: 1795 time: 0.0816569
2026-06-13 23:58:33.478 9 INFO neutron.wsgi [None req-07e07af2-f58e-4237-88b6-da8bf0652f8a 89bd6caaa1254cfa925b687f9b3ffc83 6dec90ae427f4b64b0363ff3dcab3e03 - - default default] 10.0.0.14 "DELETE /v2.0/routers/c990a522-ddf1-455a-aabc-f0fcdeefa1b6 HTTP/1.1" status: 204 len: 168 time: 1.3719566
2026-06-13 23:58:33.508 9 INFO neutron.wsgi [None req-cb59d45d-a5eb-4ec7-b6db-38d7346a22c3 89bd6caaa1254cfa925b687f9b3ffc83 6dec90ae427f4b64b0363ff3dcab3e03 - - default default] 10.0.0.14 "GET /v2.0/ports?device_id=c990a522-ddf1-455a-aabc-f0fcdeefa1b6 HTTP/1.1" status: 200 len: 205 time: 0.0231690
2026-06-13 23:58:33.517 10 INFO neutron.wsgi [None req-45bbbae8-06f9-45d0-8411-797993f589f2 cca2f382bb694080b9261129c85f9e2a 291ca19d6aef4adb8aa55f803c4424a0 - - default default] 10.0.0.14 "GET /v2.0/security-groups/d462b1c8-ab24-42c1-9ffc-f8cbfb5e8b3e HTTP/1.1" status: 200 len: 1795 time: 0.0348876
2026-06-13 23:58:33.537 9 INFO neutron.api.v2.resource [None req-67d9035e-ac3e-4cb7-b376-f2c49034b23a 89bd6caaa1254cfa925b687f9b3ffc83 6dec90ae427f4b64b0363ff3dcab3e03 - - default default] delete failed (client error): The resource could not be found.
2026-06-13 23:58:33.538 9 INFO neutron.wsgi [None req-67d9035e-ac3e-4cb7-b376-f2c49034b23a 89bd6caaa1254cfa925b687f9b3ffc83 6dec90ae427f4b64b0363ff3dcab3e03 - - default default] 10.0.0.14 "DELETE /v2.0/routers/c990a522-ddf1-455a-aabc-f0fcdeefa1b6 HTTP/1.1" status: 404 len: 336 time: 0.0240469
2026-06-13 23:58:33.567 9 INFO neutron.wsgi [None req-8e287670-6c65-453c-8dcd-b8ea523e63c8 89bd6caaa1254cfa925b687f9b3ffc83 6dec90ae427f4b64b0363ff3dcab3e03 - - default default] 10.0.0.14 "GET /v2.0/ports?device_id=7e4ecb3f-b775-485f-85a3-48ddfaa63705 HTTP/1.1" status: 200 len: 205 time: 0.0244350
2026-06-13 23:58:33.570 9 INFO neutron.wsgi [None req-85c1af20-6909-45aa-b539-8cb81062cb06 0badf3674b824baf9deb0d3b13eef2c5 85afb4b5014f42358a55eb5080f7a039 - - default default] 10.0.0.14 "DELETE /v2.0/subnets/934f1994-b0e2-495e-896e-5a9a1b0ba232 HTTP/1.1" status: 204 len: 168 time: 0.3342500
2026-06-13 23:58:33.595 9 INFO neutron.api.v2.resource [None req-b9125b82-d9ce-429f-a9bd-8e36bef946b5 89bd6caaa1254cfa925b687f9b3ffc83 6dec90ae427f4b64b0363ff3dcab3e03 - - default default] delete failed (client error): The resource could not be found.
2026-06-13 23:58:33.596 9 INFO neutron.wsgi [None req-b9125b82-d9ce-429f-a9bd-8e36bef946b5 89bd6caaa1254cfa925b687f9b3ffc83 6dec90ae427f4b64b0363ff3dcab3e03 - - default default] 10.0.0.14 "DELETE /v2.0/routers/7e4ecb3f-b775-485f-85a3-48ddfaa63705 HTTP/1.1" status: 404 len: 336 time: 0.0237575
2026-06-13 23:58:33.622 9 INFO neutron.pecan_wsgi.hooks.translation [None req-b1d22905-a545-4d39-9931-472744b45c73 89bd6caaa1254cfa925b687f9b3ffc83 6dec90ae427f4b64b0363ff3dcab3e03 - - default default] DELETE failed (client error): The resource could not be found.
2026-06-13 23:58:33.624 9 INFO neutron.wsgi [None req-b1d22905-a545-4d39-9931-472744b45c73 89bd6caaa1254cfa925b687f9b3ffc83 6dec90ae427f4b64b0363ff3dcab3e03 - - default default] 10.0.0.14 "DELETE /v2.0/subnets/944bc4a7-fc88-4ba9-8633-669308df26d3 HTTP/1.1" status: 404 len: 337 time: 0.0231926
2026-06-13 23:58:33.655 9 INFO neutron.wsgi [None req-ba9c4c1e-93e0-4816-b284-0916268490c2 89bd6caaa1254cfa925b687f9b3ffc83 6dec90ae427f4b64b0363ff3dcab3e03 - - default default] 10.0.0.14 "GET /v2.0/ports?device_id=0249440a-6b96-4219-8a0b-e046babde65a HTTP/1.1" status: 200 len: 205 time: 0.0248611
2026-06-13 23:58:33.656 10 INFO neutron.wsgi [None req-aec6599a-35da-4bac-9bc3-e3ac2a73b411 cca2f382bb694080b9261129c85f9e2a 291ca19d6aef4adb8aa55f803c4424a0 - - default default] 10.0.0.14 "DELETE /v2.0/security-groups/d462b1c8-ab24-42c1-9ffc-f8cbfb5e8b3e HTTP/1.1" status: 204 len: 168 time: 0.1348803
2026-06-13 23:58:33.693 9 INFO neutron.api.v2.resource [None req-48e2ce0f-c8ee-434f-9222-1fc380454a41 89bd6caaa1254cfa925b687f9b3ffc83 6dec90ae427f4b64b0363ff3dcab3e03 - - default default] delete failed (client error): The resource could not be found.
2026-06-13 23:58:33.695 9 INFO neutron.wsgi [None req-48e2ce0f-c8ee-434f-9222-1fc380454a41 89bd6caaa1254cfa925b687f9b3ffc83 6dec90ae427f4b64b0363ff3dcab3e03 - - default default] 10.0.0.14 "DELETE /v2.0/routers/0249440a-6b96-4219-8a0b-e046babde65a HTTP/1.1" status: 404 len: 336 time: 0.0339036
2026-06-13 23:58:33.714 10 INFO neutron.wsgi [None req-4050a8d7-b2ae-4eb3-a239-10598d057bbb cca2f382bb694080b9261129c85f9e2a 291ca19d6aef4adb8aa55f803c4424a0 - - default default] 10.0.0.14 "GET /v2.0/security-groups HTTP/1.1" status: 200 len: 2996 time: 0.0537431
2026-06-13 23:58:33.720 9 INFO neutron.pecan_wsgi.hooks.translation [None req-cd1c3ea7-7d37-42b1-a630-f9f315826374 89bd6caaa1254cfa925b687f9b3ffc83 6dec90ae427f4b64b0363ff3dcab3e03 - - default default] DELETE failed (client error): The resource could not be found.
2026-06-13 23:58:33.723 9 INFO neutron.wsgi [None req-cd1c3ea7-7d37-42b1-a630-f9f315826374 89bd6caaa1254cfa925b687f9b3ffc83 6dec90ae427f4b64b0363ff3dcab3e03 - - default default] 10.0.0.14 "DELETE /v2.0/subnets/33221646-0ffa-4d9e-8072-747db1097bbe HTTP/1.1" status: 404 len: 337 time: 0.0202718
2026-06-13 23:58:33.744 10 INFO neutron.api.v2.resource [None req-ddf995cd-a39a-46bf-b0ef-9536bd5c5b01 cca2f382bb694080b9261129c85f9e2a 291ca19d6aef4adb8aa55f803c4424a0 - - default default] delete failed (client error): The resource could not be found.
2026-06-13 23:58:33.745 10 INFO neutron.wsgi [None req-ddf995cd-a39a-46bf-b0ef-9536bd5c5b01 cca2f382bb694080b9261129c85f9e2a 291ca19d6aef4adb8aa55f803c4424a0 - - default default] 10.0.0.14 "DELETE /v2.0/security-groups/d462b1c8-ab24-42c1-9ffc-f8cbfb5e8b3e HTTP/1.1" status: 404 len: 347 time: 0.0262778
2026-06-13 23:58:33.760 9 WARNING neutron_lib.context [None req-81a11ed0-1d91-42c5-a1be-01ced33a4153 cca2f382bb694080b9261129c85f9e2a 291ca19d6aef4adb8aa55f803c4424a0 - - default default] Method 'is_advsvc' is deprecated since 2023.2 release (neutron-lib 3.8.0) and will be removed once support for the old RBAC API policies will be removed from Neutron. Please use method 'is_service_role' instead.
2026-06-13 23:58:33.766 9 INFO neutron.wsgi [None req-b2d44058-9ffa-4d80-bfb7-d2d54518db28 89bd6caaa1254cfa925b687f9b3ffc83 6dec90ae427f4b64b0363ff3dcab3e03 - - default default] 10.0.0.14 "GET /v2.0/ports?device_id=c294bf22-f1e0-4bad-9ba3-ea96970b22a9 HTTP/1.1" status: 200 len: 205 time: 0.0349529
2026-06-13 23:58:33.795 10 INFO neutron.api.v2.resource [None req-446a299d-090a-40a0-9a10-396fed4be3e9 89bd6caaa1254cfa925b687f9b3ffc83 6dec90ae427f4b64b0363ff3dcab3e03 - - default default] delete failed (client error): The resource could not be found.
2026-06-13 23:58:33.796 10 INFO neutron.wsgi [None req-446a299d-090a-40a0-9a10-396fed4be3e9 89bd6caaa1254cfa925b687f9b3ffc83 6dec90ae427f4b64b0363ff3dcab3e03 - - default default] 10.0.0.14 "DELETE /v2.0/routers/c294bf22-f1e0-4bad-9ba3-ea96970b22a9 HTTP/1.1" status: 404 len: 336 time: 0.0238712
2026-06-13 23:58:33.822 10 INFO neutron.pecan_wsgi.hooks.translation [None req-3e458dfc-3463-4427-8e40-b6600d494a04 89bd6caaa1254cfa925b687f9b3ffc83 6dec90ae427f4b64b0363ff3dcab3e03 - - default default] DELETE failed (client error): The resource could not be found.
2026-06-13 23:58:33.824 10 INFO neutron.wsgi [None req-3e458dfc-3463-4427-8e40-b6600d494a04 89bd6caaa1254cfa925b687f9b3ffc83 6dec90ae427f4b64b0363ff3dcab3e03 - - default default] 10.0.0.14 "DELETE /v2.0/subnets/1ad71c6e-8e51-4363-943f-4ed32394dbce HTTP/1.1" status: 404 len: 337 time: 0.0225642
2026-06-13 23:58:33.845 10 INFO neutron.pecan_wsgi.hooks.translation [None req-73491878-45b4-4129-b4f4-f541d6a479d8 89bd6caaa1254cfa925b687f9b3ffc83 6dec90ae427f4b64b0363ff3dcab3e03 - - default default] DELETE failed (client error): The resource could not be found.
2026-06-13 23:58:33.847 10 INFO neutron.wsgi [None req-73491878-45b4-4129-b4f4-f541d6a479d8 89bd6caaa1254cfa925b687f9b3ffc83 6dec90ae427f4b64b0363ff3dcab3e03 - - default default] 10.0.0.14 "DELETE /v2.0/subnets/24ef15ca-c452-4fce-aed6-32225a0e9b1c HTTP/1.1" status: 404 len: 337 time: 0.0167673
2026-06-13 23:58:33.879 9 INFO neutron.db.ovn_revision_numbers_db [None req-81a11ed0-1d91-42c5-a1be-01ced33a4153 cca2f382bb694080b9261129c85f9e2a 291ca19d6aef4adb8aa55f803c4424a0 - - default default] Successfully bumped revision number for resource 2101fe03-0253-451b-82b1-1e3c596e77b8 (type: security_groups) to 1
2026-06-13 23:58:33.893 9 INFO neutron.db.ovn_revision_numbers_db [None req-81a11ed0-1d91-42c5-a1be-01ced33a4153 cca2f382bb694080b9261129c85f9e2a 291ca19d6aef4adb8aa55f803c4424a0 - - default default] Successfully bumped revision number for resource 2dd41f34-e879-46bc-b4d2-21e05fb123a8 (type: security_group_rules) to 0
2026-06-13 23:58:33.907 9 INFO neutron.db.ovn_revision_numbers_db [None req-81a11ed0-1d91-42c5-a1be-01ced33a4153 cca2f382bb694080b9261129c85f9e2a 291ca19d6aef4adb8aa55f803c4424a0 - - default default] Successfully bumped revision number for resource 8b5d292d-00f3-4817-bf4e-4da910a39c80 (type: security_group_rules) to 0
2026-06-13 23:58:33.928 9 INFO neutron.wsgi [None req-81a11ed0-1d91-42c5-a1be-01ced33a4153 cca2f382bb694080b9261129c85f9e2a 291ca19d6aef4adb8aa55f803c4424a0 - - default default] 10.0.0.14 "POST /v2.0/security-groups HTTP/1.1" status: 201 len: 1761 time: 0.1735840
2026-06-13 23:58:33.945 10 WARNING neutron_lib.context [None req-45d5a01b-a88b-475e-82ef-7fca39766366 cca2f382bb694080b9261129c85f9e2a 291ca19d6aef4adb8aa55f803c4424a0 - - default default] Method 'is_advsvc' is deprecated since 2023.2 release (neutron-lib 3.8.0) and will be removed once support for the old RBAC API policies will be removed from Neutron. Please use method 'is_service_role' instead.
2026-06-13 23:58:33.948 10 INFO neutron.services.segments.plugin [-] Segment 815e0174-6771-4c13-8c0c-fcacddd36a5d resource provider aggregate not found
2026-06-13 23:58:33.954 10 INFO neutron.services.segments.plugin [-] Segment 815e0174-6771-4c13-8c0c-fcacddd36a5d resource provider aggregate not found
2026-06-13 23:58:33.970 10 INFO neutron.services.segments.plugin [-] Segment 815e0174-6771-4c13-8c0c-fcacddd36a5d resource provider not found; error: Placement Client Error (4xx): {"errors": [{"status": 404, "title": "Not Found", "detail": "The resource could not be found.\n\n No resource provider with uuid 815e0174-6771-4c13-8c0c-fcacddd36a5d found for delete ", "request_id": "req-52a0ff1b-768b-44b1-9c6a-4c68418e987f"}]}
2026-06-13 23:58:33.972 10 INFO neutron.services.segments.plugin [-] Segment 815e0174-6771-4c13-8c0c-fcacddd36a5d resource provider not found; error: Placement Client Error (4xx): {"errors": [{"status": 404, "title": "Not Found", "detail": "The resource could not be found.\n\n No resource provider with uuid 815e0174-6771-4c13-8c0c-fcacddd36a5d found for delete ", "request_id": "req-fad681df-e287-466c-9223-22a0321d97a0"}]}
2026-06-13 23:58:33.993 10 INFO neutron.wsgi [None req-196ffb88-fbda-4525-8596-29d4f0daff20 0badf3674b824baf9deb0d3b13eef2c5 85afb4b5014f42358a55eb5080f7a039 - - default default] 10.0.0.14 "DELETE /v2.0/networks/02349460-f5b8-485c-90fa-6de6c4173859 HTTP/1.1" status: 204 len: 168 time: 0.4189754
2026-06-13 23:58:34.105 10 INFO neutron.db.ovn_revision_numbers_db [None req-45d5a01b-a88b-475e-82ef-7fca39766366 cca2f382bb694080b9261129c85f9e2a 291ca19d6aef4adb8aa55f803c4424a0 - - default default] Successfully bumped revision number for resource 2927b64b-e494-43d6-bfd5-81aa8b274a89 (type: security_group_rules) to 0
2026-06-13 23:58:34.149 10 INFO neutron.wsgi [None req-45d5a01b-a88b-475e-82ef-7fca39766366 cca2f382bb694080b9261129c85f9e2a 291ca19d6aef4adb8aa55f803c4424a0 - - default default] 10.0.0.14 "POST /v2.0/security-group-rules HTTP/1.1" status: 201 len: 768 time: 0.2160921
2026-06-13 23:58:34.170 10 INFO neutron.wsgi [None req-ae5554d6-9936-403b-bd57-eabf0bc0da03 cca2f382bb694080b9261129c85f9e2a 291ca19d6aef4adb8aa55f803c4424a0 - - default default] 10.0.0.14 "GET /v2.0/security-group-rules/2927b64b-e494-43d6-bfd5-81aa8b274a89 HTTP/1.1" status: 200 len: 763 time: 0.0162179
2026-06-13 23:58:34.218 9 INFO neutron.wsgi [None req-5a6b25a8-d54e-46a8-b201-1b08f566254b 0badf3674b824baf9deb0d3b13eef2c5 85afb4b5014f42358a55eb5080f7a039 - - default default] 10.0.0.14 "GET /v2.0/security-groups?tenant_id=a7b164dfc40e43189cac3e2129133ce5&name=default HTTP/1.1" status: 200 len: 2996 time: 0.0393665
2026-06-13 23:58:34.223 10 INFO neutron.wsgi [None req-bb6c185b-68fb-4788-b0c3-28097f27302d cca2f382bb694080b9261129c85f9e2a 291ca19d6aef4adb8aa55f803c4424a0 - - default default] 10.0.0.14 "GET /v2.0/security-group-rules HTTP/1.1" status: 200 len: 4113 time: 0.0472631
2026-06-13 23:58:34.349 10 INFO neutron.wsgi [None req-a717c0f8-4bea-45a5-a87d-23b7ee4989ed cca2f382bb694080b9261129c85f9e2a 291ca19d6aef4adb8aa55f803c4424a0 - - default default] 10.0.0.14 "DELETE /v2.0/security-group-rules/2927b64b-e494-43d6-bfd5-81aa8b274a89 HTTP/1.1" status: 204 len: 168 time: 0.1208992
2026-06-13 23:58:34.399 10 INFO neutron.wsgi [None req-26aef9bf-5027-4177-8a4c-b87ab4637c93 cca2f382bb694080b9261129c85f9e2a 291ca19d6aef4adb8aa55f803c4424a0 - - default default] 10.0.0.14 "GET /v2.0/security-group-rules HTTP/1.1" status: 200 len: 3567 time: 0.0452342
2026-06-13 23:58:34.410 9 WARNING neutron_lib.context [None req-2779de8b-58b8-4480-85d8-7a78deebb671 cca2f382bb694080b9261129c85f9e2a 291ca19d6aef4adb8aa55f803c4424a0 - - default default] Method 'is_advsvc' is deprecated since 2023.2 release (neutron-lib 3.8.0) and will be removed once support for the old RBAC API policies will be removed from Neutron. Please use method 'is_service_role' instead.
2026-06-13 23:58:34.431 9 INFO neutron.wsgi [None req-50459317-cc37-4866-a6a3-ba08bb6a2000 0badf3674b824baf9deb0d3b13eef2c5 85afb4b5014f42358a55eb5080f7a039 - - default default] 10.0.0.14 "DELETE /v2.0/security-groups/abaa6aed-8f34-4d5a-b8c7-bd88a1205776 HTTP/1.1" status: 204 len: 168 time: 0.2090600
2026-06-13 23:58:34.531 9 INFO neutron.wsgi [None req-58fddff6-3c48-400b-806a-78a3d1c47ae9 0badf3674b824baf9deb0d3b13eef2c5 85afb4b5014f42358a55eb5080f7a039 - - default default] 10.0.0.14 "GET /v2.0/security-groups?tenant_id=6dec90ae427f4b64b0363ff3dcab3e03&name=default HTTP/1.1" status: 200 len: 2996 time: 0.1496549
2026-06-13 23:58:34.576 9 INFO neutron.db.ovn_revision_numbers_db [None req-2779de8b-58b8-4480-85d8-7a78deebb671 cca2f382bb694080b9261129c85f9e2a 291ca19d6aef4adb8aa55f803c4424a0 - - default default] Successfully bumped revision number for resource 49d2218c-1d1d-4818-aa10-f3df39d0107d (type: security_group_rules) to 0
2026-06-13 23:58:34.622 9 INFO neutron.wsgi [None req-2779de8b-58b8-4480-85d8-7a78deebb671 cca2f382bb694080b9261129c85f9e2a 291ca19d6aef4adb8aa55f803c4424a0 - - default default] 10.0.0.14 "POST /v2.0/security-group-rules HTTP/1.1" status: 201 len: 768 time: 0.2169354
2026-06-13 23:58:34.660 9 INFO neutron.wsgi [None req-17b481c3-7c36-46df-bb8c-28415689ab3e cca2f382bb694080b9261129c85f9e2a 291ca19d6aef4adb8aa55f803c4424a0 - - default default] 10.0.0.14 "GET /v2.0/security-group-rules/49d2218c-1d1d-4818-aa10-f3df39d0107d HTTP/1.1" status: 200 len: 763 time: 0.0312672
2026-06-13 23:58:34.741 9 INFO neutron.wsgi [None req-28b068c9-ea9a-4f50-b544-2f153aafa0a3 cca2f382bb694080b9261129c85f9e2a 291ca19d6aef4adb8aa55f803c4424a0 - - default default] 10.0.0.14 "GET /v2.0/security-group-rules HTTP/1.1" status: 200 len: 4113 time: 0.0752308
2026-06-13 23:58:34.878 9 INFO neutron.wsgi [None req-0849fa65-547b-4fa0-8506-61240af7a4ba 0badf3674b824baf9deb0d3b13eef2c5 85afb4b5014f42358a55eb5080f7a039 - - default default] 10.0.0.14 "DELETE /v2.0/security-groups/3485750d-e3e3-47ff-b4f4-8d7e083f1a40 HTTP/1.1" status: 204 len: 168 time: 0.3394725
2026-06-13 23:58:34.883 9 INFO neutron.wsgi [None req-9c29356c-8edc-44c9-bc17-f64e68c0aa64 cca2f382bb694080b9261129c85f9e2a 291ca19d6aef4adb8aa55f803c4424a0 - - default default] 10.0.0.14 "DELETE /v2.0/security-group-rules/49d2218c-1d1d-4818-aa10-f3df39d0107d HTTP/1.1" status: 204 len: 168 time: 0.1370552
2026-06-13 23:58:34.924 9 INFO neutron.wsgi [None req-7ea9ddf6-f3ab-43ba-b6cf-6e5fb5c85444 cca2f382bb694080b9261129c85f9e2a 291ca19d6aef4adb8aa55f803c4424a0 - - default default] 10.0.0.14 "GET /v2.0/security-group-rules HTTP/1.1" status: 200 len: 3567 time: 0.0362637
2026-06-13 23:58:34.932 9 WARNING neutron_lib.context [None req-b268af8a-4147-415b-8eb5-a0856771632c cca2f382bb694080b9261129c85f9e2a 291ca19d6aef4adb8aa55f803c4424a0 - - default default] Method 'is_advsvc' is deprecated since 2023.2 release (neutron-lib 3.8.0) and will be removed once support for the old RBAC API policies will be removed from Neutron. Please use method 'is_service_role' instead.
2026-06-13 23:58:34.949 9 INFO neutron.db.securitygroups_db [None req-b268af8a-4147-415b-8eb5-a0856771632c cca2f382bb694080b9261129c85f9e2a 291ca19d6aef4adb8aa55f803c4424a0 - - default default] Project 291ca19d6aef4adb8aa55f803c4424a0 added a security group rule with legacy IPv6 ICMP protocol name icmp, ipv6-icmp should be used instead. It was automatically converted.
2026-06-13 23:58:35.027 9 INFO neutron.db.ovn_revision_numbers_db [None req-b268af8a-4147-415b-8eb5-a0856771632c cca2f382bb694080b9261129c85f9e2a 291ca19d6aef4adb8aa55f803c4424a0 - - default default] Successfully bumped revision number for resource f14b6f54-601a-4206-b50f-9d42aa5cd928 (type: security_group_rules) to 0
2026-06-13 23:58:35.052 9 INFO neutron.wsgi [None req-b268af8a-4147-415b-8eb5-a0856771632c cca2f382bb694080b9261129c85f9e2a 291ca19d6aef4adb8aa55f803c4424a0 - - default default] 10.0.0.14 "POST /v2.0/security-group-rules HTTP/1.1" status: 201 len: 774 time: 0.1242042
2026-06-13 23:58:35.071 9 INFO neutron.wsgi [None req-140391dd-964f-4da8-af04-cc4e4c09d531 cca2f382bb694080b9261129c85f9e2a 291ca19d6aef4adb8aa55f803c4424a0 - - default default] 10.0.0.14 "GET /v2.0/security-group-rules/f14b6f54-601a-4206-b50f-9d42aa5cd928 HTTP/1.1" status: 200 len: 769 time: 0.0140088
2026-06-13 23:58:35.118 9 INFO neutron.wsgi [None req-7870ce99-cde0-487a-8e1d-4076acbeefe4 cca2f382bb694080b9261129c85f9e2a 291ca19d6aef4adb8aa55f803c4424a0 - - default default] 10.0.0.14 "GET /v2.0/security-group-rules HTTP/1.1" status: 200 len: 4119 time: 0.0417354
2026-06-13 23:58:35.239 9 INFO neutron.wsgi [None req-d8bb7092-a2e2-4e41-92a8-a833c045005c cca2f382bb694080b9261129c85f9e2a 291ca19d6aef4adb8aa55f803c4424a0 - - default default] 10.0.0.14 "DELETE /v2.0/security-group-rules/f14b6f54-601a-4206-b50f-9d42aa5cd928 HTTP/1.1" status: 204 len: 168 time: 0.1128561
2026-06-13 23:58:35.281 9 INFO neutron.wsgi [None req-8ad666c5-4e94-41ea-a131-0bc77f0f141e cca2f382bb694080b9261129c85f9e2a 291ca19d6aef4adb8aa55f803c4424a0 - - default default] 10.0.0.14 "GET /v2.0/security-group-rules HTTP/1.1" status: 200 len: 3567 time: 0.0373380
2026-06-13 23:58:35.390 9 INFO neutron.wsgi [None req-a244781b-573d-4f02-9419-2508114360a8 cca2f382bb694080b9261129c85f9e2a 291ca19d6aef4adb8aa55f803c4424a0 - - default default] 10.0.0.14 "DELETE /v2.0/security-groups/2101fe03-0253-451b-82b1-1e3c596e77b8 HTTP/1.1" status: 204 len: 168 time: 0.1034157
2026-06-13 23:58:35.436 9 INFO neutron.wsgi [None req-fe972ea0-928a-4601-ab8f-a798f02f4c8b cca2f382bb694080b9261129c85f9e2a 291ca19d6aef4adb8aa55f803c4424a0 - - default default] 10.0.0.14 "GET /v2.0/security-groups HTTP/1.1" status: 200 len: 2996 time: 0.0403826
2026-06-13 23:58:35.474 9 INFO neutron.wsgi [None req-a8ea33c4-a425-44c4-95fc-20c143463f79 cca2f382bb694080b9261129c85f9e2a 291ca19d6aef4adb8aa55f803c4424a0 - - default default] 10.0.0.14 "GET /v2.0/security-groups HTTP/1.1" status: 200 len: 2996 time: 0.0341284
2026-06-13 23:58:36.072 10 WARNING neutron.plugins.ml2.drivers.ovn.mech_driver.ovsdb.ovn_client [None req-e6cf0876-a609-408f-8628-c2f6faf33b79 - - - - - -] No port found with ID 325b956c-7fee-403b-8560-5b6e771e5cdb: RuntimeError: No port found with ID 325b956c-7fee-403b-8560-5b6e771e5cdb
2026-06-13 23:58:36.099 9 INFO neutron.wsgi [None req-20da1586-c91a-4c1c-a5f5-c328a61ae3ea 0badf3674b824baf9deb0d3b13eef2c5 85afb4b5014f42358a55eb5080f7a039 - - default default] 10.0.0.14 "GET /v2.0/security-groups?tenant_id=291ca19d6aef4adb8aa55f803c4424a0&name=default HTTP/1.1" status: 200 len: 2996 time: 0.1575141
2026-06-13 23:58:36.270 9 INFO neutron.wsgi [None req-3bffc8da-b581-4b03-be2a-77456df74d57 0badf3674b824baf9deb0d3b13eef2c5 85afb4b5014f42358a55eb5080f7a039 - - default default] 10.0.0.14 "DELETE /v2.0/security-groups/f7f550d1-766f-43ac-a395-186b05492241 HTTP/1.1" status: 204 len: 168 time: 0.1672170
2026-06-13 23:58:38.266 9 INFO neutron.wsgi [-] 10.0.0.14 "GET / HTTP/1.1" status: 200 len: 279 time: 0.0017362
2026-06-13 23:58:38.482 9 INFO neutron.wsgi [None req-f415df10-1911-4b61-af8d-0f90e40e9d44 a9df31854fb14628b6638eac5b3a2cfa e08172abcaed4956a291fe75f8ae852d - - default default] 10.0.0.14 "GET /v2.0/ HTTP/1.1" status: 200 len: 826 time: 0.2101297
2026-06-13 23:58:39.219 9 INFO neutron.wsgi [req-e0f75d96-22cf-4a69-a1f5-135a9ca62609 req-8a441a38-254e-4090-b854-d2a71a56e736 326affdcbef54fcf91d2ce6f747d6909 6cdd55410299440194f68e01f06829eb - - 43d848d5152f49aa96a22434d33eb6cf 43d848d5152f49aa96a22434d33eb6cf] 10.0.0.104 "GET /v2.0/ports?device_id=662247c6-c192-4fa9-b04c-4b57a5271f98 HTTP/1.1" status: 200 len: 1413 time: 0.0342603
2026-06-13 23:58:39.266 9 INFO neutron.wsgi [req-e0f75d96-22cf-4a69-a1f5-135a9ca62609 req-a7b9e2db-cf28-407c-8399-8e3afaaeb462 326affdcbef54fcf91d2ce6f747d6909 6cdd55410299440194f68e01f06829eb - - 43d848d5152f49aa96a22434d33eb6cf 43d848d5152f49aa96a22434d33eb6cf] 10.0.0.104 "GET /v2.0/security-groups?id=da9ff46f-fce9-45f6-a5cf-38ad44f96020&fields=id&fields=name HTTP/1.1" status: 200 len: 312 time: 0.0405900
2026-06-13 23:58:39.330 9 INFO neutron.db.ovn_revision_numbers_db [None req-7e2884b5-1fb9-41e5-aa88-47b838b81ef1 0badf3674b824baf9deb0d3b13eef2c5 85afb4b5014f42358a55eb5080f7a039 - - default default] Successfully bumped revision number for resource c9fe8561-31ba-4f8f-a32a-9057bbed3ac5 (type: security_groups) to 1
2026-06-13 23:58:39.344 9 INFO neutron.db.ovn_revision_numbers_db [None req-7e2884b5-1fb9-41e5-aa88-47b838b81ef1 0badf3674b824baf9deb0d3b13eef2c5 85afb4b5014f42358a55eb5080f7a039 - - default default] Successfully bumped revision number for resource 3e15dfec-e036-45e8-b4c2-d83328087377 (type: security_group_rules) to 0
2026-06-13 23:58:39.358 9 INFO neutron.db.ovn_revision_numbers_db [None req-7e2884b5-1fb9-41e5-aa88-47b838b81ef1 0badf3674b824baf9deb0d3b13eef2c5 85afb4b5014f42358a55eb5080f7a039 - - default default] Successfully bumped revision number for resource 7da66f6a-330d-49ac-aa91-937b4ec490f6 (type: security_group_rules) to 0
2026-06-13 23:58:39.372 9 INFO neutron.db.ovn_revision_numbers_db [None req-7e2884b5-1fb9-41e5-aa88-47b838b81ef1 0badf3674b824baf9deb0d3b13eef2c5 85afb4b5014f42358a55eb5080f7a039 - - default default] Successfully bumped revision number for resource 8c11ccf0-cbd2-4c15-ae24-89147b4514d2 (type: security_group_rules) to 0
2026-06-13 23:58:39.387 9 INFO neutron.db.ovn_revision_numbers_db [None req-7e2884b5-1fb9-41e5-aa88-47b838b81ef1 0badf3674b824baf9deb0d3b13eef2c5 85afb4b5014f42358a55eb5080f7a039 - - default default] Successfully bumped revision number for resource b38c7028-4613-4b6b-9ee4-23e36daaca55 (type: security_group_rules) to 0
2026-06-13 23:58:39.412 9 INFO neutron.wsgi [None req-7e2884b5-1fb9-41e5-aa88-47b838b81ef1 0badf3674b824baf9deb0d3b13eef2c5 85afb4b5014f42358a55eb5080f7a039 - - default default] 10.0.0.14 "GET /v2.0/security-groups?tenant_id=e08172abcaed4956a291fe75f8ae852d&name=default HTTP/1.1" status: 200 len: 2996 time: 0.3770089
2026-06-13 23:58:39.630 9 INFO neutron.wsgi [None req-13f53250-67b4-4048-ac76-b20bf654c77b 0badf3674b824baf9deb0d3b13eef2c5 85afb4b5014f42358a55eb5080f7a039 - - default default] 10.0.0.14 "DELETE /v2.0/security-groups/c9fe8561-31ba-4f8f-a32a-9057bbed3ac5 HTTP/1.1" status: 204 len: 168 time: 0.2137053
2026-06-13 23:58:39.900 9 INFO neutron.db.ovn_revision_numbers_db [None req-98813cda-5343-4968-977b-3eb7dc7c2a94 0badf3674b824baf9deb0d3b13eef2c5 85afb4b5014f42358a55eb5080f7a039 - - default default] Successfully bumped revision number for resource cbe41f6c-68f3-46a2-9ccd-9093b4a84180 (type: security_groups) to 1
2026-06-13 23:58:39.913 9 INFO neutron.db.ovn_revision_numbers_db [None req-98813cda-5343-4968-977b-3eb7dc7c2a94 0badf3674b824baf9deb0d3b13eef2c5 85afb4b5014f42358a55eb5080f7a039 - - default default] Successfully bumped revision number for resource 14f72c2f-ae60-4502-ba51-f8469df3ccab (type: security_group_rules) to 0
2026-06-13 23:58:39.925 9 INFO neutron.db.ovn_revision_numbers_db [None req-98813cda-5343-4968-977b-3eb7dc7c2a94 0badf3674b824baf9deb0d3b13eef2c5 85afb4b5014f42358a55eb5080f7a039 - - default default] Successfully bumped revision number for resource a89011ae-0bbc-4f31-bb1c-294d41645554 (type: security_group_rules) to 0
2026-06-13 23:58:39.938 9 INFO neutron.db.ovn_revision_numbers_db [None req-98813cda-5343-4968-977b-3eb7dc7c2a94 0badf3674b824baf9deb0d3b13eef2c5 85afb4b5014f42358a55eb5080f7a039 - - default default] Successfully bumped revision number for resource ab37c57b-cb58-4480-bef2-ef87dc6c4cf9 (type: security_group_rules) to 0
2026-06-13 23:58:39.950 9 INFO neutron.db.ovn_revision_numbers_db [None req-98813cda-5343-4968-977b-3eb7dc7c2a94 0badf3674b824baf9deb0d3b13eef2c5 85afb4b5014f42358a55eb5080f7a039 - - default default] Successfully bumped revision number for resource db3aa601-704f-47d8-9b56-131d763eb2ef (type: security_group_rules) to 0
2026-06-13 23:58:39.974 9 INFO neutron.wsgi [None req-98813cda-5343-4968-977b-3eb7dc7c2a94 0badf3674b824baf9deb0d3b13eef2c5 85afb4b5014f42358a55eb5080f7a039 - - default default] 10.0.0.14 "GET /v2.0/security-groups?tenant_id=aaf3f4e392a243b28f79e242b52df646&name=default HTTP/1.1" status: 200 len: 2996 time: 0.3091683
2026-06-13 23:58:40.177 9 INFO neutron.wsgi [None req-da6f4f44-cd80-4721-8b80-2add55cdefc0 0badf3674b824baf9deb0d3b13eef2c5 85afb4b5014f42358a55eb5080f7a039 - - default default] 10.0.0.14 "DELETE /v2.0/security-groups/cbe41f6c-68f3-46a2-9ccd-9093b4a84180 HTTP/1.1" status: 204 len: 168 time: 0.1987610
2026-06-13 23:58:40.380 9 INFO neutron.db.ovn_revision_numbers_db [None req-51da8405-d4e4-4883-a8b2-3d2c772b2e11 0badf3674b824baf9deb0d3b13eef2c5 85afb4b5014f42358a55eb5080f7a039 - - default default] Successfully bumped revision number for resource fb1ec874-814d-46fc-bfc5-7ff213c5899c (type: security_groups) to 1
2026-06-13 23:58:40.399 9 INFO neutron.db.ovn_revision_numbers_db [None req-51da8405-d4e4-4883-a8b2-3d2c772b2e11 0badf3674b824baf9deb0d3b13eef2c5 85afb4b5014f42358a55eb5080f7a039 - - default default] Successfully bumped revision number for resource 060cda16-455c-479d-bbdd-71d80f1c3286 (type: security_group_rules) to 0
2026-06-13 23:58:40.413 9 INFO neutron.db.ovn_revision_numbers_db [None req-51da8405-d4e4-4883-a8b2-3d2c772b2e11 0badf3674b824baf9deb0d3b13eef2c5 85afb4b5014f42358a55eb5080f7a039 - - default default] Successfully bumped revision number for resource bade58a2-d5ca-499a-98f2-f9e0516814ce (type: security_group_rules) to 0
2026-06-13 23:58:40.427 9 INFO neutron.db.ovn_revision_numbers_db [None req-51da8405-d4e4-4883-a8b2-3d2c772b2e11 0badf3674b824baf9deb0d3b13eef2c5 85afb4b5014f42358a55eb5080f7a039 - - default default] Successfully bumped revision number for resource d6bee7b0-32de-499c-8943-f17088593ec1 (type: security_group_rules) to 0
2026-06-13 23:58:40.444 9 INFO neutron.db.ovn_revision_numbers_db [None req-51da8405-d4e4-4883-a8b2-3d2c772b2e11 0badf3674b824baf9deb0d3b13eef2c5 85afb4b5014f42358a55eb5080f7a039 - - default default] Successfully bumped revision number for resource d93fa44f-21c1-4186-a648-e37bcc5b8c5e (type: security_group_rules) to 0
2026-06-13 23:58:40.467 9 INFO neutron.wsgi [None req-51da8405-d4e4-4883-a8b2-3d2c772b2e11 0badf3674b824baf9deb0d3b13eef2c5 85afb4b5014f42358a55eb5080f7a039 - - default default] 10.0.0.14 "GET /v2.0/security-groups?tenant_id=763a767e37604cc2a41563c632432a93&name=default HTTP/1.1" status: 200 len: 2996 time: 0.2003615
2026-06-13 23:58:40.674 9 INFO neutron.wsgi [None req-513bb08c-8f58-4528-8033-ab75a70afb00 0badf3674b824baf9deb0d3b13eef2c5 85afb4b5014f42358a55eb5080f7a039 - - default default] 10.0.0.14 "DELETE /v2.0/security-groups/fb1ec874-814d-46fc-bfc5-7ff213c5899c HTTP/1.1" status: 204 len: 168 time: 0.2013319
2026-06-13 23:58:42.850 10 INFO neutron.wsgi [req-e24881d7-6f58-4ea3-983b-fff63a9ae0f1 req-a6c71f65-5bce-4162-ac8c-75e144c1ae73 08244c9936764b1989607db43174eabf 8676eadb2b9d4108b21f61e8228abd22 - - default default] 10.0.0.190 "GET /v2.0/ports?device_id=662247c6-c192-4fa9-b04c-4b57a5271f98 HTTP/1.1" status: 200 len: 1174 time: 0.1000171
2026-06-13 23:58:42.902 10 INFO neutron.wsgi [req-e24881d7-6f58-4ea3-983b-fff63a9ae0f1 req-c2be8df8-441f-4751-b7e6-bf5d08ec09c8 08244c9936764b1989607db43174eabf 8676eadb2b9d4108b21f61e8228abd22 - - default default] 10.0.0.190 "GET /v2.0/security-groups?id=da9ff46f-fce9-45f6-a5cf-38ad44f96020&fields=id&fields=name HTTP/1.1" status: 200 len: 312 time: 0.0440702
2026-06-13 23:58:43.049 10 INFO neutron.wsgi [-] 10.0.0.39 "GET / HTTP/1.1" status: 200 len: 247 time: 0.0018525
2026-06-13 23:58:43.050 9 INFO neutron.wsgi [-] 10.0.0.39 "GET / HTTP/1.1" status: 200 len: 247 time: 0.0028646
2026-06-13 23:58:43.131 10 INFO neutron.wsgi [req-6a163397-1abc-4265-b53e-124d23069423 req-0da8af04-53ad-4531-af7b-6ee7f15021bd 08244c9936764b1989607db43174eabf 8676eadb2b9d4108b21f61e8228abd22 - - default default] 10.0.0.190 "GET /v2.0/ports?device_id=662247c6-c192-4fa9-b04c-4b57a5271f98 HTTP/1.1" status: 200 len: 1174 time: 0.0415132
2026-06-13 23:58:43.170 10 INFO neutron.plugins.ml2.drivers.ovn.mech_driver.mech_driver [None req-e6cf0876-a609-408f-8628-c2f6faf33b79 - - - - - -] OVN reports status down for port: 7f41a94b-1952-436e-8bdd-1f8312ba750c
2026-06-13 23:58:43.196 10 INFO neutron.wsgi [req-6a163397-1abc-4265-b53e-124d23069423 req-0601ddb2-f532-4b7a-bf80-451850656c42 08244c9936764b1989607db43174eabf 8676eadb2b9d4108b21f61e8228abd22 - - default default] 10.0.0.190 "GET /v2.0/security-groups?id=da9ff46f-fce9-45f6-a5cf-38ad44f96020&fields=id&fields=name HTTP/1.1" status: 200 len: 312 time: 0.0578673
2026-06-13 23:58:43.317 10 INFO neutron.notifiers.nova [-] Nova event matching ['req-d5c3d74f-9d36-4ee7-b68c-505abb05e32e'] response: {'server_uuid': '662247c6-c192-4fa9-b04c-4b57a5271f98', 'name': 'network-vif-unplugged', 'status': 'completed', 'tag': '7f41a94b-1952-436e-8bdd-1f8312ba750c', 'code': 200}
2026-06-13 23:58:43.398 9 INFO neutron.db.ovn_revision_numbers_db [None req-ebfb85f1-3669-4d79-9dcf-62632157fb0e 0badf3674b824baf9deb0d3b13eef2c5 85afb4b5014f42358a55eb5080f7a039 - - default default] Successfully bumped revision number for resource 8ccf94d2-0f35-4d46-b3a5-0d07b07bf2a5 (type: security_groups) to 1
2026-06-13 23:58:43.436 9 INFO neutron.db.ovn_revision_numbers_db [None req-ebfb85f1-3669-4d79-9dcf-62632157fb0e 0badf3674b824baf9deb0d3b13eef2c5 85afb4b5014f42358a55eb5080f7a039 - - default default] Successfully bumped revision number for resource 023a8b71-c2f1-4625-a4ab-baaee83d8656 (type: security_group_rules) to 0
2026-06-13 23:58:43.469 9 INFO neutron.db.ovn_revision_numbers_db [None req-ebfb85f1-3669-4d79-9dcf-62632157fb0e 0badf3674b824baf9deb0d3b13eef2c5 85afb4b5014f42358a55eb5080f7a039 - - default default] Successfully bumped revision number for resource 28bf170d-7450-40a2-bfe7-2b1de27cd9d0 (type: security_group_rules) to 0
2026-06-13 23:58:43.487 9 INFO neutron.db.ovn_revision_numbers_db [None req-ebfb85f1-3669-4d79-9dcf-62632157fb0e 0badf3674b824baf9deb0d3b13eef2c5 85afb4b5014f42358a55eb5080f7a039 - - default default] Successfully bumped revision number for resource 9b674903-03f3-4f73-aa88-984424639967 (type: security_group_rules) to 0
2026-06-13 23:58:43.493 10 INFO neutron.db.ovn_revision_numbers_db [None req-e6cf0876-a609-408f-8628-c2f6faf33b79 - - - - - -] Successfully bumped revision number for resource 7f41a94b-1952-436e-8bdd-1f8312ba750c (type: ports) to 7
2026-06-13 23:58:43.498 9 INFO neutron.wsgi [req-6e17f50e-133b-4ae3-8fa8-9ca5054efca7 req-fc71ace4-e9b7-4621-ae55-99ba55df7db4 08244c9936764b1989607db43174eabf 8676eadb2b9d4108b21f61e8228abd22 - - default default] 199.204.45.95 "GET /v2.0/ports?device_id=662247c6-c192-4fa9-b04c-4b57a5271f98 HTTP/1.1" status: 200 len: 1172 time: 0.0940535
2026-06-13 23:58:43.511 9 INFO neutron.db.ovn_revision_numbers_db [None req-ebfb85f1-3669-4d79-9dcf-62632157fb0e 0badf3674b824baf9deb0d3b13eef2c5 85afb4b5014f42358a55eb5080f7a039 - - default default] Successfully bumped revision number for resource effddc6c-4872-443a-829f-bd570aa8af10 (type: security_group_rules) to 0
2026-06-13 23:58:43.544 9 INFO neutron.wsgi [None req-ebfb85f1-3669-4d79-9dcf-62632157fb0e 0badf3674b824baf9deb0d3b13eef2c5 85afb4b5014f42358a55eb5080f7a039 - - default default] 10.0.0.14 "GET /v2.0/security-groups?tenant_id=553671b73b194699b090bda3e8c72272&name=default HTTP/1.1" status: 200 len: 2996 time: 0.4830382
2026-06-13 23:58:43.776 10 INFO neutron.wsgi [None req-e4313e4c-9694-40de-835e-4eb93d4aadd2 0badf3674b824baf9deb0d3b13eef2c5 85afb4b5014f42358a55eb5080f7a039 - - default default] 10.0.0.14 "DELETE /v2.0/security-groups/8ccf94d2-0f35-4d46-b3a5-0d07b07bf2a5 HTTP/1.1" status: 204 len: 168 time: 0.2262628
2026-06-13 23:58:44.093 9 INFO neutron.db.l3_db [req-6e17f50e-133b-4ae3-8fa8-9ca5054efca7 req-dbaa7e56-5525-47dc-9f6c-73dcf275afef 08244c9936764b1989607db43174eabf 8676eadb2b9d4108b21f61e8228abd22 - - default default] Floating IP 05f60412-83bf-4cb9-b579-15fe9fd692b7 disassociated. External IP: 10.96.250.220, port: 7f41a94b-1952-436e-8bdd-1f8312ba750c.
2026-06-13 23:58:44.240 9 INFO neutron.wsgi [req-6e17f50e-133b-4ae3-8fa8-9ca5054efca7 req-dbaa7e56-5525-47dc-9f6c-73dcf275afef 08244c9936764b1989607db43174eabf 8676eadb2b9d4108b21f61e8228abd22 - - default default] 199.204.45.95 "DELETE /v2.0/ports/7f41a94b-1952-436e-8bdd-1f8312ba750c HTTP/1.1" status: 204 len: 173 time: 0.7361777 /var/lib/openstack/lib/python3.10/site-packages/pycadf/identifier.py:71: UserWarning: Invalid uuid: neutron. To ensure interoperability, identifiers should be a valid uuid. warnings.warn(('Invalid uuid: %s. To ensure interoperability, '
2026-06-13 23:58:44.275 9 INFO neutron.notifiers.nova [-] Nova event matching ['req-18b7a450-b89b-487a-939f-a717bc6667c3'] response: {'server_uuid': '662247c6-c192-4fa9-b04c-4b57a5271f98', 'name': 'network-vif-deleted', 'tag': '7f41a94b-1952-436e-8bdd-1f8312ba750c', 'status': 'completed', 'code': 200}
2026-06-13 23:58:44.295 10 INFO neutron.wsgi [req-96bd5954-a936-4f63-8027-82c98abf5cb4 req-970667d7-495a-4c8f-a48f-5e53ed4300f2 08244c9936764b1989607db43174eabf 8676eadb2b9d4108b21f61e8228abd22 - - default default] 10.0.0.190 "GET /v2.0/ports?device_id=662247c6-c192-4fa9-b04c-4b57a5271f98 HTTP/1.1" status: 200 len: 210 time: 0.0235069
2026-06-13 23:58:44.788 9 INFO neutron.db.ovn_revision_numbers_db [None req-62d10720-f34d-46e5-b695-30a11c324113 0badf3674b824baf9deb0d3b13eef2c5 85afb4b5014f42358a55eb5080f7a039 - - default default] Successfully bumped revision number for resource 2b88727d-be8d-4cbc-a990-99016db36c8f (type: security_groups) to 1
2026-06-13 23:58:44.805 9 INFO neutron.db.ovn_revision_numbers_db [None req-62d10720-f34d-46e5-b695-30a11c324113 0badf3674b824baf9deb0d3b13eef2c5 85afb4b5014f42358a55eb5080f7a039 - - default default] Successfully bumped revision number for resource 3c127054-77a7-4255-a1d0-e6af5a907173 (type: security_group_rules) to 0
2026-06-13 23:58:44.817 9 INFO neutron.db.ovn_revision_numbers_db [None req-62d10720-f34d-46e5-b695-30a11c324113 0badf3674b824baf9deb0d3b13eef2c5 85afb4b5014f42358a55eb5080f7a039 - - default default] Successfully bumped revision number for resource 9746c865-ceab-4c4e-a2d7-dfec5059d961 (type: security_group_rules) to 0
2026-06-13 23:58:44.828 9 INFO neutron.db.ovn_revision_numbers_db [None req-62d10720-f34d-46e5-b695-30a11c324113 0badf3674b824baf9deb0d3b13eef2c5 85afb4b5014f42358a55eb5080f7a039 - - default default] Successfully bumped revision number for resource c6218298-974b-45c8-b839-fdcd52d5476b (type: security_group_rules) to 0
2026-06-13 23:58:44.846 9 INFO neutron.db.ovn_revision_numbers_db [None req-62d10720-f34d-46e5-b695-30a11c324113 0badf3674b824baf9deb0d3b13eef2c5 85afb4b5014f42358a55eb5080f7a039 - - default default] Successfully bumped revision number for resource c653bfcd-2f19-47a4-9aec-6db084bd15a6 (type: security_group_rules) to 0
2026-06-13 23:58:44.894 9 INFO neutron.wsgi [None req-62d10720-f34d-46e5-b695-30a11c324113 0badf3674b824baf9deb0d3b13eef2c5 85afb4b5014f42358a55eb5080f7a039 - - default default] 10.0.0.14 "GET /v2.0/security-groups?tenant_id=a0ec6fe761ad4acea00d75c0b5c78eaf&name=default HTTP/1.1" status: 200 len: 2996 time: 0.3379323
2026-06-13 23:58:45.010 9 INFO neutron.db.ovn_revision_numbers_db [None req-219fb924-037a-44ec-a7e7-557d76d5e3a8 0badf3674b824baf9deb0d3b13eef2c5 85afb4b5014f42358a55eb5080f7a039 - - default default] Successfully bumped revision number for resource cd5bb1e6-d18b-4deb-b87e-f7e1d5668ae5 (type: security_groups) to 1
2026-06-13 23:58:45.023 9 INFO neutron.db.ovn_revision_numbers_db [None req-219fb924-037a-44ec-a7e7-557d76d5e3a8 0badf3674b824baf9deb0d3b13eef2c5 85afb4b5014f42358a55eb5080f7a039 - - default default] Successfully bumped revision number for resource 68708abf-2b4f-4e12-bcca-45ddd7a29591 (type: security_group_rules) to 0
2026-06-13 23:58:45.044 9 INFO neutron.db.ovn_revision_numbers_db [None req-219fb924-037a-44ec-a7e7-557d76d5e3a8 0badf3674b824baf9deb0d3b13eef2c5 85afb4b5014f42358a55eb5080f7a039 - - default default] Successfully bumped revision number for resource e283900d-c354-4ce5-94fd-5a9d624b2339 (type: security_group_rules) to 0
2026-06-13 23:58:45.065 9 INFO neutron.db.ovn_revision_numbers_db [None req-219fb924-037a-44ec-a7e7-557d76d5e3a8 0badf3674b824baf9deb0d3b13eef2c5 85afb4b5014f42358a55eb5080f7a039 - - default default] Successfully bumped revision number for resource f3077708-3ff6-4c28-a508-115f22a0706f (type: security_group_rules) to 0
2026-06-13 23:58:45.080 9 INFO neutron.db.ovn_revision_numbers_db [None req-219fb924-037a-44ec-a7e7-557d76d5e3a8 0badf3674b824baf9deb0d3b13eef2c5 85afb4b5014f42358a55eb5080f7a039 - - default default] Successfully bumped revision number for resource ffec01bb-0e41-49dc-af7e-ce9ba045e184 (type: security_group_rules) to 0
2026-06-13 23:58:45.105 9 INFO neutron.wsgi [None req-219fb924-037a-44ec-a7e7-557d76d5e3a8 0badf3674b824baf9deb0d3b13eef2c5 85afb4b5014f42358a55eb5080f7a039 - - default default] 10.0.0.14 "GET /v2.0/security-groups?tenant_id=0564a754b818461b820b10efaf792449&name=default HTTP/1.1" status: 200 len: 2996 time: 0.3690147
2026-06-13 23:58:45.121 9 INFO neutron.wsgi [None req-ebf77519-b434-42e7-b480-27bcc6c20a39 0badf3674b824baf9deb0d3b13eef2c5 85afb4b5014f42358a55eb5080f7a039 - - default default] 10.0.0.14 "DELETE /v2.0/security-groups/2b88727d-be8d-4cbc-a990-99016db36c8f HTTP/1.1" status: 204 len: 168 time: 0.2231240
2026-06-13 23:58:45.350 10 INFO neutron.wsgi [None req-bd40710b-fe43-4266-bd2b-5cb400f6e9b7 0badf3674b824baf9deb0d3b13eef2c5 85afb4b5014f42358a55eb5080f7a039 - - default default] 10.0.0.14 "DELETE /v2.0/security-groups/cd5bb1e6-d18b-4deb-b87e-f7e1d5668ae5 HTTP/1.1" status: 204 len: 168 time: 0.2391953
2026-06-13 23:58:45.360 10 INFO neutron.notifiers.nova [-] Nova event matching ['req-18c12bd5-e11f-46f9-8356-2f6343a7305d'] response: {'server_uuid': '662247c6-c192-4fa9-b04c-4b57a5271f98', 'name': 'network-vif-plugged', 'status': 'completed', 'tag': '7f41a94b-1952-436e-8bdd-1f8312ba750c', 'code': 200}
2026-06-13 23:58:45.390 10 INFO neutron.db.ovn_revision_numbers_db [None req-0f4b04a0-426e-4c7c-8eca-c52645f21336 0badf3674b824baf9deb0d3b13eef2c5 85afb4b5014f42358a55eb5080f7a039 - - default default] Successfully bumped revision number for resource 8936d81c-3c74-443a-9adf-b265fdc30f23 (type: security_groups) to 1
2026-06-13 23:58:45.415 10 INFO neutron.db.ovn_revision_numbers_db [None req-0f4b04a0-426e-4c7c-8eca-c52645f21336 0badf3674b824baf9deb0d3b13eef2c5 85afb4b5014f42358a55eb5080f7a039 - - default default] Successfully bumped revision number for resource 1736acf7-074b-437c-9c6c-b0b6f3367b3f (type: security_group_rules) to 0
2026-06-13 23:58:45.433 10 INFO neutron.db.ovn_revision_numbers_db [None req-0f4b04a0-426e-4c7c-8eca-c52645f21336 0badf3674b824baf9deb0d3b13eef2c5 85afb4b5014f42358a55eb5080f7a039 - - default default] Successfully bumped revision number for resource 2f1952c9-1d67-4f42-810c-6ba549ae3f6c (type: security_group_rules) to 0
2026-06-13 23:58:45.448 10 INFO neutron.db.ovn_revision_numbers_db [None req-0f4b04a0-426e-4c7c-8eca-c52645f21336 0badf3674b824baf9deb0d3b13eef2c5 85afb4b5014f42358a55eb5080f7a039 - - default default] Successfully bumped revision number for resource 8f8976be-f1dd-4c0a-b39b-5e6e9c7235f1 (type: security_group_rules) to 0
2026-06-13 23:58:45.464 10 INFO neutron.db.ovn_revision_numbers_db [None req-0f4b04a0-426e-4c7c-8eca-c52645f21336 0badf3674b824baf9deb0d3b13eef2c5 85afb4b5014f42358a55eb5080f7a039 - - default default] Successfully bumped revision number for resource e7a8b382-98f2-48bb-974e-78032720fa4a (type: security_group_rules) to 0
2026-06-13 23:58:45.486 10 INFO neutron.wsgi [None req-0f4b04a0-426e-4c7c-8eca-c52645f21336 0badf3674b824baf9deb0d3b13eef2c5 85afb4b5014f42358a55eb5080f7a039 - - default default] 10.0.0.14 "GET /v2.0/security-groups?tenant_id=79162fea223148b298c3ae2f56b868c8&name=default HTTP/1.1" status: 200 len: 2996 time: 0.2391655
