2026-06-13 23:57:57.803 10 INFO neutron.wsgi [req-20158d47-fa6e-469b-b5df-0e492856b0f8 req-b5bec007-cd91-4f08-a560-d32a128a5273 2b87c879725b4cb0a01cb02da207747b 6182fb1268624ff9bb5590b28a93ae87 - - default default] 199.204.45.95 "GET /v2.0/subnets?network_id=6c166bfd-7b17-4c5e-a985-f251b2acb8e9 HTTP/1.1" status: 200 len: 859 time: 0.0586863
2026-06-13 23:57:57.859 10 INFO neutron.wsgi [req-20158d47-fa6e-469b-b5df-0e492856b0f8 req-719e0ffe-e845-4d03-836f-98b2fa1d9772 2b87c879725b4cb0a01cb02da207747b 6182fb1268624ff9bb5590b28a93ae87 - - default default] 199.204.45.95 "GET /v2.0/ports?device_id=cc966cf5-8548-47b8-bf9f-5bb85f57d9e6&device_owner=compute%3Anova&network_id=6c166bfd-7b17-4c5e-a985-f251b2acb8e9 HTTP/1.1" status: 200 len: 1174 time: 0.0526237
2026-06-13 23:57:58.050 9 INFO neutron.wsgi [-] 10.0.0.39 "GET / HTTP/1.1" status: 200 len: 247 time: 0.0026236
2026-06-13 23:57:58.053 9 INFO neutron.wsgi [-] 10.0.0.39 "GET / HTTP/1.1" status: 200 len: 247 time: 0.0020061
2026-06-13 23:57:58.139 10 WARNING neutron_lib.context [None req-fe0d2700-b28d-4429-bdd9-4618cf526890 08244c9936764b1989607db43174eabf 8676eadb2b9d4108b21f61e8228abd22 - - default default] Method 'is_advsvc' is deprecated since 2023.2 release (neutron-lib 3.8.0) and will be removed once support for the old RBAC API policies will be removed from Neutron. Please use method 'is_service_role' instead.
2026-06-13 23:57:58.322 10 INFO neutron.plugins.ml2.drivers.ovn.mech_driver.mech_driver [None req-e6cf0876-a609-408f-8628-c2f6faf33b79 - - - - - -] OVN reports status up for port: 05474dcd-70bb-4a2a-a531-721461b52c1a
2026-06-13 23:57:58.327 10 INFO neutron.db.ovn_revision_numbers_db [None req-fe0d2700-b28d-4429-bdd9-4618cf526890 08244c9936764b1989607db43174eabf 8676eadb2b9d4108b21f61e8228abd22 - - default default] Successfully bumped revision number for resource da9ff46f-fce9-45f6-a5cf-38ad44f96020 (type: security_groups) to 1
2026-06-13 23:57:58.338 10 INFO neutron.plugins.ml2.plugin [None req-e6cf0876-a609-408f-8628-c2f6faf33b79 - - - - - -] Attempt 1 to provision port 05474dcd-70bb-4a2a-a531-721461b52c1a
2026-06-13 23:57:58.362 10 INFO neutron.db.ovn_revision_numbers_db [None req-fe0d2700-b28d-4429-bdd9-4618cf526890 08244c9936764b1989607db43174eabf 8676eadb2b9d4108b21f61e8228abd22 - - default default] Successfully bumped revision number for resource 289783cf-1529-4afc-bb4c-f3970b455f5d (type: security_group_rules) to 0
2026-06-13 23:57:58.390 10 INFO neutron.db.ovn_revision_numbers_db [None req-fe0d2700-b28d-4429-bdd9-4618cf526890 08244c9936764b1989607db43174eabf 8676eadb2b9d4108b21f61e8228abd22 - - default default] Successfully bumped revision number for resource f5023286-dddc-409a-8d1c-090d58f573be (type: security_group_rules) to 0
2026-06-13 23:57:58.427 10 INFO neutron.wsgi [None req-fe0d2700-b28d-4429-bdd9-4618cf526890 08244c9936764b1989607db43174eabf 8676eadb2b9d4108b21f61e8228abd22 - - default default] 10.0.0.14 "POST /v2.0/security-groups HTTP/1.1" status: 201 len: 1796 time: 0.2956727
2026-06-13 23:57:58.437 10 INFO neutron.db.ovn_revision_numbers_db [req-20158d47-fa6e-469b-b5df-0e492856b0f8 req-65dd4021-80f9-4ba1-8d37-16c1325fee15 2b87c879725b4cb0a01cb02da207747b 6182fb1268624ff9bb5590b28a93ae87 - - default default] Successfully bumped revision number for resource ccc73f7c-2154-428b-a957-495826572387 (type: ports) to 5
2026-06-13 23:57:58.437 9 WARNING neutron_lib.context [None req-8bb0b11d-e921-44ab-8033-c32c953d8334 08244c9936764b1989607db43174eabf 8676eadb2b9d4108b21f61e8228abd22 - - default default] Method 'is_advsvc' is deprecated since 2023.2 release (neutron-lib 3.8.0) and will be removed once support for the old RBAC API policies will be removed from Neutron. Please use method 'is_service_role' instead.
2026-06-13 23:57:58.453 10 INFO neutron.wsgi [req-20158d47-fa6e-469b-b5df-0e492856b0f8 req-65dd4021-80f9-4ba1-8d37-16c1325fee15 2b87c879725b4cb0a01cb02da207747b 6182fb1268624ff9bb5590b28a93ae87 - - default default] 199.204.45.95 "PUT /v2.0/ports/ccc73f7c-2154-428b-a957-495826572387 HTTP/1.1" status: 200 len: 1349 time: 0.5896573 /var/lib/openstack/lib/python3.10/site-packages/pycadf/identifier.py:71: UserWarning: Invalid uuid: neutron. To ensure interoperability, identifiers should be a valid uuid. warnings.warn(('Invalid uuid: %s. To ensure interoperability, '
2026-06-13 23:57:58.493 10 INFO neutron.notifiers.nova [-] Nova event matching ['req-ab8460ed-5c75-4d7d-8f21-29ba936e9747'] response: {'name': 'network-changed', 'server_uuid': 'cc966cf5-8548-47b8-bf9f-5bb85f57d9e6', 'tag': 'ccc73f7c-2154-428b-a957-495826572387', 'status': 'completed', 'code': 200}
2026-06-13 23:57:58.511 10 INFO neutron.wsgi [req-20158d47-fa6e-469b-b5df-0e492856b0f8 req-e7f438d5-9f4f-49da-94fc-0190897f7ed9 326affdcbef54fcf91d2ce6f747d6909 6cdd55410299440194f68e01f06829eb - - 43d848d5152f49aa96a22434d33eb6cf 43d848d5152f49aa96a22434d33eb6cf] 199.204.45.95 "GET /v2.0/ports?tenant_id=6182fb1268624ff9bb5590b28a93ae87&device_id=cc966cf5-8548-47b8-bf9f-5bb85f57d9e6 HTTP/1.1" status: 200 len: 1590 time: 0.0408640
2026-06-13 23:57:58.572 9 INFO neutron.db.ovn_revision_numbers_db [None req-8bb0b11d-e921-44ab-8033-c32c953d8334 08244c9936764b1989607db43174eabf 8676eadb2b9d4108b21f61e8228abd22 - - default default] Successfully bumped revision number for resource 62a0f4f2-18b6-45e8-b3c6-43af5ef43dde (type: security_group_rules) to 0
2026-06-13 23:57:58.602 10 INFO neutron.wsgi [req-20158d47-fa6e-469b-b5df-0e492856b0f8 req-f325dfcf-b386-42a2-9ff6-d525776accc6 326affdcbef54fcf91d2ce6f747d6909 6cdd55410299440194f68e01f06829eb - - 43d848d5152f49aa96a22434d33eb6cf 43d848d5152f49aa96a22434d33eb6cf] 199.204.45.95 "GET /v2.0/networks?id=6c166bfd-7b17-4c5e-a985-f251b2acb8e9 HTTP/1.1" status: 200 len: 982 time: 0.0851347
2026-06-13 23:57:58.607 9 INFO neutron.wsgi [None req-8bb0b11d-e921-44ab-8033-c32c953d8334 08244c9936764b1989607db43174eabf 8676eadb2b9d4108b21f61e8228abd22 - - default default] 10.0.0.14 "POST /v2.0/security-group-rules HTTP/1.1" status: 201 len: 764 time: 0.1753399
2026-06-13 23:57:58.617 9 WARNING neutron_lib.context [None req-b9c2cfb3-61e5-470d-a280-d282938b2431 08244c9936764b1989607db43174eabf 8676eadb2b9d4108b21f61e8228abd22 - - default default] Method 'is_advsvc' is deprecated since 2023.2 release (neutron-lib 3.8.0) and will be removed once support for the old RBAC API policies will be removed from Neutron. Please use method 'is_service_role' instead.
2026-06-13 23:57:58.685 10 INFO neutron.wsgi [req-20158d47-fa6e-469b-b5df-0e492856b0f8 req-6bbea1fc-eeea-4972-a15f-2c5354a0f480 326affdcbef54fcf91d2ce6f747d6909 6cdd55410299440194f68e01f06829eb - - 43d848d5152f49aa96a22434d33eb6cf 43d848d5152f49aa96a22434d33eb6cf] 199.204.45.95 "GET /v2.0/floatingips?fixed_ip_address=10.100.0.11&port_id=ccc73f7c-2154-428b-a957-495826572387 HTTP/1.1" status: 200 len: 1060 time: 0.0737810
2026-06-13 23:57:58.724 10 INFO neutron.wsgi [req-20158d47-fa6e-469b-b5df-0e492856b0f8 req-693005f7-d80a-42c5-b893-54db5d479a66 326affdcbef54fcf91d2ce6f747d6909 6cdd55410299440194f68e01f06829eb - - 43d848d5152f49aa96a22434d33eb6cf 43d848d5152f49aa96a22434d33eb6cf] 199.204.45.95 "GET /v2.0/floatingips?fixed_ip_address=10.100.0.4&port_id=ccc73f7c-2154-428b-a957-495826572387 HTTP/1.1" status: 200 len: 217 time: 0.0312293
2026-06-13 23:57:58.740 9 INFO neutron.db.ovn_revision_numbers_db [None req-b9c2cfb3-61e5-470d-a280-d282938b2431 08244c9936764b1989607db43174eabf 8676eadb2b9d4108b21f61e8228abd22 - - default default] Successfully bumped revision number for resource 608692c0-ee64-425e-872b-65206292af50 (type: security_group_rules) to 0
2026-06-13 23:57:58.769 9 INFO neutron.wsgi [None req-b9c2cfb3-61e5-470d-a280-d282938b2431 08244c9936764b1989607db43174eabf 8676eadb2b9d4108b21f61e8228abd22 - - default default] 10.0.0.14 "POST /v2.0/security-group-rules HTTP/1.1" status: 201 len: 769 time: 0.1583204
2026-06-13 23:57:58.778 9 WARNING neutron_lib.context [None req-d2c15a80-f918-46c8-9170-4de546fa80f5 08244c9936764b1989607db43174eabf 8676eadb2b9d4108b21f61e8228abd22 - - default default] Method 'is_advsvc' is deprecated since 2023.2 release (neutron-lib 3.8.0) and will be removed once support for the old RBAC API policies will be removed from Neutron. Please use method 'is_service_role' instead.
2026-06-13 23:57:58.782 10 INFO neutron.wsgi [req-20158d47-fa6e-469b-b5df-0e492856b0f8 req-a13ac1bd-6690-4f2f-8cfd-1ff297ff1861 326affdcbef54fcf91d2ce6f747d6909 6cdd55410299440194f68e01f06829eb - - 43d848d5152f49aa96a22434d33eb6cf 43d848d5152f49aa96a22434d33eb6cf] 199.204.45.95 "GET /v2.0/subnets?id=da648e12-69ce-4a35-9604-b51993c047ce HTTP/1.1" status: 200 len: 877 time: 0.0518394
2026-06-13 23:57:58.798 10 INFO neutron.db.ovn_revision_numbers_db [None req-e6cf0876-a609-408f-8628-c2f6faf33b79 - - - - - -] Successfully bumped revision number for resource 05474dcd-70bb-4a2a-a531-721461b52c1a (type: ports) to 2
2026-06-13 23:57:58.818 10 INFO neutron.wsgi [req-20158d47-fa6e-469b-b5df-0e492856b0f8 req-93200ffb-7e05-4e03-b3cf-c2887b3cf6f3 326affdcbef54fcf91d2ce6f747d6909 6cdd55410299440194f68e01f06829eb - - 43d848d5152f49aa96a22434d33eb6cf 43d848d5152f49aa96a22434d33eb6cf] 199.204.45.95 "GET /v2.0/ports?network_id=6c166bfd-7b17-4c5e-a985-f251b2acb8e9&device_owner=network%3Adhcp HTTP/1.1" status: 200 len: 210 time: 0.0282304
2026-06-13 23:57:58.917 10 INFO neutron.wsgi [req-20158d47-fa6e-469b-b5df-0e492856b0f8 req-4e16041c-ebfd-4253-bd71-eb59b2b11404 326affdcbef54fcf91d2ce6f747d6909 6cdd55410299440194f68e01f06829eb - - 43d848d5152f49aa96a22434d33eb6cf 43d848d5152f49aa96a22434d33eb6cf] 199.204.45.95 "GET /v2.0/networks/6c166bfd-7b17-4c5e-a985-f251b2acb8e9?fields=segments HTTP/1.1" status: 200 len: 212 time: 0.0893457
2026-06-13 23:57:58.918 10 INFO neutron.db.ovn_revision_numbers_db [None req-e6cf0876-a609-408f-8628-c2f6faf33b79 - - - - - -] Successfully bumped revision number for resource 05474dcd-70bb-4a2a-a531-721461b52c1a (type: router_ports) to 2
2026-06-13 23:57:59.005 10 INFO neutron.wsgi [req-20158d47-fa6e-469b-b5df-0e492856b0f8 req-c040144c-5f51-42bf-9a31-567f898b2472 326affdcbef54fcf91d2ce6f747d6909 6cdd55410299440194f68e01f06829eb - - 43d848d5152f49aa96a22434d33eb6cf 43d848d5152f49aa96a22434d33eb6cf] 199.204.45.95 "GET /v2.0/networks/6c166bfd-7b17-4c5e-a985-f251b2acb8e9?fields=provider%3Aphysical_network&fields=provider%3Anetwork_type HTTP/1.1" status: 200 len: 277 time: 0.0758595
2026-06-13 23:57:59.029 9 WARNING neutron.scheduler.dhcp_agent_scheduler [None req-d2c15a80-f918-46c8-9170-4de546fa80f5 08244c9936764b1989607db43174eabf 8676eadb2b9d4108b21f61e8228abd22 - - default default] No more DHCP agents
2026-06-13 23:57:59.031 9 WARNING neutron.api.rpc.agentnotifiers.dhcp_rpc_agent_api [None req-d2c15a80-f918-46c8-9170-4de546fa80f5 08244c9936764b1989607db43174eabf 8676eadb2b9d4108b21f61e8228abd22 - - default default] Unable to schedule network 644f7abb-5833-4769-bbb9-5ec42dfe6f0e: no agents available; will retry on subsequent port and subnet creation events.
2026-06-13 23:57:59.090 10 INFO neutron.wsgi [req-3853c5ea-39aa-4596-8f41-819ff8f24e4c req-bf7426a8-788a-451a-8f9c-555c83fbfd4c 326affdcbef54fcf91d2ce6f747d6909 6cdd55410299440194f68e01f06829eb - - 43d848d5152f49aa96a22434d33eb6cf 43d848d5152f49aa96a22434d33eb6cf] 199.204.45.95 "GET /v2.0/ports?tenant_id=6182fb1268624ff9bb5590b28a93ae87&device_id=cc966cf5-8548-47b8-bf9f-5bb85f57d9e6 HTTP/1.1" status: 200 len: 1590 time: 0.0361848
2026-06-13 23:57:59.158 10 INFO neutron.wsgi [req-3853c5ea-39aa-4596-8f41-819ff8f24e4c req-b21b5417-281b-4699-bb99-fab2ba8061b9 326affdcbef54fcf91d2ce6f747d6909 6cdd55410299440194f68e01f06829eb - - 43d848d5152f49aa96a22434d33eb6cf 43d848d5152f49aa96a22434d33eb6cf] 199.204.45.95 "GET /v2.0/networks?id=6c166bfd-7b17-4c5e-a985-f251b2acb8e9 HTTP/1.1" status: 200 len: 982 time: 0.0598867
2026-06-13 23:57:59.208 10 INFO neutron.wsgi [req-3853c5ea-39aa-4596-8f41-819ff8f24e4c req-7803353f-1dac-4f1f-bcf0-d3377c5bfe7c 326affdcbef54fcf91d2ce6f747d6909 6cdd55410299440194f68e01f06829eb - - 43d848d5152f49aa96a22434d33eb6cf 43d848d5152f49aa96a22434d33eb6cf] 199.204.45.95 "GET /v2.0/floatingips?fixed_ip_address=10.100.0.11&port_id=ccc73f7c-2154-428b-a957-495826572387 HTTP/1.1" status: 200 len: 1060 time: 0.0423901
2026-06-13 23:57:59.239 10 INFO neutron.wsgi [req-3853c5ea-39aa-4596-8f41-819ff8f24e4c req-416be5d5-3fe6-4307-8560-0c969ed48a73 326affdcbef54fcf91d2ce6f747d6909 6cdd55410299440194f68e01f06829eb - - 43d848d5152f49aa96a22434d33eb6cf 43d848d5152f49aa96a22434d33eb6cf] 199.204.45.95 "GET /v2.0/floatingips?fixed_ip_address=10.100.0.4&port_id=ccc73f7c-2154-428b-a957-495826572387 HTTP/1.1" status: 200 len: 217 time: 0.0248520
2026-06-13 23:57:59.295 10 INFO neutron.wsgi [req-3853c5ea-39aa-4596-8f41-819ff8f24e4c req-0a45e557-e989-4ccd-959a-8582d5bfd929 326affdcbef54fcf91d2ce6f747d6909 6cdd55410299440194f68e01f06829eb - - 43d848d5152f49aa96a22434d33eb6cf 43d848d5152f49aa96a22434d33eb6cf] 199.204.45.95 "GET /v2.0/subnets?id=da648e12-69ce-4a35-9604-b51993c047ce HTTP/1.1" status: 200 len: 877 time: 0.0372009
2026-06-13 23:57:59.319 10 INFO neutron.wsgi [req-3853c5ea-39aa-4596-8f41-819ff8f24e4c req-45fd9bc4-4e96-4d62-99a8-8cb4833a22e0 326affdcbef54fcf91d2ce6f747d6909 6cdd55410299440194f68e01f06829eb - - 43d848d5152f49aa96a22434d33eb6cf 43d848d5152f49aa96a22434d33eb6cf] 199.204.45.95 "GET /v2.0/ports?network_id=6c166bfd-7b17-4c5e-a985-f251b2acb8e9&device_owner=network%3Adhcp HTTP/1.1" status: 200 len: 210 time: 0.0190616
2026-06-13 23:57:59.384 10 INFO neutron.wsgi [req-3853c5ea-39aa-4596-8f41-819ff8f24e4c req-a6f2a3f9-f4b6-450d-b966-b74706e3cabf 326affdcbef54fcf91d2ce6f747d6909 6cdd55410299440194f68e01f06829eb - - 43d848d5152f49aa96a22434d33eb6cf 43d848d5152f49aa96a22434d33eb6cf] 199.204.45.95 "GET /v2.0/networks/6c166bfd-7b17-4c5e-a985-f251b2acb8e9?fields=segments HTTP/1.1" status: 200 len: 212 time: 0.0567961
2026-06-13 23:57:59.403 9 INFO neutron.db.ovn_revision_numbers_db [None req-d2c15a80-f918-46c8-9170-4de546fa80f5 08244c9936764b1989607db43174eabf 8676eadb2b9d4108b21f61e8228abd22 - - default default] Successfully bumped revision number for resource 05f60412-83bf-4cb9-b579-15fe9fd692b7 (type: floatingips) to 0
2026-06-13 23:57:59.422 9 INFO neutron.wsgi [None req-d2c15a80-f918-46c8-9170-4de546fa80f5 08244c9936764b1989607db43174eabf 8676eadb2b9d4108b21f61e8228abd22 - - default default] 10.0.0.14 "POST /v2.0/floatingips HTTP/1.1" status: 201 len: 751 time: 0.6493058
2026-06-13 23:57:59.444 10 INFO neutron.wsgi [req-3853c5ea-39aa-4596-8f41-819ff8f24e4c req-e3c81bfa-b532-4a76-b1e5-392fbd5c1adc 326affdcbef54fcf91d2ce6f747d6909 6cdd55410299440194f68e01f06829eb - - 43d848d5152f49aa96a22434d33eb6cf 43d848d5152f49aa96a22434d33eb6cf] 199.204.45.95 "GET /v2.0/networks/6c166bfd-7b17-4c5e-a985-f251b2acb8e9?fields=provider%3Aphysical_network&fields=provider%3Anetwork_type HTTP/1.1" status: 200 len: 277 time: 0.0555136
2026-06-13 23:57:59.467 10 WARNING neutron_lib.context [None req-f1e971e2-932d-4208-a68b-6f2e63dc3a9d 89bd6caaa1254cfa925b687f9b3ffc83 6dec90ae427f4b64b0363ff3dcab3e03 - - default default] Method 'is_advsvc' is deprecated since 2023.2 release (neutron-lib 3.8.0) and will be removed once support for the old RBAC API policies will be removed from Neutron. Please use method 'is_service_role' instead.
2026-06-13 23:57:59.645 10 INFO neutron.db.ovn_revision_numbers_db [None req-f1e971e2-932d-4208-a68b-6f2e63dc3a9d 89bd6caaa1254cfa925b687f9b3ffc83 6dec90ae427f4b64b0363ff3dcab3e03 - - default default] Successfully bumped revision number for resource 3485750d-e3e3-47ff-b4f4-8d7e083f1a40 (type: security_groups) to 1
2026-06-13 23:57:59.663 10 INFO neutron.db.ovn_revision_numbers_db [None req-f1e971e2-932d-4208-a68b-6f2e63dc3a9d 89bd6caaa1254cfa925b687f9b3ffc83 6dec90ae427f4b64b0363ff3dcab3e03 - - default default] Successfully bumped revision number for resource 2c6a0c9c-0827-4a3f-a024-f164d1ecd482 (type: security_group_rules) to 0
2026-06-13 23:57:59.677 10 INFO neutron.db.ovn_revision_numbers_db [None req-f1e971e2-932d-4208-a68b-6f2e63dc3a9d 89bd6caaa1254cfa925b687f9b3ffc83 6dec90ae427f4b64b0363ff3dcab3e03 - - default default] Successfully bumped revision number for resource 4ea16780-6398-4ff1-95c7-7263828801ae (type: security_group_rules) to 0
2026-06-13 23:57:59.692 10 INFO neutron.db.ovn_revision_numbers_db [None req-f1e971e2-932d-4208-a68b-6f2e63dc3a9d 89bd6caaa1254cfa925b687f9b3ffc83 6dec90ae427f4b64b0363ff3dcab3e03 - - default default] Successfully bumped revision number for resource 57c3a427-a973-4533-a381-3f195a4f7a82 (type: security_group_rules) to 0
2026-06-13 23:57:59.710 10 INFO neutron.db.ovn_revision_numbers_db [None req-f1e971e2-932d-4208-a68b-6f2e63dc3a9d 89bd6caaa1254cfa925b687f9b3ffc83 6dec90ae427f4b64b0363ff3dcab3e03 - - default default] Successfully bumped revision number for resource dbf47e91-823d-49a1-a13d-7cd4b5323770 (type: security_group_rules) to 0
2026-06-13 23:57:59.782 10 INFO neutron.db.segments_db [None req-f1e971e2-932d-4208-a68b-6f2e63dc3a9d 89bd6caaa1254cfa925b687f9b3ffc83 6dec90ae427f4b64b0363ff3dcab3e03 - - default default] Added segment 49735060-5acb-48a3-b565-f1a972776b67 of type geneve for network 17b7c297-d340-43bc-85be-5f589aff9eec
2026-06-13 23:58:00.108 10 INFO neutron.wsgi [req-c55750a6-6873-4ad7-945a-bc11b3546c54 req-0403f0e6-6f4d-412e-b1cb-7fd8a18a6f3e 2b87c879725b4cb0a01cb02da207747b 6182fb1268624ff9bb5590b28a93ae87 - - default default] 10.0.0.190 "GET /v2.0/ports?device_id=cc966cf5-8548-47b8-bf9f-5bb85f57d9e6 HTTP/1.1" status: 200 len: 1352 time: 0.2276332
2026-06-13 23:58:00.110 10 INFO neutron.db.ovn_revision_numbers_db [None req-f1e971e2-932d-4208-a68b-6f2e63dc3a9d 89bd6caaa1254cfa925b687f9b3ffc83 6dec90ae427f4b64b0363ff3dcab3e03 - - default default] Successfully bumped revision number for resource 17b7c297-d340-43bc-85be-5f589aff9eec (type: networks) to 1
2026-06-13 23:58:00.131 10 INFO neutron.wsgi [req-56515b6b-f743-4b87-a367-f004aa6a1002 req-6a479779-ef76-4239-b4d6-b2df459fccd8 08244c9936764b1989607db43174eabf 8676eadb2b9d4108b21f61e8228abd22 - - default default] 10.0.0.190 "GET /v2.0/security-groups?name=tempest-securitygroup--198976543&fields=id&tenant_id=8676eadb2b9d4108b21f61e8228abd22 HTTP/1.1" status: 200 len: 267 time: 0.2304370
2026-06-13 23:58:00.199 10 INFO neutron.wsgi [req-c55750a6-6873-4ad7-945a-bc11b3546c54 req-1d3cb484-485e-46ad-9f7c-290f1e5448b9 2b87c879725b4cb0a01cb02da207747b 6182fb1268624ff9bb5590b28a93ae87 - - default default] 10.0.0.190 "GET /v2.0/security-groups?id=034a17c7-9694-48ca-9aa5-351ef2156360&fields=id&fields=name HTTP/1.1" status: 200 len: 313 time: 0.0826674
2026-06-13 23:58:00.254 10 INFO neutron.wsgi [req-56515b6b-f743-4b87-a367-f004aa6a1002 req-c0e4318c-38e2-4c4b-bbb9-61eba6040eec 08244c9936764b1989607db43174eabf 8676eadb2b9d4108b21f61e8228abd22 - - default default] 10.0.0.190 "GET /v2.0/networks?id=c0854106-cc86-4ede-b8a4-7016301b6b3b HTTP/1.1" status: 200 len: 874 time: 0.1153839
2026-06-13 23:58:00.281 10 INFO neutron.wsgi [req-56515b6b-f743-4b87-a367-f004aa6a1002 req-57f26c1b-092a-4aba-ac86-fb2ba5d09a37 08244c9936764b1989607db43174eabf 8676eadb2b9d4108b21f61e8228abd22 - - default default] 10.0.0.190 "GET /v2.0/quotas/8676eadb2b9d4108b21f61e8228abd22 HTTP/1.1" status: 200 len: 386 time: 0.0137215
2026-06-13 23:58:00.391 10 INFO neutron.wsgi [req-2620f10f-e749-4ad9-9de5-fa3f5437c059 req-3e4fe54a-8e23-42d1-bbff-6b20767c14f9 2b87c879725b4cb0a01cb02da207747b 6182fb1268624ff9bb5590b28a93ae87 - - default default] 199.204.45.95 "GET /v2.0/ports?device_id=cc966cf5-8548-47b8-bf9f-5bb85f57d9e6&device_owner=compute%3Anova&fixed_ips=ip_address%3D10.100.0.4 HTTP/1.1" status: 200 len: 1352 time: 0.0783656
2026-06-13 23:58:00.444 10 WARNING neutron.scheduler.dhcp_agent_scheduler [None req-f1e971e2-932d-4208-a68b-6f2e63dc3a9d 89bd6caaa1254cfa925b687f9b3ffc83 6dec90ae427f4b64b0363ff3dcab3e03 - - default default] No more DHCP agents
2026-06-13 23:58:00.449 10 WARNING neutron.api.rpc.agentnotifiers.dhcp_rpc_agent_api [None req-f1e971e2-932d-4208-a68b-6f2e63dc3a9d 89bd6caaa1254cfa925b687f9b3ffc83 6dec90ae427f4b64b0363ff3dcab3e03 - - default default] Unable to schedule network 17b7c297-d340-43bc-85be-5f589aff9eec: no agents available; will retry on subsequent port and subnet creation events.
2026-06-13 23:58:00.469 10 INFO neutron.wsgi [req-56515b6b-f743-4b87-a367-f004aa6a1002 req-49bc71cd-884b-40aa-a6e0-0b47ca35ac8f 08244c9936764b1989607db43174eabf 8676eadb2b9d4108b21f61e8228abd22 - - default default] 10.0.0.190 "GET /v2.0/ports?tenant_id=8676eadb2b9d4108b21f61e8228abd22&fields=id HTTP/1.1" status: 200 len: 302 time: 0.1817198
2026-06-13 23:58:00.561 10 INFO neutron.db.ovn_revision_numbers_db [None req-f1e971e2-932d-4208-a68b-6f2e63dc3a9d 89bd6caaa1254cfa925b687f9b3ffc83 6dec90ae427f4b64b0363ff3dcab3e03 - - default default] Successfully bumped revision number for resource 0b2304fd-1760-4d57-ac62-4ffa5f6b8c8f (type: ports) to 1
2026-06-13 23:58:00.584 10 INFO neutron.wsgi [None req-f1e971e2-932d-4208-a68b-6f2e63dc3a9d 89bd6caaa1254cfa925b687f9b3ffc83 6dec90ae427f4b64b0363ff3dcab3e03 - - default default] 10.0.0.14 "POST /v2.0/networks HTTP/1.1" status: 201 len: 828 time: 1.2627642
2026-06-13 23:58:00.594 9 WARNING neutron_lib.context [None req-ff562c07-be20-4e72-8d9d-387151115492 89bd6caaa1254cfa925b687f9b3ffc83 6dec90ae427f4b64b0363ff3dcab3e03 - - default default] Method 'is_advsvc' is deprecated since 2023.2 release (neutron-lib 3.8.0) and will be removed once support for the old RBAC API policies will be removed from Neutron. Please use method 'is_service_role' instead.
2026-06-13 23:58:00.685 9 INFO neutron.db.segments_db [None req-ff562c07-be20-4e72-8d9d-387151115492 89bd6caaa1254cfa925b687f9b3ffc83 6dec90ae427f4b64b0363ff3dcab3e03 - - default default] Added segment 3c3a1947-f233-4486-b94b-d1ec5af19759 of type geneve for network db760239-526c-40b6-a743-ee583883b910
2026-06-13 23:58:00.717 9 INFO neutron.db.ovn_revision_numbers_db [None req-45e61702-7c69-4af8-b668-e0d3fbf8fe47 0badf3674b824baf9deb0d3b13eef2c5 85afb4b5014f42358a55eb5080f7a039 - - default default] Successfully bumped revision number for resource 758396bd-e9aa-44ff-ba60-e1db1919c8d4 (type: security_groups) to 1
2026-06-13 23:58:00.749 9 INFO neutron.db.ovn_revision_numbers_db [None req-45e61702-7c69-4af8-b668-e0d3fbf8fe47 0badf3674b824baf9deb0d3b13eef2c5 85afb4b5014f42358a55eb5080f7a039 - - default default] Successfully bumped revision number for resource 0aec7182-45aa-4dfe-9790-afdb102cc336 (type: security_group_rules) to 0
2026-06-13 23:58:00.794 9 INFO neutron.db.ovn_revision_numbers_db [None req-45e61702-7c69-4af8-b668-e0d3fbf8fe47 0badf3674b824baf9deb0d3b13eef2c5 85afb4b5014f42358a55eb5080f7a039 - - default default] Successfully bumped revision number for resource 40367a81-8aed-4df2-8d68-d860a10d22af (type: security_group_rules) to 0
2026-06-13 23:58:00.817 9 INFO neutron.db.ovn_revision_numbers_db [None req-45e61702-7c69-4af8-b668-e0d3fbf8fe47 0badf3674b824baf9deb0d3b13eef2c5 85afb4b5014f42358a55eb5080f7a039 - - default default] Successfully bumped revision number for resource a8aeb59b-fe92-4794-8c5b-97622c211abe (type: security_group_rules) to 0
2026-06-13 23:58:00.859 10 INFO neutron.wsgi [req-56515b6b-f743-4b87-a367-f004aa6a1002 req-91d50d65-7f98-400c-88ab-30e74bcfa9cb 326affdcbef54fcf91d2ce6f747d6909 6cdd55410299440194f68e01f06829eb - - 43d848d5152f49aa96a22434d33eb6cf 43d848d5152f49aa96a22434d33eb6cf] 10.0.0.190 "GET /v2.0/extensions HTTP/1.1" status: 200 len: 16980 time: 0.0600543
2026-06-13 23:58:00.889 9 INFO neutron.db.ovn_revision_numbers_db [None req-45e61702-7c69-4af8-b668-e0d3fbf8fe47 0badf3674b824baf9deb0d3b13eef2c5 85afb4b5014f42358a55eb5080f7a039 - - default default] Successfully bumped revision number for resource bdf21dd8-4113-4576-80b8-b4c8eed25b99 (type: security_group_rules) to 0
2026-06-13 23:58:00.904 9 INFO neutron.db.ovn_revision_numbers_db [None req-ff562c07-be20-4e72-8d9d-387151115492 89bd6caaa1254cfa925b687f9b3ffc83 6dec90ae427f4b64b0363ff3dcab3e03 - - default default] Successfully bumped revision number for resource db760239-526c-40b6-a743-ee583883b910 (type: networks) to 1
2026-06-13 23:58:00.928 9 INFO neutron.wsgi [None req-45e61702-7c69-4af8-b668-e0d3fbf8fe47 0badf3674b824baf9deb0d3b13eef2c5 85afb4b5014f42358a55eb5080f7a039 - - default default] 10.0.0.14 "GET /v2.0/security-groups?tenant_id=504e0dd3374440aaab8bf812396ffea6&name=default HTTP/1.1" status: 200 len: 2996 time: 0.4780967
2026-06-13 23:58:00.945 10 INFO neutron.wsgi [req-56515b6b-f743-4b87-a367-f004aa6a1002 req-dce60602-267e-43b9-be77-ca0e7eacc6be 326affdcbef54fcf91d2ce6f747d6909 6cdd55410299440194f68e01f06829eb - - 43d848d5152f49aa96a22434d33eb6cf 43d848d5152f49aa96a22434d33eb6cf] 10.0.0.190 "GET /v2.0/networks/c0854106-cc86-4ede-b8a4-7016301b6b3b?fields=segments HTTP/1.1" status: 200 len: 212 time: 0.0777488 /var/lib/openstack/lib/python3.10/site-packages/pycadf/identifier.py:71: UserWarning: Invalid uuid: neutron. To ensure interoperability, identifiers should be a valid uuid. warnings.warn(('Invalid uuid: %s. To ensure interoperability, '
2026-06-13 23:58:00.997 10 INFO neutron.db.ovn_revision_numbers_db [req-2620f10f-e749-4ad9-9de5-fa3f5437c059 req-f0052a8d-28e2-4709-abb7-61e149d0a6d2 2b87c879725b4cb0a01cb02da207747b 6182fb1268624ff9bb5590b28a93ae87 - - default default] Successfully bumped revision number for resource ccc73f7c-2154-428b-a957-495826572387 (type: ports) to 6
2026-06-13 23:58:01.010 10 INFO neutron.wsgi [req-2620f10f-e749-4ad9-9de5-fa3f5437c059 req-f0052a8d-28e2-4709-abb7-61e149d0a6d2 2b87c879725b4cb0a01cb02da207747b 6182fb1268624ff9bb5590b28a93ae87 - - default default] 199.204.45.95 "PUT /v2.0/ports/ccc73f7c-2154-428b-a957-495826572387 HTTP/1.1" status: 200 len: 1171 time: 0.6034036
2026-06-13 23:58:01.022 10 INFO neutron.wsgi [req-56515b6b-f743-4b87-a367-f004aa6a1002 req-c91d26ce-c2e1-434c-9558-dffc8895c8c8 326affdcbef54fcf91d2ce6f747d6909 6cdd55410299440194f68e01f06829eb - - 43d848d5152f49aa96a22434d33eb6cf 43d848d5152f49aa96a22434d33eb6cf] 10.0.0.190 "GET /v2.0/networks/c0854106-cc86-4ede-b8a4-7016301b6b3b?fields=provider%3Aphysical_network&fields=provider%3Anetwork_type HTTP/1.1" status: 200 len: 277 time: 0.0711377
2026-06-13 23:58:01.060 10 INFO neutron.notifiers.nova [-] Nova event matching ['req-abe44feb-d116-4194-ba42-0c4c94247dd3'] response: {'name': 'network-changed', 'server_uuid': 'cc966cf5-8548-47b8-bf9f-5bb85f57d9e6', 'tag': 'ccc73f7c-2154-428b-a957-495826572387', 'status': 'completed', 'code': 200}
2026-06-13 23:58:01.067 10 INFO neutron.wsgi [req-2620f10f-e749-4ad9-9de5-fa3f5437c059 req-74c71bd8-6c8f-4447-9760-19a340f3d62c 326affdcbef54fcf91d2ce6f747d6909 6cdd55410299440194f68e01f06829eb - - 43d848d5152f49aa96a22434d33eb6cf 43d848d5152f49aa96a22434d33eb6cf] 199.204.45.95 "GET /v2.0/ports?tenant_id=6182fb1268624ff9bb5590b28a93ae87&device_id=cc966cf5-8548-47b8-bf9f-5bb85f57d9e6 HTTP/1.1" status: 200 len: 1413 time: 0.0378196
2026-06-13 23:58:01.132 10 INFO neutron.wsgi [req-2620f10f-e749-4ad9-9de5-fa3f5437c059 req-6e868e1f-0b78-4293-9a2f-3c78b5eb08c4 326affdcbef54fcf91d2ce6f747d6909 6cdd55410299440194f68e01f06829eb - - 43d848d5152f49aa96a22434d33eb6cf 43d848d5152f49aa96a22434d33eb6cf] 199.204.45.95 "GET /v2.0/networks?id=6c166bfd-7b17-4c5e-a985-f251b2acb8e9 HTTP/1.1" status: 200 len: 982 time: 0.0605071
2026-06-13 23:58:01.140 9 WARNING neutron.scheduler.dhcp_agent_scheduler [None req-ff562c07-be20-4e72-8d9d-387151115492 89bd6caaa1254cfa925b687f9b3ffc83 6dec90ae427f4b64b0363ff3dcab3e03 - - default default] No more DHCP agents
2026-06-13 23:58:01.142 9 WARNING neutron.api.rpc.agentnotifiers.dhcp_rpc_agent_api [None req-ff562c07-be20-4e72-8d9d-387151115492 89bd6caaa1254cfa925b687f9b3ffc83 6dec90ae427f4b64b0363ff3dcab3e03 - - default default] Unable to schedule network db760239-526c-40b6-a743-ee583883b910: no agents available; will retry on subsequent port and subnet creation events.
2026-06-13 23:58:01.179 10 INFO neutron.wsgi [req-64cc0f26-d715-4606-92d7-db2054df80b5 req-764c15b8-36d4-4c9d-9aa7-085003de98ed 08244c9936764b1989607db43174eabf 8676eadb2b9d4108b21f61e8228abd22 - - default default] 10.0.0.190 "GET /v2.0/ports?device_id=662247c6-c192-4fa9-b04c-4b57a5271f98 HTTP/1.1" status: 200 len: 210 time: 0.0179486
2026-06-13 23:58:01.189 10 INFO neutron.wsgi [req-2620f10f-e749-4ad9-9de5-fa3f5437c059 req-26a49d39-0388-4b3a-9ffd-53609026e9ab 326affdcbef54fcf91d2ce6f747d6909 6cdd55410299440194f68e01f06829eb - - 43d848d5152f49aa96a22434d33eb6cf 43d848d5152f49aa96a22434d33eb6cf] 199.204.45.95 "GET /v2.0/floatingips?fixed_ip_address=10.100.0.11&port_id=ccc73f7c-2154-428b-a957-495826572387 HTTP/1.1" status: 200 len: 1060 time: 0.0492141
2026-06-13 23:58:01.229 9 INFO neutron.wsgi [None req-6da90232-78c7-4794-9994-7c9eae65baf9 0badf3674b824baf9deb0d3b13eef2c5 85afb4b5014f42358a55eb5080f7a039 - - default default] 10.0.0.14 "DELETE /v2.0/security-groups/758396bd-e9aa-44ff-ba60-e1db1919c8d4 HTTP/1.1" status: 204 len: 168 time: 0.2949171
2026-06-13 23:58:01.229 10 INFO neutron.wsgi [req-2620f10f-e749-4ad9-9de5-fa3f5437c059 req-93be6da6-79d5-4e1f-ab8b-1fc0ec9c078f 326affdcbef54fcf91d2ce6f747d6909 6cdd55410299440194f68e01f06829eb - - 43d848d5152f49aa96a22434d33eb6cf 43d848d5152f49aa96a22434d33eb6cf] 199.204.45.95 "GET /v2.0/subnets?id=da648e12-69ce-4a35-9604-b51993c047ce HTTP/1.1" status: 200 len: 877 time: 0.0339379
2026-06-13 23:58:01.230 9 INFO neutron.db.ovn_revision_numbers_db [None req-ff562c07-be20-4e72-8d9d-387151115492 89bd6caaa1254cfa925b687f9b3ffc83 6dec90ae427f4b64b0363ff3dcab3e03 - - default default] Successfully bumped revision number for resource b8409943-4b5d-46f1-8931-3ed1c5a7cd25 (type: ports) to 1
2026-06-13 23:58:01.254 9 INFO neutron.wsgi [None req-ff562c07-be20-4e72-8d9d-387151115492 89bd6caaa1254cfa925b687f9b3ffc83 6dec90ae427f4b64b0363ff3dcab3e03 - - default default] 10.0.0.14 "POST /v2.0/networks HTTP/1.1" status: 201 len: 828 time: 0.6647890
2026-06-13 23:58:01.258 10 INFO neutron.wsgi [req-2620f10f-e749-4ad9-9de5-fa3f5437c059 req-1afcbe75-95a8-4a54-9ff0-7a4479074a05 326affdcbef54fcf91d2ce6f747d6909 6cdd55410299440194f68e01f06829eb - - 43d848d5152f49aa96a22434d33eb6cf 43d848d5152f49aa96a22434d33eb6cf] 199.204.45.95 "GET /v2.0/ports?network_id=6c166bfd-7b17-4c5e-a985-f251b2acb8e9&device_owner=network%3Adhcp HTTP/1.1" status: 200 len: 210 time: 0.0240331
2026-06-13 23:58:01.264 9 WARNING neutron_lib.context [None req-e7bf9f41-21f2-4c7c-a2dc-1e826ab3bdc9 89bd6caaa1254cfa925b687f9b3ffc83 6dec90ae427f4b64b0363ff3dcab3e03 - - default default] Method 'is_advsvc' is deprecated since 2023.2 release (neutron-lib 3.8.0) and will be removed once support for the old RBAC API policies will be removed from Neutron. Please use method 'is_service_role' instead.
2026-06-13 23:58:01.327 10 INFO neutron.wsgi [req-2620f10f-e749-4ad9-9de5-fa3f5437c059 req-f198ecb6-5fa7-43ac-abcb-d9302324f234 326affdcbef54fcf91d2ce6f747d6909 6cdd55410299440194f68e01f06829eb - - 43d848d5152f49aa96a22434d33eb6cf 43d848d5152f49aa96a22434d33eb6cf] 199.204.45.95 "GET /v2.0/networks/6c166bfd-7b17-4c5e-a985-f251b2acb8e9?fields=segments HTTP/1.1" status: 200 len: 212 time: 0.0604458
2026-06-13 23:58:01.420 10 INFO neutron.wsgi [req-2620f10f-e749-4ad9-9de5-fa3f5437c059 req-4ff7ab8a-81d6-45e1-b190-a6c4e8a527b8 326affdcbef54fcf91d2ce6f747d6909 6cdd55410299440194f68e01f06829eb - - 43d848d5152f49aa96a22434d33eb6cf 43d848d5152f49aa96a22434d33eb6cf] 199.204.45.95 "GET /v2.0/networks/6c166bfd-7b17-4c5e-a985-f251b2acb8e9?fields=provider%3Aphysical_network&fields=provider%3Anetwork_type HTTP/1.1" status: 200 len: 277 time: 0.0857234
2026-06-13 23:58:01.487 10 INFO neutron.db.ovn_revision_numbers_db [None req-cfad5d10-333f-4059-b7bf-8ad4fd2fd85f 0badf3674b824baf9deb0d3b13eef2c5 85afb4b5014f42358a55eb5080f7a039 - - default default] Successfully bumped revision number for resource 00011f37-c8d7-4182-8d01-54f1bc7196b7 (type: security_groups) to 1
2026-06-13 23:58:01.488 9 WARNING neutron.scheduler.dhcp_agent_scheduler [None req-e7bf9f41-21f2-4c7c-a2dc-1e826ab3bdc9 89bd6caaa1254cfa925b687f9b3ffc83 6dec90ae427f4b64b0363ff3dcab3e03 - - default default] No more DHCP agents
2026-06-13 23:58:01.489 9 WARNING neutron.api.rpc.agentnotifiers.dhcp_rpc_agent_api [None req-e7bf9f41-21f2-4c7c-a2dc-1e826ab3bdc9 89bd6caaa1254cfa925b687f9b3ffc83 6dec90ae427f4b64b0363ff3dcab3e03 - - default default] Unable to schedule network 17b7c297-d340-43bc-85be-5f589aff9eec: no agents available; will retry on subsequent port and subnet creation events.
2026-06-13 23:58:01.499 10 INFO neutron.wsgi [req-1907a298-458a-4b51-a08f-d75b1033b894 req-94b2188f-00f0-4a5f-bca1-d6aeac560e3f 326affdcbef54fcf91d2ce6f747d6909 6cdd55410299440194f68e01f06829eb - - 43d848d5152f49aa96a22434d33eb6cf 43d848d5152f49aa96a22434d33eb6cf] 199.204.45.95 "GET /v2.0/ports?tenant_id=6182fb1268624ff9bb5590b28a93ae87&device_id=cc966cf5-8548-47b8-bf9f-5bb85f57d9e6 HTTP/1.1" status: 200 len: 1413 time: 0.0351322
2026-06-13 23:58:01.510 10 INFO neutron.db.ovn_revision_numbers_db [None req-cfad5d10-333f-4059-b7bf-8ad4fd2fd85f 0badf3674b824baf9deb0d3b13eef2c5 85afb4b5014f42358a55eb5080f7a039 - - default default] Successfully bumped revision number for resource 05ce54a9-8878-4a0b-8cdd-6cb56c9d24ac (type: security_group_rules) to 0
2026-06-13 23:58:01.538 10 INFO neutron.db.ovn_revision_numbers_db [None req-cfad5d10-333f-4059-b7bf-8ad4fd2fd85f 0badf3674b824baf9deb0d3b13eef2c5 85afb4b5014f42358a55eb5080f7a039 - - default default] Successfully bumped revision number for resource 52586b42-e23c-4ca3-a441-cd28c4a22490 (type: security_group_rules) to 0
2026-06-13 23:58:01.553 10 INFO neutron.db.ovn_revision_numbers_db [None req-cfad5d10-333f-4059-b7bf-8ad4fd2fd85f 0badf3674b824baf9deb0d3b13eef2c5 85afb4b5014f42358a55eb5080f7a039 - - default default] Successfully bumped revision number for resource a826bf46-bd66-499f-b3ae-2a6355f7114c (type: security_group_rules) to 0
2026-06-13 23:58:01.563 10 INFO neutron.wsgi [req-1907a298-458a-4b51-a08f-d75b1033b894 req-39695516-6c04-4edd-bd7a-97c52fc599b9 326affdcbef54fcf91d2ce6f747d6909 6cdd55410299440194f68e01f06829eb - - 43d848d5152f49aa96a22434d33eb6cf 43d848d5152f49aa96a22434d33eb6cf] 199.204.45.95 "GET /v2.0/networks?id=6c166bfd-7b17-4c5e-a985-f251b2acb8e9 HTTP/1.1" status: 200 len: 982 time: 0.0589604
2026-06-13 23:58:01.573 10 INFO neutron.db.ovn_revision_numbers_db [None req-cfad5d10-333f-4059-b7bf-8ad4fd2fd85f 0badf3674b824baf9deb0d3b13eef2c5 85afb4b5014f42358a55eb5080f7a039 - - default default] Successfully bumped revision number for resource e718c7b2-73f5-46cc-b974-089447688c63 (type: security_group_rules) to 0
2026-06-13 23:58:01.612 10 INFO neutron.wsgi [None req-cfad5d10-333f-4059-b7bf-8ad4fd2fd85f 0badf3674b824baf9deb0d3b13eef2c5 85afb4b5014f42358a55eb5080f7a039 - - default default] 10.0.0.14 "GET /v2.0/security-groups?tenant_id=109447ca0b464edcbc3ea58365160a1d&name=default HTTP/1.1" status: 200 len: 2996 time: 0.2923944
2026-06-13 23:58:01.615 10 INFO neutron.wsgi [req-1907a298-458a-4b51-a08f-d75b1033b894 req-6d985e9a-c658-4daf-8785-54683a54b9d7 326affdcbef54fcf91d2ce6f747d6909 6cdd55410299440194f68e01f06829eb - - 43d848d5152f49aa96a22434d33eb6cf 43d848d5152f49aa96a22434d33eb6cf] 199.204.45.95 "GET /v2.0/floatingips?fixed_ip_address=10.100.0.11&port_id=ccc73f7c-2154-428b-a957-495826572387 HTTP/1.1" status: 200 len: 1060 time: 0.0474851
2026-06-13 23:58:01.656 10 INFO neutron.wsgi [req-1907a298-458a-4b51-a08f-d75b1033b894 req-9667ead2-23e4-4fb6-8774-ab70f14ec372 326affdcbef54fcf91d2ce6f747d6909 6cdd55410299440194f68e01f06829eb - - 43d848d5152f49aa96a22434d33eb6cf 43d848d5152f49aa96a22434d33eb6cf] 199.204.45.95 "GET /v2.0/subnets?id=da648e12-69ce-4a35-9604-b51993c047ce HTTP/1.1" status: 200 len: 877 time: 0.0336914
2026-06-13 23:58:01.705 10 INFO neutron.wsgi [req-1907a298-458a-4b51-a08f-d75b1033b894 req-311e3c9c-77b4-4d54-a8f1-b81b4ab4cfb3 326affdcbef54fcf91d2ce6f747d6909 6cdd55410299440194f68e01f06829eb - - 43d848d5152f49aa96a22434d33eb6cf 43d848d5152f49aa96a22434d33eb6cf] 199.204.45.95 "GET /v2.0/ports?network_id=6c166bfd-7b17-4c5e-a985-f251b2acb8e9&device_owner=network%3Adhcp HTTP/1.1" status: 200 len: 210 time: 0.0359964
2026-06-13 23:58:01.799 10 INFO neutron.wsgi [req-1907a298-458a-4b51-a08f-d75b1033b894 req-f0d73923-7331-4991-b59d-1dc645fcd35c 326affdcbef54fcf91d2ce6f747d6909 6cdd55410299440194f68e01f06829eb - - 43d848d5152f49aa96a22434d33eb6cf 43d848d5152f49aa96a22434d33eb6cf] 199.204.45.95 "GET /v2.0/networks/6c166bfd-7b17-4c5e-a985-f251b2acb8e9?fields=segments HTTP/1.1" status: 200 len: 212 time: 0.0889208
2026-06-13 23:58:01.874 10 INFO neutron.wsgi [req-1907a298-458a-4b51-a08f-d75b1033b894 req-62c0f521-29fb-4b8c-9131-36bd4579a7d2 326affdcbef54fcf91d2ce6f747d6909 6cdd55410299440194f68e01f06829eb - - 43d848d5152f49aa96a22434d33eb6cf 43d848d5152f49aa96a22434d33eb6cf] 199.204.45.95 "GET /v2.0/networks/6c166bfd-7b17-4c5e-a985-f251b2acb8e9?fields=provider%3Aphysical_network&fields=provider%3Anetwork_type HTTP/1.1" status: 200 len: 277 time: 0.0704200
2026-06-13 23:58:01.924 9 INFO neutron.wsgi [req-56515b6b-f743-4b87-a367-f004aa6a1002 req-c28dc601-037d-42a6-8c7e-216731a6ab45 08244c9936764b1989607db43174eabf 8676eadb2b9d4108b21f61e8228abd22 - - default default] 199.204.45.95 "GET /v2.0/networks?id=c0854106-cc86-4ede-b8a4-7016301b6b3b HTTP/1.1" status: 200 len: 874 time: 0.0920615
2026-06-13 23:58:01.941 10 INFO neutron.wsgi [None req-7163f449-d2df-432e-9140-fd49feacda76 0badf3674b824baf9deb0d3b13eef2c5 85afb4b5014f42358a55eb5080f7a039 - - default default] 10.0.0.14 "DELETE /v2.0/security-groups/00011f37-c8d7-4182-8d01-54f1bc7196b7 HTTP/1.1" status: 204 len: 168 time: 0.3230889
2026-06-13 23:58:01.982 9 INFO neutron.wsgi [req-56515b6b-f743-4b87-a367-f004aa6a1002 req-4ad91822-057b-4ad1-a322-36acd6d53449 08244c9936764b1989607db43174eabf 8676eadb2b9d4108b21f61e8228abd22 - - default default] 199.204.45.95 "GET /v2.0/security-groups?fields=id&fields=name&tenant_id=8676eadb2b9d4108b21f61e8228abd22 HTTP/1.1" status: 200 len: 379 time: 0.0510719
2026-06-13 23:58:01.996 9 WARNING neutron_lib.context [req-56515b6b-f743-4b87-a367-f004aa6a1002 req-9c3aa851-d9da-493f-9bd6-16fbc8c18dc4 08244c9936764b1989607db43174eabf 8676eadb2b9d4108b21f61e8228abd22 - - default default] Method 'is_advsvc' is deprecated since 2023.2 release (neutron-lib 3.8.0) and will be removed once support for the old RBAC API policies will be removed from Neutron. Please use method 'is_service_role' instead.
2026-06-13 23:58:02.057 9 INFO neutron.db.ovn_revision_numbers_db [None req-e7bf9f41-21f2-4c7c-a2dc-1e826ab3bdc9 89bd6caaa1254cfa925b687f9b3ffc83 6dec90ae427f4b64b0363ff3dcab3e03 - - default default] Successfully bumped revision number for resource 0b2304fd-1760-4d57-ac62-4ffa5f6b8c8f (type: ports) to 2
2026-06-13 23:58:02.097 9 INFO neutron.db.ovn_revision_numbers_db [None req-e7bf9f41-21f2-4c7c-a2dc-1e826ab3bdc9 89bd6caaa1254cfa925b687f9b3ffc83 6dec90ae427f4b64b0363ff3dcab3e03 - - default default] Successfully bumped revision number for resource 24ef15ca-c452-4fce-aed6-32225a0e9b1c (type: subnets) to 0
2026-06-13 23:58:02.117 9 INFO neutron.wsgi [None req-e7bf9f41-21f2-4c7c-a2dc-1e826ab3bdc9 89bd6caaa1254cfa925b687f9b3ffc83 6dec90ae427f4b64b0363ff3dcab3e03 - - default default] 10.0.0.14 "POST /v2.0/subnets HTTP/1.1" status: 201 len: 801 time: 0.8585861
2026-06-13 23:58:02.130 10 WARNING neutron_lib.context [None req-97005ffb-1158-445b-8f46-c2490e767cdc 89bd6caaa1254cfa925b687f9b3ffc83 6dec90ae427f4b64b0363ff3dcab3e03 - - default default] Method 'is_advsvc' is deprecated since 2023.2 release (neutron-lib 3.8.0) and will be removed once support for the old RBAC API policies will be removed from Neutron. Please use method 'is_service_role' instead.
2026-06-13 23:58:02.275 10 INFO neutron.wsgi [req-4490f7f1-a238-44ea-b846-94a970cc8f84 req-0acb2ff5-48ea-43e1-8377-fe73db0d345d 08244c9936764b1989607db43174eabf 8676eadb2b9d4108b21f61e8228abd22 - - default default] 10.0.0.190 "GET /v2.0/ports?device_id=662247c6-c192-4fa9-b04c-4b57a5271f98 HTTP/1.1" status: 200 len: 210 time: 0.0317397
2026-06-13 23:58:02.366 10 WARNING neutron.scheduler.dhcp_agent_scheduler [None req-97005ffb-1158-445b-8f46-c2490e767cdc 89bd6caaa1254cfa925b687f9b3ffc83 6dec90ae427f4b64b0363ff3dcab3e03 - - default default] No more DHCP agents
2026-06-13 23:58:02.366 10 WARNING neutron.api.rpc.agentnotifiers.dhcp_rpc_agent_api [None req-97005ffb-1158-445b-8f46-c2490e767cdc 89bd6caaa1254cfa925b687f9b3ffc83 6dec90ae427f4b64b0363ff3dcab3e03 - - default default] Unable to schedule network db760239-526c-40b6-a743-ee583883b910: no agents available; will retry on subsequent port and subnet creation events.
2026-06-13 23:58:02.520 9 WARNING neutron.scheduler.dhcp_agent_scheduler [req-56515b6b-f743-4b87-a367-f004aa6a1002 req-9c3aa851-d9da-493f-9bd6-16fbc8c18dc4 08244c9936764b1989607db43174eabf 8676eadb2b9d4108b21f61e8228abd22 - - default default] No more DHCP agents
2026-06-13 23:58:02.522 9 WARNING neutron.api.rpc.agentnotifiers.dhcp_rpc_agent_api [req-56515b6b-f743-4b87-a367-f004aa6a1002 req-9c3aa851-d9da-493f-9bd6-16fbc8c18dc4 08244c9936764b1989607db43174eabf 8676eadb2b9d4108b21f61e8228abd22 - - default default] Unable to schedule network c0854106-cc86-4ede-b8a4-7016301b6b3b: no agents available; will retry on subsequent port and subnet creation events.
2026-06-13 23:58:02.582 9 INFO neutron.plugins.ml2.drivers.ovn.mech_driver.mech_driver [None req-12b9eb48-e3c2-47ec-a464-21ef71433738 - - - - - -] OVN reports status down for port: ccc73f7c-2154-428b-a957-495826572387
2026-06-13 23:58:02.748 9 INFO neutron.notifiers.nova [-] Nova event matching ['req-15c1fa1e-95df-4d8a-a5ca-40b98bb5e73c'] response: {'server_uuid': 'cc966cf5-8548-47b8-bf9f-5bb85f57d9e6', 'name': 'network-vif-unplugged', 'status': 'completed', 'tag': 'ccc73f7c-2154-428b-a957-495826572387', 'code': 200}
2026-06-13 23:58:02.774 9 INFO neutron.db.ovn_revision_numbers_db [req-56515b6b-f743-4b87-a367-f004aa6a1002 req-9c3aa851-d9da-493f-9bd6-16fbc8c18dc4 08244c9936764b1989607db43174eabf 8676eadb2b9d4108b21f61e8228abd22 - - default default] Successfully bumped revision number for resource 7f41a94b-1952-436e-8bdd-1f8312ba750c (type: ports) to 1
2026-06-13 23:58:02.802 9 INFO neutron.wsgi [req-56515b6b-f743-4b87-a367-f004aa6a1002 req-9c3aa851-d9da-493f-9bd6-16fbc8c18dc4 08244c9936764b1989607db43174eabf 8676eadb2b9d4108b21f61e8228abd22 - - default default] 199.204.45.95 "POST /v2.0/ports HTTP/1.1" status: 201 len: 1162 time: 0.8126400
2026-06-13 23:58:02.812 10 INFO neutron.wsgi [req-de64ed6e-5eb4-41c5-9e22-646ada9c5b68 req-ece5d70a-022d-4fd8-859e-4a12a914d1a3 2b87c879725b4cb0a01cb02da207747b 6182fb1268624ff9bb5590b28a93ae87 - - default default] 10.0.0.190 "GET /v2.0/ports?device_id=cc966cf5-8548-47b8-bf9f-5bb85f57d9e6 HTTP/1.1" status: 200 len: 1174 time: 0.1221862 /var/lib/openstack/lib/python3.10/site-packages/pycadf/identifier.py:71: UserWarning: Invalid uuid: neutron. To ensure interoperability, identifiers should be a valid uuid. warnings.warn(('Invalid uuid: %s. To ensure interoperability, '
2026-06-13 23:58:02.880 10 INFO neutron.wsgi [req-de64ed6e-5eb4-41c5-9e22-646ada9c5b68 req-ec30229c-da1a-42a7-82f8-1fd0f87054c6 2b87c879725b4cb0a01cb02da207747b 6182fb1268624ff9bb5590b28a93ae87 - - default default] 10.0.0.190 "GET /v2.0/security-groups?id=034a17c7-9694-48ca-9aa5-351ef2156360&fields=id&fields=name HTTP/1.1" status: 200 len: 313 time: 0.0555580
2026-06-13 23:58:02.915 10 INFO neutron.wsgi [req-992e14c9-05ce-40f6-b42f-c62ea327ea75 req-41724ac2-6aac-4c24-868b-b256bd4e06bf 2b87c879725b4cb0a01cb02da207747b 6182fb1268624ff9bb5590b28a93ae87 - - default default] 199.204.45.95 "GET /v2.0/ports?device_id=cc966cf5-8548-47b8-bf9f-5bb85f57d9e6 HTTP/1.1" status: 200 len: 1172 time: 0.0562317
2026-06-13 23:58:02.947 9 INFO neutron.db.ovn_revision_numbers_db [None req-12b9eb48-e3c2-47ec-a464-21ef71433738 - - - - - -] Successfully bumped revision number for resource ccc73f7c-2154-428b-a957-495826572387 (type: ports) to 7
2026-06-13 23:58:03.180 10 INFO neutron.db.ovn_revision_numbers_db [None req-97005ffb-1158-445b-8f46-c2490e767cdc 89bd6caaa1254cfa925b687f9b3ffc83 6dec90ae427f4b64b0363ff3dcab3e03 - - default default] Successfully bumped revision number for resource b8409943-4b5d-46f1-8931-3ed1c5a7cd25 (type: ports) to 2
2026-06-13 23:58:03.217 9 INFO neutron.db.ovn_revision_numbers_db [req-56515b6b-f743-4b87-a367-f004aa6a1002 req-a15afa26-ec30-4fa0-82e9-edbbf3c65806 326affdcbef54fcf91d2ce6f747d6909 6cdd55410299440194f68e01f06829eb - - 43d848d5152f49aa96a22434d33eb6cf 43d848d5152f49aa96a22434d33eb6cf] Successfully bumped revision number for resource 7f41a94b-1952-436e-8bdd-1f8312ba750c (type: ports) to 2
2026-06-13 23:58:03.226 10 INFO neutron.db.ovn_revision_numbers_db [None req-97005ffb-1158-445b-8f46-c2490e767cdc 89bd6caaa1254cfa925b687f9b3ffc83 6dec90ae427f4b64b0363ff3dcab3e03 - - default default] Successfully bumped revision number for resource 1ad71c6e-8e51-4363-943f-4ed32394dbce (type: subnets) to 0
2026-06-13 23:58:03.258 10 INFO neutron.wsgi [None req-97005ffb-1158-445b-8f46-c2490e767cdc 89bd6caaa1254cfa925b687f9b3ffc83 6dec90ae427f4b64b0363ff3dcab3e03 - - default default] 10.0.0.14 "POST /v2.0/subnets HTTP/1.1" status: 201 len: 801 time: 1.1344473
2026-06-13 23:58:03.273 10 WARNING neutron_lib.context [None req-8cccd2fa-e299-4d07-839b-8e69149671de 89bd6caaa1254cfa925b687f9b3ffc83 6dec90ae427f4b64b0363ff3dcab3e03 - - default default] Method 'is_advsvc' is deprecated since 2023.2 release (neutron-lib 3.8.0) and will be removed once support for the old RBAC API policies will be removed from Neutron. Please use method 'is_service_role' instead.
2026-06-13 23:58:03.279 10 INFO neutron.db.l3_db [req-992e14c9-05ce-40f6-b42f-c62ea327ea75 req-30e1b735-7e58-4c38-8b2c-5afc9888d803 2b87c879725b4cb0a01cb02da207747b 6182fb1268624ff9bb5590b28a93ae87 - - default default] Floating IP ae679969-ed75-4bd5-9e2b-2d6030bb52e7 disassociated. External IP: 10.96.250.212, port: ccc73f7c-2154-428b-a957-495826572387.
2026-06-13 23:58:03.419 9 INFO neutron.db.ovn_revision_numbers_db [req-56515b6b-f743-4b87-a367-f004aa6a1002 req-a15afa26-ec30-4fa0-82e9-edbbf3c65806 326affdcbef54fcf91d2ce6f747d6909 6cdd55410299440194f68e01f06829eb - - 43d848d5152f49aa96a22434d33eb6cf 43d848d5152f49aa96a22434d33eb6cf] Successfully bumped revision number for resource 7f41a94b-1952-436e-8bdd-1f8312ba750c (type: ports) to 2
2026-06-13 23:58:03.431 10 INFO neutron.wsgi [req-abce4b68-276f-4570-8726-bda965ce3f18 req-5a874e65-2a73-4972-85ee-c25a8ea636e2 08244c9936764b1989607db43174eabf 8676eadb2b9d4108b21f61e8228abd22 - - default default] 10.0.0.190 "GET /v2.0/ports?device_id=662247c6-c192-4fa9-b04c-4b57a5271f98 HTTP/1.1" status: 200 len: 1172 time: 0.0803773
2026-06-13 23:58:03.438 9 INFO neutron.wsgi [req-56515b6b-f743-4b87-a367-f004aa6a1002 req-a15afa26-ec30-4fa0-82e9-edbbf3c65806 326affdcbef54fcf91d2ce6f747d6909 6cdd55410299440194f68e01f06829eb - - 43d848d5152f49aa96a22434d33eb6cf 43d848d5152f49aa96a22434d33eb6cf] 199.204.45.95 "PUT /v2.0/ports/7f41a94b-1952-436e-8bdd-1f8312ba750c HTTP/1.1" status: 200 len: 1380 time: 0.6292472 /var/lib/openstack/lib/python3.10/site-packages/pycadf/identifier.py:71: UserWarning: Invalid uuid: neutron. To ensure interoperability, identifiers should be a valid uuid. warnings.warn(('Invalid uuid: %s. To ensure interoperability, '
2026-06-13 23:58:03.499 10 INFO neutron.db.ovn_revision_numbers_db [None req-8cccd2fa-e299-4d07-839b-8e69149671de 89bd6caaa1254cfa925b687f9b3ffc83 6dec90ae427f4b64b0363ff3dcab3e03 - - default default] Successfully bumped revision number for resource c294bf22-f1e0-4bad-9ba3-ea96970b22a9 (type: routers) to 1
2026-06-13 23:58:03.502 9 INFO neutron.wsgi [req-56515b6b-f743-4b87-a367-f004aa6a1002 req-2f160418-7856-4152-9a33-a83df5d97e37 326affdcbef54fcf91d2ce6f747d6909 6cdd55410299440194f68e01f06829eb - - 43d848d5152f49aa96a22434d33eb6cf 43d848d5152f49aa96a22434d33eb6cf] 199.204.45.95 "GET /v2.0/ports?tenant_id=8676eadb2b9d4108b21f61e8228abd22&device_id=662247c6-c192-4fa9-b04c-4b57a5271f98 HTTP/1.1" status: 200 len: 1411 time: 0.0370536
2026-06-13 23:58:03.505 10 INFO neutron.wsgi [req-abce4b68-276f-4570-8726-bda965ce3f18 req-ab8b92e7-7dc0-48c1-8377-a8cb2d458ae7 08244c9936764b1989607db43174eabf 8676eadb2b9d4108b21f61e8228abd22 - - default default] 10.0.0.190 "GET /v2.0/security-groups?id=da9ff46f-fce9-45f6-a5cf-38ad44f96020&fields=id&fields=name HTTP/1.1" status: 200 len: 312 time: 0.0663126
2026-06-13 23:58:03.523 10 INFO neutron.wsgi [None req-8cccd2fa-e299-4d07-839b-8e69149671de 89bd6caaa1254cfa925b687f9b3ffc83 6dec90ae427f4b64b0363ff3dcab3e03 - - default default] 10.0.0.14 "POST /v2.0/routers HTTP/1.1" status: 201 len: 685 time: 0.2575967
2026-06-13 23:58:03.536 9 INFO neutron.wsgi [req-56515b6b-f743-4b87-a367-f004aa6a1002 req-c66f439a-01b0-4920-b114-61b1c345705e 326affdcbef54fcf91d2ce6f747d6909 6cdd55410299440194f68e01f06829eb - - 43d848d5152f49aa96a22434d33eb6cf 43d848d5152f49aa96a22434d33eb6cf] 199.204.45.95 "GET /v2.0/floatingips?fixed_ip_address=10.100.0.12&port_id=7f41a94b-1952-436e-8bdd-1f8312ba750c HTTP/1.1" status: 200 len: 217 time: 0.0268207
2026-06-13 23:58:03.542 10 INFO neutron.wsgi [req-992e14c9-05ce-40f6-b42f-c62ea327ea75 req-30e1b735-7e58-4c38-8b2c-5afc9888d803 2b87c879725b4cb0a01cb02da207747b 6182fb1268624ff9bb5590b28a93ae87 - - default default] 199.204.45.95 "DELETE /v2.0/ports/ccc73f7c-2154-428b-a957-495826572387 HTTP/1.1" status: 204 len: 173 time: 0.6219518
2026-06-13 23:58:03.572 10 WARNING neutron.plugins.ml2.drivers.ovn.mech_driver.ovsdb.ovn_client [None req-e6cf0876-a609-408f-8628-c2f6faf33b79 - - - - - -] No hosting information found for port 05474dcd-70bb-4a2a-a531-721461b52c1a: RuntimeError: No hosting information found for port 05474dcd-70bb-4a2a-a531-721461b52c1a
