2026-06-13 23:59:58.048 10 INFO neutron.wsgi [-] 10.0.0.39 "GET / HTTP/1.1" status: 200 len: 247 time: 0.0011759
2026-06-13 23:59:58.049 10 INFO neutron.wsgi [-] 10.0.0.39 "GET / HTTP/1.1" status: 200 len: 247 time: 0.0009012
2026-06-13 23:59:58.053 9 INFO neutron.api.v2.resource [None req-ef3ee33e-7c21-47fb-8143-692e0e283e2d 721c4b96ad564a34b6fe397b58187e9f e1cb191bae614da7b5758e83c4f2517f - - default default] delete failed (client error): The resource could not be found.
2026-06-13 23:59:58.055 9 INFO neutron.wsgi [None req-ef3ee33e-7c21-47fb-8143-692e0e283e2d 721c4b96ad564a34b6fe397b58187e9f e1cb191bae614da7b5758e83c4f2517f - - default default] 10.0.0.14 "DELETE /v2.0/routers/67f2c2e6-f0d9-4d3f-a125-2519007151e2 HTTP/1.1" status: 404 len: 336 time: 0.0373633
2026-06-13 23:59:58.081 10 INFO neutron.wsgi [None req-329c35bc-b1c2-49bc-92bf-a411ac15192a db2ac69c032343d2a88e2476350077a0 c0a306dcfb5240a9b3da4b173c4bb33a - - default default] 10.0.0.14 "DELETE /v2.0/ports/c672f8ce-107a-48f2-bc42-143b54e76f15 HTTP/1.1" status: 204 len: 168 time: 0.3221529
2026-06-13 23:59:58.083 10 INFO neutron.wsgi [None req-d2b2a0f3-60f4-4950-a87c-c80d9e8ec365 721c4b96ad564a34b6fe397b58187e9f e1cb191bae614da7b5758e83c4f2517f - - default default] 10.0.0.14 "GET /v2.0/ports?device_id=65a8d0c6-f247-41f9-a8bb-38a699a112f8 HTTP/1.1" status: 200 len: 205 time: 0.0231483
2026-06-13 23:59:58.110 10 INFO neutron.api.v2.resource [None req-c5fa7453-3f8d-438a-83aa-54342256f204 721c4b96ad564a34b6fe397b58187e9f e1cb191bae614da7b5758e83c4f2517f - - default default] delete failed (client error): The resource could not be found.
2026-06-13 23:59:58.111 10 INFO neutron.wsgi [None req-c5fa7453-3f8d-438a-83aa-54342256f204 721c4b96ad564a34b6fe397b58187e9f e1cb191bae614da7b5758e83c4f2517f - - default default] 10.0.0.14 "DELETE /v2.0/routers/65a8d0c6-f247-41f9-a8bb-38a699a112f8 HTTP/1.1" status: 404 len: 336 time: 0.0237522
2026-06-13 23:59:58.134 10 INFO neutron.pecan_wsgi.hooks.translation [None req-a0e2ab2b-8c76-4406-9fb0-386a42d8f8f2 721c4b96ad564a34b6fe397b58187e9f e1cb191bae614da7b5758e83c4f2517f - - default default] DELETE failed (client error): The resource could not be found.
2026-06-13 23:59:58.136 10 INFO neutron.wsgi [None req-a0e2ab2b-8c76-4406-9fb0-386a42d8f8f2 721c4b96ad564a34b6fe397b58187e9f e1cb191bae614da7b5758e83c4f2517f - - default default] 10.0.0.14 "DELETE /v2.0/subnets/c607a7f0-999b-4b63-9ae1-00cb7414e1be HTTP/1.1" status: 404 len: 337 time: 0.0186779
2026-06-13 23:59:58.160 10 INFO neutron.wsgi [None req-93b0b49c-20dd-47cc-972d-3c9852c86636 721c4b96ad564a34b6fe397b58187e9f e1cb191bae614da7b5758e83c4f2517f - - default default] 10.0.0.14 "GET /v2.0/ports?device_id=403cc478-6610-4a3b-864a-1cf487d37ecc HTTP/1.1" status: 200 len: 205 time: 0.0181656
2026-06-13 23:59:58.190 10 INFO neutron.api.v2.resource [None req-215cad94-d1f2-44d7-9b16-ea0996d6ff5c 721c4b96ad564a34b6fe397b58187e9f e1cb191bae614da7b5758e83c4f2517f - - default default] delete failed (client error): The resource could not be found.
2026-06-13 23:59:58.191 10 INFO neutron.wsgi [None req-215cad94-d1f2-44d7-9b16-ea0996d6ff5c 721c4b96ad564a34b6fe397b58187e9f e1cb191bae614da7b5758e83c4f2517f - - default default] 10.0.0.14 "DELETE /v2.0/routers/403cc478-6610-4a3b-864a-1cf487d37ecc HTTP/1.1" status: 404 len: 336 time: 0.0258489
2026-06-13 23:59:58.211 10 INFO neutron.pecan_wsgi.hooks.translation [None req-e473f264-0db9-4957-9705-4a84118b138b 721c4b96ad564a34b6fe397b58187e9f e1cb191bae614da7b5758e83c4f2517f - - default default] DELETE failed (client error): The resource could not be found.
2026-06-13 23:59:58.213 10 INFO neutron.wsgi [None req-e473f264-0db9-4957-9705-4a84118b138b 721c4b96ad564a34b6fe397b58187e9f e1cb191bae614da7b5758e83c4f2517f - - default default] 10.0.0.14 "DELETE /v2.0/subnets/634cbe8d-53ab-4158-bf0a-b5690d8ac8a0 HTTP/1.1" status: 404 len: 337 time: 0.0176439
2026-06-13 23:59:58.238 10 INFO neutron.wsgi [None req-e96d2df9-9a35-41d6-8cb3-7ab9ceb0454b 721c4b96ad564a34b6fe397b58187e9f e1cb191bae614da7b5758e83c4f2517f - - default default] 10.0.0.14 "GET /v2.0/ports?device_id=4ad575a1-2119-4a6d-8315-c8a0a0cebb46 HTTP/1.1" status: 200 len: 205 time: 0.0194147
2026-06-13 23:59:58.263 10 INFO neutron.api.v2.resource [None req-fd23e99e-70bc-4344-9812-bd59a0e37d03 721c4b96ad564a34b6fe397b58187e9f e1cb191bae614da7b5758e83c4f2517f - - default default] delete failed (client error): The resource could not be found.
2026-06-13 23:59:58.264 10 INFO neutron.wsgi [None req-fd23e99e-70bc-4344-9812-bd59a0e37d03 721c4b96ad564a34b6fe397b58187e9f e1cb191bae614da7b5758e83c4f2517f - - default default] 10.0.0.14 "DELETE /v2.0/routers/4ad575a1-2119-4a6d-8315-c8a0a0cebb46 HTTP/1.1" status: 404 len: 336 time: 0.0223277
2026-06-13 23:59:58.282 10 INFO neutron.pecan_wsgi.hooks.translation [None req-0fb6c8e2-7d1b-4797-890d-1b4c13aabe1b 721c4b96ad564a34b6fe397b58187e9f e1cb191bae614da7b5758e83c4f2517f - - default default] DELETE failed (client error): The resource could not be found.
2026-06-13 23:59:58.284 10 INFO neutron.wsgi [None req-0fb6c8e2-7d1b-4797-890d-1b4c13aabe1b 721c4b96ad564a34b6fe397b58187e9f e1cb191bae614da7b5758e83c4f2517f - - default default] 10.0.0.14 "DELETE /v2.0/subnets/0f001139-599a-4bd1-b70e-f5ab7d8761e9 HTTP/1.1" status: 404 len: 337 time: 0.0157588
2026-06-13 23:59:58.308 10 INFO neutron.pecan_wsgi.hooks.translation [None req-99a15f6b-f5b9-41e4-aa0f-03c427844b07 721c4b96ad564a34b6fe397b58187e9f e1cb191bae614da7b5758e83c4f2517f - - default default] DELETE failed (client error): The resource could not be found.
2026-06-13 23:59:58.311 10 INFO neutron.wsgi [None req-99a15f6b-f5b9-41e4-aa0f-03c427844b07 721c4b96ad564a34b6fe397b58187e9f e1cb191bae614da7b5758e83c4f2517f - - default default] 10.0.0.14 "DELETE /v2.0/subnets/a0786d99-0a51-455c-8df0-494eb3c4827c HTTP/1.1" status: 404 len: 337 time: 0.0215828
2026-06-13 23:59:58.320 10 WARNING neutron.plugins.ml2.drivers.ovn.mech_driver.ovsdb.ovn_client [None req-e6cf0876-a609-408f-8628-c2f6faf33b79 - - - - - -] No port found with ID 6d466f39-31a8-4f3e-aa10-42a4e7c3fd1e: RuntimeError: No port found with ID 6d466f39-31a8-4f3e-aa10-42a4e7c3fd1e
2026-06-13 23:59:58.321 10 INFO neutron.plugins.ml2.drivers.ovn.mech_driver.mech_driver [None req-e6cf0876-a609-408f-8628-c2f6faf33b79 - - - - - -] OVN reports status up for port: a1d3e052-66e2-4947-b4d5-b9c06016f1ba
2026-06-13 23:59:58.369 9 INFO neutron.wsgi [None req-22f71a33-d9fe-4930-b8f1-ad3d3ff7621b db2ac69c032343d2a88e2476350077a0 c0a306dcfb5240a9b3da4b173c4bb33a - - default default] 10.0.0.14 "DELETE /v2.0/ports/c6a00366-1d18-462f-b18b-3bbbaf9fae3e HTTP/1.1" status: 204 len: 168 time: 0.2831786
2026-06-13 23:59:58.481 9 INFO neutron.wsgi [None req-f4961c58-9f4e-4232-af7a-0b62e024f61d 180dba15c1954cf9a1af328d8823a32f e9b2fffab5564a43aa36520ad74294cc - - default default] 10.0.0.14 "DELETE /v2.0/networks/508edb71-25ca-445f-af42-829dad9175d4 HTTP/1.1" status: 204 len: 168 time: 0.4569826
2026-06-13 23:59:58.665 10 INFO neutron.wsgi [None req-280e6ab8-a728-42d9-843e-af83b7288aeb db2ac69c032343d2a88e2476350077a0 c0a306dcfb5240a9b3da4b173c4bb33a - - default default] 10.0.0.14 "DELETE /v2.0/ports/78cc7b63-3295-4b93-bb5e-b875d4e3d82f HTTP/1.1" status: 204 len: 168 time: 0.2905622
2026-06-13 23:59:58.920 9 INFO neutron.wsgi [None req-30267e27-19ec-46fa-b26d-660160b2a8ed db2ac69c032343d2a88e2476350077a0 c0a306dcfb5240a9b3da4b173c4bb33a - - default default] 10.0.0.14 "DELETE /v2.0/ports/81604cc6-1d62-4227-8af6-503d3f71c8cb HTTP/1.1" status: 204 len: 168 time: 0.2478330
2026-06-13 23:59:58.922 10 INFO neutron.wsgi [None req-48bebb5d-6078-409e-864f-5c1e2ef14f0e 180dba15c1954cf9a1af328d8823a32f e9b2fffab5564a43aa36520ad74294cc - - default default] 10.0.0.14 "DELETE /v2.0/networks/381d9b5b-6499-4c56-8995-2f17cb1fb5a1 HTTP/1.1" status: 204 len: 168 time: 0.4358301
2026-06-13 23:59:58.978 9 INFO neutron.services.segments.plugin [-] Segment 1b170c70-3ab5-42c9-92e7-114246963047 resource provider aggregate not found
2026-06-13 23:59:58.982 10 INFO neutron.wsgi [None req-602b50ca-cb8e-43c9-8548-2e06aebfd634 0badf3674b824baf9deb0d3b13eef2c5 85afb4b5014f42358a55eb5080f7a039 - - default default] 10.0.0.14 "GET /v2.0/security-groups?tenant_id=e1cb191bae614da7b5758e83c4f2517f&name=default HTTP/1.1" status: 200 len: 2996 time: 0.1358230
2026-06-13 23:59:58.987 9 INFO neutron.services.segments.plugin [-] Segment 1b170c70-3ab5-42c9-92e7-114246963047 resource provider aggregate not found
2026-06-13 23:59:58.996 9 INFO neutron.services.segments.plugin [-] Segment 1b170c70-3ab5-42c9-92e7-114246963047 resource provider not found; error: Placement Client Error (4xx): {"errors": [{"status": 404, "title": "Not Found", "detail": "The resource could not be found.\n\n No resource provider with uuid 1b170c70-3ab5-42c9-92e7-114246963047 found for delete ", "request_id": "req-00951e3f-e2d4-4a92-8f81-6fc5cf90b66a"}]}
2026-06-13 23:59:59.002 9 INFO neutron.services.segments.plugin [-] Segment 1b170c70-3ab5-42c9-92e7-114246963047 resource provider not found; error: Placement Client Error (4xx): {"errors": [{"status": 404, "title": "Not Found", "detail": "The resource could not be found.\n\n No resource provider with uuid 1b170c70-3ab5-42c9-92e7-114246963047 found for delete ", "request_id": "req-b0f6627c-01aa-4a7c-b17c-ba6013d2d86e"}]}
2026-06-13 23:59:59.017 9 INFO neutron.services.segments.plugin [-] Segment fe982932-43a4-48de-aac5-0a9804ec6707 resource provider aggregate not found
2026-06-13 23:59:59.025 9 INFO neutron.services.segments.plugin [-] Segment fe982932-43a4-48de-aac5-0a9804ec6707 resource provider aggregate not found
2026-06-13 23:59:59.035 9 INFO neutron.services.segments.plugin [-] Segment fe982932-43a4-48de-aac5-0a9804ec6707 resource provider not found; error: Placement Client Error (4xx): {"errors": [{"status": 404, "title": "Not Found", "detail": "The resource could not be found.\n\n No resource provider with uuid fe982932-43a4-48de-aac5-0a9804ec6707 found for delete ", "request_id": "req-2b7991f0-6255-41f1-b140-6c92b8ddaa78"}]}
2026-06-13 23:59:59.042 9 INFO neutron.services.segments.plugin [-] Segment fe982932-43a4-48de-aac5-0a9804ec6707 resource provider not found; error: Placement Client Error (4xx): {"errors": [{"status": 404, "title": "Not Found", "detail": "The resource could not be found.\n\n No resource provider with uuid fe982932-43a4-48de-aac5-0a9804ec6707 found for delete ", "request_id": "req-5c875b28-f70f-43da-b6ad-b3d51907adff"}]}
2026-06-13 23:59:59.305 9 INFO neutron.wsgi [None req-fb23a865-fbb0-483a-ad93-b03fda37c028 0badf3674b824baf9deb0d3b13eef2c5 85afb4b5014f42358a55eb5080f7a039 - - default default] 10.0.0.14 "DELETE /v2.0/security-groups/30f23cd5-1536-4f53-bf1e-ca273231ce82 HTTP/1.1" status: 204 len: 168 time: 0.3189926
2026-06-13 23:59:59.375 9 INFO neutron.wsgi [None req-5e52521e-2fbd-4647-8dae-4e56894c6499 db2ac69c032343d2a88e2476350077a0 c0a306dcfb5240a9b3da4b173c4bb33a - - default default] 10.0.0.14 "DELETE /v2.0/networks/3622da49-8f0e-49a5-aab8-1fb316aef6a6 HTTP/1.1" status: 204 len: 168 time: 0.4485600
2026-06-13 23:59:59.767 9 INFO neutron.wsgi [None req-d985c019-efb3-409e-acfe-7a0b67c8b86e db2ac69c032343d2a88e2476350077a0 c0a306dcfb5240a9b3da4b173c4bb33a - - default default] 10.0.0.14 "DELETE /v2.0/networks/28e2e8b8-b2a8-4126-b801-703da9cc8d69 HTTP/1.1" status: 204 len: 168 time: 0.3862972
2026-06-13 23:59:59.925 10 INFO neutron.wsgi [None req-50e5682b-c9cf-4ce3-9546-ac9b78981b6c 0badf3674b824baf9deb0d3b13eef2c5 85afb4b5014f42358a55eb5080f7a039 - - default default] 10.0.0.14 "GET /v2.0/security-groups?tenant_id=e9b2fffab5564a43aa36520ad74294cc&name=default HTTP/1.1" status: 200 len: 2996 time: 0.2288978
2026-06-14 00:00:00.012 10 INFO neutron.services.segments.plugin [-] Segment 7f495997-c004-4c45-bbd5-9f797e7cc28b resource provider aggregate not found
2026-06-14 00:00:00.017 10 INFO neutron.services.segments.plugin [-] Segment 7f495997-c004-4c45-bbd5-9f797e7cc28b resource provider aggregate not found
2026-06-14 00:00:00.035 10 INFO neutron.services.segments.plugin [-] Segment 7f495997-c004-4c45-bbd5-9f797e7cc28b resource provider not found; error: Placement Client Error (4xx): {"errors": [{"status": 404, "title": "Not Found", "detail": "The resource could not be found.\n\n No resource provider with uuid 7f495997-c004-4c45-bbd5-9f797e7cc28b found for delete ", "request_id": "req-5d276368-eb1d-4884-9b6d-0811d7a2f909"}]}
2026-06-14 00:00:00.036 10 INFO neutron.services.segments.plugin [-] Segment 7f495997-c004-4c45-bbd5-9f797e7cc28b resource provider not found; error: Placement Client Error (4xx): {"errors": [{"status": 404, "title": "Not Found", "detail": "The resource could not be found.\n\n No resource provider with uuid 7f495997-c004-4c45-bbd5-9f797e7cc28b found for delete ", "request_id": "req-2c5ca41f-1dbc-48f4-8cc5-7b04043ab1bf"}]}
2026-06-14 00:00:00.192 10 INFO neutron.wsgi [None req-42c2ccbc-0abe-4214-ad85-e565836281d0 0badf3674b824baf9deb0d3b13eef2c5 85afb4b5014f42358a55eb5080f7a039 - - default default] 10.0.0.14 "DELETE /v2.0/security-groups/c356afc1-e50a-489a-8de4-8c60eb05f9cf HTTP/1.1" status: 204 len: 168 time: 0.2618079
2026-06-14 00:00:00.354 9 INFO neutron.wsgi [None req-4791dd77-488f-4486-9066-d4a972929bde db2ac69c032343d2a88e2476350077a0 c0a306dcfb5240a9b3da4b173c4bb33a - - default default] 10.0.0.14 "DELETE /v2.0/networks/c76cd46a-2ce3-4b23-89c1-1e35613ded97 HTTP/1.1" status: 204 len: 168 time: 0.5791318
2026-06-14 00:00:00.469 10 INFO neutron.db.ovn_revision_numbers_db [None req-3ea3521c-3b72-4808-9530-4ec1e92cd912 0badf3674b824baf9deb0d3b13eef2c5 85afb4b5014f42358a55eb5080f7a039 - - default default] Successfully bumped revision number for resource c15df046-1cca-46e1-9dd1-1703c2e65983 (type: security_groups) to 1
2026-06-14 00:00:00.489 10 INFO neutron.db.ovn_revision_numbers_db [None req-3ea3521c-3b72-4808-9530-4ec1e92cd912 0badf3674b824baf9deb0d3b13eef2c5 85afb4b5014f42358a55eb5080f7a039 - - default default] Successfully bumped revision number for resource 12f4db4a-7fbf-44ec-92c9-65ab1add7648 (type: security_group_rules) to 0
2026-06-14 00:00:00.523 10 INFO neutron.db.ovn_revision_numbers_db [None req-3ea3521c-3b72-4808-9530-4ec1e92cd912 0badf3674b824baf9deb0d3b13eef2c5 85afb4b5014f42358a55eb5080f7a039 - - default default] Successfully bumped revision number for resource a1f76520-f50a-4073-8cc9-f37a1f1bdd03 (type: security_group_rules) to 0
2026-06-14 00:00:00.544 10 INFO neutron.db.ovn_revision_numbers_db [None req-3ea3521c-3b72-4808-9530-4ec1e92cd912 0badf3674b824baf9deb0d3b13eef2c5 85afb4b5014f42358a55eb5080f7a039 - - default default] Successfully bumped revision number for resource a6efaf62-a654-4ee2-bd9f-ba89eccb944d (type: security_group_rules) to 0
2026-06-14 00:00:00.559 10 INFO neutron.db.ovn_revision_numbers_db [None req-3ea3521c-3b72-4808-9530-4ec1e92cd912 0badf3674b824baf9deb0d3b13eef2c5 85afb4b5014f42358a55eb5080f7a039 - - default default] Successfully bumped revision number for resource d1789817-0886-4cd0-adb0-653857a57dbf (type: security_group_rules) to 0
2026-06-14 00:00:00.585 10 INFO neutron.wsgi [None req-3ea3521c-3b72-4808-9530-4ec1e92cd912 0badf3674b824baf9deb0d3b13eef2c5 85afb4b5014f42358a55eb5080f7a039 - - default default] 10.0.0.14 "GET /v2.0/security-groups?tenant_id=6d332da9f0824907882beb7693384486&name=default HTTP/1.1" status: 200 len: 2996 time: 0.2878163
2026-06-14 00:00:00.796 9 INFO neutron.wsgi [None req-111552a3-3c13-408b-8bda-40ecb91757ca db2ac69c032343d2a88e2476350077a0 c0a306dcfb5240a9b3da4b173c4bb33a - - default default] 10.0.0.14 "DELETE /v2.0/networks/9f68cda6-fab7-4f7c-a347-b6699fad6734 HTTP/1.1" status: 204 len: 168 time: 0.4347320
2026-06-14 00:00:00.857 10 INFO neutron.wsgi [None req-ab5b81e4-6564-4b4b-b734-6087cc72311e 0badf3674b824baf9deb0d3b13eef2c5 85afb4b5014f42358a55eb5080f7a039 - - default default] 10.0.0.14 "DELETE /v2.0/security-groups/c15df046-1cca-46e1-9dd1-1703c2e65983 HTTP/1.1" status: 204 len: 168 time: 0.2658126
2026-06-14 00:00:01.069 9 INFO neutron.services.segments.plugin [-] Segment ff087a92-eb11-4a46-8b63-585d1f79115c resource provider aggregate not found
2026-06-14 00:00:01.077 9 INFO neutron.services.segments.plugin [-] Segment ff087a92-eb11-4a46-8b63-585d1f79115c resource provider aggregate not found
2026-06-14 00:00:01.092 9 INFO neutron.services.segments.plugin [-] Segment ff087a92-eb11-4a46-8b63-585d1f79115c resource provider not found; error: Placement Client Error (4xx): {"errors": [{"status": 404, "title": "Not Found", "detail": "The resource could not be found.\n\n No resource provider with uuid ff087a92-eb11-4a46-8b63-585d1f79115c found for delete ", "request_id": "req-ee766496-5a39-4d25-a309-9ca84096238e"}]}
2026-06-14 00:00:01.102 9 INFO neutron.services.segments.plugin [-] Segment ff087a92-eb11-4a46-8b63-585d1f79115c resource provider not found; error: Placement Client Error (4xx): {"errors": [{"status": 404, "title": "Not Found", "detail": "The resource could not be found.\n\n No resource provider with uuid ff087a92-eb11-4a46-8b63-585d1f79115c found for delete ", "request_id": "req-cf6b5a80-f7ea-43d8-b911-f1952aeafbec"}]}
2026-06-14 00:00:01.123 9 INFO neutron.services.segments.plugin [-] Segment 66416efc-279d-4a2a-a205-95ec1b8085a7 resource provider aggregate not found
2026-06-14 00:00:01.130 9 INFO neutron.services.segments.plugin [-] Segment 66416efc-279d-4a2a-a205-95ec1b8085a7 resource provider aggregate not found
2026-06-14 00:00:01.141 9 INFO neutron.services.segments.plugin [-] Segment 66416efc-279d-4a2a-a205-95ec1b8085a7 resource provider not found; error: Placement Client Error (4xx): {"errors": [{"status": 404, "title": "Not Found", "detail": "The resource could not be found.\n\n No resource provider with uuid 66416efc-279d-4a2a-a205-95ec1b8085a7 found for delete ", "request_id": "req-96bc33e8-442b-4b68-9d47-ce9531fc8ea0"}]}
2026-06-14 00:00:01.154 9 INFO neutron.services.segments.plugin [-] Segment 66416efc-279d-4a2a-a205-95ec1b8085a7 resource provider not found; error: Placement Client Error (4xx): {"errors": [{"status": 404, "title": "Not Found", "detail": "The resource could not be found.\n\n No resource provider with uuid 66416efc-279d-4a2a-a205-95ec1b8085a7 found for delete ", "request_id": "req-4d6d0c76-a63c-4693-b647-6639a6ec17a7"}]}
2026-06-14 00:00:01.164 9 INFO neutron.services.segments.plugin [-] Segment 67d1b8bc-6fe6-451a-9e07-32e0ac2aaf2a resource provider aggregate not found
2026-06-14 00:00:01.181 9 INFO neutron.services.segments.plugin [-] Segment 67d1b8bc-6fe6-451a-9e07-32e0ac2aaf2a resource provider not found; error: Placement Client Error (4xx): {"errors": [{"status": 404, "title": "Not Found", "detail": "The resource could not be found.\n\n No resource provider with uuid 67d1b8bc-6fe6-451a-9e07-32e0ac2aaf2a found for delete ", "request_id": "req-02d60990-91b6-496c-a2ec-73fc1702c76d"}]}
2026-06-14 00:00:01.200 9 INFO neutron.services.segments.plugin [-] Segment 9ef5a711-c306-4823-bb7c-15342e748a1e resource provider aggregate not found
2026-06-14 00:00:01.216 9 INFO neutron.services.segments.plugin [-] Segment 9ef5a711-c306-4823-bb7c-15342e748a1e resource provider not found; error: Placement Client Error (4xx): {"errors": [{"status": 404, "title": "Not Found", "detail": "The resource could not be found.\n\n No resource provider with uuid 9ef5a711-c306-4823-bb7c-15342e748a1e found for delete ", "request_id": "req-f1a31ebf-727f-4735-9bb5-881ceb397218"}]}
2026-06-14 00:00:01.257 9 INFO neutron.services.segments.plugin [-] Segment 67d1b8bc-6fe6-451a-9e07-32e0ac2aaf2a resource provider aggregate not found
2026-06-14 00:00:01.277 9 INFO neutron.services.segments.plugin [-] Segment 67d1b8bc-6fe6-451a-9e07-32e0ac2aaf2a resource provider not found; error: Placement Client Error (4xx): {"errors": [{"status": 404, "title": "Not Found", "detail": "The resource could not be found.\n\n No resource provider with uuid 67d1b8bc-6fe6-451a-9e07-32e0ac2aaf2a found for delete ", "request_id": "req-f92a02d4-1579-4e6f-bc1a-ab7758773889"}]}
2026-06-14 00:00:01.288 9 INFO neutron.db.ovn_revision_numbers_db [None req-ffe1906b-d932-4575-8df2-07baf6e694b6 0badf3674b824baf9deb0d3b13eef2c5 85afb4b5014f42358a55eb5080f7a039 - - default default] Successfully bumped revision number for resource 7027a386-3a7d-4a99-b026-ae8bfef7d84b (type: security_groups) to 1
2026-06-14 00:00:01.288 10 INFO neutron.wsgi [None req-2cc506a8-3708-46f1-a0bc-ebf980e8bc10 db2ac69c032343d2a88e2476350077a0 c0a306dcfb5240a9b3da4b173c4bb33a - - default default] 10.0.0.14 "DELETE /v2.0/networks/c55588fc-2656-455c-b190-6144f3132253 HTTP/1.1" status: 204 len: 168 time: 0.4877005
2026-06-14 00:00:01.297 9 INFO neutron.services.segments.plugin [-] Segment 9ef5a711-c306-4823-bb7c-15342e748a1e resource provider aggregate not found
2026-06-14 00:00:01.314 9 INFO neutron.db.ovn_revision_numbers_db [None req-ffe1906b-d932-4575-8df2-07baf6e694b6 0badf3674b824baf9deb0d3b13eef2c5 85afb4b5014f42358a55eb5080f7a039 - - default default] Successfully bumped revision number for resource 025c5079-587e-4b35-b030-4c8fb31ec2b5 (type: security_group_rules) to 0
2026-06-14 00:00:01.316 9 INFO neutron.services.segments.plugin [-] Segment 9ef5a711-c306-4823-bb7c-15342e748a1e resource provider not found; error: Placement Client Error (4xx): {"errors": [{"status": 404, "title": "Not Found", "detail": "The resource could not be found.\n\n No resource provider with uuid 9ef5a711-c306-4823-bb7c-15342e748a1e found for delete ", "request_id": "req-c552d05e-59e8-4147-98bc-0c78e53558b8"}]}
2026-06-14 00:00:01.332 9 INFO neutron.db.ovn_revision_numbers_db [None req-ffe1906b-d932-4575-8df2-07baf6e694b6 0badf3674b824baf9deb0d3b13eef2c5 85afb4b5014f42358a55eb5080f7a039 - - default default] Successfully bumped revision number for resource 498555ad-1efa-4ad2-ac20-2874f38519fa (type: security_group_rules) to 0
2026-06-14 00:00:01.348 9 INFO neutron.db.ovn_revision_numbers_db [None req-ffe1906b-d932-4575-8df2-07baf6e694b6 0badf3674b824baf9deb0d3b13eef2c5 85afb4b5014f42358a55eb5080f7a039 - - default default] Successfully bumped revision number for resource da196f7a-0ac9-45c0-9280-f1b77e18b2e1 (type: security_group_rules) to 0
2026-06-14 00:00:01.366 9 INFO neutron.db.ovn_revision_numbers_db [None req-ffe1906b-d932-4575-8df2-07baf6e694b6 0badf3674b824baf9deb0d3b13eef2c5 85afb4b5014f42358a55eb5080f7a039 - - default default] Successfully bumped revision number for resource e85fa32e-c7fd-45b4-8b2c-64a899eeeb0e (type: security_group_rules) to 0
2026-06-14 00:00:01.392 9 INFO neutron.wsgi [None req-ffe1906b-d932-4575-8df2-07baf6e694b6 0badf3674b824baf9deb0d3b13eef2c5 85afb4b5014f42358a55eb5080f7a039 - - default default] 10.0.0.14 "GET /v2.0/security-groups?tenant_id=70789f0f917a47d4ae139399c66923b7&name=default HTTP/1.1" status: 200 len: 2996 time: 0.3566675
2026-06-14 00:00:01.474 10 WARNING neutron_lib.context [None req-e5e9d589-6e01-4780-b9dd-d2b9cf14f646 896fb501498042c3b17cfb9b21491ddc 6b952ac6edfd44faa633c1cd9dc61e7c - - default default] Method 'is_advsvc' is deprecated since 2023.2 release (neutron-lib 3.8.0) and will be removed once support for the old RBAC API policies will be removed from Neutron. Please use method 'is_service_role' instead.
2026-06-14 00:00:01.563 10 INFO neutron.wsgi [None req-e5e9d589-6e01-4780-b9dd-d2b9cf14f646 896fb501498042c3b17cfb9b21491ddc 6b952ac6edfd44faa633c1cd9dc61e7c - - default default] 10.0.0.14 "POST /v2.0/subnetpools HTTP/1.1" status: 201 len: 748 time: 0.2976112
2026-06-14 00:00:01.599 10 INFO neutron.wsgi [None req-3934a8aa-e689-4a3f-8b86-d6dd2db50a6f 896fb501498042c3b17cfb9b21491ddc 6b952ac6edfd44faa633c1cd9dc61e7c - - default default] 10.0.0.14 "GET /v2.0/subnetpools/3b32bee4-3c9b-4669-ab76-4b9a352df92e HTTP/1.1" status: 200 len: 743 time: 0.0302773
2026-06-14 00:00:01.675 9 INFO neutron.wsgi [None req-3be0e919-21c9-4105-9b60-ac03ae56daa2 0badf3674b824baf9deb0d3b13eef2c5 85afb4b5014f42358a55eb5080f7a039 - - default default] 10.0.0.14 "DELETE /v2.0/security-groups/7027a386-3a7d-4a99-b026-ae8bfef7d84b HTTP/1.1" status: 204 len: 168 time: 0.2761536
2026-06-14 00:00:01.705 9 INFO neutron.wsgi [None req-1106ae3c-8e1c-486e-bf3b-b7aae3c61b9f 896fb501498042c3b17cfb9b21491ddc 6b952ac6edfd44faa633c1cd9dc61e7c - - default default] 10.0.0.14 "PUT /v2.0/subnetpools/3b32bee4-3c9b-4669-ab76-4b9a352df92e HTTP/1.1" status: 200 len: 695 time: 0.1013806
2026-06-14 00:00:01.778 9 INFO neutron.wsgi [None req-744bd6b4-0948-41e2-b68b-ab9ec4c7752f 896fb501498042c3b17cfb9b21491ddc 6b952ac6edfd44faa633c1cd9dc61e7c - - default default] 10.0.0.14 "DELETE /v2.0/subnetpools/3b32bee4-3c9b-4669-ab76-4b9a352df92e HTTP/1.1" status: 204 len: 168 time: 0.0687852
2026-06-14 00:00:01.800 9 INFO neutron.api.v2.resource [None req-e2ea125a-61bb-4de4-9486-446fe2df8125 896fb501498042c3b17cfb9b21491ddc 6b952ac6edfd44faa633c1cd9dc61e7c - - default default] show failed (client error): The resource could not be found.
2026-06-14 00:00:01.801 9 INFO neutron.wsgi [None req-e2ea125a-61bb-4de4-9486-446fe2df8125 896fb501498042c3b17cfb9b21491ddc 6b952ac6edfd44faa633c1cd9dc61e7c - - default default] 10.0.0.14 "GET /v2.0/subnetpools/3b32bee4-3c9b-4669-ab76-4b9a352df92e HTTP/1.1" status: 404 len: 346 time: 0.0134203
2026-06-14 00:00:01.813 9 INFO neutron.api.v2.resource [None req-257a1f36-e1e9-4616-b33b-4b797c820a1a 896fb501498042c3b17cfb9b21491ddc 6b952ac6edfd44faa633c1cd9dc61e7c - - default default] delete failed (client error): The resource could not be found.
2026-06-14 00:00:01.815 9 INFO neutron.wsgi [None req-257a1f36-e1e9-4616-b33b-4b797c820a1a 896fb501498042c3b17cfb9b21491ddc 6b952ac6edfd44faa633c1cd9dc61e7c - - default default] 10.0.0.14 "DELETE /v2.0/subnetpools/3b32bee4-3c9b-4669-ab76-4b9a352df92e HTTP/1.1" status: 404 len: 346 time: 0.0111370
2026-06-14 00:00:02.057 10 INFO neutron.services.segments.plugin [-] Segment 1fc38e0f-06c0-4a37-8dbc-de1aacc6bc42 resource provider aggregate not found
2026-06-14 00:00:02.066 10 INFO neutron.services.segments.plugin [-] Segment 1fc38e0f-06c0-4a37-8dbc-de1aacc6bc42 resource provider aggregate not found
2026-06-14 00:00:02.088 10 INFO neutron.services.segments.plugin [-] Segment 1fc38e0f-06c0-4a37-8dbc-de1aacc6bc42 resource provider not found; error: Placement Client Error (4xx): {"errors": [{"status": 404, "title": "Not Found", "detail": "The resource could not be found.\n\n No resource provider with uuid 1fc38e0f-06c0-4a37-8dbc-de1aacc6bc42 found for delete ", "request_id": "req-9b0b38e9-8e4e-414b-8466-8cc9f3c6b82e"}]}
2026-06-14 00:00:02.089 10 INFO neutron.services.segments.plugin [-] Segment 1fc38e0f-06c0-4a37-8dbc-de1aacc6bc42 resource provider not found; error: Placement Client Error (4xx): {"errors": [{"status": 404, "title": "Not Found", "detail": "The resource could not be found.\n\n No resource provider with uuid 1fc38e0f-06c0-4a37-8dbc-de1aacc6bc42 found for delete ", "request_id": "req-0c83b567-e4e3-4355-b5fb-958a7dac8995"}]}
2026-06-14 00:00:02.543 10 INFO neutron.db.ovn_revision_numbers_db [None req-31cb2453-42e2-483e-b0d4-24654d0a1729 0badf3674b824baf9deb0d3b13eef2c5 85afb4b5014f42358a55eb5080f7a039 - - default default] Successfully bumped revision number for resource 579593f6-1853-4a4d-83ae-9ebbaf58a405 (type: security_groups) to 1
2026-06-14 00:00:02.553 9 INFO neutron.db.ovn_revision_numbers_db [None req-f9015c63-f3f6-4d83-b7f4-b9d2ebdb8cf7 0badf3674b824baf9deb0d3b13eef2c5 85afb4b5014f42358a55eb5080f7a039 - - default default] Successfully bumped revision number for resource 50e01024-6f64-4eac-a27a-55a346d20d60 (type: security_groups) to 1
2026-06-14 00:00:02.558 10 INFO neutron.db.ovn_revision_numbers_db [None req-31cb2453-42e2-483e-b0d4-24654d0a1729 0badf3674b824baf9deb0d3b13eef2c5 85afb4b5014f42358a55eb5080f7a039 - - default default] Successfully bumped revision number for resource 3f48dd89-327b-4c32-8e3b-014fd252d9a0 (type: security_group_rules) to 0
2026-06-14 00:00:02.572 9 INFO neutron.db.ovn_revision_numbers_db [None req-f9015c63-f3f6-4d83-b7f4-b9d2ebdb8cf7 0badf3674b824baf9deb0d3b13eef2c5 85afb4b5014f42358a55eb5080f7a039 - - default default] Successfully bumped revision number for resource 89f94562-5d2e-40a7-8b19-400dec9e1336 (type: security_group_rules) to 0
2026-06-14 00:00:02.574 10 INFO neutron.db.ovn_revision_numbers_db [None req-31cb2453-42e2-483e-b0d4-24654d0a1729 0badf3674b824baf9deb0d3b13eef2c5 85afb4b5014f42358a55eb5080f7a039 - - default default] Successfully bumped revision number for resource 5ce05a59-4365-4cab-8784-c190c4f3a0b8 (type: security_group_rules) to 0
2026-06-14 00:00:02.591 9 INFO neutron.db.ovn_revision_numbers_db [None req-f9015c63-f3f6-4d83-b7f4-b9d2ebdb8cf7 0badf3674b824baf9deb0d3b13eef2c5 85afb4b5014f42358a55eb5080f7a039 - - default default] Successfully bumped revision number for resource a865b3d6-3b48-4ecb-9237-665f63544085 (type: security_group_rules) to 0
2026-06-14 00:00:02.594 10 INFO neutron.db.ovn_revision_numbers_db [None req-31cb2453-42e2-483e-b0d4-24654d0a1729 0badf3674b824baf9deb0d3b13eef2c5 85afb4b5014f42358a55eb5080f7a039 - - default default] Successfully bumped revision number for resource b688fa21-91a7-4f03-864d-095c23841835 (type: security_group_rules) to 0
2026-06-14 00:00:02.609 9 INFO neutron.db.ovn_revision_numbers_db [None req-f9015c63-f3f6-4d83-b7f4-b9d2ebdb8cf7 0badf3674b824baf9deb0d3b13eef2c5 85afb4b5014f42358a55eb5080f7a039 - - default default] Successfully bumped revision number for resource af0326ee-8ed5-4a87-a4f4-92ab2ebd321e (type: security_group_rules) to 0
2026-06-14 00:00:02.613 10 INFO neutron.db.ovn_revision_numbers_db [None req-31cb2453-42e2-483e-b0d4-24654d0a1729 0badf3674b824baf9deb0d3b13eef2c5 85afb4b5014f42358a55eb5080f7a039 - - default default] Successfully bumped revision number for resource f32c152a-c57c-4b00-99ae-ed26ca3368ba (type: security_group_rules) to 0
2026-06-14 00:00:02.631 9 INFO neutron.db.ovn_revision_numbers_db [None req-f9015c63-f3f6-4d83-b7f4-b9d2ebdb8cf7 0badf3674b824baf9deb0d3b13eef2c5 85afb4b5014f42358a55eb5080f7a039 - - default default] Successfully bumped revision number for resource ec97bc8e-a201-4983-8f62-eb948e4e7778 (type: security_group_rules) to 0
2026-06-14 00:00:02.651 10 INFO neutron.wsgi [None req-31cb2453-42e2-483e-b0d4-24654d0a1729 0badf3674b824baf9deb0d3b13eef2c5 85afb4b5014f42358a55eb5080f7a039 - - default default] 10.0.0.14 "GET /v2.0/security-groups?tenant_id=6b952ac6edfd44faa633c1cd9dc61e7c&name=default HTTP/1.1" status: 200 len: 2996 time: 0.3557982
2026-06-14 00:00:02.664 9 INFO neutron.wsgi [None req-f9015c63-f3f6-4d83-b7f4-b9d2ebdb8cf7 0badf3674b824baf9deb0d3b13eef2c5 85afb4b5014f42358a55eb5080f7a039 - - default default] 10.0.0.14 "GET /v2.0/security-groups?tenant_id=e14f629040cd4a569aff141c64553483&name=default HTTP/1.1" status: 200 len: 2996 time: 0.3719728
2026-06-14 00:00:02.863 10 INFO neutron.wsgi [None req-6850bd58-9836-48d6-98b8-fcda14a22fba 0badf3674b824baf9deb0d3b13eef2c5 85afb4b5014f42358a55eb5080f7a039 - - default default] 10.0.0.14 "DELETE /v2.0/security-groups/579593f6-1853-4a4d-83ae-9ebbaf58a405 HTTP/1.1" status: 204 len: 168 time: 0.2056751
2026-06-14 00:00:02.898 9 INFO neutron.wsgi [None req-d0f8ce62-f5dc-4152-a39a-a3c1d8d35cb9 0badf3674b824baf9deb0d3b13eef2c5 85afb4b5014f42358a55eb5080f7a039 - - default default] 10.0.0.14 "DELETE /v2.0/security-groups/50e01024-6f64-4eac-a27a-55a346d20d60 HTTP/1.1" status: 204 len: 168 time: 0.2254028
2026-06-14 00:00:03.057 10 INFO neutron.wsgi [None req-7b4f7374-4917-49ae-be84-b0813c8519f6 0badf3674b824baf9deb0d3b13eef2c5 85afb4b5014f42358a55eb5080f7a039 - - default default] 10.0.0.14 "GET /v2.0/security-groups?tenant_id=c0a306dcfb5240a9b3da4b173c4bb33a&name=default HTTP/1.1" status: 200 len: 2996 time: 0.0365694
2026-06-14 00:00:03.300 10 INFO neutron.wsgi [None req-d41356ba-bbeb-452f-970a-e1ca74c4c16f 0badf3674b824baf9deb0d3b13eef2c5 85afb4b5014f42358a55eb5080f7a039 - - default default] 10.0.0.14 "DELETE /v2.0/security-groups/e545ac35-8e31-42e0-b53d-db66ff26dabf HTTP/1.1" status: 204 len: 168 time: 0.2372546
2026-06-14 00:00:03.653 9 INFO neutron.db.ovn_revision_numbers_db [None req-cc183bdd-74e6-475b-af4d-aa5660f1d292 0badf3674b824baf9deb0d3b13eef2c5 85afb4b5014f42358a55eb5080f7a039 - - default default] Successfully bumped revision number for resource 8c6001ca-5aa5-4b40-a70e-e0175d44b70b (type: security_groups) to 1
2026-06-14 00:00:03.667 9 INFO neutron.db.ovn_revision_numbers_db [None req-cc183bdd-74e6-475b-af4d-aa5660f1d292 0badf3674b824baf9deb0d3b13eef2c5 85afb4b5014f42358a55eb5080f7a039 - - default default] Successfully bumped revision number for resource 7815085e-8f9d-4c69-aa5b-5eda6816f955 (type: security_group_rules) to 0
2026-06-14 00:00:03.692 9 INFO neutron.db.ovn_revision_numbers_db [None req-cc183bdd-74e6-475b-af4d-aa5660f1d292 0badf3674b824baf9deb0d3b13eef2c5 85afb4b5014f42358a55eb5080f7a039 - - default default] Successfully bumped revision number for resource ae2c022d-3488-4233-a8b3-40a6565d472a (type: security_group_rules) to 0
2026-06-14 00:00:03.710 9 INFO neutron.db.ovn_revision_numbers_db [None req-cc183bdd-74e6-475b-af4d-aa5660f1d292 0badf3674b824baf9deb0d3b13eef2c5 85afb4b5014f42358a55eb5080f7a039 - - default default] Successfully bumped revision number for resource cd031f48-b6f8-43ee-a2a9-bfa0e615fe95 (type: security_group_rules) to 0
2026-06-14 00:00:03.728 9 INFO neutron.db.ovn_revision_numbers_db [None req-cc183bdd-74e6-475b-af4d-aa5660f1d292 0badf3674b824baf9deb0d3b13eef2c5 85afb4b5014f42358a55eb5080f7a039 - - default default] Successfully bumped revision number for resource e6506472-d116-4633-a26a-1260268ade73 (type: security_group_rules) to 0
2026-06-14 00:00:03.765 9 INFO neutron.wsgi [None req-cc183bdd-74e6-475b-af4d-aa5660f1d292 0badf3674b824baf9deb0d3b13eef2c5 85afb4b5014f42358a55eb5080f7a039 - - default default] 10.0.0.14 "GET /v2.0/security-groups?tenant_id=1cffa897a9c244f5a04f2f3d38d325c6&name=default HTTP/1.1" status: 200 len: 2996 time: 0.2260461
2026-06-14 00:00:04.013 9 INFO neutron.wsgi [None req-c0ce1daf-fc1e-4572-895b-d30fab8cd452 0badf3674b824baf9deb0d3b13eef2c5 85afb4b5014f42358a55eb5080f7a039 - - default default] 10.0.0.14 "DELETE /v2.0/security-groups/8c6001ca-5aa5-4b40-a70e-e0175d44b70b HTTP/1.1" status: 204 len: 168 time: 0.2434559
2026-06-14 00:00:06.282 9 WARNING neutron_lib.context [None req-b86747e8-8088-4eb2-910f-1587f2f6c83a 8da80d6b555145f7b14de8e504b461f9 c2ce31dfea304c2da012e6de974bad22 - - default default] Method 'is_advsvc' is deprecated since 2023.2 release (neutron-lib 3.8.0) and will be removed once support for the old RBAC API policies will be removed from Neutron. Please use method 'is_service_role' instead.
2026-06-14 00:00:06.425 9 INFO neutron.db.ovn_revision_numbers_db [None req-b86747e8-8088-4eb2-910f-1587f2f6c83a 8da80d6b555145f7b14de8e504b461f9 c2ce31dfea304c2da012e6de974bad22 - - default default] Successfully bumped revision number for resource 811fad2f-d069-417a-9981-50b376671731 (type: security_groups) to 1
2026-06-14 00:00:06.441 9 INFO neutron.db.ovn_revision_numbers_db [None req-b86747e8-8088-4eb2-910f-1587f2f6c83a 8da80d6b555145f7b14de8e504b461f9 c2ce31dfea304c2da012e6de974bad22 - - default default] Successfully bumped revision number for resource 25abc0a4-8e56-44d0-ad9f-6c0dffd37a47 (type: security_group_rules) to 0
2026-06-14 00:00:06.464 9 INFO neutron.db.ovn_revision_numbers_db [None req-b86747e8-8088-4eb2-910f-1587f2f6c83a 8da80d6b555145f7b14de8e504b461f9 c2ce31dfea304c2da012e6de974bad22 - - default default] Successfully bumped revision number for resource 58e441a3-03f5-4ec8-a5a8-d74e5fc853ff (type: security_group_rules) to 0
2026-06-14 00:00:06.481 9 INFO neutron.db.ovn_revision_numbers_db [None req-b86747e8-8088-4eb2-910f-1587f2f6c83a 8da80d6b555145f7b14de8e504b461f9 c2ce31dfea304c2da012e6de974bad22 - - default default] Successfully bumped revision number for resource d2e6e8fb-787a-4a72-8bb6-e1877aeb5ba4 (type: security_group_rules) to 0
2026-06-14 00:00:06.500 9 INFO neutron.db.ovn_revision_numbers_db [None req-b86747e8-8088-4eb2-910f-1587f2f6c83a 8da80d6b555145f7b14de8e504b461f9 c2ce31dfea304c2da012e6de974bad22 - - default default] Successfully bumped revision number for resource ff82a629-d803-407a-a117-52932fd8980d (type: security_group_rules) to 0
2026-06-14 00:00:06.565 9 INFO neutron.db.segments_db [None req-b86747e8-8088-4eb2-910f-1587f2f6c83a 8da80d6b555145f7b14de8e504b461f9 c2ce31dfea304c2da012e6de974bad22 - - default default] Added segment d4af4570-4078-4309-8535-6d247da18818 of type geneve for network 4c3cc9c9-e2ad-44b9-a851-495c113a828b
2026-06-14 00:00:06.760 9 INFO neutron.db.ovn_revision_numbers_db [None req-b86747e8-8088-4eb2-910f-1587f2f6c83a 8da80d6b555145f7b14de8e504b461f9 c2ce31dfea304c2da012e6de974bad22 - - default default] Successfully bumped revision number for resource 4c3cc9c9-e2ad-44b9-a851-495c113a828b (type: networks) to 1
2026-06-14 00:00:06.962 9 WARNING neutron.scheduler.dhcp_agent_scheduler [None req-b86747e8-8088-4eb2-910f-1587f2f6c83a 8da80d6b555145f7b14de8e504b461f9 c2ce31dfea304c2da012e6de974bad22 - - default default] No more DHCP agents
2026-06-14 00:00:06.965 9 WARNING neutron.api.rpc.agentnotifiers.dhcp_rpc_agent_api [None req-b86747e8-8088-4eb2-910f-1587f2f6c83a 8da80d6b555145f7b14de8e504b461f9 c2ce31dfea304c2da012e6de974bad22 - - default default] Unable to schedule network 4c3cc9c9-e2ad-44b9-a851-495c113a828b: no agents available; will retry on subsequent port and subnet creation events.
2026-06-14 00:00:07.084 10 INFO neutron.db.ovn_revision_numbers_db [None req-29bcc7a6-4d6f-4ac7-9b1a-4ea9a1dde810 0badf3674b824baf9deb0d3b13eef2c5 85afb4b5014f42358a55eb5080f7a039 - - default default] Successfully bumped revision number for resource a44c1239-9ccd-46ae-996a-14d14f51263c (type: security_groups) to 1
2026-06-14 00:00:07.097 10 INFO neutron.db.ovn_revision_numbers_db [None req-29bcc7a6-4d6f-4ac7-9b1a-4ea9a1dde810 0badf3674b824baf9deb0d3b13eef2c5 85afb4b5014f42358a55eb5080f7a039 - - default default] Successfully bumped revision number for resource a0aebc85-30b7-4882-8de3-4465c5991d2f (type: security_group_rules) to 0
2026-06-14 00:00:07.107 9 INFO neutron.db.ovn_revision_numbers_db [None req-b86747e8-8088-4eb2-910f-1587f2f6c83a 8da80d6b555145f7b14de8e504b461f9 c2ce31dfea304c2da012e6de974bad22 - - default default] Successfully bumped revision number for resource 785ab5ba-26f6-4651-a9c1-03aac8142ef7 (type: ports) to 1
2026-06-14 00:00:07.110 10 INFO neutron.db.ovn_revision_numbers_db [None req-29bcc7a6-4d6f-4ac7-9b1a-4ea9a1dde810 0badf3674b824baf9deb0d3b13eef2c5 85afb4b5014f42358a55eb5080f7a039 - - default default] Successfully bumped revision number for resource b6057677-6c53-4eef-baa6-e44e93a9c3b9 (type: security_group_rules) to 0
2026-06-14 00:00:07.127 10 INFO neutron.db.ovn_revision_numbers_db [None req-29bcc7a6-4d6f-4ac7-9b1a-4ea9a1dde810 0badf3674b824baf9deb0d3b13eef2c5 85afb4b5014f42358a55eb5080f7a039 - - default default] Successfully bumped revision number for resource d9c09a45-37d9-48ac-bbcc-7c9491b6cb6a (type: security_group_rules) to 0
2026-06-14 00:00:07.139 9 INFO neutron.wsgi [None req-b86747e8-8088-4eb2-910f-1587f2f6c83a 8da80d6b555145f7b14de8e504b461f9 c2ce31dfea304c2da012e6de974bad22 - - default default] 10.0.0.14 "POST /v2.0/networks HTTP/1.1" status: 201 len: 831 time: 1.0268071
2026-06-14 00:00:07.146 10 INFO neutron.db.ovn_revision_numbers_db [None req-29bcc7a6-4d6f-4ac7-9b1a-4ea9a1dde810 0badf3674b824baf9deb0d3b13eef2c5 85afb4b5014f42358a55eb5080f7a039 - - default default] Successfully bumped revision number for resource dc50d138-5dca-44f3-9cb8-67919aa5f166 (type: security_group_rules) to 0
2026-06-14 00:00:07.151 9 WARNING neutron_lib.context [None req-444211f6-4d32-4553-a26f-e14191cb663f 8da80d6b555145f7b14de8e504b461f9 c2ce31dfea304c2da012e6de974bad22 - - default default] Method 'is_advsvc' is deprecated since 2023.2 release (neutron-lib 3.8.0) and will be removed once support for the old RBAC API policies will be removed from Neutron. Please use method 'is_service_role' instead.
2026-06-14 00:00:07.170 10 INFO neutron.wsgi [None req-29bcc7a6-4d6f-4ac7-9b1a-4ea9a1dde810 0badf3674b824baf9deb0d3b13eef2c5 85afb4b5014f42358a55eb5080f7a039 - - default default] 10.0.0.14 "GET /v2.0/security-groups?tenant_id=d915e7ad0e5b4d16b0396ed1a00ca859&name=default HTTP/1.1" status: 200 len: 2996 time: 0.5294545
2026-06-14 00:00:07.420 10 INFO neutron.wsgi [None req-213585a3-9fb9-4e7b-82ad-1fe2cec7cf30 0badf3674b824baf9deb0d3b13eef2c5 85afb4b5014f42358a55eb5080f7a039 - - default default] 10.0.0.14 "DELETE /v2.0/security-groups/a44c1239-9ccd-46ae-996a-14d14f51263c HTTP/1.1" status: 204 len: 168 time: 0.2462711
2026-06-14 00:00:07.423 9 WARNING neutron.scheduler.dhcp_agent_scheduler [None req-444211f6-4d32-4553-a26f-e14191cb663f 8da80d6b555145f7b14de8e504b461f9 c2ce31dfea304c2da012e6de974bad22 - - default default] No more DHCP agents
2026-06-14 00:00:07.425 9 WARNING neutron.api.rpc.agentnotifiers.dhcp_rpc_agent_api [None req-444211f6-4d32-4553-a26f-e14191cb663f 8da80d6b555145f7b14de8e504b461f9 c2ce31dfea304c2da012e6de974bad22 - - default default] Unable to schedule network 4c3cc9c9-e2ad-44b9-a851-495c113a828b: no agents available; will retry on subsequent port and subnet creation events.
2026-06-14 00:00:07.539 9 INFO neutron.db.ovn_revision_numbers_db [None req-444211f6-4d32-4553-a26f-e14191cb663f 8da80d6b555145f7b14de8e504b461f9 c2ce31dfea304c2da012e6de974bad22 - - default default] Successfully bumped revision number for resource dcce71d7-f0be-4ffe-8cc5-5b0081def2d4 (type: ports) to 1
2026-06-14 00:00:07.568 9 INFO neutron.wsgi [None req-444211f6-4d32-4553-a26f-e14191cb663f 8da80d6b555145f7b14de8e504b461f9 c2ce31dfea304c2da012e6de974bad22 - - default default] 10.0.0.14 "POST /v2.0/ports HTTP/1.1" status: 201 len: 942 time: 0.4213665 /var/lib/openstack/lib/python3.10/site-packages/pycadf/identifier.py:71: UserWarning: Invalid uuid: neutron. To ensure interoperability, identifiers should be a valid uuid. warnings.warn(('Invalid uuid: %s. To ensure interoperability, '
2026-06-14 00:00:07.578 9 WARNING neutron_lib.context [None req-9b0caf9d-12ac-41c4-a7cc-4d092725c69a 8da80d6b555145f7b14de8e504b461f9 c2ce31dfea304c2da012e6de974bad22 - - default default] Method 'is_advsvc' is deprecated since 2023.2 release (neutron-lib 3.8.0) and will be removed once support for the old RBAC API policies will be removed from Neutron. Please use method 'is_service_role' instead.
2026-06-14 00:00:07.684 9 INFO neutron.db.segments_db [None req-9b0caf9d-12ac-41c4-a7cc-4d092725c69a 8da80d6b555145f7b14de8e504b461f9 c2ce31dfea304c2da012e6de974bad22 - - default default] Added segment 7247f3b8-6ec5-4c85-b746-f4aa692e00c6 of type geneve for network de072196-00c5-4992-9701-c44a2bd0af21
2026-06-14 00:00:07.741 10 WARNING neutron_lib.context [None req-c910bc97-ff28-48df-a697-a723ddc80b56 80c6715e21744fa68fe2ca61d8bc100e 0326d322bd594c319558a5eb2299e6b6 - - default default] Method 'is_advsvc' is deprecated since 2023.2 release (neutron-lib 3.8.0) and will be removed once support for the old RBAC API policies will be removed from Neutron. Please use method 'is_service_role' instead.
2026-06-14 00:00:07.847 9 INFO neutron.db.ovn_revision_numbers_db [None req-9b0caf9d-12ac-41c4-a7cc-4d092725c69a 8da80d6b555145f7b14de8e504b461f9 c2ce31dfea304c2da012e6de974bad22 - - default default] Successfully bumped revision number for resource de072196-00c5-4992-9701-c44a2bd0af21 (type: networks) to 1
2026-06-14 00:00:07.903 10 INFO neutron.db.ovn_revision_numbers_db [None req-c910bc97-ff28-48df-a697-a723ddc80b56 80c6715e21744fa68fe2ca61d8bc100e 0326d322bd594c319558a5eb2299e6b6 - - default default] Successfully bumped revision number for resource c97dda42-d3b6-4719-b934-584f4099d3ee (type: security_groups) to 1
2026-06-14 00:00:07.931 10 INFO neutron.db.ovn_revision_numbers_db [None req-c910bc97-ff28-48df-a697-a723ddc80b56 80c6715e21744fa68fe2ca61d8bc100e 0326d322bd594c319558a5eb2299e6b6 - - default default] Successfully bumped revision number for resource 0f4d0612-53e6-453d-97e1-9cea87abe864 (type: security_group_rules) to 0
2026-06-14 00:00:07.945 10 INFO neutron.db.ovn_revision_numbers_db [None req-c910bc97-ff28-48df-a697-a723ddc80b56 80c6715e21744fa68fe2ca61d8bc100e 0326d322bd594c319558a5eb2299e6b6 - - default default] Successfully bumped revision number for resource 8ad11909-3818-411a-b3d6-ecba3f71e463 (type: security_group_rules) to 0
2026-06-14 00:00:07.962 10 INFO neutron.db.ovn_revision_numbers_db [None req-c910bc97-ff28-48df-a697-a723ddc80b56 80c6715e21744fa68fe2ca61d8bc100e 0326d322bd594c319558a5eb2299e6b6 - - default default] Successfully bumped revision number for resource c0237e4b-bd2b-4694-b1a0-45779be0ef2c (type: security_group_rules) to 0
2026-06-14 00:00:07.978 10 INFO neutron.db.ovn_revision_numbers_db [None req-c910bc97-ff28-48df-a697-a723ddc80b56 80c6715e21744fa68fe2ca61d8bc100e 0326d322bd594c319558a5eb2299e6b6 - - default default] Successfully bumped revision number for resource f3b42c75-9f1e-4573-994a-30158984d7b7 (type: security_group_rules) to 0
2026-06-14 00:00:08.029 10 INFO neutron.db.segments_db [None req-c910bc97-ff28-48df-a697-a723ddc80b56 80c6715e21744fa68fe2ca61d8bc100e 0326d322bd594c319558a5eb2299e6b6 - - default default] Added segment 40d9f9a6-9002-40de-b459-7e8191e0bad3 of type geneve for network 82043ae9-0e30-4328-986b-0a89981b9bc9
2026-06-14 00:00:08.040 9 WARNING neutron.scheduler.dhcp_agent_scheduler [None req-9b0caf9d-12ac-41c4-a7cc-4d092725c69a 8da80d6b555145f7b14de8e504b461f9 c2ce31dfea304c2da012e6de974bad22 - - default default] No more DHCP agents
2026-06-14 00:00:08.043 9 WARNING neutron.api.rpc.agentnotifiers.dhcp_rpc_agent_api [None req-9b0caf9d-12ac-41c4-a7cc-4d092725c69a 8da80d6b555145f7b14de8e504b461f9 c2ce31dfea304c2da012e6de974bad22 - - default default] Unable to schedule network de072196-00c5-4992-9701-c44a2bd0af21: no agents available; will retry on subsequent port and subnet creation events.
2026-06-14 00:00:08.131 9 INFO neutron.db.ovn_revision_numbers_db [None req-9b0caf9d-12ac-41c4-a7cc-4d092725c69a 8da80d6b555145f7b14de8e504b461f9 c2ce31dfea304c2da012e6de974bad22 - - default default] Successfully bumped revision number for resource ffc6e086-0bf1-457f-9e86-fa6bc3d7164a (type: ports) to 1
2026-06-14 00:00:08.153 9 INFO neutron.wsgi [None req-9b0caf9d-12ac-41c4-a7cc-4d092725c69a 8da80d6b555145f7b14de8e504b461f9 c2ce31dfea304c2da012e6de974bad22 - - default default] 10.0.0.14 "POST /v2.0/networks HTTP/1.1" status: 201 len: 829 time: 0.5813520
2026-06-14 00:00:08.162 10 WARNING neutron_lib.context [None req-b22a3b43-7620-45a3-9882-189d2c4e3d62 8da80d6b555145f7b14de8e504b461f9 c2ce31dfea304c2da012e6de974bad22 - - default default] Method 'is_advsvc' is deprecated since 2023.2 release (neutron-lib 3.8.0) and will be removed once support for the old RBAC API policies will be removed from Neutron. Please use method 'is_service_role' instead.
2026-06-14 00:00:08.174 10 INFO neutron.db.ovn_revision_numbers_db [None req-c910bc97-ff28-48df-a697-a723ddc80b56 80c6715e21744fa68fe2ca61d8bc100e 0326d322bd594c319558a5eb2299e6b6 - - default default] Successfully bumped revision number for resource 82043ae9-0e30-4328-986b-0a89981b9bc9 (type: networks) to 1
2026-06-14 00:00:08.501 10 WARNING neutron.scheduler.dhcp_agent_scheduler [None req-c910bc97-ff28-48df-a697-a723ddc80b56 80c6715e21744fa68fe2ca61d8bc100e 0326d322bd594c319558a5eb2299e6b6 - - default default] No more DHCP agents
2026-06-14 00:00:08.507 10 WARNING neutron.api.rpc.agentnotifiers.dhcp_rpc_agent_api [None req-c910bc97-ff28-48df-a697-a723ddc80b56 80c6715e21744fa68fe2ca61d8bc100e 0326d322bd594c319558a5eb2299e6b6 - - default default] Unable to schedule network 82043ae9-0e30-4328-986b-0a89981b9bc9: no agents available; will retry on subsequent port and subnet creation events.
2026-06-14 00:00:08.565 10 WARNING neutron.scheduler.dhcp_agent_scheduler [None req-b22a3b43-7620-45a3-9882-189d2c4e3d62 8da80d6b555145f7b14de8e504b461f9 c2ce31dfea304c2da012e6de974bad22 - - default default] No more DHCP agents
2026-06-14 00:00:08.569 10 WARNING neutron.api.rpc.agentnotifiers.dhcp_rpc_agent_api [None req-b22a3b43-7620-45a3-9882-189d2c4e3d62 8da80d6b555145f7b14de8e504b461f9 c2ce31dfea304c2da012e6de974bad22 - - default default] Unable to schedule network de072196-00c5-4992-9701-c44a2bd0af21: no agents available; will retry on subsequent port and subnet creation events.
2026-06-14 00:00:08.631 10 INFO neutron.db.ovn_revision_numbers_db [None req-c910bc97-ff28-48df-a697-a723ddc80b56 80c6715e21744fa68fe2ca61d8bc100e 0326d322bd594c319558a5eb2299e6b6 - - default default] Successfully bumped revision number for resource 1f1505b6-6f66-42db-9a39-188a5eca20b4 (type: ports) to 1
2026-06-14 00:00:08.674 10 INFO neutron.wsgi [None req-c910bc97-ff28-48df-a697-a723ddc80b56 80c6715e21744fa68fe2ca61d8bc100e 0326d322bd594c319558a5eb2299e6b6 - - default default] 10.0.0.14 "POST /v2.0/networks HTTP/1.1" status: 201 len: 829 time: 1.0782208
2026-06-14 00:00:08.690 10 INFO neutron.db.ovn_revision_numbers_db [None req-b22a3b43-7620-45a3-9882-189d2c4e3d62 8da80d6b555145f7b14de8e504b461f9 c2ce31dfea304c2da012e6de974bad22 - - default default] Successfully bumped revision number for resource d9f5ceb7-5df6-4a38-afc7-6e53bc902aa5 (type: ports) to 1
2026-06-14 00:00:08.716 10 INFO neutron.wsgi [None req-b22a3b43-7620-45a3-9882-189d2c4e3d62 8da80d6b555145f7b14de8e504b461f9 c2ce31dfea304c2da012e6de974bad22 - - default default] 10.0.0.14 "POST /v2.0/ports HTTP/1.1" status: 201 len: 942 time: 0.5588467 /var/lib/openstack/lib/python3.10/site-packages/pycadf/identifier.py:71: UserWarning: Invalid uuid: neutron. To ensure interoperability, identifiers should be a valid uuid. warnings.warn(('Invalid uuid: %s. To ensure interoperability, '
