2026-06-13 23:58:16.340 9 INFO neutron.services.segments.plugin [-] Segment 49735060-5acb-48a3-b565-f1a972776b67 resource provider not found; error: Placement Client Error (4xx): {"errors": [{"status": 404, "title": "Not Found", "detail": "The resource could not be found.\n\n No resource provider with uuid 49735060-5acb-48a3-b565-f1a972776b67 found for delete ", "request_id": "req-b091b56d-be25-487f-a547-56589b56a24c"}]}
2026-06-13 23:58:16.399 9 WARNING neutron.scheduler.dhcp_agent_scheduler [None req-38512755-7982-4e8e-897e-fddc0e0dbfb4 311414afc2fd41d0810b6d3d593719eb 9828cf05e8744519b885e0abff21e803 - - default default] No more DHCP agents
2026-06-13 23:58:16.403 9 WARNING neutron.api.rpc.agentnotifiers.dhcp_rpc_agent_api [None req-38512755-7982-4e8e-897e-fddc0e0dbfb4 311414afc2fd41d0810b6d3d593719eb 9828cf05e8744519b885e0abff21e803 - - default default] Unable to schedule network 65fc5e89-6bfa-4973-9cdd-43bc274c6f92: no agents available; will retry on subsequent port and subnet creation events.
2026-06-13 23:58:16.415 9 INFO neutron.db.ovn_revision_numbers_db [None req-12b9eb48-e3c2-47ec-a464-21ef71433738 - - - - - -] Successfully bumped revision number for resource 3fb3137a-437c-4c3b-89eb-6b39d2bd0054 (type: router_ports) to 2
2026-06-13 23:58:16.623 10 INFO neutron.wsgi [None req-f236dd8c-1fe0-449b-bfbe-3837c1a358eb 0badf3674b824baf9deb0d3b13eef2c5 85afb4b5014f42358a55eb5080f7a039 - - default default] 10.0.0.14 "PUT /v2.0/routers/379c0a8f-cc79-413f-a80a-81e4cbfdb7ad/add_router_interface HTTP/1.1" status: 200 len: 503 time: 2.7554076
2026-06-13 23:58:16.760 10 INFO neutron.db.ovn_revision_numbers_db [None req-d910092a-9dba-4637-bb89-e134f5765bc1 89bd6caaa1254cfa925b687f9b3ffc83 6dec90ae427f4b64b0363ff3dcab3e03 - - default default] Successfully bumped revision number for resource c18f89d9-18f6-4b03-a7f5-adc5201d2d51 (type: ports) to 2
2026-06-13 23:58:16.797 10 INFO neutron.db.ovn_revision_numbers_db [None req-d910092a-9dba-4637-bb89-e134f5765bc1 89bd6caaa1254cfa925b687f9b3ffc83 6dec90ae427f4b64b0363ff3dcab3e03 - - default default] Successfully bumped revision number for resource 33221646-0ffa-4d9e-8072-747db1097bbe (type: subnets) to 0
2026-06-13 23:58:16.815 10 INFO neutron.wsgi [None req-d910092a-9dba-4637-bb89-e134f5765bc1 89bd6caaa1254cfa925b687f9b3ffc83 6dec90ae427f4b64b0363ff3dcab3e03 - - default default] 10.0.0.14 "POST /v2.0/subnets HTTP/1.1" status: 201 len: 801 time: 0.9760909
2026-06-13 23:58:16.826 9 WARNING neutron_lib.context [None req-52d1f926-1a24-4d94-ae2a-54d8557d2ed5 89bd6caaa1254cfa925b687f9b3ffc83 6dec90ae427f4b64b0363ff3dcab3e03 - - default default] Method 'is_advsvc' is deprecated since 2023.2 release (neutron-lib 3.8.0) and will be removed once support for the old RBAC API policies will be removed from Neutron. Please use method 'is_service_role' instead.
2026-06-13 23:58:17.034 9 INFO neutron.db.ovn_revision_numbers_db [None req-52d1f926-1a24-4d94-ae2a-54d8557d2ed5 89bd6caaa1254cfa925b687f9b3ffc83 6dec90ae427f4b64b0363ff3dcab3e03 - - default default] Successfully bumped revision number for resource 0249440a-6b96-4219-8a0b-e046babde65a (type: routers) to 1
2026-06-13 23:58:17.051 9 INFO neutron.wsgi [None req-52d1f926-1a24-4d94-ae2a-54d8557d2ed5 89bd6caaa1254cfa925b687f9b3ffc83 6dec90ae427f4b64b0363ff3dcab3e03 - - default default] 10.0.0.14 "POST /v2.0/routers HTTP/1.1" status: 201 len: 685 time: 0.2297394
2026-06-13 23:58:17.052 9 INFO neutron.db.ovn_revision_numbers_db [None req-38512755-7982-4e8e-897e-fddc0e0dbfb4 311414afc2fd41d0810b6d3d593719eb 9828cf05e8744519b885e0abff21e803 - - default default] Successfully bumped revision number for resource 897c3b4d-025d-45c6-9225-d2415bb2fbce (type: ports) to 2
2026-06-13 23:58:17.062 10 WARNING neutron_lib.context [None req-bac4e08c-1c93-4c99-a5d8-90b4a724922d 89bd6caaa1254cfa925b687f9b3ffc83 6dec90ae427f4b64b0363ff3dcab3e03 - - default default] Method 'is_advsvc' is deprecated since 2023.2 release (neutron-lib 3.8.0) and will be removed once support for the old RBAC API policies will be removed from Neutron. Please use method 'is_service_role' instead.
2026-06-13 23:58:17.080 9 INFO neutron.db.ovn_revision_numbers_db [None req-38512755-7982-4e8e-897e-fddc0e0dbfb4 311414afc2fd41d0810b6d3d593719eb 9828cf05e8744519b885e0abff21e803 - - default default] Successfully bumped revision number for resource f1d437de-34ce-4880-ab7e-0c979ae206c7 (type: subnets) to 0
2026-06-13 23:58:17.098 9 WARNING neutron.scheduler.dhcp_agent_scheduler [None req-38512755-7982-4e8e-897e-fddc0e0dbfb4 311414afc2fd41d0810b6d3d593719eb 9828cf05e8744519b885e0abff21e803 - - default default] No more DHCP agents
2026-06-13 23:58:17.099 9 WARNING neutron.api.rpc.agentnotifiers.dhcp_rpc_agent_api [None req-38512755-7982-4e8e-897e-fddc0e0dbfb4 311414afc2fd41d0810b6d3d593719eb 9828cf05e8744519b885e0abff21e803 - - default default] Unable to schedule network 1400d2fb-06f6-4cef-95de-d45c37baf29f: no agents available; will retry on subsequent port and subnet creation events.
2026-06-13 23:58:17.192 10 WARNING neutron_lib.context [None req-e4152bc1-a376-46a3-9c9b-28655f9f0c9f 67e133d898884e07a79cd70909a08fc8 a7b164dfc40e43189cac3e2129133ce5 - - default default] Method 'is_advsvc' is deprecated since 2023.2 release (neutron-lib 3.8.0) and will be removed once support for the old RBAC API policies will be removed from Neutron. Please use method 'is_service_role' instead.
2026-06-13 23:58:17.375 10 INFO neutron.db.ovn_revision_numbers_db [None req-e4152bc1-a376-46a3-9c9b-28655f9f0c9f 67e133d898884e07a79cd70909a08fc8 a7b164dfc40e43189cac3e2129133ce5 - - default default] Successfully bumped revision number for resource 31b99730-66ac-47bf-80db-bd9b4c95cce8 (type: security_groups) to 1
2026-06-13 23:58:17.396 10 INFO neutron.db.ovn_revision_numbers_db [None req-e4152bc1-a376-46a3-9c9b-28655f9f0c9f 67e133d898884e07a79cd70909a08fc8 a7b164dfc40e43189cac3e2129133ce5 - - default default] Successfully bumped revision number for resource 828d5ce2-28f1-405c-9e38-e2fc7095518d (type: security_group_rules) to 0
2026-06-13 23:58:17.422 10 INFO neutron.db.ovn_revision_numbers_db [None req-e4152bc1-a376-46a3-9c9b-28655f9f0c9f 67e133d898884e07a79cd70909a08fc8 a7b164dfc40e43189cac3e2129133ce5 - - default default] Successfully bumped revision number for resource ea0f1816-1def-413c-a3e8-ee66762ec043 (type: security_group_rules) to 0
2026-06-13 23:58:17.427 10 WARNING neutron.scheduler.dhcp_agent_scheduler [None req-bac4e08c-1c93-4c99-a5d8-90b4a724922d 89bd6caaa1254cfa925b687f9b3ffc83 6dec90ae427f4b64b0363ff3dcab3e03 - - default default] No more DHCP agents
2026-06-13 23:58:17.431 10 WARNING neutron.api.rpc.agentnotifiers.dhcp_rpc_agent_api [None req-bac4e08c-1c93-4c99-a5d8-90b4a724922d 89bd6caaa1254cfa925b687f9b3ffc83 6dec90ae427f4b64b0363ff3dcab3e03 - - default default] Unable to schedule network 18450e2d-babc-4bd5-b7b7-3484fc0a5fe6: no agents available; will retry on subsequent port and subnet creation events.
2026-06-13 23:58:17.451 10 INFO neutron.wsgi [None req-e4152bc1-a376-46a3-9c9b-28655f9f0c9f 67e133d898884e07a79cd70909a08fc8 a7b164dfc40e43189cac3e2129133ce5 - - default default] 10.0.0.14 "POST /v2.0/security-groups HTTP/1.1" status: 201 len: 1795 time: 0.2668531
2026-06-13 23:58:17.465 9 WARNING neutron_lib.context [None req-dd38da6a-b96a-4352-ba10-b9d7f876e823 67e133d898884e07a79cd70909a08fc8 a7b164dfc40e43189cac3e2129133ce5 - - default default] Method 'is_advsvc' is deprecated since 2023.2 release (neutron-lib 3.8.0) and will be removed once support for the old RBAC API policies will be removed from Neutron. Please use method 'is_service_role' instead.
2026-06-13 23:58:17.607 10 INFO neutron.db.ovn_revision_numbers_db [None req-bac4e08c-1c93-4c99-a5d8-90b4a724922d 89bd6caaa1254cfa925b687f9b3ffc83 6dec90ae427f4b64b0363ff3dcab3e03 - - default default] Successfully bumped revision number for resource 8e28f30d-a361-4f01-86b0-ea34ab7d9c28 (type: ports) to 1
2026-06-13 23:58:17.626 9 INFO neutron.db.ovn_revision_numbers_db [None req-38512755-7982-4e8e-897e-fddc0e0dbfb4 311414afc2fd41d0810b6d3d593719eb 9828cf05e8744519b885e0abff21e803 - - default default] Successfully bumped revision number for resource 00e5c077-690b-4f87-9016-2ccd7424b3a2 (type: ports) to 2
2026-06-13 23:58:17.629 10 INFO neutron.wsgi [None req-bac4e08c-1c93-4c99-a5d8-90b4a724922d 89bd6caaa1254cfa925b687f9b3ffc83 6dec90ae427f4b64b0363ff3dcab3e03 - - default default] 10.0.0.14 "POST /v2.0/ports HTTP/1.1" status: 201 len: 1147 time: 0.5723817 /var/lib/openstack/lib/python3.10/site-packages/pycadf/identifier.py:71: UserWarning: Invalid uuid: neutron. To ensure interoperability, identifiers should be a valid uuid. warnings.warn(('Invalid uuid: %s. To ensure interoperability, '
2026-06-13 23:58:17.645 9 INFO neutron.db.ovn_revision_numbers_db [None req-dd38da6a-b96a-4352-ba10-b9d7f876e823 67e133d898884e07a79cd70909a08fc8 a7b164dfc40e43189cac3e2129133ce5 - - default default] Successfully bumped revision number for resource 42242e3f-b835-4736-941c-b2454ea6a2a6 (type: security_group_rules) to 0
2026-06-13 23:58:17.666 9 INFO neutron.db.ovn_revision_numbers_db [None req-38512755-7982-4e8e-897e-fddc0e0dbfb4 311414afc2fd41d0810b6d3d593719eb 9828cf05e8744519b885e0abff21e803 - - default default] Successfully bumped revision number for resource 44248a53-0dd1-44fa-8285-64da5aefc45f (type: subnets) to 0
2026-06-13 23:58:17.676 9 INFO neutron.wsgi [None req-dd38da6a-b96a-4352-ba10-b9d7f876e823 67e133d898884e07a79cd70909a08fc8 a7b164dfc40e43189cac3e2129133ce5 - - default default] 10.0.0.14 "POST /v2.0/security-group-rules HTTP/1.1" status: 201 len: 764 time: 0.2194712
2026-06-13 23:58:17.683 9 WARNING neutron_lib.context [None req-522edcff-1ed3-4af8-b24b-0125224e0c08 67e133d898884e07a79cd70909a08fc8 a7b164dfc40e43189cac3e2129133ce5 - - default default] Method 'is_advsvc' is deprecated since 2023.2 release (neutron-lib 3.8.0) and will be removed once support for the old RBAC API policies will be removed from Neutron. Please use method 'is_service_role' instead.
2026-06-13 23:58:17.689 9 INFO neutron.wsgi [None req-38512755-7982-4e8e-897e-fddc0e0dbfb4 311414afc2fd41d0810b6d3d593719eb 9828cf05e8744519b885e0abff21e803 - - default default] 10.0.0.14 "POST /v2.0/subnets HTTP/1.1" status: 201 len: 1426 time: 2.0902796
2026-06-13 23:58:17.737 9 INFO neutron.wsgi [None req-c07dac80-7669-47a9-9ec7-f70615456701 311414afc2fd41d0810b6d3d593719eb 9828cf05e8744519b885e0abff21e803 - - default default] 10.0.0.14 "GET /v2.0/subnets HTTP/1.1" status: 200 len: 2034 time: 0.0413065
2026-06-13 23:58:17.852 9 INFO neutron.db.ovn_revision_numbers_db [None req-522edcff-1ed3-4af8-b24b-0125224e0c08 67e133d898884e07a79cd70909a08fc8 a7b164dfc40e43189cac3e2129133ce5 - - default default] Successfully bumped revision number for resource cfc3f4c4-86ec-4418-992b-59412c0151bb (type: security_group_rules) to 0
2026-06-13 23:58:17.882 9 INFO neutron.wsgi [None req-522edcff-1ed3-4af8-b24b-0125224e0c08 67e133d898884e07a79cd70909a08fc8 a7b164dfc40e43189cac3e2129133ce5 - - default default] 10.0.0.14 "POST /v2.0/security-group-rules HTTP/1.1" status: 201 len: 769 time: 0.2022750
2026-06-13 23:58:17.895 9 WARNING neutron_lib.context [None req-d5232db9-bcd6-4abf-a12c-c215158f6c9e 67e133d898884e07a79cd70909a08fc8 a7b164dfc40e43189cac3e2129133ce5 - - default default] Method 'is_advsvc' is deprecated since 2023.2 release (neutron-lib 3.8.0) and will be removed once support for the old RBAC API policies will be removed from Neutron. Please use method 'is_service_role' instead.
2026-06-13 23:58:18.003 9 INFO neutron.wsgi [None req-b6209812-c76b-43cb-8890-c733daf56025 311414afc2fd41d0810b6d3d593719eb 9828cf05e8744519b885e0abff21e803 - - default default] 10.0.0.14 "DELETE /v2.0/subnets/f1d437de-34ce-4880-ab7e-0c979ae206c7 HTTP/1.1" status: 204 len: 168 time: 0.2606032
2026-06-13 23:58:18.194 9 WARNING neutron.scheduler.dhcp_agent_scheduler [None req-d5232db9-bcd6-4abf-a12c-c215158f6c9e 67e133d898884e07a79cd70909a08fc8 a7b164dfc40e43189cac3e2129133ce5 - - default default] No more DHCP agents
2026-06-13 23:58:18.199 9 WARNING neutron.api.rpc.agentnotifiers.dhcp_rpc_agent_api [None req-d5232db9-bcd6-4abf-a12c-c215158f6c9e 67e133d898884e07a79cd70909a08fc8 a7b164dfc40e43189cac3e2129133ce5 - - default default] Unable to schedule network 644f7abb-5833-4769-bbb9-5ec42dfe6f0e: no agents available; will retry on subsequent port and subnet creation events.
2026-06-13 23:58:18.258 9 INFO neutron.wsgi [None req-68464932-33c5-47e1-bdd6-5779e1fb9103 311414afc2fd41d0810b6d3d593719eb 9828cf05e8744519b885e0abff21e803 - - default default] 10.0.0.14 "DELETE /v2.0/subnets/44248a53-0dd1-44fa-8285-64da5aefc45f HTTP/1.1" status: 204 len: 168 time: 0.2502038
2026-06-13 23:58:18.259 10 INFO neutron.plugins.ml2.drivers.ovn.mech_driver.mech_driver [None req-e6cf0876-a609-408f-8628-c2f6faf33b79 - - - - - -] OVN reports status up for port: 8e28f30d-a361-4f01-86b0-ea34ab7d9c28
2026-06-13 23:58:18.273 10 INFO neutron.plugins.ml2.plugin [None req-e6cf0876-a609-408f-8628-c2f6faf33b79 - - - - - -] Attempt 1 to provision port 8e28f30d-a361-4f01-86b0-ea34ab7d9c28
2026-06-13 23:58:18.292 10 INFO neutron.db.ovn_revision_numbers_db [None req-07bfe968-21c2-4717-93ec-92997d93c212 89bd6caaa1254cfa925b687f9b3ffc83 6dec90ae427f4b64b0363ff3dcab3e03 - - default default] Successfully bumped revision number for resource 8e28f30d-a361-4f01-86b0-ea34ab7d9c28 (type: router_ports) to 2
2026-06-13 23:58:18.302 9 INFO neutron.wsgi [None req-a59fc758-9d07-4685-95d1-74d57a0f1f50 311414afc2fd41d0810b6d3d593719eb 9828cf05e8744519b885e0abff21e803 - - default default] 10.0.0.14 "GET /v2.0/subnets HTTP/1.1" status: 200 len: 820 time: 0.0368979 /var/lib/openstack/lib/python3.10/site-packages/pycadf/identifier.py:71: UserWarning: Invalid uuid: neutron. To ensure interoperability, identifiers should be a valid uuid. warnings.warn(('Invalid uuid: %s. To ensure interoperability, '
2026-06-13 23:58:18.528 9 INFO neutron.db.ovn_revision_numbers_db [None req-d5232db9-bcd6-4abf-a12c-c215158f6c9e 67e133d898884e07a79cd70909a08fc8 a7b164dfc40e43189cac3e2129133ce5 - - default default] Successfully bumped revision number for resource 63f768b1-4f33-4802-856c-bf2fe9ff59eb (type: floatingips) to 0
2026-06-13 23:58:18.542 9 INFO neutron.wsgi [None req-d5232db9-bcd6-4abf-a12c-c215158f6c9e 67e133d898884e07a79cd70909a08fc8 a7b164dfc40e43189cac3e2129133ce5 - - default default] 10.0.0.14 "POST /v2.0/floatingips HTTP/1.1" status: 201 len: 751 time: 0.6523263
2026-06-13 23:58:18.635 10 INFO neutron.db.ovn_revision_numbers_db [None req-07bfe968-21c2-4717-93ec-92997d93c212 89bd6caaa1254cfa925b687f9b3ffc83 6dec90ae427f4b64b0363ff3dcab3e03 - - default default] Successfully bumped revision number for resource 8e28f30d-a361-4f01-86b0-ea34ab7d9c28 (type: ports) to 2
2026-06-13 23:58:18.683 9 INFO neutron.wsgi [req-25a1ab0e-1db0-4338-86f1-53435e5a58ef req-44784b72-18ec-454c-884c-0390b93f2e3c 326affdcbef54fcf91d2ce6f747d6909 6cdd55410299440194f68e01f06829eb - - 43d848d5152f49aa96a22434d33eb6cf 43d848d5152f49aa96a22434d33eb6cf] 10.0.0.104 "GET /v2.0/ports?device_id=662247c6-c192-4fa9-b04c-4b57a5271f98 HTTP/1.1" status: 200 len: 1413 time: 0.1360040
2026-06-13 23:58:18.737 9 INFO neutron.wsgi [req-25a1ab0e-1db0-4338-86f1-53435e5a58ef req-2e1007d7-6e52-4a60-9690-3b37fd1c31b5 326affdcbef54fcf91d2ce6f747d6909 6cdd55410299440194f68e01f06829eb - - 43d848d5152f49aa96a22434d33eb6cf 43d848d5152f49aa96a22434d33eb6cf] 10.0.0.104 "GET /v2.0/security-groups?id=da9ff46f-fce9-45f6-a5cf-38ad44f96020&fields=id&fields=name HTTP/1.1" status: 200 len: 312 time: 0.0435586
2026-06-13 23:58:18.830 10 INFO neutron.db.ovn_revision_numbers_db [None req-e6cf0876-a609-408f-8628-c2f6faf33b79 - - - - - -] Successfully bumped revision number for resource 8e28f30d-a361-4f01-86b0-ea34ab7d9c28 (type: ports) to 3
2026-06-13 23:58:18.963 10 INFO neutron.services.segments.plugin [-] Segment 76365b45-8167-42d5-81fd-6a14924b9cbb resource provider aggregate not found
2026-06-13 23:58:18.970 10 INFO neutron.services.segments.plugin [-] Segment 76365b45-8167-42d5-81fd-6a14924b9cbb resource provider aggregate not found /var/lib/openstack/lib/python3.10/site-packages/pycadf/identifier.py:71: UserWarning: Invalid uuid: neutron. To ensure interoperability, identifiers should be a valid uuid. warnings.warn(('Invalid uuid: %s. To ensure interoperability, '
2026-06-13 23:58:18.993 10 INFO neutron.services.segments.plugin [-] Segment 76365b45-8167-42d5-81fd-6a14924b9cbb resource provider not found; error: Placement Client Error (4xx): {"errors": [{"status": 404, "title": "Not Found", "detail": "The resource could not be found.\n\n No resource provider with uuid 76365b45-8167-42d5-81fd-6a14924b9cbb found for delete ", "request_id": "req-f85ab6c8-cbb9-4e78-ad3e-730a247e8e3f"}]}
2026-06-13 23:58:18.996 10 INFO neutron.services.segments.plugin [-] Segment 76365b45-8167-42d5-81fd-6a14924b9cbb resource provider not found; error: Placement Client Error (4xx): {"errors": [{"status": 404, "title": "Not Found", "detail": "The resource could not be found.\n\n No resource provider with uuid 76365b45-8167-42d5-81fd-6a14924b9cbb found for delete ", "request_id": "req-27227c0b-e37d-4b56-9726-2b6829244afa"}]}
2026-06-13 23:58:18.998 10 INFO neutron.db.ovn_revision_numbers_db [None req-e6cf0876-a609-408f-8628-c2f6faf33b79 - - - - - -] Successfully bumped revision number for resource 8e28f30d-a361-4f01-86b0-ea34ab7d9c28 (type: router_ports) to 3
2026-06-13 23:58:19.029 10 INFO neutron.wsgi [req-adbbaa92-6b24-4d59-8f33-7c288ba2d15b req-5a47e7a5-f748-4b9e-ba1c-4b59eb6b61fe 67e133d898884e07a79cd70909a08fc8 a7b164dfc40e43189cac3e2129133ce5 - - default default] 10.0.0.190 "GET /v2.0/security-groups?name=tempest-securitygroup--52772924&fields=id&tenant_id=a7b164dfc40e43189cac3e2129133ce5 HTTP/1.1" status: 200 len: 267 time: 0.0834095
2026-06-13 23:58:19.038 10 INFO neutron.wsgi [None req-8741a170-d3d2-4958-8f64-715e7608e494 311414afc2fd41d0810b6d3d593719eb 9828cf05e8744519b885e0abff21e803 - - default default] 10.0.0.14 "DELETE /v2.0/networks/1400d2fb-06f6-4cef-95de-d45c37baf29f HTTP/1.1" status: 204 len: 168 time: 0.7274873
2026-06-13 23:58:19.164 10 INFO neutron.wsgi [req-adbbaa92-6b24-4d59-8f33-7c288ba2d15b req-d8cbba4c-5b53-4adc-bed7-46d0afdad4a6 67e133d898884e07a79cd70909a08fc8 a7b164dfc40e43189cac3e2129133ce5 - - default default] 10.0.0.190 "GET /v2.0/networks?id=02349460-f5b8-485c-90fa-6de6c4173859 HTTP/1.1" status: 200 len: 868 time: 0.1218479
2026-06-13 23:58:19.183 10 INFO neutron.wsgi [req-adbbaa92-6b24-4d59-8f33-7c288ba2d15b req-25834453-307b-48d9-9607-15bb5110accd 67e133d898884e07a79cd70909a08fc8 a7b164dfc40e43189cac3e2129133ce5 - - default default] 10.0.0.190 "GET /v2.0/quotas/a7b164dfc40e43189cac3e2129133ce5 HTTP/1.1" status: 200 len: 386 time: 0.0130804
2026-06-13 23:58:19.304 10 INFO neutron.wsgi [req-adbbaa92-6b24-4d59-8f33-7c288ba2d15b req-ee43a2f8-c8e8-400b-be9d-ebe3ce86af9c 67e133d898884e07a79cd70909a08fc8 a7b164dfc40e43189cac3e2129133ce5 - - default default] 10.0.0.190 "GET /v2.0/ports?tenant_id=a7b164dfc40e43189cac3e2129133ce5&fields=id HTTP/1.1" status: 200 len: 302 time: 0.1109788 /var/lib/openstack/lib/python3.10/site-packages/pycadf/identifier.py:71: UserWarning: Invalid uuid: neutron. To ensure interoperability, identifiers should be a valid uuid. warnings.warn(('Invalid uuid: %s. To ensure interoperability, '
2026-06-13 23:58:19.402 10 INFO neutron.wsgi [req-adbbaa92-6b24-4d59-8f33-7c288ba2d15b req-fbea69d5-6ecf-47a1-8588-b828824d7dda 326affdcbef54fcf91d2ce6f747d6909 6cdd55410299440194f68e01f06829eb - - 43d848d5152f49aa96a22434d33eb6cf 43d848d5152f49aa96a22434d33eb6cf] 10.0.0.190 "GET /v2.0/networks/02349460-f5b8-485c-90fa-6de6c4173859?fields=segments HTTP/1.1" status: 200 len: 212 time: 0.0885937
2026-06-13 23:58:19.415 9 INFO neutron.services.segments.plugin [-] Segment 64d331db-0e98-406d-a760-20e6f19737fe resource provider aggregate not found
2026-06-13 23:58:19.420 9 INFO neutron.services.segments.plugin [-] Segment 64d331db-0e98-406d-a760-20e6f19737fe resource provider aggregate not found
2026-06-13 23:58:19.431 9 INFO neutron.services.segments.plugin [-] Segment 64d331db-0e98-406d-a760-20e6f19737fe resource provider not found; error: Placement Client Error (4xx): {"errors": [{"status": 404, "title": "Not Found", "detail": "The resource could not be found.\n\n No resource provider with uuid 64d331db-0e98-406d-a760-20e6f19737fe found for delete ", "request_id": "req-515a5eaf-a278-4457-9588-a8cb0b19c345"}]}
2026-06-13 23:58:19.435 9 INFO neutron.services.segments.plugin [-] Segment 64d331db-0e98-406d-a760-20e6f19737fe resource provider not found; error: Placement Client Error (4xx): {"errors": [{"status": 404, "title": "Not Found", "detail": "The resource could not be found.\n\n No resource provider with uuid 64d331db-0e98-406d-a760-20e6f19737fe found for delete ", "request_id": "req-740ae595-7c25-4669-9cdf-4574c57a67de"}]}
2026-06-13 23:58:19.460 9 INFO neutron.wsgi [None req-b4aceca1-94d3-44ae-a4d8-2404a1d7f0a1 311414afc2fd41d0810b6d3d593719eb 9828cf05e8744519b885e0abff21e803 - - default default] 10.0.0.14 "DELETE /v2.0/networks/65fc5e89-6bfa-4973-9cdd-43bc274c6f92 HTTP/1.1" status: 204 len: 168 time: 0.4153495
2026-06-13 23:58:19.498 10 INFO neutron.wsgi [req-adbbaa92-6b24-4d59-8f33-7c288ba2d15b req-22519747-a4e4-4c16-a92a-d7ee4a5e7404 326affdcbef54fcf91d2ce6f747d6909 6cdd55410299440194f68e01f06829eb - - 43d848d5152f49aa96a22434d33eb6cf 43d848d5152f49aa96a22434d33eb6cf] 10.0.0.190 "GET /v2.0/networks/02349460-f5b8-485c-90fa-6de6c4173859?fields=provider%3Aphysical_network&fields=provider%3Anetwork_type HTTP/1.1" status: 200 len: 277 time: 0.0883236
2026-06-13 23:58:19.532 10 INFO neutron.db.ovn_revision_numbers_db [None req-07bfe968-21c2-4717-93ec-92997d93c212 89bd6caaa1254cfa925b687f9b3ffc83 6dec90ae427f4b64b0363ff3dcab3e03 - - default default] Successfully bumped revision number for resource 8e28f30d-a361-4f01-86b0-ea34ab7d9c28 (type: ports) to 3
2026-06-13 23:58:19.583 10 INFO neutron.wsgi [None req-fa3469a3-0635-4a0f-9da4-59f73ff20d1c 0badf3674b824baf9deb0d3b13eef2c5 85afb4b5014f42358a55eb5080f7a039 - - default default] 10.0.0.185 "GET /v2.0/subnets HTTP/1.1" status: 200 len: 3353 time: 0.1018233
2026-06-13 23:58:19.652 10 INFO neutron.wsgi [req-154eb9f1-9676-4d47-8e40-b16988451c64 req-d31eec8a-a792-4ed5-a2be-114450c88515 67e133d898884e07a79cd70909a08fc8 a7b164dfc40e43189cac3e2129133ce5 - - default default] 10.0.0.190 "GET /v2.0/ports?device_id=f1a7d3b9-fa53-44ad-97a5-080d3c44a042 HTTP/1.1" status: 200 len: 210 time: 0.0270994
2026-06-13 23:58:19.717 10 INFO neutron.wsgi [None req-0cd72e25-eb7b-4407-9fae-06e580442101 0badf3674b824baf9deb0d3b13eef2c5 85afb4b5014f42358a55eb5080f7a039 - - default default] 10.0.0.185 "GET /v2.0/ports HTTP/1.1" status: 200 len: 18917 time: 0.1236422
2026-06-13 23:58:19.725 10 WARNING neutron.scheduler.dhcp_agent_scheduler [None req-07bfe968-21c2-4717-93ec-92997d93c212 89bd6caaa1254cfa925b687f9b3ffc83 6dec90ae427f4b64b0363ff3dcab3e03 - - default default] No more DHCP agents
2026-06-13 23:58:19.726 10 WARNING neutron.api.rpc.agentnotifiers.dhcp_rpc_agent_api [None req-07bfe968-21c2-4717-93ec-92997d93c212 89bd6caaa1254cfa925b687f9b3ffc83 6dec90ae427f4b64b0363ff3dcab3e03 - - default default] Unable to schedule network 18450e2d-babc-4bd5-b7b7-3484fc0a5fe6: no agents available; will retry on subsequent port and subnet creation events.
2026-06-13 23:58:19.778 10 INFO neutron.wsgi [None req-e42d9e6f-d857-4726-8724-4bd83bb1b316 0badf3674b824baf9deb0d3b13eef2c5 85afb4b5014f42358a55eb5080f7a039 - - default default] 10.0.0.185 "GET /v2.0/subnets HTTP/1.1" status: 200 len: 3353 time: 0.0492346
2026-06-13 23:58:19.811 10 INFO neutron.wsgi [None req-26df47a0-555d-4370-9956-a5a7babe281e 0badf3674b824baf9deb0d3b13eef2c5 85afb4b5014f42358a55eb5080f7a039 - - default default] 10.0.0.185 "GET /v2.0/subnetpools HTTP/1.1" status: 200 len: 193 time: 0.0301275
2026-06-13 23:58:19.897 9 INFO neutron.wsgi [None req-b91ac9b7-0abb-4124-8904-69fc954990b3 311414afc2fd41d0810b6d3d593719eb 9828cf05e8744519b885e0abff21e803 - - default default] 10.0.0.14 "DELETE /v2.0/networks/f1cef905-ec7d-4fdd-a4f7-0e5a5e48619f HTTP/1.1" status: 204 len: 168 time: 0.4311929
2026-06-13 23:58:20.189 10 INFO neutron.wsgi [None req-01edfd5d-be8b-478f-9aae-147d1bae8eaf 0badf3674b824baf9deb0d3b13eef2c5 85afb4b5014f42358a55eb5080f7a039 - - default default] 10.0.0.185 "GET /v2.0/routers HTTP/1.1" status: 200 len: 2011 time: 0.3770647
2026-06-13 23:58:20.203 10 INFO neutron.wsgi [None req-113ff5b6-c60b-4015-95ea-a4392fbae2af 0badf3674b824baf9deb0d3b13eef2c5 85afb4b5014f42358a55eb5080f7a039 - - default default] 10.0.0.185 "GET /v2.0/agents?binary=ovn-controller HTTP/1.1" status: 200 len: 591 time: 0.0126195
2026-06-13 23:58:20.229 10 INFO neutron.wsgi [None req-38cca2f0-6c0f-4200-9e7b-3de2bd9513e8 0badf3674b824baf9deb0d3b13eef2c5 85afb4b5014f42358a55eb5080f7a039 - - default default] 10.0.0.185 "GET /v2.0/network-ip-availabilities HTTP/1.1" status: 200 len: 2919 time: 0.0186107
2026-06-13 23:58:20.242 10 INFO neutron.db.ovn_revision_numbers_db [None req-07bfe968-21c2-4717-93ec-92997d93c212 89bd6caaa1254cfa925b687f9b3ffc83 6dec90ae427f4b64b0363ff3dcab3e03 - - default default] Successfully bumped revision number for resource 8e28f30d-a361-4f01-86b0-ea34ab7d9c28 (type: router_ports) to 3
2026-06-13 23:58:20.244 10 INFO neutron.wsgi [None req-07bfe968-21c2-4717-93ec-92997d93c212 89bd6caaa1254cfa925b687f9b3ffc83 6dec90ae427f4b64b0363ff3dcab3e03 - - default default] 10.0.0.14 "PUT /v2.0/routers/0249440a-6b96-4219-8a0b-e046babde65a/add_router_interface HTTP/1.1" status: 200 len: 503 time: 2.6097884
2026-06-13 23:58:20.308 10 INFO neutron.wsgi [None req-784fd015-f008-4e66-9e2d-4d69e779a31b 89bd6caaa1254cfa925b687f9b3ffc83 6dec90ae427f4b64b0363ff3dcab3e03 - - default default] 10.0.0.14 "GET /v2.0/ports/8e28f30d-a361-4f01-86b0-ea34ab7d9c28 HTTP/1.1" status: 200 len: 1205 time: 0.0592470
2026-06-13 23:58:20.342 9 INFO neutron.wsgi [None req-7ff984d0-e19c-444a-a2c5-089d921515a8 311414afc2fd41d0810b6d3d593719eb 9828cf05e8744519b885e0abff21e803 - - default default] 10.0.0.14 "DELETE /v2.0/networks/1178d7e7-d61c-4c37-9f31-a9509edd3f6f HTTP/1.1" status: 204 len: 168 time: 0.4386878
2026-06-13 23:58:20.347 10 INFO neutron.wsgi [None req-8acf50a6-d0f2-4abe-a3b1-8412bd4be0db 0badf3674b824baf9deb0d3b13eef2c5 85afb4b5014f42358a55eb5080f7a039 - - default default] 10.0.0.185 "GET /v2.0/networks HTTP/1.1" status: 200 len: 5323 time: 0.1149426
2026-06-13 23:58:20.409 10 INFO neutron.wsgi [None req-cea1c3db-bdf6-4a8e-aa64-a6bba9ce5f6f 0badf3674b824baf9deb0d3b13eef2c5 85afb4b5014f42358a55eb5080f7a039 - - default default] 10.0.0.185 "GET /v2.0/floatingips HTTP/1.1" status: 200 len: 1575 time: 0.0573685
2026-06-13 23:58:20.421 10 INFO neutron.wsgi [None req-3467833e-e755-4119-8d62-e327f2585ffb 0badf3674b824baf9deb0d3b13eef2c5 85afb4b5014f42358a55eb5080f7a039 - - default default] 10.0.0.185 "GET /v2.0/agents HTTP/1.1" status: 200 len: 997 time: 0.0106308 /var/lib/openstack/lib/python3.10/site-packages/pycadf/identifier.py:71: UserWarning: Invalid uuid: neutron. To ensure interoperability, identifiers should be a valid uuid. warnings.warn(('Invalid uuid: %s. To ensure interoperability, '
2026-06-13 23:58:20.494 10 INFO neutron.wsgi [None req-90eef14c-f143-4e3c-a29d-10fe35f02f0e 0badf3674b824baf9deb0d3b13eef2c5 85afb4b5014f42358a55eb5080f7a039 - - default default] 10.0.0.185 "GET /v2.0/security-groups HTTP/1.1" status: 200 len: 33404 time: 0.0720475
2026-06-13 23:58:20.756 10 INFO neutron.wsgi [req-a6df6e58-217d-4f70-be94-0391ed598603 req-a990f9e0-181c-4dd1-ba4c-7572e96a046c 67e133d898884e07a79cd70909a08fc8 a7b164dfc40e43189cac3e2129133ce5 - - default default] 10.0.0.190 "GET /v2.0/ports?device_id=f1a7d3b9-fa53-44ad-97a5-080d3c44a042 HTTP/1.1" status: 200 len: 210 time: 0.0288432
2026-06-13 23:58:20.764 9 INFO neutron.wsgi [req-adbbaa92-6b24-4d59-8f33-7c288ba2d15b req-c6c9b23c-efee-496d-8df7-bda2f3bd9094 67e133d898884e07a79cd70909a08fc8 a7b164dfc40e43189cac3e2129133ce5 - - default default] 199.204.45.95 "GET /v2.0/networks?id=02349460-f5b8-485c-90fa-6de6c4173859 HTTP/1.1" status: 200 len: 868 time: 0.3336804 /var/lib/openstack/lib/python3.10/site-packages/pycadf/identifier.py:71: UserWarning: Invalid uuid: neutron. To ensure interoperability, identifiers should be a valid uuid. warnings.warn(('Invalid uuid: %s. To ensure interoperability, '
2026-06-13 23:58:20.828 9 INFO neutron.wsgi [req-adbbaa92-6b24-4d59-8f33-7c288ba2d15b req-935a4710-5516-4878-85b2-2d20a4f828dc 67e133d898884e07a79cd70909a08fc8 a7b164dfc40e43189cac3e2129133ce5 - - default default] 199.204.45.95 "GET /v2.0/security-groups?fields=id&fields=name&tenant_id=a7b164dfc40e43189cac3e2129133ce5 HTTP/1.1" status: 200 len: 378 time: 0.0508504
2026-06-13 23:58:20.839 9 WARNING neutron_lib.context [req-adbbaa92-6b24-4d59-8f33-7c288ba2d15b req-15400129-6d01-4a65-8c66-c3aea4139498 67e133d898884e07a79cd70909a08fc8 a7b164dfc40e43189cac3e2129133ce5 - - default default] Method 'is_advsvc' is deprecated since 2023.2 release (neutron-lib 3.8.0) and will be removed once support for the old RBAC API policies will be removed from Neutron. Please use method 'is_service_role' instead.
2026-06-13 23:58:20.973 10 INFO neutron.wsgi [None req-94af2b1a-f470-419a-9e8a-3dc83f448b16 0badf3674b824baf9deb0d3b13eef2c5 85afb4b5014f42358a55eb5080f7a039 - - default default] 10.0.0.14 "GET /v2.0/security-groups?tenant_id=9828cf05e8744519b885e0abff21e803&name=default HTTP/1.1" status: 200 len: 2996 time: 0.1651320
2026-06-13 23:58:21.112 9 WARNING neutron.plugins.ml2.drivers.ovn.mech_driver.ovsdb.ovn_client [None req-12b9eb48-e3c2-47ec-a464-21ef71433738 - - - - - -] No hosting information found for port 3fb3137a-437c-4c3b-89eb-6b39d2bd0054: RuntimeError: No hosting information found for port 3fb3137a-437c-4c3b-89eb-6b39d2bd0054
2026-06-13 23:58:21.192 10 INFO neutron.wsgi [None req-73a33943-b083-4144-a963-097fbe3ff41d 0badf3674b824baf9deb0d3b13eef2c5 85afb4b5014f42358a55eb5080f7a039 - - default default] 10.0.0.14 "DELETE /v2.0/security-groups/367317cb-1fb1-4289-a170-273ebb2a2d45 HTTP/1.1" status: 204 len: 168 time: 0.2057598
2026-06-13 23:58:21.312 9 WARNING neutron.scheduler.dhcp_agent_scheduler [req-adbbaa92-6b24-4d59-8f33-7c288ba2d15b req-15400129-6d01-4a65-8c66-c3aea4139498 67e133d898884e07a79cd70909a08fc8 a7b164dfc40e43189cac3e2129133ce5 - - default default] No more DHCP agents
2026-06-13 23:58:21.315 9 WARNING neutron.api.rpc.agentnotifiers.dhcp_rpc_agent_api [req-adbbaa92-6b24-4d59-8f33-7c288ba2d15b req-15400129-6d01-4a65-8c66-c3aea4139498 67e133d898884e07a79cd70909a08fc8 a7b164dfc40e43189cac3e2129133ce5 - - default default] Unable to schedule network 02349460-f5b8-485c-90fa-6de6c4173859: no agents available; will retry on subsequent port and subnet creation events.
2026-06-13 23:58:21.372 9 INFO neutron.wsgi [None req-fcff6b1a-1089-441e-b9a1-c68b9f6561fa 89bd6caaa1254cfa925b687f9b3ffc83 6dec90ae427f4b64b0363ff3dcab3e03 - - default default] 10.0.0.14 "PUT /v2.0/routers/0249440a-6b96-4219-8a0b-e046babde65a/remove_router_interface HTTP/1.1" status: 200 len: 503 time: 1.0559177 /var/lib/openstack/lib/python3.10/site-packages/pycadf/identifier.py:71: UserWarning: Invalid uuid: neutron. To ensure interoperability, identifiers should be a valid uuid. warnings.warn(('Invalid uuid: %s. To ensure interoperability, '
2026-06-13 23:58:21.449 9 INFO neutron.services.segments.plugin [-] Segment 3086c586-1743-45e5-a4f3-13e56510beb1 resource provider aggregate not found
2026-06-13 23:58:21.453 9 INFO neutron.api.v2.resource [None req-0585d426-1b3d-4842-b973-781a345ec8a1 89bd6caaa1254cfa925b687f9b3ffc83 6dec90ae427f4b64b0363ff3dcab3e03 - - default default] remove_router_interface failed (client error): The resource could not be found.
2026-06-13 23:58:21.455 9 INFO neutron.wsgi [None req-0585d426-1b3d-4842-b973-781a345ec8a1 89bd6caaa1254cfa925b687f9b3ffc83 6dec90ae427f4b64b0363ff3dcab3e03 - - default default] 10.0.0.14 "PUT /v2.0/routers/0249440a-6b96-4219-8a0b-e046babde65a/remove_router_interface HTTP/1.1" status: 404 len: 398 time: 0.0791802
2026-06-13 23:58:21.462 9 INFO neutron.services.segments.plugin [-] Segment 3086c586-1743-45e5-a4f3-13e56510beb1 resource provider aggregate not found
2026-06-13 23:58:21.475 9 INFO neutron.services.segments.plugin [-] Segment 3086c586-1743-45e5-a4f3-13e56510beb1 resource provider not found; error: Placement Client Error (4xx): {"errors": [{"status": 404, "title": "Not Found", "detail": "The resource could not be found.\n\n No resource provider with uuid 3086c586-1743-45e5-a4f3-13e56510beb1 found for delete ", "request_id": "req-5debb0ff-b45d-4486-a64a-22b4c66cbf27"}]}
2026-06-13 23:58:21.500 9 INFO neutron.services.segments.plugin [-] Segment 3086c586-1743-45e5-a4f3-13e56510beb1 resource provider not found; error: Placement Client Error (4xx): {"errors": [{"status": 404, "title": "Not Found", "detail": "The resource could not be found.\n\n No resource provider with uuid 3086c586-1743-45e5-a4f3-13e56510beb1 found for delete ", "request_id": "req-a1bd5bae-7872-4427-9510-3e9aedbfbbb0"}]}
2026-06-13 23:58:21.507 9 INFO neutron.services.segments.plugin [-] Segment 53c3edd6-0e3c-4c3b-836a-f37df45713ea resource provider aggregate not found
2026-06-13 23:58:21.519 9 INFO neutron.wsgi [None req-16b31788-3453-41d3-b5de-a2227f27f45d 89bd6caaa1254cfa925b687f9b3ffc83 6dec90ae427f4b64b0363ff3dcab3e03 - - default default] 10.0.0.14 "GET /v2.0/ports?device_id=0249440a-6b96-4219-8a0b-e046babde65a HTTP/1.1" status: 200 len: 205 time: 0.0579438
2026-06-13 23:58:21.524 9 INFO neutron.services.segments.plugin [-] Segment 53c3edd6-0e3c-4c3b-836a-f37df45713ea resource provider aggregate not found
2026-06-13 23:58:21.533 9 INFO neutron.services.segments.plugin [-] Segment 53c3edd6-0e3c-4c3b-836a-f37df45713ea resource provider not found; error: Placement Client Error (4xx): {"errors": [{"status": 404, "title": "Not Found", "detail": "The resource could not be found.\n\n No resource provider with uuid 53c3edd6-0e3c-4c3b-836a-f37df45713ea found for delete ", "request_id": "req-06d40f6e-2b3c-458a-896d-e451aa0f66f8"}]}
2026-06-13 23:58:21.543 9 INFO neutron.services.segments.plugin [-] Segment 53c3edd6-0e3c-4c3b-836a-f37df45713ea resource provider not found; error: Placement Client Error (4xx): {"errors": [{"status": 404, "title": "Not Found", "detail": "The resource could not be found.\n\n No resource provider with uuid 53c3edd6-0e3c-4c3b-836a-f37df45713ea found for delete ", "request_id": "req-af01ff70-8e59-4e63-8fd4-986e8fa85f03"}]}
2026-06-13 23:58:21.601 9 INFO neutron.db.ovn_revision_numbers_db [req-adbbaa92-6b24-4d59-8f33-7c288ba2d15b req-15400129-6d01-4a65-8c66-c3aea4139498 67e133d898884e07a79cd70909a08fc8 a7b164dfc40e43189cac3e2129133ce5 - - default default] Successfully bumped revision number for resource b699130a-d3fb-46f5-8f58-931261a00bc9 (type: ports) to 1
2026-06-13 23:58:21.622 9 INFO neutron.wsgi [req-adbbaa92-6b24-4d59-8f33-7c288ba2d15b req-15400129-6d01-4a65-8c66-c3aea4139498 67e133d898884e07a79cd70909a08fc8 a7b164dfc40e43189cac3e2129133ce5 - - default default] 199.204.45.95 "POST /v2.0/ports HTTP/1.1" status: 201 len: 1162 time: 0.7900445
2026-06-13 23:58:21.823 10 INFO neutron.wsgi [None req-2629c3c0-cc35-4490-b51b-7d70cd3e7af0 89bd6caaa1254cfa925b687f9b3ffc83 6dec90ae427f4b64b0363ff3dcab3e03 - - default default] 10.0.0.14 "DELETE /v2.0/routers/0249440a-6b96-4219-8a0b-e046babde65a HTTP/1.1" status: 204 len: 168 time: 0.2938759
2026-06-13 23:58:21.901 10 INFO neutron.wsgi [req-10a9f757-1335-4b47-b2ce-fe8c57b89b11 req-83c111e3-309b-4537-a4f1-36eb6686066f 67e133d898884e07a79cd70909a08fc8 a7b164dfc40e43189cac3e2129133ce5 - - default default] 10.0.0.190 "GET /v2.0/ports?device_id=f1a7d3b9-fa53-44ad-97a5-080d3c44a042 HTTP/1.1" status: 200 len: 1160 time: 0.0672369
2026-06-13 23:58:21.963 10 INFO neutron.wsgi [req-10a9f757-1335-4b47-b2ce-fe8c57b89b11 req-211a920d-f12b-4db7-9b02-3e82090f4f5f 67e133d898884e07a79cd70909a08fc8 a7b164dfc40e43189cac3e2129133ce5 - - default default] 10.0.0.190 "GET /v2.0/security-groups?id=31b99730-66ac-47bf-80db-bd9b4c95cce8&fields=id&fields=name HTTP/1.1" status: 200 len: 311 time: 0.0529165
2026-06-13 23:58:22.060 10 INFO neutron.wsgi [None req-717936af-f679-4ebf-8c13-afc494e09f99 89bd6caaa1254cfa925b687f9b3ffc83 6dec90ae427f4b64b0363ff3dcab3e03 - - default default] 10.0.0.14 "DELETE /v2.0/subnets/33221646-0ffa-4d9e-8072-747db1097bbe HTTP/1.1" status: 204 len: 168 time: 0.2334039
2026-06-13 23:58:22.063 9 INFO neutron.db.ovn_revision_numbers_db [req-adbbaa92-6b24-4d59-8f33-7c288ba2d15b req-cfc0027f-710b-4d01-8c80-4cf8607d4ef2 326affdcbef54fcf91d2ce6f747d6909 6cdd55410299440194f68e01f06829eb - - 43d848d5152f49aa96a22434d33eb6cf 43d848d5152f49aa96a22434d33eb6cf] Successfully bumped revision number for resource b699130a-d3fb-46f5-8f58-931261a00bc9 (type: ports) to 2
2026-06-13 23:58:22.272 9 INFO neutron.db.ovn_revision_numbers_db [req-adbbaa92-6b24-4d59-8f33-7c288ba2d15b req-cfc0027f-710b-4d01-8c80-4cf8607d4ef2 326affdcbef54fcf91d2ce6f747d6909 6cdd55410299440194f68e01f06829eb - - 43d848d5152f49aa96a22434d33eb6cf 43d848d5152f49aa96a22434d33eb6cf] Successfully bumped revision number for resource b699130a-d3fb-46f5-8f58-931261a00bc9 (type: ports) to 2
2026-06-13 23:58:22.292 9 INFO neutron.wsgi [req-adbbaa92-6b24-4d59-8f33-7c288ba2d15b req-cfc0027f-710b-4d01-8c80-4cf8607d4ef2 326affdcbef54fcf91d2ce6f747d6909 6cdd55410299440194f68e01f06829eb - - 43d848d5152f49aa96a22434d33eb6cf 43d848d5152f49aa96a22434d33eb6cf] 199.204.45.95 "PUT /v2.0/ports/b699130a-d3fb-46f5-8f58-931261a00bc9 HTTP/1.1" status: 200 len: 1380 time: 0.6566226
2026-06-13 23:58:22.325 9 INFO neutron.notifiers.nova [-] Nova event matching ['req-d70fc519-8d62-485c-99ff-0665ba68d7ae'] response: {'name': 'network-changed', 'server_uuid': 'f1a7d3b9-fa53-44ad-97a5-080d3c44a042', 'tag': 'b699130a-d3fb-46f5-8f58-931261a00bc9', 'status': 'completed', 'code': 200} /var/lib/openstack/lib/python3.10/site-packages/pycadf/identifier.py:71: UserWarning: Invalid uuid: neutron. To ensure interoperability, identifiers should be a valid uuid. warnings.warn(('Invalid uuid: %s. To ensure interoperability, '
2026-06-13 23:58:22.379 9 INFO neutron.wsgi [req-adbbaa92-6b24-4d59-8f33-7c288ba2d15b req-5f10e90a-3486-4c98-827a-dbf43b128585 326affdcbef54fcf91d2ce6f747d6909 6cdd55410299440194f68e01f06829eb - - 43d848d5152f49aa96a22434d33eb6cf 43d848d5152f49aa96a22434d33eb6cf] 199.204.45.95 "GET /v2.0/ports?tenant_id=a7b164dfc40e43189cac3e2129133ce5&device_id=f1a7d3b9-fa53-44ad-97a5-080d3c44a042 HTTP/1.1" status: 200 len: 1411 time: 0.0402253
2026-06-13 23:58:22.400 10 INFO neutron.services.segments.plugin [-] Segment 26356b62-62a7-4522-8854-c17482a4b1ef resource provider aggregate not found
2026-06-13 23:58:22.404 10 INFO neutron.services.segments.plugin [-] Segment 26356b62-62a7-4522-8854-c17482a4b1ef resource provider aggregate not found
2026-06-13 23:58:22.409 9 INFO neutron.wsgi [req-adbbaa92-6b24-4d59-8f33-7c288ba2d15b req-2510a241-26cf-4d59-a274-2f279deeafaa 326affdcbef54fcf91d2ce6f747d6909 6cdd55410299440194f68e01f06829eb - - 43d848d5152f49aa96a22434d33eb6cf 43d848d5152f49aa96a22434d33eb6cf] 199.204.45.95 "GET /v2.0/floatingips?fixed_ip_address=10.100.0.13&port_id=b699130a-d3fb-46f5-8f58-931261a00bc9 HTTP/1.1" status: 200 len: 217 time: 0.0235591
2026-06-13 23:58:22.420 10 INFO neutron.services.segments.plugin [-] Segment 26356b62-62a7-4522-8854-c17482a4b1ef resource provider not found; error: Placement Client Error (4xx): {"errors": [{"status": 404, "title": "Not Found", "detail": "The resource could not be found.\n\n No resource provider with uuid 26356b62-62a7-4522-8854-c17482a4b1ef found for delete ", "request_id": "req-3e6d899c-3106-42de-ad11-0896e98434a2"}]}
2026-06-13 23:58:22.422 10 INFO neutron.services.segments.plugin [-] Segment 26356b62-62a7-4522-8854-c17482a4b1ef resource provider not found; error: Placement Client Error (4xx): {"errors": [{"status": 404, "title": "Not Found", "detail": "The resource could not be found.\n\n No resource provider with uuid 26356b62-62a7-4522-8854-c17482a4b1ef found for delete ", "request_id": "req-babc898a-c117-4a20-9a86-50a2a43600d7"}]}
2026-06-13 23:58:22.447 10 INFO neutron.wsgi [None req-7771dea1-3672-4acd-8832-270c2a006cc2 89bd6caaa1254cfa925b687f9b3ffc83 6dec90ae427f4b64b0363ff3dcab3e03 - - default default] 10.0.0.14 "DELETE /v2.0/networks/18450e2d-babc-4bd5-b7b7-3484fc0a5fe6 HTTP/1.1" status: 204 len: 168 time: 0.3782699
2026-06-13 23:58:22.451 9 INFO neutron.wsgi [req-adbbaa92-6b24-4d59-8f33-7c288ba2d15b req-f2344404-3d06-4598-8870-aa2dc39cfd07 326affdcbef54fcf91d2ce6f747d6909 6cdd55410299440194f68e01f06829eb - - 43d848d5152f49aa96a22434d33eb6cf 43d848d5152f49aa96a22434d33eb6cf] 199.204.45.95 "GET /v2.0/subnets?id=934f1994-b0e2-495e-896e-5a9a1b0ba232 HTTP/1.1" status: 200 len: 862 time: 0.0354652
2026-06-13 23:58:22.458 9 WARNING neutron_lib.context [None req-52b299aa-1f7e-48fc-aa93-a05cde577926 89bd6caaa1254cfa925b687f9b3ffc83 6dec90ae427f4b64b0363ff3dcab3e03 - - default default] Method 'is_advsvc' is deprecated since 2023.2 release (neutron-lib 3.8.0) and will be removed once support for the old RBAC API policies will be removed from Neutron. Please use method 'is_service_role' instead.
2026-06-13 23:58:22.485 9 INFO neutron.wsgi [req-adbbaa92-6b24-4d59-8f33-7c288ba2d15b req-4e03d90c-721a-4f0d-a483-6b30bf03f1ce 326affdcbef54fcf91d2ce6f747d6909 6cdd55410299440194f68e01f06829eb - - 43d848d5152f49aa96a22434d33eb6cf 43d848d5152f49aa96a22434d33eb6cf] 199.204.45.95 "GET /v2.0/ports?network_id=02349460-f5b8-485c-90fa-6de6c4173859&device_owner=network%3Adhcp HTTP/1.1" status: 200 len: 210 time: 0.0227771
2026-06-13 23:58:22.565 9 INFO neutron.wsgi [req-adbbaa92-6b24-4d59-8f33-7c288ba2d15b req-bedcd9ef-baa1-4396-97b3-7596827647a8 326affdcbef54fcf91d2ce6f747d6909 6cdd55410299440194f68e01f06829eb - - 43d848d5152f49aa96a22434d33eb6cf 43d848d5152f49aa96a22434d33eb6cf] 199.204.45.95 "GET /v2.0/networks/02349460-f5b8-485c-90fa-6de6c4173859?fields=segments HTTP/1.1" status: 200 len: 212 time: 0.0727460
2026-06-13 23:58:22.601 9 INFO neutron.db.segments_db [None req-52b299aa-1f7e-48fc-aa93-a05cde577926 89bd6caaa1254cfa925b687f9b3ffc83 6dec90ae427f4b64b0363ff3dcab3e03 - - default default] Added segment 191c15d0-cda8-4751-adf6-13e58099a79a of type geneve for network 72b498fb-0935-425d-8805-13455e3c1171
2026-06-13 23:58:22.641 9 INFO neutron.wsgi [req-adbbaa92-6b24-4d59-8f33-7c288ba2d15b req-f5093b7f-7cb1-440d-abc0-ec977d907707 326affdcbef54fcf91d2ce6f747d6909 6cdd55410299440194f68e01f06829eb - - 43d848d5152f49aa96a22434d33eb6cf 43d848d5152f49aa96a22434d33eb6cf] 199.204.45.95 "GET /v2.0/networks/02349460-f5b8-485c-90fa-6de6c4173859?fields=provider%3Aphysical_network&fields=provider%3Anetwork_type HTTP/1.1" status: 200 len: 277 time: 0.0696371
2026-06-13 23:58:22.776 9 INFO neutron.wsgi [req-775065dc-27d4-49d7-a19b-3f81698a48e2 req-c9b3e10a-29b0-4c4e-bbab-63dd29189adf 326affdcbef54fcf91d2ce6f747d6909 6cdd55410299440194f68e01f06829eb - - 43d848d5152f49aa96a22434d33eb6cf 43d848d5152f49aa96a22434d33eb6cf] 199.204.45.95 "GET /v2.0/ports?tenant_id=a7b164dfc40e43189cac3e2129133ce5&device_id=f1a7d3b9-fa53-44ad-97a5-080d3c44a042 HTTP/1.1" status: 200 len: 1411 time: 0.0786762
2026-06-13 23:58:22.843 9 INFO neutron.db.ovn_revision_numbers_db [None req-52b299aa-1f7e-48fc-aa93-a05cde577926 89bd6caaa1254cfa925b687f9b3ffc83 6dec90ae427f4b64b0363ff3dcab3e03 - - default default] Successfully bumped revision number for resource 72b498fb-0935-425d-8805-13455e3c1171 (type: networks) to 1
2026-06-13 23:58:22.856 9 INFO neutron.plugins.ml2.drivers.ovn.mech_driver.mech_driver [None req-12b9eb48-e3c2-47ec-a464-21ef71433738 - - - - - -] OVN reports status up for port: b699130a-d3fb-46f5-8f58-931261a00bc9
2026-06-13 23:58:22.882 9 INFO neutron.plugins.ml2.plugin [None req-12b9eb48-e3c2-47ec-a464-21ef71433738 - - - - - -] Attempt 1 to provision port b699130a-d3fb-46f5-8f58-931261a00bc9
2026-06-13 23:58:22.888 9 INFO neutron.wsgi [req-775065dc-27d4-49d7-a19b-3f81698a48e2 req-d80b1775-2f3b-4a5c-8332-f68fd0bda663 326affdcbef54fcf91d2ce6f747d6909 6cdd55410299440194f68e01f06829eb - - 43d848d5152f49aa96a22434d33eb6cf 43d848d5152f49aa96a22434d33eb6cf] 199.204.45.95 "GET /v2.0/networks?id=02349460-f5b8-485c-90fa-6de6c4173859 HTTP/1.1" status: 200 len: 967 time: 0.1064222
2026-06-13 23:58:22.915 9 INFO neutron.wsgi [req-775065dc-27d4-49d7-a19b-3f81698a48e2 req-02f7539c-3220-4e34-88f0-f380d6cd906d 326affdcbef54fcf91d2ce6f747d6909 6cdd55410299440194f68e01f06829eb - - 43d848d5152f49aa96a22434d33eb6cf 43d848d5152f49aa96a22434d33eb6cf] 199.204.45.95 "GET /v2.0/floatingips?fixed_ip_address=10.100.0.13&port_id=b699130a-d3fb-46f5-8f58-931261a00bc9 HTTP/1.1" status: 200 len: 217 time: 0.0210485
2026-06-13 23:58:22.983 9 INFO neutron.wsgi [req-775065dc-27d4-49d7-a19b-3f81698a48e2 req-cb89d219-b105-4a1b-b0e7-68fc7134ee1a 326affdcbef54fcf91d2ce6f747d6909 6cdd55410299440194f68e01f06829eb - - 43d848d5152f49aa96a22434d33eb6cf 43d848d5152f49aa96a22434d33eb6cf] 199.204.45.95 "GET /v2.0/subnets?id=934f1994-b0e2-495e-896e-5a9a1b0ba232 HTTP/1.1" status: 200 len: 862 time: 0.0620220
2026-06-13 23:58:23.024 9 INFO neutron.wsgi [req-775065dc-27d4-49d7-a19b-3f81698a48e2 req-bbf20475-b8b6-4060-bbc4-2c5a6d2dde35 326affdcbef54fcf91d2ce6f747d6909 6cdd55410299440194f68e01f06829eb - - 43d848d5152f49aa96a22434d33eb6cf 43d848d5152f49aa96a22434d33eb6cf] 199.204.45.95 "GET /v2.0/ports?network_id=02349460-f5b8-485c-90fa-6de6c4173859&device_owner=network%3Adhcp HTTP/1.1" status: 200 len: 210 time: 0.0276122
2026-06-13 23:58:23.077 10 INFO neutron.wsgi [req-3d3debc7-d95d-40ac-b962-ad74265f3c79 req-d1cd35c4-e9fe-46cf-9484-8db24ab9c31e 67e133d898884e07a79cd70909a08fc8 a7b164dfc40e43189cac3e2129133ce5 - - default default] 10.0.0.190 "GET /v2.0/ports?device_id=f1a7d3b9-fa53-44ad-97a5-080d3c44a042 HTTP/1.1" status: 200 len: 1172 time: 0.0420229
2026-06-13 23:58:23.115 10 WARNING neutron_lib.context [None req-e6a4e360-c3a0-4bac-a1af-d55fb9749626 4232aafea1634925b216f9f08e035829 d2310510f1ea4fec998ac78c400b8a74 - - default default] Method 'is_advsvc' is deprecated since 2023.2 release (neutron-lib 3.8.0) and will be removed once support for the old RBAC API policies will be removed from Neutron. Please use method 'is_service_role' instead.
2026-06-13 23:58:23.137 10 INFO neutron.wsgi [req-3d3debc7-d95d-40ac-b962-ad74265f3c79 req-e3c5b82c-007d-4edd-b03a-6932e4c027e7 67e133d898884e07a79cd70909a08fc8 a7b164dfc40e43189cac3e2129133ce5 - - default default] 10.0.0.190 "GET /v2.0/security-groups?id=31b99730-66ac-47bf-80db-bd9b4c95cce8&fields=id&fields=name HTTP/1.1" status: 200 len: 311 time: 0.0486021
2026-06-13 23:58:23.140 9 INFO neutron.wsgi [req-775065dc-27d4-49d7-a19b-3f81698a48e2 req-30b1c931-1387-4739-a8e0-ec2dcd2c2589 326affdcbef54fcf91d2ce6f747d6909 6cdd55410299440194f68e01f06829eb - - 43d848d5152f49aa96a22434d33eb6cf 43d848d5152f49aa96a22434d33eb6cf] 199.204.45.95 "GET /v2.0/networks/02349460-f5b8-485c-90fa-6de6c4173859?fields=segments HTTP/1.1" status: 200 len: 212 time: 0.1041431
2026-06-13 23:58:23.201 9 WARNING neutron.scheduler.dhcp_agent_scheduler [None req-52b299aa-1f7e-48fc-aa93-a05cde577926 89bd6caaa1254cfa925b687f9b3ffc83 6dec90ae427f4b64b0363ff3dcab3e03 - - default default] No more DHCP agents
2026-06-13 23:58:23.208 9 WARNING neutron.api.rpc.agentnotifiers.dhcp_rpc_agent_api [None req-52b299aa-1f7e-48fc-aa93-a05cde577926 89bd6caaa1254cfa925b687f9b3ffc83 6dec90ae427f4b64b0363ff3dcab3e03 - - default default] Unable to schedule network 72b498fb-0935-425d-8805-13455e3c1171: no agents available; will retry on subsequent port and subnet creation events.
2026-06-13 23:58:23.248 9 INFO neutron.wsgi [req-775065dc-27d4-49d7-a19b-3f81698a48e2 req-b4e3bf17-f02f-4fd8-86fe-d19343430205 326affdcbef54fcf91d2ce6f747d6909 6cdd55410299440194f68e01f06829eb - - 43d848d5152f49aa96a22434d33eb6cf 43d848d5152f49aa96a22434d33eb6cf] 199.204.45.95 "GET /v2.0/networks/02349460-f5b8-485c-90fa-6de6c4173859?fields=provider%3Aphysical_network&fields=provider%3Anetwork_type HTTP/1.1" status: 200 len: 277 time: 0.1008079
2026-06-13 23:58:23.254 10 INFO neutron.db.ovn_revision_numbers_db [None req-e6a4e360-c3a0-4bac-a1af-d55fb9749626 4232aafea1634925b216f9f08e035829 d2310510f1ea4fec998ac78c400b8a74 - - default default] Successfully bumped revision number for resource f002826c-31c1-45aa-a8ed-1b9f53131c8f (type: security_groups) to 1
2026-06-13 23:58:23.271 10 INFO neutron.db.ovn_revision_numbers_db [None req-e6a4e360-c3a0-4bac-a1af-d55fb9749626 4232aafea1634925b216f9f08e035829 d2310510f1ea4fec998ac78c400b8a74 - - default default] Successfully bumped revision number for resource 0e6e733b-6c8c-4e0b-ac11-6bf5887b7d4f (type: security_group_rules) to 0
2026-06-13 23:58:23.287 10 INFO neutron.db.ovn_revision_numbers_db [None req-e6a4e360-c3a0-4bac-a1af-d55fb9749626 4232aafea1634925b216f9f08e035829 d2310510f1ea4fec998ac78c400b8a74 - - default default] Successfully bumped revision number for resource 9d2f83fd-4f56-40ed-a1f7-140ffda7c46b (type: security_group_rules) to 0
2026-06-13 23:58:23.304 10 INFO neutron.db.ovn_revision_numbers_db [None req-e6a4e360-c3a0-4bac-a1af-d55fb9749626 4232aafea1634925b216f9f08e035829 d2310510f1ea4fec998ac78c400b8a74 - - default default] Successfully bumped revision number for resource bbda9407-2827-425e-abe8-b44ebe82917f (type: security_group_rules) to 0
2026-06-13 23:58:23.324 10 INFO neutron.db.ovn_revision_numbers_db [None req-e6a4e360-c3a0-4bac-a1af-d55fb9749626 4232aafea1634925b216f9f08e035829 d2310510f1ea4fec998ac78c400b8a74 - - default default] Successfully bumped revision number for resource ec2492d1-c7ff-4fbf-8fa0-6e950c8eec8e (type: security_group_rules) to 0
