2026-06-14 00:00:17.683 10 INFO neutron.db.ovn_revision_numbers_db [None req-e6d8ac8b-597e-486b-9f64-8712785dab25 0badf3674b824baf9deb0d3b13eef2c5 85afb4b5014f42358a55eb5080f7a039 - - default default] Successfully bumped revision number for resource c9ecf317-c7f4-4672-9c15-6bf41b37afd2 (type: security_groups) to 1
2026-06-14 00:00:17.697 10 INFO neutron.db.ovn_revision_numbers_db [None req-e6d8ac8b-597e-486b-9f64-8712785dab25 0badf3674b824baf9deb0d3b13eef2c5 85afb4b5014f42358a55eb5080f7a039 - - default default] Successfully bumped revision number for resource 153f02e7-7a8c-47bc-a888-9076d889f6a5 (type: security_group_rules) to 0
2026-06-14 00:00:17.722 10 INFO neutron.db.ovn_revision_numbers_db [None req-e6d8ac8b-597e-486b-9f64-8712785dab25 0badf3674b824baf9deb0d3b13eef2c5 85afb4b5014f42358a55eb5080f7a039 - - default default] Successfully bumped revision number for resource 1d0b5f0c-4451-428d-b944-04f68d4c44a1 (type: security_group_rules) to 0
2026-06-14 00:00:17.741 10 INFO neutron.db.ovn_revision_numbers_db [None req-e6d8ac8b-597e-486b-9f64-8712785dab25 0badf3674b824baf9deb0d3b13eef2c5 85afb4b5014f42358a55eb5080f7a039 - - default default] Successfully bumped revision number for resource 5a7e2aff-03c3-46ff-8128-2857fc395fe8 (type: security_group_rules) to 0
2026-06-14 00:00:17.763 10 INFO neutron.db.ovn_revision_numbers_db [None req-e6d8ac8b-597e-486b-9f64-8712785dab25 0badf3674b824baf9deb0d3b13eef2c5 85afb4b5014f42358a55eb5080f7a039 - - default default] Successfully bumped revision number for resource aead0c2f-21af-4484-bb63-fa961649357f (type: security_group_rules) to 0
2026-06-14 00:00:17.803 10 INFO neutron.wsgi [None req-73bef5bb-ea4b-4536-b3b0-1ed4f059d3bb 0badf3674b824baf9deb0d3b13eef2c5 85afb4b5014f42358a55eb5080f7a039 - - default default] 10.0.0.14 "DELETE /v2.0/security-groups/811fad2f-d069-417a-9981-50b376671731 HTTP/1.1" status: 204 len: 168 time: 0.2524171
2026-06-14 00:00:17.814 10 INFO neutron.db.segments_db [None req-e6d8ac8b-597e-486b-9f64-8712785dab25 0badf3674b824baf9deb0d3b13eef2c5 85afb4b5014f42358a55eb5080f7a039 - - default default] Added segment 065c70d6-7659-49b5-8d86-d27063bedb1f of type geneve for network 920ecdcb-e635-4bf6-a9ca-e42cef3bf5b9
2026-06-14 00:00:17.906 9 INFO neutron.wsgi [None req-e1cbcea4-65b5-4583-b922-2395b84073ca 9f592e3ed6da4fd39e8c3d361b25e22f 04926872833043b2b1e670b88bf3879d - - default default] 10.0.0.14 "DELETE /v2.0/ports/be97ac58-ab70-46ae-ad27-5c4efc277d28 HTTP/1.1" status: 204 len: 168 time: 0.2763767
2026-06-14 00:00:17.957 10 INFO neutron.db.ovn_revision_numbers_db [None req-e6d8ac8b-597e-486b-9f64-8712785dab25 0badf3674b824baf9deb0d3b13eef2c5 85afb4b5014f42358a55eb5080f7a039 - - default default] Successfully bumped revision number for resource 920ecdcb-e635-4bf6-a9ca-e42cef3bf5b9 (type: networks) to 1
2026-06-14 00:00:18.091 10 INFO neutron.db.ovn_revision_numbers_db [None req-04ef27a0-d0cf-46f4-8ff8-5bdf5b0e80e7 0badf3674b824baf9deb0d3b13eef2c5 85afb4b5014f42358a55eb5080f7a039 - - default default] Successfully bumped revision number for resource efca3947-f6ed-44d5-bdc1-6cdeaa882f50 (type: security_groups) to 1
2026-06-14 00:00:18.116 10 INFO neutron.db.ovn_revision_numbers_db [None req-04ef27a0-d0cf-46f4-8ff8-5bdf5b0e80e7 0badf3674b824baf9deb0d3b13eef2c5 85afb4b5014f42358a55eb5080f7a039 - - default default] Successfully bumped revision number for resource 03c495b1-4b34-4fdd-9648-b34e8afa4ef6 (type: security_group_rules) to 0
2026-06-14 00:00:18.132 10 WARNING neutron.scheduler.dhcp_agent_scheduler [None req-e6d8ac8b-597e-486b-9f64-8712785dab25 0badf3674b824baf9deb0d3b13eef2c5 85afb4b5014f42358a55eb5080f7a039 - - default default] No more DHCP agents
2026-06-14 00:00:18.135 10 INFO neutron.db.ovn_revision_numbers_db [None req-04ef27a0-d0cf-46f4-8ff8-5bdf5b0e80e7 0badf3674b824baf9deb0d3b13eef2c5 85afb4b5014f42358a55eb5080f7a039 - - default default] Successfully bumped revision number for resource 5a435609-4009-4c8b-9c41-4451827ed086 (type: security_group_rules) to 0
2026-06-14 00:00:18.136 10 WARNING neutron.api.rpc.agentnotifiers.dhcp_rpc_agent_api [None req-e6d8ac8b-597e-486b-9f64-8712785dab25 0badf3674b824baf9deb0d3b13eef2c5 85afb4b5014f42358a55eb5080f7a039 - - default default] Unable to schedule network 920ecdcb-e635-4bf6-a9ca-e42cef3bf5b9: no agents available; will retry on subsequent port and subnet creation events.
2026-06-14 00:00:18.153 10 INFO neutron.db.ovn_revision_numbers_db [None req-04ef27a0-d0cf-46f4-8ff8-5bdf5b0e80e7 0badf3674b824baf9deb0d3b13eef2c5 85afb4b5014f42358a55eb5080f7a039 - - default default] Successfully bumped revision number for resource 858e97f9-ba12-42a2-bca8-424fc5f25bc6 (type: security_group_rules) to 0
2026-06-14 00:00:18.176 10 INFO neutron.db.ovn_revision_numbers_db [None req-04ef27a0-d0cf-46f4-8ff8-5bdf5b0e80e7 0badf3674b824baf9deb0d3b13eef2c5 85afb4b5014f42358a55eb5080f7a039 - - default default] Successfully bumped revision number for resource b32ead79-4e3d-48b2-b6a4-d8ea919f4aac (type: security_group_rules) to 0
2026-06-14 00:00:18.204 10 INFO neutron.wsgi [None req-04ef27a0-d0cf-46f4-8ff8-5bdf5b0e80e7 0badf3674b824baf9deb0d3b13eef2c5 85afb4b5014f42358a55eb5080f7a039 - - default default] 10.0.0.14 "GET /v2.0/security-groups?tenant_id=6c1863e156314e949c4e76d0556a87bd&name=default HTTP/1.1" status: 200 len: 2996 time: 0.2700679
2026-06-14 00:00:18.239 10 INFO neutron.db.ovn_revision_numbers_db [None req-e6d8ac8b-597e-486b-9f64-8712785dab25 0badf3674b824baf9deb0d3b13eef2c5 85afb4b5014f42358a55eb5080f7a039 - - default default] Successfully bumped revision number for resource fcf43a33-08fd-49a0-8aea-16331fa5d8a4 (type: ports) to 1
2026-06-14 00:00:18.268 10 INFO neutron.wsgi [None req-e6d8ac8b-597e-486b-9f64-8712785dab25 0badf3674b824baf9deb0d3b13eef2c5 85afb4b5014f42358a55eb5080f7a039 - - default default] 10.0.0.14 "POST /v2.0/networks HTTP/1.1" status: 201 len: 943 time: 0.9752800
2026-06-14 00:00:18.296 9 INFO neutron.wsgi [None req-0d73cba4-1d99-416a-adfb-b0169f74a49a 9f592e3ed6da4fd39e8c3d361b25e22f 04926872833043b2b1e670b88bf3879d - - default default] 10.0.0.14 "DELETE /v2.0/networks/6f0eb9fd-feb0-4983-96e6-fcebf0964a13 HTTP/1.1" status: 204 len: 168 time: 0.3843794
2026-06-14 00:00:18.474 10 WARNING neutron.scheduler.dhcp_agent_scheduler [None req-867cc539-5f0c-49f3-9748-5557817a6603 0badf3674b824baf9deb0d3b13eef2c5 85afb4b5014f42358a55eb5080f7a039 - - default default] No more DHCP agents
2026-06-14 00:00:18.476 10 WARNING neutron.api.rpc.agentnotifiers.dhcp_rpc_agent_api [None req-867cc539-5f0c-49f3-9748-5557817a6603 0badf3674b824baf9deb0d3b13eef2c5 85afb4b5014f42358a55eb5080f7a039 - - default default] Unable to schedule network 920ecdcb-e635-4bf6-a9ca-e42cef3bf5b9: no agents available; will retry on subsequent port and subnet creation events.
2026-06-14 00:00:18.534 10 INFO neutron.wsgi [None req-1cf69940-d6ad-436c-a51c-427657631c34 0badf3674b824baf9deb0d3b13eef2c5 85afb4b5014f42358a55eb5080f7a039 - - default default] 10.0.0.14 "DELETE /v2.0/security-groups/efca3947-f6ed-44d5-bdc1-6cdeaa882f50 HTTP/1.1" status: 204 len: 168 time: 0.3194399
2026-06-14 00:00:18.819 10 INFO neutron.db.ovn_revision_numbers_db [None req-41482082-df84-4906-b495-fc579fdd29e1 0badf3674b824baf9deb0d3b13eef2c5 85afb4b5014f42358a55eb5080f7a039 - - default default] Successfully bumped revision number for resource 2814e8ff-28b4-42c6-bb5f-d95cbfdf0edc (type: security_groups) to 1
2026-06-14 00:00:18.848 10 INFO neutron.db.ovn_revision_numbers_db [None req-41482082-df84-4906-b495-fc579fdd29e1 0badf3674b824baf9deb0d3b13eef2c5 85afb4b5014f42358a55eb5080f7a039 - - default default] Successfully bumped revision number for resource 27ac499c-e02a-4c91-949d-95b1240c33d4 (type: security_group_rules) to 0
2026-06-14 00:00:18.868 10 INFO neutron.db.ovn_revision_numbers_db [None req-41482082-df84-4906-b495-fc579fdd29e1 0badf3674b824baf9deb0d3b13eef2c5 85afb4b5014f42358a55eb5080f7a039 - - default default] Successfully bumped revision number for resource 3dd846d7-ec16-433b-96bf-4aee941eabdd (type: security_group_rules) to 0
2026-06-14 00:00:18.893 10 INFO neutron.db.ovn_revision_numbers_db [None req-41482082-df84-4906-b495-fc579fdd29e1 0badf3674b824baf9deb0d3b13eef2c5 85afb4b5014f42358a55eb5080f7a039 - - default default] Successfully bumped revision number for resource 4582a599-b25d-4415-ae01-a5ce508f402e (type: security_group_rules) to 0
2026-06-14 00:00:18.911 10 INFO neutron.db.ovn_revision_numbers_db [None req-41482082-df84-4906-b495-fc579fdd29e1 0badf3674b824baf9deb0d3b13eef2c5 85afb4b5014f42358a55eb5080f7a039 - - default default] Successfully bumped revision number for resource 8712bd9b-86cd-4650-8a91-0d3f61f7b868 (type: security_group_rules) to 0
2026-06-14 00:00:18.935 10 INFO neutron.wsgi [None req-41482082-df84-4906-b495-fc579fdd29e1 0badf3674b824baf9deb0d3b13eef2c5 85afb4b5014f42358a55eb5080f7a039 - - default default] 10.0.0.14 "GET /v2.0/security-groups?tenant_id=6b9f0dfa25f945d888880081aba4cfe4&name=default HTTP/1.1" status: 200 len: 2996 time: 0.3189237
2026-06-14 00:00:19.022 10 INFO neutron.db.ovn_revision_numbers_db [None req-867cc539-5f0c-49f3-9748-5557817a6603 0badf3674b824baf9deb0d3b13eef2c5 85afb4b5014f42358a55eb5080f7a039 - - default default] Successfully bumped revision number for resource fcf43a33-08fd-49a0-8aea-16331fa5d8a4 (type: ports) to 2
2026-06-14 00:00:19.074 10 INFO neutron.db.ovn_revision_numbers_db [None req-867cc539-5f0c-49f3-9748-5557817a6603 0badf3674b824baf9deb0d3b13eef2c5 85afb4b5014f42358a55eb5080f7a039 - - default default] Successfully bumped revision number for resource 739cf983-e60a-4c59-8dad-b3836a761043 (type: subnets) to 0
2026-06-14 00:00:19.103 10 INFO neutron.wsgi [None req-867cc539-5f0c-49f3-9748-5557817a6603 0badf3674b824baf9deb0d3b13eef2c5 85afb4b5014f42358a55eb5080f7a039 - - default default] 10.0.0.14 "POST /v2.0/subnets HTTP/1.1" status: 201 len: 863 time: 0.8278244
2026-06-14 00:00:19.175 9 INFO neutron.wsgi [None req-f390695a-4c31-4460-9ea3-cdb373d4cacb 0badf3674b824baf9deb0d3b13eef2c5 85afb4b5014f42358a55eb5080f7a039 - - default default] 10.0.0.14 "DELETE /v2.0/security-groups/2814e8ff-28b4-42c6-bb5f-d95cbfdf0edc HTTP/1.1" status: 204 len: 168 time: 0.2342989
2026-06-14 00:00:19.299 9 INFO neutron.services.segments.plugin [-] Segment b5923f95-17d1-4081-91c0-c2a0ed3d311c resource provider aggregate not found
2026-06-14 00:00:19.307 9 INFO neutron.services.segments.plugin [-] Segment b5923f95-17d1-4081-91c0-c2a0ed3d311c resource provider aggregate not found
2026-06-14 00:00:19.317 9 INFO neutron.services.segments.plugin [-] Segment b5923f95-17d1-4081-91c0-c2a0ed3d311c resource provider not found; error: Placement Client Error (4xx): {"errors": [{"status": 404, "title": "Not Found", "detail": "The resource could not be found.\n\n No resource provider with uuid b5923f95-17d1-4081-91c0-c2a0ed3d311c found for delete ", "request_id": "req-cfec23a9-f643-4031-8499-852c9c86a6c3"}]}
2026-06-14 00:00:19.324 9 INFO neutron.services.segments.plugin [-] Segment b5923f95-17d1-4081-91c0-c2a0ed3d311c resource provider not found; error: Placement Client Error (4xx): {"errors": [{"status": 404, "title": "Not Found", "detail": "The resource could not be found.\n\n No resource provider with uuid b5923f95-17d1-4081-91c0-c2a0ed3d311c found for delete ", "request_id": "req-d09f57d9-fbe7-4876-b2fc-99767bc7a281"}]}
2026-06-14 00:00:19.609 10 INFO neutron.wsgi [None req-9ce62dc1-81a6-48ee-a470-e9989642f92d 0badf3674b824baf9deb0d3b13eef2c5 85afb4b5014f42358a55eb5080f7a039 - - default default] 10.0.0.14 "GET /v2.0/security-groups?tenant_id=04926872833043b2b1e670b88bf3879d&name=default HTTP/1.1" status: 200 len: 2996 time: 0.6358941
2026-06-14 00:00:19.789 10 INFO neutron.wsgi [None req-086dd319-981b-4005-b309-872de4ed5ba0 0badf3674b824baf9deb0d3b13eef2c5 85afb4b5014f42358a55eb5080f7a039 - - default default] 10.0.0.185 "GET /v2.0/subnets HTTP/1.1" status: 200 len: 2091 time: 0.2174482
2026-06-14 00:00:19.808 10 INFO neutron.wsgi [None req-14034619-79d3-4352-8fd8-c2f23fa57935 0badf3674b824baf9deb0d3b13eef2c5 85afb4b5014f42358a55eb5080f7a039 - - default default] 10.0.0.185 "GET /v2.0/network-ip-availabilities HTTP/1.1" status: 200 len: 1752 time: 0.0177262
2026-06-14 00:00:19.867 9 INFO neutron.wsgi [None req-90bc15cc-6ce7-42a2-b91c-55c3b0d6f28f 0badf3674b824baf9deb0d3b13eef2c5 85afb4b5014f42358a55eb5080f7a039 - - default default] 10.0.0.14 "DELETE /v2.0/security-groups/b4e4fef4-7ab4-407d-b024-fa2ac0c9ce11 HTTP/1.1" status: 204 len: 168 time: 0.2524302
2026-06-14 00:00:19.893 10 INFO neutron.wsgi [None req-d0b9f953-3882-40bb-a05c-43f9722b314b 0badf3674b824baf9deb0d3b13eef2c5 85afb4b5014f42358a55eb5080f7a039 - - default default] 10.0.0.185 "GET /v2.0/subnets HTTP/1.1" status: 200 len: 2091 time: 0.0791173
2026-06-14 00:00:19.909 10 INFO neutron.wsgi [None req-bf7f5fb3-5da1-43af-bbb3-371111b24bc1 0badf3674b824baf9deb0d3b13eef2c5 85afb4b5014f42358a55eb5080f7a039 - - default default] 10.0.0.185 "GET /v2.0/subnetpools HTTP/1.1" status: 200 len: 193 time: 0.0132413
2026-06-14 00:00:19.991 10 INFO neutron.wsgi [None req-544f7700-d00e-4405-954e-8ef5892ec99d 0badf3674b824baf9deb0d3b13eef2c5 85afb4b5014f42358a55eb5080f7a039 - - default default] 10.0.0.185 "GET /v2.0/networks HTTP/1.1" status: 200 len: 3106 time: 0.0821116
2026-06-14 00:00:20.063 10 INFO neutron.wsgi [None req-799abf74-80b4-4598-a244-1b77d8f0e112 0badf3674b824baf9deb0d3b13eef2c5 85afb4b5014f42358a55eb5080f7a039 - - default default] 10.0.0.185 "GET /v2.0/routers HTTP/1.1" status: 200 len: 672 time: 0.0696466
2026-06-14 00:00:20.082 10 INFO neutron.wsgi [None req-ce04524e-d376-45fc-a13d-bb9ca7ad5c2d 0badf3674b824baf9deb0d3b13eef2c5 85afb4b5014f42358a55eb5080f7a039 - - default default] 10.0.0.185 "GET /v2.0/agents?binary=ovn-controller HTTP/1.1" status: 200 len: 591 time: 0.0177236
2026-06-14 00:00:20.099 9 INFO neutron.db.ovn_revision_numbers_db [None req-59f37939-28ca-465e-be36-1fa15ff62152 0badf3674b824baf9deb0d3b13eef2c5 85afb4b5014f42358a55eb5080f7a039 - - default default] Successfully bumped revision number for resource 2a703fbd-abff-4dc6-963c-33377674707c (type: security_groups) to 1
2026-06-14 00:00:20.100 10 INFO neutron.wsgi [None req-dbc1eebd-7dfb-4394-bd3f-db739548d568 0badf3674b824baf9deb0d3b13eef2c5 85afb4b5014f42358a55eb5080f7a039 - - default default] 10.0.0.185 "GET /v2.0/agents HTTP/1.1" status: 200 len: 997 time: 0.0114408
2026-06-14 00:00:20.114 9 INFO neutron.db.ovn_revision_numbers_db [None req-59f37939-28ca-465e-be36-1fa15ff62152 0badf3674b824baf9deb0d3b13eef2c5 85afb4b5014f42358a55eb5080f7a039 - - default default] Successfully bumped revision number for resource 139fb38b-5cf5-4d11-b138-e9616696f33f (type: security_group_rules) to 0
2026-06-14 00:00:20.135 10 INFO neutron.wsgi [None req-bfe6a7e3-40fb-4497-b77c-a3f3796a2e4e 0badf3674b824baf9deb0d3b13eef2c5 85afb4b5014f42358a55eb5080f7a039 - - default default] 10.0.0.185 "GET /v2.0/floatingips HTTP/1.1" status: 200 len: 193 time: 0.0334690
2026-06-14 00:00:20.151 9 INFO neutron.db.ovn_revision_numbers_db [None req-59f37939-28ca-465e-be36-1fa15ff62152 0badf3674b824baf9deb0d3b13eef2c5 85afb4b5014f42358a55eb5080f7a039 - - default default] Successfully bumped revision number for resource 5f525c22-739b-4421-a3fb-9a9af09adaf2 (type: security_group_rules) to 0
2026-06-14 00:00:20.167 9 INFO neutron.db.ovn_revision_numbers_db [None req-59f37939-28ca-465e-be36-1fa15ff62152 0badf3674b824baf9deb0d3b13eef2c5 85afb4b5014f42358a55eb5080f7a039 - - default default] Successfully bumped revision number for resource 7395215a-91dd-49e0-81ab-5497d0885808 (type: security_group_rules) to 0
2026-06-14 00:00:20.179 10 WARNING neutron.scheduler.dhcp_agent_scheduler [None req-19cb9bb7-ed98-45bd-854c-579bb8935ac5 0badf3674b824baf9deb0d3b13eef2c5 85afb4b5014f42358a55eb5080f7a039 - - default default] No more DHCP agents
2026-06-14 00:00:20.182 9 INFO neutron.db.ovn_revision_numbers_db [None req-59f37939-28ca-465e-be36-1fa15ff62152 0badf3674b824baf9deb0d3b13eef2c5 85afb4b5014f42358a55eb5080f7a039 - - default default] Successfully bumped revision number for resource 7848da22-9c54-4954-bddb-a36253c3443d (type: security_group_rules) to 0
2026-06-14 00:00:20.201 10 INFO neutron.wsgi [None req-c2bf3abf-f459-45df-af9d-455d8cc68270 0badf3674b824baf9deb0d3b13eef2c5 85afb4b5014f42358a55eb5080f7a039 - - default default] 10.0.0.185 "GET /v2.0/ports HTTP/1.1" status: 200 len: 7401 time: 0.0642283
2026-06-14 00:00:20.204 10 WARNING neutron.api.rpc.agentnotifiers.dhcp_rpc_agent_api [None req-19cb9bb7-ed98-45bd-854c-579bb8935ac5 0badf3674b824baf9deb0d3b13eef2c5 85afb4b5014f42358a55eb5080f7a039 - - default default] Unable to schedule network 644f7abb-5833-4769-bbb9-5ec42dfe6f0e: no agents available; will retry on subsequent port and subnet creation events.
2026-06-14 00:00:20.204 9 INFO neutron.wsgi [None req-59f37939-28ca-465e-be36-1fa15ff62152 0badf3674b824baf9deb0d3b13eef2c5 85afb4b5014f42358a55eb5080f7a039 - - default default] 10.0.0.14 "GET /v2.0/security-groups?tenant_id=c205cd7dcf9649c8bc83230f14016aa0&name=default HTTP/1.1" status: 200 len: 2996 time: 0.2290342
2026-06-14 00:00:20.272 10 INFO neutron.wsgi [None req-ae3b9574-b42c-430e-a4ec-184d5beb112d 0badf3674b824baf9deb0d3b13eef2c5 85afb4b5014f42358a55eb5080f7a039 - - default default] 10.0.0.185 "GET /v2.0/security-groups HTTP/1.1" status: 200 len: 22363 time: 0.0671253
2026-06-14 00:00:20.434 10 INFO neutron.db.ovn_revision_numbers_db [None req-19cb9bb7-ed98-45bd-854c-579bb8935ac5 0badf3674b824baf9deb0d3b13eef2c5 85afb4b5014f42358a55eb5080f7a039 - - default default] Successfully bumped revision number for resource ec7fcea0-7fce-4b5a-a3a9-bb88cab851d4 (type: ports) to 1
2026-06-14 00:00:20.449 9 INFO neutron.wsgi [None req-d9243fe1-7984-4f76-b193-cd90d35ff59c 0badf3674b824baf9deb0d3b13eef2c5 85afb4b5014f42358a55eb5080f7a039 - - default default] 10.0.0.14 "DELETE /v2.0/security-groups/2a703fbd-abff-4dc6-963c-33377674707c HTTP/1.1" status: 204 len: 168 time: 0.2283094
2026-06-14 00:00:20.990 10 INFO neutron.plugins.ml2.drivers.ovn.mech_driver.mech_driver [None req-e6cf0876-a609-408f-8628-c2f6faf33b79 - - - - - -] OVN reports status up for port: ec7fcea0-7fce-4b5a-a3a9-bb88cab851d4
2026-06-14 00:00:21.002 9 INFO neutron.plugins.ml2.drivers.ovn.mech_driver.ovsdb.ovsdb_monitor [None req-d8a8ead0-a392-40d1-a1c8-5b1bdc3828eb - - - - - -] Router 17acad3f-8887-4b2a-a4df-b76d659337a7 is bound to host instance
2026-06-14 00:00:21.006 10 INFO neutron.plugins.ml2.plugin [None req-e6cf0876-a609-408f-8628-c2f6faf33b79 - - - - - -] Attempt 1 to provision port ec7fcea0-7fce-4b5a-a3a9-bb88cab851d4
2026-06-14 00:00:21.030 10 INFO neutron.db.ovn_revision_numbers_db [None req-19cb9bb7-ed98-45bd-854c-579bb8935ac5 0badf3674b824baf9deb0d3b13eef2c5 85afb4b5014f42358a55eb5080f7a039 - - default default] Successfully bumped revision number for resource ec7fcea0-7fce-4b5a-a3a9-bb88cab851d4 (type: router_ports) to 1
2026-06-14 00:00:21.114 10 INFO neutron.db.ovn_revision_numbers_db [None req-19cb9bb7-ed98-45bd-854c-579bb8935ac5 0badf3674b824baf9deb0d3b13eef2c5 85afb4b5014f42358a55eb5080f7a039 - - default default] Successfully bumped revision number for resource 17acad3f-8887-4b2a-a4df-b76d659337a7 (type: routers) to 2
2026-06-14 00:00:21.128 10 INFO neutron.wsgi [None req-19cb9bb7-ed98-45bd-854c-579bb8935ac5 0badf3674b824baf9deb0d3b13eef2c5 85afb4b5014f42358a55eb5080f7a039 - - default default] 10.0.0.14 "POST /v2.0/routers HTTP/1.1" status: 201 len: 874 time: 2.0169632
2026-06-14 00:00:21.484 9 INFO neutron.db.ovn_revision_numbers_db [None req-d8a8ead0-a392-40d1-a1c8-5b1bdc3828eb - - - - - -] Successfully bumped revision number for resource ec7fcea0-7fce-4b5a-a3a9-bb88cab851d4 (type: ports) to 1
2026-06-14 00:00:21.617 10 WARNING neutron.scheduler.dhcp_agent_scheduler [None req-2fc2401a-4840-48e6-baa0-accfced83a0d 0badf3674b824baf9deb0d3b13eef2c5 85afb4b5014f42358a55eb5080f7a039 - - default default] No more DHCP agents
2026-06-14 00:00:21.618 10 WARNING neutron.api.rpc.agentnotifiers.dhcp_rpc_agent_api [None req-2fc2401a-4840-48e6-baa0-accfced83a0d 0badf3674b824baf9deb0d3b13eef2c5 85afb4b5014f42358a55eb5080f7a039 - - default default] Unable to schedule network 920ecdcb-e635-4bf6-a9ca-e42cef3bf5b9: no agents available; will retry on subsequent port and subnet creation events.
2026-06-14 00:00:21.713 9 INFO neutron.db.ovn_revision_numbers_db [None req-d8a8ead0-a392-40d1-a1c8-5b1bdc3828eb - - - - - -] Successfully bumped revision number for resource ec7fcea0-7fce-4b5a-a3a9-bb88cab851d4 (type: router_ports) to 3
2026-06-14 00:00:21.881 9 INFO neutron.db.ovn_revision_numbers_db [None req-d8a8ead0-a392-40d1-a1c8-5b1bdc3828eb - - - - - -] Successfully bumped revision number for resource ec7fcea0-7fce-4b5a-a3a9-bb88cab851d4 (type: ports) to 2
2026-06-14 00:00:22.040 10 INFO neutron.db.ovn_revision_numbers_db [None req-2fc2401a-4840-48e6-baa0-accfced83a0d 0badf3674b824baf9deb0d3b13eef2c5 85afb4b5014f42358a55eb5080f7a039 - - default default] Successfully bumped revision number for resource f9eed032-30c2-4529-8005-724e80c33513 (type: ports) to 1
2026-06-14 00:00:22.135 9 INFO neutron.db.ovn_revision_numbers_db [None req-d8a8ead0-a392-40d1-a1c8-5b1bdc3828eb - - - - - -] Successfully bumped revision number for resource ec7fcea0-7fce-4b5a-a3a9-bb88cab851d4 (type: ports) to 4
2026-06-14 00:00:22.329 9 INFO neutron.db.ovn_revision_numbers_db [None req-d8a8ead0-a392-40d1-a1c8-5b1bdc3828eb - - - - - -] Successfully bumped revision number for resource ec7fcea0-7fce-4b5a-a3a9-bb88cab851d4 (type: router_ports) to 4
2026-06-14 00:00:22.451 10 INFO neutron.db.ovn_revision_numbers_db [None req-2fc2401a-4840-48e6-baa0-accfced83a0d 0badf3674b824baf9deb0d3b13eef2c5 85afb4b5014f42358a55eb5080f7a039 - - default default] Successfully bumped revision number for resource f9eed032-30c2-4529-8005-724e80c33513 (type: router_ports) to 1
2026-06-14 00:00:22.636 10 INFO neutron.db.ovn_revision_numbers_db [None req-2fc2401a-4840-48e6-baa0-accfced83a0d 0badf3674b824baf9deb0d3b13eef2c5 85afb4b5014f42358a55eb5080f7a039 - - default default] Successfully bumped revision number for resource f9eed032-30c2-4529-8005-724e80c33513 (type: ports) to 1
2026-06-14 00:00:22.712 10 WARNING neutron.scheduler.dhcp_agent_scheduler [None req-2fc2401a-4840-48e6-baa0-accfced83a0d 0badf3674b824baf9deb0d3b13eef2c5 85afb4b5014f42358a55eb5080f7a039 - - default default] No more DHCP agents
2026-06-14 00:00:22.714 10 WARNING neutron.api.rpc.agentnotifiers.dhcp_rpc_agent_api [None req-2fc2401a-4840-48e6-baa0-accfced83a0d 0badf3674b824baf9deb0d3b13eef2c5 85afb4b5014f42358a55eb5080f7a039 - - default default] Unable to schedule network 920ecdcb-e635-4bf6-a9ca-e42cef3bf5b9: no agents available; will retry on subsequent port and subnet creation events.
2026-06-14 00:00:23.136 10 INFO neutron.db.ovn_revision_numbers_db [None req-2fc2401a-4840-48e6-baa0-accfced83a0d 0badf3674b824baf9deb0d3b13eef2c5 85afb4b5014f42358a55eb5080f7a039 - - default default] Successfully bumped revision number for resource f9eed032-30c2-4529-8005-724e80c33513 (type: router_ports) to 1
2026-06-14 00:00:23.138 10 INFO neutron.wsgi [None req-2fc2401a-4840-48e6-baa0-accfced83a0d 0badf3674b824baf9deb0d3b13eef2c5 85afb4b5014f42358a55eb5080f7a039 - - default default] 10.0.0.14 "PUT /v2.0/routers/17acad3f-8887-4b2a-a4df-b76d659337a7/add_router_interface HTTP/1.1" status: 200 len: 503 time: 2.0030589
2026-06-14 00:00:23.530 10 WARNING neutron_lib.context [None req-c9eeec8a-8d28-42ca-968c-186f2f690c1b 2f7c04e8cb024efc8e958d84c2ad3de0 c897ec17224c40039cbca20eb94550b7 - - default default] Method 'is_advsvc' is deprecated since 2023.2 release (neutron-lib 3.8.0) and will be removed once support for the old RBAC API policies will be removed from Neutron. Please use method 'is_service_role' instead.
2026-06-14 00:00:23.615 10 INFO neutron.plugins.ml2.drivers.ovn.mech_driver.mech_driver [None req-e6cf0876-a609-408f-8628-c2f6faf33b79 - - - - - -] OVN reports status up for port: f9eed032-30c2-4529-8005-724e80c33513
2026-06-14 00:00:23.634 10 INFO neutron.plugins.ml2.plugin [None req-e6cf0876-a609-408f-8628-c2f6faf33b79 - - - - - -] Attempt 1 to provision port f9eed032-30c2-4529-8005-724e80c33513
2026-06-14 00:00:23.734 10 INFO neutron.db.ovn_revision_numbers_db [None req-c9eeec8a-8d28-42ca-968c-186f2f690c1b 2f7c04e8cb024efc8e958d84c2ad3de0 c897ec17224c40039cbca20eb94550b7 - - default default] Successfully bumped revision number for resource 44ca9f8f-60e7-4916-bae0-fa2ac81fd5e4 (type: security_groups) to 1
2026-06-14 00:00:23.755 10 INFO neutron.db.ovn_revision_numbers_db [None req-c9eeec8a-8d28-42ca-968c-186f2f690c1b 2f7c04e8cb024efc8e958d84c2ad3de0 c897ec17224c40039cbca20eb94550b7 - - default default] Successfully bumped revision number for resource 9b4493dc-4c9a-4054-aa81-a6d816a0fd3a (type: security_group_rules) to 0
2026-06-14 00:00:23.778 10 INFO neutron.db.ovn_revision_numbers_db [None req-c9eeec8a-8d28-42ca-968c-186f2f690c1b 2f7c04e8cb024efc8e958d84c2ad3de0 c897ec17224c40039cbca20eb94550b7 - - default default] Successfully bumped revision number for resource b00306e5-6a7f-4f69-964f-d6184bd9bbe9 (type: security_group_rules) to 0
2026-06-14 00:00:23.807 10 WARNING neutron_lib.context [None req-8dcdd6cd-3eae-46f6-ac4d-8b706eaceb59 22742cf6664e4a99afb0474746739512 8ed218d7040c44cf91d749be869fa665 - - default default] Method 'is_advsvc' is deprecated since 2023.2 release (neutron-lib 3.8.0) and will be removed once support for the old RBAC API policies will be removed from Neutron. Please use method 'is_service_role' instead.
2026-06-14 00:00:23.812 10 INFO neutron.db.ovn_revision_numbers_db [None req-c9eeec8a-8d28-42ca-968c-186f2f690c1b 2f7c04e8cb024efc8e958d84c2ad3de0 c897ec17224c40039cbca20eb94550b7 - - default default] Successfully bumped revision number for resource e1a18592-7d64-451d-b524-4d93f4c050eb (type: security_group_rules) to 0
2026-06-14 00:00:23.829 10 INFO neutron.db.ovn_revision_numbers_db [None req-c9eeec8a-8d28-42ca-968c-186f2f690c1b 2f7c04e8cb024efc8e958d84c2ad3de0 c897ec17224c40039cbca20eb94550b7 - - default default] Successfully bumped revision number for resource e8799e71-c408-4120-b15f-19ed74cdda9c (type: security_group_rules) to 0
2026-06-14 00:00:23.985 10 INFO neutron.db.ovn_revision_numbers_db [None req-c9eeec8a-8d28-42ca-968c-186f2f690c1b 2f7c04e8cb024efc8e958d84c2ad3de0 c897ec17224c40039cbca20eb94550b7 - - default default] Successfully bumped revision number for resource 243d82e7-7702-4c9a-bafa-bccb456e0284 (type: security_groups) to 1
2026-06-14 00:00:24.004 10 INFO neutron.db.ovn_revision_numbers_db [None req-c9eeec8a-8d28-42ca-968c-186f2f690c1b 2f7c04e8cb024efc8e958d84c2ad3de0 c897ec17224c40039cbca20eb94550b7 - - default default] Successfully bumped revision number for resource 3646e562-7e2b-4fb3-a5c3-8bcaf9ced3cb (type: security_group_rules) to 0
2026-06-14 00:00:24.017 10 INFO neutron.db.ovn_revision_numbers_db [None req-e6cf0876-a609-408f-8628-c2f6faf33b79 - - - - - -] Successfully bumped revision number for resource f9eed032-30c2-4529-8005-724e80c33513 (type: ports) to 2
2026-06-14 00:00:24.019 10 INFO neutron.db.ovn_revision_numbers_db [None req-c9eeec8a-8d28-42ca-968c-186f2f690c1b 2f7c04e8cb024efc8e958d84c2ad3de0 c897ec17224c40039cbca20eb94550b7 - - default default] Successfully bumped revision number for resource 80b655b4-1531-4dfe-b55f-2d2be6bb80ab (type: security_group_rules) to 0
2026-06-14 00:00:24.022 10 INFO neutron.db.ovn_revision_numbers_db [None req-8dcdd6cd-3eae-46f6-ac4d-8b706eaceb59 22742cf6664e4a99afb0474746739512 8ed218d7040c44cf91d749be869fa665 - - default default] Successfully bumped revision number for resource f8f7d7e4-dd1f-4658-9247-3a2d1ea4aea7 (type: security_groups) to 1
2026-06-14 00:00:24.058 10 INFO neutron.wsgi [None req-c9eeec8a-8d28-42ca-968c-186f2f690c1b 2f7c04e8cb024efc8e958d84c2ad3de0 c897ec17224c40039cbca20eb94550b7 - - default default] 10.0.0.14 "POST /v2.0/security-groups HTTP/1.1" status: 201 len: 1737 time: 0.6359608
2026-06-14 00:00:24.069 10 INFO neutron.db.ovn_revision_numbers_db [None req-8dcdd6cd-3eae-46f6-ac4d-8b706eaceb59 22742cf6664e4a99afb0474746739512 8ed218d7040c44cf91d749be869fa665 - - default default] Successfully bumped revision number for resource 023f5060-eaca-462a-93b3-67b8590a7b4e (type: security_group_rules) to 0
2026-06-14 00:00:24.075 9 WARNING neutron_lib.context [None req-0b2af035-82a0-49d3-8c0d-0c24c9d73875 2f7c04e8cb024efc8e958d84c2ad3de0 c897ec17224c40039cbca20eb94550b7 - - default default] Method 'is_advsvc' is deprecated since 2023.2 release (neutron-lib 3.8.0) and will be removed once support for the old RBAC API policies will be removed from Neutron. Please use method 'is_service_role' instead.
2026-06-14 00:00:24.094 10 INFO neutron.db.ovn_revision_numbers_db [None req-8dcdd6cd-3eae-46f6-ac4d-8b706eaceb59 22742cf6664e4a99afb0474746739512 8ed218d7040c44cf91d749be869fa665 - - default default] Successfully bumped revision number for resource 29c3cd64-05fd-4f85-b082-1b8b43883df9 (type: security_group_rules) to 0
2026-06-14 00:00:24.111 10 INFO neutron.db.ovn_revision_numbers_db [None req-8dcdd6cd-3eae-46f6-ac4d-8b706eaceb59 22742cf6664e4a99afb0474746739512 8ed218d7040c44cf91d749be869fa665 - - default default] Successfully bumped revision number for resource 3d4ebdf2-9fce-44d3-ada5-467d9b8cca0e (type: security_group_rules) to 0
2026-06-14 00:00:24.114 10 INFO neutron.db.ovn_revision_numbers_db [None req-e6cf0876-a609-408f-8628-c2f6faf33b79 - - - - - -] Successfully bumped revision number for resource f9eed032-30c2-4529-8005-724e80c33513 (type: router_ports) to 2
2026-06-14 00:00:24.134 10 INFO neutron.db.ovn_revision_numbers_db [None req-8dcdd6cd-3eae-46f6-ac4d-8b706eaceb59 22742cf6664e4a99afb0474746739512 8ed218d7040c44cf91d749be869fa665 - - default default] Successfully bumped revision number for resource cf8a03e6-e7bf-4840-bdee-3432e9aa1d6d (type: security_group_rules) to 0
2026-06-14 00:00:24.204 9 INFO neutron.db.ovn_revision_numbers_db [None req-0b2af035-82a0-49d3-8c0d-0c24c9d73875 2f7c04e8cb024efc8e958d84c2ad3de0 c897ec17224c40039cbca20eb94550b7 - - default default] Successfully bumped revision number for resource ea9d5b3e-9f8c-4301-9d59-1f2297e72813 (type: security_groups) to 1
2026-06-14 00:00:24.222 9 INFO neutron.db.ovn_revision_numbers_db [None req-0b2af035-82a0-49d3-8c0d-0c24c9d73875 2f7c04e8cb024efc8e958d84c2ad3de0 c897ec17224c40039cbca20eb94550b7 - - default default] Successfully bumped revision number for resource 1cf9c45a-46db-4844-aca7-94e129d85231 (type: security_group_rules) to 0
2026-06-14 00:00:24.226 10 INFO neutron.db.ovn_revision_numbers_db [None req-8dcdd6cd-3eae-46f6-ac4d-8b706eaceb59 22742cf6664e4a99afb0474746739512 8ed218d7040c44cf91d749be869fa665 - - default default] Successfully bumped revision number for resource a4a21def-ded0-40a2-bc48-bfe2ca56eb5c (type: security_groups) to 1
2026-06-14 00:00:24.236 9 INFO neutron.db.ovn_revision_numbers_db [None req-0b2af035-82a0-49d3-8c0d-0c24c9d73875 2f7c04e8cb024efc8e958d84c2ad3de0 c897ec17224c40039cbca20eb94550b7 - - default default] Successfully bumped revision number for resource 5bfd7888-62f0-42ea-9197-970055943717 (type: security_group_rules) to 0
2026-06-14 00:00:24.238 10 INFO neutron.db.ovn_revision_numbers_db [None req-8dcdd6cd-3eae-46f6-ac4d-8b706eaceb59 22742cf6664e4a99afb0474746739512 8ed218d7040c44cf91d749be869fa665 - - default default] Successfully bumped revision number for resource 83747634-0db4-43c7-bd74-a1136743b4bb (type: security_group_rules) to 0
2026-06-14 00:00:24.251 10 INFO neutron.db.ovn_revision_numbers_db [None req-8dcdd6cd-3eae-46f6-ac4d-8b706eaceb59 22742cf6664e4a99afb0474746739512 8ed218d7040c44cf91d749be869fa665 - - default default] Successfully bumped revision number for resource ef6715cd-1adf-4b23-8f0d-bfbb444b25fe (type: security_group_rules) to 0
2026-06-14 00:00:24.262 9 INFO neutron.wsgi [None req-0b2af035-82a0-49d3-8c0d-0c24c9d73875 2f7c04e8cb024efc8e958d84c2ad3de0 c897ec17224c40039cbca20eb94550b7 - - default default] 10.0.0.14 "POST /v2.0/security-groups HTTP/1.1" status: 201 len: 1737 time: 0.1937468
2026-06-14 00:00:24.267 10 INFO neutron.wsgi [None req-8dcdd6cd-3eae-46f6-ac4d-8b706eaceb59 22742cf6664e4a99afb0474746739512 8ed218d7040c44cf91d749be869fa665 - - default default] 10.0.0.14 "POST /v2.0/security-groups HTTP/1.1" status: 201 len: 1737 time: 0.5029252
2026-06-14 00:00:24.272 10 WARNING neutron_lib.context [None req-b127cb60-f492-4550-83e3-fb80a840b9b1 2f7c04e8cb024efc8e958d84c2ad3de0 c897ec17224c40039cbca20eb94550b7 - - default default] Method 'is_advsvc' is deprecated since 2023.2 release (neutron-lib 3.8.0) and will be removed once support for the old RBAC API policies will be removed from Neutron. Please use method 'is_service_role' instead.
2026-06-14 00:00:24.311 9 INFO neutron.wsgi [None req-a9762c4a-870f-4af6-80a4-ffa304a0ac6b 22742cf6664e4a99afb0474746739512 8ed218d7040c44cf91d749be869fa665 - - default default] 10.0.0.14 "PUT /v2.0/security-groups/a4a21def-ded0-40a2-bc48-bfe2ca56eb5c/tags HTTP/1.1" status: 200 len: 218 time: 0.0399075
2026-06-14 00:00:24.345 10 INFO neutron.wsgi [None req-fdcbe099-3a86-42b8-8a41-d7c96b91365c 22742cf6664e4a99afb0474746739512 8ed218d7040c44cf91d749be869fa665 - - default default] 10.0.0.14 "GET /v2.0/security-groups/a4a21def-ded0-40a2-bc48-bfe2ca56eb5c/tags HTTP/1.1" status: 200 len: 218 time: 0.0282264
2026-06-14 00:00:24.384 10 INFO neutron.db.ovn_revision_numbers_db [None req-b127cb60-f492-4550-83e3-fb80a840b9b1 2f7c04e8cb024efc8e958d84c2ad3de0 c897ec17224c40039cbca20eb94550b7 - - default default] Successfully bumped revision number for resource e0fc17e3-ee28-4898-8f5e-6842021a7675 (type: security_groups) to 1
2026-06-14 00:00:24.398 10 INFO neutron.wsgi [None req-1b13999c-a899-4cd8-a7b2-e5cbfd906d0e 22742cf6664e4a99afb0474746739512 8ed218d7040c44cf91d749be869fa665 - - default default] 10.0.0.14 "PUT /v2.0/security-groups/a4a21def-ded0-40a2-bc48-bfe2ca56eb5c/tags/green HTTP/1.1" status: 201 len: 201 time: 0.0485983
2026-06-14 00:00:24.399 10 INFO neutron.db.ovn_revision_numbers_db [None req-b127cb60-f492-4550-83e3-fb80a840b9b1 2f7c04e8cb024efc8e958d84c2ad3de0 c897ec17224c40039cbca20eb94550b7 - - default default] Successfully bumped revision number for resource 5d859533-0b98-49cf-b6fb-241d897dffcb (type: security_group_rules) to 0
2026-06-14 00:00:24.410 10 INFO neutron.db.ovn_revision_numbers_db [None req-b127cb60-f492-4550-83e3-fb80a840b9b1 2f7c04e8cb024efc8e958d84c2ad3de0 c897ec17224c40039cbca20eb94550b7 - - default default] Successfully bumped revision number for resource ea21ec5a-f635-4e54-9192-4c18eabe2563 (type: security_group_rules) to 0
2026-06-14 00:00:24.427 9 INFO neutron.wsgi [None req-f8813ce6-5345-4097-aba9-fdfe681732a4 22742cf6664e4a99afb0474746739512 8ed218d7040c44cf91d749be869fa665 - - default default] 10.0.0.14 "GET /v2.0/security-groups/a4a21def-ded0-40a2-bc48-bfe2ca56eb5c/tags HTTP/1.1" status: 200 len: 227 time: 0.0231848
2026-06-14 00:00:24.427 10 INFO neutron.wsgi [None req-b127cb60-f492-4550-83e3-fb80a840b9b1 2f7c04e8cb024efc8e958d84c2ad3de0 c897ec17224c40039cbca20eb94550b7 - - default default] 10.0.0.14 "POST /v2.0/security-groups HTTP/1.1" status: 201 len: 1737 time: 0.1590180
2026-06-14 00:00:24.436 9 WARNING neutron_lib.context [None req-731e940f-9463-4b1c-a7fb-89ab89ab6024 2f7c04e8cb024efc8e958d84c2ad3de0 c897ec17224c40039cbca20eb94550b7 - - default default] Method 'is_advsvc' is deprecated since 2023.2 release (neutron-lib 3.8.0) and will be removed once support for the old RBAC API policies will be removed from Neutron. Please use method 'is_service_role' instead.
2026-06-14 00:00:24.451 10 INFO neutron.wsgi [None req-2b925352-75f0-4baf-bb17-9f8787b22692 22742cf6664e4a99afb0474746739512 8ed218d7040c44cf91d749be869fa665 - - default default] 10.0.0.14 "PUT /v2.0/security-groups/a4a21def-ded0-40a2-bc48-bfe2ca56eb5c/tags/red HTTP/1.1" status: 201 len: 201 time: 0.0191188
2026-06-14 00:00:24.480 10 INFO neutron.wsgi [None req-eb4b9dba-4695-4fc3-a295-145b63c04954 22742cf6664e4a99afb0474746739512 8ed218d7040c44cf91d749be869fa665 - - default default] 10.0.0.14 "GET /v2.0/security-groups/a4a21def-ded0-40a2-bc48-bfe2ca56eb5c/tags HTTP/1.1" status: 200 len: 227 time: 0.0233829
2026-06-14 00:00:24.517 10 INFO neutron.wsgi [None req-d1a4f40f-e275-4929-ba70-70902eebb568 22742cf6664e4a99afb0474746739512 8ed218d7040c44cf91d749be869fa665 - - default default] 10.0.0.14 "PUT /v2.0/security-groups/a4a21def-ded0-40a2-bc48-bfe2ca56eb5c/tags/black.or.white HTTP/1.1" status: 201 len: 201 time: 0.0328984
2026-06-14 00:00:24.546 10 INFO neutron.wsgi [None req-8b5162dc-4b1d-428b-a458-7e023f182e4f 22742cf6664e4a99afb0474746739512 8ed218d7040c44cf91d749be869fa665 - - default default] 10.0.0.14 "GET /v2.0/security-groups/a4a21def-ded0-40a2-bc48-bfe2ca56eb5c/tags HTTP/1.1" status: 200 len: 245 time: 0.0201614
2026-06-14 00:00:24.547 9 INFO neutron.db.ovn_revision_numbers_db [None req-731e940f-9463-4b1c-a7fb-89ab89ab6024 2f7c04e8cb024efc8e958d84c2ad3de0 c897ec17224c40039cbca20eb94550b7 - - default default] Successfully bumped revision number for resource e1320d32-51c5-435e-980e-4b52a54a2b5a (type: security_groups) to 1
2026-06-14 00:00:24.566 9 INFO neutron.db.ovn_revision_numbers_db [None req-731e940f-9463-4b1c-a7fb-89ab89ab6024 2f7c04e8cb024efc8e958d84c2ad3de0 c897ec17224c40039cbca20eb94550b7 - - default default] Successfully bumped revision number for resource 12d470f1-105e-4854-89c0-c10a9660ad62 (type: security_group_rules) to 0
2026-06-14 00:00:24.581 10 INFO neutron.wsgi [None req-3043ab69-8a9d-4546-816b-de2cdedb4a03 22742cf6664e4a99afb0474746739512 8ed218d7040c44cf91d749be869fa665 - - default default] 10.0.0.14 "PUT /v2.0/security-groups/a4a21def-ded0-40a2-bc48-bfe2ca56eb5c/tags HTTP/1.1" status: 200 len: 230 time: 0.0313025
2026-06-14 00:00:24.584 9 INFO neutron.db.ovn_revision_numbers_db [None req-731e940f-9463-4b1c-a7fb-89ab89ab6024 2f7c04e8cb024efc8e958d84c2ad3de0 c897ec17224c40039cbca20eb94550b7 - - default default] Successfully bumped revision number for resource 5a0e9ee1-9dc9-40ca-8845-15036c2d36e6 (type: security_group_rules) to 0
2026-06-14 00:00:24.606 9 INFO neutron.wsgi [None req-731e940f-9463-4b1c-a7fb-89ab89ab6024 2f7c04e8cb024efc8e958d84c2ad3de0 c897ec17224c40039cbca20eb94550b7 - - default default] 10.0.0.14 "POST /v2.0/security-groups HTTP/1.1" status: 201 len: 1737 time: 0.1740921
2026-06-14 00:00:24.610 10 INFO neutron.wsgi [None req-88f0ca8b-4c7b-45e1-85ab-23fe578f76fb 22742cf6664e4a99afb0474746739512 8ed218d7040c44cf91d749be869fa665 - - default default] 10.0.0.14 "GET /v2.0/security-groups/a4a21def-ded0-40a2-bc48-bfe2ca56eb5c/tags HTTP/1.1" status: 200 len: 230 time: 0.0237744
2026-06-14 00:00:24.617 9 WARNING neutron_lib.context [None req-7f2b97b5-cb1b-4bb6-98cf-1dcca88df152 2f7c04e8cb024efc8e958d84c2ad3de0 c897ec17224c40039cbca20eb94550b7 - - default default] Method 'is_advsvc' is deprecated since 2023.2 release (neutron-lib 3.8.0) and will be removed once support for the old RBAC API policies will be removed from Neutron. Please use method 'is_service_role' instead.
2026-06-14 00:00:24.637 10 INFO neutron.wsgi [None req-9fa45991-5156-4731-a056-411c5e5023df 22742cf6664e4a99afb0474746739512 8ed218d7040c44cf91d749be869fa665 - - default default] 10.0.0.14 "GET /v2.0/security-groups/a4a21def-ded0-40a2-bc48-bfe2ca56eb5c/tags/red HTTP/1.1" status: 204 len: 168 time: 0.0230618
2026-06-14 00:00:24.668 10 INFO neutron.api.v2.resource [None req-ba44bed3-235e-4271-8061-a24d77057ccb 22742cf6664e4a99afb0474746739512 8ed218d7040c44cf91d749be869fa665 - - default default] show failed (client error): The resource could not be found.
2026-06-14 00:00:24.669 10 INFO neutron.wsgi [None req-ba44bed3-235e-4271-8061-a24d77057ccb 22742cf6664e4a99afb0474746739512 8ed218d7040c44cf91d749be869fa665 - - default default] 10.0.0.14 "GET /v2.0/security-groups/a4a21def-ded0-40a2-bc48-bfe2ca56eb5c/tags/green HTTP/1.1" status: 404 len: 299 time: 0.0267038
2026-06-14 00:00:24.724 10 INFO neutron.wsgi [None req-2d14049e-f2a0-4e23-840f-c1584c2b8637 22742cf6664e4a99afb0474746739512 8ed218d7040c44cf91d749be869fa665 - - default default] 10.0.0.14 "DELETE /v2.0/security-groups/a4a21def-ded0-40a2-bc48-bfe2ca56eb5c/tags/red HTTP/1.1" status: 204 len: 168 time: 0.0456128
2026-06-14 00:00:24.752 9 INFO neutron.db.ovn_revision_numbers_db [None req-7f2b97b5-cb1b-4bb6-98cf-1dcca88df152 2f7c04e8cb024efc8e958d84c2ad3de0 c897ec17224c40039cbca20eb94550b7 - - default default] Successfully bumped revision number for resource 04009c3a-55a8-45b4-9011-559aa261d124 (type: security_groups) to 1
2026-06-14 00:00:24.763 10 INFO neutron.wsgi [None req-35a3c6cc-c410-426a-be8a-e673a5b0b731 22742cf6664e4a99afb0474746739512 8ed218d7040c44cf91d749be869fa665 - - default default] 10.0.0.14 "GET /v2.0/security-groups/a4a21def-ded0-40a2-bc48-bfe2ca56eb5c/tags HTTP/1.1" status: 200 len: 223 time: 0.0334167
2026-06-14 00:00:24.764 9 INFO neutron.db.ovn_revision_numbers_db [None req-7f2b97b5-cb1b-4bb6-98cf-1dcca88df152 2f7c04e8cb024efc8e958d84c2ad3de0 c897ec17224c40039cbca20eb94550b7 - - default default] Successfully bumped revision number for resource 0f33a775-dcea-4e0a-8e69-97bf96b253e8 (type: security_group_rules) to 0
2026-06-14 00:00:24.782 9 INFO neutron.db.ovn_revision_numbers_db [None req-7f2b97b5-cb1b-4bb6-98cf-1dcca88df152 2f7c04e8cb024efc8e958d84c2ad3de0 c897ec17224c40039cbca20eb94550b7 - - default default] Successfully bumped revision number for resource efec83c6-d642-4e9e-b33f-fa83ee157d88 (type: security_group_rules) to 0
2026-06-14 00:00:24.801 9 INFO neutron.wsgi [None req-7f2b97b5-cb1b-4bb6-98cf-1dcca88df152 2f7c04e8cb024efc8e958d84c2ad3de0 c897ec17224c40039cbca20eb94550b7 - - default default] 10.0.0.14 "POST /v2.0/security-groups HTTP/1.1" status: 201 len: 1737 time: 0.1895845
2026-06-14 00:00:24.813 10 INFO neutron.api.v2.resource [None req-29561b38-7ae5-4648-82f1-60755fb497d1 22742cf6664e4a99afb0474746739512 8ed218d7040c44cf91d749be869fa665 - - default default] delete failed (client error): The resource could not be found.
2026-06-14 00:00:24.814 10 INFO neutron.wsgi [None req-29561b38-7ae5-4648-82f1-60755fb497d1 22742cf6664e4a99afb0474746739512 8ed218d7040c44cf91d749be869fa665 - - default default] 10.0.0.14 "DELETE /v2.0/security-groups/a4a21def-ded0-40a2-bc48-bfe2ca56eb5c/tags/green HTTP/1.1" status: 404 len: 299 time: 0.0440638
2026-06-14 00:00:24.849 10 INFO neutron.wsgi [None req-a1f941b5-7993-4b4f-94bc-d8674845ad35 2f7c04e8cb024efc8e958d84c2ad3de0 c897ec17224c40039cbca20eb94550b7 - - default default] 10.0.0.14 "PUT /v2.0/security-groups/243d82e7-7702-4c9a-bafa-bccb456e0284/tags HTTP/1.1" status: 200 len: 210 time: 0.0429075
2026-06-14 00:00:24.865 10 INFO neutron.wsgi [None req-f0950009-5138-4cee-8e3d-f0bc846bb6bc 22742cf6664e4a99afb0474746739512 8ed218d7040c44cf91d749be869fa665 - - default default] 10.0.0.14 "DELETE /v2.0/security-groups/a4a21def-ded0-40a2-bc48-bfe2ca56eb5c/tags HTTP/1.1" status: 204 len: 168 time: 0.0449686
2026-06-14 00:00:24.887 10 INFO neutron.wsgi [None req-08247bb9-60a2-4c9c-a982-9f2addb207d1 2f7c04e8cb024efc8e958d84c2ad3de0 c897ec17224c40039cbca20eb94550b7 - - default default] 10.0.0.14 "PUT /v2.0/security-groups/ea9d5b3e-9f8c-4301-9d59-1f2297e72813/tags HTTP/1.1" status: 200 len: 218 time: 0.0344901
2026-06-14 00:00:24.893 9 INFO neutron.wsgi [None req-dc67d55f-fc12-4a04-afe9-c80903b70e53 22742cf6664e4a99afb0474746739512 8ed218d7040c44cf91d749be869fa665 - - default default] 10.0.0.14 "GET /v2.0/security-groups/a4a21def-ded0-40a2-bc48-bfe2ca56eb5c/tags HTTP/1.1" status: 200 len: 205 time: 0.0231798
2026-06-14 00:00:24.926 10 INFO neutron.wsgi [None req-f4896872-d46f-462a-97ca-b25de475ba10 2f7c04e8cb024efc8e958d84c2ad3de0 c897ec17224c40039cbca20eb94550b7 - - default default] 10.0.0.14 "PUT /v2.0/security-groups/e0fc17e3-ee28-4898-8f5e-6842021a7675/tags HTTP/1.1" status: 200 len: 227 time: 0.0343704
2026-06-14 00:00:24.959 10 INFO neutron.wsgi [None req-dcf90221-5553-4015-876a-9b33aa68cd08 2f7c04e8cb024efc8e958d84c2ad3de0 c897ec17224c40039cbca20eb94550b7 - - default default] 10.0.0.14 "PUT /v2.0/security-groups/e1320d32-51c5-435e-980e-4b52a54a2b5a/tags HTTP/1.1" status: 200 len: 212 time: 0.0271940
2026-06-14 00:00:25.004 10 INFO neutron.wsgi [None req-2a90b6c6-8b62-4e22-aa9d-48918e528603 2f7c04e8cb024efc8e958d84c2ad3de0 c897ec17224c40039cbca20eb94550b7 - - default default] 10.0.0.14 "GET /v2.0/security-groups?tags=red HTTP/1.1" status: 200 len: 4813 time: 0.0402582
2026-06-14 00:00:25.018 9 INFO neutron.wsgi [None req-9a5e0492-eb8a-4294-9a21-75d8873220ef 22742cf6664e4a99afb0474746739512 8ed218d7040c44cf91d749be869fa665 - - default default] 10.0.0.14 "DELETE /v2.0/security-groups/a4a21def-ded0-40a2-bc48-bfe2ca56eb5c HTTP/1.1" status: 204 len: 168 time: 0.1201746
2026-06-14 00:00:25.060 10 INFO neutron.wsgi [None req-2324f701-0292-4720-9527-b798571afecb 2f7c04e8cb024efc8e958d84c2ad3de0 c897ec17224c40039cbca20eb94550b7 - - default default] 10.0.0.14 "GET /v2.0/security-groups?tags=red%2Cblue HTTP/1.1" status: 200 len: 3289 time: 0.0499644
2026-06-14 00:00:25.112 10 INFO neutron.wsgi [None req-b95c4698-333c-46d9-8eb0-ab807f12edf5 2f7c04e8cb024efc8e958d84c2ad3de0 c897ec17224c40039cbca20eb94550b7 - - default default] 10.0.0.14 "GET /v2.0/security-groups?tags-any=blue HTTP/1.1" status: 200 len: 3289 time: 0.0482454
2026-06-14 00:00:25.159 10 INFO neutron.wsgi [None req-12395ee3-de90-420d-ab34-dabf7b83ac23 2f7c04e8cb024efc8e958d84c2ad3de0 c897ec17224c40039cbca20eb94550b7 - - default default] 10.0.0.14 "GET /v2.0/security-groups?tags-any=red%2Cblue HTTP/1.1" status: 200 len: 4813 time: 0.0427625
2026-06-14 00:00:25.227 10 INFO neutron.wsgi [None req-0b87d038-308e-4362-bf69-e13e6b97e042 2f7c04e8cb024efc8e958d84c2ad3de0 c897ec17224c40039cbca20eb94550b7 - - default default] 10.0.0.14 "GET /v2.0/security-groups?not-tags=red HTTP/1.1" status: 200 len: 6041 time: 0.0639012
2026-06-14 00:00:25.278 10 INFO neutron.wsgi [None req-75d1c78b-b8ff-45e3-8d9c-e257b5fef57b 2f7c04e8cb024efc8e958d84c2ad3de0 c897ec17224c40039cbca20eb94550b7 - - default default] 10.0.0.14 "GET /v2.0/security-groups?not-tags=red%2Cblue HTTP/1.1" status: 200 len: 7565 time: 0.0462904
2026-06-14 00:00:25.328 10 INFO neutron.wsgi [None req-60a14a80-1e67-4191-b405-ac0ce83081f3 2f7c04e8cb024efc8e958d84c2ad3de0 c897ec17224c40039cbca20eb94550b7 - - default default] 10.0.0.14 "GET /v2.0/security-groups?not-tags-any=blue HTTP/1.1" status: 200 len: 7565 time: 0.0456791
2026-06-14 00:00:25.371 10 INFO neutron.wsgi [None req-73620541-ad2b-4e6d-8867-95620ea7b22b 2f7c04e8cb024efc8e958d84c2ad3de0 c897ec17224c40039cbca20eb94550b7 - - default default] 10.0.0.14 "GET /v2.0/security-groups?not-tags-any=red%2Cblue HTTP/1.1" status: 200 len: 6041 time: 0.0368721
2026-06-14 00:00:25.501 10 INFO neutron.wsgi [req-6d53962b-3363-4a29-b277-f5b9f8363cc6 req-2df788ef-a420-48ca-a327-d749e310b749 a88e53280b0d4b2487509050bdc6eee7 a7cbe404c267406bbd19de9c72383355 - - default default] 10.0.0.190 "GET /v2.0/networks?id=920ecdcb-e635-4bf6-a9ca-e42cef3bf5b9 HTTP/1.1" status: 200 len: 872 time: 0.0921772
2026-06-14 00:00:25.523 10 INFO neutron.wsgi [req-6d53962b-3363-4a29-b277-f5b9f8363cc6 req-4d3edc43-0972-449e-b7fd-9f3ec3821842 a88e53280b0d4b2487509050bdc6eee7 a7cbe404c267406bbd19de9c72383355 - - default default] 10.0.0.190 "GET /v2.0/quotas/a7cbe404c267406bbd19de9c72383355 HTTP/1.1" status: 200 len: 386 time: 0.0140941
2026-06-14 00:00:25.820 10 INFO neutron.wsgi [None req-e31b64c9-dc9d-4940-a08e-aa4dad659dd2 2f7c04e8cb024efc8e958d84c2ad3de0 c897ec17224c40039cbca20eb94550b7 - - default default] 10.0.0.14 "DELETE /v2.0/security-groups/243d82e7-7702-4c9a-bafa-bccb456e0284 HTTP/1.1" status: 204 len: 168 time: 0.4419699
2026-06-14 00:00:25.896 10 INFO neutron.wsgi [req-6d53962b-3363-4a29-b277-f5b9f8363cc6 req-b983348a-0a83-4e35-a644-2774f6fed354 a88e53280b0d4b2487509050bdc6eee7 a7cbe404c267406bbd19de9c72383355 - - default default] 10.0.0.190 "GET /v2.0/ports?tenant_id=a7cbe404c267406bbd19de9c72383355&fields=id HTTP/1.1" status: 200 len: 302 time: 0.3667955
2026-06-14 00:00:25.964 10 INFO neutron.wsgi [req-6d53962b-3363-4a29-b277-f5b9f8363cc6 req-10229b2b-2281-442b-b90f-9925fac3a282 326affdcbef54fcf91d2ce6f747d6909 6cdd55410299440194f68e01f06829eb - - 43d848d5152f49aa96a22434d33eb6cf 43d848d5152f49aa96a22434d33eb6cf] 10.0.0.190 "GET /v2.0/networks/920ecdcb-e635-4bf6-a9ca-e42cef3bf5b9?fields=segments HTTP/1.1" status: 200 len: 212 time: 0.0589724
2026-06-14 00:00:25.995 9 INFO neutron.db.ovn_revision_numbers_db [None req-c05bfdd8-8422-40bc-8285-43673fab62f5 0badf3674b824baf9deb0d3b13eef2c5 85afb4b5014f42358a55eb5080f7a039 - - default default] Successfully bumped revision number for resource 18c5f57d-8e6c-4899-bfbe-3d3e5baf159b (type: security_groups) to 1
2026-06-14 00:00:25.996 10 INFO neutron.wsgi [None req-c033fe82-c274-43f7-add5-c4c4a757b197 2f7c04e8cb024efc8e958d84c2ad3de0 c897ec17224c40039cbca20eb94550b7 - - default default] 10.0.0.14 "DELETE /v2.0/security-groups/ea9d5b3e-9f8c-4301-9d59-1f2297e72813 HTTP/1.1" status: 204 len: 168 time: 0.1709838
2026-06-14 00:00:26.029 9 INFO neutron.db.ovn_revision_numbers_db [None req-c05bfdd8-8422-40bc-8285-43673fab62f5 0badf3674b824baf9deb0d3b13eef2c5 85afb4b5014f42358a55eb5080f7a039 - - default default] Successfully bumped revision number for resource 1f539f38-5452-42cb-9126-3cd1e2f430aa (type: security_group_rules) to 0
2026-06-14 00:00:26.033 10 INFO neutron.wsgi [req-6d53962b-3363-4a29-b277-f5b9f8363cc6 req-9b637ed8-2c77-4db1-9190-9e4bc8200e85 326affdcbef54fcf91d2ce6f747d6909 6cdd55410299440194f68e01f06829eb - - 43d848d5152f49aa96a22434d33eb6cf 43d848d5152f49aa96a22434d33eb6cf] 10.0.0.190 "GET /v2.0/networks/920ecdcb-e635-4bf6-a9ca-e42cef3bf5b9?fields=provider%3Aphysical_network&fields=provider%3Anetwork_type HTTP/1.1" status: 200 len: 277 time: 0.0614877
