2026-06-14 00:01:22.364 9 INFO neutron.wsgi [None req-190503a2-bcc7-4920-88a6-daf68f031aa8 a2f79890ea5b491592a704024ae721bd fde13406731643be828cd19780ed27c8 - - default default] 10.0.0.14 "POST /v2.0/security-group-rules HTTP/1.1" status: 201 len: 774 time: 0.1259491
2026-06-14 00:01:22.373 9 WARNING neutron_lib.context [None req-9ab28739-7dee-4359-9db3-ec3b51acba4b a2f79890ea5b491592a704024ae721bd fde13406731643be828cd19780ed27c8 - - default default] Method 'is_advsvc' is deprecated since 2023.2 release (neutron-lib 3.8.0) and will be removed once support for the old RBAC API policies will be removed from Neutron. Please use method 'is_service_role' instead.
2026-06-14 00:01:22.392 9 INFO neutron.db.securitygroups_db [None req-9ab28739-7dee-4359-9db3-ec3b51acba4b a2f79890ea5b491592a704024ae721bd fde13406731643be828cd19780ed27c8 - - default default] Project fde13406731643be828cd19780ed27c8 added a security group rule with legacy IPv6 ICMP protocol name icmp, ipv6-icmp should be used instead. It was automatically converted.
2026-06-14 00:01:22.518 9 INFO neutron.db.ovn_revision_numbers_db [None req-9ab28739-7dee-4359-9db3-ec3b51acba4b a2f79890ea5b491592a704024ae721bd fde13406731643be828cd19780ed27c8 - - default default] Successfully bumped revision number for resource 4a0dbd2d-af72-4415-9418-68258854983a (type: security_group_rules) to 0
2026-06-14 00:01:22.540 9 INFO neutron.wsgi [None req-9ab28739-7dee-4359-9db3-ec3b51acba4b a2f79890ea5b491592a704024ae721bd fde13406731643be828cd19780ed27c8 - - default default] 10.0.0.14 "POST /v2.0/security-group-rules HTTP/1.1" status: 201 len: 773 time: 0.1719239
2026-06-14 00:01:22.993 10 INFO neutron.wsgi [None req-d4b11f4a-db12-46e8-abc3-00423ace80c7 a2f79890ea5b491592a704024ae721bd fde13406731643be828cd19780ed27c8 - - default default] 10.0.0.14 "GET /v2.0/networks HTTP/1.1" status: 200 len: 1492 time: 0.1226797
2026-06-14 00:01:23.099 10 INFO neutron.wsgi [req-3a1202c3-205f-4164-ab85-cf50a0f2a2c8 req-ad2a76f1-0f79-494f-9ac0-9802d1a0d211 a2f79890ea5b491592a704024ae721bd fde13406731643be828cd19780ed27c8 - - default default] 10.0.0.190 "GET /v2.0/security-groups?name=tempest-secgroup-smoke-945716213&fields=id&tenant_id=fde13406731643be828cd19780ed27c8 HTTP/1.1" status: 200 len: 267 time: 0.0305128
2026-06-14 00:01:23.160 10 INFO neutron.wsgi [req-3a1202c3-205f-4164-ab85-cf50a0f2a2c8 req-844d6049-f732-48e6-95b2-c5b07509f507 a2f79890ea5b491592a704024ae721bd fde13406731643be828cd19780ed27c8 - - default default] 10.0.0.190 "GET /v2.0/networks?id=8d1b070d-f872-4428-abe0-9628761a4029 HTTP/1.1" status: 200 len: 859 time: 0.0564001
2026-06-14 00:01:23.175 10 INFO neutron.wsgi [req-3a1202c3-205f-4164-ab85-cf50a0f2a2c8 req-a7bd4d54-180a-4836-8dd7-e90665bf23c1 a2f79890ea5b491592a704024ae721bd fde13406731643be828cd19780ed27c8 - - default default] 10.0.0.190 "GET /v2.0/quotas/fde13406731643be828cd19780ed27c8 HTTP/1.1" status: 200 len: 386 time: 0.0088768
2026-06-14 00:01:23.265 10 INFO neutron.wsgi [req-3a1202c3-205f-4164-ab85-cf50a0f2a2c8 req-7b6208cc-27f8-4695-a322-784f1d7e9f37 a2f79890ea5b491592a704024ae721bd fde13406731643be828cd19780ed27c8 - - default default] 10.0.0.190 "GET /v2.0/ports?tenant_id=fde13406731643be828cd19780ed27c8&fields=id HTTP/1.1" status: 200 len: 348 time: 0.0855970
2026-06-14 00:01:23.340 10 INFO neutron.wsgi [req-3a1202c3-205f-4164-ab85-cf50a0f2a2c8 req-e5a6bfba-a729-4f9e-9e55-83a48141d0a8 326affdcbef54fcf91d2ce6f747d6909 6cdd55410299440194f68e01f06829eb - - 43d848d5152f49aa96a22434d33eb6cf 43d848d5152f49aa96a22434d33eb6cf] 10.0.0.190 "GET /v2.0/networks/8d1b070d-f872-4428-abe0-9628761a4029?fields=segments HTTP/1.1" status: 200 len: 212 time: 0.0626485
2026-06-14 00:01:23.394 10 INFO neutron.wsgi [req-3a1202c3-205f-4164-ab85-cf50a0f2a2c8 req-e54f2546-faa4-4ba6-bda1-a97180ac9ba6 326affdcbef54fcf91d2ce6f747d6909 6cdd55410299440194f68e01f06829eb - - 43d848d5152f49aa96a22434d33eb6cf 43d848d5152f49aa96a22434d33eb6cf] 10.0.0.190 "GET /v2.0/networks/8d1b070d-f872-4428-abe0-9628761a4029?fields=provider%3Aphysical_network&fields=provider%3Anetwork_type HTTP/1.1" status: 200 len: 277 time: 0.0467780
2026-06-14 00:01:23.519 10 INFO neutron.wsgi [req-1ad2b561-f3f4-4fd9-a001-522727b96dd2 req-3601eab8-1641-49ce-94ad-14c7ac85b488 a2f79890ea5b491592a704024ae721bd fde13406731643be828cd19780ed27c8 - - default default] 10.0.0.190 "GET /v2.0/ports?device_id=a08a2f0a-f3ab-431e-a490-4add5afc3ef1 HTTP/1.1" status: 200 len: 210 time: 0.0226643
2026-06-14 00:01:24.222 9 INFO neutron.wsgi [req-3a1202c3-205f-4164-ab85-cf50a0f2a2c8 req-41876b71-e434-4dae-b30d-e87390ad68e1 a2f79890ea5b491592a704024ae721bd fde13406731643be828cd19780ed27c8 - - default default] 199.204.45.95 "GET /v2.0/networks?id=8d1b070d-f872-4428-abe0-9628761a4029 HTTP/1.1" status: 200 len: 859 time: 0.0648143
2026-06-14 00:01:24.306 9 INFO neutron.wsgi [req-3a1202c3-205f-4164-ab85-cf50a0f2a2c8 req-4caf93fb-7e50-4eab-a5ba-35978660da59 a2f79890ea5b491592a704024ae721bd fde13406731643be828cd19780ed27c8 - - default default] 199.204.45.95 "GET /v2.0/security-groups?fields=id&fields=name&tenant_id=fde13406731643be828cd19780ed27c8 HTTP/1.1" status: 200 len: 471 time: 0.0766323
2026-06-14 00:01:24.325 9 WARNING neutron_lib.context [req-3a1202c3-205f-4164-ab85-cf50a0f2a2c8 req-8c6d7e64-d62f-4a67-938a-dbff94087807 a2f79890ea5b491592a704024ae721bd fde13406731643be828cd19780ed27c8 - - default default] Method 'is_advsvc' is deprecated since 2023.2 release (neutron-lib 3.8.0) and will be removed once support for the old RBAC API policies will be removed from Neutron. Please use method 'is_service_role' instead.
2026-06-14 00:01:24.623 10 INFO neutron.wsgi [req-b093a692-2bb5-4b36-a272-8a2719171a9d req-cdb0d97f-f950-4095-baa8-c479e1452b47 a2f79890ea5b491592a704024ae721bd fde13406731643be828cd19780ed27c8 - - default default] 10.0.0.190 "GET /v2.0/ports?device_id=a08a2f0a-f3ab-431e-a490-4add5afc3ef1 HTTP/1.1" status: 200 len: 210 time: 0.0392532
2026-06-14 00:01:24.651 9 WARNING neutron.scheduler.dhcp_agent_scheduler [req-3a1202c3-205f-4164-ab85-cf50a0f2a2c8 req-8c6d7e64-d62f-4a67-938a-dbff94087807 a2f79890ea5b491592a704024ae721bd fde13406731643be828cd19780ed27c8 - - default default] No more DHCP agents
2026-06-14 00:01:24.653 9 WARNING neutron.api.rpc.agentnotifiers.dhcp_rpc_agent_api [req-3a1202c3-205f-4164-ab85-cf50a0f2a2c8 req-8c6d7e64-d62f-4a67-938a-dbff94087807 a2f79890ea5b491592a704024ae721bd fde13406731643be828cd19780ed27c8 - - default default] Unable to schedule network 8d1b070d-f872-4428-abe0-9628761a4029: no agents available; will retry on subsequent port and subnet creation events.
2026-06-14 00:01:24.829 9 INFO neutron.db.ovn_revision_numbers_db [req-3a1202c3-205f-4164-ab85-cf50a0f2a2c8 req-8c6d7e64-d62f-4a67-938a-dbff94087807 a2f79890ea5b491592a704024ae721bd fde13406731643be828cd19780ed27c8 - - default default] Successfully bumped revision number for resource 9c7d7bd4-89b0-4397-b192-7ed942c126bd (type: ports) to 1
2026-06-14 00:01:24.854 9 INFO neutron.wsgi [req-3a1202c3-205f-4164-ab85-cf50a0f2a2c8 req-8c6d7e64-d62f-4a67-938a-dbff94087807 a2f79890ea5b491592a704024ae721bd fde13406731643be828cd19780ed27c8 - - default default] 199.204.45.95 "POST /v2.0/ports HTTP/1.1" status: 201 len: 1162 time: 0.5348222 /var/lib/openstack/lib/python3.10/site-packages/pycadf/identifier.py:71: UserWarning: Invalid uuid: neutron. To ensure interoperability, identifiers should be a valid uuid. warnings.warn(('Invalid uuid: %s. To ensure interoperability, '
2026-06-14 00:01:25.489 9 INFO neutron.db.ovn_revision_numbers_db [req-3a1202c3-205f-4164-ab85-cf50a0f2a2c8 req-a1fd49ca-25c3-4f27-9efd-920b796ff6f9 326affdcbef54fcf91d2ce6f747d6909 6cdd55410299440194f68e01f06829eb - - 43d848d5152f49aa96a22434d33eb6cf 43d848d5152f49aa96a22434d33eb6cf] Successfully bumped revision number for resource 9c7d7bd4-89b0-4397-b192-7ed942c126bd (type: ports) to 2
2026-06-14 00:01:25.692 9 INFO neutron.db.ovn_revision_numbers_db [req-3a1202c3-205f-4164-ab85-cf50a0f2a2c8 req-a1fd49ca-25c3-4f27-9efd-920b796ff6f9 326affdcbef54fcf91d2ce6f747d6909 6cdd55410299440194f68e01f06829eb - - 43d848d5152f49aa96a22434d33eb6cf 43d848d5152f49aa96a22434d33eb6cf] Successfully bumped revision number for resource 9c7d7bd4-89b0-4397-b192-7ed942c126bd (type: ports) to 2
2026-06-14 00:01:25.713 9 INFO neutron.wsgi [req-3a1202c3-205f-4164-ab85-cf50a0f2a2c8 req-a1fd49ca-25c3-4f27-9efd-920b796ff6f9 326affdcbef54fcf91d2ce6f747d6909 6cdd55410299440194f68e01f06829eb - - 43d848d5152f49aa96a22434d33eb6cf 43d848d5152f49aa96a22434d33eb6cf] 199.204.45.95 "PUT /v2.0/ports/9c7d7bd4-89b0-4397-b192-7ed942c126bd HTTP/1.1" status: 200 len: 1380 time: 0.8503356 /var/lib/openstack/lib/python3.10/site-packages/pycadf/identifier.py:71: UserWarning: Invalid uuid: neutron. To ensure interoperability, identifiers should be a valid uuid. warnings.warn(('Invalid uuid: %s. To ensure interoperability, '
2026-06-14 00:01:25.779 10 INFO neutron.wsgi [req-35a5a397-f6c4-4a85-badb-45595d7d93a8 req-fcaffcc0-f8c6-47e9-827f-567563b368a8 a2f79890ea5b491592a704024ae721bd fde13406731643be828cd19780ed27c8 - - default default] 10.0.0.190 "GET /v2.0/ports?device_id=a08a2f0a-f3ab-431e-a490-4add5afc3ef1 HTTP/1.1" status: 200 len: 1172 time: 0.0567408
2026-06-14 00:01:25.783 9 INFO neutron.notifiers.nova [-] Nova event matching ['req-3e6834bb-5934-4cf5-80c7-866078775843'] response: {'name': 'network-changed', 'server_uuid': 'a08a2f0a-f3ab-431e-a490-4add5afc3ef1', 'tag': '9c7d7bd4-89b0-4397-b192-7ed942c126bd', 'status': 'completed', 'code': 200}
2026-06-14 00:01:25.808 9 INFO neutron.wsgi [req-3a1202c3-205f-4164-ab85-cf50a0f2a2c8 req-d0424b2d-854b-4432-98a0-f6d636afc055 326affdcbef54fcf91d2ce6f747d6909 6cdd55410299440194f68e01f06829eb - - 43d848d5152f49aa96a22434d33eb6cf 43d848d5152f49aa96a22434d33eb6cf] 199.204.45.95 "GET /v2.0/ports?tenant_id=fde13406731643be828cd19780ed27c8&device_id=a08a2f0a-f3ab-431e-a490-4add5afc3ef1 HTTP/1.1" status: 200 len: 1411 time: 0.0394094
2026-06-14 00:01:25.821 10 INFO neutron.wsgi [req-35a5a397-f6c4-4a85-badb-45595d7d93a8 req-f1175182-0820-4765-8c68-55ea975df531 a2f79890ea5b491592a704024ae721bd fde13406731643be828cd19780ed27c8 - - default default] 10.0.0.190 "GET /v2.0/security-groups?id=04f8b7af-e67a-45e4-ba9e-837e26f38ee7&fields=id&fields=name HTTP/1.1" status: 200 len: 312 time: 0.0364408
2026-06-14 00:01:25.840 9 INFO neutron.wsgi [req-3a1202c3-205f-4164-ab85-cf50a0f2a2c8 req-9ffa120a-30a0-4a4c-ab0e-d7551e5c83c2 326affdcbef54fcf91d2ce6f747d6909 6cdd55410299440194f68e01f06829eb - - 43d848d5152f49aa96a22434d33eb6cf 43d848d5152f49aa96a22434d33eb6cf] 199.204.45.95 "GET /v2.0/floatingips?fixed_ip_address=10.100.0.14&port_id=9c7d7bd4-89b0-4397-b192-7ed942c126bd HTTP/1.1" status: 200 len: 217 time: 0.0235534
2026-06-14 00:01:25.876 9 INFO neutron.wsgi [req-3a1202c3-205f-4164-ab85-cf50a0f2a2c8 req-e4bab707-4aee-42f6-952a-1f73eaeceddd 326affdcbef54fcf91d2ce6f747d6909 6cdd55410299440194f68e01f06829eb - - 43d848d5152f49aa96a22434d33eb6cf 43d848d5152f49aa96a22434d33eb6cf] 199.204.45.95 "GET /v2.0/subnets?id=aa66d066-f2d0-47c4-89d0-571535819396 HTTP/1.1" status: 200 len: 853 time: 0.0311594
2026-06-14 00:01:25.903 9 INFO neutron.wsgi [req-3a1202c3-205f-4164-ab85-cf50a0f2a2c8 req-1b59dcc6-9d96-40ea-8dde-8e7475bb1e5c 326affdcbef54fcf91d2ce6f747d6909 6cdd55410299440194f68e01f06829eb - - 43d848d5152f49aa96a22434d33eb6cf 43d848d5152f49aa96a22434d33eb6cf] 199.204.45.95 "GET /v2.0/ports?network_id=8d1b070d-f872-4428-abe0-9628761a4029&device_owner=network%3Adhcp HTTP/1.1" status: 200 len: 210 time: 0.0211115
2026-06-14 00:01:25.967 9 INFO neutron.wsgi [req-3a1202c3-205f-4164-ab85-cf50a0f2a2c8 req-40165084-fda7-49b8-aee0-8d64975b2e48 326affdcbef54fcf91d2ce6f747d6909 6cdd55410299440194f68e01f06829eb - - 43d848d5152f49aa96a22434d33eb6cf 43d848d5152f49aa96a22434d33eb6cf] 199.204.45.95 "GET /v2.0/networks/8d1b070d-f872-4428-abe0-9628761a4029?fields=segments HTTP/1.1" status: 200 len: 212 time: 0.0583627
2026-06-14 00:01:26.038 9 INFO neutron.wsgi [req-3a1202c3-205f-4164-ab85-cf50a0f2a2c8 req-32977a2f-60fd-42b1-b16c-53b91d9e0612 326affdcbef54fcf91d2ce6f747d6909 6cdd55410299440194f68e01f06829eb - - 43d848d5152f49aa96a22434d33eb6cf 43d848d5152f49aa96a22434d33eb6cf] 199.204.45.95 "GET /v2.0/networks/8d1b070d-f872-4428-abe0-9628761a4029?fields=provider%3Aphysical_network&fields=provider%3Anetwork_type HTTP/1.1" status: 200 len: 277 time: 0.0640249
2026-06-14 00:01:26.135 9 INFO neutron.wsgi [req-932262b1-de5f-471b-9a8c-388a1c83b4c6 req-6a9b633a-9b09-44ee-8fd9-2632a9924d39 326affdcbef54fcf91d2ce6f747d6909 6cdd55410299440194f68e01f06829eb - - 43d848d5152f49aa96a22434d33eb6cf 43d848d5152f49aa96a22434d33eb6cf] 199.204.45.95 "GET /v2.0/ports?tenant_id=fde13406731643be828cd19780ed27c8&device_id=a08a2f0a-f3ab-431e-a490-4add5afc3ef1 HTTP/1.1" status: 200 len: 1411 time: 0.0540159
2026-06-14 00:01:26.223 9 INFO neutron.wsgi [req-932262b1-de5f-471b-9a8c-388a1c83b4c6 req-5c64ee4b-5e3f-4c5c-8321-0f10c8e6327a 326affdcbef54fcf91d2ce6f747d6909 6cdd55410299440194f68e01f06829eb - - 43d848d5152f49aa96a22434d33eb6cf 43d848d5152f49aa96a22434d33eb6cf] 199.204.45.95 "GET /v2.0/networks?id=8d1b070d-f872-4428-abe0-9628761a4029 HTTP/1.1" status: 200 len: 958 time: 0.0831373
2026-06-14 00:01:26.237 10 INFO neutron.plugins.ml2.drivers.ovn.mech_driver.mech_driver [None req-e6cf0876-a609-408f-8628-c2f6faf33b79 - - - - - -] OVN reports status up for port: 9c7d7bd4-89b0-4397-b192-7ed942c126bd
2026-06-14 00:01:26.254 10 INFO neutron.plugins.ml2.plugin [None req-e6cf0876-a609-408f-8628-c2f6faf33b79 - - - - - -] Attempt 1 to provision port 9c7d7bd4-89b0-4397-b192-7ed942c126bd
2026-06-14 00:01:26.255 9 INFO neutron.wsgi [req-932262b1-de5f-471b-9a8c-388a1c83b4c6 req-7a15478d-99b4-4bf0-81a1-dba0f0713c22 326affdcbef54fcf91d2ce6f747d6909 6cdd55410299440194f68e01f06829eb - - 43d848d5152f49aa96a22434d33eb6cf 43d848d5152f49aa96a22434d33eb6cf] 199.204.45.95 "GET /v2.0/floatingips?fixed_ip_address=10.100.0.14&port_id=9c7d7bd4-89b0-4397-b192-7ed942c126bd HTTP/1.1" status: 200 len: 217 time: 0.0238826
2026-06-14 00:01:26.296 9 INFO neutron.wsgi [req-932262b1-de5f-471b-9a8c-388a1c83b4c6 req-606cf24d-e8c2-4a1d-b89d-09ba780f5d39 326affdcbef54fcf91d2ce6f747d6909 6cdd55410299440194f68e01f06829eb - - 43d848d5152f49aa96a22434d33eb6cf 43d848d5152f49aa96a22434d33eb6cf] 199.204.45.95 "GET /v2.0/subnets?id=aa66d066-f2d0-47c4-89d0-571535819396 HTTP/1.1" status: 200 len: 853 time: 0.0341539
2026-06-14 00:01:26.322 9 INFO neutron.wsgi [req-932262b1-de5f-471b-9a8c-388a1c83b4c6 req-92b7e2a0-d044-4e37-9dd1-8aaaf84e7787 326affdcbef54fcf91d2ce6f747d6909 6cdd55410299440194f68e01f06829eb - - 43d848d5152f49aa96a22434d33eb6cf 43d848d5152f49aa96a22434d33eb6cf] 199.204.45.95 "GET /v2.0/ports?network_id=8d1b070d-f872-4428-abe0-9628761a4029&device_owner=network%3Adhcp HTTP/1.1" status: 200 len: 210 time: 0.0196171
2026-06-14 00:01:26.386 9 INFO neutron.wsgi [req-932262b1-de5f-471b-9a8c-388a1c83b4c6 req-9d6b0ea0-c9c0-452c-87ef-ebf0ffd706e3 326affdcbef54fcf91d2ce6f747d6909 6cdd55410299440194f68e01f06829eb - - 43d848d5152f49aa96a22434d33eb6cf 43d848d5152f49aa96a22434d33eb6cf] 199.204.45.95 "GET /v2.0/networks/8d1b070d-f872-4428-abe0-9628761a4029?fields=segments HTTP/1.1" status: 200 len: 212 time: 0.0563507
2026-06-14 00:01:26.393 10 INFO neutron.notifiers.nova [-] Nova event matching ['req-365f2490-4a95-4fcf-bc68-f69fba5ff817'] response: {'server_uuid': 'a08a2f0a-f3ab-431e-a490-4add5afc3ef1', 'name': 'network-vif-plugged', 'status': 'completed', 'tag': '9c7d7bd4-89b0-4397-b192-7ed942c126bd', 'code': 200}
2026-06-14 00:01:26.455 9 INFO neutron.wsgi [req-932262b1-de5f-471b-9a8c-388a1c83b4c6 req-cc7f9c97-99cf-4c6e-98d4-1c2f945cb340 326affdcbef54fcf91d2ce6f747d6909 6cdd55410299440194f68e01f06829eb - - 43d848d5152f49aa96a22434d33eb6cf 43d848d5152f49aa96a22434d33eb6cf] 199.204.45.95 "GET /v2.0/networks/8d1b070d-f872-4428-abe0-9628761a4029?fields=provider%3Aphysical_network&fields=provider%3Anetwork_type HTTP/1.1" status: 200 len: 277 time: 0.0596716
2026-06-14 00:01:26.603 10 INFO neutron.db.ovn_revision_numbers_db [None req-e6cf0876-a609-408f-8628-c2f6faf33b79 - - - - - -] Successfully bumped revision number for resource 9c7d7bd4-89b0-4397-b192-7ed942c126bd (type: ports) to 4 /var/lib/openstack/lib/python3.10/site-packages/pycadf/identifier.py:71: UserWarning: Invalid uuid: neutron. To ensure interoperability, identifiers should be a valid uuid. warnings.warn(('Invalid uuid: %s. To ensure interoperability, '
2026-06-14 00:01:26.957 10 INFO neutron.wsgi [req-44e9131f-f66a-4fce-96ca-cc62f632f55f req-12e9a599-ff2a-4ae4-acbb-a0abaee7a929 a2f79890ea5b491592a704024ae721bd fde13406731643be828cd19780ed27c8 - - default default] 10.0.0.190 "GET /v2.0/ports?device_id=a08a2f0a-f3ab-431e-a490-4add5afc3ef1 HTTP/1.1" status: 200 len: 1174 time: 0.0558567
2026-06-14 00:01:27.011 10 INFO neutron.wsgi [req-44e9131f-f66a-4fce-96ca-cc62f632f55f req-255adc4b-f141-44ad-a41d-4bd34178a7ba a2f79890ea5b491592a704024ae721bd fde13406731643be828cd19780ed27c8 - - default default] 10.0.0.190 "GET /v2.0/security-groups?id=04f8b7af-e67a-45e4-ba9e-837e26f38ee7&fields=id&fields=name HTTP/1.1" status: 200 len: 312 time: 0.0453856
2026-06-14 00:01:28.050 10 INFO neutron.wsgi [-] 10.0.0.39 "GET / HTTP/1.1" status: 200 len: 247 time: 0.0027149
2026-06-14 00:01:28.050 9 INFO neutron.wsgi [-] 10.0.0.39 "GET / HTTP/1.1" status: 200 len: 247 time: 0.0029423
2026-06-14 00:01:28.130 10 INFO neutron.wsgi [req-390312b8-1b26-4051-bb48-df0c5832cfe0 req-bd76a0de-622e-4821-b89a-ff83129284be a2f79890ea5b491592a704024ae721bd fde13406731643be828cd19780ed27c8 - - default default] 10.0.0.190 "GET /v2.0/ports?device_id=a08a2f0a-f3ab-431e-a490-4add5afc3ef1 HTTP/1.1" status: 200 len: 1174 time: 0.0413203
2026-06-14 00:01:28.181 10 INFO neutron.wsgi [req-390312b8-1b26-4051-bb48-df0c5832cfe0 req-0941530d-893c-4e4b-8227-2728b9c275da a2f79890ea5b491592a704024ae721bd fde13406731643be828cd19780ed27c8 - - default default] 10.0.0.190 "GET /v2.0/security-groups?id=04f8b7af-e67a-45e4-ba9e-837e26f38ee7&fields=id&fields=name HTTP/1.1" status: 200 len: 312 time: 0.0418558
2026-06-14 00:01:28.331 10 INFO neutron.wsgi [req-6f2b0908-70a9-4fde-a32f-7caa37049df2 req-40b6b0ae-a783-4dc9-81e9-41ea1599714e a2f79890ea5b491592a704024ae721bd fde13406731643be828cd19780ed27c8 - - default default] 10.0.0.190 "GET /v2.0/ports?device_id=a08a2f0a-f3ab-431e-a490-4add5afc3ef1 HTTP/1.1" status: 200 len: 1174 time: 0.0952175
2026-06-14 00:01:28.389 10 INFO neutron.wsgi [req-6f2b0908-70a9-4fde-a32f-7caa37049df2 req-3991c2bb-2112-4f90-8416-22ee5c78362f a2f79890ea5b491592a704024ae721bd fde13406731643be828cd19780ed27c8 - - default default] 10.0.0.190 "GET /v2.0/security-groups?id=04f8b7af-e67a-45e4-ba9e-837e26f38ee7&fields=id&fields=name HTTP/1.1" status: 200 len: 312 time: 0.0495930
2026-06-14 00:01:28.445 10 INFO neutron.notifiers.nova [-] Nova event matching ['req-c3905672-9352-4992-ae54-cff9b536068a'] response: {'server_uuid': 'a08a2f0a-f3ab-431e-a490-4add5afc3ef1', 'name': 'network-vif-plugged', 'status': 'completed', 'tag': '9c7d7bd4-89b0-4397-b192-7ed942c126bd', 'code': 200}
2026-06-14 00:01:28.463 9 INFO neutron.wsgi [None req-94032e0f-39aa-427e-adb1-8bd940440438 614aa332ce534940be843aa22e7962a3 ae1ee73d823f4495980545f8829ae0fc - - default default] 10.0.0.14 "GET /v2.0/ports?device_id=a08a2f0a-f3ab-431e-a490-4add5afc3ef1 HTTP/1.1" status: 200 len: 1408 time: 0.0373969
2026-06-14 00:01:28.750 9 INFO neutron.db.l3_db [None req-70eb35a1-1971-4966-b587-7b86df7c5467 a2f79890ea5b491592a704024ae721bd fde13406731643be828cd19780ed27c8 - - default default] Floating IP 854f4170-e9aa-4386-b1ac-03d2cabaee0f associated. External IP: 10.96.250.213, port: 9c7d7bd4-89b0-4397-b192-7ed942c126bd.
2026-06-14 00:01:29.000 9 INFO neutron.db.ovn_revision_numbers_db [None req-70eb35a1-1971-4966-b587-7b86df7c5467 a2f79890ea5b491592a704024ae721bd fde13406731643be828cd19780ed27c8 - - default default] Successfully bumped revision number for resource 854f4170-e9aa-4386-b1ac-03d2cabaee0f (type: floatingips) to 4
2026-06-14 00:01:29.126 9 INFO neutron.db.ovn_revision_numbers_db [None req-70eb35a1-1971-4966-b587-7b86df7c5467 a2f79890ea5b491592a704024ae721bd fde13406731643be828cd19780ed27c8 - - default default] Successfully bumped revision number for resource 854f4170-e9aa-4386-b1ac-03d2cabaee0f (type: floatingips) to 5
2026-06-14 00:01:29.153 9 INFO neutron.wsgi [None req-70eb35a1-1971-4966-b587-7b86df7c5467 a2f79890ea5b491592a704024ae721bd fde13406731643be828cd19780ed27c8 - - default default] 10.0.0.14 "PUT /v2.0/floatingips/854f4170-e9aa-4386-b1ac-03d2cabaee0f HTTP/1.1" status: 200 len: 1050 time: 0.6831856 /var/lib/openstack/lib/python3.10/site-packages/pycadf/identifier.py:71: UserWarning: Invalid uuid: neutron. To ensure interoperability, identifiers should be a valid uuid. warnings.warn(('Invalid uuid: %s. To ensure interoperability, '
2026-06-14 00:01:29.188 9 INFO neutron.notifiers.nova [-] Nova event matching ['req-e19ca41c-1721-4f2a-ab22-d0c686b3e869'] response: {'name': 'network-changed', 'server_uuid': 'a08a2f0a-f3ab-431e-a490-4add5afc3ef1', 'tag': '9c7d7bd4-89b0-4397-b192-7ed942c126bd', 'status': 'completed', 'code': 200}
2026-06-14 00:01:29.237 10 INFO neutron.wsgi [None req-9db0ff0d-1ba9-44a0-835a-1a81f851e2f5 a2f79890ea5b491592a704024ae721bd fde13406731643be828cd19780ed27c8 - - default default] 10.0.0.14 "GET /v2.0/floatingips/854f4170-e9aa-4386-b1ac-03d2cabaee0f HTTP/1.1" status: 200 len: 1052 time: 0.0765135
2026-06-14 00:01:29.288 9 INFO neutron.wsgi [req-511a7b98-48d6-4698-875f-8d5c728a0cea req-12c25bb1-f222-482a-8fe5-31710fc1604c 326affdcbef54fcf91d2ce6f747d6909 6cdd55410299440194f68e01f06829eb - - 43d848d5152f49aa96a22434d33eb6cf 43d848d5152f49aa96a22434d33eb6cf] 199.204.45.95 "GET /v2.0/ports?tenant_id=fde13406731643be828cd19780ed27c8&device_id=a08a2f0a-f3ab-431e-a490-4add5afc3ef1 HTTP/1.1" status: 200 len: 1413 time: 0.0745816
2026-06-14 00:01:29.351 9 INFO neutron.wsgi [req-511a7b98-48d6-4698-875f-8d5c728a0cea req-5ac7a8c9-891c-4f8c-bd92-daaddaa99285 326affdcbef54fcf91d2ce6f747d6909 6cdd55410299440194f68e01f06829eb - - 43d848d5152f49aa96a22434d33eb6cf 43d848d5152f49aa96a22434d33eb6cf] 199.204.45.95 "GET /v2.0/networks?id=8d1b070d-f872-4428-abe0-9628761a4029 HTTP/1.1" status: 200 len: 958 time: 0.0567067
2026-06-14 00:01:29.408 9 INFO neutron.wsgi [req-511a7b98-48d6-4698-875f-8d5c728a0cea req-9f70148e-b27b-488b-8f02-b0d5ba2d054d 326affdcbef54fcf91d2ce6f747d6909 6cdd55410299440194f68e01f06829eb - - 43d848d5152f49aa96a22434d33eb6cf 43d848d5152f49aa96a22434d33eb6cf] 199.204.45.95 "GET /v2.0/floatingips?fixed_ip_address=10.100.0.14&port_id=9c7d7bd4-89b0-4397-b192-7ed942c126bd HTTP/1.1" status: 200 len: 1060 time: 0.0473940
2026-06-14 00:01:29.447 9 INFO neutron.wsgi [req-511a7b98-48d6-4698-875f-8d5c728a0cea req-cd00da6c-9037-463a-9541-5e0df986ad56 326affdcbef54fcf91d2ce6f747d6909 6cdd55410299440194f68e01f06829eb - - 43d848d5152f49aa96a22434d33eb6cf 43d848d5152f49aa96a22434d33eb6cf] 199.204.45.95 "GET /v2.0/subnets?id=aa66d066-f2d0-47c4-89d0-571535819396 HTTP/1.1" status: 200 len: 853 time: 0.0321021
2026-06-14 00:01:29.483 9 INFO neutron.wsgi [req-511a7b98-48d6-4698-875f-8d5c728a0cea req-29e8578f-c8a6-48ef-8baa-6de423d652d5 326affdcbef54fcf91d2ce6f747d6909 6cdd55410299440194f68e01f06829eb - - 43d848d5152f49aa96a22434d33eb6cf 43d848d5152f49aa96a22434d33eb6cf] 199.204.45.95 "GET /v2.0/ports?network_id=8d1b070d-f872-4428-abe0-9628761a4029&device_owner=network%3Adhcp HTTP/1.1" status: 200 len: 210 time: 0.0207977
2026-06-14 00:01:29.562 9 INFO neutron.wsgi [req-511a7b98-48d6-4698-875f-8d5c728a0cea req-e0a69a7d-d6b0-4c1b-a7c8-c5d58e5f6989 326affdcbef54fcf91d2ce6f747d6909 6cdd55410299440194f68e01f06829eb - - 43d848d5152f49aa96a22434d33eb6cf 43d848d5152f49aa96a22434d33eb6cf] 199.204.45.95 "GET /v2.0/networks/8d1b070d-f872-4428-abe0-9628761a4029?fields=segments HTTP/1.1" status: 200 len: 212 time: 0.0624475
2026-06-14 00:01:29.636 9 INFO neutron.wsgi [req-511a7b98-48d6-4698-875f-8d5c728a0cea req-ffa2986a-2a86-460b-a9fe-0d4bfab3cbaf 326affdcbef54fcf91d2ce6f747d6909 6cdd55410299440194f68e01f06829eb - - 43d848d5152f49aa96a22434d33eb6cf 43d848d5152f49aa96a22434d33eb6cf] 199.204.45.95 "GET /v2.0/networks/8d1b070d-f872-4428-abe0-9628761a4029?fields=provider%3Aphysical_network&fields=provider%3Anetwork_type HTTP/1.1" status: 200 len: 277 time: 0.0667534
2026-06-14 00:01:38.939 9 INFO neutron.wsgi [req-28431c42-e81d-4b64-ae30-e8af504c7497 req-48fac34b-78bd-4902-883d-9f504f855c64 326affdcbef54fcf91d2ce6f747d6909 6cdd55410299440194f68e01f06829eb - - 43d848d5152f49aa96a22434d33eb6cf 43d848d5152f49aa96a22434d33eb6cf] 10.0.0.104 "GET /v2.0/ports?device_id=a08a2f0a-f3ab-431e-a490-4add5afc3ef1 HTTP/1.1" status: 200 len: 1413 time: 0.0374205
2026-06-14 00:01:38.985 9 INFO neutron.wsgi [req-28431c42-e81d-4b64-ae30-e8af504c7497 req-e8e7d43e-7f87-42c4-8b06-dc51e27f28b7 326affdcbef54fcf91d2ce6f747d6909 6cdd55410299440194f68e01f06829eb - - 43d848d5152f49aa96a22434d33eb6cf 43d848d5152f49aa96a22434d33eb6cf] 10.0.0.104 "GET /v2.0/security-groups?id=04f8b7af-e67a-45e4-ba9e-837e26f38ee7&fields=id&fields=name HTTP/1.1" status: 200 len: 312 time: 0.0391197
2026-06-14 00:01:42.395 10 INFO neutron.plugins.ml2.drivers.ovn.mech_driver.mech_driver [None req-e6cf0876-a609-408f-8628-c2f6faf33b79 - - - - - -] OVN reports status down for port: 9c7d7bd4-89b0-4397-b192-7ed942c126bd
2026-06-14 00:01:42.452 10 INFO neutron.wsgi [req-88039ec7-f78b-4dca-91ad-2970c2072938 req-2557cda4-6d1f-4694-b74b-cddea1c6c8af a2f79890ea5b491592a704024ae721bd fde13406731643be828cd19780ed27c8 - - default default] 10.0.0.190 "GET /v2.0/ports?device_id=a08a2f0a-f3ab-431e-a490-4add5afc3ef1 HTTP/1.1" status: 200 len: 1174 time: 0.3349898
2026-06-14 00:01:42.497 10 INFO neutron.wsgi [req-88039ec7-f78b-4dca-91ad-2970c2072938 req-f056f492-c383-458e-afb0-ad39775820f3 a2f79890ea5b491592a704024ae721bd fde13406731643be828cd19780ed27c8 - - default default] 10.0.0.190 "GET /v2.0/security-groups?id=04f8b7af-e67a-45e4-ba9e-837e26f38ee7&fields=id&fields=name HTTP/1.1" status: 200 len: 312 time: 0.0386114
2026-06-14 00:01:42.521 9 INFO neutron.wsgi [req-53b31208-0348-491e-b8c1-403cb4238521 req-e66df65c-d23d-4f6b-8f8e-0e88dc184cf9 a2f79890ea5b491592a704024ae721bd fde13406731643be828cd19780ed27c8 - - default default] 199.204.45.95 "GET /v2.0/ports?device_id=a08a2f0a-f3ab-431e-a490-4add5afc3ef1 HTTP/1.1" status: 200 len: 1174 time: 0.0880036
2026-06-14 00:01:42.539 10 INFO neutron.notifiers.nova [-] Nova event matching ['req-b638bab4-43b0-45d9-bc35-22d86f9adc06'] response: {'server_uuid': 'a08a2f0a-f3ab-431e-a490-4add5afc3ef1', 'name': 'network-vif-unplugged', 'status': 'completed', 'tag': '9c7d7bd4-89b0-4397-b192-7ed942c126bd', 'code': 200}
2026-06-14 00:01:42.683 10 INFO neutron.db.ovn_revision_numbers_db [None req-e6cf0876-a609-408f-8628-c2f6faf33b79 - - - - - -] Successfully bumped revision number for resource 9c7d7bd4-89b0-4397-b192-7ed942c126bd (type: ports) to 5
2026-06-14 00:01:43.050 10 INFO neutron.wsgi [-] 10.0.0.39 "GET / HTTP/1.1" status: 200 len: 247 time: 0.0027468
2026-06-14 00:01:43.053 10 INFO neutron.wsgi [-] 10.0.0.39 "GET / HTTP/1.1" status: 200 len: 247 time: 0.0021198
2026-06-14 00:01:43.135 9 INFO neutron.db.l3_db [req-53b31208-0348-491e-b8c1-403cb4238521 req-4d321a15-881d-4098-8a22-e4b1f422dba7 a2f79890ea5b491592a704024ae721bd fde13406731643be828cd19780ed27c8 - - default default] Floating IP 854f4170-e9aa-4386-b1ac-03d2cabaee0f disassociated. External IP: 10.96.250.213, port: 9c7d7bd4-89b0-4397-b192-7ed942c126bd.
2026-06-14 00:01:43.315 9 INFO neutron.wsgi [req-53b31208-0348-491e-b8c1-403cb4238521 req-4d321a15-881d-4098-8a22-e4b1f422dba7 a2f79890ea5b491592a704024ae721bd fde13406731643be828cd19780ed27c8 - - default default] 199.204.45.95 "DELETE /v2.0/ports/9c7d7bd4-89b0-4397-b192-7ed942c126bd HTTP/1.1" status: 204 len: 173 time: 0.7893767
2026-06-14 00:01:43.345 9 INFO neutron.notifiers.nova [-] Nova event matching ['req-e3788709-b5e3-4868-9799-c4b4a5a1d7cb'] response: {'server_uuid': 'a08a2f0a-f3ab-431e-a490-4add5afc3ef1', 'name': 'network-vif-deleted', 'tag': '9c7d7bd4-89b0-4397-b192-7ed942c126bd', 'status': 'completed', 'code': 200} /var/lib/openstack/lib/python3.10/site-packages/pycadf/identifier.py:71: UserWarning: Invalid uuid: neutron. To ensure interoperability, identifiers should be a valid uuid. warnings.warn(('Invalid uuid: %s. To ensure interoperability, '
2026-06-14 00:01:43.600 10 INFO neutron.wsgi [req-300dc1f4-027f-46ad-ae4e-f40319b92f2d req-2fcf41d4-aa34-496d-aa25-e5ec433c540d a2f79890ea5b491592a704024ae721bd fde13406731643be828cd19780ed27c8 - - default default] 10.0.0.190 "GET /v2.0/ports?device_id=a08a2f0a-f3ab-431e-a490-4add5afc3ef1 HTTP/1.1" status: 200 len: 210 time: 0.0279610
2026-06-14 00:01:44.581 10 INFO neutron.notifiers.nova [-] Nova event matching ['req-c9c86d31-f1da-4330-ab08-053edf766c8f'] response: {'server_uuid': 'a08a2f0a-f3ab-431e-a490-4add5afc3ef1', 'name': 'network-vif-plugged', 'status': 'completed', 'tag': '9c7d7bd4-89b0-4397-b192-7ed942c126bd', 'code': 200}
2026-06-14 00:01:44.801 10 INFO neutron.wsgi [None req-5c307845-36a8-4889-80e8-5f214888c5c3 a2f79890ea5b491592a704024ae721bd fde13406731643be828cd19780ed27c8 - - default default] 10.0.0.14 "DELETE /v2.0/security-groups/04f8b7af-e67a-45e4-ba9e-837e26f38ee7 HTTP/1.1" status: 204 len: 168 time: 0.1448410
2026-06-14 00:01:45.136 9 INFO neutron.wsgi [None req-e4838ca1-a89a-4382-8b82-d265fac88b55 a2f79890ea5b491592a704024ae721bd fde13406731643be828cd19780ed27c8 - - default default] 10.0.0.14 "DELETE /v2.0/floatingips/854f4170-e9aa-4386-b1ac-03d2cabaee0f HTTP/1.1" status: 204 len: 168 time: 0.3045347
2026-06-14 00:01:45.323 10 INFO neutron.wsgi [req-edb070d6-994b-428d-bec9-c099f526f399 req-70136241-199c-4449-852a-32c16c9d6e1d a2f79890ea5b491592a704024ae721bd fde13406731643be828cd19780ed27c8 - - default default] 10.0.0.190 "GET /v2.0/ports?device_id=30ded878-9b28-4fe9-8fbe-5e4a066ec59b HTTP/1.1" status: 200 len: 1170 time: 0.0486288
2026-06-14 00:01:45.342 9 INFO neutron.plugins.ml2.drivers.ovn.mech_driver.mech_driver [None req-12b9eb48-e3c2-47ec-a464-21ef71433738 - - - - - -] OVN reports status down for port: 55ac9659-cc50-45fc-80cd-9b119bd961b0
2026-06-14 00:01:45.369 10 INFO neutron.wsgi [req-edb070d6-994b-428d-bec9-c099f526f399 req-c6777769-d771-4731-a2da-acb1b26b3f16 a2f79890ea5b491592a704024ae721bd fde13406731643be828cd19780ed27c8 - - default default] 10.0.0.190 "GET /v2.0/security-groups?id=ceb46dd0-0b98-4dc5-9f43-e2526db182bd&fields=id&fields=name HTTP/1.1" status: 200 len: 312 time: 0.0402987
2026-06-14 00:01:45.503 9 INFO neutron.notifiers.nova [-] Nova event matching ['req-862bd340-65c0-488d-9030-c7a1c16e499b'] response: {'server_uuid': '30ded878-9b28-4fe9-8fbe-5e4a066ec59b', 'name': 'network-vif-unplugged', 'status': 'completed', 'tag': '55ac9659-cc50-45fc-80cd-9b119bd961b0', 'code': 200}
2026-06-14 00:01:45.644 9 INFO neutron.wsgi [req-86ee8675-de91-4cfc-b9e2-7f7a30e7b35f req-69cb02e2-c024-421a-9868-d89758080859 a2f79890ea5b491592a704024ae721bd fde13406731643be828cd19780ed27c8 - - default default] 199.204.45.95 "GET /v2.0/ports?device_id=30ded878-9b28-4fe9-8fbe-5e4a066ec59b HTTP/1.1" status: 200 len: 1168 time: 0.0551546
2026-06-14 00:01:45.700 9 INFO neutron.db.ovn_revision_numbers_db [None req-12b9eb48-e3c2-47ec-a464-21ef71433738 - - - - - -] Successfully bumped revision number for resource 55ac9659-cc50-45fc-80cd-9b119bd961b0 (type: ports) to 5
2026-06-14 00:01:45.948 9 INFO neutron.wsgi [req-86ee8675-de91-4cfc-b9e2-7f7a30e7b35f req-1062db6c-79e8-474a-9139-2e6a604b9b6e a2f79890ea5b491592a704024ae721bd fde13406731643be828cd19780ed27c8 - - default default] 199.204.45.95 "DELETE /v2.0/ports/55ac9659-cc50-45fc-80cd-9b119bd961b0 HTTP/1.1" status: 204 len: 173 time: 0.2959216 /var/lib/openstack/lib/python3.10/site-packages/pycadf/identifier.py:71: UserWarning: Invalid uuid: neutron. To ensure interoperability, identifiers should be a valid uuid. warnings.warn(('Invalid uuid: %s. To ensure interoperability, '
2026-06-14 00:01:46.548 9 INFO neutron.wsgi [None req-0e31a96c-606d-4218-a49f-3ed94dbf8287 a2f79890ea5b491592a704024ae721bd fde13406731643be828cd19780ed27c8 - - default default] 10.0.0.14 "DELETE /v2.0/security-groups/ceb46dd0-0b98-4dc5-9f43-e2526db182bd HTTP/1.1" status: 204 len: 168 time: 0.1257029
2026-06-14 00:01:47.499 10 INFO neutron.wsgi [None req-8181e9f0-7c67-4c6f-a42b-170a4022ff39 a2f79890ea5b491592a704024ae721bd fde13406731643be828cd19780ed27c8 - - default default] 10.0.0.14 "PUT /v2.0/routers/babace92-06dc-45ac-a13e-07379f32d536/remove_router_interface HTTP/1.1" status: 200 len: 503 time: 0.9228034 /var/lib/openstack/lib/python3.10/site-packages/pycadf/identifier.py:71: UserWarning: Invalid uuid: neutron. To ensure interoperability, identifiers should be a valid uuid. warnings.warn(('Invalid uuid: %s. To ensure interoperability, '
2026-06-14 00:01:47.541 9 INFO neutron.notifiers.nova [-] Nova event matching ['req-17c41450-4a8a-4985-a7eb-375ad2931f06'] response: {'server_uuid': '30ded878-9b28-4fe9-8fbe-5e4a066ec59b', 'name': 'network-vif-plugged', 'status': 'completed', 'tag': '55ac9659-cc50-45fc-80cd-9b119bd961b0', 'code': 200}
2026-06-14 00:01:47.542 9 INFO neutron.notifiers.nova [-] Nova event matching ['req-17c41450-4a8a-4985-a7eb-375ad2931f06'] response: {'server_uuid': '30ded878-9b28-4fe9-8fbe-5e4a066ec59b', 'name': 'network-vif-deleted', 'tag': '55ac9659-cc50-45fc-80cd-9b119bd961b0', 'status': 'completed', 'code': 200}
2026-06-14 00:01:47.716 10 INFO neutron.wsgi [None req-10a008ba-f3b0-4c42-89c1-97c8a5853d23 a2f79890ea5b491592a704024ae721bd fde13406731643be828cd19780ed27c8 - - default default] 10.0.0.14 "DELETE /v2.0/subnets/aa66d066-f2d0-47c4-89d0-571535819396 HTTP/1.1" status: 204 len: 168 time: 0.2107885
2026-06-14 00:01:48.530 10 INFO neutron.wsgi [None req-7726e6eb-9715-417e-abea-196474c87a54 a2f79890ea5b491592a704024ae721bd fde13406731643be828cd19780ed27c8 - - default default] 10.0.0.14 "DELETE /v2.0/routers/babace92-06dc-45ac-a13e-07379f32d536 HTTP/1.1" status: 204 len: 168 time: 0.8062305
2026-06-14 00:01:49.130 10 INFO neutron.services.segments.plugin [-] Segment 1361c8d3-affe-4bbd-8ff2-2bb87c56405b resource provider aggregate not found
2026-06-14 00:01:49.135 10 INFO neutron.services.segments.plugin [-] Segment 1361c8d3-affe-4bbd-8ff2-2bb87c56405b resource provider aggregate not found
2026-06-14 00:01:49.150 10 INFO neutron.services.segments.plugin [-] Segment 1361c8d3-affe-4bbd-8ff2-2bb87c56405b resource provider not found; error: Placement Client Error (4xx): {"errors": [{"status": 404, "title": "Not Found", "detail": "The resource could not be found.\n\n No resource provider with uuid 1361c8d3-affe-4bbd-8ff2-2bb87c56405b found for delete ", "request_id": "req-73938faf-eff5-48de-bd8e-b522e71f8d5d"}]}
2026-06-14 00:01:49.160 10 INFO neutron.services.segments.plugin [-] Segment 1361c8d3-affe-4bbd-8ff2-2bb87c56405b resource provider not found; error: Placement Client Error (4xx): {"errors": [{"status": 404, "title": "Not Found", "detail": "The resource could not be found.\n\n No resource provider with uuid 1361c8d3-affe-4bbd-8ff2-2bb87c56405b found for delete ", "request_id": "req-77b0d4d0-21b7-41ec-9cc5-8d7c6bc5cd26"}]}
2026-06-14 00:01:49.184 10 INFO neutron.wsgi [None req-8eaf20ab-d985-4090-8dae-3e90c55c5d88 a2f79890ea5b491592a704024ae721bd fde13406731643be828cd19780ed27c8 - - default default] 10.0.0.14 "DELETE /v2.0/networks/8d1b070d-f872-4428-abe0-9628761a4029 HTTP/1.1" status: 204 len: 168 time: 0.6489282
2026-06-14 00:01:50.013 9 INFO neutron.db.ovn_revision_numbers_db [None req-1f41f576-7e11-4b44-95ea-510bdd36230e 0badf3674b824baf9deb0d3b13eef2c5 85afb4b5014f42358a55eb5080f7a039 - - default default] Successfully bumped revision number for resource 3a82c7e1-bbb6-400a-9393-294f533cf80b (type: security_groups) to 1
2026-06-14 00:01:50.027 9 INFO neutron.db.ovn_revision_numbers_db [None req-1f41f576-7e11-4b44-95ea-510bdd36230e 0badf3674b824baf9deb0d3b13eef2c5 85afb4b5014f42358a55eb5080f7a039 - - default default] Successfully bumped revision number for resource 407b12d4-8062-4aba-bb5a-63653a29c34b (type: security_group_rules) to 0
2026-06-14 00:01:50.039 9 INFO neutron.db.ovn_revision_numbers_db [None req-1f41f576-7e11-4b44-95ea-510bdd36230e 0badf3674b824baf9deb0d3b13eef2c5 85afb4b5014f42358a55eb5080f7a039 - - default default] Successfully bumped revision number for resource 83ad8efc-e28e-4fcf-9e7b-d8d48fc4dff4 (type: security_group_rules) to 0
2026-06-14 00:01:50.068 9 INFO neutron.db.ovn_revision_numbers_db [None req-1f41f576-7e11-4b44-95ea-510bdd36230e 0badf3674b824baf9deb0d3b13eef2c5 85afb4b5014f42358a55eb5080f7a039 - - default default] Successfully bumped revision number for resource 879ae180-7388-4ac5-884b-939ffd68b02e (type: security_group_rules) to 0
2026-06-14 00:01:50.080 9 INFO neutron.db.ovn_revision_numbers_db [None req-1f41f576-7e11-4b44-95ea-510bdd36230e 0badf3674b824baf9deb0d3b13eef2c5 85afb4b5014f42358a55eb5080f7a039 - - default default] Successfully bumped revision number for resource fc9d30b4-fd71-4db2-8009-7beffe2bf920 (type: security_group_rules) to 0
2026-06-14 00:01:50.108 9 INFO neutron.wsgi [None req-1f41f576-7e11-4b44-95ea-510bdd36230e 0badf3674b824baf9deb0d3b13eef2c5 85afb4b5014f42358a55eb5080f7a039 - - default default] 10.0.0.14 "GET /v2.0/security-groups?tenant_id=ae1ee73d823f4495980545f8829ae0fc&name=default HTTP/1.1" status: 200 len: 3000 time: 0.3052857
2026-06-14 00:01:50.293 9 INFO neutron.wsgi [None req-6a4becb6-fca3-4107-91dd-2dae82c6ff7e 0badf3674b824baf9deb0d3b13eef2c5 85afb4b5014f42358a55eb5080f7a039 - - default default] 10.0.0.14 "DELETE /v2.0/security-groups/3a82c7e1-bbb6-400a-9393-294f533cf80b HTTP/1.1" status: 204 len: 168 time: 0.1780150
2026-06-14 00:01:50.423 10 INFO neutron.wsgi [None req-0648cffe-0d21-4176-bc9c-af1313a7e0f4 0badf3674b824baf9deb0d3b13eef2c5 85afb4b5014f42358a55eb5080f7a039 - - default default] 10.0.0.14 "GET /v2.0/security-groups?tenant_id=fde13406731643be828cd19780ed27c8&name=default HTTP/1.1" status: 200 len: 3000 time: 0.0386469
2026-06-14 00:01:50.612 10 INFO neutron.wsgi [None req-57822572-7128-43be-9798-81aba6d15095 0badf3674b824baf9deb0d3b13eef2c5 85afb4b5014f42358a55eb5080f7a039 - - default default] 10.0.0.14 "DELETE /v2.0/security-groups/9b522546-965a-421f-9089-a88d2ffbe80a HTTP/1.1" status: 204 len: 168 time: 0.1849010
2026-06-14 00:01:52.570 10 INFO neutron.db.ovn_revision_numbers_db [None req-67f7ba86-facd-4881-85c2-5409ba139d6f 0badf3674b824baf9deb0d3b13eef2c5 85afb4b5014f42358a55eb5080f7a039 - - default default] Successfully bumped revision number for resource 4f881aec-a511-4a28-b9cd-e0681888f5fb (type: security_groups) to 1
2026-06-14 00:01:52.584 10 INFO neutron.db.ovn_revision_numbers_db [None req-67f7ba86-facd-4881-85c2-5409ba139d6f 0badf3674b824baf9deb0d3b13eef2c5 85afb4b5014f42358a55eb5080f7a039 - - default default] Successfully bumped revision number for resource 00be0362-64d3-4e77-a305-0ca4dcb5a675 (type: security_group_rules) to 0
2026-06-14 00:01:52.598 10 INFO neutron.db.ovn_revision_numbers_db [None req-67f7ba86-facd-4881-85c2-5409ba139d6f 0badf3674b824baf9deb0d3b13eef2c5 85afb4b5014f42358a55eb5080f7a039 - - default default] Successfully bumped revision number for resource 68f0495c-ee32-474f-8618-b6222a14309a (type: security_group_rules) to 0
2026-06-14 00:01:52.611 10 INFO neutron.db.ovn_revision_numbers_db [None req-67f7ba86-facd-4881-85c2-5409ba139d6f 0badf3674b824baf9deb0d3b13eef2c5 85afb4b5014f42358a55eb5080f7a039 - - default default] Successfully bumped revision number for resource 86c71f84-d2a7-4f4c-b96b-e3a9924b0291 (type: security_group_rules) to 0
2026-06-14 00:01:52.624 10 INFO neutron.db.ovn_revision_numbers_db [None req-67f7ba86-facd-4881-85c2-5409ba139d6f 0badf3674b824baf9deb0d3b13eef2c5 85afb4b5014f42358a55eb5080f7a039 - - default default] Successfully bumped revision number for resource 8affc254-1265-494b-b3af-0e7ab1d6c846 (type: security_group_rules) to 0
2026-06-14 00:01:52.680 10 INFO neutron.db.segments_db [None req-67f7ba86-facd-4881-85c2-5409ba139d6f 0badf3674b824baf9deb0d3b13eef2c5 85afb4b5014f42358a55eb5080f7a039 - - default default] Added segment 20ae732f-40c3-4199-9c5e-df69abeb7dec of type geneve for network 8d1eeab1-aebb-4941-b36c-02f2211b8ab4
2026-06-14 00:01:52.872 10 INFO neutron.db.ovn_revision_numbers_db [None req-67f7ba86-facd-4881-85c2-5409ba139d6f 0badf3674b824baf9deb0d3b13eef2c5 85afb4b5014f42358a55eb5080f7a039 - - default default] Successfully bumped revision number for resource 8d1eeab1-aebb-4941-b36c-02f2211b8ab4 (type: networks) to 1
2026-06-14 00:01:53.054 10 WARNING neutron.scheduler.dhcp_agent_scheduler [None req-67f7ba86-facd-4881-85c2-5409ba139d6f 0badf3674b824baf9deb0d3b13eef2c5 85afb4b5014f42358a55eb5080f7a039 - - default default] No more DHCP agents
2026-06-14 00:01:53.056 10 WARNING neutron.api.rpc.agentnotifiers.dhcp_rpc_agent_api [None req-67f7ba86-facd-4881-85c2-5409ba139d6f 0badf3674b824baf9deb0d3b13eef2c5 85afb4b5014f42358a55eb5080f7a039 - - default default] Unable to schedule network 8d1eeab1-aebb-4941-b36c-02f2211b8ab4: no agents available; will retry on subsequent port and subnet creation events.
2026-06-14 00:01:53.128 10 INFO neutron.db.ovn_revision_numbers_db [None req-67f7ba86-facd-4881-85c2-5409ba139d6f 0badf3674b824baf9deb0d3b13eef2c5 85afb4b5014f42358a55eb5080f7a039 - - default default] Successfully bumped revision number for resource f9b78e1b-9677-44d0-8202-788e54feb128 (type: ports) to 1
2026-06-14 00:01:53.145 10 INFO neutron.wsgi [None req-67f7ba86-facd-4881-85c2-5409ba139d6f 0badf3674b824baf9deb0d3b13eef2c5 85afb4b5014f42358a55eb5080f7a039 - - default default] 10.0.0.14 "POST /v2.0/networks HTTP/1.1" status: 201 len: 943 time: 0.8621221
2026-06-14 00:01:53.285 10 WARNING neutron.scheduler.dhcp_agent_scheduler [None req-643b8aca-0da4-4b49-8b34-4cc447c3253a 0badf3674b824baf9deb0d3b13eef2c5 85afb4b5014f42358a55eb5080f7a039 - - default default] No more DHCP agents
2026-06-14 00:01:53.287 10 WARNING neutron.api.rpc.agentnotifiers.dhcp_rpc_agent_api [None req-643b8aca-0da4-4b49-8b34-4cc447c3253a 0badf3674b824baf9deb0d3b13eef2c5 85afb4b5014f42358a55eb5080f7a039 - - default default] Unable to schedule network 8d1eeab1-aebb-4941-b36c-02f2211b8ab4: no agents available; will retry on subsequent port and subnet creation events.
2026-06-14 00:01:53.750 10 INFO neutron.db.ovn_revision_numbers_db [None req-643b8aca-0da4-4b49-8b34-4cc447c3253a 0badf3674b824baf9deb0d3b13eef2c5 85afb4b5014f42358a55eb5080f7a039 - - default default] Successfully bumped revision number for resource f9b78e1b-9677-44d0-8202-788e54feb128 (type: ports) to 2
2026-06-14 00:01:53.801 10 INFO neutron.db.ovn_revision_numbers_db [None req-643b8aca-0da4-4b49-8b34-4cc447c3253a 0badf3674b824baf9deb0d3b13eef2c5 85afb4b5014f42358a55eb5080f7a039 - - default default] Successfully bumped revision number for resource 01a3026f-56fc-430c-9225-9c1b202c4637 (type: subnets) to 0
2026-06-14 00:01:53.817 10 INFO neutron.wsgi [None req-643b8aca-0da4-4b49-8b34-4cc447c3253a 0badf3674b824baf9deb0d3b13eef2c5 85afb4b5014f42358a55eb5080f7a039 - - default default] 10.0.0.14 "POST /v2.0/subnets HTTP/1.1" status: 201 len: 863 time: 0.6674111
2026-06-14 00:01:54.268 10 WARNING neutron.scheduler.dhcp_agent_scheduler [None req-a7542f20-2eaf-4b2a-9be7-48f892853afd 0badf3674b824baf9deb0d3b13eef2c5 85afb4b5014f42358a55eb5080f7a039 - - default default] No more DHCP agents
2026-06-14 00:01:54.271 10 WARNING neutron.api.rpc.agentnotifiers.dhcp_rpc_agent_api [None req-a7542f20-2eaf-4b2a-9be7-48f892853afd 0badf3674b824baf9deb0d3b13eef2c5 85afb4b5014f42358a55eb5080f7a039 - - default default] Unable to schedule network 644f7abb-5833-4769-bbb9-5ec42dfe6f0e: no agents available; will retry on subsequent port and subnet creation events.
2026-06-14 00:01:54.425 10 INFO neutron.db.ovn_revision_numbers_db [None req-a7542f20-2eaf-4b2a-9be7-48f892853afd 0badf3674b824baf9deb0d3b13eef2c5 85afb4b5014f42358a55eb5080f7a039 - - default default] Successfully bumped revision number for resource bff8f01f-c7e8-4905-817d-0ddf9f82cf9f (type: ports) to 1
2026-06-14 00:01:55.042 10 INFO neutron.plugins.ml2.drivers.ovn.mech_driver.ovsdb.ovsdb_monitor [None req-b074062e-c984-4709-9bde-c680a594af17 - - - - - -] Router d07b589d-8026-4c35-b56c-f8d2bf73c794 is bound to host instance
2026-06-14 00:01:55.044 9 INFO neutron.plugins.ml2.drivers.ovn.mech_driver.mech_driver [None req-12b9eb48-e3c2-47ec-a464-21ef71433738 - - - - - -] OVN reports status up for port: bff8f01f-c7e8-4905-817d-0ddf9f82cf9f
2026-06-14 00:01:55.055 9 INFO neutron.plugins.ml2.plugin [None req-12b9eb48-e3c2-47ec-a464-21ef71433738 - - - - - -] Attempt 1 to provision port bff8f01f-c7e8-4905-817d-0ddf9f82cf9f
2026-06-14 00:01:55.087 10 INFO neutron.db.ovn_revision_numbers_db [None req-a7542f20-2eaf-4b2a-9be7-48f892853afd 0badf3674b824baf9deb0d3b13eef2c5 85afb4b5014f42358a55eb5080f7a039 - - default default] Successfully bumped revision number for resource bff8f01f-c7e8-4905-817d-0ddf9f82cf9f (type: router_ports) to 1
2026-06-14 00:01:55.177 10 INFO neutron.db.ovn_revision_numbers_db [None req-a7542f20-2eaf-4b2a-9be7-48f892853afd 0badf3674b824baf9deb0d3b13eef2c5 85afb4b5014f42358a55eb5080f7a039 - - default default] Successfully bumped revision number for resource d07b589d-8026-4c35-b56c-f8d2bf73c794 (type: routers) to 2
2026-06-14 00:01:55.189 10 INFO neutron.wsgi [None req-a7542f20-2eaf-4b2a-9be7-48f892853afd 0badf3674b824baf9deb0d3b13eef2c5 85afb4b5014f42358a55eb5080f7a039 - - default default] 10.0.0.14 "POST /v2.0/routers HTTP/1.1" status: 201 len: 874 time: 1.3679717
2026-06-14 00:01:55.953 10 INFO neutron.db.ovn_revision_numbers_db [None req-b074062e-c984-4709-9bde-c680a594af17 - - - - - -] Successfully bumped revision number for resource bff8f01f-c7e8-4905-817d-0ddf9f82cf9f (type: ports) to 1
2026-06-14 00:01:56.019 10 WARNING neutron.scheduler.dhcp_agent_scheduler [None req-6c59edb6-cc52-406b-9c3b-62d54d844ab0 0badf3674b824baf9deb0d3b13eef2c5 85afb4b5014f42358a55eb5080f7a039 - - default default] No more DHCP agents
2026-06-14 00:01:56.026 10 WARNING neutron.api.rpc.agentnotifiers.dhcp_rpc_agent_api [None req-6c59edb6-cc52-406b-9c3b-62d54d844ab0 0badf3674b824baf9deb0d3b13eef2c5 85afb4b5014f42358a55eb5080f7a039 - - default default] Unable to schedule network 8d1eeab1-aebb-4941-b36c-02f2211b8ab4: no agents available; will retry on subsequent port and subnet creation events.
2026-06-14 00:01:56.235 10 INFO neutron.db.ovn_revision_numbers_db [None req-b074062e-c984-4709-9bde-c680a594af17 - - - - - -] Successfully bumped revision number for resource bff8f01f-c7e8-4905-817d-0ddf9f82cf9f (type: router_ports) to 3
2026-06-14 00:01:56.266 10 INFO neutron.db.ovn_revision_numbers_db [None req-6c59edb6-cc52-406b-9c3b-62d54d844ab0 0badf3674b824baf9deb0d3b13eef2c5 85afb4b5014f42358a55eb5080f7a039 - - default default] Successfully bumped revision number for resource be0e7b65-910c-4494-ae84-df5640ca17ba (type: ports) to 1
2026-06-14 00:01:56.435 10 INFO neutron.db.ovn_revision_numbers_db [None req-b074062e-c984-4709-9bde-c680a594af17 - - - - - -] Successfully bumped revision number for resource bff8f01f-c7e8-4905-817d-0ddf9f82cf9f (type: ports) to 2
2026-06-14 00:01:56.790 10 INFO neutron.db.ovn_revision_numbers_db [None req-b074062e-c984-4709-9bde-c680a594af17 - - - - - -] Successfully bumped revision number for resource bff8f01f-c7e8-4905-817d-0ddf9f82cf9f (type: ports) to 4
2026-06-14 00:01:56.800 10 INFO neutron.db.ovn_revision_numbers_db [None req-6c59edb6-cc52-406b-9c3b-62d54d844ab0 0badf3674b824baf9deb0d3b13eef2c5 85afb4b5014f42358a55eb5080f7a039 - - default default] Successfully bumped revision number for resource be0e7b65-910c-4494-ae84-df5640ca17ba (type: router_ports) to 1
2026-06-14 00:01:57.033 10 INFO neutron.db.ovn_revision_numbers_db [None req-6c59edb6-cc52-406b-9c3b-62d54d844ab0 0badf3674b824baf9deb0d3b13eef2c5 85afb4b5014f42358a55eb5080f7a039 - - default default] Successfully bumped revision number for resource be0e7b65-910c-4494-ae84-df5640ca17ba (type: ports) to 1
2026-06-14 00:01:57.046 10 INFO neutron.db.ovn_revision_numbers_db [None req-b074062e-c984-4709-9bde-c680a594af17 - - - - - -] Successfully bumped revision number for resource bff8f01f-c7e8-4905-817d-0ddf9f82cf9f (type: router_ports) to 4
2026-06-14 00:01:57.113 10 WARNING neutron.scheduler.dhcp_agent_scheduler [None req-6c59edb6-cc52-406b-9c3b-62d54d844ab0 0badf3674b824baf9deb0d3b13eef2c5 85afb4b5014f42358a55eb5080f7a039 - - default default] No more DHCP agents
2026-06-14 00:01:57.114 10 WARNING neutron.api.rpc.agentnotifiers.dhcp_rpc_agent_api [None req-6c59edb6-cc52-406b-9c3b-62d54d844ab0 0badf3674b824baf9deb0d3b13eef2c5 85afb4b5014f42358a55eb5080f7a039 - - default default] Unable to schedule network 8d1eeab1-aebb-4941-b36c-02f2211b8ab4: no agents available; will retry on subsequent port and subnet creation events.
2026-06-14 00:01:57.515 10 INFO neutron.db.ovn_revision_numbers_db [None req-6c59edb6-cc52-406b-9c3b-62d54d844ab0 0badf3674b824baf9deb0d3b13eef2c5 85afb4b5014f42358a55eb5080f7a039 - - default default] Successfully bumped revision number for resource be0e7b65-910c-4494-ae84-df5640ca17ba (type: router_ports) to 1
2026-06-14 00:01:57.517 10 INFO neutron.wsgi [None req-6c59edb6-cc52-406b-9c3b-62d54d844ab0 0badf3674b824baf9deb0d3b13eef2c5 85afb4b5014f42358a55eb5080f7a039 - - default default] 10.0.0.14 "PUT /v2.0/routers/d07b589d-8026-4c35-b56c-f8d2bf73c794/add_router_interface HTTP/1.1" status: 200 len: 503 time: 2.3228610
2026-06-14 00:01:57.824 9 INFO neutron.plugins.ml2.drivers.ovn.mech_driver.mech_driver [None req-12b9eb48-e3c2-47ec-a464-21ef71433738 - - - - - -] OVN reports status up for port: be0e7b65-910c-4494-ae84-df5640ca17ba
2026-06-14 00:01:57.831 9 INFO neutron.plugins.ml2.plugin [None req-12b9eb48-e3c2-47ec-a464-21ef71433738 - - - - - -] Attempt 1 to provision port be0e7b65-910c-4494-ae84-df5640ca17ba
2026-06-14 00:01:58.050 10 INFO neutron.wsgi [-] 10.0.0.39 "GET / HTTP/1.1" status: 200 len: 247 time: 0.0027597
