2026-06-13 23:59:08.489 10 INFO neutron.db.ovn_revision_numbers_db [None req-d0555d8f-c0e3-476f-9cf7-c7c505f9aebb 0badf3674b824baf9deb0d3b13eef2c5 85afb4b5014f42358a55eb5080f7a039 - - default default] Successfully bumped revision number for resource acd3befe-b9f4-4946-a5fe-4790422dc72a (type: security_group_rules) to 0
2026-06-13 23:59:08.520 10 INFO neutron.db.ovn_revision_numbers_db [None req-d0555d8f-c0e3-476f-9cf7-c7c505f9aebb 0badf3674b824baf9deb0d3b13eef2c5 85afb4b5014f42358a55eb5080f7a039 - - default default] Successfully bumped revision number for resource f469da9e-18f3-45b8-af72-cfae337881cb (type: security_group_rules) to 0
2026-06-13 23:59:08.524 9 INFO neutron.db.ovn_revision_numbers_db [None req-9238cfeb-8e37-4974-b5b3-10cb35c643ff 6411bebcc5384cd3ab81bc3223dbe556 66333c61ea0a4e4f86b7e3adf8402413 - - default default] Successfully bumped revision number for resource 67d895c0-014e-4e7c-9af2-22dfc93dd180 (type: ports) to 1
2026-06-13 23:59:08.531 9 INFO neutron.wsgi [None req-53c3919e-9b3c-43d2-89c3-524cdd17b097 0badf3674b824baf9deb0d3b13eef2c5 85afb4b5014f42358a55eb5080f7a039 - - default default] 10.0.0.14 "GET /v2.0/security-groups?tenant_id=599fe51301d04b4d95e13f7cb5ef0198&name=default HTTP/1.1" status: 200 len: 2996 time: 0.0409474
2026-06-13 23:59:08.550 9 INFO neutron.wsgi [None req-9238cfeb-8e37-4974-b5b3-10cb35c643ff 6411bebcc5384cd3ab81bc3223dbe556 66333c61ea0a4e4f86b7e3adf8402413 - - default default] 10.0.0.14 "POST /v2.0/networks HTTP/1.1" status: 201 len: 831 time: 1.1368899
2026-06-13 23:59:08.555 10 INFO neutron.wsgi [None req-d0555d8f-c0e3-476f-9cf7-c7c505f9aebb 0badf3674b824baf9deb0d3b13eef2c5 85afb4b5014f42358a55eb5080f7a039 - - default default] 10.0.0.14 "GET /v2.0/security-groups?tenant_id=59da3efc3c8d4a759e9ea9c088c5e211&name=default HTTP/1.1" status: 200 len: 2996 time: 0.5310991
2026-06-13 23:59:08.558 9 WARNING neutron_lib.context [None req-7fd93548-4261-4db1-a1bb-bcd1946a2a6d 6411bebcc5384cd3ab81bc3223dbe556 66333c61ea0a4e4f86b7e3adf8402413 - - default default] Method 'is_advsvc' is deprecated since 2023.2 release (neutron-lib 3.8.0) and will be removed once support for the old RBAC API policies will be removed from Neutron. Please use method 'is_service_role' instead.
2026-06-13 23:59:08.582 10 INFO neutron.wsgi [None req-59a11251-a990-4e6d-9b4e-8beff16c0663 88144a93dc9f443888e51b6c6d762c5a df47c3f6350c406db897d842035433f7 - - default default] 10.0.0.14 "GET /v2.0/ports HTTP/1.1" status: 200 len: 1729 time: 0.1116245
2026-06-13 23:59:08.608 10 INFO neutron.pecan_wsgi.hooks.translation [None req-e4b91ac8-02e7-4cee-b20d-1322b7695211 88144a93dc9f443888e51b6c6d762c5a df47c3f6350c406db897d842035433f7 - - default default] GET failed (client error): The resource could not be found.
2026-06-13 23:59:08.610 10 INFO neutron.wsgi [None req-e4b91ac8-02e7-4cee-b20d-1322b7695211 88144a93dc9f443888e51b6c6d762c5a df47c3f6350c406db897d842035433f7 - - default default] 10.0.0.14 "GET /v2.0/ports/8afc407e-d104-48e2-a590-86f5299bb0fd HTTP/1.1" status: 404 len: 333 time: 0.0191646
2026-06-13 23:59:08.741 9 INFO neutron.wsgi [None req-ced2b533-d036-4f88-b9e4-7668c6f19581 88144a93dc9f443888e51b6c6d762c5a df47c3f6350c406db897d842035433f7 - - default default] 10.0.0.14 "GET /v2.0/ports HTTP/1.1" status: 200 len: 1729 time: 0.1254151
2026-06-13 23:59:08.785 10 INFO neutron.wsgi [None req-2a79690e-241a-4e8e-ad04-a4ed9846904b 88144a93dc9f443888e51b6c6d762c5a df47c3f6350c406db897d842035433f7 - - default default] 10.0.0.14 "GET /v2.0/ports/da5e18c8-684a-4f97-966d-1b9fbdc125cf HTTP/1.1" status: 200 len: 969 time: 0.0374856
2026-06-13 23:59:08.810 10 INFO neutron.pecan_wsgi.hooks.translation [None req-7ece6662-9ca2-46fc-a50c-c5a337f476bf 88144a93dc9f443888e51b6c6d762c5a df47c3f6350c406db897d842035433f7 - - default default] DELETE failed (client error): The resource could not be found.
2026-06-13 23:59:08.812 10 INFO neutron.wsgi [None req-7ece6662-9ca2-46fc-a50c-c5a337f476bf 88144a93dc9f443888e51b6c6d762c5a df47c3f6350c406db897d842035433f7 - - default default] 10.0.0.14 "DELETE /v2.0/ports/9212386f-02eb-45bb-81e8-c4639160391d HTTP/1.1" status: 404 len: 333 time: 0.0190468
2026-06-13 23:59:08.832 10 INFO neutron.pecan_wsgi.hooks.translation [None req-c5a55a0e-9fd5-4fbd-bfc4-db9b7f17aad3 88144a93dc9f443888e51b6c6d762c5a df47c3f6350c406db897d842035433f7 - - default default] DELETE failed (client error): The resource could not be found.
2026-06-13 23:59:08.834 10 INFO neutron.wsgi [None req-c5a55a0e-9fd5-4fbd-bfc4-db9b7f17aad3 88144a93dc9f443888e51b6c6d762c5a df47c3f6350c406db897d842035433f7 - - default default] 10.0.0.14 "DELETE /v2.0/subnets/262447b2-cbe0-4cc7-b9ac-409b761ce967 HTTP/1.1" status: 404 len: 337 time: 0.0167253
2026-06-13 23:59:08.838 10 INFO neutron.wsgi [None req-bf7cbc02-9d54-4fff-83ee-db0337e8752b 0badf3674b824baf9deb0d3b13eef2c5 85afb4b5014f42358a55eb5080f7a039 - - default default] 10.0.0.14 "DELETE /v2.0/security-groups/9c43b0ad-fa3d-43e2-b467-afe99a14cdcb HTTP/1.1" status: 204 len: 168 time: 0.2780275
2026-06-13 23:59:08.852 10 INFO neutron.pecan_wsgi.hooks.translation [None req-3e0989bd-1e91-4eb6-a0f9-fc80ab784899 88144a93dc9f443888e51b6c6d762c5a df47c3f6350c406db897d842035433f7 - - default default] DELETE failed (client error): The resource could not be found.
2026-06-13 23:59:08.854 10 INFO neutron.wsgi [None req-3e0989bd-1e91-4eb6-a0f9-fc80ab784899 88144a93dc9f443888e51b6c6d762c5a df47c3f6350c406db897d842035433f7 - - default default] 10.0.0.14 "DELETE /v2.0/subnets/9335e48f-5ddf-4090-bf73-30bfc8ce0855 HTTP/1.1" status: 404 len: 337 time: 0.0149913
2026-06-13 23:59:08.887 9 INFO neutron.wsgi [None req-08e3b4b6-5168-4b90-9d6b-73b5a98a63dc 0badf3674b824baf9deb0d3b13eef2c5 85afb4b5014f42358a55eb5080f7a039 - - default default] 10.0.0.14 "DELETE /v2.0/security-groups/8a1c4564-2e71-4061-8f4e-ec77d372cfce HTTP/1.1" status: 204 len: 168 time: 0.3510864
2026-06-13 23:59:08.891 9 WARNING neutron.scheduler.dhcp_agent_scheduler [None req-7fd93548-4261-4db1-a1bb-bcd1946a2a6d 6411bebcc5384cd3ab81bc3223dbe556 66333c61ea0a4e4f86b7e3adf8402413 - - default default] No more DHCP agents
2026-06-13 23:59:08.893 9 WARNING neutron.api.rpc.agentnotifiers.dhcp_rpc_agent_api [None req-7fd93548-4261-4db1-a1bb-bcd1946a2a6d 6411bebcc5384cd3ab81bc3223dbe556 66333c61ea0a4e4f86b7e3adf8402413 - - default default] Unable to schedule network 917c7815-0666-4476-a6fc-b06e2617133f: no agents available; will retry on subsequent port and subnet creation events.
2026-06-13 23:59:09.071 10 INFO neutron.wsgi [None req-9ce21f1c-2ea8-406e-adee-115c401ed53c 88144a93dc9f443888e51b6c6d762c5a df47c3f6350c406db897d842035433f7 - - default default] 10.0.0.14 "DELETE /v2.0/ports/da5e18c8-684a-4f97-966d-1b9fbdc125cf HTTP/1.1" status: 204 len: 168 time: 0.2114537
2026-06-13 23:59:09.142 9 INFO neutron.db.ovn_revision_numbers_db [None req-a06fe910-68c6-4460-b9ff-842ad97a2d34 0badf3674b824baf9deb0d3b13eef2c5 85afb4b5014f42358a55eb5080f7a039 - - default default] Successfully bumped revision number for resource 0c831cbc-ba7f-41a0-bac8-bceea0069269 (type: security_groups) to 1
2026-06-13 23:59:09.157 9 INFO neutron.db.ovn_revision_numbers_db [None req-a06fe910-68c6-4460-b9ff-842ad97a2d34 0badf3674b824baf9deb0d3b13eef2c5 85afb4b5014f42358a55eb5080f7a039 - - default default] Successfully bumped revision number for resource 08550d16-d76d-4a77-9c68-d1bec05daa8a (type: security_group_rules) to 0
2026-06-13 23:59:09.180 9 INFO neutron.db.ovn_revision_numbers_db [None req-a06fe910-68c6-4460-b9ff-842ad97a2d34 0badf3674b824baf9deb0d3b13eef2c5 85afb4b5014f42358a55eb5080f7a039 - - default default] Successfully bumped revision number for resource 1733fdf6-9789-4cb7-aea5-62657379f987 (type: security_group_rules) to 0
2026-06-13 23:59:09.206 9 INFO neutron.db.ovn_revision_numbers_db [None req-a06fe910-68c6-4460-b9ff-842ad97a2d34 0badf3674b824baf9deb0d3b13eef2c5 85afb4b5014f42358a55eb5080f7a039 - - default default] Successfully bumped revision number for resource 745b5fc6-05bc-42e3-b791-3fba945bfeed (type: security_group_rules) to 0
2026-06-13 23:59:09.222 9 INFO neutron.db.ovn_revision_numbers_db [None req-a06fe910-68c6-4460-b9ff-842ad97a2d34 0badf3674b824baf9deb0d3b13eef2c5 85afb4b5014f42358a55eb5080f7a039 - - default default] Successfully bumped revision number for resource 8477c02f-4abc-4bd6-9ae7-c35cf9c489af (type: security_group_rules) to 0
2026-06-13 23:59:09.251 9 INFO neutron.wsgi [None req-a06fe910-68c6-4460-b9ff-842ad97a2d34 0badf3674b824baf9deb0d3b13eef2c5 85afb4b5014f42358a55eb5080f7a039 - - default default] 10.0.0.14 "GET /v2.0/security-groups?tenant_id=58ee8da1ffbd408da58697e573a8e0c9&name=default HTTP/1.1" status: 200 len: 2996 time: 0.2695286
2026-06-13 23:59:09.419 9 INFO neutron.db.ovn_revision_numbers_db [None req-7fd93548-4261-4db1-a1bb-bcd1946a2a6d 6411bebcc5384cd3ab81bc3223dbe556 66333c61ea0a4e4f86b7e3adf8402413 - - default default] Successfully bumped revision number for resource 67d895c0-014e-4e7c-9af2-22dfc93dd180 (type: ports) to 2
2026-06-13 23:59:09.452 9 INFO neutron.db.ovn_revision_numbers_db [None req-7fd93548-4261-4db1-a1bb-bcd1946a2a6d 6411bebcc5384cd3ab81bc3223dbe556 66333c61ea0a4e4f86b7e3adf8402413 - - default default] Successfully bumped revision number for resource b9b4cbeb-805c-4360-9fd0-d1d5691aa534 (type: subnets) to 0
2026-06-13 23:59:09.471 9 INFO neutron.wsgi [None req-7fd93548-4261-4db1-a1bb-bcd1946a2a6d 6411bebcc5384cd3ab81bc3223dbe556 66333c61ea0a4e4f86b7e3adf8402413 - - default default] 10.0.0.14 "POST /v2.0/subnets HTTP/1.1" status: 201 len: 801 time: 0.9153790
2026-06-13 23:59:09.545 9 INFO neutron.wsgi [None req-0bfdfb81-e278-40c5-9f1d-d66778bac725 6411bebcc5384cd3ab81bc3223dbe556 66333c61ea0a4e4f86b7e3adf8402413 - - default default] 10.0.0.14 "PUT /v2.0/subnets/b9b4cbeb-805c-4360-9fd0-d1d5691aa534/tags HTTP/1.1" status: 200 len: 218 time: 0.0678928
2026-06-13 23:59:09.589 9 INFO neutron.wsgi [None req-a2d351c3-cc11-4145-a759-790161a9baa4 6411bebcc5384cd3ab81bc3223dbe556 66333c61ea0a4e4f86b7e3adf8402413 - - default default] 10.0.0.14 "GET /v2.0/subnets/b9b4cbeb-805c-4360-9fd0-d1d5691aa534/tags HTTP/1.1" status: 200 len: 218 time: 0.0393910
2026-06-13 23:59:09.644 9 INFO neutron.wsgi [None req-87e74fa8-a786-4b8a-8e7b-7eedd45f1127 6411bebcc5384cd3ab81bc3223dbe556 66333c61ea0a4e4f86b7e3adf8402413 - - default default] 10.0.0.14 "PUT /v2.0/subnets/b9b4cbeb-805c-4360-9fd0-d1d5691aa534/tags/green HTTP/1.1" status: 201 len: 201 time: 0.0503583
2026-06-13 23:59:09.692 9 INFO neutron.wsgi [None req-74f674fe-3d1f-46a3-9424-572a95ba5071 6411bebcc5384cd3ab81bc3223dbe556 66333c61ea0a4e4f86b7e3adf8402413 - - default default] 10.0.0.14 "GET /v2.0/subnets/b9b4cbeb-805c-4360-9fd0-d1d5691aa534/tags HTTP/1.1" status: 200 len: 227 time: 0.0420225
2026-06-13 23:59:09.736 10 INFO neutron.wsgi [None req-4b679c7b-a51d-4db5-af81-c072c74a83ba 0badf3674b824baf9deb0d3b13eef2c5 85afb4b5014f42358a55eb5080f7a039 - - default default] 10.0.0.14 "DELETE /v2.0/security-groups/0c831cbc-ba7f-41a0-bac8-bceea0069269 HTTP/1.1" status: 204 len: 168 time: 0.4769697
2026-06-13 23:59:09.746 10 INFO neutron.wsgi [None req-90edf4f0-acf9-4334-92a5-7dcf675478ea 88144a93dc9f443888e51b6c6d762c5a df47c3f6350c406db897d842035433f7 - - default default] 10.0.0.14 "DELETE /v2.0/networks/a4b422c6-631c-4f3a-bb3c-aaa7aa213a05 HTTP/1.1" status: 204 len: 168 time: 0.6705587
2026-06-13 23:59:09.750 9 INFO neutron.wsgi [None req-f3d94374-9f01-4f65-bac9-316155eb5923 6411bebcc5384cd3ab81bc3223dbe556 66333c61ea0a4e4f86b7e3adf8402413 - - default default] 10.0.0.14 "PUT /v2.0/subnets/b9b4cbeb-805c-4360-9fd0-d1d5691aa534/tags/red HTTP/1.1" status: 201 len: 201 time: 0.0530457
2026-06-13 23:59:09.799 9 INFO neutron.wsgi [None req-34227129-46b0-4de4-8bd3-1d6885b29281 6411bebcc5384cd3ab81bc3223dbe556 66333c61ea0a4e4f86b7e3adf8402413 - - default default] 10.0.0.14 "GET /v2.0/subnets/b9b4cbeb-805c-4360-9fd0-d1d5691aa534/tags HTTP/1.1" status: 200 len: 227 time: 0.0420015
2026-06-13 23:59:09.857 9 INFO neutron.wsgi [None req-71ef8a16-74e0-45b6-a291-5d8f89df1393 6411bebcc5384cd3ab81bc3223dbe556 66333c61ea0a4e4f86b7e3adf8402413 - - default default] 10.0.0.14 "PUT /v2.0/subnets/b9b4cbeb-805c-4360-9fd0-d1d5691aa534/tags/black.or.white HTTP/1.1" status: 201 len: 201 time: 0.0532086
2026-06-13 23:59:09.918 10 INFO neutron.wsgi [None req-a355a76f-b6ff-4c23-8a76-f738165138d0 6411bebcc5384cd3ab81bc3223dbe556 66333c61ea0a4e4f86b7e3adf8402413 - - default default] 10.0.0.14 "GET /v2.0/subnets/b9b4cbeb-805c-4360-9fd0-d1d5691aa534/tags HTTP/1.1" status: 200 len: 245 time: 0.0547011
2026-06-13 23:59:09.977 9 INFO neutron.wsgi [None req-85c35e7b-d297-4575-84a6-e7c475f09035 6411bebcc5384cd3ab81bc3223dbe556 66333c61ea0a4e4f86b7e3adf8402413 - - default default] 10.0.0.14 "PUT /v2.0/subnets/b9b4cbeb-805c-4360-9fd0-d1d5691aa534/tags HTTP/1.1" status: 200 len: 230 time: 0.0558224
2026-06-13 23:59:09.987 10 INFO neutron.db.ovn_revision_numbers_db [None req-7d6ee0b4-635e-452e-8e4d-ddbca417eda0 0badf3674b824baf9deb0d3b13eef2c5 85afb4b5014f42358a55eb5080f7a039 - - default default] Successfully bumped revision number for resource edec5a01-6671-4930-9ba0-abddde294193 (type: security_groups) to 1
2026-06-13 23:59:10.002 10 INFO neutron.db.ovn_revision_numbers_db [None req-7d6ee0b4-635e-452e-8e4d-ddbca417eda0 0badf3674b824baf9deb0d3b13eef2c5 85afb4b5014f42358a55eb5080f7a039 - - default default] Successfully bumped revision number for resource 079bd1ba-ef7e-43e3-bddb-d51f01632f09 (type: security_group_rules) to 0
2026-06-13 23:59:10.014 9 INFO neutron.wsgi [None req-786c3e54-f772-4ded-813b-51a423b67705 6411bebcc5384cd3ab81bc3223dbe556 66333c61ea0a4e4f86b7e3adf8402413 - - default default] 10.0.0.14 "GET /v2.0/subnets/b9b4cbeb-805c-4360-9fd0-d1d5691aa534/tags HTTP/1.1" status: 200 len: 230 time: 0.0331883
2026-06-13 23:59:10.018 10 INFO neutron.db.ovn_revision_numbers_db [None req-7d6ee0b4-635e-452e-8e4d-ddbca417eda0 0badf3674b824baf9deb0d3b13eef2c5 85afb4b5014f42358a55eb5080f7a039 - - default default] Successfully bumped revision number for resource 780c768b-cca5-4b8e-a2c0-a75975cb0ed0 (type: security_group_rules) to 0
2026-06-13 23:59:10.032 10 INFO neutron.db.ovn_revision_numbers_db [None req-7d6ee0b4-635e-452e-8e4d-ddbca417eda0 0badf3674b824baf9deb0d3b13eef2c5 85afb4b5014f42358a55eb5080f7a039 - - default default] Successfully bumped revision number for resource a15e7bbe-b574-4e4f-b282-cf4f8b9f4cdc (type: security_group_rules) to 0
2026-06-13 23:59:10.058 10 INFO neutron.db.ovn_revision_numbers_db [None req-7d6ee0b4-635e-452e-8e4d-ddbca417eda0 0badf3674b824baf9deb0d3b13eef2c5 85afb4b5014f42358a55eb5080f7a039 - - default default] Successfully bumped revision number for resource a48f30b5-34ee-4d86-91a3-4599e2caebba (type: security_group_rules) to 0
2026-06-13 23:59:10.060 9 INFO neutron.wsgi [None req-c797ff60-52d9-4d6e-a198-d178eac83506 6411bebcc5384cd3ab81bc3223dbe556 66333c61ea0a4e4f86b7e3adf8402413 - - default default] 10.0.0.14 "GET /v2.0/subnets/b9b4cbeb-805c-4360-9fd0-d1d5691aa534/tags/red HTTP/1.1" status: 204 len: 168 time: 0.0420454
2026-06-13 23:59:10.086 10 INFO neutron.wsgi [None req-7d6ee0b4-635e-452e-8e4d-ddbca417eda0 0badf3674b824baf9deb0d3b13eef2c5 85afb4b5014f42358a55eb5080f7a039 - - default default] 10.0.0.14 "GET /v2.0/security-groups?tenant_id=a28abe9735944202893abecbaabf1686&name=default HTTP/1.1" status: 200 len: 2996 time: 0.2461834
2026-06-13 23:59:10.099 9 INFO neutron.api.v2.resource [None req-53f6e275-9530-4fb4-8a94-029908b294c4 6411bebcc5384cd3ab81bc3223dbe556 66333c61ea0a4e4f86b7e3adf8402413 - - default default] show failed (client error): The resource could not be found.
2026-06-13 23:59:10.101 9 INFO neutron.wsgi [None req-53f6e275-9530-4fb4-8a94-029908b294c4 6411bebcc5384cd3ab81bc3223dbe556 66333c61ea0a4e4f86b7e3adf8402413 - - default default] 10.0.0.14 "GET /v2.0/subnets/b9b4cbeb-805c-4360-9fd0-d1d5691aa534/tags/green HTTP/1.1" status: 404 len: 299 time: 0.0339217
2026-06-13 23:59:10.162 9 INFO neutron.wsgi [None req-563f3eee-cb05-4245-a24c-997cc34b9b16 6411bebcc5384cd3ab81bc3223dbe556 66333c61ea0a4e4f86b7e3adf8402413 - - default default] 10.0.0.14 "DELETE /v2.0/subnets/b9b4cbeb-805c-4360-9fd0-d1d5691aa534/tags/red HTTP/1.1" status: 204 len: 168 time: 0.0568304
2026-06-13 23:59:10.202 9 INFO neutron.wsgi [None req-51176180-23b5-4585-928a-1d180ea2532d 6411bebcc5384cd3ab81bc3223dbe556 66333c61ea0a4e4f86b7e3adf8402413 - - default default] 10.0.0.14 "GET /v2.0/subnets/b9b4cbeb-805c-4360-9fd0-d1d5691aa534/tags HTTP/1.1" status: 200 len: 223 time: 0.0346239
2026-06-13 23:59:10.261 10 INFO neutron.api.v2.resource [None req-3ef45415-9d0b-495b-8fff-eea31b230e85 6411bebcc5384cd3ab81bc3223dbe556 66333c61ea0a4e4f86b7e3adf8402413 - - default default] delete failed (client error): The resource could not be found.
2026-06-13 23:59:10.262 10 INFO neutron.wsgi [None req-3ef45415-9d0b-495b-8fff-eea31b230e85 6411bebcc5384cd3ab81bc3223dbe556 66333c61ea0a4e4f86b7e3adf8402413 - - default default] 10.0.0.14 "DELETE /v2.0/subnets/b9b4cbeb-805c-4360-9fd0-d1d5691aa534/tags/green HTTP/1.1" status: 404 len: 299 time: 0.0548158
2026-06-13 23:59:10.308 10 INFO neutron.services.segments.plugin [-] Segment b0af49b3-9e1a-4885-ba3d-c6dd0bc39ae3 resource provider aggregate not found
2026-06-13 23:59:10.317 10 INFO neutron.services.segments.plugin [-] Segment b0af49b3-9e1a-4885-ba3d-c6dd0bc39ae3 resource provider aggregate not found
2026-06-13 23:59:10.322 10 INFO neutron.services.segments.plugin [-] Segment b0af49b3-9e1a-4885-ba3d-c6dd0bc39ae3 resource provider not found; error: Placement Client Error (4xx): {"errors": [{"status": 404, "title": "Not Found", "detail": "The resource could not be found.\n\n No resource provider with uuid b0af49b3-9e1a-4885-ba3d-c6dd0bc39ae3 found for delete ", "request_id": "req-e664ca45-b3dd-4fff-82ae-0eea4b29623e"}]}
2026-06-13 23:59:10.329 10 INFO neutron.wsgi [None req-79ee4bf0-5cb1-46b2-aa10-776bb982d03a 6411bebcc5384cd3ab81bc3223dbe556 66333c61ea0a4e4f86b7e3adf8402413 - - default default] 10.0.0.14 "DELETE /v2.0/subnets/b9b4cbeb-805c-4360-9fd0-d1d5691aa534/tags HTTP/1.1" status: 204 len: 168 time: 0.0623229
2026-06-13 23:59:10.330 10 INFO neutron.services.segments.plugin [-] Segment b0af49b3-9e1a-4885-ba3d-c6dd0bc39ae3 resource provider not found; error: Placement Client Error (4xx): {"errors": [{"status": 404, "title": "Not Found", "detail": "The resource could not be found.\n\n No resource provider with uuid b0af49b3-9e1a-4885-ba3d-c6dd0bc39ae3 found for delete ", "request_id": "req-44b20eb8-acc0-4cb5-912e-6dbef1cd2bec"}]}
2026-06-13 23:59:10.334 10 INFO neutron.wsgi [None req-60d6b701-30a6-41e1-9d23-e236e47e05af 0badf3674b824baf9deb0d3b13eef2c5 85afb4b5014f42358a55eb5080f7a039 - - default default] 10.0.0.14 "DELETE /v2.0/security-groups/edec5a01-6671-4930-9ba0-abddde294193 HTTP/1.1" status: 204 len: 168 time: 0.2432556
2026-06-13 23:59:10.335 9 INFO neutron.wsgi [None req-2835cfe3-10da-46a7-bd7a-2b33d17b72e4 0badf3674b824baf9deb0d3b13eef2c5 85afb4b5014f42358a55eb5080f7a039 - - default default] 10.0.0.14 "GET /v2.0/security-groups?tenant_id=df47c3f6350c406db897d842035433f7&name=default HTTP/1.1" status: 200 len: 2996 time: 0.1324003
2026-06-13 23:59:10.373 10 INFO neutron.wsgi [None req-f59da498-4a01-48ef-b2a8-8bab0ab935b9 6411bebcc5384cd3ab81bc3223dbe556 66333c61ea0a4e4f86b7e3adf8402413 - - default default] 10.0.0.14 "GET /v2.0/subnets/b9b4cbeb-805c-4360-9fd0-d1d5691aa534/tags HTTP/1.1" status: 200 len: 205 time: 0.0388489
2026-06-13 23:59:10.582 10 INFO neutron.wsgi [None req-91f9ed4f-2c2f-4bb9-8fb3-7a117d1ba440 0badf3674b824baf9deb0d3b13eef2c5 85afb4b5014f42358a55eb5080f7a039 - - default default] 10.0.0.14 "DELETE /v2.0/security-groups/f268f492-ffd4-4477-b8c4-6b26a32158a2 HTTP/1.1" status: 204 len: 168 time: 0.2426560
2026-06-13 23:59:10.625 9 INFO neutron.wsgi [None req-3a5505f4-2686-482c-8e13-ce7c9cc5848c 6411bebcc5384cd3ab81bc3223dbe556 66333c61ea0a4e4f86b7e3adf8402413 - - default default] 10.0.0.14 "DELETE /v2.0/subnets/b9b4cbeb-805c-4360-9fd0-d1d5691aa534 HTTP/1.1" status: 204 len: 168 time: 0.2444818
2026-06-13 23:59:10.956 9 INFO neutron.services.segments.plugin [-] Segment 0bffec8b-7bd1-46f5-940f-a1c795a03735 resource provider aggregate not found
2026-06-13 23:59:10.960 9 INFO neutron.services.segments.plugin [-] Segment 0bffec8b-7bd1-46f5-940f-a1c795a03735 resource provider aggregate not found
2026-06-13 23:59:10.979 9 INFO neutron.services.segments.plugin [-] Segment 0bffec8b-7bd1-46f5-940f-a1c795a03735 resource provider not found; error: Placement Client Error (4xx): {"errors": [{"status": 404, "title": "Not Found", "detail": "The resource could not be found.\n\n No resource provider with uuid 0bffec8b-7bd1-46f5-940f-a1c795a03735 found for delete ", "request_id": "req-6a818dc3-c198-4083-8416-8c869eb77d8b"}]}
2026-06-13 23:59:10.982 9 INFO neutron.services.segments.plugin [-] Segment 0bffec8b-7bd1-46f5-940f-a1c795a03735 resource provider not found; error: Placement Client Error (4xx): {"errors": [{"status": 404, "title": "Not Found", "detail": "The resource could not be found.\n\n No resource provider with uuid 0bffec8b-7bd1-46f5-940f-a1c795a03735 found for delete ", "request_id": "req-901831d6-43c1-4ddd-b8dc-b4e2460d121f"}]}
2026-06-13 23:59:10.997 9 INFO neutron.wsgi [None req-80d3575c-0d89-4848-8760-a798267f15bf 6411bebcc5384cd3ab81bc3223dbe556 66333c61ea0a4e4f86b7e3adf8402413 - - default default] 10.0.0.14 "DELETE /v2.0/networks/917c7815-0666-4476-a6fc-b06e2617133f HTTP/1.1" status: 204 len: 168 time: 0.3680212
2026-06-13 23:59:11.782 10 INFO neutron.db.ovn_revision_numbers_db [None req-5cb762e1-c0bb-4266-9a56-73305c90b9ed 0badf3674b824baf9deb0d3b13eef2c5 85afb4b5014f42358a55eb5080f7a039 - - default default] Successfully bumped revision number for resource 3639b771-6a25-46e0-a1d6-abc8e4ba7a2d (type: security_groups) to 1
2026-06-13 23:59:11.793 10 INFO neutron.db.ovn_revision_numbers_db [None req-5cb762e1-c0bb-4266-9a56-73305c90b9ed 0badf3674b824baf9deb0d3b13eef2c5 85afb4b5014f42358a55eb5080f7a039 - - default default] Successfully bumped revision number for resource 3acc3749-d44e-4584-a4be-f53cb9781ffd (type: security_group_rules) to 0
2026-06-13 23:59:11.803 10 INFO neutron.db.ovn_revision_numbers_db [None req-5cb762e1-c0bb-4266-9a56-73305c90b9ed 0badf3674b824baf9deb0d3b13eef2c5 85afb4b5014f42358a55eb5080f7a039 - - default default] Successfully bumped revision number for resource 5855313a-e2e4-42cc-84be-4591ec4c1f43 (type: security_group_rules) to 0
2026-06-13 23:59:11.813 10 INFO neutron.db.ovn_revision_numbers_db [None req-5cb762e1-c0bb-4266-9a56-73305c90b9ed 0badf3674b824baf9deb0d3b13eef2c5 85afb4b5014f42358a55eb5080f7a039 - - default default] Successfully bumped revision number for resource ba19cb6a-0c29-467b-8125-0fe7fe5aa66a (type: security_group_rules) to 0
2026-06-13 23:59:11.824 10 INFO neutron.db.ovn_revision_numbers_db [None req-5cb762e1-c0bb-4266-9a56-73305c90b9ed 0badf3674b824baf9deb0d3b13eef2c5 85afb4b5014f42358a55eb5080f7a039 - - default default] Successfully bumped revision number for resource e2bc57d0-3021-4fa2-9a70-fd1a7530cabf (type: security_group_rules) to 0
2026-06-13 23:59:11.844 10 INFO neutron.wsgi [None req-5cb762e1-c0bb-4266-9a56-73305c90b9ed 0badf3674b824baf9deb0d3b13eef2c5 85afb4b5014f42358a55eb5080f7a039 - - default default] 10.0.0.14 "GET /v2.0/security-groups?tenant_id=d40a4d5b3f7b4f0cb345192038a4ff19&name=default HTTP/1.1" status: 200 len: 2996 time: 0.2844989
2026-06-13 23:59:12.004 10 INFO neutron.wsgi [None req-d4b8f79f-ef02-40cd-9bc4-19021ea6e2d5 0badf3674b824baf9deb0d3b13eef2c5 85afb4b5014f42358a55eb5080f7a039 - - default default] 10.0.0.14 "DELETE /v2.0/security-groups/3639b771-6a25-46e0-a1d6-abc8e4ba7a2d HTTP/1.1" status: 204 len: 168 time: 0.1568317
2026-06-13 23:59:12.193 10 INFO neutron.wsgi [None req-479e6ada-31aa-42de-8a76-25d04dee632f 0badf3674b824baf9deb0d3b13eef2c5 85afb4b5014f42358a55eb5080f7a039 - - default default] 10.0.0.14 "GET /v2.0/security-groups?tenant_id=66333c61ea0a4e4f86b7e3adf8402413&name=default HTTP/1.1" status: 200 len: 2996 time: 0.0332127
2026-06-13 23:59:12.366 10 INFO neutron.wsgi [None req-54984fb9-f237-4337-8924-e1d622ba0ce5 0badf3674b824baf9deb0d3b13eef2c5 85afb4b5014f42358a55eb5080f7a039 - - default default] 10.0.0.14 "DELETE /v2.0/security-groups/7ec4dbdd-6877-44ba-bd6b-ea7ba6957266 HTTP/1.1" status: 204 len: 168 time: 0.1676743
2026-06-13 23:59:12.602 10 WARNING keystonemiddleware.audit [None req-853c0135-8a26-452e-bcd4-679d70370a78 - - - - - -] Skipping service tempest-service-1842533437 as it have no endpoints.
2026-06-13 23:59:12.604 10 WARNING neutron_lib.context [None req-42fcb8dc-c6dc-4b75-ae75-38997b182ce2 22f532060564469ab8bfa1a0f0f1a0d1 c364ca4b2ff84da6ae4c08e8f0f26967 - - default default] Method 'is_advsvc' is deprecated since 2023.2 release (neutron-lib 3.8.0) and will be removed once support for the old RBAC API policies will be removed from Neutron. Please use method 'is_service_role' instead.
2026-06-13 23:59:12.724 10 INFO neutron.db.ovn_revision_numbers_db [None req-42fcb8dc-c6dc-4b75-ae75-38997b182ce2 22f532060564469ab8bfa1a0f0f1a0d1 c364ca4b2ff84da6ae4c08e8f0f26967 - - default default] Successfully bumped revision number for resource 07b89be4-390d-4395-ab85-f06291bb674b (type: security_groups) to 1
2026-06-13 23:59:12.739 10 INFO neutron.db.ovn_revision_numbers_db [None req-42fcb8dc-c6dc-4b75-ae75-38997b182ce2 22f532060564469ab8bfa1a0f0f1a0d1 c364ca4b2ff84da6ae4c08e8f0f26967 - - default default] Successfully bumped revision number for resource 22415006-7eab-4514-9602-8be5da990367 (type: security_group_rules) to 0
2026-06-13 23:59:12.754 10 INFO neutron.db.ovn_revision_numbers_db [None req-42fcb8dc-c6dc-4b75-ae75-38997b182ce2 22f532060564469ab8bfa1a0f0f1a0d1 c364ca4b2ff84da6ae4c08e8f0f26967 - - default default] Successfully bumped revision number for resource 711a30b8-a9d6-4683-ba12-1e31efd506d7 (type: security_group_rules) to 0
2026-06-13 23:59:12.773 10 INFO neutron.db.ovn_revision_numbers_db [None req-42fcb8dc-c6dc-4b75-ae75-38997b182ce2 22f532060564469ab8bfa1a0f0f1a0d1 c364ca4b2ff84da6ae4c08e8f0f26967 - - default default] Successfully bumped revision number for resource 97d74598-7cbd-4029-a3e5-2a6b06dc9aa9 (type: security_group_rules) to 0
2026-06-13 23:59:12.789 10 INFO neutron.db.ovn_revision_numbers_db [None req-42fcb8dc-c6dc-4b75-ae75-38997b182ce2 22f532060564469ab8bfa1a0f0f1a0d1 c364ca4b2ff84da6ae4c08e8f0f26967 - - default default] Successfully bumped revision number for resource f11f8481-94ae-4675-8b75-402cc22fcad8 (type: security_group_rules) to 0
2026-06-13 23:59:12.872 10 INFO neutron.db.ovn_revision_numbers_db [None req-42fcb8dc-c6dc-4b75-ae75-38997b182ce2 22f532060564469ab8bfa1a0f0f1a0d1 c364ca4b2ff84da6ae4c08e8f0f26967 - - default default] Successfully bumped revision number for resource a38658ab-ed08-40c8-86b6-a1c114f56661 (type: security_groups) to 1
2026-06-13 23:59:12.883 10 INFO neutron.db.ovn_revision_numbers_db [None req-42fcb8dc-c6dc-4b75-ae75-38997b182ce2 22f532060564469ab8bfa1a0f0f1a0d1 c364ca4b2ff84da6ae4c08e8f0f26967 - - default default] Successfully bumped revision number for resource 964821d8-b183-4ddf-8672-fff57f5cecc3 (type: security_group_rules) to 0
2026-06-13 23:59:12.894 10 INFO neutron.db.ovn_revision_numbers_db [None req-42fcb8dc-c6dc-4b75-ae75-38997b182ce2 22f532060564469ab8bfa1a0f0f1a0d1 c364ca4b2ff84da6ae4c08e8f0f26967 - - default default] Successfully bumped revision number for resource ace0c762-1c62-481e-80fc-42f62711e3c2 (type: security_group_rules) to 0
2026-06-13 23:59:12.916 10 INFO neutron.wsgi [None req-42fcb8dc-c6dc-4b75-ae75-38997b182ce2 22f532060564469ab8bfa1a0f0f1a0d1 c364ca4b2ff84da6ae4c08e8f0f26967 - - default default] 10.0.0.14 "POST /v2.0/security-groups HTTP/1.1" status: 201 len: 1761 time: 0.5442047
2026-06-13 23:59:12.922 10 WARNING keystonemiddleware.audit [None req-e8b043fc-63a0-4d3f-b2fb-225f032dd89d - - - - - -] Skipping service tempest-service-1842533437 as it have no endpoints.
2026-06-13 23:59:12.953 10 INFO neutron.wsgi [None req-2a4c49df-1997-4156-b5f0-a43c7adc64bc 22f532060564469ab8bfa1a0f0f1a0d1 c364ca4b2ff84da6ae4c08e8f0f26967 - - default default] 10.0.0.14 "GET /v2.0/security-groups HTTP/1.1" status: 200 len: 4539 time: 0.0330431
2026-06-13 23:59:12.959 10 WARNING keystonemiddleware.audit [None req-a85efa5f-0032-4ee3-ba79-e6789c095a85 - - - - - -] Skipping service tempest-service-1842533437 as it have no endpoints.
2026-06-13 23:59:13.033 10 INFO neutron.db.ovn_revision_numbers_db [None req-e9cae926-9309-4c9d-ad47-d065031be02a 22f532060564469ab8bfa1a0f0f1a0d1 c364ca4b2ff84da6ae4c08e8f0f26967 - - default default] Successfully bumped revision number for resource a38658ab-ed08-40c8-86b6-a1c114f56661 (type: security_groups) to 2
2026-06-13 23:59:13.037 10 INFO neutron.wsgi [None req-e9cae926-9309-4c9d-ad47-d065031be02a 22f532060564469ab8bfa1a0f0f1a0d1 c364ca4b2ff84da6ae4c08e8f0f26967 - - default default] 10.0.0.14 "PUT /v2.0/security-groups/a38658ab-ed08-40c8-86b6-a1c114f56661 HTTP/1.1" status: 200 len: 1795 time: 0.0795422
2026-06-13 23:59:13.047 9 WARNING keystonemiddleware.audit [None req-b725f36b-0d15-45fd-84bd-275ad4ee827c - - - - - -] Skipping service tempest-service-1842533437 as it have no endpoints.
2026-06-13 23:59:13.049 10 INFO neutron.wsgi [-] 10.0.0.39 "GET / HTTP/1.1" status: 200 len: 247 time: 0.0012510
2026-06-13 23:59:13.050 10 INFO neutron.wsgi [-] 10.0.0.39 "GET / HTTP/1.1" status: 200 len: 247 time: 0.0011809
2026-06-13 23:59:13.077 9 INFO neutron.wsgi [None req-37a5eae5-4487-4379-b4bf-805a7cedef8a 22f532060564469ab8bfa1a0f0f1a0d1 c364ca4b2ff84da6ae4c08e8f0f26967 - - default default] 10.0.0.14 "GET /v2.0/security-groups/a38658ab-ed08-40c8-86b6-a1c114f56661 HTTP/1.1" status: 200 len: 1795 time: 0.0337603
2026-06-13 23:59:13.083 9 WARNING keystonemiddleware.audit [None req-112aca20-208f-48a8-8dac-ddc8dc40645e - - - - - -] Skipping service tempest-service-1842533437 as it have no endpoints.
2026-06-13 23:59:13.202 9 INFO neutron.wsgi [None req-ab2da759-1dc5-42d4-85ea-ae592468b5d9 22f532060564469ab8bfa1a0f0f1a0d1 c364ca4b2ff84da6ae4c08e8f0f26967 - - default default] 10.0.0.14 "DELETE /v2.0/security-groups/a38658ab-ed08-40c8-86b6-a1c114f56661 HTTP/1.1" status: 204 len: 168 time: 0.1206293
2026-06-13 23:59:13.210 9 WARNING keystonemiddleware.audit [None req-1372747d-4917-45d8-9ae3-a1902102621d - - - - - -] Skipping service tempest-service-1842533437 as it have no endpoints.
2026-06-13 23:59:13.247 9 INFO neutron.wsgi [None req-1bc348db-9c5f-4f9d-8580-cd98d51e993c 22f532060564469ab8bfa1a0f0f1a0d1 c364ca4b2ff84da6ae4c08e8f0f26967 - - default default] 10.0.0.14 "GET /v2.0/security-groups HTTP/1.1" status: 200 len: 2996 time: 0.0390124
2026-06-13 23:59:13.253 9 WARNING keystonemiddleware.audit [None req-15b2693f-6a71-4d73-9694-c2e24135c6e8 - - - - - -] Skipping service tempest-service-1842533437 as it have no endpoints.
2026-06-13 23:59:13.263 9 INFO neutron.api.v2.resource [None req-31cdd464-fe45-4184-bded-dbea175ccf7b 22f532060564469ab8bfa1a0f0f1a0d1 c364ca4b2ff84da6ae4c08e8f0f26967 - - default default] delete failed (client error): The resource could not be found.
2026-06-13 23:59:13.265 9 INFO neutron.wsgi [None req-31cdd464-fe45-4184-bded-dbea175ccf7b 22f532060564469ab8bfa1a0f0f1a0d1 c364ca4b2ff84da6ae4c08e8f0f26967 - - default default] 10.0.0.14 "DELETE /v2.0/security-groups/a38658ab-ed08-40c8-86b6-a1c114f56661 HTTP/1.1" status: 404 len: 347 time: 0.0144103
2026-06-13 23:59:13.274 10 WARNING keystonemiddleware.audit [None req-95c96414-4af6-4d3c-bf3c-78ea60216310 - - - - - -] Skipping service tempest-service-1842533437 as it have no endpoints.
2026-06-13 23:59:13.277 10 WARNING neutron_lib.context [None req-fcb677fe-b3d0-4526-a78f-c0e9069fa0ce 22f532060564469ab8bfa1a0f0f1a0d1 c364ca4b2ff84da6ae4c08e8f0f26967 - - default default] Method 'is_advsvc' is deprecated since 2023.2 release (neutron-lib 3.8.0) and will be removed once support for the old RBAC API policies will be removed from Neutron. Please use method 'is_service_role' instead.
2026-06-13 23:59:13.402 10 INFO neutron.db.ovn_revision_numbers_db [None req-fcb677fe-b3d0-4526-a78f-c0e9069fa0ce 22f532060564469ab8bfa1a0f0f1a0d1 c364ca4b2ff84da6ae4c08e8f0f26967 - - default default] Successfully bumped revision number for resource 71a131ae-fb9f-4ae0-b651-ffa5c8d15ef9 (type: security_groups) to 1
2026-06-13 23:59:13.416 10 INFO neutron.db.ovn_revision_numbers_db [None req-fcb677fe-b3d0-4526-a78f-c0e9069fa0ce 22f532060564469ab8bfa1a0f0f1a0d1 c364ca4b2ff84da6ae4c08e8f0f26967 - - default default] Successfully bumped revision number for resource 6153f82e-4fc8-4dd0-b226-2f14a8b85f14 (type: security_group_rules) to 0
2026-06-13 23:59:13.434 10 INFO neutron.db.ovn_revision_numbers_db [None req-fcb677fe-b3d0-4526-a78f-c0e9069fa0ce 22f532060564469ab8bfa1a0f0f1a0d1 c364ca4b2ff84da6ae4c08e8f0f26967 - - default default] Successfully bumped revision number for resource deb04c60-bf93-4f28-9289-d05c58ff29fc (type: security_group_rules) to 0
2026-06-13 23:59:13.458 10 INFO neutron.wsgi [None req-fcb677fe-b3d0-4526-a78f-c0e9069fa0ce 22f532060564469ab8bfa1a0f0f1a0d1 c364ca4b2ff84da6ae4c08e8f0f26967 - - default default] 10.0.0.14 "POST /v2.0/security-groups HTTP/1.1" status: 201 len: 1761 time: 0.1863401
2026-06-13 23:59:13.468 10 WARNING keystonemiddleware.audit [None req-5ff0f851-8d69-4950-991c-767f45ea19a8 - - - - - -] Skipping service tempest-service-1842533437 as it have no endpoints.
2026-06-13 23:59:13.471 10 WARNING neutron_lib.context [None req-b39bf695-a8b9-43dd-9fe4-885f391de6e2 22f532060564469ab8bfa1a0f0f1a0d1 c364ca4b2ff84da6ae4c08e8f0f26967 - - default default] Method 'is_advsvc' is deprecated since 2023.2 release (neutron-lib 3.8.0) and will be removed once support for the old RBAC API policies will be removed from Neutron. Please use method 'is_service_role' instead.
2026-06-13 23:59:13.592 10 INFO neutron.db.ovn_revision_numbers_db [None req-b39bf695-a8b9-43dd-9fe4-885f391de6e2 22f532060564469ab8bfa1a0f0f1a0d1 c364ca4b2ff84da6ae4c08e8f0f26967 - - default default] Successfully bumped revision number for resource 73b0cd5d-b5cd-4ab0-89fa-67cf33f9b20c (type: security_group_rules) to 0
2026-06-13 23:59:13.618 10 INFO neutron.wsgi [None req-b39bf695-a8b9-43dd-9fe4-885f391de6e2 22f532060564469ab8bfa1a0f0f1a0d1 c364ca4b2ff84da6ae4c08e8f0f26967 - - default default] 10.0.0.14 "POST /v2.0/security-group-rules HTTP/1.1" status: 201 len: 768 time: 0.1543384
2026-06-13 23:59:13.626 10 WARNING keystonemiddleware.audit [None req-889b21a2-2ff5-448d-ab70-a0b584198cec - - - - - -] Skipping service tempest-service-1842533437 as it have no endpoints.
2026-06-13 23:59:13.645 10 INFO neutron.wsgi [None req-89b6e571-0870-4e5e-9de3-fa137136c376 22f532060564469ab8bfa1a0f0f1a0d1 c364ca4b2ff84da6ae4c08e8f0f26967 - - default default] 10.0.0.14 "GET /v2.0/security-group-rules/73b0cd5d-b5cd-4ab0-89fa-67cf33f9b20c HTTP/1.1" status: 200 len: 763 time: 0.0216362
2026-06-13 23:59:13.653 10 WARNING keystonemiddleware.audit [None req-9f77de2f-054e-4b0f-a389-cdc1c901d7e4 - - - - - -] Skipping service tempest-service-1842533437 as it have no endpoints.
2026-06-13 23:59:13.718 10 INFO neutron.wsgi [None req-b0607078-2622-417e-8c3a-2820fc9ee261 22f532060564469ab8bfa1a0f0f1a0d1 c364ca4b2ff84da6ae4c08e8f0f26967 - - default default] 10.0.0.14 "GET /v2.0/security-group-rules HTTP/1.1" status: 200 len: 4113 time: 0.0675435
2026-06-13 23:59:13.727 10 WARNING keystonemiddleware.audit [None req-2132ac04-575b-4aa6-86c1-bc9a80025dea - - - - - -] Skipping service tempest-service-1842533437 as it have no endpoints.
2026-06-13 23:59:13.857 10 INFO neutron.wsgi [None req-4e13a8b9-e68d-42d8-99d2-41c7f3834988 22f532060564469ab8bfa1a0f0f1a0d1 c364ca4b2ff84da6ae4c08e8f0f26967 - - default default] 10.0.0.14 "DELETE /v2.0/security-group-rules/73b0cd5d-b5cd-4ab0-89fa-67cf33f9b20c HTTP/1.1" status: 204 len: 168 time: 0.1320555
2026-06-13 23:59:13.863 10 WARNING keystonemiddleware.audit [None req-d2ccdd14-234a-4e65-8c5b-91ce5cd7cce1 - - - - - -] Skipping service tempest-service-1842533437 as it have no endpoints.
2026-06-13 23:59:13.895 10 INFO neutron.wsgi [None req-2efbb654-3422-4202-b681-0fc5647c81e2 22f532060564469ab8bfa1a0f0f1a0d1 c364ca4b2ff84da6ae4c08e8f0f26967 - - default default] 10.0.0.14 "GET /v2.0/security-group-rules HTTP/1.1" status: 200 len: 3567 time: 0.0335042
2026-06-13 23:59:13.900 10 WARNING keystonemiddleware.audit [None req-9adbcc53-f305-48a5-802c-a20a960dd5c2 - - - - - -] Skipping service tempest-service-1842533437 as it have no endpoints.
2026-06-13 23:59:13.903 10 WARNING neutron_lib.context [None req-9c44217f-a118-4ba5-b830-b82a6d4a9ebe 22f532060564469ab8bfa1a0f0f1a0d1 c364ca4b2ff84da6ae4c08e8f0f26967 - - default default] Method 'is_advsvc' is deprecated since 2023.2 release (neutron-lib 3.8.0) and will be removed once support for the old RBAC API policies will be removed from Neutron. Please use method 'is_service_role' instead.
2026-06-13 23:59:14.027 10 INFO neutron.db.ovn_revision_numbers_db [None req-9c44217f-a118-4ba5-b830-b82a6d4a9ebe 22f532060564469ab8bfa1a0f0f1a0d1 c364ca4b2ff84da6ae4c08e8f0f26967 - - default default] Successfully bumped revision number for resource b3a959f0-35fb-43e0-9033-741e56edbf10 (type: security_group_rules) to 0
2026-06-13 23:59:14.063 10 INFO neutron.wsgi [None req-9c44217f-a118-4ba5-b830-b82a6d4a9ebe 22f532060564469ab8bfa1a0f0f1a0d1 c364ca4b2ff84da6ae4c08e8f0f26967 - - default default] 10.0.0.14 "POST /v2.0/security-group-rules HTTP/1.1" status: 201 len: 768 time: 0.1642506
2026-06-13 23:59:14.076 10 WARNING keystonemiddleware.audit [None req-d0feffba-7d62-4268-99ab-f6c799d33d69 - - - - - -] Skipping service tempest-service-1842533437 as it have no endpoints.
2026-06-13 23:59:14.100 10 INFO neutron.wsgi [None req-18061325-4d4f-4de0-9593-f654fdb60bcd 22f532060564469ab8bfa1a0f0f1a0d1 c364ca4b2ff84da6ae4c08e8f0f26967 - - default default] 10.0.0.14 "GET /v2.0/security-group-rules/b3a959f0-35fb-43e0-9033-741e56edbf10 HTTP/1.1" status: 200 len: 763 time: 0.0267246
2026-06-13 23:59:14.108 10 WARNING keystonemiddleware.audit [None req-586d75e9-20dc-4252-bdd3-0da3a3bc5fe8 - - - - - -] Skipping service tempest-service-1842533437 as it have no endpoints.
2026-06-13 23:59:14.156 10 INFO neutron.wsgi [None req-c3f686d6-511c-4e00-a910-4f0b535dc9a2 22f532060564469ab8bfa1a0f0f1a0d1 c364ca4b2ff84da6ae4c08e8f0f26967 - - default default] 10.0.0.14 "GET /v2.0/security-group-rules HTTP/1.1" status: 200 len: 4113 time: 0.0505443
2026-06-13 23:59:14.164 10 WARNING keystonemiddleware.audit [None req-281c7080-b1e7-4b8b-a68b-fa35e8fdcfe8 - - - - - -] Skipping service tempest-service-1842533437 as it have no endpoints.
2026-06-13 23:59:14.270 10 INFO neutron.wsgi [None req-99240545-9163-41f0-bd30-f00178adb295 22f532060564469ab8bfa1a0f0f1a0d1 c364ca4b2ff84da6ae4c08e8f0f26967 - - default default] 10.0.0.14 "DELETE /v2.0/security-group-rules/b3a959f0-35fb-43e0-9033-741e56edbf10 HTTP/1.1" status: 204 len: 168 time: 0.1078887
2026-06-13 23:59:14.280 10 WARNING keystonemiddleware.audit [None req-f29298c3-0e24-4865-b1eb-5dd5fee7245b - - - - - -] Skipping service tempest-service-1842533437 as it have no endpoints.
2026-06-13 23:59:14.317 10 INFO neutron.wsgi [None req-4d6a33ce-5bb9-4167-9eb3-c127fb15d598 22f532060564469ab8bfa1a0f0f1a0d1 c364ca4b2ff84da6ae4c08e8f0f26967 - - default default] 10.0.0.14 "GET /v2.0/security-group-rules HTTP/1.1" status: 200 len: 3567 time: 0.0391181
2026-06-13 23:59:14.324 10 WARNING keystonemiddleware.audit [None req-bb9876fc-d732-4b2a-a421-a9803fe6fad4 - - - - - -] Skipping service tempest-service-1842533437 as it have no endpoints.
2026-06-13 23:59:14.327 10 WARNING neutron_lib.context [None req-5371ff30-40b0-4312-87fe-04713387d0b6 22f532060564469ab8bfa1a0f0f1a0d1 c364ca4b2ff84da6ae4c08e8f0f26967 - - default default] Method 'is_advsvc' is deprecated since 2023.2 release (neutron-lib 3.8.0) and will be removed once support for the old RBAC API policies will be removed from Neutron. Please use method 'is_service_role' instead.
2026-06-13 23:59:14.368 9 INFO neutron.db.ovn_revision_numbers_db [None req-cac2f031-5de5-41b6-8163-5e624b17261a 0badf3674b824baf9deb0d3b13eef2c5 85afb4b5014f42358a55eb5080f7a039 - - default default] Successfully bumped revision number for resource f212883c-63ee-4731-8850-8426faffff40 (type: security_groups) to 1
2026-06-13 23:59:14.382 9 INFO neutron.db.ovn_revision_numbers_db [None req-cac2f031-5de5-41b6-8163-5e624b17261a 0badf3674b824baf9deb0d3b13eef2c5 85afb4b5014f42358a55eb5080f7a039 - - default default] Successfully bumped revision number for resource 144d8348-8acb-4fe2-bc51-475d971a5b52 (type: security_group_rules) to 0
2026-06-13 23:59:14.395 9 INFO neutron.db.ovn_revision_numbers_db [None req-cac2f031-5de5-41b6-8163-5e624b17261a 0badf3674b824baf9deb0d3b13eef2c5 85afb4b5014f42358a55eb5080f7a039 - - default default] Successfully bumped revision number for resource 1e5093eb-4c4f-49fc-bbeb-fe91fe7813a5 (type: security_group_rules) to 0
2026-06-13 23:59:14.410 9 INFO neutron.db.ovn_revision_numbers_db [None req-cac2f031-5de5-41b6-8163-5e624b17261a 0badf3674b824baf9deb0d3b13eef2c5 85afb4b5014f42358a55eb5080f7a039 - - default default] Successfully bumped revision number for resource 7ea027f8-dcd8-4e98-b247-767a40862198 (type: security_group_rules) to 0
2026-06-13 23:59:14.418 10 INFO neutron.db.ovn_revision_numbers_db [None req-5371ff30-40b0-4312-87fe-04713387d0b6 22f532060564469ab8bfa1a0f0f1a0d1 c364ca4b2ff84da6ae4c08e8f0f26967 - - default default] Successfully bumped revision number for resource fc74dda5-eeb1-4d2d-a874-859d7f1a81c9 (type: security_group_rules) to 0
2026-06-13 23:59:14.422 9 INFO neutron.db.ovn_revision_numbers_db [None req-cac2f031-5de5-41b6-8163-5e624b17261a 0badf3674b824baf9deb0d3b13eef2c5 85afb4b5014f42358a55eb5080f7a039 - - default default] Successfully bumped revision number for resource d0d4d4c2-2d63-4dab-aee3-b5ed3605dd5f (type: security_group_rules) to 0
2026-06-13 23:59:14.437 10 INFO neutron.wsgi [None req-5371ff30-40b0-4312-87fe-04713387d0b6 22f532060564469ab8bfa1a0f0f1a0d1 c364ca4b2ff84da6ae4c08e8f0f26967 - - default default] 10.0.0.14 "POST /v2.0/security-group-rules HTTP/1.1" status: 201 len: 769 time: 0.1141763
2026-06-13 23:59:14.443 10 WARNING keystonemiddleware.audit [None req-15d23213-3330-4bf2-97f3-0f223ca60957 - - - - - -] Skipping service tempest-service-1842533437 as it have no endpoints.
2026-06-13 23:59:14.447 9 INFO neutron.wsgi [None req-cac2f031-5de5-41b6-8163-5e624b17261a 0badf3674b824baf9deb0d3b13eef2c5 85afb4b5014f42358a55eb5080f7a039 - - default default] 10.0.0.14 "GET /v2.0/security-groups?tenant_id=4787d9d4876c4a1596f79a2916841fcc&name=default HTTP/1.1" status: 200 len: 2996 time: 0.4666486
2026-06-13 23:59:14.458 10 INFO neutron.wsgi [None req-418ec761-571d-4123-b885-6968ba24b5b5 22f532060564469ab8bfa1a0f0f1a0d1 c364ca4b2ff84da6ae4c08e8f0f26967 - - default default] 10.0.0.14 "GET /v2.0/security-group-rules/fc74dda5-eeb1-4d2d-a874-859d7f1a81c9 HTTP/1.1" status: 200 len: 764 time: 0.0168731
2026-06-13 23:59:14.465 10 WARNING keystonemiddleware.audit [None req-68832373-4d4f-416a-8873-cdf888350bea - - - - - -] Skipping service tempest-service-1842533437 as it have no endpoints.
2026-06-13 23:59:14.506 10 INFO neutron.wsgi [None req-5a1a50a3-b9cf-480e-995d-344a5897c91b 22f532060564469ab8bfa1a0f0f1a0d1 c364ca4b2ff84da6ae4c08e8f0f26967 - - default default] 10.0.0.14 "GET /v2.0/security-group-rules HTTP/1.1" status: 200 len: 4114 time: 0.0443842
2026-06-13 23:59:14.514 9 WARNING keystonemiddleware.audit [None req-c570f64f-806a-489c-9d1f-ac36b4582675 - - - - - -] Skipping service tempest-service-1842533437 as it have no endpoints.
2026-06-13 23:59:14.620 9 INFO neutron.wsgi [None req-315ace62-3221-46b4-a2a5-bcd9e2a4f3b2 22f532060564469ab8bfa1a0f0f1a0d1 c364ca4b2ff84da6ae4c08e8f0f26967 - - default default] 10.0.0.14 "DELETE /v2.0/security-group-rules/fc74dda5-eeb1-4d2d-a874-859d7f1a81c9 HTTP/1.1" status: 204 len: 168 time: 0.1087351
2026-06-13 23:59:14.625 9 WARNING keystonemiddleware.audit [None req-5683df98-5458-41df-8bc5-0c01a5d42cce - - - - - -] Skipping service tempest-service-1842533437 as it have no endpoints.
2026-06-13 23:59:14.636 10 INFO neutron.wsgi [None req-1de82ceb-5a81-475b-9ddc-601277515607 0badf3674b824baf9deb0d3b13eef2c5 85afb4b5014f42358a55eb5080f7a039 - - default default] 10.0.0.14 "DELETE /v2.0/security-groups/f212883c-63ee-4731-8850-8426faffff40 HTTP/1.1" status: 204 len: 168 time: 0.1848793
2026-06-13 23:59:14.672 9 INFO neutron.wsgi [None req-4b75c041-7edd-4d31-a618-433f7c0ef642 22f532060564469ab8bfa1a0f0f1a0d1 c364ca4b2ff84da6ae4c08e8f0f26967 - - default default] 10.0.0.14 "GET /v2.0/security-group-rules HTTP/1.1" status: 200 len: 3567 time: 0.0490034
2026-06-13 23:59:14.682 10 WARNING keystonemiddleware.audit [None req-44c1c255-ed58-4d62-9fad-f0e2810e38b3 - - - - - -] Skipping service tempest-service-1842533437 as it have no endpoints.
2026-06-13 23:59:14.815 10 INFO neutron.wsgi [None req-d62f9383-4bc0-40e4-b059-cd9b7a4bcaaf 22f532060564469ab8bfa1a0f0f1a0d1 c364ca4b2ff84da6ae4c08e8f0f26967 - - default default] 10.0.0.14 "DELETE /v2.0/security-groups/71a131ae-fb9f-4ae0-b651-ffa5c8d15ef9 HTTP/1.1" status: 204 len: 168 time: 0.1366050
2026-06-13 23:59:14.823 10 WARNING keystonemiddleware.audit [None req-461ed641-0a5f-49b2-bfea-901cf481adc8 - - - - - -] Skipping service tempest-service-1842533437 as it have no endpoints.
2026-06-13 23:59:14.866 10 INFO neutron.wsgi [None req-7c9dfcac-9389-41b7-b0f8-3697d16d1280 22f532060564469ab8bfa1a0f0f1a0d1 c364ca4b2ff84da6ae4c08e8f0f26967 - - default default] 10.0.0.14 "GET /v2.0/security-groups HTTP/1.1" status: 200 len: 2996 time: 0.0457578
2026-06-13 23:59:14.876 9 WARNING keystonemiddleware.audit [None req-98ab5781-03a9-4f3f-81f4-191bf2d3b9e4 - - - - - -] Skipping service tempest-service-1842533437 as it have no endpoints.
2026-06-13 23:59:14.896 10 INFO neutron.db.ovn_revision_numbers_db [None req-ad6d3244-7e13-4cff-bacb-63641bc92569 0badf3674b824baf9deb0d3b13eef2c5 85afb4b5014f42358a55eb5080f7a039 - - default default] Successfully bumped revision number for resource f3990f0e-4678-4c54-b961-1ff7506507b8 (type: security_groups) to 1
2026-06-13 23:59:14.907 9 INFO neutron.wsgi [None req-c2ad7994-f759-453a-b2b4-5fd52c8ca378 22f532060564469ab8bfa1a0f0f1a0d1 c364ca4b2ff84da6ae4c08e8f0f26967 - - default default] 10.0.0.14 "GET /v2.0/security-groups HTTP/1.1" status: 200 len: 2996 time: 0.0351868
2026-06-13 23:59:14.910 10 INFO neutron.db.ovn_revision_numbers_db [None req-ad6d3244-7e13-4cff-bacb-63641bc92569 0badf3674b824baf9deb0d3b13eef2c5 85afb4b5014f42358a55eb5080f7a039 - - default default] Successfully bumped revision number for resource 0537b81a-1b0b-4f0d-afa9-30a1b766c0ec (type: security_group_rules) to 0
2026-06-13 23:59:14.923 10 INFO neutron.db.ovn_revision_numbers_db [None req-ad6d3244-7e13-4cff-bacb-63641bc92569 0badf3674b824baf9deb0d3b13eef2c5 85afb4b5014f42358a55eb5080f7a039 - - default default] Successfully bumped revision number for resource 4a2111b1-feb1-4148-8500-a103d60f1ec4 (type: security_group_rules) to 0
2026-06-13 23:59:14.923 9 WARNING neutron_lib.context [None req-d85be1a7-1602-4efb-b67f-fac7f5da7dcd 8336df57fd624f8192a55aad64e4da56 124b94c0370c49e0a655a65e135fb311 - - default default] Method 'is_advsvc' is deprecated since 2023.2 release (neutron-lib 3.8.0) and will be removed once support for the old RBAC API policies will be removed from Neutron. Please use method 'is_service_role' instead.
2026-06-13 23:59:14.939 10 INFO neutron.db.ovn_revision_numbers_db [None req-ad6d3244-7e13-4cff-bacb-63641bc92569 0badf3674b824baf9deb0d3b13eef2c5 85afb4b5014f42358a55eb5080f7a039 - - default default] Successfully bumped revision number for resource c6d93407-712c-4ec6-b82b-aaa44f3b8c93 (type: security_group_rules) to 0
2026-06-13 23:59:14.953 10 INFO neutron.db.ovn_revision_numbers_db [None req-ad6d3244-7e13-4cff-bacb-63641bc92569 0badf3674b824baf9deb0d3b13eef2c5 85afb4b5014f42358a55eb5080f7a039 - - default default] Successfully bumped revision number for resource e6a6c265-5579-4c00-a628-1421f82c6c72 (type: security_group_rules) to 0
2026-06-13 23:59:14.975 10 INFO neutron.wsgi [None req-ad6d3244-7e13-4cff-bacb-63641bc92569 0badf3674b824baf9deb0d3b13eef2c5 85afb4b5014f42358a55eb5080f7a039 - - default default] 10.0.0.14 "GET /v2.0/security-groups?tenant_id=916facd4de714c5ea3981903b966b503&name=default HTTP/1.1" status: 200 len: 2996 time: 0.2070735
2026-06-13 23:59:15.062 9 INFO neutron.db.ovn_revision_numbers_db [None req-d85be1a7-1602-4efb-b67f-fac7f5da7dcd 8336df57fd624f8192a55aad64e4da56 124b94c0370c49e0a655a65e135fb311 - - default default] Successfully bumped revision number for resource 24e9a4d4-e29b-4b66-832c-c82fa1b0b33e (type: routers) to 1
2026-06-13 23:59:15.075 9 INFO neutron.wsgi [None req-d85be1a7-1602-4efb-b67f-fac7f5da7dcd 8336df57fd624f8192a55aad64e4da56 124b94c0370c49e0a655a65e135fb311 - - default default] 10.0.0.14 "POST /v2.0/routers HTTP/1.1" status: 201 len: 654 time: 0.3487754
2026-06-13 23:59:15.086 9 WARNING neutron_lib.context [None req-225310bd-6f75-4bc8-8743-20c19f6c9b6d 8336df57fd624f8192a55aad64e4da56 124b94c0370c49e0a655a65e135fb311 - - default default] Method 'is_advsvc' is deprecated since 2023.2 release (neutron-lib 3.8.0) and will be removed once support for the old RBAC API policies will be removed from Neutron. Please use method 'is_service_role' instead.
2026-06-13 23:59:15.183 10 INFO neutron.wsgi [None req-377b8ad0-b820-4ee7-aa3c-337923f294e2 0badf3674b824baf9deb0d3b13eef2c5 85afb4b5014f42358a55eb5080f7a039 - - default default] 10.0.0.14 "DELETE /v2.0/security-groups/f3990f0e-4678-4c54-b961-1ff7506507b8 HTTP/1.1" status: 204 len: 168 time: 0.2037270
2026-06-13 23:59:15.230 9 INFO neutron.db.ovn_revision_numbers_db [None req-225310bd-6f75-4bc8-8743-20c19f6c9b6d 8336df57fd624f8192a55aad64e4da56 124b94c0370c49e0a655a65e135fb311 - - default default] Successfully bumped revision number for resource f82c0ac7-2b2d-497b-888d-1895be0327e1 (type: routers) to 1
