2026-06-13 23:57:21.597 9 INFO neutron.db.ovn_revision_numbers_db [None req-859973dd-51b7-41e6-a20f-9cbbb022ca52 0badf3674b824baf9deb0d3b13eef2c5 85afb4b5014f42358a55eb5080f7a039 - - default default] Successfully bumped revision number for resource 196bd72e-48bd-4463-83be-33983361be13 (type: security_group_rules) to 0
2026-06-13 23:57:21.614 9 INFO neutron.db.ovn_revision_numbers_db [None req-859973dd-51b7-41e6-a20f-9cbbb022ca52 0badf3674b824baf9deb0d3b13eef2c5 85afb4b5014f42358a55eb5080f7a039 - - default default] Successfully bumped revision number for resource 5baa5aaa-34d3-48d3-bc55-6a32551806ec (type: security_group_rules) to 0
2026-06-13 23:57:21.627 9 INFO neutron.db.ovn_revision_numbers_db [None req-859973dd-51b7-41e6-a20f-9cbbb022ca52 0badf3674b824baf9deb0d3b13eef2c5 85afb4b5014f42358a55eb5080f7a039 - - default default] Successfully bumped revision number for resource 7aa9412b-d1e1-41b2-971d-cb95a2afdb50 (type: security_group_rules) to 0
2026-06-13 23:57:21.640 9 INFO neutron.db.ovn_revision_numbers_db [None req-859973dd-51b7-41e6-a20f-9cbbb022ca52 0badf3674b824baf9deb0d3b13eef2c5 85afb4b5014f42358a55eb5080f7a039 - - default default] Successfully bumped revision number for resource 810622c2-57c9-46ae-b1fd-789aa8098282 (type: security_group_rules) to 0
2026-06-13 23:57:21.666 9 INFO neutron.wsgi [None req-859973dd-51b7-41e6-a20f-9cbbb022ca52 0badf3674b824baf9deb0d3b13eef2c5 85afb4b5014f42358a55eb5080f7a039 - - default default] 10.0.0.14 "GET /v2.0/security-groups?tenant_id=c9180ab6a004457db105310295c78a96&name=default HTTP/1.1" status: 200 len: 2996 time: 0.4107010
2026-06-13 23:57:21.667 9 INFO neutron.services.segments.plugin [-] Segment 312d92c9-8382-4fd1-8c86-484033526b42 resource provider aggregate not found
2026-06-13 23:57:21.687 9 INFO neutron.services.segments.plugin [-] Segment 312d92c9-8382-4fd1-8c86-484033526b42 resource provider not found; error: Placement Client Error (4xx): {"errors": [{"status": 404, "title": "Not Found", "detail": "The resource could not be found.\n\n No resource provider with uuid 312d92c9-8382-4fd1-8c86-484033526b42 found for delete ", "request_id": "req-97e1205e-b69a-4a9d-9240-45135e33650a"}]}
2026-06-13 23:57:21.951 10 INFO neutron.wsgi [None req-1d31940b-3164-4e5b-9c81-013da88cfdac 0badf3674b824baf9deb0d3b13eef2c5 85afb4b5014f42358a55eb5080f7a039 - - default default] 10.0.0.14 "DELETE /v2.0/security-groups/1bb73039-e698-4aaa-b37d-0b60a9a5f76a HTTP/1.1" status: 204 len: 168 time: 0.2803075
2026-06-13 23:57:22.148 10 INFO neutron.db.ovn_revision_numbers_db [None req-a6fb35a0-c87c-4642-8f88-baa5352cb71c 0badf3674b824baf9deb0d3b13eef2c5 85afb4b5014f42358a55eb5080f7a039 - - default default] Successfully bumped revision number for resource 2227359b-00ab-4ef4-9a2b-695de4d6e0ba (type: security_groups) to 1
2026-06-13 23:57:22.160 10 INFO neutron.db.ovn_revision_numbers_db [None req-a6fb35a0-c87c-4642-8f88-baa5352cb71c 0badf3674b824baf9deb0d3b13eef2c5 85afb4b5014f42358a55eb5080f7a039 - - default default] Successfully bumped revision number for resource 28e997df-a829-4307-b8f5-a90a72db99ef (type: security_group_rules) to 0
2026-06-13 23:57:22.174 10 INFO neutron.db.ovn_revision_numbers_db [None req-a6fb35a0-c87c-4642-8f88-baa5352cb71c 0badf3674b824baf9deb0d3b13eef2c5 85afb4b5014f42358a55eb5080f7a039 - - default default] Successfully bumped revision number for resource 90c0e9d4-1370-46a6-b6f4-4d81b7544db0 (type: security_group_rules) to 0
2026-06-13 23:57:22.188 10 INFO neutron.db.ovn_revision_numbers_db [None req-a6fb35a0-c87c-4642-8f88-baa5352cb71c 0badf3674b824baf9deb0d3b13eef2c5 85afb4b5014f42358a55eb5080f7a039 - - default default] Successfully bumped revision number for resource 9c7566ea-7ebc-4ecb-8582-6541c4c55839 (type: security_group_rules) to 0
2026-06-13 23:57:22.199 10 INFO neutron.db.ovn_revision_numbers_db [None req-a6fb35a0-c87c-4642-8f88-baa5352cb71c 0badf3674b824baf9deb0d3b13eef2c5 85afb4b5014f42358a55eb5080f7a039 - - default default] Successfully bumped revision number for resource c25cf27a-e433-4cfd-8547-8839d07dfa74 (type: security_group_rules) to 0
2026-06-13 23:57:22.247 10 INFO neutron.db.segments_db [None req-a6fb35a0-c87c-4642-8f88-baa5352cb71c 0badf3674b824baf9deb0d3b13eef2c5 85afb4b5014f42358a55eb5080f7a039 - - default default] Added segment 2f5470d7-5878-4f82-a742-c272386d7d79 of type geneve for network 7e8937bf-19be-4141-9f0f-6fc2d28da193
2026-06-13 23:57:22.367 10 INFO neutron.db.ovn_revision_numbers_db [None req-a6fb35a0-c87c-4642-8f88-baa5352cb71c 0badf3674b824baf9deb0d3b13eef2c5 85afb4b5014f42358a55eb5080f7a039 - - default default] Successfully bumped revision number for resource 7e8937bf-19be-4141-9f0f-6fc2d28da193 (type: networks) to 1
2026-06-13 23:57:22.540 10 WARNING neutron.scheduler.dhcp_agent_scheduler [None req-a6fb35a0-c87c-4642-8f88-baa5352cb71c 0badf3674b824baf9deb0d3b13eef2c5 85afb4b5014f42358a55eb5080f7a039 - - default default] No more DHCP agents
2026-06-13 23:57:22.543 10 WARNING neutron.api.rpc.agentnotifiers.dhcp_rpc_agent_api [None req-a6fb35a0-c87c-4642-8f88-baa5352cb71c 0badf3674b824baf9deb0d3b13eef2c5 85afb4b5014f42358a55eb5080f7a039 - - default default] Unable to schedule network 7e8937bf-19be-4141-9f0f-6fc2d28da193: no agents available; will retry on subsequent port and subnet creation events.
2026-06-13 23:57:22.618 10 INFO neutron.db.ovn_revision_numbers_db [None req-a6fb35a0-c87c-4642-8f88-baa5352cb71c 0badf3674b824baf9deb0d3b13eef2c5 85afb4b5014f42358a55eb5080f7a039 - - default default] Successfully bumped revision number for resource 5eac6333-6cbc-4f17-81ed-8f32423553ed (type: ports) to 1
2026-06-13 23:57:22.650 10 INFO neutron.wsgi [None req-a6fb35a0-c87c-4642-8f88-baa5352cb71c 0badf3674b824baf9deb0d3b13eef2c5 85afb4b5014f42358a55eb5080f7a039 - - default default] 10.0.0.14 "POST /v2.0/networks HTTP/1.1" status: 201 len: 950 time: 0.7335532
2026-06-13 23:57:22.684 10 INFO neutron.wsgi [req-0ade3430-be56-4f76-ba23-acb29a43f866 req-a0492636-6df4-479b-a721-01271d0bbc92 1d7a4a2dffa7432ea531d5c425ecbb54 951f116168b148c0babbf435472011f7 - - default default] 10.0.0.190 "GET /v2.0/ports?device_id=5cec6aa7-73ea-49ef-ac36-f54cc2089a9e HTTP/1.1" status: 200 len: 1168 time: 0.0523818
2026-06-13 23:57:22.731 10 INFO neutron.wsgi [req-0ade3430-be56-4f76-ba23-acb29a43f866 req-e2344004-d278-49cb-ae51-50a176c7efb8 1d7a4a2dffa7432ea531d5c425ecbb54 951f116168b148c0babbf435472011f7 - - default default] 10.0.0.190 "GET /v2.0/security-groups?id=bddfe9d3-8164-46d3-9d7f-9de4686a2d70&fields=id&fields=name HTTP/1.1" status: 200 len: 312 time: 0.0420659
2026-06-13 23:57:22.832 9 WARNING neutron.scheduler.dhcp_agent_scheduler [None req-e1a8ab2f-bc9d-4252-86c8-5465cabad158 0badf3674b824baf9deb0d3b13eef2c5 85afb4b5014f42358a55eb5080f7a039 - - default default] No more DHCP agents
2026-06-13 23:57:22.833 9 WARNING neutron.api.rpc.agentnotifiers.dhcp_rpc_agent_api [None req-e1a8ab2f-bc9d-4252-86c8-5465cabad158 0badf3674b824baf9deb0d3b13eef2c5 85afb4b5014f42358a55eb5080f7a039 - - default default] Unable to schedule network 7e8937bf-19be-4141-9f0f-6fc2d28da193: no agents available; will retry on subsequent port and subnet creation events.
2026-06-13 23:57:22.921 10 WARNING neutron.plugins.ml2.drivers.ovn.mech_driver.ovsdb.ovn_client [None req-e6cf0876-a609-408f-8628-c2f6faf33b79 - - - - - -] No port found with ID 55fcd899-1f2d-4829-9fd4-48601281bd60: RuntimeError: No port found with ID 55fcd899-1f2d-4829-9fd4-48601281bd60
2026-06-13 23:57:22.922 10 INFO neutron.plugins.ml2.drivers.ovn.mech_driver.mech_driver [None req-e6cf0876-a609-408f-8628-c2f6faf33b79 - - - - - -] OVN reports status up for port: 1e85a481-dc5f-4066-9b53-25817399272a
2026-06-13 23:57:22.938 10 INFO neutron.plugins.ml2.plugin [None req-e6cf0876-a609-408f-8628-c2f6faf33b79 - - - - - -] Attempt 1 to provision port 1e85a481-dc5f-4066-9b53-25817399272a
2026-06-13 23:57:23.091 10 INFO neutron.notifiers.nova [-] Nova event matching ['req-761e2609-551c-4ae8-b5f2-a62314ad6f51'] response: {'server_uuid': '5cec6aa7-73ea-49ef-ac36-f54cc2089a9e', 'name': 'network-vif-plugged', 'status': 'completed', 'tag': '1e85a481-dc5f-4066-9b53-25817399272a', 'code': 200}
2026-06-13 23:57:23.258 10 INFO neutron.db.ovn_revision_numbers_db [None req-e6cf0876-a609-408f-8628-c2f6faf33b79 - - - - - -] Successfully bumped revision number for resource 1e85a481-dc5f-4066-9b53-25817399272a (type: ports) to 4
2026-06-13 23:57:23.367 9 INFO neutron.db.ovn_revision_numbers_db [None req-e1a8ab2f-bc9d-4252-86c8-5465cabad158 0badf3674b824baf9deb0d3b13eef2c5 85afb4b5014f42358a55eb5080f7a039 - - default default] Successfully bumped revision number for resource 5eac6333-6cbc-4f17-81ed-8f32423553ed (type: ports) to 2
2026-06-13 23:57:23.414 9 INFO neutron.db.ovn_revision_numbers_db [None req-e1a8ab2f-bc9d-4252-86c8-5465cabad158 0badf3674b824baf9deb0d3b13eef2c5 85afb4b5014f42358a55eb5080f7a039 - - default default] Successfully bumped revision number for resource 18a86c22-9697-45f1-966b-f20c8764d569 (type: subnets) to 0
2026-06-13 23:57:23.430 9 INFO neutron.wsgi [None req-e1a8ab2f-bc9d-4252-86c8-5465cabad158 0badf3674b824baf9deb0d3b13eef2c5 85afb4b5014f42358a55eb5080f7a039 - - default default] 10.0.0.14 "POST /v2.0/subnets HTTP/1.1" status: 201 len: 870 time: 0.7752008 /var/lib/openstack/lib/python3.10/site-packages/pycadf/identifier.py:71: UserWarning: Invalid uuid: neutron. To ensure interoperability, identifiers should be a valid uuid. warnings.warn(('Invalid uuid: %s. To ensure interoperability, '
2026-06-13 23:57:23.711 10 INFO neutron.db.ovn_revision_numbers_db [None req-a98121d3-05bd-4bd7-ad18-b7461bfc8086 0badf3674b824baf9deb0d3b13eef2c5 85afb4b5014f42358a55eb5080f7a039 - - default default] Successfully bumped revision number for resource f29bb1a8-6a51-46c6-b305-52f5be2ea839 (type: security_groups) to 1
2026-06-13 23:57:23.733 10 INFO neutron.db.ovn_revision_numbers_db [None req-a98121d3-05bd-4bd7-ad18-b7461bfc8086 0badf3674b824baf9deb0d3b13eef2c5 85afb4b5014f42358a55eb5080f7a039 - - default default] Successfully bumped revision number for resource 3d13981f-f659-4ba4-95e4-c02cc716976a (type: security_group_rules) to 0
2026-06-13 23:57:23.767 10 INFO neutron.db.ovn_revision_numbers_db [None req-a98121d3-05bd-4bd7-ad18-b7461bfc8086 0badf3674b824baf9deb0d3b13eef2c5 85afb4b5014f42358a55eb5080f7a039 - - default default] Successfully bumped revision number for resource 612b6a40-89c6-4ec5-8767-e8c6d1e33179 (type: security_group_rules) to 0
2026-06-13 23:57:23.795 10 INFO neutron.db.ovn_revision_numbers_db [None req-a98121d3-05bd-4bd7-ad18-b7461bfc8086 0badf3674b824baf9deb0d3b13eef2c5 85afb4b5014f42358a55eb5080f7a039 - - default default] Successfully bumped revision number for resource 68757c1c-576f-43ac-93a9-9f543ca5f2ae (type: security_group_rules) to 0
2026-06-13 23:57:23.837 10 INFO neutron.db.ovn_revision_numbers_db [None req-a98121d3-05bd-4bd7-ad18-b7461bfc8086 0badf3674b824baf9deb0d3b13eef2c5 85afb4b5014f42358a55eb5080f7a039 - - default default] Successfully bumped revision number for resource f99499ec-773a-4293-a7c4-07d577688e3d (type: security_group_rules) to 0
2026-06-13 23:57:23.853 10 INFO neutron.wsgi [req-7c123f67-aa66-4966-b3e1-1ad60457b18e req-cfe61a80-682e-44ab-a4c7-806067669e8f 1d7a4a2dffa7432ea531d5c425ecbb54 951f116168b148c0babbf435472011f7 - - default default] 10.0.0.190 "GET /v2.0/ports?device_id=5cec6aa7-73ea-49ef-ac36-f54cc2089a9e HTTP/1.1" status: 200 len: 1170 time: 0.0518744
2026-06-13 23:57:23.901 10 INFO neutron.db.segments_db [None req-a98121d3-05bd-4bd7-ad18-b7461bfc8086 0badf3674b824baf9deb0d3b13eef2c5 85afb4b5014f42358a55eb5080f7a039 - - default default] Added segment cb649964-898b-41eb-95b6-a5a1c5fb325f of type geneve for network 6c166bfd-7b17-4c5e-a985-f251b2acb8e9
2026-06-13 23:57:23.931 10 INFO neutron.wsgi [req-7c123f67-aa66-4966-b3e1-1ad60457b18e req-72bbdec2-374f-475f-9ee7-3aa7b4e382d1 1d7a4a2dffa7432ea531d5c425ecbb54 951f116168b148c0babbf435472011f7 - - default default] 10.0.0.190 "GET /v2.0/security-groups?id=bddfe9d3-8164-46d3-9d7f-9de4686a2d70&fields=id&fields=name HTTP/1.1" status: 200 len: 312 time: 0.0684767
2026-06-13 23:57:24.054 9 WARNING neutron.scheduler.dhcp_agent_scheduler [None req-8dbc79ea-a0c2-4153-ae27-e073629d4eca 0badf3674b824baf9deb0d3b13eef2c5 85afb4b5014f42358a55eb5080f7a039 - - default default] No more DHCP agents
2026-06-13 23:57:24.057 9 WARNING neutron.api.rpc.agentnotifiers.dhcp_rpc_agent_api [None req-8dbc79ea-a0c2-4153-ae27-e073629d4eca 0badf3674b824baf9deb0d3b13eef2c5 85afb4b5014f42358a55eb5080f7a039 - - default default] Unable to schedule network 644f7abb-5833-4769-bbb9-5ec42dfe6f0e: no agents available; will retry on subsequent port and subnet creation events.
2026-06-13 23:57:24.097 10 INFO neutron.db.ovn_revision_numbers_db [None req-a98121d3-05bd-4bd7-ad18-b7461bfc8086 0badf3674b824baf9deb0d3b13eef2c5 85afb4b5014f42358a55eb5080f7a039 - - default default] Successfully bumped revision number for resource 6c166bfd-7b17-4c5e-a985-f251b2acb8e9 (type: networks) to 1
2026-06-13 23:57:24.221 10 INFO neutron.wsgi [req-1a95a639-3b12-40a3-9d40-f270e20809fe req-edd72c32-da6f-48a8-9ab1-47680a1c2840 1d7a4a2dffa7432ea531d5c425ecbb54 951f116168b148c0babbf435472011f7 - - default default] 10.0.0.190 "GET /v2.0/ports?device_id=5cec6aa7-73ea-49ef-ac36-f54cc2089a9e HTTP/1.1" status: 200 len: 1170 time: 0.0558026
2026-06-13 23:57:24.248 9 INFO neutron.db.ovn_revision_numbers_db [None req-8dbc79ea-a0c2-4153-ae27-e073629d4eca 0badf3674b824baf9deb0d3b13eef2c5 85afb4b5014f42358a55eb5080f7a039 - - default default] Successfully bumped revision number for resource faad9c6b-cf29-4635-b52a-7476ed2ae06e (type: ports) to 1
2026-06-13 23:57:24.297 10 WARNING neutron.scheduler.dhcp_agent_scheduler [None req-a98121d3-05bd-4bd7-ad18-b7461bfc8086 0badf3674b824baf9deb0d3b13eef2c5 85afb4b5014f42358a55eb5080f7a039 - - default default] No more DHCP agents
2026-06-13 23:57:24.299 10 WARNING neutron.api.rpc.agentnotifiers.dhcp_rpc_agent_api [None req-a98121d3-05bd-4bd7-ad18-b7461bfc8086 0badf3674b824baf9deb0d3b13eef2c5 85afb4b5014f42358a55eb5080f7a039 - - default default] Unable to schedule network 6c166bfd-7b17-4c5e-a985-f251b2acb8e9: no agents available; will retry on subsequent port and subnet creation events.
2026-06-13 23:57:24.390 10 INFO neutron.db.ovn_revision_numbers_db [None req-a98121d3-05bd-4bd7-ad18-b7461bfc8086 0badf3674b824baf9deb0d3b13eef2c5 85afb4b5014f42358a55eb5080f7a039 - - default default] Successfully bumped revision number for resource 65476d48-c4f2-4bc3-ad69-a8a3aa16328a (type: ports) to 1
2026-06-13 23:57:24.425 10 INFO neutron.wsgi [None req-a98121d3-05bd-4bd7-ad18-b7461bfc8086 0badf3674b824baf9deb0d3b13eef2c5 85afb4b5014f42358a55eb5080f7a039 - - default default] 10.0.0.14 "POST /v2.0/networks HTTP/1.1" status: 201 len: 954 time: 1.0720820
2026-06-13 23:57:24.609 10 WARNING neutron.scheduler.dhcp_agent_scheduler [None req-3c2f10a7-f4ff-4bac-bd4d-e3db75de2f95 0badf3674b824baf9deb0d3b13eef2c5 85afb4b5014f42358a55eb5080f7a039 - - default default] No more DHCP agents
2026-06-13 23:57:24.615 10 WARNING neutron.api.rpc.agentnotifiers.dhcp_rpc_agent_api [None req-3c2f10a7-f4ff-4bac-bd4d-e3db75de2f95 0badf3674b824baf9deb0d3b13eef2c5 85afb4b5014f42358a55eb5080f7a039 - - default default] Unable to schedule network 6c166bfd-7b17-4c5e-a985-f251b2acb8e9: no agents available; will retry on subsequent port and subnet creation events.
2026-06-13 23:57:24.676 9 INFO neutron.db.l3_db [None req-ad102f2b-3962-431f-b398-69d725cecff9 1d7a4a2dffa7432ea531d5c425ecbb54 951f116168b148c0babbf435472011f7 - - default default] Floating IP a6805d05-b653-4f1f-9947-a6cbffadffed associated. External IP: 10.96.250.209, port: 1e85a481-dc5f-4066-9b53-25817399272a.
2026-06-13 23:57:24.692 9 INFO neutron.db.ovn_revision_numbers_db [None req-b18a1288-af73-4b60-b5ca-037f922ef75d 0badf3674b824baf9deb0d3b13eef2c5 85afb4b5014f42358a55eb5080f7a039 - - default default] Successfully bumped revision number for resource 1cf695b2-c77e-4628-9c5a-58322821dd24 (type: security_groups) to 1
2026-06-13 23:57:24.750 9 INFO neutron.db.ovn_revision_numbers_db [None req-b18a1288-af73-4b60-b5ca-037f922ef75d 0badf3674b824baf9deb0d3b13eef2c5 85afb4b5014f42358a55eb5080f7a039 - - default default] Successfully bumped revision number for resource 7bc1d972-dd33-47f4-bc01-f39689c217e8 (type: security_group_rules) to 0
2026-06-13 23:57:24.912 9 INFO neutron.db.ovn_revision_numbers_db [None req-b18a1288-af73-4b60-b5ca-037f922ef75d 0badf3674b824baf9deb0d3b13eef2c5 85afb4b5014f42358a55eb5080f7a039 - - default default] Successfully bumped revision number for resource 96db669a-17e6-4826-8a40-97354f26298e (type: security_group_rules) to 0
2026-06-13 23:57:24.949 9 INFO neutron.db.ovn_revision_numbers_db [None req-b18a1288-af73-4b60-b5ca-037f922ef75d 0badf3674b824baf9deb0d3b13eef2c5 85afb4b5014f42358a55eb5080f7a039 - - default default] Successfully bumped revision number for resource be381f3e-0426-45b2-9c67-7c4d7d2b834a (type: security_group_rules) to 0
2026-06-13 23:57:24.983 9 INFO neutron.db.ovn_revision_numbers_db [None req-b18a1288-af73-4b60-b5ca-037f922ef75d 0badf3674b824baf9deb0d3b13eef2c5 85afb4b5014f42358a55eb5080f7a039 - - default default] Successfully bumped revision number for resource f534659c-b721-411d-b7f9-3f35b4cd6712 (type: security_group_rules) to 0
2026-06-13 23:57:25.024 9 INFO neutron.wsgi [None req-b18a1288-af73-4b60-b5ca-037f922ef75d 0badf3674b824baf9deb0d3b13eef2c5 85afb4b5014f42358a55eb5080f7a039 - - default default] 10.0.0.14 "GET /v2.0/security-groups?tenant_id=fe461e366bbf443d98f2daf57593564e&name=default HTTP/1.1" status: 200 len: 2996 time: 0.8539691
2026-06-13 23:57:25.121 9 INFO neutron.db.ovn_revision_numbers_db [None req-ad102f2b-3962-431f-b398-69d725cecff9 1d7a4a2dffa7432ea531d5c425ecbb54 951f116168b148c0babbf435472011f7 - - default default] Successfully bumped revision number for resource a6805d05-b653-4f1f-9947-a6cbffadffed (type: floatingips) to 1
2026-06-13 23:57:25.178 10 INFO neutron.notifiers.nova [-] Nova event matching ['req-bbc5f4d0-4593-4332-b102-e61d1ad4f7d4'] response: {'server_uuid': '5cec6aa7-73ea-49ef-ac36-f54cc2089a9e', 'name': 'network-vif-plugged', 'status': 'completed', 'tag': '1e85a481-dc5f-4066-9b53-25817399272a', 'code': 200}
2026-06-13 23:57:25.211 10 INFO neutron.db.ovn_revision_numbers_db [None req-3c2f10a7-f4ff-4bac-bd4d-e3db75de2f95 0badf3674b824baf9deb0d3b13eef2c5 85afb4b5014f42358a55eb5080f7a039 - - default default] Successfully bumped revision number for resource 65476d48-c4f2-4bc3-ad69-a8a3aa16328a (type: ports) to 2
2026-06-13 23:57:25.268 10 INFO neutron.db.ovn_revision_numbers_db [None req-3c2f10a7-f4ff-4bac-bd4d-e3db75de2f95 0badf3674b824baf9deb0d3b13eef2c5 85afb4b5014f42358a55eb5080f7a039 - - default default] Successfully bumped revision number for resource da648e12-69ce-4a35-9604-b51993c047ce (type: subnets) to 0
2026-06-13 23:57:25.297 10 INFO neutron.wsgi [None req-3c2f10a7-f4ff-4bac-bd4d-e3db75de2f95 0badf3674b824baf9deb0d3b13eef2c5 85afb4b5014f42358a55eb5080f7a039 - - default default] 10.0.0.14 "POST /v2.0/subnets HTTP/1.1" status: 201 len: 874 time: 0.8659112
2026-06-13 23:57:25.312 9 INFO neutron.db.ovn_revision_numbers_db [None req-ad102f2b-3962-431f-b398-69d725cecff9 1d7a4a2dffa7432ea531d5c425ecbb54 951f116168b148c0babbf435472011f7 - - default default] Successfully bumped revision number for resource a6805d05-b653-4f1f-9947-a6cbffadffed (type: floatingips) to 2
2026-06-13 23:57:25.318 10 INFO neutron.wsgi [None req-8d93e847-555b-4d5a-bcaa-ad8627c60fc5 0badf3674b824baf9deb0d3b13eef2c5 85afb4b5014f42358a55eb5080f7a039 - - default default] 10.0.0.14 "DELETE /v2.0/security-groups/1cf695b2-c77e-4628-9c5a-58322821dd24 HTTP/1.1" status: 204 len: 168 time: 0.2878108
2026-06-13 23:57:25.346 9 INFO neutron.wsgi [None req-ad102f2b-3962-431f-b398-69d725cecff9 1d7a4a2dffa7432ea531d5c425ecbb54 951f116168b148c0babbf435472011f7 - - default default] 10.0.0.14 "PUT /v2.0/floatingips/a6805d05-b653-4f1f-9947-a6cbffadffed HTTP/1.1" status: 200 len: 1049 time: 1.1175358
2026-06-13 23:57:25.352 10 INFO neutron.plugins.ml2.drivers.ovn.mech_driver.mech_driver [None req-e6cf0876-a609-408f-8628-c2f6faf33b79 - - - - - -] OVN reports status up for port: faad9c6b-cf29-4635-b52a-7476ed2ae06e
2026-06-13 23:57:25.361 10 INFO neutron.plugins.ml2.plugin [None req-e6cf0876-a609-408f-8628-c2f6faf33b79 - - - - - -] Attempt 1 to provision port faad9c6b-cf29-4635-b52a-7476ed2ae06e
2026-06-13 23:57:25.382 9 INFO neutron.plugins.ml2.drivers.ovn.mech_driver.ovsdb.ovsdb_monitor [None req-d8a8ead0-a392-40d1-a1c8-5b1bdc3828eb - - - - - -] Router aac1080d-b63a-4c3a-b184-dcb774573c3e is bound to host instance /var/lib/openstack/lib/python3.10/site-packages/pycadf/identifier.py:71: UserWarning: Invalid uuid: neutron. To ensure interoperability, identifiers should be a valid uuid. warnings.warn(('Invalid uuid: %s. To ensure interoperability, '
2026-06-13 23:57:25.429 9 INFO neutron.db.ovn_revision_numbers_db [None req-8dbc79ea-a0c2-4153-ae27-e073629d4eca 0badf3674b824baf9deb0d3b13eef2c5 85afb4b5014f42358a55eb5080f7a039 - - default default] Successfully bumped revision number for resource faad9c6b-cf29-4635-b52a-7476ed2ae06e (type: router_ports) to 1
2026-06-13 23:57:25.523 10 INFO neutron.wsgi [req-87950cd4-d5e6-4ffd-b9be-a6a65e92b3fa req-8872236e-8c8b-4770-8826-c84688cc35a8 1d7a4a2dffa7432ea531d5c425ecbb54 951f116168b148c0babbf435472011f7 - - default default] 10.0.0.190 "GET /v2.0/ports?device_id=5cec6aa7-73ea-49ef-ac36-f54cc2089a9e HTTP/1.1" status: 200 len: 1170 time: 0.1243029
2026-06-13 23:57:25.562 9 INFO neutron.db.ovn_revision_numbers_db [None req-8dbc79ea-a0c2-4153-ae27-e073629d4eca 0badf3674b824baf9deb0d3b13eef2c5 85afb4b5014f42358a55eb5080f7a039 - - default default] Successfully bumped revision number for resource aac1080d-b63a-4c3a-b184-dcb774573c3e (type: routers) to 2
2026-06-13 23:57:25.575 10 INFO neutron.wsgi [req-87950cd4-d5e6-4ffd-b9be-a6a65e92b3fa req-8311406e-39dd-47bd-973c-b57d7043ff5d 1d7a4a2dffa7432ea531d5c425ecbb54 951f116168b148c0babbf435472011f7 - - default default] 10.0.0.190 "GET /v2.0/security-groups?id=bddfe9d3-8164-46d3-9d7f-9de4686a2d70&fields=id&fields=name HTTP/1.1" status: 200 len: 312 time: 0.0404315
2026-06-13 23:57:25.588 9 INFO neutron.wsgi [None req-8dbc79ea-a0c2-4153-ae27-e073629d4eca 0badf3674b824baf9deb0d3b13eef2c5 85afb4b5014f42358a55eb5080f7a039 - - default default] 10.0.0.14 "POST /v2.0/routers HTTP/1.1" status: 201 len: 881 time: 2.1490293
2026-06-13 23:57:25.986 10 INFO neutron.wsgi [req-fa857242-7c94-48c5-95f5-b0b41a1bb089 req-7fafe12a-3da9-49ca-9e1d-ea4940520592 1d7a4a2dffa7432ea531d5c425ecbb54 951f116168b148c0babbf435472011f7 - - default default] 10.0.0.190 "GET /v2.0/ports?device_id=5cec6aa7-73ea-49ef-ac36-f54cc2089a9e HTTP/1.1" status: 200 len: 1170 time: 0.0561686
2026-06-13 23:57:25.997 9 INFO neutron.notifiers.nova [-] Nova event matching ['req-02dbc5e9-00d0-40f0-998d-c648b365a82d'] response: {'name': 'network-changed', 'server_uuid': '5cec6aa7-73ea-49ef-ac36-f54cc2089a9e', 'tag': '1e85a481-dc5f-4066-9b53-25817399272a', 'status': 'completed', 'code': 200}
2026-06-13 23:57:26.076 10 INFO neutron.wsgi [req-b42a7d70-1db2-41a0-8b7f-57a1caf85ba2 req-a2b8d007-30e5-460e-98ba-c596a604daff 326affdcbef54fcf91d2ce6f747d6909 6cdd55410299440194f68e01f06829eb - - 43d848d5152f49aa96a22434d33eb6cf 43d848d5152f49aa96a22434d33eb6cf] 199.204.45.95 "GET /v2.0/ports?tenant_id=951f116168b148c0babbf435472011f7&device_id=5cec6aa7-73ea-49ef-ac36-f54cc2089a9e HTTP/1.1" status: 200 len: 1409 time: 0.0558262
2026-06-13 23:57:26.083 10 INFO neutron.wsgi [req-fa857242-7c94-48c5-95f5-b0b41a1bb089 req-2723b428-58a1-4d5f-a778-bd8c0f0254b9 1d7a4a2dffa7432ea531d5c425ecbb54 951f116168b148c0babbf435472011f7 - - default default] 10.0.0.190 "GET /v2.0/security-groups?id=bddfe9d3-8164-46d3-9d7f-9de4686a2d70&fields=id&fields=name HTTP/1.1" status: 200 len: 312 time: 0.0833337
2026-06-13 23:57:26.100 9 WARNING neutron.scheduler.dhcp_agent_scheduler [None req-9dd12b33-7759-48dd-8873-c551711ce004 0badf3674b824baf9deb0d3b13eef2c5 85afb4b5014f42358a55eb5080f7a039 - - default default] No more DHCP agents
2026-06-13 23:57:26.101 9 WARNING neutron.api.rpc.agentnotifiers.dhcp_rpc_agent_api [None req-9dd12b33-7759-48dd-8873-c551711ce004 0badf3674b824baf9deb0d3b13eef2c5 85afb4b5014f42358a55eb5080f7a039 - - default default] Unable to schedule network 644f7abb-5833-4769-bbb9-5ec42dfe6f0e: no agents available; will retry on subsequent port and subnet creation events.
2026-06-13 23:57:26.163 10 INFO neutron.wsgi [req-b42a7d70-1db2-41a0-8b7f-57a1caf85ba2 req-ada33576-dd20-4aeb-a780-d4f1edccdea5 326affdcbef54fcf91d2ce6f747d6909 6cdd55410299440194f68e01f06829eb - - 43d848d5152f49aa96a22434d33eb6cf 43d848d5152f49aa96a22434d33eb6cf] 199.204.45.95 "GET /v2.0/networks?id=8347d225-a677-4484-847f-029afc77f80d HTTP/1.1" status: 200 len: 974 time: 0.0788791
2026-06-13 23:57:26.228 10 INFO neutron.wsgi [req-b42a7d70-1db2-41a0-8b7f-57a1caf85ba2 req-86b8537d-4f6d-4b48-876d-a70702a27ad5 326affdcbef54fcf91d2ce6f747d6909 6cdd55410299440194f68e01f06829eb - - 43d848d5152f49aa96a22434d33eb6cf 43d848d5152f49aa96a22434d33eb6cf] 199.204.45.95 "GET /v2.0/floatingips?fixed_ip_address=10.100.0.4&port_id=1e85a481-dc5f-4066-9b53-25817399272a HTTP/1.1" status: 200 len: 1059 time: 0.0596962
2026-06-13 23:57:26.248 9 INFO neutron.db.ovn_revision_numbers_db [None req-d8a8ead0-a392-40d1-a1c8-5b1bdc3828eb - - - - - -] Successfully bumped revision number for resource faad9c6b-cf29-4635-b52a-7476ed2ae06e (type: ports) to 1
2026-06-13 23:57:26.258 10 WARNING neutron.scheduler.dhcp_agent_scheduler [None req-0102cd04-5bcd-446f-b0af-fd19f7c96a4b 0badf3674b824baf9deb0d3b13eef2c5 85afb4b5014f42358a55eb5080f7a039 - - default default] No more DHCP agents
2026-06-13 23:57:26.264 10 WARNING neutron.api.rpc.agentnotifiers.dhcp_rpc_agent_api [None req-0102cd04-5bcd-446f-b0af-fd19f7c96a4b 0badf3674b824baf9deb0d3b13eef2c5 85afb4b5014f42358a55eb5080f7a039 - - default default] Unable to schedule network 7e8937bf-19be-4141-9f0f-6fc2d28da193: no agents available; will retry on subsequent port and subnet creation events.
2026-06-13 23:57:26.282 10 INFO neutron.wsgi [req-b42a7d70-1db2-41a0-8b7f-57a1caf85ba2 req-7bd060cc-f9ea-446a-a458-760ee652bd18 326affdcbef54fcf91d2ce6f747d6909 6cdd55410299440194f68e01f06829eb - - 43d848d5152f49aa96a22434d33eb6cf 43d848d5152f49aa96a22434d33eb6cf] 199.204.45.95 "GET /v2.0/subnets?id=d31447c0-804e-45e4-bde7-3559ab51fb14 HTTP/1.1" status: 200 len: 869 time: 0.0449023
2026-06-13 23:57:26.318 10 INFO neutron.wsgi [req-b42a7d70-1db2-41a0-8b7f-57a1caf85ba2 req-8adb7616-f61f-4f82-b3bf-caf3ac4bd698 326affdcbef54fcf91d2ce6f747d6909 6cdd55410299440194f68e01f06829eb - - 43d848d5152f49aa96a22434d33eb6cf 43d848d5152f49aa96a22434d33eb6cf] 199.204.45.95 "GET /v2.0/ports?network_id=8347d225-a677-4484-847f-029afc77f80d&device_owner=network%3Adhcp HTTP/1.1" status: 200 len: 210 time: 0.0285761
2026-06-13 23:57:26.326 9 INFO neutron.db.ovn_revision_numbers_db [None req-9dd12b33-7759-48dd-8873-c551711ce004 0badf3674b824baf9deb0d3b13eef2c5 85afb4b5014f42358a55eb5080f7a039 - - default default] Successfully bumped revision number for resource a19fe586-4654-43ee-bdac-57b4ede156f5 (type: ports) to 1
2026-06-13 23:57:26.402 10 INFO neutron.wsgi [req-b42a7d70-1db2-41a0-8b7f-57a1caf85ba2 req-8997f119-c18b-4b33-8c8c-62720352ed00 326affdcbef54fcf91d2ce6f747d6909 6cdd55410299440194f68e01f06829eb - - 43d848d5152f49aa96a22434d33eb6cf 43d848d5152f49aa96a22434d33eb6cf] 199.204.45.95 "GET /v2.0/networks/8347d225-a677-4484-847f-029afc77f80d?fields=segments HTTP/1.1" status: 200 len: 212 time: 0.0773752
2026-06-13 23:57:26.474 10 INFO neutron.wsgi [req-b42a7d70-1db2-41a0-8b7f-57a1caf85ba2 req-e48c959a-5eb7-4fe3-b155-7fa379156ea7 326affdcbef54fcf91d2ce6f747d6909 6cdd55410299440194f68e01f06829eb - - 43d848d5152f49aa96a22434d33eb6cf 43d848d5152f49aa96a22434d33eb6cf] 199.204.45.95 "GET /v2.0/networks/8347d225-a677-4484-847f-029afc77f80d?fields=provider%3Aphysical_network&fields=provider%3Anetwork_type HTTP/1.1" status: 200 len: 277 time: 0.0637479
2026-06-13 23:57:26.478 10 INFO neutron.db.ovn_revision_numbers_db [None req-0102cd04-5bcd-446f-b0af-fd19f7c96a4b 0badf3674b824baf9deb0d3b13eef2c5 85afb4b5014f42358a55eb5080f7a039 - - default default] Successfully bumped revision number for resource 17762816-209e-4122-bd88-1ae7050e93b2 (type: ports) to 1
2026-06-13 23:57:26.515 9 INFO neutron.wsgi [req-d3827ae6-c362-40a7-8e0d-0bd4f89cc7e3 req-764dcb27-84dd-4811-a9cd-476ebdecb734 1d7a4a2dffa7432ea531d5c425ecbb54 951f116168b148c0babbf435472011f7 - - default default] 199.204.45.95 "GET /v2.0/ports?device_id=5cec6aa7-73ea-49ef-ac36-f54cc2089a9e HTTP/1.1" status: 200 len: 1170 time: 0.2066875
2026-06-13 23:57:26.685 9 INFO neutron.db.ovn_revision_numbers_db [None req-d8a8ead0-a392-40d1-a1c8-5b1bdc3828eb - - - - - -] Successfully bumped revision number for resource faad9c6b-cf29-4635-b52a-7476ed2ae06e (type: router_ports) to 3
2026-06-13 23:57:27.003 10 INFO neutron.db.ovn_revision_numbers_db [None req-0102cd04-5bcd-446f-b0af-fd19f7c96a4b 0badf3674b824baf9deb0d3b13eef2c5 85afb4b5014f42358a55eb5080f7a039 - - default default] Successfully bumped revision number for resource 17762816-209e-4122-bd88-1ae7050e93b2 (type: router_ports) to 1
2026-06-13 23:57:27.030 9 INFO neutron.plugins.ml2.drivers.ovn.mech_driver.mech_driver [None req-12b9eb48-e3c2-47ec-a464-21ef71433738 - - - - - -] OVN reports status up for port: 17762816-209e-4122-bd88-1ae7050e93b2
2026-06-13 23:57:27.062 9 INFO neutron.plugins.ml2.plugin [None req-12b9eb48-e3c2-47ec-a464-21ef71433738 - - - - - -] Attempt 1 to provision port 17762816-209e-4122-bd88-1ae7050e93b2
2026-06-13 23:57:27.211 10 INFO neutron.wsgi [req-d948957d-ce40-4ea3-afc9-187ed232cd8b req-e8ff45e7-459e-405c-9b7b-d0f8024cc4b1 1d7a4a2dffa7432ea531d5c425ecbb54 951f116168b148c0babbf435472011f7 - - default default] 10.0.0.190 "GET /v2.0/ports?device_id=5cec6aa7-73ea-49ef-ac36-f54cc2089a9e HTTP/1.1" status: 200 len: 1170 time: 0.0664933
2026-06-13 23:57:27.233 10 INFO neutron.db.ovn_revision_numbers_db [None req-0102cd04-5bcd-446f-b0af-fd19f7c96a4b 0badf3674b824baf9deb0d3b13eef2c5 85afb4b5014f42358a55eb5080f7a039 - - default default] Successfully bumped revision number for resource 17762816-209e-4122-bd88-1ae7050e93b2 (type: ports) to 1
2026-06-13 23:57:27.255 10 INFO neutron.wsgi [req-d948957d-ce40-4ea3-afc9-187ed232cd8b req-1dd94a02-97da-4de9-af23-39eeca7483da 1d7a4a2dffa7432ea531d5c425ecbb54 951f116168b148c0babbf435472011f7 - - default default] 10.0.0.190 "GET /v2.0/security-groups?id=bddfe9d3-8164-46d3-9d7f-9de4686a2d70&fields=id&fields=name HTTP/1.1" status: 200 len: 312 time: 0.0369706
2026-06-13 23:57:27.262 9 INFO neutron.db.ovn_revision_numbers_db [None req-d8a8ead0-a392-40d1-a1c8-5b1bdc3828eb - - - - - -] Successfully bumped revision number for resource faad9c6b-cf29-4635-b52a-7476ed2ae06e (type: ports) to 2
2026-06-13 23:57:27.281 9 INFO neutron.db.l3_db [req-d3827ae6-c362-40a7-8e0d-0bd4f89cc7e3 req-7b4f4517-84f3-44ea-a0c8-38f1f85184be 1d7a4a2dffa7432ea531d5c425ecbb54 951f116168b148c0babbf435472011f7 - - default default] Floating IP a6805d05-b653-4f1f-9947-a6cbffadffed disassociated. External IP: 10.96.250.209, port: 1e85a481-dc5f-4066-9b53-25817399272a.
2026-06-13 23:57:27.304 10 WARNING neutron.scheduler.dhcp_agent_scheduler [None req-0102cd04-5bcd-446f-b0af-fd19f7c96a4b 0badf3674b824baf9deb0d3b13eef2c5 85afb4b5014f42358a55eb5080f7a039 - - default default] No more DHCP agents
2026-06-13 23:57:27.305 10 WARNING neutron.api.rpc.agentnotifiers.dhcp_rpc_agent_api [None req-0102cd04-5bcd-446f-b0af-fd19f7c96a4b 0badf3674b824baf9deb0d3b13eef2c5 85afb4b5014f42358a55eb5080f7a039 - - default default] Unable to schedule network 7e8937bf-19be-4141-9f0f-6fc2d28da193: no agents available; will retry on subsequent port and subnet creation events.
2026-06-13 23:57:27.368 9 WARNING neutron_lib.context [None req-2137a446-2869-4d06-b6bf-25aebf63b5bd 736c721534994f348ae1f97ca9e04eb7 0348246a678b4a678332c78904da0a7d - - default default] Method 'is_advsvc' is deprecated since 2023.2 release (neutron-lib 3.8.0) and will be removed once support for the old RBAC API policies will be removed from Neutron. Please use method 'is_service_role' instead.
2026-06-13 23:57:27.693 9 INFO neutron.wsgi [req-d3827ae6-c362-40a7-8e0d-0bd4f89cc7e3 req-7b4f4517-84f3-44ea-a0c8-38f1f85184be 1d7a4a2dffa7432ea531d5c425ecbb54 951f116168b148c0babbf435472011f7 - - default default] 199.204.45.95 "DELETE /v2.0/ports/1e85a481-dc5f-4066-9b53-25817399272a HTTP/1.1" status: 204 len: 173 time: 1.1723864
2026-06-13 23:57:27.737 10 INFO neutron.plugins.ml2.drivers.ovn.mech_driver.ovsdb.ovsdb_monitor [None req-b074062e-c984-4709-9bde-c680a594af17 - - - - - -] Router 89cbe466-285a-46e2-bbed-bf04b4ad4ed0 is bound to host instance
2026-06-13 23:57:27.771 9 INFO neutron.db.ovn_revision_numbers_db [None req-2137a446-2869-4d06-b6bf-25aebf63b5bd 736c721534994f348ae1f97ca9e04eb7 0348246a678b4a678332c78904da0a7d - - default default] Successfully bumped revision number for resource d59b0eef-45d7-4ae4-ab70-a0da4acc7e52 (type: security_groups) to 1
2026-06-13 23:57:27.810 9 INFO neutron.db.ovn_revision_numbers_db [None req-2137a446-2869-4d06-b6bf-25aebf63b5bd 736c721534994f348ae1f97ca9e04eb7 0348246a678b4a678332c78904da0a7d - - default default] Successfully bumped revision number for resource 576ac3c0-a390-4ce7-8247-f481c341a526 (type: security_group_rules) to 0
2026-06-13 23:57:27.826 9 INFO neutron.db.ovn_revision_numbers_db [None req-9dd12b33-7759-48dd-8873-c551711ce004 0badf3674b824baf9deb0d3b13eef2c5 85afb4b5014f42358a55eb5080f7a039 - - default default] Successfully bumped revision number for resource a19fe586-4654-43ee-bdac-57b4ede156f5 (type: router_ports) to 1
2026-06-13 23:57:27.848 9 INFO neutron.db.ovn_revision_numbers_db [None req-2137a446-2869-4d06-b6bf-25aebf63b5bd 736c721534994f348ae1f97ca9e04eb7 0348246a678b4a678332c78904da0a7d - - default default] Successfully bumped revision number for resource 7ca7bdf0-a467-4287-98ed-770c4b610c01 (type: security_group_rules) to 0
2026-06-13 23:57:27.849 9 INFO neutron.db.ovn_revision_numbers_db [None req-12b9eb48-e3c2-47ec-a464-21ef71433738 - - - - - -] Successfully bumped revision number for resource 17762816-209e-4122-bd88-1ae7050e93b2 (type: ports) to 2
2026-06-13 23:57:27.898 9 INFO neutron.db.ovn_revision_numbers_db [None req-2137a446-2869-4d06-b6bf-25aebf63b5bd 736c721534994f348ae1f97ca9e04eb7 0348246a678b4a678332c78904da0a7d - - default default] Successfully bumped revision number for resource 8d44ae87-17b0-44c8-b8b0-0ae33a440a1f (type: security_group_rules) to 0
2026-06-13 23:57:27.944 10 INFO neutron.db.ovn_revision_numbers_db [None req-0102cd04-5bcd-446f-b0af-fd19f7c96a4b 0badf3674b824baf9deb0d3b13eef2c5 85afb4b5014f42358a55eb5080f7a039 - - default default] Successfully bumped revision number for resource 17762816-209e-4122-bd88-1ae7050e93b2 (type: router_ports) to 1
2026-06-13 23:57:27.946 10 INFO neutron.wsgi [None req-0102cd04-5bcd-446f-b0af-fd19f7c96a4b 0badf3674b824baf9deb0d3b13eef2c5 85afb4b5014f42358a55eb5080f7a039 - - default default] 10.0.0.14 "PUT /v2.0/routers/aac1080d-b63a-4c3a-b184-dcb774573c3e/add_router_interface HTTP/1.1" status: 200 len: 503 time: 2.3514695
2026-06-13 23:57:28.049 10 INFO neutron.wsgi [-] 10.0.0.39 "GET / HTTP/1.1" status: 200 len: 247 time: 0.0011740
2026-06-13 23:57:28.050 10 INFO neutron.wsgi [-] 10.0.0.39 "GET / HTTP/1.1" status: 200 len: 247 time: 0.0009120
2026-06-13 23:57:28.085 9 INFO neutron.db.ovn_revision_numbers_db [None req-d8a8ead0-a392-40d1-a1c8-5b1bdc3828eb - - - - - -] Successfully bumped revision number for resource faad9c6b-cf29-4635-b52a-7476ed2ae06e (type: ports) to 4
2026-06-13 23:57:28.088 9 INFO neutron.notifiers.nova [-] Nova event matching ['req-7ecb7417-d31c-4e1d-9dba-18591234895a'] response: {'server_uuid': '5cec6aa7-73ea-49ef-ac36-f54cc2089a9e', 'name': 'network-vif-deleted', 'tag': '1e85a481-dc5f-4066-9b53-25817399272a', 'status': 'completed', 'code': 200}
2026-06-13 23:57:28.093 9 INFO neutron.db.ovn_revision_numbers_db [None req-2137a446-2869-4d06-b6bf-25aebf63b5bd 736c721534994f348ae1f97ca9e04eb7 0348246a678b4a678332c78904da0a7d - - default default] Successfully bumped revision number for resource be46f3da-bcb9-4b86-96ff-afd7c1412291 (type: security_group_rules) to 0
2026-06-13 23:57:28.133 9 INFO neutron.db.ovn_revision_numbers_db [None req-9dd12b33-7759-48dd-8873-c551711ce004 0badf3674b824baf9deb0d3b13eef2c5 85afb4b5014f42358a55eb5080f7a039 - - default default] Successfully bumped revision number for resource 89cbe466-285a-46e2-bbed-bf04b4ad4ed0 (type: routers) to 2
2026-06-13 23:57:28.166 9 INFO neutron.db.segments_db [None req-2137a446-2869-4d06-b6bf-25aebf63b5bd 736c721534994f348ae1f97ca9e04eb7 0348246a678b4a678332c78904da0a7d - - default default] Added segment beaa2271-a7d2-4ba8-b12a-fe5a25470c83 of type geneve for network 8d3c922a-3d13-43b4-80f2-eb95963c1bdb
2026-06-13 23:57:28.167 9 INFO neutron.db.ovn_revision_numbers_db [None req-12b9eb48-e3c2-47ec-a464-21ef71433738 - - - - - -] Successfully bumped revision number for resource 17762816-209e-4122-bd88-1ae7050e93b2 (type: router_ports) to 2
2026-06-13 23:57:28.173 9 INFO neutron.wsgi [None req-9dd12b33-7759-48dd-8873-c551711ce004 0badf3674b824baf9deb0d3b13eef2c5 85afb4b5014f42358a55eb5080f7a039 - - default default] 10.0.0.14 "POST /v2.0/routers HTTP/1.1" status: 201 len: 885 time: 2.8694880
2026-06-13 23:57:28.312 10 INFO neutron.db.ovn_revision_numbers_db [None req-b074062e-c984-4709-9bde-c680a594af17 - - - - - -] Successfully bumped revision number for resource a19fe586-4654-43ee-bdac-57b4ede156f5 (type: ports) to 1
2026-06-13 23:57:28.396 10 INFO neutron.plugins.ml2.drivers.ovn.mech_driver.mech_driver [None req-e6cf0876-a609-408f-8628-c2f6faf33b79 - - - - - -] OVN reports status down for port: 1e85a481-dc5f-4066-9b53-25817399272a
2026-06-13 23:57:28.412 9 INFO neutron.db.ovn_revision_numbers_db [None req-2137a446-2869-4d06-b6bf-25aebf63b5bd 736c721534994f348ae1f97ca9e04eb7 0348246a678b4a678332c78904da0a7d - - default default] Successfully bumped revision number for resource 8d3c922a-3d13-43b4-80f2-eb95963c1bdb (type: networks) to 1
2026-06-13 23:57:28.461 9 INFO neutron.db.ovn_revision_numbers_db [None req-d8a8ead0-a392-40d1-a1c8-5b1bdc3828eb - - - - - -] Successfully bumped revision number for resource faad9c6b-cf29-4635-b52a-7476ed2ae06e (type: router_ports) to 4
2026-06-13 23:57:28.520 9 WARNING neutron_lib.context [None req-54ea5205-0981-47ae-bdc4-af40ffae85f0 4eeb40e412044ee1ab90a3406be960d3 e70ccdf5d2c24a4c9611a994b5941d76 - - default default] Method 'is_advsvc' is deprecated since 2023.2 release (neutron-lib 3.8.0) and will be removed once support for the old RBAC API policies will be removed from Neutron. Please use method 'is_service_role' instead.
2026-06-13 23:57:28.647 9 WARNING neutron.scheduler.dhcp_agent_scheduler [None req-2137a446-2869-4d06-b6bf-25aebf63b5bd 736c721534994f348ae1f97ca9e04eb7 0348246a678b4a678332c78904da0a7d - - default default] No more DHCP agents
2026-06-13 23:57:28.653 9 WARNING neutron.api.rpc.agentnotifiers.dhcp_rpc_agent_api [None req-2137a446-2869-4d06-b6bf-25aebf63b5bd 736c721534994f348ae1f97ca9e04eb7 0348246a678b4a678332c78904da0a7d - - default default] Unable to schedule network 8d3c922a-3d13-43b4-80f2-eb95963c1bdb: no agents available; will retry on subsequent port and subnet creation events.
2026-06-13 23:57:28.695 9 INFO neutron.db.ovn_revision_numbers_db [None req-54ea5205-0981-47ae-bdc4-af40ffae85f0 4eeb40e412044ee1ab90a3406be960d3 e70ccdf5d2c24a4c9611a994b5941d76 - - default default] Successfully bumped revision number for resource d09e65aa-43bd-426b-8dc5-020f9423124b (type: security_groups) to 1
2026-06-13 23:57:28.722 9 INFO neutron.db.ovn_revision_numbers_db [None req-54ea5205-0981-47ae-bdc4-af40ffae85f0 4eeb40e412044ee1ab90a3406be960d3 e70ccdf5d2c24a4c9611a994b5941d76 - - default default] Successfully bumped revision number for resource 167d3c55-781c-462a-be10-c2ba5fa267d3 (type: security_group_rules) to 0
2026-06-13 23:57:28.738 9 INFO neutron.db.ovn_revision_numbers_db [None req-54ea5205-0981-47ae-bdc4-af40ffae85f0 4eeb40e412044ee1ab90a3406be960d3 e70ccdf5d2c24a4c9611a994b5941d76 - - default default] Successfully bumped revision number for resource 1c73dd56-b953-474d-934c-c5170e431c62 (type: security_group_rules) to 0
2026-06-13 23:57:28.741 9 INFO neutron.db.ovn_revision_numbers_db [None req-2137a446-2869-4d06-b6bf-25aebf63b5bd 736c721534994f348ae1f97ca9e04eb7 0348246a678b4a678332c78904da0a7d - - default default] Successfully bumped revision number for resource 0105e2cd-c794-4f98-8320-07ac095503cb (type: ports) to 1
2026-06-13 23:57:28.757 9 INFO neutron.wsgi [None req-54ea5205-0981-47ae-bdc4-af40ffae85f0 4eeb40e412044ee1ab90a3406be960d3 e70ccdf5d2c24a4c9611a994b5941d76 - - default default] 10.0.0.14 "POST /v2.0/security-groups HTTP/1.1" status: 201 len: 1796 time: 0.2436137
2026-06-13 23:57:28.767 9 WARNING neutron_lib.context [None req-335eff3d-25af-41c2-9483-1832f56961ae 4eeb40e412044ee1ab90a3406be960d3 e70ccdf5d2c24a4c9611a994b5941d76 - - default default] Method 'is_advsvc' is deprecated since 2023.2 release (neutron-lib 3.8.0) and will be removed once support for the old RBAC API policies will be removed from Neutron. Please use method 'is_service_role' instead.
2026-06-13 23:57:28.779 9 INFO neutron.wsgi [None req-2137a446-2869-4d06-b6bf-25aebf63b5bd 736c721534994f348ae1f97ca9e04eb7 0348246a678b4a678332c78904da0a7d - - default default] 10.0.0.14 "POST /v2.0/networks HTTP/1.1" status: 201 len: 847 time: 1.5955677
2026-06-13 23:57:28.788 9 WARNING neutron_lib.context [None req-e7c265e2-fcda-4b07-9085-ff77d9cf28ab 736c721534994f348ae1f97ca9e04eb7 0348246a678b4a678332c78904da0a7d - - default default] Method 'is_advsvc' is deprecated since 2023.2 release (neutron-lib 3.8.0) and will be removed once support for the old RBAC API policies will be removed from Neutron. Please use method 'is_service_role' instead.
2026-06-13 23:57:28.834 10 INFO neutron.wsgi [None req-ba4254a9-853c-4756-bfc7-6ca2fe8137ed 1d7a4a2dffa7432ea531d5c425ecbb54 951f116168b148c0babbf435472011f7 - - default default] 10.0.0.14 "DELETE /v2.0/security-groups/bddfe9d3-8164-46d3-9d7f-9de4686a2d70 HTTP/1.1" status: 204 len: 168 time: 0.4638331 /var/lib/openstack/lib/python3.10/site-packages/pycadf/identifier.py:71: UserWarning: Invalid uuid: neutron. To ensure interoperability, identifiers should be a valid uuid. warnings.warn(('Invalid uuid: %s. To ensure interoperability, '
2026-06-13 23:57:28.858 10 INFO neutron.api.v2.resource [None req-b956a111-465c-4b93-89c0-6e2a10c50b45 1d7a4a2dffa7432ea531d5c425ecbb54 951f116168b148c0babbf435472011f7 - - default default] show failed (client error): The resource could not be found.
2026-06-13 23:57:28.859 10 INFO neutron.wsgi [None req-b956a111-465c-4b93-89c0-6e2a10c50b45 1d7a4a2dffa7432ea531d5c425ecbb54 951f116168b148c0babbf435472011f7 - - default default] 10.0.0.14 "GET /v2.0/security-groups/bddfe9d3-8164-46d3-9d7f-9de4686a2d70 HTTP/1.1" status: 404 len: 347 time: 0.0188489
2026-06-13 23:57:28.881 10 INFO neutron.db.ovn_revision_numbers_db [None req-b074062e-c984-4709-9bde-c680a594af17 - - - - - -] Successfully bumped revision number for resource a19fe586-4654-43ee-bdac-57b4ede156f5 (type: router_ports) to 3
2026-06-13 23:57:28.958 9 INFO neutron.db.ovn_revision_numbers_db [None req-335eff3d-25af-41c2-9483-1832f56961ae 4eeb40e412044ee1ab90a3406be960d3 e70ccdf5d2c24a4c9611a994b5941d76 - - default default] Successfully bumped revision number for resource 3c2d9534-e3eb-42a5-8101-547def0d1cfd (type: security_group_rules) to 0
2026-06-13 23:57:28.994 9 INFO neutron.wsgi [None req-335eff3d-25af-41c2-9483-1832f56961ae 4eeb40e412044ee1ab90a3406be960d3 e70ccdf5d2c24a4c9611a994b5941d76 - - default default] 10.0.0.14 "POST /v2.0/security-group-rules HTTP/1.1" status: 201 len: 764 time: 0.2306247
2026-06-13 23:57:29.007 9 WARNING neutron_lib.context [None req-6174194e-e967-4f27-bcb8-36fc1be32444 4eeb40e412044ee1ab90a3406be960d3 e70ccdf5d2c24a4c9611a994b5941d76 - - default default] Method 'is_advsvc' is deprecated since 2023.2 release (neutron-lib 3.8.0) and will be removed once support for the old RBAC API policies will be removed from Neutron. Please use method 'is_service_role' instead.
2026-06-13 23:57:29.055 9 WARNING neutron.scheduler.dhcp_agent_scheduler [None req-e7c265e2-fcda-4b07-9085-ff77d9cf28ab 736c721534994f348ae1f97ca9e04eb7 0348246a678b4a678332c78904da0a7d - - default default] No more DHCP agents
2026-06-13 23:57:29.058 9 WARNING neutron.api.rpc.agentnotifiers.dhcp_rpc_agent_api [None req-e7c265e2-fcda-4b07-9085-ff77d9cf28ab 736c721534994f348ae1f97ca9e04eb7 0348246a678b4a678332c78904da0a7d - - default default] Unable to schedule network 8d3c922a-3d13-43b4-80f2-eb95963c1bdb: no agents available; will retry on subsequent port and subnet creation events.
2026-06-13 23:57:29.087 9 INFO neutron.db.ovn_revision_numbers_db [None req-e7c265e2-fcda-4b07-9085-ff77d9cf28ab 736c721534994f348ae1f97ca9e04eb7 0348246a678b4a678332c78904da0a7d - - default default] Successfully bumped revision number for resource b0bc9cbc-b27c-4e0c-9327-c205f0e9b9a3 (type: subnets) to 0
2026-06-13 23:57:29.098 10 WARNING neutron.scheduler.dhcp_agent_scheduler [None req-6e3f0694-7bd7-4c94-abe3-00f492858be7 0badf3674b824baf9deb0d3b13eef2c5 85afb4b5014f42358a55eb5080f7a039 - - default default] No more DHCP agents
2026-06-13 23:57:29.107 9 INFO neutron.wsgi [None req-e7c265e2-fcda-4b07-9085-ff77d9cf28ab 736c721534994f348ae1f97ca9e04eb7 0348246a678b4a678332c78904da0a7d - - default default] 10.0.0.14 "POST /v2.0/subnets HTTP/1.1" status: 201 len: 802 time: 0.3219786
2026-06-13 23:57:29.117 10 WARNING neutron.api.rpc.agentnotifiers.dhcp_rpc_agent_api [None req-6e3f0694-7bd7-4c94-abe3-00f492858be7 0badf3674b824baf9deb0d3b13eef2c5 85afb4b5014f42358a55eb5080f7a039 - - default default] Unable to schedule network 6c166bfd-7b17-4c5e-a985-f251b2acb8e9: no agents available; will retry on subsequent port and subnet creation events.
2026-06-13 23:57:29.119 9 WARNING neutron_lib.context [None req-54bfb6a1-89b6-470e-94f0-36c9d3b72555 736c721534994f348ae1f97ca9e04eb7 0348246a678b4a678332c78904da0a7d - - default default] Method 'is_advsvc' is deprecated since 2023.2 release (neutron-lib 3.8.0) and will be removed once support for the old RBAC API policies will be removed from Neutron. Please use method 'is_service_role' instead.
2026-06-13 23:57:29.157 9 INFO neutron.db.ovn_revision_numbers_db [None req-6174194e-e967-4f27-bcb8-36fc1be32444 4eeb40e412044ee1ab90a3406be960d3 e70ccdf5d2c24a4c9611a994b5941d76 - - default default] Successfully bumped revision number for resource 012dcc41-326c-4b90-bb34-0e74f2d9ccbc (type: security_group_rules) to 0
2026-06-13 23:57:29.189 10 INFO neutron.db.ovn_revision_numbers_db [None req-b074062e-c984-4709-9bde-c680a594af17 - - - - - -] Successfully bumped revision number for resource a19fe586-4654-43ee-bdac-57b4ede156f5 (type: ports) to 2
2026-06-13 23:57:29.207 9 INFO neutron.wsgi [None req-6174194e-e967-4f27-bcb8-36fc1be32444 4eeb40e412044ee1ab90a3406be960d3 e70ccdf5d2c24a4c9611a994b5941d76 - - default default] 10.0.0.14 "POST /v2.0/security-group-rules HTTP/1.1" status: 201 len: 769 time: 0.2046230
2026-06-13 23:57:29.218 9 WARNING neutron_lib.context [None req-d3fe94f8-c86e-4eb4-a8eb-e3300d2ddfc2 4eeb40e412044ee1ab90a3406be960d3 e70ccdf5d2c24a4c9611a994b5941d76 - - default default] Method 'is_advsvc' is deprecated since 2023.2 release (neutron-lib 3.8.0) and will be removed once support for the old RBAC API policies will be removed from Neutron. Please use method 'is_service_role' instead.
2026-06-13 23:57:29.400 10 INFO neutron.db.ovn_revision_numbers_db [None req-6e3f0694-7bd7-4c94-abe3-00f492858be7 0badf3674b824baf9deb0d3b13eef2c5 85afb4b5014f42358a55eb5080f7a039 - - default default] Successfully bumped revision number for resource ca502356-a78f-4304-a763-230542f6bfb5 (type: ports) to 1
2026-06-13 23:57:29.482 10 INFO neutron.wsgi [None req-68c9be2a-a3c1-4691-8c84-b531b2ce6e54 1d7a4a2dffa7432ea531d5c425ecbb54 951f116168b148c0babbf435472011f7 - - default default] 10.0.0.14 "DELETE /v2.0/floatingips/a6805d05-b653-4f1f-9947-a6cbffadffed HTTP/1.1" status: 204 len: 168 time: 0.6180487
2026-06-13 23:57:29.612 10 INFO neutron.db.ovn_revision_numbers_db [None req-b074062e-c984-4709-9bde-c680a594af17 - - - - - -] Successfully bumped revision number for resource a19fe586-4654-43ee-bdac-57b4ede156f5 (type: ports) to 4
2026-06-13 23:57:29.919 9 WARNING neutron.scheduler.dhcp_agent_scheduler [None req-d3fe94f8-c86e-4eb4-a8eb-e3300d2ddfc2 4eeb40e412044ee1ab90a3406be960d3 e70ccdf5d2c24a4c9611a994b5941d76 - - default default] No more DHCP agents
2026-06-13 23:57:29.923 10 INFO neutron.db.ovn_revision_numbers_db [None req-b074062e-c984-4709-9bde-c680a594af17 - - - - - -] Successfully bumped revision number for resource a19fe586-4654-43ee-bdac-57b4ede156f5 (type: router_ports) to 4
2026-06-13 23:57:29.937 9 WARNING neutron.api.rpc.agentnotifiers.dhcp_rpc_agent_api [None req-d3fe94f8-c86e-4eb4-a8eb-e3300d2ddfc2 4eeb40e412044ee1ab90a3406be960d3 e70ccdf5d2c24a4c9611a994b5941d76 - - default default] Unable to schedule network 644f7abb-5833-4769-bbb9-5ec42dfe6f0e: no agents available; will retry on subsequent port and subnet creation events.
2026-06-13 23:57:29.979 10 INFO neutron.plugins.ml2.drivers.ovn.mech_driver.mech_driver [None req-e6cf0876-a609-408f-8628-c2f6faf33b79 - - - - - -] OVN reports status up for port: ca502356-a78f-4304-a763-230542f6bfb5
2026-06-13 23:57:30.006 10 INFO neutron.plugins.ml2.plugin [None req-e6cf0876-a609-408f-8628-c2f6faf33b79 - - - - - -] Attempt 1 to provision port ca502356-a78f-4304-a763-230542f6bfb5
2026-06-13 23:57:30.017 9 WARNING neutron.scheduler.dhcp_agent_scheduler [None req-54bfb6a1-89b6-470e-94f0-36c9d3b72555 736c721534994f348ae1f97ca9e04eb7 0348246a678b4a678332c78904da0a7d - - default default] No more DHCP agents
