2026-06-13 23:57:48.591 10 INFO neutron.services.segments.plugin [-] Segment 3a912940-ffeb-4b73-b183-79b4693efb34 resource provider not found; error: Placement Client Error (4xx): {"errors": [{"status": 404, "title": "Not Found", "detail": "The resource could not be found.\n\n No resource provider with uuid 3a912940-ffeb-4b73-b183-79b4693efb34 found for delete ", "request_id": "req-6c43b6be-04cd-4981-b320-cebce8fbe02e"}]}
2026-06-13 23:57:48.625 10 INFO neutron.wsgi [None req-66beba2c-9408-408a-9b74-329da43cdd1b c7fa7798cb1744778cf4fd4f0022f0fd 215b7fa683874f23bff7571ee30911f0 - - default default] 10.0.0.14 "DELETE /v2.0/networks/a4f513a5-b288-4e54-9a69-49d7d87689ae HTTP/1.1" status: 204 len: 168 time: 0.4394929
2026-06-13 23:57:48.990 10 INFO neutron.wsgi [None req-71564a9d-0c2c-4023-878a-f03d23cc2447 c7fa7798cb1744778cf4fd4f0022f0fd 215b7fa683874f23bff7571ee30911f0 - - default default] 10.0.0.14 "DELETE /v2.0/networks/f35e6e4d-b217-4506-a839-82660a9973d0 HTTP/1.1" status: 204 len: 168 time: 0.3594480
2026-06-13 23:57:49.057 10 INFO neutron.wsgi [None req-19e82249-5a18-4364-b9e0-705c701ebbd5 c7fa7798cb1744778cf4fd4f0022f0fd 215b7fa683874f23bff7571ee30911f0 - - default default] 10.0.0.14 "GET /v2.0/networks HTTP/1.1" status: 200 len: 845 time: 0.0592942
2026-06-13 23:57:49.066 10 WARNING neutron_lib.context [None req-8a9671bd-7450-46a9-87a8-4ae23c9ecde2 c7fa7798cb1744778cf4fd4f0022f0fd 215b7fa683874f23bff7571ee30911f0 - - default default] Method 'is_advsvc' is deprecated since 2023.2 release (neutron-lib 3.8.0) and will be removed once support for the old RBAC API policies will be removed from Neutron. Please use method 'is_service_role' instead.
2026-06-13 23:57:49.085 9 INFO neutron.wsgi [None req-85d9cf48-3129-4ee9-9580-8eb801ee60a1 0badf3674b824baf9deb0d3b13eef2c5 85afb4b5014f42358a55eb5080f7a039 - - default default] 10.0.0.14 "DELETE /v2.0/routers/aac1080d-b63a-4c3a-b184-dcb774573c3e HTTP/1.1" status: 204 len: 168 time: 1.1129174
2026-06-13 23:57:49.154 10 INFO neutron.db.segments_db [None req-8a9671bd-7450-46a9-87a8-4ae23c9ecde2 c7fa7798cb1744778cf4fd4f0022f0fd 215b7fa683874f23bff7571ee30911f0 - - default default] Added segment 81ce05c4-7978-42e5-a974-4feca7587eea of type geneve for network 86706ba2-db51-413d-9ba4-126780036e6e
2026-06-13 23:57:49.278 9 INFO neutron.wsgi [None req-aa083fc2-aa96-408a-96ae-6dfe7fa94d27 0badf3674b824baf9deb0d3b13eef2c5 85afb4b5014f42358a55eb5080f7a039 - - default default] 10.0.0.14 "DELETE /v2.0/subnets/18a86c22-9697-45f1-966b-f20c8764d569 HTTP/1.1" status: 204 len: 168 time: 0.1891043
2026-06-13 23:57:49.307 10 INFO neutron.db.ovn_revision_numbers_db [None req-8a9671bd-7450-46a9-87a8-4ae23c9ecde2 c7fa7798cb1744778cf4fd4f0022f0fd 215b7fa683874f23bff7571ee30911f0 - - default default] Successfully bumped revision number for resource 86706ba2-db51-413d-9ba4-126780036e6e (type: networks) to 1
2026-06-13 23:57:49.485 10 WARNING neutron.scheduler.dhcp_agent_scheduler [None req-8a9671bd-7450-46a9-87a8-4ae23c9ecde2 c7fa7798cb1744778cf4fd4f0022f0fd 215b7fa683874f23bff7571ee30911f0 - - default default] No more DHCP agents
2026-06-13 23:57:49.487 10 WARNING neutron.api.rpc.agentnotifiers.dhcp_rpc_agent_api [None req-8a9671bd-7450-46a9-87a8-4ae23c9ecde2 c7fa7798cb1744778cf4fd4f0022f0fd 215b7fa683874f23bff7571ee30911f0 - - default default] Unable to schedule network 86706ba2-db51-413d-9ba4-126780036e6e: no agents available; will retry on subsequent port and subnet creation events.
2026-06-13 23:57:49.569 10 INFO neutron.db.ovn_revision_numbers_db [None req-8a9671bd-7450-46a9-87a8-4ae23c9ecde2 c7fa7798cb1744778cf4fd4f0022f0fd 215b7fa683874f23bff7571ee30911f0 - - default default] Successfully bumped revision number for resource 16376318-82b0-4e94-be7d-f93c9cd40715 (type: ports) to 1
2026-06-13 23:57:49.591 10 INFO neutron.wsgi [None req-8a9671bd-7450-46a9-87a8-4ae23c9ecde2 c7fa7798cb1744778cf4fd4f0022f0fd 215b7fa683874f23bff7571ee30911f0 - - default default] 10.0.0.14 "POST /v2.0/networks HTTP/1.1" status: 201 len: 852 time: 0.5279737
2026-06-13 23:57:49.607 10 WARNING neutron_lib.context [None req-ed2260a6-a2e4-4a10-9491-94482b94ccee c7fa7798cb1744778cf4fd4f0022f0fd 215b7fa683874f23bff7571ee30911f0 - - default default] Method 'is_advsvc' is deprecated since 2023.2 release (neutron-lib 3.8.0) and will be removed once support for the old RBAC API policies will be removed from Neutron. Please use method 'is_service_role' instead.
2026-06-13 23:57:49.646 9 INFO neutron.services.segments.plugin [-] Segment 2f5470d7-5878-4f82-a742-c272386d7d79 resource provider aggregate not found
2026-06-13 23:57:49.651 9 INFO neutron.services.segments.plugin [-] Segment 2f5470d7-5878-4f82-a742-c272386d7d79 resource provider aggregate not found
2026-06-13 23:57:49.673 9 INFO neutron.services.segments.plugin [-] Segment 2f5470d7-5878-4f82-a742-c272386d7d79 resource provider not found; error: Placement Client Error (4xx): {"errors": [{"status": 404, "title": "Not Found", "detail": "The resource could not be found.\n\n No resource provider with uuid 2f5470d7-5878-4f82-a742-c272386d7d79 found for delete ", "request_id": "req-5d539684-14df-485b-a02a-f4a2afa86413"}]}
2026-06-13 23:57:49.677 9 INFO neutron.services.segments.plugin [-] Segment 2f5470d7-5878-4f82-a742-c272386d7d79 resource provider not found; error: Placement Client Error (4xx): {"errors": [{"status": 404, "title": "Not Found", "detail": "The resource could not be found.\n\n No resource provider with uuid 2f5470d7-5878-4f82-a742-c272386d7d79 found for delete ", "request_id": "req-e704222f-8a02-4bd9-b6dd-fa8c4bebbec7"}]}
2026-06-13 23:57:49.696 9 INFO neutron.wsgi [None req-c9ec4335-f139-47b5-b565-a17ac9087d95 0badf3674b824baf9deb0d3b13eef2c5 85afb4b5014f42358a55eb5080f7a039 - - default default] 10.0.0.14 "DELETE /v2.0/networks/7e8937bf-19be-4141-9f0f-6fc2d28da193 HTTP/1.1" status: 204 len: 168 time: 0.4065998
2026-06-13 23:57:49.710 10 INFO neutron.db.segments_db [None req-ed2260a6-a2e4-4a10-9491-94482b94ccee c7fa7798cb1744778cf4fd4f0022f0fd 215b7fa683874f23bff7571ee30911f0 - - default default] Added segment 202333a1-c8a8-4805-8704-15dd762f00ff of type geneve for network 854e187c-8674-45bd-b0d3-6cf0dabc47a2
2026-06-13 23:57:49.875 9 INFO neutron.wsgi [None req-ca8f2070-a1c4-45d8-813d-ac2fc0537229 0badf3674b824baf9deb0d3b13eef2c5 85afb4b5014f42358a55eb5080f7a039 - - default default] 10.0.0.14 "GET /v2.0/security-groups?tenant_id=e70ccdf5d2c24a4c9611a994b5941d76&name=default HTTP/1.1" status: 200 len: 2996 time: 0.0349627
2026-06-13 23:57:50.106 10 INFO neutron.db.ovn_revision_numbers_db [None req-db246dcd-cc14-40ff-ba1e-824ba401f9a1 0badf3674b824baf9deb0d3b13eef2c5 85afb4b5014f42358a55eb5080f7a039 - - default default] Successfully bumped revision number for resource c3901116-ea4c-446b-ae91-759a27c45342 (type: security_groups) to 1
2026-06-13 23:57:50.111 10 INFO neutron.db.ovn_revision_numbers_db [None req-ed2260a6-a2e4-4a10-9491-94482b94ccee c7fa7798cb1744778cf4fd4f0022f0fd 215b7fa683874f23bff7571ee30911f0 - - default default] Successfully bumped revision number for resource 854e187c-8674-45bd-b0d3-6cf0dabc47a2 (type: networks) to 1
2026-06-13 23:57:50.125 10 INFO neutron.db.ovn_revision_numbers_db [None req-db246dcd-cc14-40ff-ba1e-824ba401f9a1 0badf3674b824baf9deb0d3b13eef2c5 85afb4b5014f42358a55eb5080f7a039 - - default default] Successfully bumped revision number for resource b1ab2faa-e865-4cca-b666-6176e6e6b5c1 (type: security_group_rules) to 0
2026-06-13 23:57:50.159 10 INFO neutron.db.ovn_revision_numbers_db [None req-db246dcd-cc14-40ff-ba1e-824ba401f9a1 0badf3674b824baf9deb0d3b13eef2c5 85afb4b5014f42358a55eb5080f7a039 - - default default] Successfully bumped revision number for resource cee832e6-32d9-4a05-9f03-42d63e056c25 (type: security_group_rules) to 0
2026-06-13 23:57:50.176 9 INFO neutron.wsgi [None req-27a82a21-0cc1-4d26-baf0-6e1bf449ec6b 0badf3674b824baf9deb0d3b13eef2c5 85afb4b5014f42358a55eb5080f7a039 - - default default] 10.0.0.14 "DELETE /v2.0/security-groups/2227359b-00ab-4ef4-9a2b-695de4d6e0ba HTTP/1.1" status: 204 len: 168 time: 0.2969434
2026-06-13 23:57:50.187 10 INFO neutron.db.ovn_revision_numbers_db [None req-db246dcd-cc14-40ff-ba1e-824ba401f9a1 0badf3674b824baf9deb0d3b13eef2c5 85afb4b5014f42358a55eb5080f7a039 - - default default] Successfully bumped revision number for resource ee3d3e94-eebc-414f-8d7e-84415277a40b (type: security_group_rules) to 0
2026-06-13 23:57:50.214 10 INFO neutron.db.ovn_revision_numbers_db [None req-db246dcd-cc14-40ff-ba1e-824ba401f9a1 0badf3674b824baf9deb0d3b13eef2c5 85afb4b5014f42358a55eb5080f7a039 - - default default] Successfully bumped revision number for resource f3cc2443-1d8a-415a-b3f1-8ecceca45410 (type: security_group_rules) to 0
2026-06-13 23:57:50.236 10 INFO neutron.wsgi [None req-db246dcd-cc14-40ff-ba1e-824ba401f9a1 0badf3674b824baf9deb0d3b13eef2c5 85afb4b5014f42358a55eb5080f7a039 - - default default] 10.0.0.14 "GET /v2.0/security-groups?tenant_id=cfd94ef4c2ce4fab8033b8bc4b133fdc&name=default HTTP/1.1" status: 200 len: 2996 time: 0.7318053
2026-06-13 23:57:50.330 10 WARNING neutron.scheduler.dhcp_agent_scheduler [None req-ed2260a6-a2e4-4a10-9491-94482b94ccee c7fa7798cb1744778cf4fd4f0022f0fd 215b7fa683874f23bff7571ee30911f0 - - default default] No more DHCP agents
2026-06-13 23:57:50.336 10 WARNING neutron.api.rpc.agentnotifiers.dhcp_rpc_agent_api [None req-ed2260a6-a2e4-4a10-9491-94482b94ccee c7fa7798cb1744778cf4fd4f0022f0fd 215b7fa683874f23bff7571ee30911f0 - - default default] Unable to schedule network 854e187c-8674-45bd-b0d3-6cf0dabc47a2: no agents available; will retry on subsequent port and subnet creation events.
2026-06-13 23:57:50.457 10 INFO neutron.db.ovn_revision_numbers_db [None req-ed2260a6-a2e4-4a10-9491-94482b94ccee c7fa7798cb1744778cf4fd4f0022f0fd 215b7fa683874f23bff7571ee30911f0 - - default default] Successfully bumped revision number for resource ab622c4d-0a9d-4d2e-82e5-47bc855d0b58 (type: ports) to 1
2026-06-13 23:57:50.477 10 INFO neutron.wsgi [None req-ed2260a6-a2e4-4a10-9491-94482b94ccee c7fa7798cb1744778cf4fd4f0022f0fd 215b7fa683874f23bff7571ee30911f0 - - default default] 10.0.0.14 "POST /v2.0/networks HTTP/1.1" status: 201 len: 852 time: 0.8790154
2026-06-13 23:57:50.491 9 WARNING neutron_lib.context [None req-855cca59-440f-4326-b647-402ef251aeb1 c7fa7798cb1744778cf4fd4f0022f0fd 215b7fa683874f23bff7571ee30911f0 - - default default] Method 'is_advsvc' is deprecated since 2023.2 release (neutron-lib 3.8.0) and will be removed once support for the old RBAC API policies will be removed from Neutron. Please use method 'is_service_role' instead.
2026-06-13 23:57:50.530 9 WARNING neutron_lib.context [None req-855cca59-440f-4326-b647-402ef251aeb1 c7fa7798cb1744778cf4fd4f0022f0fd 215b7fa683874f23bff7571ee30911f0 - - default default] Method 'is_advsvc' is deprecated since 2023.2 release (neutron-lib 3.8.0) and will be removed once support for the old RBAC API policies will be removed from Neutron. Please use method 'is_service_role' instead.
2026-06-13 23:57:50.534 10 INFO neutron.wsgi [None req-33325b93-a8f4-416b-8e70-226ca266b9ff 0badf3674b824baf9deb0d3b13eef2c5 85afb4b5014f42358a55eb5080f7a039 - - default default] 10.0.0.14 "DELETE /v2.0/security-groups/c3901116-ea4c-446b-ae91-759a27c45342 HTTP/1.1" status: 204 len: 168 time: 0.2931638
2026-06-13 23:57:50.603 10 INFO neutron.services.segments.plugin [-] Segment 959a27b0-bdb6-47c0-8056-a4323551fac3 resource provider aggregate not found
2026-06-13 23:57:50.612 10 INFO neutron.services.segments.plugin [-] Segment 959a27b0-bdb6-47c0-8056-a4323551fac3 resource provider aggregate not found
2026-06-13 23:57:50.618 10 INFO neutron.services.segments.plugin [-] Segment 959a27b0-bdb6-47c0-8056-a4323551fac3 resource provider not found; error: Placement Client Error (4xx): {"errors": [{"status": 404, "title": "Not Found", "detail": "The resource could not be found.\n\n No resource provider with uuid 959a27b0-bdb6-47c0-8056-a4323551fac3 found for delete ", "request_id": "req-84c36a99-8161-4a00-ae0e-7ef815f30e76"}]}
2026-06-13 23:57:50.628 10 INFO neutron.services.segments.plugin [-] Segment 959a27b0-bdb6-47c0-8056-a4323551fac3 resource provider not found; error: Placement Client Error (4xx): {"errors": [{"status": 404, "title": "Not Found", "detail": "The resource could not be found.\n\n No resource provider with uuid 959a27b0-bdb6-47c0-8056-a4323551fac3 found for delete ", "request_id": "req-4f10b40a-54df-469e-af38-93c26413f58e"}]}
2026-06-13 23:57:50.847 10 INFO neutron.db.ovn_revision_numbers_db [None req-ef7c95da-67ea-4b7c-9bbe-95fbcc9168ef 0badf3674b824baf9deb0d3b13eef2c5 85afb4b5014f42358a55eb5080f7a039 - - default default] Successfully bumped revision number for resource c19b5df5-9ba2-41b8-b056-e3dc50944043 (type: security_groups) to 1
2026-06-13 23:57:50.859 10 INFO neutron.db.ovn_revision_numbers_db [None req-ef7c95da-67ea-4b7c-9bbe-95fbcc9168ef 0badf3674b824baf9deb0d3b13eef2c5 85afb4b5014f42358a55eb5080f7a039 - - default default] Successfully bumped revision number for resource 176a08ca-2e29-4da2-97ac-f50322aaced1 (type: security_group_rules) to 0
2026-06-13 23:57:50.870 10 INFO neutron.db.ovn_revision_numbers_db [None req-ef7c95da-67ea-4b7c-9bbe-95fbcc9168ef 0badf3674b824baf9deb0d3b13eef2c5 85afb4b5014f42358a55eb5080f7a039 - - default default] Successfully bumped revision number for resource 51c50356-ec3b-4c4e-9bd9-8097beeb84f9 (type: security_group_rules) to 0
2026-06-13 23:57:50.884 10 INFO neutron.db.ovn_revision_numbers_db [None req-ef7c95da-67ea-4b7c-9bbe-95fbcc9168ef 0badf3674b824baf9deb0d3b13eef2c5 85afb4b5014f42358a55eb5080f7a039 - - default default] Successfully bumped revision number for resource 7fb5da85-6cc1-4ce7-a608-3c063e12922d (type: security_group_rules) to 0
2026-06-13 23:57:50.898 10 INFO neutron.db.ovn_revision_numbers_db [None req-ef7c95da-67ea-4b7c-9bbe-95fbcc9168ef 0badf3674b824baf9deb0d3b13eef2c5 85afb4b5014f42358a55eb5080f7a039 - - default default] Successfully bumped revision number for resource d3114c04-490f-4c69-9ec0-d82570afe47e (type: security_group_rules) to 0
2026-06-13 23:57:50.923 10 INFO neutron.wsgi [None req-ef7c95da-67ea-4b7c-9bbe-95fbcc9168ef 0badf3674b824baf9deb0d3b13eef2c5 85afb4b5014f42358a55eb5080f7a039 - - default default] 10.0.0.14 "GET /v2.0/security-groups?tenant_id=5557df9e676646869500ff2cfe2e7716&name=default HTTP/1.1" status: 200 len: 2996 time: 0.1923568
2026-06-13 23:57:50.950 9 WARNING neutron.scheduler.dhcp_agent_scheduler [None req-855cca59-440f-4326-b647-402ef251aeb1 c7fa7798cb1744778cf4fd4f0022f0fd 215b7fa683874f23bff7571ee30911f0 - - default default] No more DHCP agents
2026-06-13 23:57:50.952 9 WARNING neutron.api.rpc.agentnotifiers.dhcp_rpc_agent_api [None req-855cca59-440f-4326-b647-402ef251aeb1 c7fa7798cb1744778cf4fd4f0022f0fd 215b7fa683874f23bff7571ee30911f0 - - default default] Unable to schedule network 86706ba2-db51-413d-9ba4-126780036e6e: no agents available; will retry on subsequent port and subnet creation events.
2026-06-13 23:57:51.026 9 INFO neutron.db.ovn_revision_numbers_db [None req-855cca59-440f-4326-b647-402ef251aeb1 c7fa7798cb1744778cf4fd4f0022f0fd 215b7fa683874f23bff7571ee30911f0 - - default default] Successfully bumped revision number for resource ee30a221-9497-4873-9dec-e1e00e809d75 (type: ports) to 1
2026-06-13 23:57:51.060 9 WARNING neutron.scheduler.dhcp_agent_scheduler [None req-855cca59-440f-4326-b647-402ef251aeb1 c7fa7798cb1744778cf4fd4f0022f0fd 215b7fa683874f23bff7571ee30911f0 - - default default] No more DHCP agents
2026-06-13 23:57:51.061 9 WARNING neutron.api.rpc.agentnotifiers.dhcp_rpc_agent_api [None req-855cca59-440f-4326-b647-402ef251aeb1 c7fa7798cb1744778cf4fd4f0022f0fd 215b7fa683874f23bff7571ee30911f0 - - default default] Unable to schedule network 854e187c-8674-45bd-b0d3-6cf0dabc47a2: no agents available; will retry on subsequent port and subnet creation events.
2026-06-13 23:57:51.124 10 INFO neutron.wsgi [None req-c0675bc3-d134-4c2d-9290-65672f5118bd 0badf3674b824baf9deb0d3b13eef2c5 85afb4b5014f42358a55eb5080f7a039 - - default default] 10.0.0.14 "DELETE /v2.0/security-groups/c19b5df5-9ba2-41b8-b056-e3dc50944043 HTTP/1.1" status: 204 len: 168 time: 0.1951668
2026-06-13 23:57:51.136 9 INFO neutron.db.ovn_revision_numbers_db [None req-855cca59-440f-4326-b647-402ef251aeb1 c7fa7798cb1744778cf4fd4f0022f0fd 215b7fa683874f23bff7571ee30911f0 - - default default] Successfully bumped revision number for resource 29132904-d5e8-410b-82fd-fd998d036f69 (type: ports) to 1
2026-06-13 23:57:51.160 9 INFO neutron.wsgi [None req-855cca59-440f-4326-b647-402ef251aeb1 c7fa7798cb1744778cf4fd4f0022f0fd 215b7fa683874f23bff7571ee30911f0 - - default default] 10.0.0.14 "POST /v2.0/ports HTTP/1.1" status: 201 len: 1706 time: 0.6763408 /var/lib/openstack/lib/python3.10/site-packages/pycadf/identifier.py:71: UserWarning: Invalid uuid: neutron. To ensure interoperability, identifiers should be a valid uuid. warnings.warn(('Invalid uuid: %s. To ensure interoperability, '
2026-06-13 23:57:51.288 9 INFO neutron.wsgi [None req-a32bcc99-33e7-4f8d-81d2-bf7b1bf589f6 c7fa7798cb1744778cf4fd4f0022f0fd 215b7fa683874f23bff7571ee30911f0 - - default default] 10.0.0.14 "GET /v2.0/ports HTTP/1.1" status: 200 len: 3213 time: 0.1243587
2026-06-13 23:57:51.514 9 INFO neutron.wsgi [None req-a99799b0-df98-41a4-8a60-64a90d3afbe3 c7fa7798cb1744778cf4fd4f0022f0fd 215b7fa683874f23bff7571ee30911f0 - - default default] 10.0.0.14 "DELETE /v2.0/ports/ee30a221-9497-4873-9dec-e1e00e809d75 HTTP/1.1" status: 204 len: 168 time: 0.2209623
2026-06-13 23:57:51.749 9 INFO neutron.wsgi [None req-2eb47f3b-98a7-426b-8563-ff9222e91b37 c7fa7798cb1744778cf4fd4f0022f0fd 215b7fa683874f23bff7571ee30911f0 - - default default] 10.0.0.14 "DELETE /v2.0/ports/29132904-d5e8-410b-82fd-fd998d036f69 HTTP/1.1" status: 204 len: 168 time: 0.2267323
2026-06-13 23:57:51.795 9 INFO neutron.wsgi [None req-21dac6f2-fd50-43aa-b747-3ce604f0ea5c c7fa7798cb1744778cf4fd4f0022f0fd 215b7fa683874f23bff7571ee30911f0 - - default default] 10.0.0.14 "GET /v2.0/ports HTTP/1.1" status: 200 len: 1718 time: 0.0410588
2026-06-13 23:57:51.804 9 WARNING neutron_lib.context [None req-51e8ee21-c75e-4541-8bfb-bdbb6ed046a8 c7fa7798cb1744778cf4fd4f0022f0fd 215b7fa683874f23bff7571ee30911f0 - - default default] Method 'is_advsvc' is deprecated since 2023.2 release (neutron-lib 3.8.0) and will be removed once support for the old RBAC API policies will be removed from Neutron. Please use method 'is_service_role' instead.
2026-06-13 23:57:51.878 9 INFO neutron.db.segments_db [None req-51e8ee21-c75e-4541-8bfb-bdbb6ed046a8 c7fa7798cb1744778cf4fd4f0022f0fd 215b7fa683874f23bff7571ee30911f0 - - default default] Added segment a6a018db-cb94-434c-ac26-2ec38a8efdcb of type geneve for network e94e04ac-313d-4bf2-93aa-1150482774b9
2026-06-13 23:57:52.019 9 INFO neutron.db.ovn_revision_numbers_db [None req-51e8ee21-c75e-4541-8bfb-bdbb6ed046a8 c7fa7798cb1744778cf4fd4f0022f0fd 215b7fa683874f23bff7571ee30911f0 - - default default] Successfully bumped revision number for resource e94e04ac-313d-4bf2-93aa-1150482774b9 (type: networks) to 1
2026-06-13 23:57:52.188 9 WARNING neutron.scheduler.dhcp_agent_scheduler [None req-51e8ee21-c75e-4541-8bfb-bdbb6ed046a8 c7fa7798cb1744778cf4fd4f0022f0fd 215b7fa683874f23bff7571ee30911f0 - - default default] No more DHCP agents
2026-06-13 23:57:52.189 9 WARNING neutron.api.rpc.agentnotifiers.dhcp_rpc_agent_api [None req-51e8ee21-c75e-4541-8bfb-bdbb6ed046a8 c7fa7798cb1744778cf4fd4f0022f0fd 215b7fa683874f23bff7571ee30911f0 - - default default] Unable to schedule network e94e04ac-313d-4bf2-93aa-1150482774b9: no agents available; will retry on subsequent port and subnet creation events.
2026-06-13 23:57:52.206 10 INFO neutron.db.ovn_revision_numbers_db [None req-e4d2ff2a-26b4-46d5-a42b-baca3a441af4 0badf3674b824baf9deb0d3b13eef2c5 85afb4b5014f42358a55eb5080f7a039 - - default default] Successfully bumped revision number for resource e2c9950c-e117-43c8-b86a-26e47ed74303 (type: security_groups) to 1
2026-06-13 23:57:52.219 10 INFO neutron.db.ovn_revision_numbers_db [None req-e4d2ff2a-26b4-46d5-a42b-baca3a441af4 0badf3674b824baf9deb0d3b13eef2c5 85afb4b5014f42358a55eb5080f7a039 - - default default] Successfully bumped revision number for resource 05046331-ba13-4e94-8bda-a04768050a39 (type: security_group_rules) to 0
2026-06-13 23:57:52.233 10 INFO neutron.db.ovn_revision_numbers_db [None req-e4d2ff2a-26b4-46d5-a42b-baca3a441af4 0badf3674b824baf9deb0d3b13eef2c5 85afb4b5014f42358a55eb5080f7a039 - - default default] Successfully bumped revision number for resource 17137f5d-da66-4387-a500-c58bf6a48778 (type: security_group_rules) to 0
2026-06-13 23:57:52.252 10 INFO neutron.db.ovn_revision_numbers_db [None req-e4d2ff2a-26b4-46d5-a42b-baca3a441af4 0badf3674b824baf9deb0d3b13eef2c5 85afb4b5014f42358a55eb5080f7a039 - - default default] Successfully bumped revision number for resource 29b6b29d-3245-48a1-adf9-9d3240cf95d0 (type: security_group_rules) to 0
2026-06-13 23:57:52.266 10 INFO neutron.db.ovn_revision_numbers_db [None req-e4d2ff2a-26b4-46d5-a42b-baca3a441af4 0badf3674b824baf9deb0d3b13eef2c5 85afb4b5014f42358a55eb5080f7a039 - - default default] Successfully bumped revision number for resource d99c0030-1339-4f3b-ae85-5ec06930b79d (type: security_group_rules) to 0
2026-06-13 23:57:52.268 9 INFO neutron.db.ovn_revision_numbers_db [None req-51e8ee21-c75e-4541-8bfb-bdbb6ed046a8 c7fa7798cb1744778cf4fd4f0022f0fd 215b7fa683874f23bff7571ee30911f0 - - default default] Successfully bumped revision number for resource 972834f1-4334-4271-a24f-376c767e76da (type: ports) to 1
2026-06-13 23:57:52.288 9 INFO neutron.wsgi [None req-51e8ee21-c75e-4541-8bfb-bdbb6ed046a8 c7fa7798cb1744778cf4fd4f0022f0fd 215b7fa683874f23bff7571ee30911f0 - - default default] 10.0.0.14 "POST /v2.0/networks HTTP/1.1" status: 201 len: 853 time: 0.4874492
2026-06-13 23:57:52.298 10 WARNING neutron_lib.context [None req-c5bac491-a1a5-4598-ac62-139246f5d8a2 c7fa7798cb1744778cf4fd4f0022f0fd 215b7fa683874f23bff7571ee30911f0 - - default default] Method 'is_advsvc' is deprecated since 2023.2 release (neutron-lib 3.8.0) and will be removed once support for the old RBAC API policies will be removed from Neutron. Please use method 'is_service_role' instead.
2026-06-13 23:57:52.318 10 INFO neutron.db.segments_db [None req-e4d2ff2a-26b4-46d5-a42b-baca3a441af4 0badf3674b824baf9deb0d3b13eef2c5 85afb4b5014f42358a55eb5080f7a039 - - default default] Added segment b557e753-1e36-4c89-a838-69ceb1be4f50 of type geneve for network c0854106-cc86-4ede-b8a4-7016301b6b3b
2026-06-13 23:57:52.412 10 INFO neutron.db.segments_db [None req-c5bac491-a1a5-4598-ac62-139246f5d8a2 c7fa7798cb1744778cf4fd4f0022f0fd 215b7fa683874f23bff7571ee30911f0 - - default default] Added segment 578f5596-d055-422f-b686-3f795229c66b of type geneve for network 71805d2f-0a09-4494-b10f-b2381627dc65
2026-06-13 23:57:52.484 10 INFO neutron.db.ovn_revision_numbers_db [None req-e4d2ff2a-26b4-46d5-a42b-baca3a441af4 0badf3674b824baf9deb0d3b13eef2c5 85afb4b5014f42358a55eb5080f7a039 - - default default] Successfully bumped revision number for resource c0854106-cc86-4ede-b8a4-7016301b6b3b (type: networks) to 1
2026-06-13 23:57:52.528 9 INFO neutron.wsgi [req-7bf4a4fc-c12c-476b-9ebe-f8de051e2d1c req-b104c773-a395-43c1-8102-b38e3be483b9 326affdcbef54fcf91d2ce6f747d6909 6cdd55410299440194f68e01f06829eb - - 43d848d5152f49aa96a22434d33eb6cf 43d848d5152f49aa96a22434d33eb6cf] 10.0.0.104 "GET /v2.0/ports?device_id=cc966cf5-8548-47b8-bf9f-5bb85f57d9e6 HTTP/1.1" status: 200 len: 1413 time: 0.1601613
2026-06-13 23:57:52.571 9 INFO neutron.wsgi [req-7bf4a4fc-c12c-476b-9ebe-f8de051e2d1c req-d8bd6e0a-add8-41ab-98d4-77790ac30002 326affdcbef54fcf91d2ce6f747d6909 6cdd55410299440194f68e01f06829eb - - 43d848d5152f49aa96a22434d33eb6cf 43d848d5152f49aa96a22434d33eb6cf] 10.0.0.104 "GET /v2.0/security-groups?id=034a17c7-9694-48ca-9aa5-351ef2156360&fields=id&fields=name HTTP/1.1" status: 200 len: 313 time: 0.0345592
2026-06-13 23:57:52.607 10 INFO neutron.db.ovn_revision_numbers_db [None req-c5bac491-a1a5-4598-ac62-139246f5d8a2 c7fa7798cb1744778cf4fd4f0022f0fd 215b7fa683874f23bff7571ee30911f0 - - default default] Successfully bumped revision number for resource 71805d2f-0a09-4494-b10f-b2381627dc65 (type: networks) to 1
2026-06-13 23:57:52.783 10 WARNING neutron.scheduler.dhcp_agent_scheduler [None req-e4d2ff2a-26b4-46d5-a42b-baca3a441af4 0badf3674b824baf9deb0d3b13eef2c5 85afb4b5014f42358a55eb5080f7a039 - - default default] No more DHCP agents
2026-06-13 23:57:52.788 10 WARNING neutron.api.rpc.agentnotifiers.dhcp_rpc_agent_api [None req-e4d2ff2a-26b4-46d5-a42b-baca3a441af4 0badf3674b824baf9deb0d3b13eef2c5 85afb4b5014f42358a55eb5080f7a039 - - default default] Unable to schedule network c0854106-cc86-4ede-b8a4-7016301b6b3b: no agents available; will retry on subsequent port and subnet creation events.
2026-06-13 23:57:52.876 10 WARNING neutron.scheduler.dhcp_agent_scheduler [None req-c5bac491-a1a5-4598-ac62-139246f5d8a2 c7fa7798cb1744778cf4fd4f0022f0fd 215b7fa683874f23bff7571ee30911f0 - - default default] No more DHCP agents
2026-06-13 23:57:52.878 10 WARNING neutron.api.rpc.agentnotifiers.dhcp_rpc_agent_api [None req-c5bac491-a1a5-4598-ac62-139246f5d8a2 c7fa7798cb1744778cf4fd4f0022f0fd 215b7fa683874f23bff7571ee30911f0 - - default default] Unable to schedule network 71805d2f-0a09-4494-b10f-b2381627dc65: no agents available; will retry on subsequent port and subnet creation events.
2026-06-13 23:57:52.911 10 INFO neutron.db.ovn_revision_numbers_db [None req-e4d2ff2a-26b4-46d5-a42b-baca3a441af4 0badf3674b824baf9deb0d3b13eef2c5 85afb4b5014f42358a55eb5080f7a039 - - default default] Successfully bumped revision number for resource bd88bcae-0df8-4ba4-8bc5-71b24c863614 (type: ports) to 1
2026-06-13 23:57:52.947 10 INFO neutron.wsgi [None req-e4d2ff2a-26b4-46d5-a42b-baca3a441af4 0badf3674b824baf9deb0d3b13eef2c5 85afb4b5014f42358a55eb5080f7a039 - - default default] 10.0.0.14 "POST /v2.0/networks HTTP/1.1" status: 201 len: 945 time: 0.9605074
2026-06-13 23:57:52.964 10 INFO neutron.db.ovn_revision_numbers_db [None req-c5bac491-a1a5-4598-ac62-139246f5d8a2 c7fa7798cb1744778cf4fd4f0022f0fd 215b7fa683874f23bff7571ee30911f0 - - default default] Successfully bumped revision number for resource 2628b46d-bc9f-427b-b2af-b816e4c24437 (type: ports) to 1
2026-06-13 23:57:52.984 10 INFO neutron.wsgi [None req-c5bac491-a1a5-4598-ac62-139246f5d8a2 c7fa7798cb1744778cf4fd4f0022f0fd 215b7fa683874f23bff7571ee30911f0 - - default default] 10.0.0.14 "POST /v2.0/networks HTTP/1.1" status: 201 len: 852 time: 0.6914959
2026-06-13 23:57:53.097 9 WARNING neutron.scheduler.dhcp_agent_scheduler [None req-290abf89-b8f4-4064-a3f3-265bcdf15050 0badf3674b824baf9deb0d3b13eef2c5 85afb4b5014f42358a55eb5080f7a039 - - default default] No more DHCP agents
2026-06-13 23:57:53.099 9 WARNING neutron.api.rpc.agentnotifiers.dhcp_rpc_agent_api [None req-290abf89-b8f4-4064-a3f3-265bcdf15050 0badf3674b824baf9deb0d3b13eef2c5 85afb4b5014f42358a55eb5080f7a039 - - default default] Unable to schedule network c0854106-cc86-4ede-b8a4-7016301b6b3b: no agents available; will retry on subsequent port and subnet creation events.
2026-06-13 23:57:53.426 10 WARNING neutron_lib.context [None req-97f2dbc2-7eb1-40ca-9618-22ff486ceb78 c7fa7798cb1744778cf4fd4f0022f0fd 215b7fa683874f23bff7571ee30911f0 - - default default] Method 'is_advsvc' is deprecated since 2023.2 release (neutron-lib 3.8.0) and will be removed once support for the old RBAC API policies will be removed from Neutron. Please use method 'is_service_role' instead.
2026-06-13 23:57:53.467 10 WARNING neutron_lib.context [None req-97f2dbc2-7eb1-40ca-9618-22ff486ceb78 c7fa7798cb1744778cf4fd4f0022f0fd 215b7fa683874f23bff7571ee30911f0 - - default default] Method 'is_advsvc' is deprecated since 2023.2 release (neutron-lib 3.8.0) and will be removed once support for the old RBAC API policies will be removed from Neutron. Please use method 'is_service_role' instead.
2026-06-13 23:57:53.588 9 INFO neutron.db.ovn_revision_numbers_db [None req-290abf89-b8f4-4064-a3f3-265bcdf15050 0badf3674b824baf9deb0d3b13eef2c5 85afb4b5014f42358a55eb5080f7a039 - - default default] Successfully bumped revision number for resource bd88bcae-0df8-4ba4-8bc5-71b24c863614 (type: ports) to 2
2026-06-13 23:57:53.619 9 INFO neutron.db.ovn_revision_numbers_db [None req-290abf89-b8f4-4064-a3f3-265bcdf15050 0badf3674b824baf9deb0d3b13eef2c5 85afb4b5014f42358a55eb5080f7a039 - - default default] Successfully bumped revision number for resource 99094f3f-1f83-41dc-aca1-d1c9f905b790 (type: subnets) to 0
2026-06-13 23:57:53.634 9 INFO neutron.wsgi [None req-290abf89-b8f4-4064-a3f3-265bcdf15050 0badf3674b824baf9deb0d3b13eef2c5 85afb4b5014f42358a55eb5080f7a039 - - default default] 10.0.0.14 "POST /v2.0/subnets HTTP/1.1" status: 201 len: 865 time: 0.6810422
2026-06-13 23:57:53.947 10 WARNING neutron.scheduler.dhcp_agent_scheduler [None req-97f2dbc2-7eb1-40ca-9618-22ff486ceb78 c7fa7798cb1744778cf4fd4f0022f0fd 215b7fa683874f23bff7571ee30911f0 - - default default] No more DHCP agents
2026-06-13 23:57:53.950 10 WARNING neutron.api.rpc.agentnotifiers.dhcp_rpc_agent_api [None req-97f2dbc2-7eb1-40ca-9618-22ff486ceb78 c7fa7798cb1744778cf4fd4f0022f0fd 215b7fa683874f23bff7571ee30911f0 - - default default] Unable to schedule network e94e04ac-313d-4bf2-93aa-1150482774b9: no agents available; will retry on subsequent port and subnet creation events.
2026-06-13 23:57:54.005 10 INFO neutron.db.ovn_revision_numbers_db [None req-97f2dbc2-7eb1-40ca-9618-22ff486ceb78 c7fa7798cb1744778cf4fd4f0022f0fd 215b7fa683874f23bff7571ee30911f0 - - default default] Successfully bumped revision number for resource 8e0e7cbb-724a-4549-bdd3-3217cf202003 (type: subnets) to 0
2026-06-13 23:57:54.038 10 WARNING neutron.scheduler.dhcp_agent_scheduler [None req-97f2dbc2-7eb1-40ca-9618-22ff486ceb78 c7fa7798cb1744778cf4fd4f0022f0fd 215b7fa683874f23bff7571ee30911f0 - - default default] No more DHCP agents
2026-06-13 23:57:54.040 10 WARNING neutron.api.rpc.agentnotifiers.dhcp_rpc_agent_api [None req-97f2dbc2-7eb1-40ca-9618-22ff486ceb78 c7fa7798cb1744778cf4fd4f0022f0fd 215b7fa683874f23bff7571ee30911f0 - - default default] Unable to schedule network 71805d2f-0a09-4494-b10f-b2381627dc65: no agents available; will retry on subsequent port and subnet creation events.
2026-06-13 23:57:54.087 10 INFO neutron.db.ovn_revision_numbers_db [None req-97f2dbc2-7eb1-40ca-9618-22ff486ceb78 c7fa7798cb1744778cf4fd4f0022f0fd 215b7fa683874f23bff7571ee30911f0 - - default default] Successfully bumped revision number for resource 7596a332-53bb-4b8f-a8cf-d411fdb91a37 (type: subnets) to 0
2026-06-13 23:57:54.105 10 INFO neutron.wsgi [None req-97f2dbc2-7eb1-40ca-9618-22ff486ceb78 c7fa7798cb1744778cf4fd4f0022f0fd 215b7fa683874f23bff7571ee30911f0 - - default default] 10.0.0.14 "POST /v2.0/subnets HTTP/1.1" status: 201 len: 1475 time: 0.6875277
2026-06-13 23:57:54.177 10 INFO neutron.wsgi [None req-2be99204-ceb5-4574-8d64-1c5b32e9f173 c7fa7798cb1744778cf4fd4f0022f0fd 215b7fa683874f23bff7571ee30911f0 - - default default] 10.0.0.14 "GET /v2.0/subnets HTTP/1.1" status: 200 len: 2083 time: 0.0680084
2026-06-13 23:57:54.200 10 WARNING neutron.scheduler.dhcp_agent_scheduler [None req-0d3ad8b6-82b0-4cb8-89e1-269351646fe2 0badf3674b824baf9deb0d3b13eef2c5 85afb4b5014f42358a55eb5080f7a039 - - default default] No more DHCP agents
2026-06-13 23:57:54.201 10 WARNING neutron.api.rpc.agentnotifiers.dhcp_rpc_agent_api [None req-0d3ad8b6-82b0-4cb8-89e1-269351646fe2 0badf3674b824baf9deb0d3b13eef2c5 85afb4b5014f42358a55eb5080f7a039 - - default default] Unable to schedule network 644f7abb-5833-4769-bbb9-5ec42dfe6f0e: no agents available; will retry on subsequent port and subnet creation events.
2026-06-13 23:57:54.375 10 INFO neutron.db.ovn_revision_numbers_db [None req-0d3ad8b6-82b0-4cb8-89e1-269351646fe2 0badf3674b824baf9deb0d3b13eef2c5 85afb4b5014f42358a55eb5080f7a039 - - default default] Successfully bumped revision number for resource df7c9930-a897-4ba3-a6c9-eaf26985d88a (type: ports) to 1
2026-06-13 23:57:54.399 9 INFO neutron.wsgi [None req-e22272ec-68fa-4538-a9d3-3925f8530dfa c7fa7798cb1744778cf4fd4f0022f0fd 215b7fa683874f23bff7571ee30911f0 - - default default] 10.0.0.14 "DELETE /v2.0/subnets/8e0e7cbb-724a-4549-bdd3-3217cf202003 HTTP/1.1" status: 204 len: 168 time: 0.2070646
2026-06-13 23:57:54.577 9 INFO neutron.wsgi [None req-24ade8a4-6f0d-49ef-9565-c6af1b11f560 c7fa7798cb1744778cf4fd4f0022f0fd 215b7fa683874f23bff7571ee30911f0 - - default default] 10.0.0.14 "DELETE /v2.0/subnets/7596a332-53bb-4b8f-a8cf-d411fdb91a37 HTTP/1.1" status: 204 len: 168 time: 0.1734965
2026-06-13 23:57:54.630 9 INFO neutron.wsgi [None req-8ce20a8b-b79f-4c69-b6ce-a1a578991dcd c7fa7798cb1744778cf4fd4f0022f0fd 215b7fa683874f23bff7571ee30911f0 - - default default] 10.0.0.14 "GET /v2.0/subnets HTTP/1.1" status: 200 len: 820 time: 0.0487874
2026-06-13 23:57:54.956 9 INFO neutron.services.segments.plugin [-] Segment 578f5596-d055-422f-b686-3f795229c66b resource provider aggregate not found
2026-06-13 23:57:54.961 9 INFO neutron.services.segments.plugin [-] Segment 578f5596-d055-422f-b686-3f795229c66b resource provider aggregate not found
2026-06-13 23:57:54.973 9 INFO neutron.services.segments.plugin [-] Segment 578f5596-d055-422f-b686-3f795229c66b resource provider not found; error: Placement Client Error (4xx): {"errors": [{"status": 404, "title": "Not Found", "detail": "The resource could not be found.\n\n No resource provider with uuid 578f5596-d055-422f-b686-3f795229c66b found for delete ", "request_id": "req-2c7eaba6-a7f9-4cb8-b016-d128b36689b5"}]}
2026-06-13 23:57:54.978 9 INFO neutron.services.segments.plugin [-] Segment 578f5596-d055-422f-b686-3f795229c66b resource provider not found; error: Placement Client Error (4xx): {"errors": [{"status": 404, "title": "Not Found", "detail": "The resource could not be found.\n\n No resource provider with uuid 578f5596-d055-422f-b686-3f795229c66b found for delete ", "request_id": "req-5cb42b33-a35d-401d-9d6c-360d7006b673"}]}
2026-06-13 23:57:55.005 9 INFO neutron.wsgi [None req-4223cf35-5293-4c87-9220-ba54f6ca97fd c7fa7798cb1744778cf4fd4f0022f0fd 215b7fa683874f23bff7571ee30911f0 - - default default] 10.0.0.14 "DELETE /v2.0/networks/71805d2f-0a09-4494-b10f-b2381627dc65 HTTP/1.1" status: 204 len: 168 time: 0.3677742
2026-06-13 23:57:55.118 9 INFO neutron.db.ovn_revision_numbers_db [None req-90995ec1-5f1d-40aa-bc0e-e87295112074 0badf3674b824baf9deb0d3b13eef2c5 85afb4b5014f42358a55eb5080f7a039 - - default default] Successfully bumped revision number for resource 90621f21-ca34-4e8e-85c5-457e67766cab (type: security_groups) to 1
2026-06-13 23:57:55.135 9 INFO neutron.db.ovn_revision_numbers_db [None req-90995ec1-5f1d-40aa-bc0e-e87295112074 0badf3674b824baf9deb0d3b13eef2c5 85afb4b5014f42358a55eb5080f7a039 - - default default] Successfully bumped revision number for resource 12a1d778-c9e6-4e8d-b510-687472c04714 (type: security_group_rules) to 0
2026-06-13 23:57:55.157 9 INFO neutron.db.ovn_revision_numbers_db [None req-90995ec1-5f1d-40aa-bc0e-e87295112074 0badf3674b824baf9deb0d3b13eef2c5 85afb4b5014f42358a55eb5080f7a039 - - default default] Successfully bumped revision number for resource 175261c4-a572-48f4-8d8a-a38f5b4a731e (type: security_group_rules) to 0
2026-06-13 23:57:55.178 9 INFO neutron.db.ovn_revision_numbers_db [None req-90995ec1-5f1d-40aa-bc0e-e87295112074 0badf3674b824baf9deb0d3b13eef2c5 85afb4b5014f42358a55eb5080f7a039 - - default default] Successfully bumped revision number for resource 2afb080d-dae1-45d7-bd75-02291ab6dae6 (type: security_group_rules) to 0
2026-06-13 23:57:55.191 9 INFO neutron.db.ovn_revision_numbers_db [None req-90995ec1-5f1d-40aa-bc0e-e87295112074 0badf3674b824baf9deb0d3b13eef2c5 85afb4b5014f42358a55eb5080f7a039 - - default default] Successfully bumped revision number for resource eb160fb1-ad00-475a-8414-4f8c46737a4e (type: security_group_rules) to 0
2026-06-13 23:57:55.231 9 INFO neutron.wsgi [None req-90995ec1-5f1d-40aa-bc0e-e87295112074 0badf3674b824baf9deb0d3b13eef2c5 85afb4b5014f42358a55eb5080f7a039 - - default default] 10.0.0.14 "GET /v2.0/security-groups?tenant_id=4e3d1b315c7f4ef8aa2fe2296a15c99d&name=default HTTP/1.1" status: 200 len: 2996 time: 0.4133174
2026-06-13 23:57:55.233 10 INFO neutron.plugins.ml2.drivers.ovn.mech_driver.mech_driver [None req-e6cf0876-a609-408f-8628-c2f6faf33b79 - - - - - -] OVN reports status up for port: df7c9930-a897-4ba3-a6c9-eaf26985d88a
2026-06-13 23:57:55.250 10 INFO neutron.plugins.ml2.plugin [None req-e6cf0876-a609-408f-8628-c2f6faf33b79 - - - - - -] Attempt 1 to provision port df7c9930-a897-4ba3-a6c9-eaf26985d88a
2026-06-13 23:57:55.252 9 INFO neutron.plugins.ml2.drivers.ovn.mech_driver.ovsdb.ovsdb_monitor [None req-d8a8ead0-a392-40d1-a1c8-5b1bdc3828eb - - - - - -] Router b01cecb5-47ef-4dd4-bf72-c26b01ffad12 is bound to host instance
2026-06-13 23:57:55.265 10 INFO neutron.db.ovn_revision_numbers_db [None req-0d3ad8b6-82b0-4cb8-89e1-269351646fe2 0badf3674b824baf9deb0d3b13eef2c5 85afb4b5014f42358a55eb5080f7a039 - - default default] Successfully bumped revision number for resource df7c9930-a897-4ba3-a6c9-eaf26985d88a (type: router_ports) to 1
2026-06-13 23:57:55.337 10 INFO neutron.db.ovn_revision_numbers_db [None req-0d3ad8b6-82b0-4cb8-89e1-269351646fe2 0badf3674b824baf9deb0d3b13eef2c5 85afb4b5014f42358a55eb5080f7a039 - - default default] Successfully bumped revision number for resource b01cecb5-47ef-4dd4-bf72-c26b01ffad12 (type: routers) to 2
2026-06-13 23:57:55.350 10 INFO neutron.wsgi [None req-0d3ad8b6-82b0-4cb8-89e1-269351646fe2 0badf3674b824baf9deb0d3b13eef2c5 85afb4b5014f42358a55eb5080f7a039 - - default default] 10.0.0.14 "POST /v2.0/routers HTTP/1.1" status: 201 len: 876 time: 1.7101512
2026-06-13 23:57:55.674 9 INFO neutron.wsgi [None req-a8215b3f-1958-4b3c-9a0b-fca0342ef99d c7fa7798cb1744778cf4fd4f0022f0fd 215b7fa683874f23bff7571ee30911f0 - - default default] 10.0.0.14 "DELETE /v2.0/networks/e94e04ac-313d-4bf2-93aa-1150482774b9 HTTP/1.1" status: 204 len: 168 time: 0.6639423
2026-06-13 23:57:55.754 9 INFO neutron.wsgi [None req-fe0f39c1-f58e-474b-8cb7-db7a24a5dfb2 0badf3674b824baf9deb0d3b13eef2c5 85afb4b5014f42358a55eb5080f7a039 - - default default] 10.0.0.14 "DELETE /v2.0/security-groups/90621f21-ca34-4e8e-85c5-457e67766cab HTTP/1.1" status: 204 len: 168 time: 0.5160837
2026-06-13 23:57:55.858 10 WARNING neutron.scheduler.dhcp_agent_scheduler [None req-61089821-ec92-4a07-8f3d-3afb74f5b70c 0badf3674b824baf9deb0d3b13eef2c5 85afb4b5014f42358a55eb5080f7a039 - - default default] No more DHCP agents
2026-06-13 23:57:55.862 10 WARNING neutron.api.rpc.agentnotifiers.dhcp_rpc_agent_api [None req-61089821-ec92-4a07-8f3d-3afb74f5b70c 0badf3674b824baf9deb0d3b13eef2c5 85afb4b5014f42358a55eb5080f7a039 - - default default] Unable to schedule network c0854106-cc86-4ede-b8a4-7016301b6b3b: no agents available; will retry on subsequent port and subnet creation events.
2026-06-13 23:57:55.999 9 INFO neutron.db.ovn_revision_numbers_db [None req-dcc3062b-ec1f-41cf-9cc2-70d9e292a268 0badf3674b824baf9deb0d3b13eef2c5 85afb4b5014f42358a55eb5080f7a039 - - default default] Successfully bumped revision number for resource bf0bb6f5-bd9a-4b1c-87c3-eddeb7041d5f (type: security_groups) to 1
2026-06-13 23:57:56.016 9 INFO neutron.db.ovn_revision_numbers_db [None req-d8a8ead0-a392-40d1-a1c8-5b1bdc3828eb - - - - - -] Successfully bumped revision number for resource df7c9930-a897-4ba3-a6c9-eaf26985d88a (type: ports) to 1
2026-06-13 23:57:56.018 9 INFO neutron.db.ovn_revision_numbers_db [None req-dcc3062b-ec1f-41cf-9cc2-70d9e292a268 0badf3674b824baf9deb0d3b13eef2c5 85afb4b5014f42358a55eb5080f7a039 - - default default] Successfully bumped revision number for resource 6f2ef137-9e69-4bbe-9f00-3c1e3ebaae26 (type: security_group_rules) to 0
2026-06-13 23:57:56.035 9 INFO neutron.db.ovn_revision_numbers_db [None req-dcc3062b-ec1f-41cf-9cc2-70d9e292a268 0badf3674b824baf9deb0d3b13eef2c5 85afb4b5014f42358a55eb5080f7a039 - - default default] Successfully bumped revision number for resource b1b6d5ff-3aa1-42f6-a615-d74b407f4a2c (type: security_group_rules) to 0
2026-06-13 23:57:56.056 9 INFO neutron.db.ovn_revision_numbers_db [None req-dcc3062b-ec1f-41cf-9cc2-70d9e292a268 0badf3674b824baf9deb0d3b13eef2c5 85afb4b5014f42358a55eb5080f7a039 - - default default] Successfully bumped revision number for resource d6234eab-6607-4e8b-998c-9eec686306ec (type: security_group_rules) to 0
2026-06-13 23:57:56.059 10 INFO neutron.db.ovn_revision_numbers_db [None req-61089821-ec92-4a07-8f3d-3afb74f5b70c 0badf3674b824baf9deb0d3b13eef2c5 85afb4b5014f42358a55eb5080f7a039 - - default default] Successfully bumped revision number for resource 05474dcd-70bb-4a2a-a531-721461b52c1a (type: ports) to 1
2026-06-13 23:57:56.073 9 INFO neutron.db.ovn_revision_numbers_db [None req-dcc3062b-ec1f-41cf-9cc2-70d9e292a268 0badf3674b824baf9deb0d3b13eef2c5 85afb4b5014f42358a55eb5080f7a039 - - default default] Successfully bumped revision number for resource fd473b34-f68d-4bce-9329-de8829fff83e (type: security_group_rules) to 0
2026-06-13 23:57:56.109 9 INFO neutron.wsgi [None req-dcc3062b-ec1f-41cf-9cc2-70d9e292a268 0badf3674b824baf9deb0d3b13eef2c5 85afb4b5014f42358a55eb5080f7a039 - - default default] 10.0.0.14 "GET /v2.0/security-groups?tenant_id=8c9c9bfa166b4a998bd0f796f873d7db&name=default HTTP/1.1" status: 200 len: 2996 time: 0.2561936
2026-06-13 23:57:56.128 10 INFO neutron.services.segments.plugin [-] Segment 202333a1-c8a8-4805-8704-15dd762f00ff resource provider aggregate not found
2026-06-13 23:57:56.132 10 INFO neutron.services.segments.plugin [-] Segment 202333a1-c8a8-4805-8704-15dd762f00ff resource provider aggregate not found
2026-06-13 23:57:56.153 10 INFO neutron.services.segments.plugin [-] Segment 202333a1-c8a8-4805-8704-15dd762f00ff resource provider not found; error: Placement Client Error (4xx): {"errors": [{"status": 404, "title": "Not Found", "detail": "The resource could not be found.\n\n No resource provider with uuid 202333a1-c8a8-4805-8704-15dd762f00ff found for delete ", "request_id": "req-069bdfb3-7f75-45a4-9fdc-336bd3924859"}]}
2026-06-13 23:57:56.173 10 INFO neutron.services.segments.plugin [-] Segment 202333a1-c8a8-4805-8704-15dd762f00ff resource provider not found; error: Placement Client Error (4xx): {"errors": [{"status": 404, "title": "Not Found", "detail": "The resource could not be found.\n\n No resource provider with uuid 202333a1-c8a8-4805-8704-15dd762f00ff found for delete ", "request_id": "req-d1459319-e054-4c3e-81d3-1d9e436e3669"}]}
2026-06-13 23:57:56.190 10 INFO neutron.wsgi [None req-8a86e93c-e451-4b74-b413-02d2a790c11b c7fa7798cb1744778cf4fd4f0022f0fd 215b7fa683874f23bff7571ee30911f0 - - default default] 10.0.0.14 "DELETE /v2.0/networks/854e187c-8674-45bd-b0d3-6cf0dabc47a2 HTTP/1.1" status: 204 len: 168 time: 0.5092075
2026-06-13 23:57:56.288 9 INFO neutron.db.ovn_revision_numbers_db [None req-d8a8ead0-a392-40d1-a1c8-5b1bdc3828eb - - - - - -] Successfully bumped revision number for resource df7c9930-a897-4ba3-a6c9-eaf26985d88a (type: router_ports) to 3
2026-06-13 23:57:56.469 9 INFO neutron.wsgi [None req-b880ddf0-6b8c-4e52-9dc5-c5b51bc17879 0badf3674b824baf9deb0d3b13eef2c5 85afb4b5014f42358a55eb5080f7a039 - - default default] 10.0.0.14 "DELETE /v2.0/security-groups/bf0bb6f5-bd9a-4b1c-87c3-eddeb7041d5f HTTP/1.1" status: 204 len: 168 time: 0.3546836
2026-06-13 23:57:56.510 10 INFO neutron.db.ovn_revision_numbers_db [None req-61089821-ec92-4a07-8f3d-3afb74f5b70c 0badf3674b824baf9deb0d3b13eef2c5 85afb4b5014f42358a55eb5080f7a039 - - default default] Successfully bumped revision number for resource 05474dcd-70bb-4a2a-a531-721461b52c1a (type: router_ports) to 1
2026-06-13 23:57:56.517 9 INFO neutron.db.ovn_revision_numbers_db [None req-d8a8ead0-a392-40d1-a1c8-5b1bdc3828eb - - - - - -] Successfully bumped revision number for resource df7c9930-a897-4ba3-a6c9-eaf26985d88a (type: ports) to 2
2026-06-13 23:57:56.682 10 INFO neutron.db.ovn_revision_numbers_db [None req-61089821-ec92-4a07-8f3d-3afb74f5b70c 0badf3674b824baf9deb0d3b13eef2c5 85afb4b5014f42358a55eb5080f7a039 - - default default] Successfully bumped revision number for resource 05474dcd-70bb-4a2a-a531-721461b52c1a (type: ports) to 1
2026-06-13 23:57:56.743 9 INFO neutron.wsgi [None req-77a13cf2-2b37-4261-b713-14e09738355a c7fa7798cb1744778cf4fd4f0022f0fd 215b7fa683874f23bff7571ee30911f0 - - default default] 10.0.0.14 "DELETE /v2.0/networks/86706ba2-db51-413d-9ba4-126780036e6e HTTP/1.1" status: 204 len: 168 time: 0.5472569
2026-06-13 23:57:56.759 10 WARNING neutron.scheduler.dhcp_agent_scheduler [None req-61089821-ec92-4a07-8f3d-3afb74f5b70c 0badf3674b824baf9deb0d3b13eef2c5 85afb4b5014f42358a55eb5080f7a039 - - default default] No more DHCP agents
2026-06-13 23:57:56.760 10 WARNING neutron.api.rpc.agentnotifiers.dhcp_rpc_agent_api [None req-61089821-ec92-4a07-8f3d-3afb74f5b70c 0badf3674b824baf9deb0d3b13eef2c5 85afb4b5014f42358a55eb5080f7a039 - - default default] Unable to schedule network c0854106-cc86-4ede-b8a4-7016301b6b3b: no agents available; will retry on subsequent port and subnet creation events.
2026-06-13 23:57:56.871 9 INFO neutron.db.ovn_revision_numbers_db [None req-d8a8ead0-a392-40d1-a1c8-5b1bdc3828eb - - - - - -] Successfully bumped revision number for resource df7c9930-a897-4ba3-a6c9-eaf26985d88a (type: ports) to 4
2026-06-13 23:57:56.991 9 INFO neutron.services.segments.plugin [-] Segment a6a018db-cb94-434c-ac26-2ec38a8efdcb resource provider aggregate not found
2026-06-13 23:57:57.004 9 INFO neutron.services.segments.plugin [-] Segment a6a018db-cb94-434c-ac26-2ec38a8efdcb resource provider aggregate not found
2026-06-13 23:57:57.008 9 INFO neutron.services.segments.plugin [-] Segment a6a018db-cb94-434c-ac26-2ec38a8efdcb resource provider not found; error: Placement Client Error (4xx): {"errors": [{"status": 404, "title": "Not Found", "detail": "The resource could not be found.\n\n No resource provider with uuid a6a018db-cb94-434c-ac26-2ec38a8efdcb found for delete ", "request_id": "req-e171d869-8e62-4a80-809c-b0d261812a2b"}]}
2026-06-13 23:57:57.028 9 INFO neutron.services.segments.plugin [-] Segment 81ce05c4-7978-42e5-a974-4feca7587eea resource provider aggregate not found
2026-06-13 23:57:57.035 9 INFO neutron.services.segments.plugin [-] Segment a6a018db-cb94-434c-ac26-2ec38a8efdcb resource provider not found; error: Placement Client Error (4xx): {"errors": [{"status": 404, "title": "Not Found", "detail": "The resource could not be found.\n\n No resource provider with uuid a6a018db-cb94-434c-ac26-2ec38a8efdcb found for delete ", "request_id": "req-cd65e75a-fbf7-43bc-8726-49bce52f4afe"}]}
2026-06-13 23:57:57.047 9 INFO neutron.services.segments.plugin [-] Segment 81ce05c4-7978-42e5-a974-4feca7587eea resource provider not found; error: Placement Client Error (4xx): {"errors": [{"status": 404, "title": "Not Found", "detail": "The resource could not be found.\n\n No resource provider with uuid 81ce05c4-7978-42e5-a974-4feca7587eea found for delete ", "request_id": "req-50414e9b-6b7e-4431-9bd7-8943863cf6ff"}]}
2026-06-13 23:57:57.055 9 INFO neutron.services.segments.plugin [-] Segment 81ce05c4-7978-42e5-a974-4feca7587eea resource provider aggregate not found
2026-06-13 23:57:57.085 9 INFO neutron.services.segments.plugin [-] Segment 81ce05c4-7978-42e5-a974-4feca7587eea resource provider not found; error: Placement Client Error (4xx): {"errors": [{"status": 404, "title": "Not Found", "detail": "The resource could not be found.\n\n No resource provider with uuid 81ce05c4-7978-42e5-a974-4feca7587eea found for delete ", "request_id": "req-3ac4f945-7a1e-42d3-b9c2-514e4188d337"}]}
2026-06-13 23:57:57.101 9 INFO neutron.db.ovn_revision_numbers_db [None req-d8a8ead0-a392-40d1-a1c8-5b1bdc3828eb - - - - - -] Successfully bumped revision number for resource df7c9930-a897-4ba3-a6c9-eaf26985d88a (type: router_ports) to 4
2026-06-13 23:57:57.349 9 INFO neutron.wsgi [None req-0974ccc6-c460-4152-81dc-9c5c70899dd9 0badf3674b824baf9deb0d3b13eef2c5 85afb4b5014f42358a55eb5080f7a039 - - default default] 10.0.0.14 "GET /v2.0/security-groups?tenant_id=215b7fa683874f23bff7571ee30911f0&name=default HTTP/1.1" status: 200 len: 2996 time: 0.1331511
2026-06-13 23:57:57.496 10 INFO neutron.db.ovn_revision_numbers_db [None req-61089821-ec92-4a07-8f3d-3afb74f5b70c 0badf3674b824baf9deb0d3b13eef2c5 85afb4b5014f42358a55eb5080f7a039 - - default default] Successfully bumped revision number for resource 05474dcd-70bb-4a2a-a531-721461b52c1a (type: router_ports) to 1
2026-06-13 23:57:57.499 10 INFO neutron.wsgi [None req-61089821-ec92-4a07-8f3d-3afb74f5b70c 0badf3674b824baf9deb0d3b13eef2c5 85afb4b5014f42358a55eb5080f7a039 - - default default] 10.0.0.14 "PUT /v2.0/routers/b01cecb5-47ef-4dd4-bf72-c26b01ffad12/add_router_interface HTTP/1.1" status: 200 len: 503 time: 2.1381967
2026-06-13 23:57:57.533 10 INFO neutron.wsgi [req-aaa44af6-c734-4a72-abe4-ac959c0b463a req-1bf36294-9348-466d-860d-53fc4e0b14e4 2b87c879725b4cb0a01cb02da207747b 6182fb1268624ff9bb5590b28a93ae87 - - default default] 10.0.0.190 "GET /v2.0/ports?device_id=cc966cf5-8548-47b8-bf9f-5bb85f57d9e6 HTTP/1.1" status: 200 len: 1174 time: 0.1107206
2026-06-13 23:57:57.539 9 INFO neutron.wsgi [None req-994f5562-8103-41f9-a80e-903a7d6c253b 0badf3674b824baf9deb0d3b13eef2c5 85afb4b5014f42358a55eb5080f7a039 - - default default] 10.0.0.14 "DELETE /v2.0/security-groups/d421a8dd-ad6b-4cb9-9217-4bcce6e11cfa HTTP/1.1" status: 204 len: 168 time: 0.1844606
2026-06-13 23:57:57.621 10 INFO neutron.wsgi [req-fe577719-0049-4355-be3b-c38a2c6cd638 req-56ed02b2-27af-4b48-91fa-d779b616ec32 2b87c879725b4cb0a01cb02da207747b 6182fb1268624ff9bb5590b28a93ae87 - - default default] 10.0.0.190 "GET /v2.0/ports/ccc73f7c-2154-428b-a957-495826572387 HTTP/1.1" status: 200 len: 1171 time: 0.0432937
