2026-06-13 23:58:03.589 9 INFO neutron.wsgi [req-56515b6b-f743-4b87-a367-f004aa6a1002 req-cb824518-53ab-41b3-b25d-48cfa0106407 326affdcbef54fcf91d2ce6f747d6909 6cdd55410299440194f68e01f06829eb - - 43d848d5152f49aa96a22434d33eb6cf 43d848d5152f49aa96a22434d33eb6cf] 199.204.45.95 "GET /v2.0/subnets?id=99094f3f-1f83-41dc-aca1-d1c9f905b790 HTTP/1.1" status: 200 len: 868 time: 0.0470994
2026-06-13 23:58:03.599 10 INFO neutron.notifiers.nova [-] Nova event matching ['req-a619c562-4456-41e6-8f64-55fc7941c037'] response: {'server_uuid': 'cc966cf5-8548-47b8-bf9f-5bb85f57d9e6', 'name': 'network-vif-deleted', 'tag': 'ccc73f7c-2154-428b-a957-495826572387', 'status': 'completed', 'code': 200}
2026-06-13 23:58:03.635 9 INFO neutron.wsgi [req-56515b6b-f743-4b87-a367-f004aa6a1002 req-2832be08-4fad-482e-b53e-3e4214b6ca2e 326affdcbef54fcf91d2ce6f747d6909 6cdd55410299440194f68e01f06829eb - - 43d848d5152f49aa96a22434d33eb6cf 43d848d5152f49aa96a22434d33eb6cf] 199.204.45.95 "GET /v2.0/ports?network_id=c0854106-cc86-4ede-b8a4-7016301b6b3b&device_owner=network%3Adhcp HTTP/1.1" status: 200 len: 210 time: 0.0414214
2026-06-13 23:58:03.717 9 INFO neutron.wsgi [req-56515b6b-f743-4b87-a367-f004aa6a1002 req-5e40c0ea-3f82-4a5f-96b7-fb03b0aa75cb 326affdcbef54fcf91d2ce6f747d6909 6cdd55410299440194f68e01f06829eb - - 43d848d5152f49aa96a22434d33eb6cf 43d848d5152f49aa96a22434d33eb6cf] 199.204.45.95 "GET /v2.0/networks/c0854106-cc86-4ede-b8a4-7016301b6b3b?fields=segments HTTP/1.1" status: 200 len: 212 time: 0.0731757
2026-06-13 23:58:03.831 9 INFO neutron.wsgi [req-56515b6b-f743-4b87-a367-f004aa6a1002 req-7fe6c3b4-3770-4934-b70c-783753e0b681 326affdcbef54fcf91d2ce6f747d6909 6cdd55410299440194f68e01f06829eb - - 43d848d5152f49aa96a22434d33eb6cf 43d848d5152f49aa96a22434d33eb6cf] 199.204.45.95 "GET /v2.0/networks/c0854106-cc86-4ede-b8a4-7016301b6b3b?fields=provider%3Aphysical_network&fields=provider%3Anetwork_type HTTP/1.1" status: 200 len: 277 time: 0.0883706 /var/lib/openstack/lib/python3.10/site-packages/pycadf/identifier.py:71: UserWarning: Invalid uuid: neutron. To ensure interoperability, identifiers should be a valid uuid. warnings.warn(('Invalid uuid: %s. To ensure interoperability, '
2026-06-13 23:58:03.872 10 INFO neutron.wsgi [None req-1235227b-589d-4c3b-8e7c-80f85f19740b 3e90a3cffe654acba18fdeb6d7021040 2981597e085d4c5eacab00a01b02780b - - default default] 10.0.0.14 "GET /v2.0/extensions HTTP/1.1" status: 200 len: 16975 time: 0.1717045
2026-06-13 23:58:03.880 10 INFO neutron.wsgi [None req-98936802-be03-453a-83cb-21277510e7e9 3e90a3cffe654acba18fdeb6d7021040 2981597e085d4c5eacab00a01b02780b - - default default] 10.0.0.14 "GET /v2.0/extensions/address-group HTTP/1.1" status: 200 len: 353 time: 0.0037167
2026-06-13 23:58:03.887 10 INFO neutron.wsgi [None req-6a29ff49-7f8d-49dc-8426-8eaf03582e27 3e90a3cffe654acba18fdeb6d7021040 2981597e085d4c5eacab00a01b02780b - - default default] 10.0.0.14 "GET /v2.0/extensions/address-scope HTTP/1.1" status: 200 len: 357 time: 0.0046394
2026-06-13 23:58:03.895 10 INFO neutron.wsgi [None req-37387fa8-41bf-42a5-8344-f4ccabbd51b2 3e90a3cffe654acba18fdeb6d7021040 2981597e085d4c5eacab00a01b02780b - - default default] 10.0.0.14 "GET /v2.0/extensions/agent HTTP/1.1" status: 200 len: 347 time: 0.0049901
2026-06-13 23:58:03.905 9 INFO neutron.wsgi [None req-5284d407-f231-47f6-bfec-2baf3be92bd7 3e90a3cffe654acba18fdeb6d7021040 2981597e085d4c5eacab00a01b02780b - - default default] 10.0.0.14 "GET /v2.0/extensions/allowed-address-pairs HTTP/1.1" status: 200 len: 378 time: 0.0057061
2026-06-13 23:58:03.918 10 INFO neutron.wsgi [None req-e3d02ed0-3a3b-41ef-a63c-75b9e4505da4 3e90a3cffe654acba18fdeb6d7021040 2981597e085d4c5eacab00a01b02780b - - default default] 10.0.0.14 "GET /v2.0/extensions/auto-allocated-topology HTTP/1.1" status: 200 len: 394 time: 0.0081911
2026-06-13 23:58:03.928 10 INFO neutron.wsgi [None req-e05ac927-15ac-4ed1-9ed5-75b55b68f842 3e90a3cffe654acba18fdeb6d7021040 2981597e085d4c5eacab00a01b02780b - - default default] 10.0.0.14 "GET /v2.0/extensions/availability_zone HTTP/1.1" status: 200 len: 372 time: 0.0038359
2026-06-13 23:58:03.937 10 INFO neutron.wsgi [None req-7b61d2ca-7cd7-4112-b840-e59848e82e57 3e90a3cffe654acba18fdeb6d7021040 2981597e085d4c5eacab00a01b02780b - - default default] 10.0.0.14 "GET /v2.0/extensions/default-subnetpools HTTP/1.1" status: 200 len: 405 time: 0.0047033
2026-06-13 23:58:03.946 10 INFO neutron.wsgi [None req-54ffda21-c841-44a9-a4ec-986bbf3bd760 3e90a3cffe654acba18fdeb6d7021040 2981597e085d4c5eacab00a01b02780b - - default default] 10.0.0.14 "GET /v2.0/extensions/dhcp_agent_scheduler HTTP/1.1" status: 200 len: 381 time: 0.0053480
2026-06-13 23:58:03.961 9 INFO neutron.wsgi [None req-8f88defd-7ef5-4b65-bdf6-45c6d8db40f8 3e90a3cffe654acba18fdeb6d7021040 2981597e085d4c5eacab00a01b02780b - - default default] 10.0.0.14 "GET /v2.0/extensions/dns-integration HTTP/1.1" status: 200 len: 366 time: 0.0114455
2026-06-13 23:58:03.974 9 INFO neutron.wsgi [None req-959fc66c-8fb7-4edf-aead-a7cc4239f794 3e90a3cffe654acba18fdeb6d7021040 2981597e085d4c5eacab00a01b02780b - - default default] 10.0.0.14 "GET /v2.0/extensions/dns-domain-ports HTTP/1.1" status: 200 len: 399 time: 0.0064516
2026-06-13 23:58:03.983 9 INFO neutron.wsgi [None req-ff828a02-dd0f-4b61-b59f-35166d097d0b 3e90a3cffe654acba18fdeb6d7021040 2981597e085d4c5eacab00a01b02780b - - default default] 10.0.0.14 "GET /v2.0/extensions/dns-integration-domain-keywords HTTP/1.1" status: 200 len: 477 time: 0.0053272
2026-06-13 23:58:03.993 10 INFO neutron.wsgi [None req-51ca0353-fa7a-4b2a-9856-f24542688037 3e90a3cffe654acba18fdeb6d7021040 2981597e085d4c5eacab00a01b02780b - - default default] 10.0.0.14 "GET /v2.0/extensions/empty-string-filtering HTTP/1.1" status: 200 len: 413 time: 0.0057828
2026-06-13 23:58:04.003 10 INFO neutron.plugins.ml2.drivers.ovn.mech_driver.mech_driver [None req-e6cf0876-a609-408f-8628-c2f6faf33b79 - - - - - -] OVN reports status up for port: 7f41a94b-1952-436e-8bdd-1f8312ba750c
2026-06-13 23:58:04.009 10 INFO neutron.wsgi [None req-692650fa-0643-4a56-9575-097d8dd1dfad 3e90a3cffe654acba18fdeb6d7021040 2981597e085d4c5eacab00a01b02780b - - default default] 10.0.0.14 "GET /v2.0/extensions/external-net HTTP/1.1" status: 200 len: 394 time: 0.0090945
2026-06-13 23:58:04.017 9 WARNING neutron.scheduler.dhcp_agent_scheduler [None req-3a6af8be-9adf-44e2-8f33-fe00957bd277 89bd6caaa1254cfa925b687f9b3ffc83 6dec90ae427f4b64b0363ff3dcab3e03 - - default default] No more DHCP agents
2026-06-13 23:58:04.021 9 INFO neutron.wsgi [None req-43eaa635-3571-4db3-8413-04ff778619f6 3e90a3cffe654acba18fdeb6d7021040 2981597e085d4c5eacab00a01b02780b - - default default] 10.0.0.14 "GET /v2.0/extensions/extra_dhcp_opt HTTP/1.1" status: 200 len: 498 time: 0.0054324
2026-06-13 23:58:04.022 10 INFO neutron.plugins.ml2.plugin [None req-e6cf0876-a609-408f-8628-c2f6faf33b79 - - - - - -] Attempt 1 to provision port 7f41a94b-1952-436e-8bdd-1f8312ba750c
2026-06-13 23:58:04.023 9 WARNING neutron.api.rpc.agentnotifiers.dhcp_rpc_agent_api [None req-3a6af8be-9adf-44e2-8f33-fe00957bd277 89bd6caaa1254cfa925b687f9b3ffc83 6dec90ae427f4b64b0363ff3dcab3e03 - - default default] Unable to schedule network 17b7c297-d340-43bc-85be-5f589aff9eec: no agents available; will retry on subsequent port and subnet creation events.
2026-06-13 23:58:04.031 9 INFO neutron.wsgi [None req-dfb42053-00d6-44a5-be02-7c3ffd788fec 3e90a3cffe654acba18fdeb6d7021040 2981597e085d4c5eacab00a01b02780b - - default default] 10.0.0.14 "GET /v2.0/extensions/extraroute HTTP/1.1" status: 200 len: 375 time: 0.0045958
2026-06-13 23:58:04.044 10 INFO neutron.wsgi [None req-73be8eab-3fc2-45e8-95ca-22ac238e2301 3e90a3cffe654acba18fdeb6d7021040 2981597e085d4c5eacab00a01b02780b - - default default] 10.0.0.14 "GET /v2.0/extensions/filter-validation HTTP/1.1" status: 200 len: 392 time: 0.0070298
2026-06-13 23:58:04.052 9 INFO neutron.wsgi [None req-64ff0e1a-4515-4c51-b21c-943d28d3c159 3e90a3cffe654acba18fdeb6d7021040 2981597e085d4c5eacab00a01b02780b - - default default] 10.0.0.14 "GET /v2.0/extensions/floating-ip-port-forwarding-detail HTTP/1.1" status: 200 len: 465 time: 0.0044396
2026-06-13 23:58:04.063 10 INFO neutron.wsgi [None req-291031b6-b6e3-4dc4-bda0-da71099a7e1b 3e90a3cffe654acba18fdeb6d7021040 2981597e085d4c5eacab00a01b02780b - - default default] 10.0.0.14 "GET /v2.0/extensions/fip-port-details HTTP/1.1" status: 200 len: 406 time: 0.0071552
2026-06-13 23:58:04.072 9 INFO neutron.wsgi [None req-92f406f5-af50-444e-8c1f-7f8cdb00bc96 3e90a3cffe654acba18fdeb6d7021040 2981597e085d4c5eacab00a01b02780b - - default default] 10.0.0.14 "GET /v2.0/extensions/flavors HTTP/1.1" status: 200 len: 387 time: 0.0056372
2026-06-13 23:58:04.079 9 INFO neutron.wsgi [None req-215abc8e-0aa5-4090-b16f-a053b457a50e 3e90a3cffe654acba18fdeb6d7021040 2981597e085d4c5eacab00a01b02780b - - default default] 10.0.0.14 "GET /v2.0/extensions/floatingip-pools HTTP/1.1" status: 200 len: 382 time: 0.0038016
2026-06-13 23:58:04.085 9 INFO neutron.wsgi [None req-75ba71e5-f791-4629-b661-b0bb7689c1de 3e90a3cffe654acba18fdeb6d7021040 2981597e085d4c5eacab00a01b02780b - - default default] 10.0.0.14 "GET /v2.0/extensions/ip_allocation HTTP/1.1" status: 200 len: 356 time: 0.0031574
2026-06-13 23:58:04.092 9 INFO neutron.wsgi [None req-398514e7-91c0-4526-90f1-f7134e9cd122 3e90a3cffe654acba18fdeb6d7021040 2981597e085d4c5eacab00a01b02780b - - default default] 10.0.0.14 "GET /v2.0/extensions/l2_adjacency HTTP/1.1" status: 200 len: 372 time: 0.0031731
2026-06-13 23:58:04.099 9 INFO neutron.wsgi [None req-1ca01122-0dd0-469f-b80c-36f91a1fba36 3e90a3cffe654acba18fdeb6d7021040 2981597e085d4c5eacab00a01b02780b - - default default] 10.0.0.14 "GET /v2.0/extensions/router HTTP/1.1" status: 200 len: 450 time: 0.0030034
2026-06-13 23:58:04.108 10 INFO neutron.wsgi [None req-5029f21c-bdbc-4c21-a068-a9e0d827114c 3e90a3cffe654acba18fdeb6d7021040 2981597e085d4c5eacab00a01b02780b - - default default] 10.0.0.14 "GET /v2.0/extensions/ext-gw-mode HTTP/1.1" status: 200 len: 462 time: 0.0052087
2026-06-13 23:58:04.122 9 INFO neutron.wsgi [None req-df33181e-2e8c-472f-8d94-d0ecf00ba6ff 3e90a3cffe654acba18fdeb6d7021040 2981597e085d4c5eacab00a01b02780b - - default default] 10.0.0.14 "GET /v2.0/extensions/logging HTTP/1.1" status: 200 len: 407 time: 0.0063422
2026-06-13 23:58:04.131 9 INFO neutron.wsgi [None req-6d4c0c7a-0d13-447e-84b8-cb6f1830ab9a 3e90a3cffe654acba18fdeb6d7021040 2981597e085d4c5eacab00a01b02780b - - default default] 10.0.0.14 "GET /v2.0/extensions/multi-provider HTTP/1.1" status: 200 len: 406 time: 0.0047619
2026-06-13 23:58:04.147 9 INFO neutron.wsgi [None req-f87670cb-f8a7-49cb-aafb-f7a89d57d800 3e90a3cffe654acba18fdeb6d7021040 2981597e085d4c5eacab00a01b02780b - - default default] 10.0.0.14 "GET /v2.0/extensions/net-mtu HTTP/1.1" status: 200 len: 370 time: 0.0100799
2026-06-13 23:58:04.162 10 INFO neutron.wsgi [None req-a65e9215-97cd-47ee-ac35-9606d674436c 3e90a3cffe654acba18fdeb6d7021040 2981597e085d4c5eacab00a01b02780b - - default default] 10.0.0.14 "GET /v2.0/extensions/net-mtu-writable HTTP/1.1" status: 200 len: 401 time: 0.0068889
2026-06-13 23:58:04.172 10 INFO neutron.wsgi [None req-e7efa253-5376-43bd-87f7-84dc723af5c6 3e90a3cffe654acba18fdeb6d7021040 2981597e085d4c5eacab00a01b02780b - - default default] 10.0.0.14 "GET /v2.0/extensions/network_availability_zone HTTP/1.1" status: 200 len: 394 time: 0.0044372
2026-06-13 23:58:04.188 9 INFO neutron.wsgi [None req-73925c49-f6e7-4098-996b-c59d29bb39a2 3e90a3cffe654acba18fdeb6d7021040 2981597e085d4c5eacab00a01b02780b - - default default] 10.0.0.14 "GET /v2.0/extensions/network-ip-availability HTTP/1.1" status: 200 len: 410 time: 0.0107596
2026-06-13 23:58:04.193 9 INFO neutron.wsgi [None req-c74d7307-de88-4689-90a8-72d6089a9d01 3e90a3cffe654acba18fdeb6d7021040 2981597e085d4c5eacab00a01b02780b - - default default] 10.0.0.14 "GET /v2.0/extensions/pagination HTTP/1.1" status: 200 len: 386 time: 0.0031369
2026-06-13 23:58:04.204 10 INFO neutron.wsgi [None req-c9e16d3b-9e54-47c5-921f-50cad02a27b4 2b87c879725b4cb0a01cb02da207747b 6182fb1268624ff9bb5590b28a93ae87 - - default default] 10.0.0.14 "DELETE /v2.0/security-groups/034a17c7-9694-48ca-9aa5-351ef2156360 HTTP/1.1" status: 204 len: 168 time: 0.2377892
2026-06-13 23:58:04.208 10 INFO neutron.wsgi [None req-0e79a5a5-45a8-4a9c-8358-ec642046f4b6 3e90a3cffe654acba18fdeb6d7021040 2981597e085d4c5eacab00a01b02780b - - default default] 10.0.0.14 "GET /v2.0/extensions/port-device-profile HTTP/1.1" status: 200 len: 383 time: 0.0072677
2026-06-13 23:58:04.216 10 INFO neutron.wsgi [None req-76dbf539-a9b0-4aa9-83c7-515e59ab43a2 3e90a3cffe654acba18fdeb6d7021040 2981597e085d4c5eacab00a01b02780b - - default default] 10.0.0.14 "GET /v2.0/extensions/port-mac-address-regenerate HTTP/1.1" status: 200 len: 403 time: 0.0038607
2026-06-13 23:58:04.217 9 INFO neutron.api.v2.resource [None req-e54d9ad5-353d-479d-b9eb-9a22dcd52f69 2b87c879725b4cb0a01cb02da207747b 6182fb1268624ff9bb5590b28a93ae87 - - default default] show failed (client error): The resource could not be found.
2026-06-13 23:58:04.218 9 INFO neutron.wsgi [None req-e54d9ad5-353d-479d-b9eb-9a22dcd52f69 2b87c879725b4cb0a01cb02da207747b 6182fb1268624ff9bb5590b28a93ae87 - - default default] 10.0.0.14 "GET /v2.0/security-groups/034a17c7-9694-48ca-9aa5-351ef2156360 HTTP/1.1" status: 404 len: 347 time: 0.0103905
2026-06-13 23:58:04.223 9 INFO neutron.wsgi [None req-ae070fbf-fef1-4117-b79d-36a8b3bf836a 3e90a3cffe654acba18fdeb6d7021040 2981597e085d4c5eacab00a01b02780b - - default default] 10.0.0.14 "GET /v2.0/extensions/port-numa-affinity-policy HTTP/1.1" status: 200 len: 392 time: 0.0031974
2026-06-13 23:58:04.231 9 INFO neutron.wsgi [None req-5c77577e-6fcc-4433-bfd7-7a375361c3a2 3e90a3cffe654acba18fdeb6d7021040 2981597e085d4c5eacab00a01b02780b - - default default] 10.0.0.14 "GET /v2.0/extensions/port-resource-request HTTP/1.1" status: 200 len: 379 time: 0.0057859
2026-06-13 23:58:04.236 9 INFO neutron.wsgi [None req-e343437e-ff0a-42be-8954-71ac56631733 3e90a3cffe654acba18fdeb6d7021040 2981597e085d4c5eacab00a01b02780b - - default default] 10.0.0.14 "GET /v2.0/extensions/port-resource-request-groups HTTP/1.1" status: 200 len: 465 time: 0.0030015
2026-06-13 23:58:04.237 9 INFO neutron.db.ovn_revision_numbers_db [None req-3a6af8be-9adf-44e2-8f33-fe00957bd277 89bd6caaa1254cfa925b687f9b3ffc83 6dec90ae427f4b64b0363ff3dcab3e03 - - default default] Successfully bumped revision number for resource 3958da9e-849f-44d0-aaca-e5e37d499ac0 (type: ports) to 1
2026-06-13 23:58:04.247 9 INFO neutron.wsgi [None req-b1e673e5-7c81-42b6-a60d-9180a5502e31 3e90a3cffe654acba18fdeb6d7021040 2981597e085d4c5eacab00a01b02780b - - default default] 10.0.0.14 "GET /v2.0/extensions/binding HTTP/1.1" status: 200 len: 387 time: 0.0040703
2026-06-13 23:58:04.257 9 INFO neutron.wsgi [None req-2c990062-f49f-4628-adeb-cfe2a628efdc 3e90a3cffe654acba18fdeb6d7021040 2981597e085d4c5eacab00a01b02780b - - default default] 10.0.0.14 "GET /v2.0/extensions/binding-extended HTTP/1.1" status: 200 len: 406 time: 0.0069118
2026-06-13 23:58:04.277 10 INFO neutron.wsgi [None req-b2dd595f-6905-455e-a64a-a39ebb32edcb 3e90a3cffe654acba18fdeb6d7021040 2981597e085d4c5eacab00a01b02780b - - default default] 10.0.0.14 "GET /v2.0/extensions/port-security HTTP/1.1" status: 200 len: 354 time: 0.0059783
2026-06-13 23:58:04.287 10 INFO neutron.wsgi [None req-310d69cd-34ad-47b6-bf7a-9891db233921 3e90a3cffe654acba18fdeb6d7021040 2981597e085d4c5eacab00a01b02780b - - default default] 10.0.0.14 "GET /v2.0/extensions/project-id HTTP/1.1" status: 200 len: 398 time: 0.0061929
2026-06-13 23:58:04.300 10 INFO neutron.wsgi [None req-c2cdcec5-f644-4a5a-bf9c-95bb8f49f0c6 3e90a3cffe654acba18fdeb6d7021040 2981597e085d4c5eacab00a01b02780b - - default default] 10.0.0.14 "GET /v2.0/extensions/provider HTTP/1.1" status: 200 len: 385 time: 0.0051999
2026-06-13 23:58:04.308 10 INFO neutron.wsgi [None req-9b2e1df1-2583-485a-94d7-f821a0887de8 3e90a3cffe654acba18fdeb6d7021040 2981597e085d4c5eacab00a01b02780b - - default default] 10.0.0.14 "GET /v2.0/extensions/qos HTTP/1.1" status: 200 len: 360 time: 0.0040355
2026-06-13 23:58:04.326 10 INFO neutron.wsgi [None req-57a937a6-d4fb-40f8-996b-5233cd7738b8 3e90a3cffe654acba18fdeb6d7021040 2981597e085d4c5eacab00a01b02780b - - default default] 10.0.0.14 "GET /v2.0/extensions/qos-bw-limit-direction HTTP/1.1" status: 200 len: 452 time: 0.0148163
2026-06-13 23:58:04.335 9 INFO neutron.wsgi [None req-fce58310-0479-4a47-8fac-2738834e418f 3e90a3cffe654acba18fdeb6d7021040 2981597e085d4c5eacab00a01b02780b - - default default] 10.0.0.14 "GET /v2.0/extensions/qos-bw-minimum-ingress HTTP/1.1" status: 200 len: 445 time: 0.0044012
2026-06-13 23:58:04.360 10 INFO neutron.wsgi [None req-feb74656-e80f-49ac-8baf-3ee0973f9ca3 3e90a3cffe654acba18fdeb6d7021040 2981597e085d4c5eacab00a01b02780b - - default default] 10.0.0.14 "GET /v2.0/extensions/qos-default HTTP/1.1" status: 200 len: 377 time: 0.0118971
2026-06-13 23:58:04.369 9 INFO neutron.wsgi [None req-e100ab85-901a-42ea-bb67-6a9a016650f2 3e90a3cffe654acba18fdeb6d7021040 2981597e085d4c5eacab00a01b02780b - - default default] 10.0.0.14 "GET /v2.0/extensions/qos-fip HTTP/1.1" status: 200 len: 372 time: 0.0051012
2026-06-13 23:58:04.379 10 INFO neutron.wsgi [None req-ebd82b14-c756-4940-89a2-208396086031 3e90a3cffe654acba18fdeb6d7021040 2981597e085d4c5eacab00a01b02780b - - default default] 10.0.0.14 "GET /v2.0/extensions/qos-gateway-ip HTTP/1.1" status: 200 len: 391 time: 0.0079808
2026-06-13 23:58:04.394 9 INFO neutron.wsgi [None req-b36c9efe-0e62-4ae3-924c-c780bf426bf6 3e90a3cffe654acba18fdeb6d7021040 2981597e085d4c5eacab00a01b02780b - - default default] 10.0.0.14 "GET /v2.0/extensions/qos-port-network-policy HTTP/1.1" status: 200 len: 403 time: 0.0111086
2026-06-13 23:58:04.402 9 INFO neutron.wsgi [None req-99d16b49-1faf-4818-ad8a-2b379ce4a3db 3e90a3cffe654acba18fdeb6d7021040 2981597e085d4c5eacab00a01b02780b - - default default] 10.0.0.14 "GET /v2.0/extensions/qos-pps-minimum HTTP/1.1" status: 200 len: 397 time: 0.0036929
2026-06-13 23:58:04.412 9 INFO neutron.wsgi [None req-1cecafbc-ed53-4597-8c96-39a737120ae8 3e90a3cffe654acba18fdeb6d7021040 2981597e085d4c5eacab00a01b02780b - - default default] 10.0.0.14 "GET /v2.0/extensions/qos-pps-minimum-rule-alias HTTP/1.1" status: 200 len: 471 time: 0.0047295
2026-06-13 23:58:04.422 10 INFO neutron.wsgi [None req-43e2c3a5-f110-41ee-acc8-65962871e08d 3e90a3cffe654acba18fdeb6d7021040 2981597e085d4c5eacab00a01b02780b - - default default] 10.0.0.14 "GET /v2.0/extensions/qos-pps HTTP/1.1" status: 200 len: 389 time: 0.0050697
2026-06-13 23:58:04.433 10 INFO neutron.wsgi [None req-8ef80f77-acad-471d-ad96-a82e12e28bde 3e90a3cffe654acba18fdeb6d7021040 2981597e085d4c5eacab00a01b02780b - - default default] 10.0.0.14 "GET /v2.0/extensions/qos-rule-type-details HTTP/1.1" status: 200 len: 423 time: 0.0051582
2026-06-13 23:58:04.445 10 INFO neutron.wsgi [None req-09b0ca2e-82c7-4ea0-a894-091902ec7429 3e90a3cffe654acba18fdeb6d7021040 2981597e085d4c5eacab00a01b02780b - - default default] 10.0.0.14 "GET /v2.0/extensions/qos-rule-type-filter HTTP/1.1" status: 200 len: 567 time: 0.0078862
2026-06-13 23:58:04.453 10 INFO neutron.db.ovn_revision_numbers_db [None req-e6cf0876-a609-408f-8628-c2f6faf33b79 - - - - - -] Successfully bumped revision number for resource 7f41a94b-1952-436e-8bdd-1f8312ba750c (type: ports) to 4
2026-06-13 23:58:04.455 9 INFO neutron.wsgi [None req-44036064-c301-44c9-96aa-5e81d724b6c5 3e90a3cffe654acba18fdeb6d7021040 2981597e085d4c5eacab00a01b02780b - - default default] 10.0.0.14 "GET /v2.0/extensions/qos-rules-alias HTTP/1.1" status: 200 len: 448 time: 0.0055108
2026-06-13 23:58:04.467 9 INFO neutron.wsgi [None req-32c9244c-efec-43fd-afcb-922e8b05d51d 3e90a3cffe654acba18fdeb6d7021040 2981597e085d4c5eacab00a01b02780b - - default default] 10.0.0.14 "GET /v2.0/extensions/quota-check-limit HTTP/1.1" status: 200 len: 420 time: 0.0054760
2026-06-13 23:58:04.477 9 INFO neutron.wsgi [None req-7244e490-6260-4f83-a665-662ded421002 3e90a3cffe654acba18fdeb6d7021040 2981597e085d4c5eacab00a01b02780b - - default default] 10.0.0.14 "GET /v2.0/extensions/quotas HTTP/1.1" status: 200 len: 386 time: 0.0046110
2026-06-13 23:58:04.485 9 INFO neutron.wsgi [None req-57037331-fc33-4662-8e69-75ad0b1364d5 3e90a3cffe654acba18fdeb6d7021040 2981597e085d4c5eacab00a01b02780b - - default default] 10.0.0.14 "GET /v2.0/extensions/quota_details HTTP/1.1" status: 200 len: 407 time: 0.0031798
2026-06-13 23:58:04.492 9 INFO neutron.wsgi [None req-7d37b2a1-0e04-4017-8669-5ab052db8a56 3e90a3cffe654acba18fdeb6d7021040 2981597e085d4c5eacab00a01b02780b - - default default] 10.0.0.14 "GET /v2.0/extensions/rbac-policies HTTP/1.1" status: 200 len: 417 time: 0.0033338
2026-06-13 23:58:04.501 9 INFO neutron.wsgi [None req-afbb915c-65d8-4ffe-9620-122bd7cfb1af 3e90a3cffe654acba18fdeb6d7021040 2981597e085d4c5eacab00a01b02780b - - default default] 10.0.0.14 "GET /v2.0/extensions/rbac-address-scope HTTP/1.1" status: 200 len: 384 time: 0.0048585
2026-06-13 23:58:04.517 10 INFO neutron.wsgi [None req-1cb274df-99fa-48f2-925d-61665cd29965 3e90a3cffe654acba18fdeb6d7021040 2981597e085d4c5eacab00a01b02780b - - default default] 10.0.0.14 "GET /v2.0/extensions/rbac-security-groups HTTP/1.1" status: 200 len: 404 time: 0.0082884
2026-06-13 23:58:04.527 9 INFO neutron.wsgi [None req-49b544a2-88c3-47da-ab4f-c90aac81783e 3e90a3cffe654acba18fdeb6d7021040 2981597e085d4c5eacab00a01b02780b - - default default] 10.0.0.14 "GET /v2.0/extensions/revision-if-match HTTP/1.1" status: 200 len: 441 time: 0.0055606
2026-06-13 23:58:04.538 9 INFO neutron.wsgi [None req-ab7fba6d-2067-424b-ac3c-d02052512d2e 3e90a3cffe654acba18fdeb6d7021040 2981597e085d4c5eacab00a01b02780b - - default default] 10.0.0.14 "GET /v2.0/extensions/standard-attr-revisions HTTP/1.1" status: 200 len: 423 time: 0.0036483
2026-06-13 23:58:04.547 9 INFO neutron.wsgi [None req-05e3af6a-3c2e-4c05-99c8-341b73fd4ab5 3e90a3cffe654acba18fdeb6d7021040 2981597e085d4c5eacab00a01b02780b - - default default] 10.0.0.14 "GET /v2.0/extensions/router_availability_zone HTTP/1.1" status: 200 len: 391 time: 0.0039544
2026-06-13 23:58:04.557 9 INFO neutron.wsgi [None req-63a65308-1f8e-41df-a197-5321758ef50d 3e90a3cffe654acba18fdeb6d7021040 2981597e085d4c5eacab00a01b02780b - - default default] 10.0.0.14 "GET /v2.0/extensions/security-groups-default-rules HTTP/1.1" status: 200 len: 456 time: 0.0064344
2026-06-13 23:58:04.566 9 INFO neutron.wsgi [None req-bb9ff276-e01c-49c0-8d1f-4aa7231cd85d 3e90a3cffe654acba18fdeb6d7021040 2981597e085d4c5eacab00a01b02780b - - default default] 10.0.0.14 "GET /v2.0/extensions/security-groups-normalized-cidr HTTP/1.1" status: 200 len: 445 time: 0.0046048
2026-06-13 23:58:04.573 9 INFO neutron.wsgi [None req-f8622719-8098-48e6-81c7-808424e5ac79 3e90a3cffe654acba18fdeb6d7021040 2981597e085d4c5eacab00a01b02780b - - default default] 10.0.0.14 "GET /v2.0/extensions/security-groups-remote-address-group HTTP/1.1" status: 200 len: 448 time: 0.0029638
2026-06-13 23:58:04.579 9 INFO neutron.wsgi [None req-cbb6403c-4a72-4330-b7cd-d9c19b3e8e96 3e90a3cffe654acba18fdeb6d7021040 2981597e085d4c5eacab00a01b02780b - - default default] 10.0.0.14 "GET /v2.0/extensions/security-groups-shared-filtering HTTP/1.1" status: 200 len: 435 time: 0.0033834 /var/lib/openstack/lib/python3.10/site-packages/pycadf/identifier.py:71: UserWarning: Invalid uuid: neutron. To ensure interoperability, identifiers should be a valid uuid. warnings.warn(('Invalid uuid: %s. To ensure interoperability, '
2026-06-13 23:58:04.589 9 INFO neutron.wsgi [None req-1f824320-ac18-41df-acb5-cde8f67457dc 3e90a3cffe654acba18fdeb6d7021040 2981597e085d4c5eacab00a01b02780b - - default default] 10.0.0.14 "GET /v2.0/extensions/security-group HTTP/1.1" status: 200 len: 364 time: 0.0048690
2026-06-13 23:58:04.596 9 INFO neutron.wsgi [None req-6f4ded60-5e5c-41d2-92f3-dbd3c2b929be 3e90a3cffe654acba18fdeb6d7021040 2981597e085d4c5eacab00a01b02780b - - default default] 10.0.0.14 "GET /v2.0/extensions/segment HTTP/1.1" status: 200 len: 339 time: 0.0044632
2026-06-13 23:58:04.605 9 INFO neutron.wsgi [None req-4594977f-53c2-410e-9d9a-5ae485c32827 3e90a3cffe654acba18fdeb6d7021040 2981597e085d4c5eacab00a01b02780b - - default default] 10.0.0.14 "GET /v2.0/extensions/segments-peer-subnet-host-routes HTTP/1.1" status: 200 len: 427 time: 0.0042393
2026-06-13 23:58:04.616 10 INFO neutron.wsgi [req-6f60ff3e-2433-445a-b61c-98b462d304eb req-aaf959de-559d-493b-9718-694878b2f27c 08244c9936764b1989607db43174eabf 8676eadb2b9d4108b21f61e8228abd22 - - default default] 10.0.0.190 "GET /v2.0/ports?device_id=662247c6-c192-4fa9-b04c-4b57a5271f98 HTTP/1.1" status: 200 len: 1174 time: 0.0402763
2026-06-13 23:58:04.620 10 INFO neutron.wsgi [None req-670df882-a862-4e9b-80fa-c7cf3817b1ca 3e90a3cffe654acba18fdeb6d7021040 2981597e085d4c5eacab00a01b02780b - - default default] 10.0.0.14 "GET /v2.0/extensions/service-type HTTP/1.1" status: 200 len: 415 time: 0.0090432
2026-06-13 23:58:04.630 9 INFO neutron.wsgi [None req-f5874f56-5cc5-43dd-86f1-98f93666dffb 3e90a3cffe654acba18fdeb6d7021040 2981597e085d4c5eacab00a01b02780b - - default default] 10.0.0.14 "GET /v2.0/extensions/sorting HTTP/1.1" status: 200 len: 377 time: 0.0051367
2026-06-13 23:58:04.641 9 INFO neutron.wsgi [None req-ca736433-7d80-4a29-bd8e-dec35d8ca559 3e90a3cffe654acba18fdeb6d7021040 2981597e085d4c5eacab00a01b02780b - - default default] 10.0.0.14 "GET /v2.0/extensions/standard-attr-segment HTTP/1.1" status: 200 len: 406 time: 0.0064652
2026-06-13 23:58:04.653 10 INFO neutron.wsgi [None req-880e7b58-87fa-4e85-9742-d232fed60955 3e90a3cffe654acba18fdeb6d7021040 2981597e085d4c5eacab00a01b02780b - - default default] 10.0.0.14 "GET /v2.0/extensions/standard-attr-description HTTP/1.1" status: 200 len: 408 time: 0.0056937
2026-06-13 23:58:04.655 9 INFO neutron.plugins.ml2.drivers.ovn.mech_driver.mech_driver [None req-12b9eb48-e3c2-47ec-a464-21ef71433738 - - - - - -] OVN reports status up for port: 3958da9e-849f-44d0-aaca-e5e37d499ac0
2026-06-13 23:58:04.667 10 INFO neutron.wsgi [None req-2b9b3720-9b62-44e5-b365-2d6038c45bf1 3e90a3cffe654acba18fdeb6d7021040 2981597e085d4c5eacab00a01b02780b - - default default] 10.0.0.14 "GET /v2.0/extensions/stateful-security-group HTTP/1.1" status: 200 len: 402 time: 0.0064447
2026-06-13 23:58:04.684 9 INFO neutron.wsgi [None req-34060292-3117-4c72-b2e1-40dae7fa3203 3e90a3cffe654acba18fdeb6d7021040 2981597e085d4c5eacab00a01b02780b - - default default] 10.0.0.14 "GET /v2.0/extensions/subnet-dns-publish-fixed-ip HTTP/1.1" status: 200 len: 421 time: 0.0106323
2026-06-13 23:58:04.684 10 INFO neutron.wsgi [req-6f60ff3e-2433-445a-b61c-98b462d304eb req-8b3626f5-fcaf-480b-bc86-c22a42ae8289 08244c9936764b1989607db43174eabf 8676eadb2b9d4108b21f61e8228abd22 - - default default] 10.0.0.190 "GET /v2.0/security-groups?id=da9ff46f-fce9-45f6-a5cf-38ad44f96020&fields=id&fields=name HTTP/1.1" status: 200 len: 312 time: 0.0548718
2026-06-13 23:58:04.685 9 INFO neutron.plugins.ml2.plugin [None req-12b9eb48-e3c2-47ec-a464-21ef71433738 - - - - - -] Attempt 1 to provision port 3958da9e-849f-44d0-aaca-e5e37d499ac0
2026-06-13 23:58:04.695 9 INFO neutron.wsgi [None req-fe85e2bf-a65c-4a05-b67f-fe144bd2da6f 3e90a3cffe654acba18fdeb6d7021040 2981597e085d4c5eacab00a01b02780b - - default default] 10.0.0.14 "GET /v2.0/extensions/subnet-segmentid-writable HTTP/1.1" status: 200 len: 421 time: 0.0069432
2026-06-13 23:58:04.706 10 INFO neutron.wsgi [None req-fecacebe-77ca-4070-927c-816205727257 3e90a3cffe654acba18fdeb6d7021040 2981597e085d4c5eacab00a01b02780b - - default default] 10.0.0.14 "GET /v2.0/extensions/subnet-service-types HTTP/1.1" status: 200 len: 400 time: 0.0060244
2026-06-13 23:58:04.717 9 INFO neutron.wsgi [None req-b0421f3a-0196-4af3-a850-3f0bdeacabed 3e90a3cffe654acba18fdeb6d7021040 2981597e085d4c5eacab00a01b02780b - - default default] 10.0.0.14 "GET /v2.0/extensions/subnet_allocation HTTP/1.1" status: 200 len: 388 time: 0.0056694
2026-06-13 23:58:04.719 9 INFO neutron.db.ovn_revision_numbers_db [None req-3a6af8be-9adf-44e2-8f33-fe00957bd277 89bd6caaa1254cfa925b687f9b3ffc83 6dec90ae427f4b64b0363ff3dcab3e03 - - default default] Successfully bumped revision number for resource 3958da9e-849f-44d0-aaca-e5e37d499ac0 (type: router_ports) to 1
2026-06-13 23:58:04.728 10 INFO neutron.wsgi [None req-98decae6-8cac-45c0-9039-1f891f53bcc6 3e90a3cffe654acba18fdeb6d7021040 2981597e085d4c5eacab00a01b02780b - - default default] 10.0.0.14 "GET /v2.0/extensions/subnetpool-prefix-ops HTTP/1.1" status: 200 len: 418 time: 0.0055394
2026-06-13 23:58:04.737 10 INFO neutron.wsgi [None req-294ac337-cb8e-4e2b-b4ef-ee5784c31d92 3e90a3cffe654acba18fdeb6d7021040 2981597e085d4c5eacab00a01b02780b - - default default] 10.0.0.14 "GET /v2.0/extensions/standard-attr-tag HTTP/1.1" status: 200 len: 537 time: 0.0037563
2026-06-13 23:58:04.746 10 INFO neutron.wsgi [None req-92cc78df-6d21-4140-ad9e-ecf5330ccbba 3e90a3cffe654acba18fdeb6d7021040 2981597e085d4c5eacab00a01b02780b - - default default] 10.0.0.14 "GET /v2.0/extensions/standard-attr-timestamp HTTP/1.1" status: 200 len: 449 time: 0.0030539
2026-06-13 23:58:04.754 10 INFO neutron.wsgi [None req-b4375f6d-4c2e-416e-b4fa-e7fefb640b3d 3e90a3cffe654acba18fdeb6d7021040 2981597e085d4c5eacab00a01b02780b - - default default] 10.0.0.14 "GET /v2.0/extensions/trunk HTTP/1.1" status: 200 len: 358 time: 0.0045838
2026-06-13 23:58:04.759 10 INFO neutron.wsgi [None req-36a2eb49-c070-4917-9c1f-6a98b36b2513 2b87c879725b4cb0a01cb02da207747b 6182fb1268624ff9bb5590b28a93ae87 - - default default] 10.0.0.14 "DELETE /v2.0/floatingips/ae679969-ed75-4bd5-9e2b-2d6030bb52e7 HTTP/1.1" status: 204 len: 168 time: 0.5382464
2026-06-13 23:58:04.765 9 INFO neutron.wsgi [None req-58ab6609-2827-4de3-a9b4-a38ad53a2bfb 3e90a3cffe654acba18fdeb6d7021040 2981597e085d4c5eacab00a01b02780b - - default default] 10.0.0.14 "GET /v2.0/extensions/trunk-details HTTP/1.1" status: 200 len: 362 time: 0.0048699
2026-06-13 23:58:04.789 9 INFO neutron.notifiers.nova [-] Nova event matching ['req-99548f81-b375-4c70-b726-14139257f87b'] response: {'server_uuid': 'cc966cf5-8548-47b8-bf9f-5bb85f57d9e6', 'name': 'network-vif-plugged', 'status': 'completed', 'tag': 'ccc73f7c-2154-428b-a957-495826572387', 'code': 200}
2026-06-13 23:58:04.790 9 INFO neutron.notifiers.nova [-] Nova event matching ['req-99548f81-b375-4c70-b726-14139257f87b'] response: {'name': 'network-changed', 'server_uuid': '662247c6-c192-4fa9-b04c-4b57a5271f98', 'tag': '7f41a94b-1952-436e-8bdd-1f8312ba750c', 'status': 'completed', 'code': 200}
2026-06-13 23:58:04.881 9 INFO neutron.wsgi [req-6db6a8f4-d04d-4a80-a62b-675bdb572e94 req-40cec0c5-180a-4c6c-b0d1-ee38776391e3 326affdcbef54fcf91d2ce6f747d6909 6cdd55410299440194f68e01f06829eb - - 43d848d5152f49aa96a22434d33eb6cf 43d848d5152f49aa96a22434d33eb6cf] 199.204.45.95 "GET /v2.0/ports?tenant_id=8676eadb2b9d4108b21f61e8228abd22&device_id=662247c6-c192-4fa9-b04c-4b57a5271f98 HTTP/1.1" status: 200 len: 1413 time: 0.0671093
2026-06-13 23:58:05.013 9 INFO neutron.wsgi [req-6db6a8f4-d04d-4a80-a62b-675bdb572e94 req-7e05d2ae-f5fb-416d-88eb-a23b1b4fbe7a 326affdcbef54fcf91d2ce6f747d6909 6cdd55410299440194f68e01f06829eb - - 43d848d5152f49aa96a22434d33eb6cf 43d848d5152f49aa96a22434d33eb6cf] 199.204.45.95 "GET /v2.0/networks?id=c0854106-cc86-4ede-b8a4-7016301b6b3b HTTP/1.1" status: 200 len: 973 time: 0.1263812
2026-06-13 23:58:05.051 9 INFO neutron.wsgi [req-6db6a8f4-d04d-4a80-a62b-675bdb572e94 req-4da61def-5dfd-440b-9259-574f9bef57b8 326affdcbef54fcf91d2ce6f747d6909 6cdd55410299440194f68e01f06829eb - - 43d848d5152f49aa96a22434d33eb6cf 43d848d5152f49aa96a22434d33eb6cf] 199.204.45.95 "GET /v2.0/floatingips?fixed_ip_address=10.100.0.12&port_id=7f41a94b-1952-436e-8bdd-1f8312ba750c HTTP/1.1" status: 200 len: 217 time: 0.0302944
2026-06-13 23:58:05.053 9 INFO neutron.db.ovn_revision_numbers_db [None req-3a6af8be-9adf-44e2-8f33-fe00957bd277 89bd6caaa1254cfa925b687f9b3ffc83 6dec90ae427f4b64b0363ff3dcab3e03 - - default default] Successfully bumped revision number for resource 3958da9e-849f-44d0-aaca-e5e37d499ac0 (type: ports) to 1
2026-06-13 23:58:05.129 9 INFO neutron.wsgi [req-6db6a8f4-d04d-4a80-a62b-675bdb572e94 req-0bc58950-90bb-4655-8e2f-a036d753ce9b 326affdcbef54fcf91d2ce6f747d6909 6cdd55410299440194f68e01f06829eb - - 43d848d5152f49aa96a22434d33eb6cf 43d848d5152f49aa96a22434d33eb6cf] 199.204.45.95 "GET /v2.0/subnets?id=99094f3f-1f83-41dc-aca1-d1c9f905b790 HTTP/1.1" status: 200 len: 868 time: 0.0713286
2026-06-13 23:58:05.166 9 INFO neutron.wsgi [req-6db6a8f4-d04d-4a80-a62b-675bdb572e94 req-85712d36-af5e-4c3a-bb9d-c1ec681ab000 326affdcbef54fcf91d2ce6f747d6909 6cdd55410299440194f68e01f06829eb - - 43d848d5152f49aa96a22434d33eb6cf 43d848d5152f49aa96a22434d33eb6cf] 199.204.45.95 "GET /v2.0/ports?network_id=c0854106-cc86-4ede-b8a4-7016301b6b3b&device_owner=network%3Adhcp HTTP/1.1" status: 200 len: 210 time: 0.0281940
2026-06-13 23:58:05.186 9 WARNING neutron.scheduler.dhcp_agent_scheduler [None req-3a6af8be-9adf-44e2-8f33-fe00957bd277 89bd6caaa1254cfa925b687f9b3ffc83 6dec90ae427f4b64b0363ff3dcab3e03 - - default default] No more DHCP agents
2026-06-13 23:58:05.192 9 WARNING neutron.api.rpc.agentnotifiers.dhcp_rpc_agent_api [None req-3a6af8be-9adf-44e2-8f33-fe00957bd277 89bd6caaa1254cfa925b687f9b3ffc83 6dec90ae427f4b64b0363ff3dcab3e03 - - default default] Unable to schedule network 17b7c297-d340-43bc-85be-5f589aff9eec: no agents available; will retry on subsequent port and subnet creation events.
2026-06-13 23:58:05.427 9 INFO neutron.db.ovn_revision_numbers_db [None req-12b9eb48-e3c2-47ec-a464-21ef71433738 - - - - - -] Successfully bumped revision number for resource 3958da9e-849f-44d0-aaca-e5e37d499ac0 (type: ports) to 2
2026-06-13 23:58:05.490 9 INFO neutron.wsgi [req-6db6a8f4-d04d-4a80-a62b-675bdb572e94 req-4f2da155-5d81-4be1-be57-f7e8352a4084 326affdcbef54fcf91d2ce6f747d6909 6cdd55410299440194f68e01f06829eb - - 43d848d5152f49aa96a22434d33eb6cf 43d848d5152f49aa96a22434d33eb6cf] 199.204.45.95 "GET /v2.0/networks/c0854106-cc86-4ede-b8a4-7016301b6b3b?fields=segments HTTP/1.1" status: 200 len: 212 time: 0.3055012
2026-06-13 23:58:05.579 9 INFO neutron.db.ovn_revision_numbers_db [None req-12b9eb48-e3c2-47ec-a464-21ef71433738 - - - - - -] Successfully bumped revision number for resource 3958da9e-849f-44d0-aaca-e5e37d499ac0 (type: router_ports) to 2
2026-06-13 23:58:05.600 9 INFO neutron.db.ovn_revision_numbers_db [None req-3a6af8be-9adf-44e2-8f33-fe00957bd277 89bd6caaa1254cfa925b687f9b3ffc83 6dec90ae427f4b64b0363ff3dcab3e03 - - default default] Successfully bumped revision number for resource 3958da9e-849f-44d0-aaca-e5e37d499ac0 (type: router_ports) to 2
2026-06-13 23:58:05.602 9 INFO neutron.wsgi [None req-3a6af8be-9adf-44e2-8f33-fe00957bd277 89bd6caaa1254cfa925b687f9b3ffc83 6dec90ae427f4b64b0363ff3dcab3e03 - - default default] 10.0.0.14 "PUT /v2.0/routers/c294bf22-f1e0-4bad-9ba3-ea96970b22a9/add_router_interface HTTP/1.1" status: 200 len: 503 time: 2.0649970
2026-06-13 23:58:05.608 9 INFO neutron.wsgi [req-6db6a8f4-d04d-4a80-a62b-675bdb572e94 req-367aee3a-b1a6-473b-b57a-e14d8ab8c0ce 326affdcbef54fcf91d2ce6f747d6909 6cdd55410299440194f68e01f06829eb - - 43d848d5152f49aa96a22434d33eb6cf 43d848d5152f49aa96a22434d33eb6cf] 199.204.45.95 "GET /v2.0/networks/c0854106-cc86-4ede-b8a4-7016301b6b3b?fields=provider%3Aphysical_network&fields=provider%3Anetwork_type HTTP/1.1" status: 200 len: 277 time: 0.1085167
2026-06-13 23:58:05.645 9 INFO neutron.wsgi [None req-ecf4d7a5-77e9-4c1c-898b-d9358bb05a77 89bd6caaa1254cfa925b687f9b3ffc83 6dec90ae427f4b64b0363ff3dcab3e03 - - default default] 10.0.0.14 "GET /v2.0/ports/3958da9e-849f-44d0-aaca-e5e37d499ac0 HTTP/1.1" status: 200 len: 1137 time: 0.0353928
2026-06-13 23:58:05.825 10 INFO neutron.notifiers.nova [-] Nova event matching ['req-538bfa77-9050-473c-aba7-8948ed76db29'] response: {'server_uuid': '662247c6-c192-4fa9-b04c-4b57a5271f98', 'name': 'network-vif-plugged', 'status': 'completed', 'tag': '7f41a94b-1952-436e-8bdd-1f8312ba750c', 'code': 200}
2026-06-13 23:58:05.826 10 INFO neutron.notifiers.nova [-] Nova event matching ['req-538bfa77-9050-473c-aba7-8948ed76db29'] response: {'server_uuid': '662247c6-c192-4fa9-b04c-4b57a5271f98', 'name': 'network-vif-plugged', 'status': 'completed', 'tag': '7f41a94b-1952-436e-8bdd-1f8312ba750c', 'code': 200}
2026-06-13 23:58:05.871 10 INFO neutron.db.ovn_revision_numbers_db [None req-77510458-d7da-4220-bbea-631c137a2a69 0badf3674b824baf9deb0d3b13eef2c5 85afb4b5014f42358a55eb5080f7a039 - - default default] Successfully bumped revision number for resource f97dc0b5-9a9f-4050-b678-a63fe01f9121 (type: security_groups) to 1
2026-06-13 23:58:05.922 10 INFO neutron.db.ovn_revision_numbers_db [None req-77510458-d7da-4220-bbea-631c137a2a69 0badf3674b824baf9deb0d3b13eef2c5 85afb4b5014f42358a55eb5080f7a039 - - default default] Successfully bumped revision number for resource 2fb2d449-2fd4-456f-8d56-acae1af5afd6 (type: security_group_rules) to 0
2026-06-13 23:58:05.947 10 INFO neutron.db.ovn_revision_numbers_db [None req-77510458-d7da-4220-bbea-631c137a2a69 0badf3674b824baf9deb0d3b13eef2c5 85afb4b5014f42358a55eb5080f7a039 - - default default] Successfully bumped revision number for resource adaeead7-46bf-4291-a4c5-b29c7bfa2ad4 (type: security_group_rules) to 0
2026-06-13 23:58:05.952 10 INFO neutron.wsgi [req-8a617bc6-77cb-45dd-baad-3040862bbb60 req-d1839e81-ac46-4f7c-95fc-2d487253bab6 08244c9936764b1989607db43174eabf 8676eadb2b9d4108b21f61e8228abd22 - - default default] 10.0.0.190 "GET /v2.0/ports?device_id=662247c6-c192-4fa9-b04c-4b57a5271f98 HTTP/1.1" status: 200 len: 1174 time: 0.1669815
2026-06-13 23:58:05.975 10 INFO neutron.db.ovn_revision_numbers_db [None req-77510458-d7da-4220-bbea-631c137a2a69 0badf3674b824baf9deb0d3b13eef2c5 85afb4b5014f42358a55eb5080f7a039 - - default default] Successfully bumped revision number for resource b2de3234-107e-48e6-9f39-e32b0a957e99 (type: security_group_rules) to 0
2026-06-13 23:58:06.001 10 INFO neutron.db.ovn_revision_numbers_db [None req-77510458-d7da-4220-bbea-631c137a2a69 0badf3674b824baf9deb0d3b13eef2c5 85afb4b5014f42358a55eb5080f7a039 - - default default] Successfully bumped revision number for resource b78c7a15-8c43-4650-a289-37919d04b8d5 (type: security_group_rules) to 0
2026-06-13 23:58:06.036 10 INFO neutron.wsgi [None req-77510458-d7da-4220-bbea-631c137a2a69 0badf3674b824baf9deb0d3b13eef2c5 85afb4b5014f42358a55eb5080f7a039 - - default default] 10.0.0.14 "GET /v2.0/security-groups?tenant_id=2981597e085d4c5eacab00a01b02780b&name=default HTTP/1.1" status: 200 len: 2996 time: 0.6940892
2026-06-13 23:58:06.040 10 INFO neutron.wsgi [req-8a617bc6-77cb-45dd-baad-3040862bbb60 req-b913a4f0-26f6-4ff2-b98a-c66ba5e8d080 08244c9936764b1989607db43174eabf 8676eadb2b9d4108b21f61e8228abd22 - - default default] 10.0.0.190 "GET /v2.0/security-groups?id=da9ff46f-fce9-45f6-a5cf-38ad44f96020&fields=id&fields=name HTTP/1.1" status: 200 len: 312 time: 0.0809124
2026-06-13 23:58:06.113 9 WARNING neutron.scheduler.dhcp_agent_scheduler [None req-50c3c165-8256-4456-852e-8f3af7278b59 89bd6caaa1254cfa925b687f9b3ffc83 6dec90ae427f4b64b0363ff3dcab3e03 - - default default] No more DHCP agents
2026-06-13 23:58:06.115 9 WARNING neutron.api.rpc.agentnotifiers.dhcp_rpc_agent_api [None req-50c3c165-8256-4456-852e-8f3af7278b59 89bd6caaa1254cfa925b687f9b3ffc83 6dec90ae427f4b64b0363ff3dcab3e03 - - default default] Unable to schedule network db760239-526c-40b6-a743-ee583883b910: no agents available; will retry on subsequent port and subnet creation events.
2026-06-13 23:58:06.183 10 INFO neutron.wsgi [None req-c07fd77a-531c-449b-8dc2-f021262d9497 0badf3674b824baf9deb0d3b13eef2c5 85afb4b5014f42358a55eb5080f7a039 - - default default] 10.0.0.14 "PUT /v2.0/routers/89cbe466-285a-46e2-bbed-bf04b4ad4ed0/remove_router_interface HTTP/1.1" status: 200 len: 503 time: 1.3305650 /var/lib/openstack/lib/python3.10/site-packages/pycadf/identifier.py:71: UserWarning: Invalid uuid: neutron. To ensure interoperability, identifiers should be a valid uuid. warnings.warn(('Invalid uuid: %s. To ensure interoperability, '
2026-06-13 23:58:06.281 9 INFO neutron.db.ovn_revision_numbers_db [None req-50c3c165-8256-4456-852e-8f3af7278b59 89bd6caaa1254cfa925b687f9b3ffc83 6dec90ae427f4b64b0363ff3dcab3e03 - - default default] Successfully bumped revision number for resource 11e68c35-24dd-486f-b26f-2c6f1436f234 (type: ports) to 1
2026-06-13 23:58:06.350 10 INFO neutron.wsgi [None req-bc61f740-c0eb-471d-b12e-2845e4ba16fd 0badf3674b824baf9deb0d3b13eef2c5 85afb4b5014f42358a55eb5080f7a039 - - default default] 10.0.0.14 "DELETE /v2.0/security-groups/f97dc0b5-9a9f-4050-b678-a63fe01f9121 HTTP/1.1" status: 204 len: 168 time: 0.3089485
2026-06-13 23:58:06.406 9 INFO neutron.wsgi [req-93632612-4611-4388-a60d-bddf5f90865d req-f02a0bff-8bc7-4257-bc19-98e7a9577673 326affdcbef54fcf91d2ce6f747d6909 6cdd55410299440194f68e01f06829eb - - 43d848d5152f49aa96a22434d33eb6cf 43d848d5152f49aa96a22434d33eb6cf] 199.204.45.95 "GET /v2.0/ports?device_id=662247c6-c192-4fa9-b04c-4b57a5271f98&fields=binding%3Ahost_id&fields=binding%3Avif_type HTTP/1.1" status: 200 len: 265 time: 0.0405331
2026-06-13 23:58:06.484 9 INFO neutron.wsgi [req-93632612-4611-4388-a60d-bddf5f90865d req-ff19397a-edcb-4cc4-af9a-a50682e5a60f 326affdcbef54fcf91d2ce6f747d6909 6cdd55410299440194f68e01f06829eb - - 43d848d5152f49aa96a22434d33eb6cf 43d848d5152f49aa96a22434d33eb6cf] 199.204.45.95 "GET /v2.0/ports?tenant_id=8676eadb2b9d4108b21f61e8228abd22&device_id=662247c6-c192-4fa9-b04c-4b57a5271f98 HTTP/1.1" status: 200 len: 1413 time: 0.0419192
2026-06-13 23:58:06.585 9 INFO neutron.wsgi [req-93632612-4611-4388-a60d-bddf5f90865d req-16934966-c86a-43c3-99fb-393b1476c9e5 326affdcbef54fcf91d2ce6f747d6909 6cdd55410299440194f68e01f06829eb - - 43d848d5152f49aa96a22434d33eb6cf 43d848d5152f49aa96a22434d33eb6cf] 199.204.45.95 "GET /v2.0/networks?id=c0854106-cc86-4ede-b8a4-7016301b6b3b HTTP/1.1" status: 200 len: 973 time: 0.0817459
2026-06-13 23:58:06.628 9 INFO neutron.wsgi [req-93632612-4611-4388-a60d-bddf5f90865d req-4dc7676b-f87f-49ac-9de2-0bc4aa1280fd 326affdcbef54fcf91d2ce6f747d6909 6cdd55410299440194f68e01f06829eb - - 43d848d5152f49aa96a22434d33eb6cf 43d848d5152f49aa96a22434d33eb6cf] 199.204.45.95 "GET /v2.0/floatingips?fixed_ip_address=10.100.0.12&port_id=7f41a94b-1952-436e-8bdd-1f8312ba750c HTTP/1.1" status: 200 len: 217 time: 0.0236256
2026-06-13 23:58:06.713 9 INFO neutron.wsgi [req-93632612-4611-4388-a60d-bddf5f90865d req-de014902-b764-45c0-a220-9740f222412a 326affdcbef54fcf91d2ce6f747d6909 6cdd55410299440194f68e01f06829eb - - 43d848d5152f49aa96a22434d33eb6cf 43d848d5152f49aa96a22434d33eb6cf] 199.204.45.95 "GET /v2.0/subnets?id=99094f3f-1f83-41dc-aca1-d1c9f905b790 HTTP/1.1" status: 200 len: 868 time: 0.0750389
2026-06-13 23:58:06.741 9 INFO neutron.wsgi [req-93632612-4611-4388-a60d-bddf5f90865d req-dde3d694-d2d9-4eba-a216-8ced6551fd47 326affdcbef54fcf91d2ce6f747d6909 6cdd55410299440194f68e01f06829eb - - 43d848d5152f49aa96a22434d33eb6cf 43d848d5152f49aa96a22434d33eb6cf] 199.204.45.95 "GET /v2.0/ports?network_id=c0854106-cc86-4ede-b8a4-7016301b6b3b&device_owner=network%3Adhcp HTTP/1.1" status: 200 len: 210 time: 0.0223618
2026-06-13 23:58:06.865 9 INFO neutron.wsgi [req-93632612-4611-4388-a60d-bddf5f90865d req-083b9aa7-ed06-45c9-b7fd-d2322cb2a51b 326affdcbef54fcf91d2ce6f747d6909 6cdd55410299440194f68e01f06829eb - - 43d848d5152f49aa96a22434d33eb6cf 43d848d5152f49aa96a22434d33eb6cf] 199.204.45.95 "GET /v2.0/networks/c0854106-cc86-4ede-b8a4-7016301b6b3b?fields=segments HTTP/1.1" status: 200 len: 212 time: 0.1158264
2026-06-13 23:58:06.940 9 INFO neutron.db.ovn_revision_numbers_db [None req-50c3c165-8256-4456-852e-8f3af7278b59 89bd6caaa1254cfa925b687f9b3ffc83 6dec90ae427f4b64b0363ff3dcab3e03 - - default default] Successfully bumped revision number for resource 11e68c35-24dd-486f-b26f-2c6f1436f234 (type: router_ports) to 1
2026-06-13 23:58:06.946 9 INFO neutron.wsgi [req-93632612-4611-4388-a60d-bddf5f90865d req-92683c30-f988-4e4d-8089-2e7bfe25b8a2 326affdcbef54fcf91d2ce6f747d6909 6cdd55410299440194f68e01f06829eb - - 43d848d5152f49aa96a22434d33eb6cf 43d848d5152f49aa96a22434d33eb6cf] 199.204.45.95 "GET /v2.0/networks/c0854106-cc86-4ede-b8a4-7016301b6b3b?fields=provider%3Aphysical_network&fields=provider%3Anetwork_type HTTP/1.1" status: 200 len: 277 time: 0.0730031
2026-06-13 23:58:07.071 9 INFO neutron.db.ovn_revision_numbers_db [None req-50c3c165-8256-4456-852e-8f3af7278b59 89bd6caaa1254cfa925b687f9b3ffc83 6dec90ae427f4b64b0363ff3dcab3e03 - - default default] Successfully bumped revision number for resource 11e68c35-24dd-486f-b26f-2c6f1436f234 (type: ports) to 1
2026-06-13 23:58:07.075 10 INFO neutron.wsgi [None req-f9283929-1d62-4586-8536-372d12fa9596 0badf3674b824baf9deb0d3b13eef2c5 85afb4b5014f42358a55eb5080f7a039 - - default default] 10.0.0.14 "DELETE /v2.0/routers/89cbe466-285a-46e2-bbed-bf04b4ad4ed0 HTTP/1.1" status: 204 len: 168 time: 0.8865485
2026-06-13 23:58:07.131 9 WARNING neutron.scheduler.dhcp_agent_scheduler [None req-50c3c165-8256-4456-852e-8f3af7278b59 89bd6caaa1254cfa925b687f9b3ffc83 6dec90ae427f4b64b0363ff3dcab3e03 - - default default] No more DHCP agents
2026-06-13 23:58:07.136 9 WARNING neutron.api.rpc.agentnotifiers.dhcp_rpc_agent_api [None req-50c3c165-8256-4456-852e-8f3af7278b59 89bd6caaa1254cfa925b687f9b3ffc83 6dec90ae427f4b64b0363ff3dcab3e03 - - default default] Unable to schedule network db760239-526c-40b6-a743-ee583883b910: no agents available; will retry on subsequent port and subnet creation events.
2026-06-13 23:58:07.162 10 INFO neutron.wsgi [req-ad5dc9e7-3662-4da2-a5f9-c74a0da86d77 req-ab2bccb6-b175-47b6-9c36-5af064c9c557 08244c9936764b1989607db43174eabf 8676eadb2b9d4108b21f61e8228abd22 - - default default] 10.0.0.190 "GET /v2.0/ports?device_id=662247c6-c192-4fa9-b04c-4b57a5271f98 HTTP/1.1" status: 200 len: 1174 time: 0.0443377
2026-06-13 23:58:07.216 10 INFO neutron.wsgi [req-ad5dc9e7-3662-4da2-a5f9-c74a0da86d77 req-52228bd9-0c70-4e28-b091-5abe5ea94192 08244c9936764b1989607db43174eabf 8676eadb2b9d4108b21f61e8228abd22 - - default default] 10.0.0.190 "GET /v2.0/security-groups?id=da9ff46f-fce9-45f6-a5cf-38ad44f96020&fields=id&fields=name HTTP/1.1" status: 200 len: 312 time: 0.0481153
2026-06-13 23:58:07.264 9 INFO neutron.db.ovn_revision_numbers_db [None req-50c3c165-8256-4456-852e-8f3af7278b59 89bd6caaa1254cfa925b687f9b3ffc83 6dec90ae427f4b64b0363ff3dcab3e03 - - default default] Successfully bumped revision number for resource 11e68c35-24dd-486f-b26f-2c6f1436f234 (type: router_ports) to 1
2026-06-13 23:58:07.267 9 INFO neutron.wsgi [None req-50c3c165-8256-4456-852e-8f3af7278b59 89bd6caaa1254cfa925b687f9b3ffc83 6dec90ae427f4b64b0363ff3dcab3e03 - - default default] 10.0.0.14 "PUT /v2.0/routers/c294bf22-f1e0-4bad-9ba3-ea96970b22a9/add_router_interface HTTP/1.1" status: 200 len: 503 time: 1.6163352
2026-06-13 23:58:07.311 10 INFO neutron.wsgi [req-968017a6-3e49-4094-b9f2-ce0e3473718a req-c1dbab0b-5009-440a-bbed-dcfca9296e00 08244c9936764b1989607db43174eabf 8676eadb2b9d4108b21f61e8228abd22 - - default default] 10.0.0.190 "GET /v2.0/ports?device_id=662247c6-c192-4fa9-b04c-4b57a5271f98 HTTP/1.1" status: 200 len: 1174 time: 0.0341465
2026-06-13 23:58:07.340 10 INFO neutron.wsgi [None req-e44041aa-4a7b-4202-b6f7-ce3addd0b44d 0badf3674b824baf9deb0d3b13eef2c5 85afb4b5014f42358a55eb5080f7a039 - - default default] 10.0.0.14 "DELETE /v2.0/subnets/da648e12-69ce-4a35-9604-b51993c047ce HTTP/1.1" status: 204 len: 168 time: 0.2619691
2026-06-13 23:58:07.375 9 INFO neutron.wsgi [None req-19f97be3-1a85-4c42-b1c5-ed779b6e669b 89bd6caaa1254cfa925b687f9b3ffc83 6dec90ae427f4b64b0363ff3dcab3e03 - - default default] 10.0.0.14 "GET /v2.0/ports/11e68c35-24dd-486f-b26f-2c6f1436f234 HTTP/1.1" status: 200 len: 1135 time: 0.1049378
2026-06-13 23:58:07.504 10 INFO neutron.wsgi [None req-bdb73c97-d330-4f4c-bcfb-e66358a483c0 89bd6caaa1254cfa925b687f9b3ffc83 6dec90ae427f4b64b0363ff3dcab3e03 - - default default] 10.0.0.14 "GET /v2.0/ports/11e68c35-24dd-486f-b26f-2c6f1436f234 HTTP/1.1" status: 200 len: 1135 time: 0.1192777
2026-06-13 23:58:07.563 10 INFO neutron.db.l3_db [None req-f2f2cf9b-4899-4151-8bcd-ba445e2ae7b7 08244c9936764b1989607db43174eabf 8676eadb2b9d4108b21f61e8228abd22 - - default default] Floating IP 05f60412-83bf-4cb9-b579-15fe9fd692b7 associated. External IP: 10.96.250.220, port: 7f41a94b-1952-436e-8bdd-1f8312ba750c.
2026-06-13 23:58:07.700 9 INFO neutron.services.segments.plugin [-] Segment cb649964-898b-41eb-95b6-a5a1c5fb325f resource provider aggregate not found
2026-06-13 23:58:07.707 9 INFO neutron.services.segments.plugin [-] Segment cb649964-898b-41eb-95b6-a5a1c5fb325f resource provider aggregate not found
2026-06-13 23:58:07.719 9 INFO neutron.services.segments.plugin [-] Segment cb649964-898b-41eb-95b6-a5a1c5fb325f resource provider not found; error: Placement Client Error (4xx): {"errors": [{"status": 404, "title": "Not Found", "detail": "The resource could not be found.\n\n No resource provider with uuid cb649964-898b-41eb-95b6-a5a1c5fb325f found for delete ", "request_id": "req-9a2e020d-a16d-4c59-9ee9-8b63819813f8"}]}
2026-06-13 23:58:07.752 9 INFO neutron.services.segments.plugin [-] Segment cb649964-898b-41eb-95b6-a5a1c5fb325f resource provider not found; error: Placement Client Error (4xx): {"errors": [{"status": 404, "title": "Not Found", "detail": "The resource could not be found.\n\n No resource provider with uuid cb649964-898b-41eb-95b6-a5a1c5fb325f found for delete ", "request_id": "req-3762da3c-e7d0-492e-a137-c6852a03be27"}]}
2026-06-13 23:58:07.770 9 INFO neutron.wsgi [None req-e90ca7e7-b9c8-46cf-a73b-974efbedd142 0badf3674b824baf9deb0d3b13eef2c5 85afb4b5014f42358a55eb5080f7a039 - - default default] 10.0.0.14 "DELETE /v2.0/networks/6c166bfd-7b17-4c5e-a985-f251b2acb8e9 HTTP/1.1" status: 204 len: 168 time: 0.4256320
