2026-06-13 23:57:31.833 7 INFO cinder.api.openstack.wsgi [None req-d1505b88-574c-4dbc-bcc8-449998a74cd3 4eeb40e412044ee1ab90a3406be960d3 e70ccdf5d2c24a4c9611a994b5941d76 - - default default] http://cinder-api.openstack.svc.cluster.local:8776/v3/e70ccdf5d2c24a4c9611a994b5941d76/volumes returned with HTTP 202 [pid: 7|app: 0|req: 346/689] 10.0.0.14 () {34 vars in 722 bytes} [Sat Jun 13 23:57:30 2026] POST /v3/e70ccdf5d2c24a4c9611a994b5941d76/volumes => generated 863 bytes in 966 msecs (HTTP/1.1 202) 7 headers in 291 bytes (1 switches on core 0)
2026-06-13 23:57:31.854 8 INFO cinder.api.openstack.wsgi [None req-344f61ce-9b32-440e-a6e4-0441e6d8eeb1 4eeb40e412044ee1ab90a3406be960d3 e70ccdf5d2c24a4c9611a994b5941d76 - - default default] GET http://cinder-api.openstack.svc.cluster.local:8776/v3/e70ccdf5d2c24a4c9611a994b5941d76/volumes/67155fee-28ba-404d-bef8-ff031c9c39a6 /var/lib/openstack/lib/python3.10/site-packages/oslo_context/context.py:100: DeprecationWarning: Policy enforcement is depending on the value of is_admin. This key is deprecated. Please update your policy file to use the standard policy values. warnings.warn('Policy enforcement is depending on the value of '
2026-06-13 23:57:31.890 8 INFO cinder.volume.api [None req-344f61ce-9b32-440e-a6e4-0441e6d8eeb1 4eeb40e412044ee1ab90a3406be960d3 e70ccdf5d2c24a4c9611a994b5941d76 - - default default] Volume info retrieved successfully.
2026-06-13 23:57:31.899 8 INFO cinder.api.openstack.wsgi [None req-344f61ce-9b32-440e-a6e4-0441e6d8eeb1 4eeb40e412044ee1ab90a3406be960d3 e70ccdf5d2c24a4c9611a994b5941d76 - - default default] http://cinder-api.openstack.svc.cluster.local:8776/v3/e70ccdf5d2c24a4c9611a994b5941d76/volumes/67155fee-28ba-404d-bef8-ff031c9c39a6 returned with HTTP 200 [pid: 8|app: 0|req: 344/690] 10.0.0.14 () {32 vars in 774 bytes} [Sat Jun 13 23:57:31 2026] GET /v3/e70ccdf5d2c24a4c9611a994b5941d76/volumes/67155fee-28ba-404d-bef8-ff031c9c39a6 => generated 931 bytes in 54 msecs (HTTP/1.1 200) 7 headers in 285 bytes (1 switches on core 0) /var/lib/openstack/lib/python3.10/site-packages/pycadf/identifier.py:71: UserWarning: Invalid uuid: cinderv3. To ensure interoperability, identifiers should be a valid uuid. warnings.warn(('Invalid uuid: %s. To ensure interoperability, '
2026-06-13 23:57:32.927 7 INFO cinder.api.openstack.wsgi [None req-c06bd6f4-c4bb-4dcf-9540-0bfa05603ac3 4eeb40e412044ee1ab90a3406be960d3 e70ccdf5d2c24a4c9611a994b5941d76 - - default default] GET http://cinder-api.openstack.svc.cluster.local:8776/v3/e70ccdf5d2c24a4c9611a994b5941d76/volumes/67155fee-28ba-404d-bef8-ff031c9c39a6 /var/lib/openstack/lib/python3.10/site-packages/oslo_context/context.py:100: DeprecationWarning: Policy enforcement is depending on the value of is_admin. This key is deprecated. Please update your policy file to use the standard policy values. warnings.warn('Policy enforcement is depending on the value of '
2026-06-13 23:57:32.946 7 INFO cinder.volume.api [None req-c06bd6f4-c4bb-4dcf-9540-0bfa05603ac3 4eeb40e412044ee1ab90a3406be960d3 e70ccdf5d2c24a4c9611a994b5941d76 - - default default] Volume info retrieved successfully.
2026-06-13 23:57:32.965 7 INFO cinder.api.openstack.wsgi [None req-c06bd6f4-c4bb-4dcf-9540-0bfa05603ac3 4eeb40e412044ee1ab90a3406be960d3 e70ccdf5d2c24a4c9611a994b5941d76 - - default default] http://cinder-api.openstack.svc.cluster.local:8776/v3/e70ccdf5d2c24a4c9611a994b5941d76/volumes/67155fee-28ba-404d-bef8-ff031c9c39a6 returned with HTTP 200 [pid: 7|app: 0|req: 347/691] 10.0.0.14 () {32 vars in 774 bytes} [Sat Jun 13 23:57:32 2026] GET /v3/e70ccdf5d2c24a4c9611a994b5941d76/volumes/67155fee-28ba-404d-bef8-ff031c9c39a6 => generated 955 bytes in 46 msecs (HTTP/1.1 200) 7 headers in 285 bytes (1 switches on core 0) /var/lib/openstack/lib/python3.10/site-packages/pycadf/identifier.py:71: UserWarning: Invalid uuid: cinderv3. To ensure interoperability, identifiers should be a valid uuid. warnings.warn(('Invalid uuid: %s. To ensure interoperability, '
2026-06-13 23:57:33.987 8 INFO cinder.api.openstack.wsgi [None req-bf24bb62-7281-49c0-9287-af89817f640d 4eeb40e412044ee1ab90a3406be960d3 e70ccdf5d2c24a4c9611a994b5941d76 - - default default] GET http://cinder-api.openstack.svc.cluster.local:8776/v3/e70ccdf5d2c24a4c9611a994b5941d76/volumes/67155fee-28ba-404d-bef8-ff031c9c39a6 /var/lib/openstack/lib/python3.10/site-packages/oslo_context/context.py:100: DeprecationWarning: Policy enforcement is depending on the value of is_admin. This key is deprecated. Please update your policy file to use the standard policy values. warnings.warn('Policy enforcement is depending on the value of '
2026-06-13 23:57:34.004 8 INFO cinder.volume.api [None req-bf24bb62-7281-49c0-9287-af89817f640d 4eeb40e412044ee1ab90a3406be960d3 e70ccdf5d2c24a4c9611a994b5941d76 - - default default] Volume info retrieved successfully.
2026-06-13 23:57:34.011 8 INFO cinder.api.openstack.wsgi [None req-bf24bb62-7281-49c0-9287-af89817f640d 4eeb40e412044ee1ab90a3406be960d3 e70ccdf5d2c24a4c9611a994b5941d76 - - default default] http://cinder-api.openstack.svc.cluster.local:8776/v3/e70ccdf5d2c24a4c9611a994b5941d76/volumes/67155fee-28ba-404d-bef8-ff031c9c39a6 returned with HTTP 200 [pid: 8|app: 0|req: 345/692] 10.0.0.14 () {32 vars in 774 bytes} [Sat Jun 13 23:57:33 2026] GET /v3/e70ccdf5d2c24a4c9611a994b5941d76/volumes/67155fee-28ba-404d-bef8-ff031c9c39a6 => generated 955 bytes in 32 msecs (HTTP/1.1 200) 7 headers in 285 bytes (1 switches on core 0)
2026-06-13 23:57:34.740 8 INFO cinder.api.openstack.wsgi [None req-bf24bb62-7281-49c0-9287-af89817f640d 4eeb40e412044ee1ab90a3406be960d3 e70ccdf5d2c24a4c9611a994b5941d76 - - default default] GET http://10.0.0.138:8776/
2026-06-13 23:57:34.741 8 INFO cinder.api.openstack.wsgi [None req-bf24bb62-7281-49c0-9287-af89817f640d 4eeb40e412044ee1ab90a3406be960d3 e70ccdf5d2c24a4c9611a994b5941d76 - - default default] http://10.0.0.138:8776/ returned with HTTP 300
2026-06-13 23:57:34.741 7 INFO cinder.api.openstack.wsgi [None req-c06bd6f4-c4bb-4dcf-9540-0bfa05603ac3 4eeb40e412044ee1ab90a3406be960d3 e70ccdf5d2c24a4c9611a994b5941d76 - - default default] GET http://10.0.0.138:8776/
2026-06-13 23:57:34.743 7 INFO cinder.api.openstack.wsgi [None req-c06bd6f4-c4bb-4dcf-9540-0bfa05603ac3 4eeb40e412044ee1ab90a3406be960d3 e70ccdf5d2c24a4c9611a994b5941d76 - - default default] http://10.0.0.138:8776/ returned with HTTP 300 /var/lib/openstack/lib/python3.10/site-packages/pycadf/identifier.py:71: UserWarning: Invalid uuid: cinderv3. To ensure interoperability, identifiers should be a valid uuid. warnings.warn(('Invalid uuid: %s. To ensure interoperability, '
2026-06-13 23:57:35.037 8 INFO cinder.api.openstack.wsgi [None req-2e95f68f-3da4-4070-9383-e1b6481a5b12 4eeb40e412044ee1ab90a3406be960d3 e70ccdf5d2c24a4c9611a994b5941d76 - - default default] GET http://cinder-api.openstack.svc.cluster.local:8776/v3/e70ccdf5d2c24a4c9611a994b5941d76/volumes/67155fee-28ba-404d-bef8-ff031c9c39a6 /var/lib/openstack/lib/python3.10/site-packages/oslo_context/context.py:100: DeprecationWarning: Policy enforcement is depending on the value of is_admin. This key is deprecated. Please update your policy file to use the standard policy values. warnings.warn('Policy enforcement is depending on the value of '
2026-06-13 23:57:35.053 8 INFO cinder.volume.api [None req-2e95f68f-3da4-4070-9383-e1b6481a5b12 4eeb40e412044ee1ab90a3406be960d3 e70ccdf5d2c24a4c9611a994b5941d76 - - default default] Volume info retrieved successfully.
2026-06-13 23:57:35.059 8 INFO cinder.api.openstack.wsgi [None req-2e95f68f-3da4-4070-9383-e1b6481a5b12 4eeb40e412044ee1ab90a3406be960d3 e70ccdf5d2c24a4c9611a994b5941d76 - - default default] http://cinder-api.openstack.svc.cluster.local:8776/v3/e70ccdf5d2c24a4c9611a994b5941d76/volumes/67155fee-28ba-404d-bef8-ff031c9c39a6 returned with HTTP 200 [pid: 8|app: 0|req: 347/695] 10.0.0.14 () {32 vars in 774 bytes} [Sat Jun 13 23:57:35 2026] GET /v3/e70ccdf5d2c24a4c9611a994b5941d76/volumes/67155fee-28ba-404d-bef8-ff031c9c39a6 => generated 1481 bytes in 32 msecs (HTTP/1.1 200) 7 headers in 286 bytes (1 switches on core 0) /var/lib/openstack/lib/python3.10/site-packages/pycadf/identifier.py:71: UserWarning: Invalid uuid: cinderv3. To ensure interoperability, identifiers should be a valid uuid. warnings.warn(('Invalid uuid: %s. To ensure interoperability, '
2026-06-13 23:57:35.137 7 INFO cinder.api.openstack.wsgi [req-989b8233-a964-4ed3-9a61-1d8fe1180886 req-660db771-fdac-42f2-a699-9f946e1f73ca 4eeb40e412044ee1ab90a3406be960d3 e70ccdf5d2c24a4c9611a994b5941d76 - - default default] GET http://cinder-api.openstack.svc.cluster.local:8776/v3/e70ccdf5d2c24a4c9611a994b5941d76/volumes/67155fee-28ba-404d-bef8-ff031c9c39a6 /var/lib/openstack/lib/python3.10/site-packages/oslo_context/context.py:100: DeprecationWarning: Policy enforcement is depending on the value of is_admin. This key is deprecated. Please update your policy file to use the standard policy values. warnings.warn('Policy enforcement is depending on the value of '
2026-06-13 23:57:35.156 7 INFO cinder.volume.api [req-989b8233-a964-4ed3-9a61-1d8fe1180886 req-660db771-fdac-42f2-a699-9f946e1f73ca 4eeb40e412044ee1ab90a3406be960d3 e70ccdf5d2c24a4c9611a994b5941d76 - - default default] Volume info retrieved successfully.
2026-06-13 23:57:35.163 7 INFO cinder.api.openstack.wsgi [req-989b8233-a964-4ed3-9a61-1d8fe1180886 req-660db771-fdac-42f2-a699-9f946e1f73ca 4eeb40e412044ee1ab90a3406be960d3 e70ccdf5d2c24a4c9611a994b5941d76 - - default default] http://cinder-api.openstack.svc.cluster.local:8776/v3/e70ccdf5d2c24a4c9611a994b5941d76/volumes/67155fee-28ba-404d-bef8-ff031c9c39a6 returned with HTTP 200 [pid: 7|app: 0|req: 349/696] 10.0.0.190 () {34 vars in 1028 bytes} [Sat Jun 13 23:57:35 2026] GET /v3/e70ccdf5d2c24a4c9611a994b5941d76/volumes/67155fee-28ba-404d-bef8-ff031c9c39a6 => generated 1481 bytes in 35 msecs (HTTP/1.1 200) 7 headers in 286 bytes (1 switches on core 0) /var/lib/openstack/lib/python3.10/site-packages/pycadf/identifier.py:71: UserWarning: Invalid uuid: cinderv3. To ensure interoperability, identifiers should be a valid uuid. warnings.warn(('Invalid uuid: %s. To ensure interoperability, '
2026-06-13 23:57:35.626 8 INFO cinder.api.openstack.wsgi [req-989b8233-a964-4ed3-9a61-1d8fe1180886 req-0ab0d90e-642a-477c-a0b2-459f327a8106 4eeb40e412044ee1ab90a3406be960d3 e70ccdf5d2c24a4c9611a994b5941d76 - - default default] GET http://cinder-api.openstack.svc.cluster.local:8776/v3/e70ccdf5d2c24a4c9611a994b5941d76/volumes/67155fee-28ba-404d-bef8-ff031c9c39a6 /var/lib/openstack/lib/python3.10/site-packages/oslo_context/context.py:100: DeprecationWarning: Policy enforcement is depending on the value of is_admin. This key is deprecated. Please update your policy file to use the standard policy values. warnings.warn('Policy enforcement is depending on the value of '
2026-06-13 23:57:35.643 8 INFO cinder.volume.api [req-989b8233-a964-4ed3-9a61-1d8fe1180886 req-0ab0d90e-642a-477c-a0b2-459f327a8106 4eeb40e412044ee1ab90a3406be960d3 e70ccdf5d2c24a4c9611a994b5941d76 - - default default] Volume info retrieved successfully.
2026-06-13 23:57:35.648 8 INFO cinder.api.openstack.wsgi [req-989b8233-a964-4ed3-9a61-1d8fe1180886 req-0ab0d90e-642a-477c-a0b2-459f327a8106 4eeb40e412044ee1ab90a3406be960d3 e70ccdf5d2c24a4c9611a994b5941d76 - - default default] http://cinder-api.openstack.svc.cluster.local:8776/v3/e70ccdf5d2c24a4c9611a994b5941d76/volumes/67155fee-28ba-404d-bef8-ff031c9c39a6 returned with HTTP 200 [pid: 8|app: 0|req: 348/697] 10.0.0.190 () {34 vars in 1028 bytes} [Sat Jun 13 23:57:35 2026] GET /v3/e70ccdf5d2c24a4c9611a994b5941d76/volumes/67155fee-28ba-404d-bef8-ff031c9c39a6 => generated 1481 bytes in 30 msecs (HTTP/1.1 200) 7 headers in 286 bytes (1 switches on core 0)
2026-06-13 23:57:35.658 7 INFO cinder.api.openstack.wsgi [req-989b8233-a964-4ed3-9a61-1d8fe1180886 req-660db771-fdac-42f2-a699-9f946e1f73ca 4eeb40e412044ee1ab90a3406be960d3 e70ccdf5d2c24a4c9611a994b5941d76 - - default default] GET http://cinder-api.openstack.svc.cluster.local:8776/
2026-06-13 23:57:35.659 7 INFO cinder.api.openstack.wsgi [req-989b8233-a964-4ed3-9a61-1d8fe1180886 req-660db771-fdac-42f2-a699-9f946e1f73ca 4eeb40e412044ee1ab90a3406be960d3 e70ccdf5d2c24a4c9611a994b5941d76 - - default default] http://cinder-api.openstack.svc.cluster.local:8776/ returned with HTTP 300 [pid: 7|app: 0|req: 350/698] 10.0.0.190 () {32 vars in 829 bytes} [Sat Jun 13 23:57:35 2026] GET / => generated 411 bytes in 3 msecs (HTTP/1.1 300) 5 headers in 169 bytes (1 switches on core 0) /var/lib/openstack/lib/python3.10/site-packages/pycadf/identifier.py:71: UserWarning: Invalid uuid: cinderv3. To ensure interoperability, identifiers should be a valid uuid. warnings.warn(('Invalid uuid: %s. To ensure interoperability, '
2026-06-13 23:57:35.675 8 INFO cinder.api.openstack.wsgi [req-989b8233-a964-4ed3-9a61-1d8fe1180886 req-032f2f62-9616-4edc-bf5a-4f3844019318 4eeb40e412044ee1ab90a3406be960d3 e70ccdf5d2c24a4c9611a994b5941d76 - - default default] POST http://cinder-api.openstack.svc.cluster.local:8776/v3/e70ccdf5d2c24a4c9611a994b5941d76/attachments /var/lib/openstack/lib/python3.10/site-packages/oslo_context/context.py:100: DeprecationWarning: Policy enforcement is depending on the value of is_admin. This key is deprecated. Please update your policy file to use the standard policy values. warnings.warn('Policy enforcement is depending on the value of '
2026-06-13 23:57:35.755 8 INFO cinder.api.openstack.wsgi [req-989b8233-a964-4ed3-9a61-1d8fe1180886 req-032f2f62-9616-4edc-bf5a-4f3844019318 4eeb40e412044ee1ab90a3406be960d3 e70ccdf5d2c24a4c9611a994b5941d76 - - default default] http://cinder-api.openstack.svc.cluster.local:8776/v3/e70ccdf5d2c24a4c9611a994b5941d76/attachments returned with HTTP 200 [pid: 8|app: 0|req: 349/699] 10.0.0.190 () {40 vars in 1057 bytes} [Sat Jun 13 23:57:35 2026] POST /v3/e70ccdf5d2c24a4c9611a994b5941d76/attachments => generated 273 bytes in 90 msecs (HTTP/1.1 200) 7 headers in 286 bytes (1 switches on core 0)
2026-06-13 23:57:36.571 7 INFO cinder.api.openstack.wsgi [req-989b8233-a964-4ed3-9a61-1d8fe1180886 req-660db771-fdac-42f2-a699-9f946e1f73ca 4eeb40e412044ee1ab90a3406be960d3 e70ccdf5d2c24a4c9611a994b5941d76 - - default default] GET http://cinder-api.openstack.svc.cluster.local:8776/
2026-06-13 23:57:36.572 7 INFO cinder.api.openstack.wsgi [req-989b8233-a964-4ed3-9a61-1d8fe1180886 req-660db771-fdac-42f2-a699-9f946e1f73ca 4eeb40e412044ee1ab90a3406be960d3 e70ccdf5d2c24a4c9611a994b5941d76 - - default default] http://cinder-api.openstack.svc.cluster.local:8776/ returned with HTTP 300 [pid: 7|app: 0|req: 351/700] 199.204.45.95 () {32 vars in 839 bytes} [Sat Jun 13 23:57:36 2026] GET / => generated 411 bytes in 2 msecs (HTTP/1.1 300) 5 headers in 169 bytes (1 switches on core 0) /var/lib/openstack/lib/python3.10/site-packages/pycadf/identifier.py:71: UserWarning: Invalid uuid: cinderv3. To ensure interoperability, identifiers should be a valid uuid. warnings.warn(('Invalid uuid: %s. To ensure interoperability, '
2026-06-13 23:57:36.617 8 INFO cinder.api.openstack.wsgi [req-989b8233-a964-4ed3-9a61-1d8fe1180886 req-cab3c860-3b2f-408d-bc09-e7b8f3bcf5c1 4eeb40e412044ee1ab90a3406be960d3 e70ccdf5d2c24a4c9611a994b5941d76 - - default default] GET http://cinder-api.openstack.svc.cluster.local:8776/v3/e70ccdf5d2c24a4c9611a994b5941d76/volumes/67155fee-28ba-404d-bef8-ff031c9c39a6 /var/lib/openstack/lib/python3.10/site-packages/oslo_context/context.py:100: DeprecationWarning: Policy enforcement is depending on the value of is_admin. This key is deprecated. Please update your policy file to use the standard policy values. warnings.warn('Policy enforcement is depending on the value of '
2026-06-13 23:57:36.637 8 INFO cinder.volume.api [req-989b8233-a964-4ed3-9a61-1d8fe1180886 req-cab3c860-3b2f-408d-bc09-e7b8f3bcf5c1 4eeb40e412044ee1ab90a3406be960d3 e70ccdf5d2c24a4c9611a994b5941d76 - - default default] Volume info retrieved successfully.
2026-06-13 23:57:36.643 8 INFO cinder.api.openstack.wsgi [req-989b8233-a964-4ed3-9a61-1d8fe1180886 req-cab3c860-3b2f-408d-bc09-e7b8f3bcf5c1 4eeb40e412044ee1ab90a3406be960d3 e70ccdf5d2c24a4c9611a994b5941d76 - - default default] http://cinder-api.openstack.svc.cluster.local:8776/v3/e70ccdf5d2c24a4c9611a994b5941d76/volumes/67155fee-28ba-404d-bef8-ff031c9c39a6 returned with HTTP 200 [pid: 8|app: 0|req: 350/701] 199.204.45.95 () {36 vars in 1072 bytes} [Sat Jun 13 23:57:36 2026] GET /v3/e70ccdf5d2c24a4c9611a994b5941d76/volumes/67155fee-28ba-404d-bef8-ff031c9c39a6 => generated 1579 bytes in 34 msecs (HTTP/1.1 200) 7 headers in 287 bytes (1 switches on core 0) /var/lib/openstack/lib/python3.10/site-packages/pycadf/identifier.py:71: UserWarning: Invalid uuid: cinderv3. To ensure interoperability, identifiers should be a valid uuid. warnings.warn(('Invalid uuid: %s. To ensure interoperability, '
2026-06-13 23:57:38.673 7 INFO cinder.api.openstack.wsgi [req-989b8233-a964-4ed3-9a61-1d8fe1180886 req-45b29c49-7dc7-4517-bbb9-0821545287f9 4eeb40e412044ee1ab90a3406be960d3 e70ccdf5d2c24a4c9611a994b5941d76 - - default default] PUT http://cinder-api.openstack.svc.cluster.local:8776/v3/e70ccdf5d2c24a4c9611a994b5941d76/attachments/114377f9-d1a8-438a-a1c9-41093d6f9773 /var/lib/openstack/lib/python3.10/site-packages/oslo_context/context.py:100: DeprecationWarning: Policy enforcement is depending on the value of is_admin. This key is deprecated. Please update your policy file to use the standard policy values. warnings.warn('Policy enforcement is depending on the value of '
2026-06-13 23:57:39.318 7 INFO cinder.api.openstack.wsgi [req-989b8233-a964-4ed3-9a61-1d8fe1180886 req-45b29c49-7dc7-4517-bbb9-0821545287f9 4eeb40e412044ee1ab90a3406be960d3 e70ccdf5d2c24a4c9611a994b5941d76 - - default default] http://cinder-api.openstack.svc.cluster.local:8776/v3/e70ccdf5d2c24a4c9611a994b5941d76/attachments/114377f9-d1a8-438a-a1c9-41093d6f9773 returned with HTTP 200 [pid: 7|app: 0|req: 352/702] 199.204.45.95 () {40 vars in 1133 bytes} [Sat Jun 13 23:57:38 2026] PUT /v3/e70ccdf5d2c24a4c9611a994b5941d76/attachments/114377f9-d1a8-438a-a1c9-41093d6f9773 => generated 775 bytes in 656 msecs (HTTP/1.1 200) 7 headers in 286 bytes (1 switches on core 0) /var/lib/openstack/lib/python3.10/site-packages/pycadf/identifier.py:71: UserWarning: Invalid uuid: cinderv3. To ensure interoperability, identifiers should be a valid uuid. warnings.warn(('Invalid uuid: %s. To ensure interoperability, '
2026-06-13 23:57:39.350 8 INFO cinder.api.openstack.wsgi [req-989b8233-a964-4ed3-9a61-1d8fe1180886 req-1bcbe277-f011-4860-bf3a-d6422ae8df0c 4eeb40e412044ee1ab90a3406be960d3 e70ccdf5d2c24a4c9611a994b5941d76 - - default default] POST http://cinder-api.openstack.svc.cluster.local:8776/v3/e70ccdf5d2c24a4c9611a994b5941d76/attachments/114377f9-d1a8-438a-a1c9-41093d6f9773/action /var/lib/openstack/lib/python3.10/site-packages/oslo_context/context.py:100: DeprecationWarning: Policy enforcement is depending on the value of is_admin. This key is deprecated. Please update your policy file to use the standard policy values. warnings.warn('Policy enforcement is depending on the value of '
2026-06-13 23:57:39.399 8 INFO cinder.api.openstack.wsgi [req-989b8233-a964-4ed3-9a61-1d8fe1180886 req-1bcbe277-f011-4860-bf3a-d6422ae8df0c 4eeb40e412044ee1ab90a3406be960d3 e70ccdf5d2c24a4c9611a994b5941d76 - - default default] http://cinder-api.openstack.svc.cluster.local:8776/v3/e70ccdf5d2c24a4c9611a994b5941d76/attachments/114377f9-d1a8-438a-a1c9-41093d6f9773/action returned with HTTP 204 [pid: 8|app: 0|req: 351/703] 199.204.45.95 () {40 vars in 1147 bytes} [Sat Jun 13 23:57:39 2026] POST /v3/e70ccdf5d2c24a4c9611a994b5941d76/attachments/114377f9-d1a8-438a-a1c9-41093d6f9773/action => generated 0 bytes in 56 msecs (HTTP/1.1 204) 7 headers in 292 bytes (1 switches on core 0)
2026-06-13 23:57:44.741 8 INFO cinder.api.openstack.wsgi [req-989b8233-a964-4ed3-9a61-1d8fe1180886 req-1bcbe277-f011-4860-bf3a-d6422ae8df0c 4eeb40e412044ee1ab90a3406be960d3 e70ccdf5d2c24a4c9611a994b5941d76 - - default default] GET http://10.0.0.138:8776/
2026-06-13 23:57:44.741 7 INFO cinder.api.openstack.wsgi [req-989b8233-a964-4ed3-9a61-1d8fe1180886 req-45b29c49-7dc7-4517-bbb9-0821545287f9 4eeb40e412044ee1ab90a3406be960d3 e70ccdf5d2c24a4c9611a994b5941d76 - - default default] GET http://10.0.0.138:8776/
2026-06-13 23:57:44.741 8 INFO cinder.api.openstack.wsgi [req-989b8233-a964-4ed3-9a61-1d8fe1180886 req-1bcbe277-f011-4860-bf3a-d6422ae8df0c 4eeb40e412044ee1ab90a3406be960d3 e70ccdf5d2c24a4c9611a994b5941d76 - - default default] http://10.0.0.138:8776/ returned with HTTP 300
2026-06-13 23:57:44.743 7 INFO cinder.api.openstack.wsgi [req-989b8233-a964-4ed3-9a61-1d8fe1180886 req-45b29c49-7dc7-4517-bbb9-0821545287f9 4eeb40e412044ee1ab90a3406be960d3 e70ccdf5d2c24a4c9611a994b5941d76 - - default default] http://10.0.0.138:8776/ returned with HTTP 300 /var/lib/openstack/lib/python3.10/site-packages/pycadf/identifier.py:71: UserWarning: Invalid uuid: cinderv3. To ensure interoperability, identifiers should be a valid uuid. warnings.warn(('Invalid uuid: %s. To ensure interoperability, '
2026-06-13 23:57:45.184 8 INFO cinder.api.openstack.wsgi [req-fd34cc9e-2858-45bd-a980-316488c190f9 req-bcdca3cd-a5f6-4bac-9457-1884011f5497 4eeb40e412044ee1ab90a3406be960d3 e70ccdf5d2c24a4c9611a994b5941d76 - - default default] DELETE http://cinder-api.openstack.svc.cluster.local:8776/v3/e70ccdf5d2c24a4c9611a994b5941d76/attachments/114377f9-d1a8-438a-a1c9-41093d6f9773 /var/lib/openstack/lib/python3.10/site-packages/oslo_context/context.py:100: DeprecationWarning: Policy enforcement is depending on the value of is_admin. This key is deprecated. Please update your policy file to use the standard policy values. warnings.warn('Policy enforcement is depending on the value of '
2026-06-13 23:57:45.265 8 INFO cinder.api.openstack.wsgi [req-fd34cc9e-2858-45bd-a980-316488c190f9 req-bcdca3cd-a5f6-4bac-9457-1884011f5497 4eeb40e412044ee1ab90a3406be960d3 e70ccdf5d2c24a4c9611a994b5941d76 - - default default] http://cinder-api.openstack.svc.cluster.local:8776/v3/e70ccdf5d2c24a4c9611a994b5941d76/attachments/114377f9-d1a8-438a-a1c9-41093d6f9773 returned with HTTP 200 [pid: 8|app: 0|req: 353/706] 199.204.45.95 () {38 vars in 1102 bytes} [Sat Jun 13 23:57:45 2026] DELETE /v3/e70ccdf5d2c24a4c9611a994b5941d76/attachments/114377f9-d1a8-438a-a1c9-41093d6f9773 => generated 19 bytes in 90 msecs (HTTP/1.1 200) 7 headers in 285 bytes (1 switches on core 0) /var/lib/openstack/lib/python3.10/site-packages/pycadf/identifier.py:71: UserWarning: Invalid uuid: cinderv3. To ensure interoperability, identifiers should be a valid uuid. warnings.warn(('Invalid uuid: %s. To ensure interoperability, '
2026-06-13 23:57:45.283 7 INFO cinder.api.openstack.wsgi [req-fd34cc9e-2858-45bd-a980-316488c190f9 req-857e155d-3834-4c27-91bc-d7c2c925f028 4eeb40e412044ee1ab90a3406be960d3 e70ccdf5d2c24a4c9611a994b5941d76 - - default default] DELETE http://cinder-api.openstack.svc.cluster.local:8776/v3/e70ccdf5d2c24a4c9611a994b5941d76/volumes/67155fee-28ba-404d-bef8-ff031c9c39a6
2026-06-13 23:57:45.284 7 INFO cinder.api.v3.volumes [req-fd34cc9e-2858-45bd-a980-316488c190f9 req-857e155d-3834-4c27-91bc-d7c2c925f028 4eeb40e412044ee1ab90a3406be960d3 e70ccdf5d2c24a4c9611a994b5941d76 - - default default] Delete volume with id: 67155fee-28ba-404d-bef8-ff031c9c39a6  /var/lib/openstack/lib/python3.10/site-packages/oslo_context/context.py:100: DeprecationWarning: Policy enforcement is depending on the value of is_admin. This key is deprecated. Please update your policy file to use the standard policy values. warnings.warn('Policy enforcement is depending on the value of '
2026-06-13 23:57:45.301 7 INFO cinder.volume.api [req-fd34cc9e-2858-45bd-a980-316488c190f9 req-857e155d-3834-4c27-91bc-d7c2c925f028 4eeb40e412044ee1ab90a3406be960d3 e70ccdf5d2c24a4c9611a994b5941d76 - - default default] Volume info retrieved successfully.
2026-06-13 23:57:45.330 7 INFO cinder.volume.api [req-fd34cc9e-2858-45bd-a980-316488c190f9 req-857e155d-3834-4c27-91bc-d7c2c925f028 4eeb40e412044ee1ab90a3406be960d3 e70ccdf5d2c24a4c9611a994b5941d76 - - default default] Delete volume request issued successfully.
2026-06-13 23:57:45.330 7 INFO cinder.api.openstack.wsgi [req-fd34cc9e-2858-45bd-a980-316488c190f9 req-857e155d-3834-4c27-91bc-d7c2c925f028 4eeb40e412044ee1ab90a3406be960d3 e70ccdf5d2c24a4c9611a994b5941d76 - - default default] http://cinder-api.openstack.svc.cluster.local:8776/v3/e70ccdf5d2c24a4c9611a994b5941d76/volumes/67155fee-28ba-404d-bef8-ff031c9c39a6 returned with HTTP 202 [pid: 7|app: 0|req: 354/707] 199.204.45.95 () {36 vars in 1053 bytes} [Sat Jun 13 23:57:45 2026] DELETE /v3/e70ccdf5d2c24a4c9611a994b5941d76/volumes/67155fee-28ba-404d-bef8-ff031c9c39a6 => generated 0 bytes in 55 msecs (HTTP/1.1 202) 6 headers in 233 bytes (1 switches on core 0)
2026-06-13 23:57:54.739 8 INFO cinder.api.openstack.wsgi [req-fd34cc9e-2858-45bd-a980-316488c190f9 req-bcdca3cd-a5f6-4bac-9457-1884011f5497 4eeb40e412044ee1ab90a3406be960d3 e70ccdf5d2c24a4c9611a994b5941d76 - - default default] GET http://10.0.0.138:8776/
2026-06-13 23:57:54.740 8 INFO cinder.api.openstack.wsgi [req-fd34cc9e-2858-45bd-a980-316488c190f9 req-bcdca3cd-a5f6-4bac-9457-1884011f5497 4eeb40e412044ee1ab90a3406be960d3 e70ccdf5d2c24a4c9611a994b5941d76 - - default default] http://10.0.0.138:8776/ returned with HTTP 300
2026-06-13 23:57:54.740 7 INFO cinder.api.openstack.wsgi [req-fd34cc9e-2858-45bd-a980-316488c190f9 req-857e155d-3834-4c27-91bc-d7c2c925f028 4eeb40e412044ee1ab90a3406be960d3 e70ccdf5d2c24a4c9611a994b5941d76 - - default default] GET http://10.0.0.138:8776/
2026-06-13 23:57:54.741 7 INFO cinder.api.openstack.wsgi [req-fd34cc9e-2858-45bd-a980-316488c190f9 req-857e155d-3834-4c27-91bc-d7c2c925f028 4eeb40e412044ee1ab90a3406be960d3 e70ccdf5d2c24a4c9611a994b5941d76 - - default default] http://10.0.0.138:8776/ returned with HTTP 300
2026-06-13 23:58:04.740 7 INFO cinder.api.openstack.wsgi [req-fd34cc9e-2858-45bd-a980-316488c190f9 req-857e155d-3834-4c27-91bc-d7c2c925f028 4eeb40e412044ee1ab90a3406be960d3 e70ccdf5d2c24a4c9611a994b5941d76 - - default default] GET http://10.0.0.138:8776/
2026-06-13 23:58:04.740 8 INFO cinder.api.openstack.wsgi [req-fd34cc9e-2858-45bd-a980-316488c190f9 req-bcdca3cd-a5f6-4bac-9457-1884011f5497 4eeb40e412044ee1ab90a3406be960d3 e70ccdf5d2c24a4c9611a994b5941d76 - - default default] GET http://10.0.0.138:8776/
2026-06-13 23:58:04.741 8 INFO cinder.api.openstack.wsgi [req-fd34cc9e-2858-45bd-a980-316488c190f9 req-bcdca3cd-a5f6-4bac-9457-1884011f5497 4eeb40e412044ee1ab90a3406be960d3 e70ccdf5d2c24a4c9611a994b5941d76 - - default default] http://10.0.0.138:8776/ returned with HTTP 300
2026-06-13 23:58:04.741 7 INFO cinder.api.openstack.wsgi [req-fd34cc9e-2858-45bd-a980-316488c190f9 req-857e155d-3834-4c27-91bc-d7c2c925f028 4eeb40e412044ee1ab90a3406be960d3 e70ccdf5d2c24a4c9611a994b5941d76 - - default default] http://10.0.0.138:8776/ returned with HTTP 300
2026-06-13 23:58:14.739 8 INFO cinder.api.openstack.wsgi [req-fd34cc9e-2858-45bd-a980-316488c190f9 req-bcdca3cd-a5f6-4bac-9457-1884011f5497 4eeb40e412044ee1ab90a3406be960d3 e70ccdf5d2c24a4c9611a994b5941d76 - - default default] GET http://10.0.0.138:8776/
2026-06-13 23:58:14.740 7 INFO cinder.api.openstack.wsgi [req-fd34cc9e-2858-45bd-a980-316488c190f9 req-857e155d-3834-4c27-91bc-d7c2c925f028 4eeb40e412044ee1ab90a3406be960d3 e70ccdf5d2c24a4c9611a994b5941d76 - - default default] GET http://10.0.0.138:8776/
2026-06-13 23:58:14.740 8 INFO cinder.api.openstack.wsgi [req-fd34cc9e-2858-45bd-a980-316488c190f9 req-bcdca3cd-a5f6-4bac-9457-1884011f5497 4eeb40e412044ee1ab90a3406be960d3 e70ccdf5d2c24a4c9611a994b5941d76 - - default default] http://10.0.0.138:8776/ returned with HTTP 300
2026-06-13 23:58:14.741 7 INFO cinder.api.openstack.wsgi [req-fd34cc9e-2858-45bd-a980-316488c190f9 req-857e155d-3834-4c27-91bc-d7c2c925f028 4eeb40e412044ee1ab90a3406be960d3 e70ccdf5d2c24a4c9611a994b5941d76 - - default default] http://10.0.0.138:8776/ returned with HTTP 300 /var/lib/openstack/lib/python3.10/site-packages/pycadf/identifier.py:71: UserWarning: Invalid uuid: cinderv3. To ensure interoperability, identifiers should be a valid uuid. warnings.warn(('Invalid uuid: %s. To ensure interoperability, '
2026-06-13 23:58:19.600 8 INFO cinder.api.openstack.wsgi [None req-122ffde3-3fbf-4913-8748-497050937961 0badf3674b824baf9deb0d3b13eef2c5 85afb4b5014f42358a55eb5080f7a039 - - default default] GET http://cinder-api.openstack.svc.cluster.local:8776/v3/85afb4b5014f42358a55eb5080f7a039/os-services /var/lib/openstack/lib/python3.10/site-packages/oslo_context/context.py:100: DeprecationWarning: Policy enforcement is depending on the value of is_admin. This key is deprecated. Please update your policy file to use the standard policy values. warnings.warn('Policy enforcement is depending on the value of '
2026-06-13 23:58:19.611 8 INFO cinder.api.openstack.wsgi [None req-122ffde3-3fbf-4913-8748-497050937961 0badf3674b824baf9deb0d3b13eef2c5 85afb4b5014f42358a55eb5080f7a039 - - default default] http://cinder-api.openstack.svc.cluster.local:8776/v3/85afb4b5014f42358a55eb5080f7a039/os-services returned with HTTP 200 [pid: 8|app: 0|req: 357/714] 10.0.0.185 () {28 vars in 645 bytes} [Sat Jun 13 23:58:19 2026] GET /v3/85afb4b5014f42358a55eb5080f7a039/os-services => generated 646 bytes in 128 msecs (HTTP/1.1 200) 7 headers in 285 bytes (1 switches on core 0) /var/lib/openstack/lib/python3.10/site-packages/pycadf/identifier.py:71: UserWarning: Invalid uuid: cinderv3. To ensure interoperability, identifiers should be a valid uuid. warnings.warn(('Invalid uuid: %s. To ensure interoperability, '
2026-06-13 23:58:19.628 7 INFO cinder.api.openstack.wsgi [None req-7fb930fb-3cfb-40a7-9fc6-7396cef22a39 0badf3674b824baf9deb0d3b13eef2c5 85afb4b5014f42358a55eb5080f7a039 - - default default] GET http://cinder-api.openstack.svc.cluster.local:8776/v3/85afb4b5014f42358a55eb5080f7a039/volumes/detail?all_tenants=true
2026-06-13 23:58:19.640 7 INFO cinder.volume.api [None req-7fb930fb-3cfb-40a7-9fc6-7396cef22a39 0badf3674b824baf9deb0d3b13eef2c5 85afb4b5014f42358a55eb5080f7a039 - - default default] Get all volumes completed successfully.
2026-06-13 23:58:19.644 7 INFO cinder.api.openstack.wsgi [None req-7fb930fb-3cfb-40a7-9fc6-7396cef22a39 0badf3674b824baf9deb0d3b13eef2c5 85afb4b5014f42358a55eb5080f7a039 - - default default] http://cinder-api.openstack.svc.cluster.local:8776/v3/85afb4b5014f42358a55eb5080f7a039/volumes/detail?all_tenants=true returned with HTTP 200 [pid: 7|app: 0|req: 358/715] 10.0.0.185 () {28 vars in 684 bytes} [Sat Jun 13 23:58:19 2026] GET /v3/85afb4b5014f42358a55eb5080f7a039/volumes/detail?all_tenants=true => generated 15 bytes in 25 msecs (HTTP/1.1 200) 7 headers in 284 bytes (1 switches on core 0)
2026-06-13 23:58:19.661 8 INFO cinder.api.openstack.wsgi [None req-7aa61db4-76c1-4001-9815-49d70ffb8619 0badf3674b824baf9deb0d3b13eef2c5 85afb4b5014f42358a55eb5080f7a039 - - default default] GET http://cinder-api.openstack.svc.cluster.local:8776/v3/85afb4b5014f42358a55eb5080f7a039/scheduler-stats/get_pools?detail=true
2026-06-13 23:58:19.680 8 INFO cinder.api.openstack.wsgi [None req-7aa61db4-76c1-4001-9815-49d70ffb8619 0badf3674b824baf9deb0d3b13eef2c5 85afb4b5014f42358a55eb5080f7a039 - - default default] http://cinder-api.openstack.svc.cluster.local:8776/v3/85afb4b5014f42358a55eb5080f7a039/scheduler-stats/get_pools?detail=true returned with HTTP 200 [pid: 8|app: 0|req: 358/716] 10.0.0.185 () {28 vars in 696 bytes} [Sat Jun 13 23:58:19 2026] GET /v3/85afb4b5014f42358a55eb5080f7a039/scheduler-stats/get_pools?detail=true => generated 670 bytes in 31 msecs (HTTP/1.1 200) 7 headers in 285 bytes (1 switches on core 0)
2026-06-13 23:58:19.700 7 INFO cinder.api.openstack.wsgi [None req-939d5f91-1e77-438b-8051-8f98304233e8 0badf3674b824baf9deb0d3b13eef2c5 85afb4b5014f42358a55eb5080f7a039 - - default default] GET http://cinder-api.openstack.svc.cluster.local:8776/v3/85afb4b5014f42358a55eb5080f7a039/volumes/detail?all_tenants=true
2026-06-13 23:58:19.716 7 INFO cinder.volume.api [None req-939d5f91-1e77-438b-8051-8f98304233e8 0badf3674b824baf9deb0d3b13eef2c5 85afb4b5014f42358a55eb5080f7a039 - - default default] Get all volumes completed successfully.
2026-06-13 23:58:19.719 7 INFO cinder.api.openstack.wsgi [None req-939d5f91-1e77-438b-8051-8f98304233e8 0badf3674b824baf9deb0d3b13eef2c5 85afb4b5014f42358a55eb5080f7a039 - - default default] http://cinder-api.openstack.svc.cluster.local:8776/v3/85afb4b5014f42358a55eb5080f7a039/volumes/detail?all_tenants=true returned with HTTP 200 [pid: 7|app: 0|req: 359/717] 10.0.0.185 () {28 vars in 684 bytes} [Sat Jun 13 23:58:19 2026] GET /v3/85afb4b5014f42358a55eb5080f7a039/volumes/detail?all_tenants=true => generated 15 bytes in 29 msecs (HTTP/1.1 200) 7 headers in 284 bytes (1 switches on core 0)
2026-06-13 23:58:19.732 8 INFO cinder.api.openstack.wsgi [None req-4366747e-93a4-49bf-84d6-eb7ed93405f6 0badf3674b824baf9deb0d3b13eef2c5 85afb4b5014f42358a55eb5080f7a039 - - default default] GET http://cinder-api.openstack.svc.cluster.local:8776/v3/85afb4b5014f42358a55eb5080f7a039/snapshots?all_tenants=true
2026-06-13 23:58:19.739 8 INFO cinder.volume.api [None req-4366747e-93a4-49bf-84d6-eb7ed93405f6 0badf3674b824baf9deb0d3b13eef2c5 85afb4b5014f42358a55eb5080f7a039 - - default default] Get all snapshots completed successfully.
2026-06-13 23:58:19.740 8 INFO cinder.api.openstack.wsgi [None req-4366747e-93a4-49bf-84d6-eb7ed93405f6 0badf3674b824baf9deb0d3b13eef2c5 85afb4b5014f42358a55eb5080f7a039 - - default default] http://cinder-api.openstack.svc.cluster.local:8776/v3/85afb4b5014f42358a55eb5080f7a039/snapshots?all_tenants=true returned with HTTP 200 [pid: 8|app: 0|req: 359/718] 10.0.0.185 () {28 vars in 674 bytes} [Sat Jun 13 23:58:19 2026] GET /v3/85afb4b5014f42358a55eb5080f7a039/snapshots?all_tenants=true => generated 17 bytes in 16 msecs (HTTP/1.1 200) 7 headers in 284 bytes (1 switches on core 0)
2026-06-13 23:58:19.802 7 INFO cinder.api.openstack.wsgi [None req-f8ba8c19-38d2-4d5d-b01d-6405dab9a8d8 0badf3674b824baf9deb0d3b13eef2c5 85afb4b5014f42358a55eb5080f7a039 - - default default] GET http://cinder-api.openstack.svc.cluster.local:8776/v3/85afb4b5014f42358a55eb5080f7a039/os-quota-sets/552b521e18774c89816a0f5739f88727?usage=true
2026-06-13 23:58:19.830 7 INFO cinder.api.openstack.wsgi [None req-f8ba8c19-38d2-4d5d-b01d-6405dab9a8d8 0badf3674b824baf9deb0d3b13eef2c5 85afb4b5014f42358a55eb5080f7a039 - - default default] http://cinder-api.openstack.svc.cluster.local:8776/v3/85afb4b5014f42358a55eb5080f7a039/os-quota-sets/552b521e18774c89816a0f5739f88727?usage=true returned with HTTP 200 [pid: 7|app: 0|req: 360/719] 10.0.0.185 () {28 vars in 736 bytes} [Sat Jun 13 23:58:19 2026] GET /v3/85afb4b5014f42358a55eb5080f7a039/os-quota-sets/552b521e18774c89816a0f5739f88727?usage=true => generated 847 bytes in 39 msecs (HTTP/1.1 200) 7 headers in 285 bytes (1 switches on core 0)
2026-06-13 23:58:19.843 8 INFO cinder.api.openstack.wsgi [None req-e405b826-730e-4e88-9710-16bab26f7725 0badf3674b824baf9deb0d3b13eef2c5 85afb4b5014f42358a55eb5080f7a039 - - default default] GET http://cinder-api.openstack.svc.cluster.local:8776/v3/85afb4b5014f42358a55eb5080f7a039/os-quota-sets/6cdd55410299440194f68e01f06829eb?usage=true
2026-06-13 23:58:19.867 8 INFO cinder.api.openstack.wsgi [None req-e405b826-730e-4e88-9710-16bab26f7725 0badf3674b824baf9deb0d3b13eef2c5 85afb4b5014f42358a55eb5080f7a039 - - default default] http://cinder-api.openstack.svc.cluster.local:8776/v3/85afb4b5014f42358a55eb5080f7a039/os-quota-sets/6cdd55410299440194f68e01f06829eb?usage=true returned with HTTP 200 [pid: 8|app: 0|req: 360/720] 10.0.0.185 () {28 vars in 736 bytes} [Sat Jun 13 23:58:19 2026] GET /v3/85afb4b5014f42358a55eb5080f7a039/os-quota-sets/6cdd55410299440194f68e01f06829eb?usage=true => generated 845 bytes in 33 msecs (HTTP/1.1 200) 7 headers in 285 bytes (1 switches on core 0)
2026-06-13 23:58:19.877 7 INFO cinder.api.openstack.wsgi [None req-59db8852-9051-4863-81f7-25882e1f01f8 0badf3674b824baf9deb0d3b13eef2c5 85afb4b5014f42358a55eb5080f7a039 - - default default] GET http://cinder-api.openstack.svc.cluster.local:8776/v3/85afb4b5014f42358a55eb5080f7a039/os-quota-sets/6dec90ae427f4b64b0363ff3dcab3e03?usage=true
2026-06-13 23:58:19.901 7 INFO cinder.api.openstack.wsgi [None req-59db8852-9051-4863-81f7-25882e1f01f8 0badf3674b824baf9deb0d3b13eef2c5 85afb4b5014f42358a55eb5080f7a039 - - default default] http://cinder-api.openstack.svc.cluster.local:8776/v3/85afb4b5014f42358a55eb5080f7a039/os-quota-sets/6dec90ae427f4b64b0363ff3dcab3e03?usage=true returned with HTTP 200 [pid: 7|app: 0|req: 361/721] 10.0.0.185 () {28 vars in 736 bytes} [Sat Jun 13 23:58:19 2026] GET /v3/85afb4b5014f42358a55eb5080f7a039/os-quota-sets/6dec90ae427f4b64b0363ff3dcab3e03?usage=true => generated 847 bytes in 30 msecs (HTTP/1.1 200) 7 headers in 285 bytes (1 switches on core 0)
2026-06-13 23:58:19.914 8 INFO cinder.api.openstack.wsgi [None req-3058652b-7867-403e-b1d8-91f4726b09e1 0badf3674b824baf9deb0d3b13eef2c5 85afb4b5014f42358a55eb5080f7a039 - - default default] GET http://cinder-api.openstack.svc.cluster.local:8776/v3/85afb4b5014f42358a55eb5080f7a039/os-quota-sets/85afb4b5014f42358a55eb5080f7a039?usage=true
2026-06-13 23:58:19.939 8 INFO cinder.api.openstack.wsgi [None req-3058652b-7867-403e-b1d8-91f4726b09e1 0badf3674b824baf9deb0d3b13eef2c5 85afb4b5014f42358a55eb5080f7a039 - - default default] http://cinder-api.openstack.svc.cluster.local:8776/v3/85afb4b5014f42358a55eb5080f7a039/os-quota-sets/85afb4b5014f42358a55eb5080f7a039?usage=true returned with HTTP 200 [pid: 8|app: 0|req: 361/722] 10.0.0.185 () {28 vars in 736 bytes} [Sat Jun 13 23:58:19 2026] GET /v3/85afb4b5014f42358a55eb5080f7a039/os-quota-sets/85afb4b5014f42358a55eb5080f7a039?usage=true => generated 845 bytes in 35 msecs (HTTP/1.1 200) 7 headers in 285 bytes (1 switches on core 0)
2026-06-13 23:58:19.950 7 INFO cinder.api.openstack.wsgi [None req-411c31e7-d92c-444f-b284-66cba648c947 0badf3674b824baf9deb0d3b13eef2c5 85afb4b5014f42358a55eb5080f7a039 - - default default] GET http://cinder-api.openstack.svc.cluster.local:8776/v3/85afb4b5014f42358a55eb5080f7a039/os-quota-sets/8676eadb2b9d4108b21f61e8228abd22?usage=true
2026-06-13 23:58:19.971 7 INFO cinder.api.openstack.wsgi [None req-411c31e7-d92c-444f-b284-66cba648c947 0badf3674b824baf9deb0d3b13eef2c5 85afb4b5014f42358a55eb5080f7a039 - - default default] http://cinder-api.openstack.svc.cluster.local:8776/v3/85afb4b5014f42358a55eb5080f7a039/os-quota-sets/8676eadb2b9d4108b21f61e8228abd22?usage=true returned with HTTP 200 [pid: 7|app: 0|req: 362/723] 10.0.0.185 () {28 vars in 736 bytes} [Sat Jun 13 23:58:19 2026] GET /v3/85afb4b5014f42358a55eb5080f7a039/os-quota-sets/8676eadb2b9d4108b21f61e8228abd22?usage=true => generated 847 bytes in 28 msecs (HTTP/1.1 200) 7 headers in 285 bytes (1 switches on core 0)
2026-06-13 23:58:19.984 8 INFO cinder.api.openstack.wsgi [None req-4e7f31f0-ab7b-4cbb-85ac-e38a24ffb4a7 0badf3674b824baf9deb0d3b13eef2c5 85afb4b5014f42358a55eb5080f7a039 - - default default] GET http://cinder-api.openstack.svc.cluster.local:8776/v3/85afb4b5014f42358a55eb5080f7a039/os-quota-sets/9828cf05e8744519b885e0abff21e803?usage=true
2026-06-13 23:58:20.025 8 INFO cinder.api.openstack.wsgi [None req-4e7f31f0-ab7b-4cbb-85ac-e38a24ffb4a7 0badf3674b824baf9deb0d3b13eef2c5 85afb4b5014f42358a55eb5080f7a039 - - default default] http://cinder-api.openstack.svc.cluster.local:8776/v3/85afb4b5014f42358a55eb5080f7a039/os-quota-sets/9828cf05e8744519b885e0abff21e803?usage=true returned with HTTP 200 [pid: 8|app: 0|req: 362/724] 10.0.0.185 () {28 vars in 736 bytes} [Sat Jun 13 23:58:19 2026] GET /v3/85afb4b5014f42358a55eb5080f7a039/os-quota-sets/9828cf05e8744519b885e0abff21e803?usage=true => generated 847 bytes in 51 msecs (HTTP/1.1 200) 7 headers in 285 bytes (1 switches on core 0)
2026-06-13 23:58:20.037 7 INFO cinder.api.openstack.wsgi [None req-46730e75-0d6a-4244-972e-63ebc91cf405 0badf3674b824baf9deb0d3b13eef2c5 85afb4b5014f42358a55eb5080f7a039 - - default default] GET http://cinder-api.openstack.svc.cluster.local:8776/v3/85afb4b5014f42358a55eb5080f7a039/os-quota-sets/a7b164dfc40e43189cac3e2129133ce5?usage=true
2026-06-13 23:58:20.057 7 INFO cinder.api.openstack.wsgi [None req-46730e75-0d6a-4244-972e-63ebc91cf405 0badf3674b824baf9deb0d3b13eef2c5 85afb4b5014f42358a55eb5080f7a039 - - default default] http://cinder-api.openstack.svc.cluster.local:8776/v3/85afb4b5014f42358a55eb5080f7a039/os-quota-sets/a7b164dfc40e43189cac3e2129133ce5?usage=true returned with HTTP 200 [pid: 7|app: 0|req: 363/725] 10.0.0.185 () {28 vars in 736 bytes} [Sat Jun 13 23:58:20 2026] GET /v3/85afb4b5014f42358a55eb5080f7a039/os-quota-sets/a7b164dfc40e43189cac3e2129133ce5?usage=true => generated 847 bytes in 27 msecs (HTTP/1.1 200) 7 headers in 285 bytes (1 switches on core 0)
2026-06-13 23:58:24.681 8 INFO cinder.api.openstack.wsgi [req-ec4f7ea5-3be6-4eca-a305-34da5ea16ba4 req-12d6f843-9fd7-4a1d-beac-ab19f8b287a3 08244c9936764b1989607db43174eabf 8676eadb2b9d4108b21f61e8228abd22 - - default default] GET http://cinder-api.openstack.svc.cluster.local:8776/v3/8676eadb2b9d4108b21f61e8228abd22/attachments?instance_id=662247c6-c192-4fa9-b04c-4b57a5271f98
2026-06-13 23:58:24.695 8 INFO cinder.api.openstack.wsgi [req-ec4f7ea5-3be6-4eca-a305-34da5ea16ba4 req-12d6f843-9fd7-4a1d-beac-ab19f8b287a3 08244c9936764b1989607db43174eabf 8676eadb2b9d4108b21f61e8228abd22 - - default default] http://cinder-api.openstack.svc.cluster.local:8776/v3/8676eadb2b9d4108b21f61e8228abd22/attachments?instance_id=662247c6-c192-4fa9-b04c-4b57a5271f98 returned with HTTP 200 [pid: 8|app: 0|req: 363/726] 199.204.45.95 () {36 vars in 1103 bytes} [Sat Jun 13 23:58:24 2026] GET /v3/8676eadb2b9d4108b21f61e8228abd22/attachments?instance_id=662247c6-c192-4fa9-b04c-4b57a5271f98 => generated 19 bytes in 28 msecs (HTTP/1.1 200) 7 headers in 285 bytes (1 switches on core 0)
2026-06-13 23:58:24.739 8 INFO cinder.api.openstack.wsgi [req-ec4f7ea5-3be6-4eca-a305-34da5ea16ba4 req-12d6f843-9fd7-4a1d-beac-ab19f8b287a3 08244c9936764b1989607db43174eabf 8676eadb2b9d4108b21f61e8228abd22 - - default default] GET http://10.0.0.138:8776/
2026-06-13 23:58:24.741 8 INFO cinder.api.openstack.wsgi [req-ec4f7ea5-3be6-4eca-a305-34da5ea16ba4 req-12d6f843-9fd7-4a1d-beac-ab19f8b287a3 08244c9936764b1989607db43174eabf 8676eadb2b9d4108b21f61e8228abd22 - - default default] http://10.0.0.138:8776/ returned with HTTP 300
2026-06-13 23:58:24.740 7 INFO cinder.api.openstack.wsgi [None req-46730e75-0d6a-4244-972e-63ebc91cf405 0badf3674b824baf9deb0d3b13eef2c5 85afb4b5014f42358a55eb5080f7a039 - - default default] GET http://10.0.0.138:8776/
2026-06-13 23:58:24.743 7 INFO cinder.api.openstack.wsgi [None req-46730e75-0d6a-4244-972e-63ebc91cf405 0badf3674b824baf9deb0d3b13eef2c5 85afb4b5014f42358a55eb5080f7a039 - - default default] http://10.0.0.138:8776/ returned with HTTP 300
2026-06-13 23:58:34.741 8 INFO cinder.api.openstack.wsgi [req-ec4f7ea5-3be6-4eca-a305-34da5ea16ba4 req-12d6f843-9fd7-4a1d-beac-ab19f8b287a3 08244c9936764b1989607db43174eabf 8676eadb2b9d4108b21f61e8228abd22 - - default default] GET http://10.0.0.138:8776/
2026-06-13 23:58:34.741 8 INFO cinder.api.openstack.wsgi [req-ec4f7ea5-3be6-4eca-a305-34da5ea16ba4 req-12d6f843-9fd7-4a1d-beac-ab19f8b287a3 08244c9936764b1989607db43174eabf 8676eadb2b9d4108b21f61e8228abd22 - - default default] http://10.0.0.138:8776/ returned with HTTP 300
2026-06-13 23:58:34.742 7 INFO cinder.api.openstack.wsgi [None req-46730e75-0d6a-4244-972e-63ebc91cf405 0badf3674b824baf9deb0d3b13eef2c5 85afb4b5014f42358a55eb5080f7a039 - - default default] GET http://10.0.0.138:8776/
2026-06-13 23:58:34.744 7 INFO cinder.api.openstack.wsgi [None req-46730e75-0d6a-4244-972e-63ebc91cf405 0badf3674b824baf9deb0d3b13eef2c5 85afb4b5014f42358a55eb5080f7a039 - - default default] http://10.0.0.138:8776/ returned with HTTP 300
2026-06-13 23:58:36.664 8 INFO cinder.api.openstack.wsgi [None req-a88f6b71-3565-4508-b435-7d1592c97bb1 0accb2eddae248699dc137002f828fc5 0564a754b818461b820b10efaf792449 - - default default] GET http://cinder-api.openstack.svc.cluster.local:8776/v3/0564a754b818461b820b10efaf792449/volumes
2026-06-13 23:58:36.698 8 INFO cinder.volume.api [None req-a88f6b71-3565-4508-b435-7d1592c97bb1 0accb2eddae248699dc137002f828fc5 0564a754b818461b820b10efaf792449 - - default default] Get all volumes completed successfully.
2026-06-13 23:58:36.699 8 INFO cinder.api.openstack.wsgi [None req-a88f6b71-3565-4508-b435-7d1592c97bb1 0accb2eddae248699dc137002f828fc5 0564a754b818461b820b10efaf792449 - - default default] http://cinder-api.openstack.svc.cluster.local:8776/v3/0564a754b818461b820b10efaf792449/volumes returned with HTTP 200 [pid: 8|app: 0|req: 366/731] 10.0.0.14 () {32 vars in 700 bytes} [Sat Jun 13 23:58:36 2026] GET /v3/0564a754b818461b820b10efaf792449/volumes => generated 15 bytes in 135 msecs (HTTP/1.1 200) 7 headers in 284 bytes (1 switches on core 0)
2026-06-13 23:58:36.712 7 INFO cinder.api.openstack.wsgi [None req-5e100582-3dc4-4a7c-8775-01d06464710b 0accb2eddae248699dc137002f828fc5 0564a754b818461b820b10efaf792449 - - default default] POST http://cinder-api.openstack.svc.cluster.local:8776/v3/0564a754b818461b820b10efaf792449/volumes
2026-06-13 23:58:36.716 7 INFO cinder.api.v3.volumes [None req-5e100582-3dc4-4a7c-8775-01d06464710b 0accb2eddae248699dc137002f828fc5 0564a754b818461b820b10efaf792449 - - default default] Create volume of 1 GB
2026-06-13 23:58:36.723 7 INFO cinder.volume.api [None req-5e100582-3dc4-4a7c-8775-01d06464710b 0accb2eddae248699dc137002f828fc5 0564a754b818461b820b10efaf792449 - - default default] Availability Zones retrieved successfully.
2026-06-13 23:58:36.876 7 INFO cinder.volume.api [None req-5e100582-3dc4-4a7c-8775-01d06464710b 0accb2eddae248699dc137002f828fc5 0564a754b818461b820b10efaf792449 - - default default] Create volume request issued successfully.
2026-06-13 23:58:36.876 7 INFO cinder.api.openstack.wsgi [None req-5e100582-3dc4-4a7c-8775-01d06464710b 0accb2eddae248699dc137002f828fc5 0564a754b818461b820b10efaf792449 - - default default] http://cinder-api.openstack.svc.cluster.local:8776/v3/0564a754b818461b820b10efaf792449/volumes returned with HTTP 202 [pid: 7|app: 0|req: 366/732] 10.0.0.14 () {34 vars in 722 bytes} [Sat Jun 13 23:58:36 2026] POST /v3/0564a754b818461b820b10efaf792449/volumes => generated 874 bytes in 171 msecs (HTTP/1.1 202) 7 headers in 291 bytes (1 switches on core 0)
2026-06-13 23:58:36.893 8 INFO cinder.api.openstack.wsgi [None req-4fa3f6a7-1587-4153-95da-9b54392257a0 0accb2eddae248699dc137002f828fc5 0564a754b818461b820b10efaf792449 - - default default] GET http://cinder-api.openstack.svc.cluster.local:8776/v3/0564a754b818461b820b10efaf792449/volumes/d60b1016-962e-4062-8869-58c0b422c459 /var/lib/openstack/lib/python3.10/site-packages/oslo_context/context.py:100: DeprecationWarning: Policy enforcement is depending on the value of is_admin. This key is deprecated. Please update your policy file to use the standard policy values. warnings.warn('Policy enforcement is depending on the value of '
2026-06-13 23:58:36.939 8 INFO cinder.volume.api [None req-4fa3f6a7-1587-4153-95da-9b54392257a0 0accb2eddae248699dc137002f828fc5 0564a754b818461b820b10efaf792449 - - default default] Volume info retrieved successfully.
2026-06-13 23:58:36.953 8 INFO cinder.api.openstack.wsgi [None req-4fa3f6a7-1587-4153-95da-9b54392257a0 0accb2eddae248699dc137002f828fc5 0564a754b818461b820b10efaf792449 - - default default] http://cinder-api.openstack.svc.cluster.local:8776/v3/0564a754b818461b820b10efaf792449/volumes/d60b1016-962e-4062-8869-58c0b422c459 returned with HTTP 200 [pid: 8|app: 0|req: 367/733] 10.0.0.14 () {32 vars in 774 bytes} [Sat Jun 13 23:58:36 2026] GET /v3/0564a754b818461b820b10efaf792449/volumes/d60b1016-962e-4062-8869-58c0b422c459 => generated 942 bytes in 67 msecs (HTTP/1.1 200) 7 headers in 285 bytes (1 switches on core 0) /var/lib/openstack/lib/python3.10/site-packages/pycadf/identifier.py:71: UserWarning: Invalid uuid: cinderv3. To ensure interoperability, identifiers should be a valid uuid. warnings.warn(('Invalid uuid: %s. To ensure interoperability, '
2026-06-13 23:58:37.976 7 INFO cinder.api.openstack.wsgi [None req-a55de121-5a96-46c7-acba-cae7ad9571b2 0accb2eddae248699dc137002f828fc5 0564a754b818461b820b10efaf792449 - - default default] GET http://cinder-api.openstack.svc.cluster.local:8776/v3/0564a754b818461b820b10efaf792449/volumes/d60b1016-962e-4062-8869-58c0b422c459 /var/lib/openstack/lib/python3.10/site-packages/oslo_context/context.py:100: DeprecationWarning: Policy enforcement is depending on the value of is_admin. This key is deprecated. Please update your policy file to use the standard policy values. warnings.warn('Policy enforcement is depending on the value of '
2026-06-13 23:58:37.995 7 INFO cinder.volume.api [None req-a55de121-5a96-46c7-acba-cae7ad9571b2 0accb2eddae248699dc137002f828fc5 0564a754b818461b820b10efaf792449 - - default default] Volume info retrieved successfully.
2026-06-13 23:58:38.002 7 INFO cinder.api.openstack.wsgi [None req-a55de121-5a96-46c7-acba-cae7ad9571b2 0accb2eddae248699dc137002f828fc5 0564a754b818461b820b10efaf792449 - - default default] http://cinder-api.openstack.svc.cluster.local:8776/v3/0564a754b818461b820b10efaf792449/volumes/d60b1016-962e-4062-8869-58c0b422c459 returned with HTTP 200 [pid: 7|app: 0|req: 367/734] 10.0.0.14 () {32 vars in 774 bytes} [Sat Jun 13 23:58:37 2026] GET /v3/0564a754b818461b820b10efaf792449/volumes/d60b1016-962e-4062-8869-58c0b422c459 => generated 967 bytes in 35 msecs (HTTP/1.1 200) 7 headers in 285 bytes (1 switches on core 0) /var/lib/openstack/lib/python3.10/site-packages/pycadf/identifier.py:71: UserWarning: Invalid uuid: cinderv3. To ensure interoperability, identifiers should be a valid uuid. warnings.warn(('Invalid uuid: %s. To ensure interoperability, '
