2026-07-02 01:33:48.798 8 INFO cinder.api.openstack.wsgi [req-65ddc423-1db0-4361-8003-a0a22f255094 req-9d2c4fb7-8a92-45bd-9979-73d4f9344c6e a30acbd0ebec4866b7caa3f4aba30f7f c7dd84f04a7e48d790aaa033527ad455 - - default default] http://cinder-api.openstack.svc.cluster.local:8776/v3/c7dd84f04a7e48d790aaa033527ad455/volumes/ea808fd3-add0-4509-85ae-d6f8a9cc6034 returned with HTTP 200 [pid: 8|app: 0|req: 339/680] 10.0.0.126 () {34 vars in 1028 bytes} [Thu Jul 2 01:33:48 2026] GET /v3/c7dd84f04a7e48d790aaa033527ad455/volumes/ea808fd3-add0-4509-85ae-d6f8a9cc6034 => generated 1483 bytes in 23 msecs (HTTP/1.1 200) 7 headers in 286 bytes (1 switches on core 0) /var/lib/openstack/lib/python3.12/site-packages/pycadf/identifier.py:70: UserWarning: Invalid uuid: cinderv3. To ensure interoperability, identifiers should be a valid uuid. warnings.warn(('Invalid uuid: %s. To ensure interoperability, '
2026-07-02 01:33:49.415 7 INFO cinder.api.openstack.wsgi [req-65ddc423-1db0-4361-8003-a0a22f255094 req-f84bdc40-eb89-401e-9ac6-01aa1ec385dd a30acbd0ebec4866b7caa3f4aba30f7f c7dd84f04a7e48d790aaa033527ad455 - - default default] GET http://cinder-api.openstack.svc.cluster.local:8776/v3/c7dd84f04a7e48d790aaa033527ad455/volumes/ea808fd3-add0-4509-85ae-d6f8a9cc6034 /var/lib/openstack/lib/python3.12/site-packages/oslo_context/context.py:101: DeprecationWarning: Policy enforcement is depending on the value of is_admin. This key is deprecated. Please update your policy file to use the standard policy values. warnings.warn(
2026-07-02 01:33:49.433 7 INFO cinder.volume.api [req-65ddc423-1db0-4361-8003-a0a22f255094 req-f84bdc40-eb89-401e-9ac6-01aa1ec385dd a30acbd0ebec4866b7caa3f4aba30f7f c7dd84f04a7e48d790aaa033527ad455 - - default default] Volume info retrieved successfully.
2026-07-02 01:33:49.437 7 INFO cinder.api.openstack.wsgi [req-65ddc423-1db0-4361-8003-a0a22f255094 req-f84bdc40-eb89-401e-9ac6-01aa1ec385dd a30acbd0ebec4866b7caa3f4aba30f7f c7dd84f04a7e48d790aaa033527ad455 - - default default] http://cinder-api.openstack.svc.cluster.local:8776/v3/c7dd84f04a7e48d790aaa033527ad455/volumes/ea808fd3-add0-4509-85ae-d6f8a9cc6034 returned with HTTP 200 [pid: 7|app: 0|req: 342/681] 10.0.0.126 () {34 vars in 1028 bytes} [Thu Jul 2 01:33:49 2026] GET /v3/c7dd84f04a7e48d790aaa033527ad455/volumes/ea808fd3-add0-4509-85ae-d6f8a9cc6034 => generated 1483 bytes in 30 msecs (HTTP/1.1 200) 7 headers in 286 bytes (1 switches on core 0)
2026-07-02 01:33:49.449 8 INFO cinder.api.openstack.wsgi [req-65ddc423-1db0-4361-8003-a0a22f255094 req-9d2c4fb7-8a92-45bd-9979-73d4f9344c6e a30acbd0ebec4866b7caa3f4aba30f7f c7dd84f04a7e48d790aaa033527ad455 - - default default] GET http://cinder-api.openstack.svc.cluster.local:8776/
2026-07-02 01:33:49.450 8 INFO cinder.api.openstack.wsgi [req-65ddc423-1db0-4361-8003-a0a22f255094 req-9d2c4fb7-8a92-45bd-9979-73d4f9344c6e a30acbd0ebec4866b7caa3f4aba30f7f c7dd84f04a7e48d790aaa033527ad455 - - default default] http://cinder-api.openstack.svc.cluster.local:8776/ returned with HTTP 300 [pid: 8|app: 0|req: 340/682] 10.0.0.126 () {32 vars in 829 bytes} [Thu Jul 2 01:33:49 2026] GET / => generated 411 bytes in 2 msecs (HTTP/1.1 300) 5 headers in 169 bytes (1 switches on core 0) /var/lib/openstack/lib/python3.12/site-packages/pycadf/identifier.py:70: UserWarning: Invalid uuid: cinderv3. To ensure interoperability, identifiers should be a valid uuid. warnings.warn(('Invalid uuid: %s. To ensure interoperability, '
2026-07-02 01:33:49.465 7 INFO cinder.api.openstack.wsgi [req-65ddc423-1db0-4361-8003-a0a22f255094 req-1fef090b-51bd-4c5a-ae96-6c9d4a1a6d34 a30acbd0ebec4866b7caa3f4aba30f7f c7dd84f04a7e48d790aaa033527ad455 - - default default] POST http://cinder-api.openstack.svc.cluster.local:8776/v3/c7dd84f04a7e48d790aaa033527ad455/attachments /var/lib/openstack/lib/python3.12/site-packages/oslo_context/context.py:101: DeprecationWarning: Policy enforcement is depending on the value of is_admin. This key is deprecated. Please update your policy file to use the standard policy values. warnings.warn(
2026-07-02 01:33:49.541 7 INFO cinder.api.openstack.wsgi [req-65ddc423-1db0-4361-8003-a0a22f255094 req-1fef090b-51bd-4c5a-ae96-6c9d4a1a6d34 a30acbd0ebec4866b7caa3f4aba30f7f c7dd84f04a7e48d790aaa033527ad455 - - default default] http://cinder-api.openstack.svc.cluster.local:8776/v3/c7dd84f04a7e48d790aaa033527ad455/attachments returned with HTTP 200 [pid: 7|app: 0|req: 343/683] 10.0.0.126 () {40 vars in 1057 bytes} [Thu Jul 2 01:33:49 2026] POST /v3/c7dd84f04a7e48d790aaa033527ad455/attachments => generated 273 bytes in 86 msecs (HTTP/1.1 200) 7 headers in 286 bytes (1 switches on core 0)
2026-07-02 01:33:50.860 7 INFO cinder.api.openstack.wsgi [req-65ddc423-1db0-4361-8003-a0a22f255094 req-1fef090b-51bd-4c5a-ae96-6c9d4a1a6d34 a30acbd0ebec4866b7caa3f4aba30f7f c7dd84f04a7e48d790aaa033527ad455 - - default default] GET http://10.0.0.93:8776/
2026-07-02 01:33:50.860 8 INFO cinder.api.openstack.wsgi [req-65ddc423-1db0-4361-8003-a0a22f255094 req-9d2c4fb7-8a92-45bd-9979-73d4f9344c6e a30acbd0ebec4866b7caa3f4aba30f7f c7dd84f04a7e48d790aaa033527ad455 - - default default] GET http://10.0.0.93:8776/
2026-07-02 01:33:50.861 7 INFO cinder.api.openstack.wsgi [req-65ddc423-1db0-4361-8003-a0a22f255094 req-1fef090b-51bd-4c5a-ae96-6c9d4a1a6d34 a30acbd0ebec4866b7caa3f4aba30f7f c7dd84f04a7e48d790aaa033527ad455 - - default default] http://10.0.0.93:8776/ returned with HTTP 300
2026-07-02 01:33:50.861 8 INFO cinder.api.openstack.wsgi [req-65ddc423-1db0-4361-8003-a0a22f255094 req-9d2c4fb7-8a92-45bd-9979-73d4f9344c6e a30acbd0ebec4866b7caa3f4aba30f7f c7dd84f04a7e48d790aaa033527ad455 - - default default] http://10.0.0.93:8776/ returned with HTTP 300
2026-07-02 01:33:55.618 7 INFO cinder.api.openstack.wsgi [req-65ddc423-1db0-4361-8003-a0a22f255094 req-1fef090b-51bd-4c5a-ae96-6c9d4a1a6d34 a30acbd0ebec4866b7caa3f4aba30f7f c7dd84f04a7e48d790aaa033527ad455 - - default default] GET http://cinder-api.openstack.svc.cluster.local:8776/
2026-07-02 01:33:55.619 7 INFO cinder.api.openstack.wsgi [req-65ddc423-1db0-4361-8003-a0a22f255094 req-1fef090b-51bd-4c5a-ae96-6c9d4a1a6d34 a30acbd0ebec4866b7caa3f4aba30f7f c7dd84f04a7e48d790aaa033527ad455 - - default default] http://cinder-api.openstack.svc.cluster.local:8776/ returned with HTTP 300 [pid: 7|app: 0|req: 345/686] 199.204.45.23 () {32 vars in 839 bytes} [Thu Jul 2 01:33:55 2026] GET / => generated 411 bytes in 2 msecs (HTTP/1.1 300) 5 headers in 169 bytes (1 switches on core 0) /var/lib/openstack/lib/python3.12/site-packages/pycadf/identifier.py:70: UserWarning: Invalid uuid: cinderv3. To ensure interoperability, identifiers should be a valid uuid. warnings.warn(('Invalid uuid: %s. To ensure interoperability, '
2026-07-02 01:33:55.687 8 INFO cinder.api.openstack.wsgi [req-65ddc423-1db0-4361-8003-a0a22f255094 req-970f3bb7-e208-4877-ba3e-f0c49bc5ca2c a30acbd0ebec4866b7caa3f4aba30f7f c7dd84f04a7e48d790aaa033527ad455 - - default default] GET http://cinder-api.openstack.svc.cluster.local:8776/v3/c7dd84f04a7e48d790aaa033527ad455/volumes/ea808fd3-add0-4509-85ae-d6f8a9cc6034 /var/lib/openstack/lib/python3.12/site-packages/oslo_context/context.py:101: DeprecationWarning: Policy enforcement is depending on the value of is_admin. This key is deprecated. Please update your policy file to use the standard policy values. warnings.warn(
2026-07-02 01:33:55.716 8 INFO cinder.volume.api [req-65ddc423-1db0-4361-8003-a0a22f255094 req-970f3bb7-e208-4877-ba3e-f0c49bc5ca2c a30acbd0ebec4866b7caa3f4aba30f7f c7dd84f04a7e48d790aaa033527ad455 - - default default] Volume info retrieved successfully.
2026-07-02 01:33:55.720 8 INFO cinder.api.openstack.wsgi [req-65ddc423-1db0-4361-8003-a0a22f255094 req-970f3bb7-e208-4877-ba3e-f0c49bc5ca2c a30acbd0ebec4866b7caa3f4aba30f7f c7dd84f04a7e48d790aaa033527ad455 - - default default] http://cinder-api.openstack.svc.cluster.local:8776/v3/c7dd84f04a7e48d790aaa033527ad455/volumes/ea808fd3-add0-4509-85ae-d6f8a9cc6034 returned with HTTP 200 [pid: 8|app: 0|req: 342/687] 199.204.45.23 () {36 vars in 1072 bytes} [Thu Jul 2 01:33:55 2026] GET /v3/c7dd84f04a7e48d790aaa033527ad455/volumes/ea808fd3-add0-4509-85ae-d6f8a9cc6034 => generated 1663 bytes in 42 msecs (HTTP/1.1 200) 7 headers in 287 bytes (1 switches on core 0) /var/lib/openstack/lib/python3.12/site-packages/pycadf/identifier.py:70: UserWarning: Invalid uuid: cinderv3. To ensure interoperability, identifiers should be a valid uuid. warnings.warn(('Invalid uuid: %s. To ensure interoperability, '
2026-07-02 01:33:57.681 7 INFO cinder.api.openstack.wsgi [req-65ddc423-1db0-4361-8003-a0a22f255094 req-8afcb8c9-32d8-4c9a-93d5-d4e31e13d5ba a30acbd0ebec4866b7caa3f4aba30f7f c7dd84f04a7e48d790aaa033527ad455 - - default default] PUT http://cinder-api.openstack.svc.cluster.local:8776/v3/c7dd84f04a7e48d790aaa033527ad455/attachments/19d42fd7-f027-43fd-a620-f609700a96e4 /var/lib/openstack/lib/python3.12/site-packages/oslo_context/context.py:101: DeprecationWarning: Policy enforcement is depending on the value of is_admin. This key is deprecated. Please update your policy file to use the standard policy values. warnings.warn(
2026-07-02 01:33:58.744 7 INFO cinder.api.openstack.wsgi [req-65ddc423-1db0-4361-8003-a0a22f255094 req-8afcb8c9-32d8-4c9a-93d5-d4e31e13d5ba a30acbd0ebec4866b7caa3f4aba30f7f c7dd84f04a7e48d790aaa033527ad455 - - default default] http://cinder-api.openstack.svc.cluster.local:8776/v3/c7dd84f04a7e48d790aaa033527ad455/attachments/19d42fd7-f027-43fd-a620-f609700a96e4 returned with HTTP 200 [pid: 7|app: 0|req: 346/688] 199.204.45.23 () {40 vars in 1134 bytes} [Thu Jul 2 01:33:57 2026] PUT /v3/c7dd84f04a7e48d790aaa033527ad455/attachments/19d42fd7-f027-43fd-a620-f609700a96e4 => generated 802 bytes in 1075 msecs (HTTP/1.1 200) 7 headers in 286 bytes (1 switches on core 0) /var/lib/openstack/lib/python3.12/site-packages/pycadf/identifier.py:70: UserWarning: Invalid uuid: cinderv3. To ensure interoperability, identifiers should be a valid uuid. warnings.warn(('Invalid uuid: %s. To ensure interoperability, '
2026-07-02 01:33:59.269 8 INFO cinder.api.openstack.wsgi [req-65ddc423-1db0-4361-8003-a0a22f255094 req-bf9561ad-d02c-4b99-b83a-d7f3130513f0 a30acbd0ebec4866b7caa3f4aba30f7f c7dd84f04a7e48d790aaa033527ad455 - - default default] POST http://cinder-api.openstack.svc.cluster.local:8776/v3/c7dd84f04a7e48d790aaa033527ad455/attachments/19d42fd7-f027-43fd-a620-f609700a96e4/action /var/lib/openstack/lib/python3.12/site-packages/oslo_context/context.py:101: DeprecationWarning: Policy enforcement is depending on the value of is_admin. This key is deprecated. Please update your policy file to use the standard policy values. warnings.warn(
2026-07-02 01:33:59.314 8 INFO cinder.api.openstack.wsgi [req-65ddc423-1db0-4361-8003-a0a22f255094 req-bf9561ad-d02c-4b99-b83a-d7f3130513f0 a30acbd0ebec4866b7caa3f4aba30f7f c7dd84f04a7e48d790aaa033527ad455 - - default default] http://cinder-api.openstack.svc.cluster.local:8776/v3/c7dd84f04a7e48d790aaa033527ad455/attachments/19d42fd7-f027-43fd-a620-f609700a96e4/action returned with HTTP 204 [pid: 8|app: 0|req: 343/689] 199.204.45.23 () {40 vars in 1147 bytes} [Thu Jul 2 01:33:59 2026] POST /v3/c7dd84f04a7e48d790aaa033527ad455/attachments/19d42fd7-f027-43fd-a620-f609700a96e4/action => generated 0 bytes in 54 msecs (HTTP/1.1 204) 7 headers in 292 bytes (1 switches on core 0)
2026-07-02 01:34:00.859 7 INFO cinder.api.openstack.wsgi [req-65ddc423-1db0-4361-8003-a0a22f255094 req-8afcb8c9-32d8-4c9a-93d5-d4e31e13d5ba a30acbd0ebec4866b7caa3f4aba30f7f c7dd84f04a7e48d790aaa033527ad455 - - default default] GET http://10.0.0.93:8776/
2026-07-02 01:34:00.860 7 INFO cinder.api.openstack.wsgi [req-65ddc423-1db0-4361-8003-a0a22f255094 req-8afcb8c9-32d8-4c9a-93d5-d4e31e13d5ba a30acbd0ebec4866b7caa3f4aba30f7f c7dd84f04a7e48d790aaa033527ad455 - - default default] http://10.0.0.93:8776/ returned with HTTP 300
2026-07-02 01:34:00.860 8 INFO cinder.api.openstack.wsgi [req-65ddc423-1db0-4361-8003-a0a22f255094 req-bf9561ad-d02c-4b99-b83a-d7f3130513f0 a30acbd0ebec4866b7caa3f4aba30f7f c7dd84f04a7e48d790aaa033527ad455 - - default default] GET http://10.0.0.93:8776/
2026-07-02 01:34:00.863 8 INFO cinder.api.openstack.wsgi [req-65ddc423-1db0-4361-8003-a0a22f255094 req-bf9561ad-d02c-4b99-b83a-d7f3130513f0 a30acbd0ebec4866b7caa3f4aba30f7f c7dd84f04a7e48d790aaa033527ad455 - - default default] http://10.0.0.93:8776/ returned with HTTP 300
2026-07-02 01:34:10.861 7 INFO cinder.api.openstack.wsgi [req-65ddc423-1db0-4361-8003-a0a22f255094 req-8afcb8c9-32d8-4c9a-93d5-d4e31e13d5ba a30acbd0ebec4866b7caa3f4aba30f7f c7dd84f04a7e48d790aaa033527ad455 - - default default] GET http://10.0.0.93:8776/
2026-07-02 01:34:10.861 8 INFO cinder.api.openstack.wsgi [req-65ddc423-1db0-4361-8003-a0a22f255094 req-bf9561ad-d02c-4b99-b83a-d7f3130513f0 a30acbd0ebec4866b7caa3f4aba30f7f c7dd84f04a7e48d790aaa033527ad455 - - default default] GET http://10.0.0.93:8776/
2026-07-02 01:34:10.861 7 INFO cinder.api.openstack.wsgi [req-65ddc423-1db0-4361-8003-a0a22f255094 req-8afcb8c9-32d8-4c9a-93d5-d4e31e13d5ba a30acbd0ebec4866b7caa3f4aba30f7f c7dd84f04a7e48d790aaa033527ad455 - - default default] http://10.0.0.93:8776/ returned with HTTP 300
2026-07-02 01:34:10.862 8 INFO cinder.api.openstack.wsgi [req-65ddc423-1db0-4361-8003-a0a22f255094 req-bf9561ad-d02c-4b99-b83a-d7f3130513f0 a30acbd0ebec4866b7caa3f4aba30f7f c7dd84f04a7e48d790aaa033527ad455 - - default default] http://10.0.0.93:8776/ returned with HTTP 300 /var/lib/openstack/lib/python3.12/site-packages/pycadf/identifier.py:70: UserWarning: Invalid uuid: cinderv3. To ensure interoperability, identifiers should be a valid uuid. warnings.warn(('Invalid uuid: %s. To ensure interoperability, '
2026-07-02 01:34:12.445 7 INFO cinder.api.openstack.wsgi [req-8dbe0035-5e04-4893-9973-73c4c7a2beac req-3afc47ca-6180-4a2e-8803-7b3d59c20b8f a30acbd0ebec4866b7caa3f4aba30f7f c7dd84f04a7e48d790aaa033527ad455 - - default default] DELETE http://cinder-api.openstack.svc.cluster.local:8776/v3/c7dd84f04a7e48d790aaa033527ad455/attachments/19d42fd7-f027-43fd-a620-f609700a96e4 /var/lib/openstack/lib/python3.12/site-packages/oslo_context/context.py:101: DeprecationWarning: Policy enforcement is depending on the value of is_admin. This key is deprecated. Please update your policy file to use the standard policy values. warnings.warn(
2026-07-02 01:34:13.041 7 INFO cinder.api.openstack.wsgi [req-8dbe0035-5e04-4893-9973-73c4c7a2beac req-3afc47ca-6180-4a2e-8803-7b3d59c20b8f a30acbd0ebec4866b7caa3f4aba30f7f c7dd84f04a7e48d790aaa033527ad455 - - default default] http://cinder-api.openstack.svc.cluster.local:8776/v3/c7dd84f04a7e48d790aaa033527ad455/attachments/19d42fd7-f027-43fd-a620-f609700a96e4 returned with HTTP 200 [pid: 7|app: 0|req: 349/694] 199.204.45.23 () {38 vars in 1102 bytes} [Thu Jul 2 01:34:12 2026] DELETE /v3/c7dd84f04a7e48d790aaa033527ad455/attachments/19d42fd7-f027-43fd-a620-f609700a96e4 => generated 19 bytes in 608 msecs (HTTP/1.1 200) 7 headers in 285 bytes (1 switches on core 0) /var/lib/openstack/lib/python3.12/site-packages/pycadf/identifier.py:70: UserWarning: Invalid uuid: cinderv3. To ensure interoperability, identifiers should be a valid uuid. warnings.warn(('Invalid uuid: %s. To ensure interoperability, '
2026-07-02 01:34:13.062 8 INFO cinder.api.openstack.wsgi [req-8dbe0035-5e04-4893-9973-73c4c7a2beac req-655f5505-1bee-48c4-9086-aa091896ee02 a30acbd0ebec4866b7caa3f4aba30f7f c7dd84f04a7e48d790aaa033527ad455 - - default default] DELETE http://cinder-api.openstack.svc.cluster.local:8776/v3/c7dd84f04a7e48d790aaa033527ad455/volumes/ea808fd3-add0-4509-85ae-d6f8a9cc6034
2026-07-02 01:34:13.063 8 INFO cinder.api.v3.volumes [req-8dbe0035-5e04-4893-9973-73c4c7a2beac req-655f5505-1bee-48c4-9086-aa091896ee02 a30acbd0ebec4866b7caa3f4aba30f7f c7dd84f04a7e48d790aaa033527ad455 - - default default] Delete volume with id: ea808fd3-add0-4509-85ae-d6f8a9cc6034 /var/lib/openstack/lib/python3.12/site-packages/oslo_context/context.py:101: DeprecationWarning: Policy enforcement is depending on the value of is_admin. This key is deprecated. Please update your policy file to use the standard policy values. warnings.warn(
2026-07-02 01:34:13.073 8 INFO cinder.volume.api [req-8dbe0035-5e04-4893-9973-73c4c7a2beac req-655f5505-1bee-48c4-9086-aa091896ee02 a30acbd0ebec4866b7caa3f4aba30f7f c7dd84f04a7e48d790aaa033527ad455 - - default default] Volume info retrieved successfully.
2026-07-02 01:34:13.105 8 INFO cinder.volume.api [req-8dbe0035-5e04-4893-9973-73c4c7a2beac req-655f5505-1bee-48c4-9086-aa091896ee02 a30acbd0ebec4866b7caa3f4aba30f7f c7dd84f04a7e48d790aaa033527ad455 - - default default] Delete volume request issued successfully.
2026-07-02 01:34:13.106 8 INFO cinder.api.openstack.wsgi [req-8dbe0035-5e04-4893-9973-73c4c7a2beac req-655f5505-1bee-48c4-9086-aa091896ee02 a30acbd0ebec4866b7caa3f4aba30f7f c7dd84f04a7e48d790aaa033527ad455 - - default default] http://cinder-api.openstack.svc.cluster.local:8776/v3/c7dd84f04a7e48d790aaa033527ad455/volumes/ea808fd3-add0-4509-85ae-d6f8a9cc6034 returned with HTTP 202 [pid: 8|app: 0|req: 346/695] 199.204.45.23 () {36 vars in 1053 bytes} [Thu Jul 2 01:34:13 2026] DELETE /v3/c7dd84f04a7e48d790aaa033527ad455/volumes/ea808fd3-add0-4509-85ae-d6f8a9cc6034 => generated 0 bytes in 57 msecs (HTTP/1.1 202) 6 headers in 233 bytes (1 switches on core 0) /var/lib/openstack/lib/python3.12/site-packages/pycadf/identifier.py:70: UserWarning: Invalid uuid: cinderv3. To ensure interoperability, identifiers should be a valid uuid. warnings.warn(('Invalid uuid: %s. To ensure interoperability, '
2026-07-02 01:34:13.466 7 INFO cinder.api.openstack.wsgi [None req-45e59d6a-0d95-4ba3-8ea0-af575ae59993 b0f6f1662acb42028adab40336275dbd 7eb38567d24945bf897faa0c111c2692 - - default default] GET http://cinder-api.openstack.svc.cluster.local:8776/v3/7eb38567d24945bf897faa0c111c2692/scheduler-stats/get_pools?detail=true /var/lib/openstack/lib/python3.12/site-packages/oslo_context/context.py:101: DeprecationWarning: Policy enforcement is depending on the value of is_admin. This key is deprecated. Please update your policy file to use the standard policy values. warnings.warn(
2026-07-02 01:34:13.969 7 INFO cinder.api.openstack.wsgi [None req-45e59d6a-0d95-4ba3-8ea0-af575ae59993 b0f6f1662acb42028adab40336275dbd 7eb38567d24945bf897faa0c111c2692 - - default default] http://cinder-api.openstack.svc.cluster.local:8776/v3/7eb38567d24945bf897faa0c111c2692/scheduler-stats/get_pools?detail=true returned with HTTP 200 [pid: 7|app: 0|req: 350/696] 10.0.0.191 () {28 vars in 696 bytes} [Thu Jul 2 01:34:13 2026] GET /v3/7eb38567d24945bf897faa0c111c2692/scheduler-stats/get_pools?detail=true => generated 670 bytes in 692 msecs (HTTP/1.1 200) 7 headers in 285 bytes (1 switches on core 0) /var/lib/openstack/lib/python3.12/site-packages/pycadf/identifier.py:70: UserWarning: Invalid uuid: cinderv3. To ensure interoperability, identifiers should be a valid uuid. warnings.warn(('Invalid uuid: %s. To ensure interoperability, '
2026-07-02 01:34:13.988 8 INFO cinder.api.openstack.wsgi [None req-46e93db9-fadc-40dd-86aa-eddaedf7dd13 b0f6f1662acb42028adab40336275dbd 7eb38567d24945bf897faa0c111c2692 - - default default] GET http://cinder-api.openstack.svc.cluster.local:8776/v3/7eb38567d24945bf897faa0c111c2692/snapshots?all_tenants=true
2026-07-02 01:34:13.996 8 INFO cinder.volume.api [None req-46e93db9-fadc-40dd-86aa-eddaedf7dd13 b0f6f1662acb42028adab40336275dbd 7eb38567d24945bf897faa0c111c2692 - - default default] Get all snapshots completed successfully.
2026-07-02 01:34:13.996 8 INFO cinder.api.openstack.wsgi [None req-46e93db9-fadc-40dd-86aa-eddaedf7dd13 b0f6f1662acb42028adab40336275dbd 7eb38567d24945bf897faa0c111c2692 - - default default] http://cinder-api.openstack.svc.cluster.local:8776/v3/7eb38567d24945bf897faa0c111c2692/snapshots?all_tenants=true returned with HTTP 200 [pid: 8|app: 0|req: 347/697] 10.0.0.191 () {28 vars in 674 bytes} [Thu Jul 2 01:34:13 2026] GET /v3/7eb38567d24945bf897faa0c111c2692/snapshots?all_tenants=true => generated 17 bytes in 18 msecs (HTTP/1.1 200) 7 headers in 284 bytes (1 switches on core 0)
2026-07-02 01:34:14.007 7 INFO cinder.api.openstack.wsgi [None req-52be4a74-96bb-474a-a59d-0b5ed42272a3 b0f6f1662acb42028adab40336275dbd 7eb38567d24945bf897faa0c111c2692 - - default default] GET http://cinder-api.openstack.svc.cluster.local:8776/v3/7eb38567d24945bf897faa0c111c2692/os-services
2026-07-02 01:34:14.013 7 INFO cinder.api.openstack.wsgi [None req-52be4a74-96bb-474a-a59d-0b5ed42272a3 b0f6f1662acb42028adab40336275dbd 7eb38567d24945bf897faa0c111c2692 - - default default] http://cinder-api.openstack.svc.cluster.local:8776/v3/7eb38567d24945bf897faa0c111c2692/os-services returned with HTTP 200 [pid: 7|app: 0|req: 351/698] 10.0.0.191 () {28 vars in 645 bytes} [Thu Jul 2 01:34:14 2026] GET /v3/7eb38567d24945bf897faa0c111c2692/os-services => generated 646 bytes in 14 msecs (HTTP/1.1 200) 7 headers in 285 bytes (1 switches on core 0)
2026-07-02 01:34:14.035 8 INFO cinder.api.openstack.wsgi [None req-1c47fa74-9fc1-41c8-adcc-8d305797df51 b0f6f1662acb42028adab40336275dbd 7eb38567d24945bf897faa0c111c2692 - - default default] GET http://cinder-api.openstack.svc.cluster.local:8776/v3/7eb38567d24945bf897faa0c111c2692/volumes/detail?all_tenants=true
2026-07-02 01:34:14.049 8 INFO cinder.volume.api [None req-1c47fa74-9fc1-41c8-adcc-8d305797df51 b0f6f1662acb42028adab40336275dbd 7eb38567d24945bf897faa0c111c2692 - - default default] Get all volumes completed successfully.
2026-07-02 01:34:14.053 8 INFO cinder.api.openstack.wsgi [None req-1c47fa74-9fc1-41c8-adcc-8d305797df51 b0f6f1662acb42028adab40336275dbd 7eb38567d24945bf897faa0c111c2692 - - default default] http://cinder-api.openstack.svc.cluster.local:8776/v3/7eb38567d24945bf897faa0c111c2692/volumes/detail?all_tenants=true returned with HTTP 200 [pid: 8|app: 0|req: 348/699] 10.0.0.191 () {28 vars in 684 bytes} [Thu Jul 2 01:34:14 2026] GET /v3/7eb38567d24945bf897faa0c111c2692/volumes/detail?all_tenants=true => generated 15 bytes in 24 msecs (HTTP/1.1 200) 7 headers in 284 bytes (1 switches on core 0)
2026-07-02 01:34:14.097 7 INFO cinder.api.openstack.wsgi [None req-fe616524-b6f8-41d0-9bcd-e042d6620282 b0f6f1662acb42028adab40336275dbd 7eb38567d24945bf897faa0c111c2692 - - default default] GET http://cinder-api.openstack.svc.cluster.local:8776/v3/7eb38567d24945bf897faa0c111c2692/os-quota-sets/41dbb9bcfb6f41fea8cf083089b25f24?usage=true
2026-07-02 01:34:14.139 7 INFO cinder.api.openstack.wsgi [None req-fe616524-b6f8-41d0-9bcd-e042d6620282 b0f6f1662acb42028adab40336275dbd 7eb38567d24945bf897faa0c111c2692 - - default default] http://cinder-api.openstack.svc.cluster.local:8776/v3/7eb38567d24945bf897faa0c111c2692/os-quota-sets/41dbb9bcfb6f41fea8cf083089b25f24?usage=true returned with HTTP 200 [pid: 7|app: 0|req: 352/700] 10.0.0.191 () {28 vars in 736 bytes} [Thu Jul 2 01:34:14 2026] GET /v3/7eb38567d24945bf897faa0c111c2692/os-quota-sets/41dbb9bcfb6f41fea8cf083089b25f24?usage=true => generated 847 bytes in 50 msecs (HTTP/1.1 200) 7 headers in 285 bytes (1 switches on core 0)
2026-07-02 01:34:14.153 8 INFO cinder.api.openstack.wsgi [None req-1596fab3-9b59-41d0-8b6b-4821330c6bab b0f6f1662acb42028adab40336275dbd 7eb38567d24945bf897faa0c111c2692 - - default default] GET http://cinder-api.openstack.svc.cluster.local:8776/v3/7eb38567d24945bf897faa0c111c2692/os-quota-sets/515dc5672e3043f89527bddceb85cf53?usage=true
2026-07-02 01:34:14.188 8 INFO cinder.api.openstack.wsgi [None req-1596fab3-9b59-41d0-8b6b-4821330c6bab b0f6f1662acb42028adab40336275dbd 7eb38567d24945bf897faa0c111c2692 - - default default] http://cinder-api.openstack.svc.cluster.local:8776/v3/7eb38567d24945bf897faa0c111c2692/os-quota-sets/515dc5672e3043f89527bddceb85cf53?usage=true returned with HTTP 200 [pid: 8|app: 0|req: 349/701] 10.0.0.191 () {28 vars in 736 bytes} [Thu Jul 2 01:34:14 2026] GET /v3/7eb38567d24945bf897faa0c111c2692/os-quota-sets/515dc5672e3043f89527bddceb85cf53?usage=true => generated 847 bytes in 43 msecs (HTTP/1.1 200) 7 headers in 285 bytes (1 switches on core 0)
2026-07-02 01:34:14.203 7 INFO cinder.api.openstack.wsgi [None req-544e5270-2dee-4c9d-b4e1-6959a447c98b b0f6f1662acb42028adab40336275dbd 7eb38567d24945bf897faa0c111c2692 - - default default] GET http://cinder-api.openstack.svc.cluster.local:8776/v3/7eb38567d24945bf897faa0c111c2692/os-quota-sets/7eb38567d24945bf897faa0c111c2692?usage=true
2026-07-02 01:34:14.231 7 INFO cinder.api.openstack.wsgi [None req-544e5270-2dee-4c9d-b4e1-6959a447c98b b0f6f1662acb42028adab40336275dbd 7eb38567d24945bf897faa0c111c2692 - - default default] http://cinder-api.openstack.svc.cluster.local:8776/v3/7eb38567d24945bf897faa0c111c2692/os-quota-sets/7eb38567d24945bf897faa0c111c2692?usage=true returned with HTTP 200 [pid: 7|app: 0|req: 353/702] 10.0.0.191 () {28 vars in 736 bytes} [Thu Jul 2 01:34:14 2026] GET /v3/7eb38567d24945bf897faa0c111c2692/os-quota-sets/7eb38567d24945bf897faa0c111c2692?usage=true => generated 845 bytes in 39 msecs (HTTP/1.1 200) 7 headers in 285 bytes (1 switches on core 0)
2026-07-02 01:34:14.247 8 INFO cinder.api.openstack.wsgi [None req-896d16b3-fa3d-4d7f-bf87-6536d6f43445 b0f6f1662acb42028adab40336275dbd 7eb38567d24945bf897faa0c111c2692 - - default default] GET http://cinder-api.openstack.svc.cluster.local:8776/v3/7eb38567d24945bf897faa0c111c2692/os-quota-sets/8d19d35872dc4befa0e7f52669f5806f?usage=true
2026-07-02 01:34:14.289 8 INFO cinder.api.openstack.wsgi [None req-896d16b3-fa3d-4d7f-bf87-6536d6f43445 b0f6f1662acb42028adab40336275dbd 7eb38567d24945bf897faa0c111c2692 - - default default] http://cinder-api.openstack.svc.cluster.local:8776/v3/7eb38567d24945bf897faa0c111c2692/os-quota-sets/8d19d35872dc4befa0e7f52669f5806f?usage=true returned with HTTP 200 [pid: 8|app: 0|req: 350/703] 10.0.0.191 () {28 vars in 736 bytes} [Thu Jul 2 01:34:14 2026] GET /v3/7eb38567d24945bf897faa0c111c2692/os-quota-sets/8d19d35872dc4befa0e7f52669f5806f?usage=true => generated 845 bytes in 53 msecs (HTTP/1.1 200) 7 headers in 285 bytes (1 switches on core 0)
2026-07-02 01:34:14.304 7 INFO cinder.api.openstack.wsgi [None req-46b9abc4-9563-4f6b-a7e7-0614b415df11 b0f6f1662acb42028adab40336275dbd 7eb38567d24945bf897faa0c111c2692 - - default default] GET http://cinder-api.openstack.svc.cluster.local:8776/v3/7eb38567d24945bf897faa0c111c2692/os-quota-sets/c70f0aa185bc4f75a8a6d662769a65ba?usage=true
2026-07-02 01:34:14.325 7 INFO cinder.api.openstack.wsgi [None req-46b9abc4-9563-4f6b-a7e7-0614b415df11 b0f6f1662acb42028adab40336275dbd 7eb38567d24945bf897faa0c111c2692 - - default default] http://cinder-api.openstack.svc.cluster.local:8776/v3/7eb38567d24945bf897faa0c111c2692/os-quota-sets/c70f0aa185bc4f75a8a6d662769a65ba?usage=true returned with HTTP 200 [pid: 7|app: 0|req: 354/704] 10.0.0.191 () {28 vars in 736 bytes} [Thu Jul 2 01:34:14 2026] GET /v3/7eb38567d24945bf897faa0c111c2692/os-quota-sets/c70f0aa185bc4f75a8a6d662769a65ba?usage=true => generated 847 bytes in 30 msecs (HTTP/1.1 200) 7 headers in 285 bytes (1 switches on core 0)
2026-07-02 01:34:14.345 8 INFO cinder.api.openstack.wsgi [None req-8760be20-76b4-4097-91e4-b0942694d525 b0f6f1662acb42028adab40336275dbd 7eb38567d24945bf897faa0c111c2692 - - default default] GET http://cinder-api.openstack.svc.cluster.local:8776/v3/7eb38567d24945bf897faa0c111c2692/os-quota-sets/c7dd84f04a7e48d790aaa033527ad455?usage=true
2026-07-02 01:34:14.382 8 INFO cinder.api.openstack.wsgi [None req-8760be20-76b4-4097-91e4-b0942694d525 b0f6f1662acb42028adab40336275dbd 7eb38567d24945bf897faa0c111c2692 - - default default] http://cinder-api.openstack.svc.cluster.local:8776/v3/7eb38567d24945bf897faa0c111c2692/os-quota-sets/c7dd84f04a7e48d790aaa033527ad455?usage=true returned with HTTP 200 [pid: 8|app: 0|req: 351/705] 10.0.0.191 () {28 vars in 736 bytes} [Thu Jul 2 01:34:14 2026] GET /v3/7eb38567d24945bf897faa0c111c2692/os-quota-sets/c7dd84f04a7e48d790aaa033527ad455?usage=true => generated 847 bytes in 48 msecs (HTTP/1.1 200) 7 headers in 285 bytes (1 switches on core 0)
2026-07-02 01:34:14.399 7 INFO cinder.api.openstack.wsgi [None req-bb8054ff-9404-47b0-b502-9e1e44c2c444 b0f6f1662acb42028adab40336275dbd 7eb38567d24945bf897faa0c111c2692 - - default default] GET http://cinder-api.openstack.svc.cluster.local:8776/v3/7eb38567d24945bf897faa0c111c2692/os-quota-sets/e8a714261471457bbde90e4bf4311031?usage=true
2026-07-02 01:34:14.421 7 INFO cinder.api.openstack.wsgi [None req-bb8054ff-9404-47b0-b502-9e1e44c2c444 b0f6f1662acb42028adab40336275dbd 7eb38567d24945bf897faa0c111c2692 - - default default] http://cinder-api.openstack.svc.cluster.local:8776/v3/7eb38567d24945bf897faa0c111c2692/os-quota-sets/e8a714261471457bbde90e4bf4311031?usage=true returned with HTTP 200 [pid: 7|app: 0|req: 355/706] 10.0.0.191 () {28 vars in 736 bytes} [Thu Jul 2 01:34:14 2026] GET /v3/7eb38567d24945bf897faa0c111c2692/os-quota-sets/e8a714261471457bbde90e4bf4311031?usage=true => generated 847 bytes in 31 msecs (HTTP/1.1 200) 7 headers in 285 bytes (1 switches on core 0)
2026-07-02 01:34:14.433 8 INFO cinder.api.openstack.wsgi [None req-1dfda595-7f81-480f-9cde-9b07f21ac0b8 b0f6f1662acb42028adab40336275dbd 7eb38567d24945bf897faa0c111c2692 - - default default] GET http://cinder-api.openstack.svc.cluster.local:8776/v3/7eb38567d24945bf897faa0c111c2692/volumes/detail?all_tenants=true
2026-07-02 01:34:14.444 8 INFO cinder.volume.api [None req-1dfda595-7f81-480f-9cde-9b07f21ac0b8 b0f6f1662acb42028adab40336275dbd 7eb38567d24945bf897faa0c111c2692 - - default default] Get all volumes completed successfully.
2026-07-02 01:34:14.446 8 INFO cinder.api.openstack.wsgi [None req-1dfda595-7f81-480f-9cde-9b07f21ac0b8 b0f6f1662acb42028adab40336275dbd 7eb38567d24945bf897faa0c111c2692 - - default default] http://cinder-api.openstack.svc.cluster.local:8776/v3/7eb38567d24945bf897faa0c111c2692/volumes/detail?all_tenants=true returned with HTTP 200 [pid: 8|app: 0|req: 352/707] 10.0.0.191 () {28 vars in 684 bytes} [Thu Jul 2 01:34:14 2026] GET /v3/7eb38567d24945bf897faa0c111c2692/volumes/detail?all_tenants=true => generated 15 bytes in 21 msecs (HTTP/1.1 200) 7 headers in 284 bytes (1 switches on core 0)
2026-07-02 01:34:20.860 7 INFO cinder.api.openstack.wsgi [None req-bb8054ff-9404-47b0-b502-9e1e44c2c444 b0f6f1662acb42028adab40336275dbd 7eb38567d24945bf897faa0c111c2692 - - default default] GET http://10.0.0.93:8776/
2026-07-02 01:34:20.861 8 INFO cinder.api.openstack.wsgi [None req-1dfda595-7f81-480f-9cde-9b07f21ac0b8 b0f6f1662acb42028adab40336275dbd 7eb38567d24945bf897faa0c111c2692 - - default default] GET http://10.0.0.93:8776/
2026-07-02 01:34:20.861 7 INFO cinder.api.openstack.wsgi [None req-bb8054ff-9404-47b0-b502-9e1e44c2c444 b0f6f1662acb42028adab40336275dbd 7eb38567d24945bf897faa0c111c2692 - - default default] http://10.0.0.93:8776/ returned with HTTP 300
2026-07-02 01:34:20.863 8 INFO cinder.api.openstack.wsgi [None req-1dfda595-7f81-480f-9cde-9b07f21ac0b8 b0f6f1662acb42028adab40336275dbd 7eb38567d24945bf897faa0c111c2692 - - default default] http://10.0.0.93:8776/ returned with HTTP 300
2026-07-02 01:34:30.860 8 INFO cinder.api.openstack.wsgi [None req-1dfda595-7f81-480f-9cde-9b07f21ac0b8 b0f6f1662acb42028adab40336275dbd 7eb38567d24945bf897faa0c111c2692 - - default default] GET http://10.0.0.93:8776/
2026-07-02 01:34:30.859 7 INFO cinder.api.openstack.wsgi [None req-bb8054ff-9404-47b0-b502-9e1e44c2c444 b0f6f1662acb42028adab40336275dbd 7eb38567d24945bf897faa0c111c2692 - - default default] GET http://10.0.0.93:8776/
2026-07-02 01:34:30.860 8 INFO cinder.api.openstack.wsgi [None req-1dfda595-7f81-480f-9cde-9b07f21ac0b8 b0f6f1662acb42028adab40336275dbd 7eb38567d24945bf897faa0c111c2692 - - default default] http://10.0.0.93:8776/ returned with HTTP 300
2026-07-02 01:34:30.861 7 INFO cinder.api.openstack.wsgi [None req-bb8054ff-9404-47b0-b502-9e1e44c2c444 b0f6f1662acb42028adab40336275dbd 7eb38567d24945bf897faa0c111c2692 - - default default] http://10.0.0.93:8776/ returned with HTTP 300
2026-07-02 01:34:40.859 8 INFO cinder.api.openstack.wsgi [None req-1dfda595-7f81-480f-9cde-9b07f21ac0b8 b0f6f1662acb42028adab40336275dbd 7eb38567d24945bf897faa0c111c2692 - - default default] GET http://10.0.0.93:8776/
2026-07-02 01:34:40.860 8 INFO cinder.api.openstack.wsgi [None req-1dfda595-7f81-480f-9cde-9b07f21ac0b8 b0f6f1662acb42028adab40336275dbd 7eb38567d24945bf897faa0c111c2692 - - default default] http://10.0.0.93:8776/ returned with HTTP 300
2026-07-02 01:34:40.862 7 INFO cinder.api.openstack.wsgi [None req-bb8054ff-9404-47b0-b502-9e1e44c2c444 b0f6f1662acb42028adab40336275dbd 7eb38567d24945bf897faa0c111c2692 - - default default] GET http://10.0.0.93:8776/
2026-07-02 01:34:40.863 7 INFO cinder.api.openstack.wsgi [None req-bb8054ff-9404-47b0-b502-9e1e44c2c444 b0f6f1662acb42028adab40336275dbd 7eb38567d24945bf897faa0c111c2692 - - default default] http://10.0.0.93:8776/ returned with HTTP 300
2026-07-02 01:34:50.860 8 INFO cinder.api.openstack.wsgi [None req-1dfda595-7f81-480f-9cde-9b07f21ac0b8 b0f6f1662acb42028adab40336275dbd 7eb38567d24945bf897faa0c111c2692 - - default default] GET http://10.0.0.93:8776/
2026-07-02 01:34:50.860 8 INFO cinder.api.openstack.wsgi [None req-1dfda595-7f81-480f-9cde-9b07f21ac0b8 b0f6f1662acb42028adab40336275dbd 7eb38567d24945bf897faa0c111c2692 - - default default] http://10.0.0.93:8776/ returned with HTTP 300
2026-07-02 01:34:50.860 7 INFO cinder.api.openstack.wsgi [None req-bb8054ff-9404-47b0-b502-9e1e44c2c444 b0f6f1662acb42028adab40336275dbd 7eb38567d24945bf897faa0c111c2692 - - default default] GET http://10.0.0.93:8776/
2026-07-02 01:34:50.862 7 INFO cinder.api.openstack.wsgi [None req-bb8054ff-9404-47b0-b502-9e1e44c2c444 b0f6f1662acb42028adab40336275dbd 7eb38567d24945bf897faa0c111c2692 - - default default] http://10.0.0.93:8776/ returned with HTTP 300
2026-07-02 01:35:00.860 8 INFO cinder.api.openstack.wsgi [None req-1dfda595-7f81-480f-9cde-9b07f21ac0b8 b0f6f1662acb42028adab40336275dbd 7eb38567d24945bf897faa0c111c2692 - - default default] GET http://10.0.0.93:8776/
2026-07-02 01:35:00.860 7 INFO cinder.api.openstack.wsgi [None req-bb8054ff-9404-47b0-b502-9e1e44c2c444 b0f6f1662acb42028adab40336275dbd 7eb38567d24945bf897faa0c111c2692 - - default default] GET http://10.0.0.93:8776/
2026-07-02 01:35:00.861 8 INFO cinder.api.openstack.wsgi [None req-1dfda595-7f81-480f-9cde-9b07f21ac0b8 b0f6f1662acb42028adab40336275dbd 7eb38567d24945bf897faa0c111c2692 - - default default] http://10.0.0.93:8776/ returned with HTTP 300
2026-07-02 01:35:00.861 7 INFO cinder.api.openstack.wsgi [None req-bb8054ff-9404-47b0-b502-9e1e44c2c444 b0f6f1662acb42028adab40336275dbd 7eb38567d24945bf897faa0c111c2692 - - default default] http://10.0.0.93:8776/ returned with HTTP 300
2026-07-02 01:35:02.164 8 INFO cinder.api.openstack.wsgi [req-ff14e35d-58ce-4f75-aaa0-a85859fab6a7 req-0282c17a-b12f-42fa-abbe-4978c4127402 05cbf1c9e8d748c99a7cdfc8b7533cdd ec8b1091654f4d3b86bbe18e167c8b52 - - default default] GET http://cinder-api.openstack.svc.cluster.local:8776/v3/ec8b1091654f4d3b86bbe18e167c8b52/attachments?instance_id=ce0bd07c-c42f-4a21-83ac-e851cf69ca0c
2026-07-02 01:35:02.179 8 INFO cinder.api.openstack.wsgi [req-ff14e35d-58ce-4f75-aaa0-a85859fab6a7 req-0282c17a-b12f-42fa-abbe-4978c4127402 05cbf1c9e8d748c99a7cdfc8b7533cdd ec8b1091654f4d3b86bbe18e167c8b52 - - default default] http://cinder-api.openstack.svc.cluster.local:8776/v3/ec8b1091654f4d3b86bbe18e167c8b52/attachments?instance_id=ce0bd07c-c42f-4a21-83ac-e851cf69ca0c returned with HTTP 200 [pid: 8|app: 0|req: 358/718] 199.204.45.23 () {36 vars in 1103 bytes} [Thu Jul 2 01:35:02 2026] GET /v3/ec8b1091654f4d3b86bbe18e167c8b52/attachments?instance_id=ce0bd07c-c42f-4a21-83ac-e851cf69ca0c => generated 19 bytes in 21 msecs (HTTP/1.1 200) 7 headers in 285 bytes (1 switches on core 0)
2026-07-02 01:35:10.860 7 INFO cinder.api.openstack.wsgi [None req-bb8054ff-9404-47b0-b502-9e1e44c2c444 b0f6f1662acb42028adab40336275dbd 7eb38567d24945bf897faa0c111c2692 - - default default] GET http://10.0.0.93:8776/
2026-07-02 01:35:10.861 7 INFO cinder.api.openstack.wsgi [None req-bb8054ff-9404-47b0-b502-9e1e44c2c444 b0f6f1662acb42028adab40336275dbd 7eb38567d24945bf897faa0c111c2692 - - default default] http://10.0.0.93:8776/ returned with HTTP 300
2026-07-02 01:35:10.861 8 INFO cinder.api.openstack.wsgi [req-ff14e35d-58ce-4f75-aaa0-a85859fab6a7 req-0282c17a-b12f-42fa-abbe-4978c4127402 05cbf1c9e8d748c99a7cdfc8b7533cdd ec8b1091654f4d3b86bbe18e167c8b52 - - default default] GET http://10.0.0.93:8776/
2026-07-02 01:35:10.863 8 INFO cinder.api.openstack.wsgi [req-ff14e35d-58ce-4f75-aaa0-a85859fab6a7 req-0282c17a-b12f-42fa-abbe-4978c4127402 05cbf1c9e8d748c99a7cdfc8b7533cdd ec8b1091654f4d3b86bbe18e167c8b52 - - default default] http://10.0.0.93:8776/ returned with HTTP 300
2026-07-02 01:35:11.381 7 INFO cinder.api.openstack.wsgi [None req-bb8054ff-9404-47b0-b502-9e1e44c2c444 b0f6f1662acb42028adab40336275dbd 7eb38567d24945bf897faa0c111c2692 - - default default] GET http://cinder-api.openstack.svc.cluster.local:8776/
2026-07-02 01:35:11.383 7 INFO cinder.api.openstack.wsgi [None req-bb8054ff-9404-47b0-b502-9e1e44c2c444 b0f6f1662acb42028adab40336275dbd 7eb38567d24945bf897faa0c111c2692 - - default default] http://cinder-api.openstack.svc.cluster.local:8776/ returned with HTTP 300 [pid: 7|app: 0|req: 362/721] 10.0.0.95 () {28 vars in 375 bytes} [Thu Jul 2 01:35:11 2026] GET / => generated 411 bytes in 2 msecs (HTTP/1.1 300) 5 headers in 169 bytes (1 switches on core 0)
2026-07-02 01:35:11.394 8 INFO cinder.api.openstack.wsgi [None req-6594eae4-7828-4ac4-a439-b0396064b658 0bc55f692eac4047895451088b9d09e6 7c965e986bae46e6902afdab8eb6f1f6 - - default default] GET http://cinder-api.openstack.svc.cluster.local:8776/v3/7c965e986bae46e6902afdab8eb6f1f6/limits?tenant_id=7c965e986bae46e6902afdab8eb6f1f6
2026-07-02 01:35:11.430 8 INFO cinder.api.openstack.wsgi [None req-6594eae4-7828-4ac4-a439-b0396064b658 0bc55f692eac4047895451088b9d09e6 7c965e986bae46e6902afdab8eb6f1f6 - - default default] http://cinder-api.openstack.svc.cluster.local:8776/v3/7c965e986bae46e6902afdab8eb6f1f6/limits?tenant_id=7c965e986bae46e6902afdab8eb6f1f6 returned with HTTP 200 [pid: 8|app: 0|req: 360/722] 10.0.0.95 () {34 vars in 878 bytes} [Thu Jul 2 01:35:11 2026] GET /v3/7c965e986bae46e6902afdab8eb6f1f6/limits?tenant_id=7c965e986bae46e6902afdab8eb6f1f6 => generated 302 bytes in 42 msecs (HTTP/1.1 200) 7 headers in 286 bytes (1 switches on core 0)
2026-07-02 01:35:13.480 7 INFO cinder.api.openstack.wsgi [None req-5982918c-1c1a-4056-aeb2-1c4b6efcecbd b0f6f1662acb42028adab40336275dbd 7eb38567d24945bf897faa0c111c2692 - - default default] GET http://cinder-api.openstack.svc.cluster.local:8776/v3/7eb38567d24945bf897faa0c111c2692/volumes/detail?all_tenants=true
2026-07-02 01:35:13.490 7 INFO cinder.volume.api [None req-5982918c-1c1a-4056-aeb2-1c4b6efcecbd b0f6f1662acb42028adab40336275dbd 7eb38567d24945bf897faa0c111c2692 - - default default] Get all volumes completed successfully.
2026-07-02 01:35:13.492 7 INFO cinder.api.openstack.wsgi [None req-5982918c-1c1a-4056-aeb2-1c4b6efcecbd b0f6f1662acb42028adab40336275dbd 7eb38567d24945bf897faa0c111c2692 - - default default] http://cinder-api.openstack.svc.cluster.local:8776/v3/7eb38567d24945bf897faa0c111c2692/volumes/detail?all_tenants=true returned with HTTP 200 [pid: 7|app: 0|req: 363/723] 10.0.0.191 () {28 vars in 684 bytes} [Thu Jul 2 01:35:13 2026] GET /v3/7eb38567d24945bf897faa0c111c2692/volumes/detail?all_tenants=true => generated 15 bytes in 259 msecs (HTTP/1.1 200) 7 headers in 284 bytes (1 switches on core 0)
2026-07-02 01:35:13.507 8 INFO cinder.api.openstack.wsgi [None req-e1f05214-3fbd-49fc-a0b4-8023bde5c6d0 b0f6f1662acb42028adab40336275dbd 7eb38567d24945bf897faa0c111c2692 - - default default] GET http://cinder-api.openstack.svc.cluster.local:8776/v3/7eb38567d24945bf897faa0c111c2692/volumes/detail?all_tenants=true
2026-07-02 01:35:13.518 8 INFO cinder.volume.api [None req-e1f05214-3fbd-49fc-a0b4-8023bde5c6d0 b0f6f1662acb42028adab40336275dbd 7eb38567d24945bf897faa0c111c2692 - - default default] Get all volumes completed successfully.
2026-07-02 01:35:13.519 8 INFO cinder.api.openstack.wsgi [None req-e1f05214-3fbd-49fc-a0b4-8023bde5c6d0 b0f6f1662acb42028adab40336275dbd 7eb38567d24945bf897faa0c111c2692 - - default default] http://cinder-api.openstack.svc.cluster.local:8776/v3/7eb38567d24945bf897faa0c111c2692/volumes/detail?all_tenants=true returned with HTTP 200 [pid: 8|app: 0|req: 361/724] 10.0.0.191 () {28 vars in 684 bytes} [Thu Jul 2 01:35:13 2026] GET /v3/7eb38567d24945bf897faa0c111c2692/volumes/detail?all_tenants=true => generated 15 bytes in 21 msecs (HTTP/1.1 200) 7 headers in 284 bytes (1 switches on core 0)
2026-07-02 01:35:13.532 7 INFO cinder.api.openstack.wsgi [None req-748bd4e1-0d02-4f23-8a9a-2aca8ded8d0c b0f6f1662acb42028adab40336275dbd 7eb38567d24945bf897faa0c111c2692 - - default default] GET http://cinder-api.openstack.svc.cluster.local:8776/v3/7eb38567d24945bf897faa0c111c2692/scheduler-stats/get_pools?detail=true
2026-07-02 01:35:14.026 8 INFO cinder.api.openstack.wsgi [None req-e1f05214-3fbd-49fc-a0b4-8023bde5c6d0 b0f6f1662acb42028adab40336275dbd 7eb38567d24945bf897faa0c111c2692 - - default default] GET http://cinder-api.openstack.svc.cluster.local:8776/
2026-07-02 01:35:14.028 8 INFO cinder.api.openstack.wsgi [None req-e1f05214-3fbd-49fc-a0b4-8023bde5c6d0 b0f6f1662acb42028adab40336275dbd 7eb38567d24945bf897faa0c111c2692 - - default default] http://cinder-api.openstack.svc.cluster.local:8776/ returned with HTTP 300 [pid: 8|app: 0|req: 362/725] 10.0.0.95 () {28 vars in 375 bytes} [Thu Jul 2 01:35:14 2026] GET / => generated 411 bytes in 4 msecs (HTTP/1.1 300) 5 headers in 169 bytes (1 switches on core 0)
2026-07-02 01:35:14.034 8 INFO cinder.api.openstack.wsgi [None req-e1f05214-3fbd-49fc-a0b4-8023bde5c6d0 b0f6f1662acb42028adab40336275dbd 7eb38567d24945bf897faa0c111c2692 - - default default] GET http://cinder-api.openstack.svc.cluster.local:8776/
2026-07-02 01:35:14.035 8 INFO cinder.api.openstack.wsgi [None req-e1f05214-3fbd-49fc-a0b4-8023bde5c6d0 b0f6f1662acb42028adab40336275dbd 7eb38567d24945bf897faa0c111c2692 - - default default] http://cinder-api.openstack.svc.cluster.local:8776/ returned with HTTP 300 [pid: 8|app: 0|req: 363/726] 10.0.0.95 () {28 vars in 375 bytes} [Thu Jul 2 01:35:14 2026] GET / => generated 411 bytes in 2 msecs (HTTP/1.1 300) 5 headers in 169 bytes (1 switches on core 0)
2026-07-02 01:35:14.036 7 INFO cinder.api.openstack.wsgi [None req-748bd4e1-0d02-4f23-8a9a-2aca8ded8d0c b0f6f1662acb42028adab40336275dbd 7eb38567d24945bf897faa0c111c2692 - - default default] http://cinder-api.openstack.svc.cluster.local:8776/v3/7eb38567d24945bf897faa0c111c2692/scheduler-stats/get_pools?detail=true returned with HTTP 200 [pid: 7|app: 0|req: 364/727] 10.0.0.191 () {28 vars in 696 bytes} [Thu Jul 2 01:35:13 2026] GET /v3/7eb38567d24945bf897faa0c111c2692/scheduler-stats/get_pools?detail=true => generated 670 bytes in 513 msecs (HTTP/1.1 200) 7 headers in 285 bytes (1 switches on core 0)
2026-07-02 01:35:14.072 8 INFO cinder.api.openstack.wsgi [None req-5785f65f-8aea-4991-8f65-0546a77f70f3 b0f6f1662acb42028adab40336275dbd 7eb38567d24945bf897faa0c111c2692 - - default default] GET http://cinder-api.openstack.svc.cluster.local:8776/v3/7eb38567d24945bf897faa0c111c2692/os-quota-sets/126d8f8069e6448e9485c259ead28395?usage=true
2026-07-02 01:35:14.094 8 INFO cinder.api.openstack.wsgi [None req-5785f65f-8aea-4991-8f65-0546a77f70f3 b0f6f1662acb42028adab40336275dbd 7eb38567d24945bf897faa0c111c2692 - - default default] http://cinder-api.openstack.svc.cluster.local:8776/v3/7eb38567d24945bf897faa0c111c2692/os-quota-sets/126d8f8069e6448e9485c259ead28395?usage=true returned with HTTP 200 [pid: 8|app: 0|req: 364/728] 10.0.0.191 () {28 vars in 736 bytes} [Thu Jul 2 01:35:14 2026] GET /v3/7eb38567d24945bf897faa0c111c2692/os-quota-sets/126d8f8069e6448e9485c259ead28395?usage=true => generated 847 bytes in 28 msecs (HTTP/1.1 200) 7 headers in 285 bytes (1 switches on core 0)
2026-07-02 01:35:14.106 7 INFO cinder.api.openstack.wsgi [None req-bd0a3bd2-d194-40c9-8ec2-2a4e873532a7 b0f6f1662acb42028adab40336275dbd 7eb38567d24945bf897faa0c111c2692 - - default default] GET http://cinder-api.openstack.svc.cluster.local:8776/v3/7eb38567d24945bf897faa0c111c2692/os-quota-sets/515dc5672e3043f89527bddceb85cf53?usage=true
2026-07-02 01:35:14.127 7 INFO cinder.api.openstack.wsgi [None req-bd0a3bd2-d194-40c9-8ec2-2a4e873532a7 b0f6f1662acb42028adab40336275dbd 7eb38567d24945bf897faa0c111c2692 - - default default] http://cinder-api.openstack.svc.cluster.local:8776/v3/7eb38567d24945bf897faa0c111c2692/os-quota-sets/515dc5672e3043f89527bddceb85cf53?usage=true returned with HTTP 200 [pid: 7|app: 0|req: 365/729] 10.0.0.191 () {28 vars in 736 bytes} [Thu Jul 2 01:35:14 2026] GET /v3/7eb38567d24945bf897faa0c111c2692/os-quota-sets/515dc5672e3043f89527bddceb85cf53?usage=true => generated 847 bytes in 30 msecs (HTTP/1.1 200) 7 headers in 285 bytes (1 switches on core 0)
2026-07-02 01:35:14.140 8 INFO cinder.api.openstack.wsgi [None req-facbf955-ccb1-48db-9ff6-ef8fea11db4a b0f6f1662acb42028adab40336275dbd 7eb38567d24945bf897faa0c111c2692 - - default default] GET http://cinder-api.openstack.svc.cluster.local:8776/v3/7eb38567d24945bf897faa0c111c2692/os-quota-sets/7c965e986bae46e6902afdab8eb6f1f6?usage=true
2026-07-02 01:35:14.158 8 INFO cinder.api.openstack.wsgi [None req-facbf955-ccb1-48db-9ff6-ef8fea11db4a b0f6f1662acb42028adab40336275dbd 7eb38567d24945bf897faa0c111c2692 - - default default] http://cinder-api.openstack.svc.cluster.local:8776/v3/7eb38567d24945bf897faa0c111c2692/os-quota-sets/7c965e986bae46e6902afdab8eb6f1f6?usage=true returned with HTTP 200 [pid: 8|app: 0|req: 365/730] 10.0.0.191 () {28 vars in 736 bytes} [Thu Jul 2 01:35:14 2026] GET /v3/7eb38567d24945bf897faa0c111c2692/os-quota-sets/7c965e986bae46e6902afdab8eb6f1f6?usage=true => generated 847 bytes in 26 msecs (HTTP/1.1 200) 7 headers in 285 bytes (1 switches on core 0)
2026-07-02 01:35:14.171 7 INFO cinder.api.openstack.wsgi [None req-43860954-cde0-40c9-aa3f-e73708934bd0 b0f6f1662acb42028adab40336275dbd 7eb38567d24945bf897faa0c111c2692 - - default default] GET http://cinder-api.openstack.svc.cluster.local:8776/v3/7eb38567d24945bf897faa0c111c2692/os-quota-sets/7eb38567d24945bf897faa0c111c2692?usage=true
2026-07-02 01:35:14.195 7 INFO cinder.api.openstack.wsgi [None req-43860954-cde0-40c9-aa3f-e73708934bd0 b0f6f1662acb42028adab40336275dbd 7eb38567d24945bf897faa0c111c2692 - - default default] http://cinder-api.openstack.svc.cluster.local:8776/v3/7eb38567d24945bf897faa0c111c2692/os-quota-sets/7eb38567d24945bf897faa0c111c2692?usage=true returned with HTTP 200 [pid: 7|app: 0|req: 366/731] 10.0.0.191 () {28 vars in 736 bytes} [Thu Jul 2 01:35:14 2026] GET /v3/7eb38567d24945bf897faa0c111c2692/os-quota-sets/7eb38567d24945bf897faa0c111c2692?usage=true => generated 845 bytes in 32 msecs (HTTP/1.1 200) 7 headers in 285 bytes (1 switches on core 0)
2026-07-02 01:35:14.208 8 INFO cinder.api.openstack.wsgi [None req-4cf35136-5985-4567-9e82-87cc66b628d8 b0f6f1662acb42028adab40336275dbd 7eb38567d24945bf897faa0c111c2692 - - default default] GET http://cinder-api.openstack.svc.cluster.local:8776/v3/7eb38567d24945bf897faa0c111c2692/os-quota-sets/8adf595771b54cf88ff7843370c3ff43?usage=true
2026-07-02 01:35:14.230 8 INFO cinder.api.openstack.wsgi [None req-4cf35136-5985-4567-9e82-87cc66b628d8 b0f6f1662acb42028adab40336275dbd 7eb38567d24945bf897faa0c111c2692 - - default default] http://cinder-api.openstack.svc.cluster.local:8776/v3/7eb38567d24945bf897faa0c111c2692/os-quota-sets/8adf595771b54cf88ff7843370c3ff43?usage=true returned with HTTP 200 [pid: 8|app: 0|req: 366/732] 10.0.0.191 () {28 vars in 736 bytes} [Thu Jul 2 01:35:14 2026] GET /v3/7eb38567d24945bf897faa0c111c2692/os-quota-sets/8adf595771b54cf88ff7843370c3ff43?usage=true => generated 847 bytes in 30 msecs (HTTP/1.1 200) 7 headers in 285 bytes (1 switches on core 0)
2026-07-02 01:35:14.241 7 INFO cinder.api.openstack.wsgi [None req-bbd75e97-527f-489c-becd-bc41ace2c651 b0f6f1662acb42028adab40336275dbd 7eb38567d24945bf897faa0c111c2692 - - default default] GET http://cinder-api.openstack.svc.cluster.local:8776/v3/7eb38567d24945bf897faa0c111c2692/os-quota-sets/8d19d35872dc4befa0e7f52669f5806f?usage=true
2026-07-02 01:35:14.266 7 INFO cinder.api.openstack.wsgi [None req-bbd75e97-527f-489c-becd-bc41ace2c651 b0f6f1662acb42028adab40336275dbd 7eb38567d24945bf897faa0c111c2692 - - default default] http://cinder-api.openstack.svc.cluster.local:8776/v3/7eb38567d24945bf897faa0c111c2692/os-quota-sets/8d19d35872dc4befa0e7f52669f5806f?usage=true returned with HTTP 200 [pid: 7|app: 0|req: 367/733] 10.0.0.191 () {28 vars in 736 bytes} [Thu Jul 2 01:35:14 2026] GET /v3/7eb38567d24945bf897faa0c111c2692/os-quota-sets/8d19d35872dc4befa0e7f52669f5806f?usage=true => generated 845 bytes in 32 msecs (HTTP/1.1 200) 7 headers in 285 bytes (1 switches on core 0)
2026-07-02 01:35:14.278 8 INFO cinder.api.openstack.wsgi [None req-4afc5eda-c36e-4195-8780-6d18cb1289be b0f6f1662acb42028adab40336275dbd 7eb38567d24945bf897faa0c111c2692 - - default default] GET http://cinder-api.openstack.svc.cluster.local:8776/v3/7eb38567d24945bf897faa0c111c2692/os-quota-sets/ec8b1091654f4d3b86bbe18e167c8b52?usage=true
2026-07-02 01:35:14.302 8 INFO cinder.api.openstack.wsgi [None req-4afc5eda-c36e-4195-8780-6d18cb1289be b0f6f1662acb42028adab40336275dbd 7eb38567d24945bf897faa0c111c2692 - - default default] http://cinder-api.openstack.svc.cluster.local:8776/v3/7eb38567d24945bf897faa0c111c2692/os-quota-sets/ec8b1091654f4d3b86bbe18e167c8b52?usage=true returned with HTTP 200 [pid: 8|app: 0|req: 367/734] 10.0.0.191 () {28 vars in 736 bytes} [Thu Jul 2 01:35:14 2026] GET /v3/7eb38567d24945bf897faa0c111c2692/os-quota-sets/ec8b1091654f4d3b86bbe18e167c8b52?usage=true => generated 847 bytes in 33 msecs (HTTP/1.1 200) 7 headers in 285 bytes (1 switches on core 0)
