2026-03-04 06:10:54.598 7 INFO placement.requestlog [None req-870bc894-f424-4747-b8a2-ee8095a53e6f 9cbccd629eef48aabe369f191a4aab3d 4a28739073544cb9b02632a471bdeaa4 - - def10e8d3cbf45069c62ee55f035b0dd def10e8d3cbf45069c62ee55f035b0dd] 10.0.0.172 "DELETE /resource_providers/7c0bf253-ddbd-4385-83dc-3291c0292aa0" status: 404 len: 246 microversion: 1.1 [pid: 7|app: 0|req: 427/852] 10.0.0.172 () {34 vars in 816 bytes} [Wed Mar 4 06:10:54 2026] DELETE /resource_providers/7c0bf253-ddbd-4385-83dc-3291c0292aa0 => generated 246 bytes in 11 msecs (HTTP/1.1 404) 6 headers in 231 bytes (1 switches on core 0)
2026-03-04 06:10:54.920 8 INFO placement.requestlog [req-1b0344d7-a550-4554-8afd-566cd432de0e req-698dff48-5a79-4497-ab90-0d33fb28679d 697db76a40db412aaf32ce9f3ea074af 4a28739073544cb9b02632a471bdeaa4 - - def10e8d3cbf45069c62ee55f035b0dd def10e8d3cbf45069c62ee55f035b0dd] 10.0.0.145 "GET /allocation_candidates?limit=1000&resources=DISK_GB%3A1%2CMEMORY_MB%3A512%2CVCPU%3A1&root_required=%21COMPUTE_STATUS_DISABLED" status: 200 len: 2783 microversion: 1.36 [pid: 8|app: 0|req: 426/853] 10.0.0.145 () {34 vars in 1012 bytes} [Wed Mar 4 06:10:54 2026] GET /allocation_candidates?limit=1000&resources=DISK_GB%3A1%2CMEMORY_MB%3A512%2CVCPU%3A1&root_required=%21COMPUTE_STATUS_DISABLED => generated 2783 bytes in 42 msecs (HTTP/1.1 200) 8 headers in 297 bytes (1 switches on core 0)
2026-03-04 06:10:54.957 7 INFO placement.requestlog [req-1b0344d7-a550-4554-8afd-566cd432de0e req-b0e05608-1e95-4aec-a229-70c3a7fad85f 697db76a40db412aaf32ce9f3ea074af 4a28739073544cb9b02632a471bdeaa4 - - def10e8d3cbf45069c62ee55f035b0dd def10e8d3cbf45069c62ee55f035b0dd] 10.0.0.145 "GET /allocations/59fe2732-d8e5-4f4f-84b8-8a6a028d68f1" status: 200 len: 19 microversion: 1.28 [pid: 7|app: 0|req: 428/854] 10.0.0.145 () {34 vars in 861 bytes} [Wed Mar 4 06:10:54 2026] GET /allocations/59fe2732-d8e5-4f4f-84b8-8a6a028d68f1 => generated 19 bytes in 10 msecs (HTTP/1.1 200) 8 headers in 295 bytes (1 switches on core 0)
2026-03-04 06:10:55.057 8 INFO placement.requestlog [req-1b0344d7-a550-4554-8afd-566cd432de0e req-39d41cb7-b920-43c4-b567-5cce745dfad3 697db76a40db412aaf32ce9f3ea074af 4a28739073544cb9b02632a471bdeaa4 - - def10e8d3cbf45069c62ee55f035b0dd def10e8d3cbf45069c62ee55f035b0dd] 10.0.0.145 "PUT /allocations/59fe2732-d8e5-4f4f-84b8-8a6a028d68f1" status: 204 len: 0 microversion: 1.36 [pid: 8|app: 0|req: 427/855] 10.0.0.145 () {38 vars in 914 bytes} [Wed Mar 4 06:10:54 2026] PUT /allocations/59fe2732-d8e5-4f4f-84b8-8a6a028d68f1 => generated 0 bytes in 92 msecs (HTTP/1.1 204) 5 headers in 199 bytes (1 switches on core 0)
2026-03-04 06:10:56.576 7 INFO placement.requestlog [req-1b0344d7-a550-4554-8afd-566cd432de0e req-9296ae85-0afb-4fee-8464-c8b01f3b46f2 697db76a40db412aaf32ce9f3ea074af 4a28739073544cb9b02632a471bdeaa4 - - def10e8d3cbf45069c62ee55f035b0dd def10e8d3cbf45069c62ee55f035b0dd] 162.253.55.49 "GET /allocations/59fe2732-d8e5-4f4f-84b8-8a6a028d68f1" status: 200 len: 257 microversion: 1.28 [pid: 7|app: 0|req: 429/856] 162.253.55.49 () {34 vars in 862 bytes} [Wed Mar 4 06:10:56 2026] GET /allocations/59fe2732-d8e5-4f4f-84b8-8a6a028d68f1 => generated 257 bytes in 11 msecs (HTTP/1.1 200) 8 headers in 296 bytes (1 switches on core 0)
2026-03-04 06:10:57.633 8 INFO placement.requestlog [req-1b0344d7-a550-4554-8afd-566cd432de0e req-703bc899-65d2-4b39-9869-7ae728b25d96 697db76a40db412aaf32ce9f3ea074af 4a28739073544cb9b02632a471bdeaa4 - - def10e8d3cbf45069c62ee55f035b0dd def10e8d3cbf45069c62ee55f035b0dd] 162.253.55.49 "GET /resource_providers/c7a626ac-924d-499f-b86c-1143b207df07/allocations" status: 200 len: 252 microversion: 1.0 [pid: 8|app: 0|req: 428/857] 162.253.55.49 () {32 vars in 856 bytes} [Wed Mar 4 06:10:57 2026] GET /resource_providers/c7a626ac-924d-499f-b86c-1143b207df07/allocations => generated 252 bytes in 18 msecs (HTTP/1.1 200) 6 headers in 224 bytes (1 switches on core 0)
2026-03-04 06:10:57.649 7 INFO placement.requestlog [req-1b0344d7-a550-4554-8afd-566cd432de0e req-19fa0eda-d013-4c0e-811d-3da09c8ce869 697db76a40db412aaf32ce9f3ea074af 4a28739073544cb9b02632a471bdeaa4 - - def10e8d3cbf45069c62ee55f035b0dd def10e8d3cbf45069c62ee55f035b0dd] 162.253.55.49 "GET /allocations/3148d744-435c-4f84-9d8b-3273e51c666a" status: 200 len: 257 microversion: 1.28 [pid: 7|app: 0|req: 430/858] 162.253.55.49 () {34 vars in 862 bytes} [Wed Mar 4 06:10:57 2026] GET /allocations/3148d744-435c-4f84-9d8b-3273e51c666a => generated 257 bytes in 11 msecs (HTTP/1.1 200) 8 headers in 296 bytes (1 switches on core 0)
2026-03-04 06:10:57.668 8 INFO placement.requestlog [req-1b0344d7-a550-4554-8afd-566cd432de0e req-0819a067-a22e-4b31-afb9-1813661cb392 697db76a40db412aaf32ce9f3ea074af 4a28739073544cb9b02632a471bdeaa4 - - def10e8d3cbf45069c62ee55f035b0dd def10e8d3cbf45069c62ee55f035b0dd] 162.253.55.49 "GET /allocations/59fe2732-d8e5-4f4f-84b8-8a6a028d68f1" status: 200 len: 257 microversion: 1.28 [pid: 8|app: 0|req: 429/859] 162.253.55.49 () {34 vars in 862 bytes} [Wed Mar 4 06:10:57 2026] GET /allocations/59fe2732-d8e5-4f4f-84b8-8a6a028d68f1 => generated 257 bytes in 15 msecs (HTTP/1.1 200) 8 headers in 296 bytes (1 switches on core 0)
2026-03-04 06:10:58.336 8 INFO placement.requestlog [None req-8fd3b16d-3b3c-452b-8e22-a640864f01d3 9cbccd629eef48aabe369f191a4aab3d 4a28739073544cb9b02632a471bdeaa4 - - def10e8d3cbf45069c62ee55f035b0dd def10e8d3cbf45069c62ee55f035b0dd] 10.0.0.172 "GET /resource_providers/1b01fef2-5ebd-46f7-aee5-acafefbbb534/aggregates" status: 404 len: 235 microversion: 1.1 [pid: 8|app: 0|req: 430/860] 10.0.0.172 () {32 vars in 816 bytes} [Wed Mar 4 06:10:58 2026] GET /resource_providers/1b01fef2-5ebd-46f7-aee5-acafefbbb534/aggregates => generated 235 bytes in 10 msecs (HTTP/1.1 404) 5 headers in 202 bytes (1 switches on core 0)
2026-03-04 06:10:58.337 7 INFO placement.requestlog [None req-78d51241-fa07-4fa4-ba84-4a4a13d313a4 9cbccd629eef48aabe369f191a4aab3d 4a28739073544cb9b02632a471bdeaa4 - - def10e8d3cbf45069c62ee55f035b0dd def10e8d3cbf45069c62ee55f035b0dd] 10.0.0.172 "GET /resource_providers/1b01fef2-5ebd-46f7-aee5-acafefbbb534/aggregates" status: 404 len: 235 microversion: 1.1 [pid: 7|app: 0|req: 431/861] 10.0.0.172 () {32 vars in 816 bytes} [Wed Mar 4 06:10:58 2026] GET /resource_providers/1b01fef2-5ebd-46f7-aee5-acafefbbb534/aggregates => generated 235 bytes in 11 msecs (HTTP/1.1 404) 5 headers in 202 bytes (1 switches on core 0)
2026-03-04 06:10:58.360 8 INFO placement.requestlog [None req-1a75f67a-7079-436a-873a-0dec5352a7e7 9cbccd629eef48aabe369f191a4aab3d 4a28739073544cb9b02632a471bdeaa4 - - def10e8d3cbf45069c62ee55f035b0dd def10e8d3cbf45069c62ee55f035b0dd] 10.0.0.172 "DELETE /resource_providers/1b01fef2-5ebd-46f7-aee5-acafefbbb534" status: 404 len: 246 microversion: 1.1 [pid: 8|app: 0|req: 431/862] 10.0.0.172 () {34 vars in 816 bytes} [Wed Mar 4 06:10:58 2026] DELETE /resource_providers/1b01fef2-5ebd-46f7-aee5-acafefbbb534 => generated 246 bytes in 9 msecs (HTTP/1.1 404) 6 headers in 231 bytes (1 switches on core 0)
2026-03-04 06:10:58.367 7 INFO placement.requestlog [None req-d0161910-66b8-454d-bcae-caca16a3b881 9cbccd629eef48aabe369f191a4aab3d 4a28739073544cb9b02632a471bdeaa4 - - def10e8d3cbf45069c62ee55f035b0dd def10e8d3cbf45069c62ee55f035b0dd] 10.0.0.172 "DELETE /resource_providers/1b01fef2-5ebd-46f7-aee5-acafefbbb534" status: 404 len: 246 microversion: 1.1 [pid: 7|app: 0|req: 432/863] 10.0.0.172 () {34 vars in 816 bytes} [Wed Mar 4 06:10:58 2026] DELETE /resource_providers/1b01fef2-5ebd-46f7-aee5-acafefbbb534 => generated 246 bytes in 14 msecs (HTTP/1.1 404) 6 headers in 231 bytes (1 switches on core 0)
2026-03-04 06:10:59.695 7 INFO placement.requestlog [None req-1da8e03d-35c5-49c4-9394-a509ddd8a37f - - - - - -] 10.0.0.2 "GET /" status: 200 len: 136 microversion: 1.0
2026-03-04 06:10:59.695 8 INFO placement.requestlog [None req-10f910e3-7b21-4721-aaa4-16c0564fe013 - - - - - -] 10.0.0.2 "GET /" status: 200 len: 136 microversion: 1.0
2026-03-04 06:11:00.391 7 INFO placement.requestlog [None req-618ea9af-21bf-46c8-a874-69fd16f1ec36 9cbccd629eef48aabe369f191a4aab3d 4a28739073544cb9b02632a471bdeaa4 - - def10e8d3cbf45069c62ee55f035b0dd def10e8d3cbf45069c62ee55f035b0dd] 10.0.0.172 "GET /resource_providers/684e4b4c-23e0-47c8-930c-cf95cfbd9ccc/aggregates" status: 404 len: 235 microversion: 1.1 [pid: 7|app: 0|req: 434/866] 10.0.0.172 () {32 vars in 816 bytes} [Wed Mar 4 06:11:00 2026] GET /resource_providers/684e4b4c-23e0-47c8-930c-cf95cfbd9ccc/aggregates => generated 235 bytes in 13 msecs (HTTP/1.1 404) 5 headers in 202 bytes (1 switches on core 0)
2026-03-04 06:11:00.401 8 INFO placement.requestlog [None req-4da6ba85-7fc7-441b-bd1c-5fb865ffc9e4 9cbccd629eef48aabe369f191a4aab3d 4a28739073544cb9b02632a471bdeaa4 - - def10e8d3cbf45069c62ee55f035b0dd def10e8d3cbf45069c62ee55f035b0dd] 10.0.0.172 "GET /resource_providers/684e4b4c-23e0-47c8-930c-cf95cfbd9ccc/aggregates" status: 404 len: 235 microversion: 1.1 [pid: 8|app: 0|req: 433/867] 10.0.0.172 () {32 vars in 816 bytes} [Wed Mar 4 06:11:00 2026] GET /resource_providers/684e4b4c-23e0-47c8-930c-cf95cfbd9ccc/aggregates => generated 235 bytes in 22 msecs (HTTP/1.1 404) 5 headers in 202 bytes (1 switches on core 0)
2026-03-04 06:11:00.412 7 INFO placement.requestlog [None req-10a32f34-d20b-402f-8d5e-bab6c565eabb 9cbccd629eef48aabe369f191a4aab3d 4a28739073544cb9b02632a471bdeaa4 - - def10e8d3cbf45069c62ee55f035b0dd def10e8d3cbf45069c62ee55f035b0dd] 10.0.0.172 "DELETE /resource_providers/684e4b4c-23e0-47c8-930c-cf95cfbd9ccc" status: 404 len: 246 microversion: 1.1 [pid: 7|app: 0|req: 435/868] 10.0.0.172 () {34 vars in 816 bytes} [Wed Mar 4 06:11:00 2026] DELETE /resource_providers/684e4b4c-23e0-47c8-930c-cf95cfbd9ccc => generated 246 bytes in 11 msecs (HTTP/1.1 404) 6 headers in 231 bytes (1 switches on core 0)
2026-03-04 06:11:00.419 8 INFO placement.requestlog [None req-34f56d80-fbce-428b-8d41-9e5dfbfb5416 9cbccd629eef48aabe369f191a4aab3d 4a28739073544cb9b02632a471bdeaa4 - - def10e8d3cbf45069c62ee55f035b0dd def10e8d3cbf45069c62ee55f035b0dd] 10.0.0.172 "DELETE /resource_providers/684e4b4c-23e0-47c8-930c-cf95cfbd9ccc" status: 404 len: 246 microversion: 1.1 [pid: 8|app: 0|req: 434/869] 10.0.0.172 () {34 vars in 816 bytes} [Wed Mar 4 06:11:00 2026] DELETE /resource_providers/684e4b4c-23e0-47c8-930c-cf95cfbd9ccc => generated 246 bytes in 10 msecs (HTTP/1.1 404) 6 headers in 231 bytes (1 switches on core 0)
2026-03-04 06:11:02.960 7 INFO placement.requestlog [req-0af7d35e-62d7-47a0-9059-d6ef52c02511 req-f94857e6-fd32-4505-85f7-55cf74e46812 697db76a40db412aaf32ce9f3ea074af 4a28739073544cb9b02632a471bdeaa4 - - def10e8d3cbf45069c62ee55f035b0dd def10e8d3cbf45069c62ee55f035b0dd] 162.253.55.49 "GET /resource_providers/c7a626ac-924d-499f-b86c-1143b207df07/allocations" status: 200 len: 252 microversion: 1.0 [pid: 7|app: 0|req: 436/870] 162.253.55.49 () {32 vars in 856 bytes} [Wed Mar 4 06:11:02 2026] GET /resource_providers/c7a626ac-924d-499f-b86c-1143b207df07/allocations => generated 252 bytes in 17 msecs (HTTP/1.1 200) 6 headers in 224 bytes (1 switches on core 0)
2026-03-04 06:11:02.985 8 INFO placement.requestlog [req-0af7d35e-62d7-47a0-9059-d6ef52c02511 req-219c02f1-edea-4663-b144-5ee92b633516 697db76a40db412aaf32ce9f3ea074af 4a28739073544cb9b02632a471bdeaa4 - - def10e8d3cbf45069c62ee55f035b0dd def10e8d3cbf45069c62ee55f035b0dd] 162.253.55.49 "GET /resource_providers/c7a626ac-924d-499f-b86c-1143b207df07/allocations" status: 200 len: 252 microversion: 1.0 [pid: 8|app: 0|req: 435/871] 162.253.55.49 () {32 vars in 856 bytes} [Wed Mar 4 06:11:02 2026] GET /resource_providers/c7a626ac-924d-499f-b86c-1143b207df07/allocations => generated 252 bytes in 16 msecs (HTTP/1.1 200) 6 headers in 224 bytes (1 switches on core 0)
2026-03-04 06:11:03.005 7 INFO placement.requestlog [req-0af7d35e-62d7-47a0-9059-d6ef52c02511 req-81b238c0-7e8f-4bd4-973a-85270058c9ec 697db76a40db412aaf32ce9f3ea074af 4a28739073544cb9b02632a471bdeaa4 - - def10e8d3cbf45069c62ee55f035b0dd def10e8d3cbf45069c62ee55f035b0dd] 162.253.55.49 "GET /allocations/3148d744-435c-4f84-9d8b-3273e51c666a" status: 200 len: 257 microversion: 1.28 [pid: 7|app: 0|req: 437/872] 162.253.55.49 () {34 vars in 862 bytes} [Wed Mar 4 06:11:02 2026] GET /allocations/3148d744-435c-4f84-9d8b-3273e51c666a => generated 257 bytes in 15 msecs (HTTP/1.1 200) 8 headers in 296 bytes (1 switches on core 0)
2026-03-04 06:11:03.026 8 INFO placement.requestlog [req-0af7d35e-62d7-47a0-9059-d6ef52c02511 req-02da80b4-a6bd-4b87-b6f7-52238226e224 697db76a40db412aaf32ce9f3ea074af 4a28739073544cb9b02632a471bdeaa4 - - def10e8d3cbf45069c62ee55f035b0dd def10e8d3cbf45069c62ee55f035b0dd] 162.253.55.49 "GET /allocations/59fe2732-d8e5-4f4f-84b8-8a6a028d68f1" status: 200 len: 257 microversion: 1.28 [pid: 8|app: 0|req: 436/873] 162.253.55.49 () {34 vars in 862 bytes} [Wed Mar 4 06:11:03 2026] GET /allocations/59fe2732-d8e5-4f4f-84b8-8a6a028d68f1 => generated 257 bytes in 15 msecs (HTTP/1.1 200) 8 headers in 296 bytes (1 switches on core 0)
2026-03-04 06:11:04.188 8 INFO placement.requestlog [None req-cd4e7a69-b394-4c33-8227-e180eb0c30a0 9cbccd629eef48aabe369f191a4aab3d 4a28739073544cb9b02632a471bdeaa4 - - def10e8d3cbf45069c62ee55f035b0dd def10e8d3cbf45069c62ee55f035b0dd] 10.0.0.172 "GET /resource_providers/f4174b9c-d8a2-4f9c-9035-b259a163b9dc/aggregates" status: 404 len: 235 microversion: 1.1 [pid: 8|app: 0|req: 437/874] 10.0.0.172 () {32 vars in 816 bytes} [Wed Mar 4 06:11:04 2026] GET /resource_providers/f4174b9c-d8a2-4f9c-9035-b259a163b9dc/aggregates => generated 235 bytes in 13 msecs (HTTP/1.1 404) 5 headers in 202 bytes (1 switches on core 0)
2026-03-04 06:11:04.189 7 INFO placement.requestlog [None req-6bb52ee4-b87c-4867-a374-f8dcf53662b8 9cbccd629eef48aabe369f191a4aab3d 4a28739073544cb9b02632a471bdeaa4 - - def10e8d3cbf45069c62ee55f035b0dd def10e8d3cbf45069c62ee55f035b0dd] 10.0.0.172 "GET /resource_providers/f4174b9c-d8a2-4f9c-9035-b259a163b9dc/aggregates" status: 404 len: 235 microversion: 1.1 [pid: 7|app: 0|req: 438/875] 10.0.0.172 () {32 vars in 816 bytes} [Wed Mar 4 06:11:04 2026] GET /resource_providers/f4174b9c-d8a2-4f9c-9035-b259a163b9dc/aggregates => generated 235 bytes in 14 msecs (HTTP/1.1 404) 5 headers in 202 bytes (1 switches on core 0)
2026-03-04 06:11:04.207 8 INFO placement.requestlog [None req-662ca1ee-021e-4140-a49f-fd0c34777cd7 9cbccd629eef48aabe369f191a4aab3d 4a28739073544cb9b02632a471bdeaa4 - - def10e8d3cbf45069c62ee55f035b0dd def10e8d3cbf45069c62ee55f035b0dd] 10.0.0.172 "DELETE /resource_providers/f4174b9c-d8a2-4f9c-9035-b259a163b9dc" status: 404 len: 246 microversion: 1.1 [pid: 8|app: 0|req: 438/876] 10.0.0.172 () {34 vars in 816 bytes} [Wed Mar 4 06:11:04 2026] DELETE /resource_providers/f4174b9c-d8a2-4f9c-9035-b259a163b9dc => generated 246 bytes in 8 msecs (HTTP/1.1 404) 6 headers in 231 bytes (1 switches on core 0)
2026-03-04 06:11:04.212 7 INFO placement.requestlog [None req-72af3e25-c5fb-40cd-8161-4f95b0a42b70 9cbccd629eef48aabe369f191a4aab3d 4a28739073544cb9b02632a471bdeaa4 - - def10e8d3cbf45069c62ee55f035b0dd def10e8d3cbf45069c62ee55f035b0dd] 10.0.0.172 "DELETE /resource_providers/f4174b9c-d8a2-4f9c-9035-b259a163b9dc" status: 404 len: 246 microversion: 1.1 [pid: 7|app: 0|req: 439/877] 10.0.0.172 () {34 vars in 816 bytes} [Wed Mar 4 06:11:04 2026] DELETE /resource_providers/f4174b9c-d8a2-4f9c-9035-b259a163b9dc => generated 246 bytes in 8 msecs (HTTP/1.1 404) 6 headers in 231 bytes (1 switches on core 0)
2026-03-04 06:11:06.236 7 INFO placement.requestlog [None req-3fdc9e96-0b26-4d7e-807d-b05bfe787fc0 9cbccd629eef48aabe369f191a4aab3d 4a28739073544cb9b02632a471bdeaa4 - - def10e8d3cbf45069c62ee55f035b0dd def10e8d3cbf45069c62ee55f035b0dd] 10.0.0.172 "GET /resource_providers/1a5cc1fc-019a-466a-bbb1-4a28daba5897/aggregates" status: 404 len: 235 microversion: 1.1 [pid: 7|app: 0|req: 440/878] 10.0.0.172 () {32 vars in 816 bytes} [Wed Mar 4 06:11:06 2026] GET /resource_providers/1a5cc1fc-019a-466a-bbb1-4a28daba5897/aggregates => generated 235 bytes in 9 msecs (HTTP/1.1 404) 5 headers in 202 bytes (1 switches on core 0)
2026-03-04 06:11:06.247 8 INFO placement.requestlog [None req-a79bb575-05b1-490f-9619-3f6db95782aa 9cbccd629eef48aabe369f191a4aab3d 4a28739073544cb9b02632a471bdeaa4 - - def10e8d3cbf45069c62ee55f035b0dd def10e8d3cbf45069c62ee55f035b0dd] 10.0.0.172 "GET /resource_providers/1a5cc1fc-019a-466a-bbb1-4a28daba5897/aggregates" status: 404 len: 235 microversion: 1.1 [pid: 8|app: 0|req: 439/879] 10.0.0.172 () {32 vars in 816 bytes} [Wed Mar 4 06:11:06 2026] GET /resource_providers/1a5cc1fc-019a-466a-bbb1-4a28daba5897/aggregates => generated 235 bytes in 23 msecs (HTTP/1.1 404) 5 headers in 202 bytes (1 switches on core 0)
2026-03-04 06:11:06.253 7 INFO placement.requestlog [None req-75ee0ee9-e08c-41e9-9eb3-cdc20567ee5e 9cbccd629eef48aabe369f191a4aab3d 4a28739073544cb9b02632a471bdeaa4 - - def10e8d3cbf45069c62ee55f035b0dd def10e8d3cbf45069c62ee55f035b0dd] 10.0.0.172 "DELETE /resource_providers/1a5cc1fc-019a-466a-bbb1-4a28daba5897" status: 404 len: 246 microversion: 1.1 [pid: 7|app: 0|req: 441/880] 10.0.0.172 () {34 vars in 816 bytes} [Wed Mar 4 06:11:06 2026] DELETE /resource_providers/1a5cc1fc-019a-466a-bbb1-4a28daba5897 => generated 246 bytes in 11 msecs (HTTP/1.1 404) 6 headers in 231 bytes (1 switches on core 0)
2026-03-04 06:11:06.267 8 INFO placement.requestlog [None req-22cfc3bd-a77b-4db6-839e-0112f58839fb 9cbccd629eef48aabe369f191a4aab3d 4a28739073544cb9b02632a471bdeaa4 - - def10e8d3cbf45069c62ee55f035b0dd def10e8d3cbf45069c62ee55f035b0dd] 10.0.0.172 "DELETE /resource_providers/1a5cc1fc-019a-466a-bbb1-4a28daba5897" status: 404 len: 246 microversion: 1.1 [pid: 8|app: 0|req: 440/881] 10.0.0.172 () {34 vars in 816 bytes} [Wed Mar 4 06:11:06 2026] DELETE /resource_providers/1a5cc1fc-019a-466a-bbb1-4a28daba5897 => generated 246 bytes in 10 msecs (HTTP/1.1 404) 6 headers in 231 bytes (1 switches on core 0)
2026-03-04 06:11:07.091 8 INFO placement.requestlog [None req-5e568ff1-942d-4444-b234-57de68bbcd9f 9cbccd629eef48aabe369f191a4aab3d 4a28739073544cb9b02632a471bdeaa4 - - def10e8d3cbf45069c62ee55f035b0dd def10e8d3cbf45069c62ee55f035b0dd] 10.0.0.172 "GET /resource_providers/2a0bb74c-0b83-4afa-bd01-5795db6f340a/aggregates" status: 404 len: 235 microversion: 1.1 [pid: 8|app: 0|req: 441/882] 10.0.0.172 () {32 vars in 816 bytes} [Wed Mar 4 06:11:07 2026] GET /resource_providers/2a0bb74c-0b83-4afa-bd01-5795db6f340a/aggregates => generated 235 bytes in 8 msecs (HTTP/1.1 404) 5 headers in 202 bytes (1 switches on core 0)
2026-03-04 06:11:07.094 7 INFO placement.requestlog [None req-a9f059dc-3f4c-491c-9ba5-8c1314879ff9 9cbccd629eef48aabe369f191a4aab3d 4a28739073544cb9b02632a471bdeaa4 - - def10e8d3cbf45069c62ee55f035b0dd def10e8d3cbf45069c62ee55f035b0dd] 10.0.0.172 "GET /resource_providers/2a0bb74c-0b83-4afa-bd01-5795db6f340a/aggregates" status: 404 len: 235 microversion: 1.1 [pid: 7|app: 0|req: 442/883] 10.0.0.172 () {32 vars in 816 bytes} [Wed Mar 4 06:11:07 2026] GET /resource_providers/2a0bb74c-0b83-4afa-bd01-5795db6f340a/aggregates => generated 235 bytes in 11 msecs (HTTP/1.1 404) 5 headers in 202 bytes (1 switches on core 0)
2026-03-04 06:11:07.127 8 INFO placement.requestlog [None req-c1736c97-3e07-413f-9aa6-ef3bc8354cc7 9cbccd629eef48aabe369f191a4aab3d 4a28739073544cb9b02632a471bdeaa4 - - def10e8d3cbf45069c62ee55f035b0dd def10e8d3cbf45069c62ee55f035b0dd] 10.0.0.172 "DELETE /resource_providers/2a0bb74c-0b83-4afa-bd01-5795db6f340a" status: 404 len: 246 microversion: 1.1 [pid: 8|app: 0|req: 442/884] 10.0.0.172 () {34 vars in 816 bytes} [Wed Mar 4 06:11:07 2026] DELETE /resource_providers/2a0bb74c-0b83-4afa-bd01-5795db6f340a => generated 246 bytes in 18 msecs (HTTP/1.1 404) 6 headers in 231 bytes (1 switches on core 0)
2026-03-04 06:11:07.128 7 INFO placement.requestlog [None req-dbee2b0d-bf99-45dc-b6a2-b45ab3cdcde9 9cbccd629eef48aabe369f191a4aab3d 4a28739073544cb9b02632a471bdeaa4 - - def10e8d3cbf45069c62ee55f035b0dd def10e8d3cbf45069c62ee55f035b0dd] 10.0.0.172 "DELETE /resource_providers/2a0bb74c-0b83-4afa-bd01-5795db6f340a" status: 404 len: 246 microversion: 1.1 [pid: 7|app: 0|req: 443/885] 10.0.0.172 () {34 vars in 816 bytes} [Wed Mar 4 06:11:07 2026] DELETE /resource_providers/2a0bb74c-0b83-4afa-bd01-5795db6f340a => generated 246 bytes in 18 msecs (HTTP/1.1 404) 6 headers in 231 bytes (1 switches on core 0)
2026-03-04 06:11:09.695 8 INFO placement.requestlog [None req-8abea74c-1db1-43e2-9cac-bd40763bc56c - - - - - -] 10.0.0.2 "GET /" status: 200 len: 136 microversion: 1.0
2026-03-04 06:11:09.695 7 INFO placement.requestlog [None req-d8373a68-96e4-4c96-bcd3-6c9d1b3dfce5 - - - - - -] 10.0.0.2 "GET /" status: 200 len: 136 microversion: 1.0
2026-03-04 06:11:10.227 8 INFO placement.requestlog [None req-a73a63ff-8a9c-4dcf-b69e-972a6c32064c 4dc71f851c964edca82cf8795711c48e 16d9a3e9ade34cd78b1e87c30473d6e7 - - default default] 10.0.0.61 "GET /resource_providers" status: 200 len: 405 microversion: 1.0 [pid: 8|app: 0|req: 444/888] 10.0.0.61 () {28 vars in 592 bytes} [Wed Mar 4 06:11:09 2026] GET /resource_providers => generated 405 bytes in 330 msecs (HTTP/1.1 200) 6 headers in 224 bytes (1 switches on core 0)
2026-03-04 06:11:10.260 7 INFO placement.requestlog [None req-f5174794-6b06-4e65-93c0-2c3a9e601ac8 4dc71f851c964edca82cf8795711c48e 16d9a3e9ade34cd78b1e87c30473d6e7 - - default default] 10.0.0.61 "GET /resource_providers/c7a626ac-924d-499f-b86c-1143b207df07/inventories" status: 200 len: 400 microversion: 1.0 [pid: 7|app: 0|req: 445/889] 10.0.0.61 () {28 vars in 690 bytes} [Wed Mar 4 06:11:10 2026] GET /resource_providers/c7a626ac-924d-499f-b86c-1143b207df07/inventories => generated 400 bytes in 30 msecs (HTTP/1.1 200) 6 headers in 224 bytes (1 switches on core 0)
2026-03-04 06:11:10.284 8 INFO placement.requestlog [None req-56784524-b415-4b95-921d-a01f2ad070f7 4dc71f851c964edca82cf8795711c48e 16d9a3e9ade34cd78b1e87c30473d6e7 - - default default] 10.0.0.61 "GET /resource_providers/c7a626ac-924d-499f-b86c-1143b207df07/usages" status: 200 len: 91 microversion: 1.0 [pid: 8|app: 0|req: 445/890] 10.0.0.61 () {28 vars in 680 bytes} [Wed Mar 4 06:11:10 2026] GET /resource_providers/c7a626ac-924d-499f-b86c-1143b207df07/usages => generated 91 bytes in 18 msecs (HTTP/1.1 200) 6 headers in 223 bytes (1 switches on core 0)
2026-03-04 06:11:13.348 7 INFO placement.requestlog [req-a9791575-e452-4f8c-9484-30eaff1ac138 req-8cc4bacf-1ff5-4661-b73d-480a7a68122e 697db76a40db412aaf32ce9f3ea074af 4a28739073544cb9b02632a471bdeaa4 - - def10e8d3cbf45069c62ee55f035b0dd def10e8d3cbf45069c62ee55f035b0dd] 162.253.55.49 "GET /resource_providers/c7a626ac-924d-499f-b86c-1143b207df07/allocations" status: 200 len: 252 microversion: 1.0 [pid: 7|app: 0|req: 446/891] 162.253.55.49 () {32 vars in 856 bytes} [Wed Mar 4 06:11:13 2026] GET /resource_providers/c7a626ac-924d-499f-b86c-1143b207df07/allocations => generated 252 bytes in 18 msecs (HTTP/1.1 200) 6 headers in 224 bytes (1 switches on core 0)
2026-03-04 06:11:13.370 8 INFO placement.requestlog [req-a9791575-e452-4f8c-9484-30eaff1ac138 req-8e380b7c-328e-4dc3-b2f9-7a41a4e0a0e7 697db76a40db412aaf32ce9f3ea074af 4a28739073544cb9b02632a471bdeaa4 - - def10e8d3cbf45069c62ee55f035b0dd def10e8d3cbf45069c62ee55f035b0dd] 162.253.55.49 "GET /allocations/3148d744-435c-4f84-9d8b-3273e51c666a" status: 200 len: 257 microversion: 1.28 [pid: 8|app: 0|req: 446/892] 162.253.55.49 () {34 vars in 862 bytes} [Wed Mar 4 06:11:13 2026] GET /allocations/3148d744-435c-4f84-9d8b-3273e51c666a => generated 257 bytes in 14 msecs (HTTP/1.1 200) 8 headers in 296 bytes (1 switches on core 0)
2026-03-04 06:11:13.388 7 INFO placement.requestlog [req-a9791575-e452-4f8c-9484-30eaff1ac138 req-f309c7cb-bd05-4e67-9eac-3c0ae106c796 697db76a40db412aaf32ce9f3ea074af 4a28739073544cb9b02632a471bdeaa4 - - def10e8d3cbf45069c62ee55f035b0dd def10e8d3cbf45069c62ee55f035b0dd] 162.253.55.49 "GET /allocations/59fe2732-d8e5-4f4f-84b8-8a6a028d68f1" status: 200 len: 257 microversion: 1.28 [pid: 7|app: 0|req: 447/893] 162.253.55.49 () {34 vars in 862 bytes} [Wed Mar 4 06:11:13 2026] GET /allocations/59fe2732-d8e5-4f4f-84b8-8a6a028d68f1 => generated 257 bytes in 12 msecs (HTTP/1.1 200) 8 headers in 296 bytes (1 switches on core 0)
2026-03-04 06:11:14.448 8 INFO placement.requestlog [req-a9791575-e452-4f8c-9484-30eaff1ac138 req-465a27dc-94c2-49df-9bfa-dddfbc73c1f9 697db76a40db412aaf32ce9f3ea074af 4a28739073544cb9b02632a471bdeaa4 - - def10e8d3cbf45069c62ee55f035b0dd def10e8d3cbf45069c62ee55f035b0dd] 162.253.55.49 "DELETE /allocations/59fe2732-d8e5-4f4f-84b8-8a6a028d68f1" status: 204 len: 0 microversion: 1.0 [pid: 8|app: 0|req: 447/894] 162.253.55.49 () {34 vars in 840 bytes} [Wed Mar 4 06:11:14 2026] DELETE /allocations/59fe2732-d8e5-4f4f-84b8-8a6a028d68f1 => generated 0 bytes in 27 msecs (HTTP/1.1 204) 5 headers in 198 bytes (1 switches on core 0)
2026-03-04 06:11:14.587 8 INFO placement.requestlog [None req-4e87293b-72df-4e46-9643-35269dbc2a84 9cbccd629eef48aabe369f191a4aab3d 4a28739073544cb9b02632a471bdeaa4 - - def10e8d3cbf45069c62ee55f035b0dd def10e8d3cbf45069c62ee55f035b0dd] 10.0.0.172 "GET /resource_providers/16d6c88a-2042-44e6-a70d-5a407fde4c85/aggregates" status: 404 len: 235 microversion: 1.1 [pid: 8|app: 0|req: 448/895] 10.0.0.172 () {32 vars in 816 bytes} [Wed Mar 4 06:11:14 2026] GET /resource_providers/16d6c88a-2042-44e6-a70d-5a407fde4c85/aggregates => generated 235 bytes in 9 msecs (HTTP/1.1 404) 5 headers in 202 bytes (1 switches on core 0)
2026-03-04 06:11:14.590 7 INFO placement.requestlog [None req-5d02cdeb-1674-485e-900a-878cd10255bb 9cbccd629eef48aabe369f191a4aab3d 4a28739073544cb9b02632a471bdeaa4 - - def10e8d3cbf45069c62ee55f035b0dd def10e8d3cbf45069c62ee55f035b0dd] 10.0.0.172 "GET /resource_providers/16d6c88a-2042-44e6-a70d-5a407fde4c85/aggregates" status: 404 len: 235 microversion: 1.1 [pid: 7|app: 0|req: 448/896] 10.0.0.172 () {32 vars in 816 bytes} [Wed Mar 4 06:11:14 2026] GET /resource_providers/16d6c88a-2042-44e6-a70d-5a407fde4c85/aggregates => generated 235 bytes in 11 msecs (HTTP/1.1 404) 5 headers in 202 bytes (1 switches on core 0)
2026-03-04 06:11:14.624 7 INFO placement.requestlog [None req-76526d0f-1032-44b9-a940-bbca58a7ea61 9cbccd629eef48aabe369f191a4aab3d 4a28739073544cb9b02632a471bdeaa4 - - def10e8d3cbf45069c62ee55f035b0dd def10e8d3cbf45069c62ee55f035b0dd] 10.0.0.172 "DELETE /resource_providers/16d6c88a-2042-44e6-a70d-5a407fde4c85" status: 404 len: 246 microversion: 1.1 [pid: 7|app: 0|req: 449/897] 10.0.0.172 () {34 vars in 816 bytes} [Wed Mar 4 06:11:14 2026] DELETE /resource_providers/16d6c88a-2042-44e6-a70d-5a407fde4c85 => generated 246 bytes in 22 msecs (HTTP/1.1 404) 6 headers in 231 bytes (1 switches on core 0)
2026-03-04 06:11:14.627 8 INFO placement.requestlog [None req-1492dea3-b9c0-43a9-986a-00fdce9f7ebb 9cbccd629eef48aabe369f191a4aab3d 4a28739073544cb9b02632a471bdeaa4 - - def10e8d3cbf45069c62ee55f035b0dd def10e8d3cbf45069c62ee55f035b0dd] 10.0.0.172 "DELETE /resource_providers/16d6c88a-2042-44e6-a70d-5a407fde4c85" status: 404 len: 246 microversion: 1.1 [pid: 8|app: 0|req: 449/898] 10.0.0.172 () {34 vars in 816 bytes} [Wed Mar 4 06:11:14 2026] DELETE /resource_providers/16d6c88a-2042-44e6-a70d-5a407fde4c85 => generated 246 bytes in 25 msecs (HTTP/1.1 404) 6 headers in 231 bytes (1 switches on core 0)
2026-03-04 06:11:16.647 7 INFO placement.requestlog [None req-111bb53c-a98d-4b2b-befb-e4caab1773b0 9cbccd629eef48aabe369f191a4aab3d 4a28739073544cb9b02632a471bdeaa4 - - def10e8d3cbf45069c62ee55f035b0dd def10e8d3cbf45069c62ee55f035b0dd] 10.0.0.172 "GET /resource_providers/4d88ff08-7920-4e76-8023-53cf44a0f4d5/aggregates" status: 404 len: 235 microversion: 1.1 [pid: 7|app: 0|req: 450/899] 10.0.0.172 () {32 vars in 816 bytes} [Wed Mar 4 06:11:16 2026] GET /resource_providers/4d88ff08-7920-4e76-8023-53cf44a0f4d5/aggregates => generated 235 bytes in 11 msecs (HTTP/1.1 404) 5 headers in 202 bytes (1 switches on core 0)
2026-03-04 06:11:16.651 8 INFO placement.requestlog [None req-ba966f78-c9c0-4a93-b644-d050812f5c39 9cbccd629eef48aabe369f191a4aab3d 4a28739073544cb9b02632a471bdeaa4 - - def10e8d3cbf45069c62ee55f035b0dd def10e8d3cbf45069c62ee55f035b0dd] 10.0.0.172 "GET /resource_providers/4d88ff08-7920-4e76-8023-53cf44a0f4d5/aggregates" status: 404 len: 235 microversion: 1.1 [pid: 8|app: 0|req: 450/900] 10.0.0.172 () {32 vars in 816 bytes} [Wed Mar 4 06:11:16 2026] GET /resource_providers/4d88ff08-7920-4e76-8023-53cf44a0f4d5/aggregates => generated 235 bytes in 11 msecs (HTTP/1.1 404) 5 headers in 202 bytes (1 switches on core 0)
2026-03-04 06:11:16.669 7 INFO placement.requestlog [None req-bade3dae-8f1a-4a30-a675-b9f18bd5426f 9cbccd629eef48aabe369f191a4aab3d 4a28739073544cb9b02632a471bdeaa4 - - def10e8d3cbf45069c62ee55f035b0dd def10e8d3cbf45069c62ee55f035b0dd] 10.0.0.172 "DELETE /resource_providers/4d88ff08-7920-4e76-8023-53cf44a0f4d5" status: 404 len: 246 microversion: 1.1 [pid: 7|app: 0|req: 451/901] 10.0.0.172 () {34 vars in 816 bytes} [Wed Mar 4 06:11:16 2026] DELETE /resource_providers/4d88ff08-7920-4e76-8023-53cf44a0f4d5 => generated 246 bytes in 9 msecs (HTTP/1.1 404) 6 headers in 231 bytes (1 switches on core 0)
2026-03-04 06:11:16.672 8 INFO placement.requestlog [None req-2ae8e261-e8cf-431e-af06-9cb46ce66066 9cbccd629eef48aabe369f191a4aab3d 4a28739073544cb9b02632a471bdeaa4 - - def10e8d3cbf45069c62ee55f035b0dd def10e8d3cbf45069c62ee55f035b0dd] 10.0.0.172 "DELETE /resource_providers/4d88ff08-7920-4e76-8023-53cf44a0f4d5" status: 404 len: 246 microversion: 1.1 [pid: 8|app: 0|req: 451/902] 10.0.0.172 () {34 vars in 816 bytes} [Wed Mar 4 06:11:16 2026] DELETE /resource_providers/4d88ff08-7920-4e76-8023-53cf44a0f4d5 => generated 246 bytes in 11 msecs (HTTP/1.1 404) 6 headers in 231 bytes (1 switches on core 0)
2026-03-04 06:11:18.869 7 INFO placement.requestlog [None req-23cc5d1f-82a7-4b15-a936-b2f07d31aa73 9cbccd629eef48aabe369f191a4aab3d 4a28739073544cb9b02632a471bdeaa4 - - def10e8d3cbf45069c62ee55f035b0dd def10e8d3cbf45069c62ee55f035b0dd] 10.0.0.172 "GET /resource_providers/6aca6778-f84a-4f40-81f6-c13e228c8a35/aggregates" status: 404 len: 235 microversion: 1.1
2026-03-04 06:11:18.869 8 INFO placement.requestlog [None req-07ffdf47-a659-4f28-bc23-475e629760e3 9cbccd629eef48aabe369f191a4aab3d 4a28739073544cb9b02632a471bdeaa4 - - def10e8d3cbf45069c62ee55f035b0dd def10e8d3cbf45069c62ee55f035b0dd] 10.0.0.172 "GET /resource_providers/6aca6778-f84a-4f40-81f6-c13e228c8a35/aggregates" status: 404 len: 235 microversion: 1.1 [pid: 7|app: 0|req: 452/903] 10.0.0.172 () {32 vars in 816 bytes} [Wed Mar 4 06:11:18 2026] GET /resource_providers/6aca6778-f84a-4f40-81f6-c13e228c8a35/aggregates => generated 235 bytes in 13 msecs (HTTP/1.1 404) 5 headers in 202 bytes (1 switches on core 0) [pid: 8|app: 0|req: 452/904] 10.0.0.172 () {32 vars in 816 bytes} [Wed Mar 4 06:11:18 2026] GET /resource_providers/6aca6778-f84a-4f40-81f6-c13e228c8a35/aggregates => generated 235 bytes in 13 msecs (HTTP/1.1 404) 5 headers in 202 bytes (1 switches on core 0)
2026-03-04 06:11:18.897 7 INFO placement.requestlog [None req-4f1d6e3e-d39d-4d61-9b8f-fb418a3a0fe2 9cbccd629eef48aabe369f191a4aab3d 4a28739073544cb9b02632a471bdeaa4 - - def10e8d3cbf45069c62ee55f035b0dd def10e8d3cbf45069c62ee55f035b0dd] 10.0.0.172 "DELETE /resource_providers/6aca6778-f84a-4f40-81f6-c13e228c8a35" status: 404 len: 246 microversion: 1.1 [pid: 7|app: 0|req: 453/905] 10.0.0.172 () {34 vars in 816 bytes} [Wed Mar 4 06:11:18 2026] DELETE /resource_providers/6aca6778-f84a-4f40-81f6-c13e228c8a35 => generated 246 bytes in 12 msecs (HTTP/1.1 404) 6 headers in 231 bytes (1 switches on core 0)
2026-03-04 06:11:18.898 8 INFO placement.requestlog [None req-055c48ba-9d1f-48ac-8167-37e62bd964a2 9cbccd629eef48aabe369f191a4aab3d 4a28739073544cb9b02632a471bdeaa4 - - def10e8d3cbf45069c62ee55f035b0dd def10e8d3cbf45069c62ee55f035b0dd] 10.0.0.172 "DELETE /resource_providers/6aca6778-f84a-4f40-81f6-c13e228c8a35" status: 404 len: 246 microversion: 1.1 [pid: 8|app: 0|req: 453/906] 10.0.0.172 () {34 vars in 816 bytes} [Wed Mar 4 06:11:18 2026] DELETE /resource_providers/6aca6778-f84a-4f40-81f6-c13e228c8a35 => generated 246 bytes in 11 msecs (HTTP/1.1 404) 6 headers in 231 bytes (1 switches on core 0)
2026-03-04 06:11:19.695 7 INFO placement.requestlog [None req-f874ea4b-303d-4085-b287-c93965974b72 - - - - - -] 10.0.0.2 "GET /" status: 200 len: 136 microversion: 1.0
2026-03-04 06:11:19.695 8 INFO placement.requestlog [None req-a911e707-7839-4c8b-923d-319927b8b620 - - - - - -] 10.0.0.2 "GET /" status: 200 len: 136 microversion: 1.0
2026-03-04 06:11:20.189 7 INFO placement.requestlog [None req-cef1d906-e09d-4a65-9394-0036118b6c3f 9cbccd629eef48aabe369f191a4aab3d 4a28739073544cb9b02632a471bdeaa4 - - def10e8d3cbf45069c62ee55f035b0dd def10e8d3cbf45069c62ee55f035b0dd] 10.0.0.172 "GET /resource_providers/cd04d26a-5d95-40bd-bdb0-8a9679cd29e1/aggregates" status: 404 len: 235 microversion: 1.1 [pid: 7|app: 0|req: 455/909] 10.0.0.172 () {32 vars in 816 bytes} [Wed Mar 4 06:11:20 2026] GET /resource_providers/cd04d26a-5d95-40bd-bdb0-8a9679cd29e1/aggregates => generated 235 bytes in 12 msecs (HTTP/1.1 404) 5 headers in 202 bytes (1 switches on core 0)
2026-03-04 06:11:20.190 8 INFO placement.requestlog [None req-cf7080ef-8393-4928-b0d7-93cdcb9b205f 9cbccd629eef48aabe369f191a4aab3d 4a28739073544cb9b02632a471bdeaa4 - - def10e8d3cbf45069c62ee55f035b0dd def10e8d3cbf45069c62ee55f035b0dd] 10.0.0.172 "GET /resource_providers/cd04d26a-5d95-40bd-bdb0-8a9679cd29e1/aggregates" status: 404 len: 235 microversion: 1.1 [pid: 8|app: 0|req: 455/910] 10.0.0.172 () {32 vars in 816 bytes} [Wed Mar 4 06:11:20 2026] GET /resource_providers/cd04d26a-5d95-40bd-bdb0-8a9679cd29e1/aggregates => generated 235 bytes in 13 msecs (HTTP/1.1 404) 5 headers in 202 bytes (1 switches on core 0)
2026-03-04 06:11:20.212 7 INFO placement.requestlog [None req-af4843ba-d601-4149-8e17-68593924a788 9cbccd629eef48aabe369f191a4aab3d 4a28739073544cb9b02632a471bdeaa4 - - def10e8d3cbf45069c62ee55f035b0dd def10e8d3cbf45069c62ee55f035b0dd] 10.0.0.172 "DELETE /resource_providers/cd04d26a-5d95-40bd-bdb0-8a9679cd29e1" status: 404 len: 246 microversion: 1.1 [pid: 7|app: 0|req: 456/911] 10.0.0.172 () {34 vars in 816 bytes} [Wed Mar 4 06:11:20 2026] DELETE /resource_providers/cd04d26a-5d95-40bd-bdb0-8a9679cd29e1 => generated 246 bytes in 9 msecs (HTTP/1.1 404) 6 headers in 231 bytes (1 switches on core 0)
2026-03-04 06:11:20.215 8 INFO placement.requestlog [None req-c330820c-21ef-4692-98ae-e9ce3245cb3a 9cbccd629eef48aabe369f191a4aab3d 4a28739073544cb9b02632a471bdeaa4 - - def10e8d3cbf45069c62ee55f035b0dd def10e8d3cbf45069c62ee55f035b0dd] 10.0.0.172 "DELETE /resource_providers/cd04d26a-5d95-40bd-bdb0-8a9679cd29e1" status: 404 len: 246 microversion: 1.1 [pid: 8|app: 0|req: 456/912] 10.0.0.172 () {34 vars in 816 bytes} [Wed Mar 4 06:11:20 2026] DELETE /resource_providers/cd04d26a-5d95-40bd-bdb0-8a9679cd29e1 => generated 246 bytes in 12 msecs (HTTP/1.1 404) 6 headers in 231 bytes (1 switches on core 0)
2026-03-04 06:11:20.918 7 INFO placement.requestlog [None req-6f389f60-facd-4d2f-b520-88b0044f8269 9cbccd629eef48aabe369f191a4aab3d 4a28739073544cb9b02632a471bdeaa4 - - def10e8d3cbf45069c62ee55f035b0dd def10e8d3cbf45069c62ee55f035b0dd] 10.0.0.172 "GET /resource_providers/a890c3c7-9ce0-4a0f-961b-426d0c68d85f/aggregates" status: 404 len: 235 microversion: 1.1 [pid: 7|app: 0|req: 457/913] 10.0.0.172 () {32 vars in 816 bytes} [Wed Mar 4 06:11:20 2026] GET /resource_providers/a890c3c7-9ce0-4a0f-961b-426d0c68d85f/aggregates => generated 235 bytes in 9 msecs (HTTP/1.1 404) 5 headers in 202 bytes (1 switches on core 0)
2026-03-04 06:11:20.923 8 INFO placement.requestlog [None req-5565e3f2-49f5-452c-80cc-cacf3ca3dc33 9cbccd629eef48aabe369f191a4aab3d 4a28739073544cb9b02632a471bdeaa4 - - def10e8d3cbf45069c62ee55f035b0dd def10e8d3cbf45069c62ee55f035b0dd] 10.0.0.172 "GET /resource_providers/a890c3c7-9ce0-4a0f-961b-426d0c68d85f/aggregates" status: 404 len: 235 microversion: 1.1 [pid: 8|app: 0|req: 457/914] 10.0.0.172 () {32 vars in 816 bytes} [Wed Mar 4 06:11:20 2026] GET /resource_providers/a890c3c7-9ce0-4a0f-961b-426d0c68d85f/aggregates => generated 235 bytes in 13 msecs (HTTP/1.1 404) 5 headers in 202 bytes (1 switches on core 0)
2026-03-04 06:11:20.932 7 INFO placement.requestlog [None req-202ebd12-300f-4d02-869c-4fa0918a0b48 9cbccd629eef48aabe369f191a4aab3d 4a28739073544cb9b02632a471bdeaa4 - - def10e8d3cbf45069c62ee55f035b0dd def10e8d3cbf45069c62ee55f035b0dd] 10.0.0.172 "DELETE /resource_providers/a890c3c7-9ce0-4a0f-961b-426d0c68d85f" status: 404 len: 246 microversion: 1.1 [pid: 7|app: 0|req: 458/915] 10.0.0.172 () {34 vars in 816 bytes} [Wed Mar 4 06:11:20 2026] DELETE /resource_providers/a890c3c7-9ce0-4a0f-961b-426d0c68d85f => generated 246 bytes in 7 msecs (HTTP/1.1 404) 6 headers in 231 bytes (1 switches on core 0)
2026-03-04 06:11:20.941 8 INFO placement.requestlog [None req-e7162c4d-1a58-446e-8bcd-3dc48a2c4a4c 9cbccd629eef48aabe369f191a4aab3d 4a28739073544cb9b02632a471bdeaa4 - - def10e8d3cbf45069c62ee55f035b0dd def10e8d3cbf45069c62ee55f035b0dd] 10.0.0.172 "DELETE /resource_providers/a890c3c7-9ce0-4a0f-961b-426d0c68d85f" status: 404 len: 246 microversion: 1.1 [pid: 8|app: 0|req: 458/916] 10.0.0.172 () {34 vars in 816 bytes} [Wed Mar 4 06:11:20 2026] DELETE /resource_providers/a890c3c7-9ce0-4a0f-961b-426d0c68d85f => generated 246 bytes in 9 msecs (HTTP/1.1 404) 6 headers in 231 bytes (1 switches on core 0)
2026-03-04 06:11:22.241 8 INFO placement.requestlog [None req-494b4d50-c6a7-437c-bde8-ae8622907ecd 9cbccd629eef48aabe369f191a4aab3d 4a28739073544cb9b02632a471bdeaa4 - - def10e8d3cbf45069c62ee55f035b0dd def10e8d3cbf45069c62ee55f035b0dd] 10.0.0.172 "GET /resource_providers/515a53e8-a41e-4d8f-a0f0-b35fef6758c0/aggregates" status: 404 len: 235 microversion: 1.1 [pid: 8|app: 0|req: 459/917] 10.0.0.172 () {32 vars in 816 bytes} [Wed Mar 4 06:11:22 2026] GET /resource_providers/515a53e8-a41e-4d8f-a0f0-b35fef6758c0/aggregates => generated 235 bytes in 11 msecs (HTTP/1.1 404) 5 headers in 202 bytes (1 switches on core 0)
2026-03-04 06:11:22.247 7 INFO placement.requestlog [None req-df208754-bd88-49ec-a591-6e2cb7002f60 9cbccd629eef48aabe369f191a4aab3d 4a28739073544cb9b02632a471bdeaa4 - - def10e8d3cbf45069c62ee55f035b0dd def10e8d3cbf45069c62ee55f035b0dd] 10.0.0.172 "GET /resource_providers/515a53e8-a41e-4d8f-a0f0-b35fef6758c0/aggregates" status: 404 len: 235 microversion: 1.1 [pid: 7|app: 0|req: 459/918] 10.0.0.172 () {32 vars in 816 bytes} [Wed Mar 4 06:11:22 2026] GET /resource_providers/515a53e8-a41e-4d8f-a0f0-b35fef6758c0/aggregates => generated 235 bytes in 19 msecs (HTTP/1.1 404) 5 headers in 202 bytes (1 switches on core 0)
2026-03-04 06:11:22.271 8 INFO placement.requestlog [None req-2a9420a5-1b4d-4b66-a752-e88a2de3f57e 9cbccd629eef48aabe369f191a4aab3d 4a28739073544cb9b02632a471bdeaa4 - - def10e8d3cbf45069c62ee55f035b0dd def10e8d3cbf45069c62ee55f035b0dd] 10.0.0.172 "DELETE /resource_providers/515a53e8-a41e-4d8f-a0f0-b35fef6758c0" status: 404 len: 246 microversion: 1.1 [pid: 8|app: 0|req: 460/919] 10.0.0.172 () {34 vars in 816 bytes} [Wed Mar 4 06:11:22 2026] DELETE /resource_providers/515a53e8-a41e-4d8f-a0f0-b35fef6758c0 => generated 246 bytes in 12 msecs (HTTP/1.1 404) 6 headers in 231 bytes (1 switches on core 0)
2026-03-04 06:11:22.273 7 INFO placement.requestlog [None req-eea6461e-e7ee-446c-b95d-aead7cfc09c6 9cbccd629eef48aabe369f191a4aab3d 4a28739073544cb9b02632a471bdeaa4 - - def10e8d3cbf45069c62ee55f035b0dd def10e8d3cbf45069c62ee55f035b0dd] 10.0.0.172 "DELETE /resource_providers/515a53e8-a41e-4d8f-a0f0-b35fef6758c0" status: 404 len: 246 microversion: 1.1 [pid: 7|app: 0|req: 460/920] 10.0.0.172 () {34 vars in 816 bytes} [Wed Mar 4 06:11:22 2026] DELETE /resource_providers/515a53e8-a41e-4d8f-a0f0-b35fef6758c0 => generated 246 bytes in 11 msecs (HTTP/1.1 404) 6 headers in 231 bytes (1 switches on core 0)
2026-03-04 06:11:23.031 8 INFO placement.requestlog [None req-cab1331f-9e23-4dad-8127-6ba3d360f120 9cbccd629eef48aabe369f191a4aab3d 4a28739073544cb9b02632a471bdeaa4 - - def10e8d3cbf45069c62ee55f035b0dd def10e8d3cbf45069c62ee55f035b0dd] 10.0.0.172 "GET /resource_providers/580d2783-3c69-4bf2-8864-ead11571bffb/aggregates" status: 404 len: 235 microversion: 1.1 [pid: 8|app: 0|req: 461/921] 10.0.0.172 () {32 vars in 816 bytes} [Wed Mar 4 06:11:23 2026] GET /resource_providers/580d2783-3c69-4bf2-8864-ead11571bffb/aggregates => generated 235 bytes in 6 msecs (HTTP/1.1 404) 5 headers in 202 bytes (1 switches on core 0)
2026-03-04 06:11:23.034 7 INFO placement.requestlog [None req-524f2893-3434-4229-b552-40067d1f9724 9cbccd629eef48aabe369f191a4aab3d 4a28739073544cb9b02632a471bdeaa4 - - def10e8d3cbf45069c62ee55f035b0dd def10e8d3cbf45069c62ee55f035b0dd] 10.0.0.172 "GET /resource_providers/580d2783-3c69-4bf2-8864-ead11571bffb/aggregates" status: 404 len: 235 microversion: 1.1 [pid: 7|app: 0|req: 461/922] 10.0.0.172 () {32 vars in 816 bytes} [Wed Mar 4 06:11:23 2026] GET /resource_providers/580d2783-3c69-4bf2-8864-ead11571bffb/aggregates => generated 235 bytes in 9 msecs (HTTP/1.1 404) 5 headers in 202 bytes (1 switches on core 0)
2026-03-04 06:11:23.051 7 INFO placement.requestlog [None req-a18d77dd-9859-4387-8160-babcfbfcfe7b 9cbccd629eef48aabe369f191a4aab3d 4a28739073544cb9b02632a471bdeaa4 - - def10e8d3cbf45069c62ee55f035b0dd def10e8d3cbf45069c62ee55f035b0dd] 10.0.0.172 "DELETE /resource_providers/580d2783-3c69-4bf2-8864-ead11571bffb" status: 404 len: 246 microversion: 1.1 [pid: 7|app: 0|req: 462/923] 10.0.0.172 () {34 vars in 816 bytes} [Wed Mar 4 06:11:23 2026] DELETE /resource_providers/580d2783-3c69-4bf2-8864-ead11571bffb => generated 246 bytes in 5 msecs (HTTP/1.1 404) 6 headers in 231 bytes (1 switches on core 0)
2026-03-04 06:11:23.057 8 INFO placement.requestlog [None req-af8634d1-a789-4090-a02d-99856e6c2e9c 9cbccd629eef48aabe369f191a4aab3d 4a28739073544cb9b02632a471bdeaa4 - - def10e8d3cbf45069c62ee55f035b0dd def10e8d3cbf45069c62ee55f035b0dd] 10.0.0.172 "DELETE /resource_providers/580d2783-3c69-4bf2-8864-ead11571bffb" status: 404 len: 246 microversion: 1.1 [pid: 8|app: 0|req: 462/924] 10.0.0.172 () {34 vars in 816 bytes} [Wed Mar 4 06:11:23 2026] DELETE /resource_providers/580d2783-3c69-4bf2-8864-ead11571bffb => generated 246 bytes in 12 msecs (HTTP/1.1 404) 6 headers in 231 bytes (1 switches on core 0)
2026-03-04 06:11:28.179 7 INFO placement.requestlog [req-a361d14a-1a5c-45ff-ae11-87b8e474f172 req-0e415e7b-5548-4cdd-a5d3-537297112573 697db76a40db412aaf32ce9f3ea074af 4a28739073544cb9b02632a471bdeaa4 - - def10e8d3cbf45069c62ee55f035b0dd def10e8d3cbf45069c62ee55f035b0dd] 162.253.55.49 "GET /resource_providers/c7a626ac-924d-499f-b86c-1143b207df07/allocations" status: 200 len: 152 microversion: 1.0 [pid: 7|app: 0|req: 463/925] 162.253.55.49 () {32 vars in 856 bytes} [Wed Mar 4 06:11:28 2026] GET /resource_providers/c7a626ac-924d-499f-b86c-1143b207df07/allocations => generated 152 bytes in 20 msecs (HTTP/1.1 200) 6 headers in 224 bytes (1 switches on core 0)
2026-03-04 06:11:28.208 8 INFO placement.requestlog [req-a361d14a-1a5c-45ff-ae11-87b8e474f172 req-776cb695-7657-485e-8846-c5860c5d699a 697db76a40db412aaf32ce9f3ea074af 4a28739073544cb9b02632a471bdeaa4 - - def10e8d3cbf45069c62ee55f035b0dd def10e8d3cbf45069c62ee55f035b0dd] 162.253.55.49 "GET /allocations/3148d744-435c-4f84-9d8b-3273e51c666a" status: 200 len: 257 microversion: 1.28 [pid: 8|app: 0|req: 463/926] 162.253.55.49 () {34 vars in 862 bytes} [Wed Mar 4 06:11:28 2026] GET /allocations/3148d744-435c-4f84-9d8b-3273e51c666a => generated 257 bytes in 24 msecs (HTTP/1.1 200) 8 headers in 296 bytes (1 switches on core 0)
2026-03-04 06:11:29.260 7 INFO placement.requestlog [req-a361d14a-1a5c-45ff-ae11-87b8e474f172 req-b46e88ca-5809-4529-882e-42c181d23bb1 697db76a40db412aaf32ce9f3ea074af 4a28739073544cb9b02632a471bdeaa4 - - def10e8d3cbf45069c62ee55f035b0dd def10e8d3cbf45069c62ee55f035b0dd] 162.253.55.49 "DELETE /allocations/3148d744-435c-4f84-9d8b-3273e51c666a" status: 204 len: 0 microversion: 1.0 [pid: 7|app: 0|req: 464/927] 162.253.55.49 () {34 vars in 840 bytes} [Wed Mar 4 06:11:29 2026] DELETE /allocations/3148d744-435c-4f84-9d8b-3273e51c666a => generated 0 bytes in 25 msecs (HTTP/1.1 204) 5 headers in 198 bytes (1 switches on core 0)
2026-03-04 06:11:29.702 8 INFO placement.requestlog [None req-563214e6-965d-417c-97fe-b404f404d5f4 - - - - - -] 10.0.0.2 "GET /" status: 200 len: 136 microversion: 1.0
2026-03-04 06:11:29.707 7 INFO placement.requestlog [None req-041db29f-f0c8-4623-8de1-70e7d3f35ab3 - - - - - -] 10.0.0.2 "GET /" status: 200 len: 136 microversion: 1.0
2026-03-04 06:11:32.908 8 INFO placement.requestlog [None req-4b928f24-315f-4011-96b2-051af6d8e80f 9cbccd629eef48aabe369f191a4aab3d 4a28739073544cb9b02632a471bdeaa4 - - def10e8d3cbf45069c62ee55f035b0dd def10e8d3cbf45069c62ee55f035b0dd] 10.0.0.172 "GET /resource_providers/ab960075-0804-4b98-9eb0-3560f15debb3/aggregates" status: 404 len: 235 microversion: 1.1
2026-03-04 06:11:32.908 7 INFO placement.requestlog [None req-a16adaa7-b4e2-4731-bbcb-8118c162254f 9cbccd629eef48aabe369f191a4aab3d 4a28739073544cb9b02632a471bdeaa4 - - def10e8d3cbf45069c62ee55f035b0dd def10e8d3cbf45069c62ee55f035b0dd] 10.0.0.172 "GET /resource_providers/ab960075-0804-4b98-9eb0-3560f15debb3/aggregates" status: 404 len: 235 microversion: 1.1 [pid: 7|app: 0|req: 466/931] 10.0.0.172 () {32 vars in 816 bytes} [Wed Mar 4 06:11:32 2026] GET /resource_providers/ab960075-0804-4b98-9eb0-3560f15debb3/aggregates => generated 235 bytes in 14 msecs (HTTP/1.1 404) 5 headers in 202 bytes (1 switches on core 0) [pid: 8|app: 0|req: 465/931] 10.0.0.172 () {32 vars in 816 bytes} [Wed Mar 4 06:11:32 2026] GET /resource_providers/ab960075-0804-4b98-9eb0-3560f15debb3/aggregates => generated 235 bytes in 19 msecs (HTTP/1.1 404) 5 headers in 202 bytes (1 switches on core 0)
2026-03-04 06:11:32.933 7 INFO placement.requestlog [None req-bcdcfdc2-b40b-4988-bab1-a5b1ea806a17 9cbccd629eef48aabe369f191a4aab3d 4a28739073544cb9b02632a471bdeaa4 - - def10e8d3cbf45069c62ee55f035b0dd def10e8d3cbf45069c62ee55f035b0dd] 10.0.0.172 "DELETE /resource_providers/ab960075-0804-4b98-9eb0-3560f15debb3" status: 404 len: 246 microversion: 1.1 [pid: 7|app: 0|req: 467/932] 10.0.0.172 () {34 vars in 816 bytes} [Wed Mar 4 06:11:32 2026] DELETE /resource_providers/ab960075-0804-4b98-9eb0-3560f15debb3 => generated 246 bytes in 13 msecs (HTTP/1.1 404) 6 headers in 231 bytes (1 switches on core 0)
2026-03-04 06:11:32.937 8 INFO placement.requestlog [None req-4883a1f6-885a-49ab-bbe1-1412c3bab5f1 9cbccd629eef48aabe369f191a4aab3d 4a28739073544cb9b02632a471bdeaa4 - - def10e8d3cbf45069c62ee55f035b0dd def10e8d3cbf45069c62ee55f035b0dd] 10.0.0.172 "DELETE /resource_providers/ab960075-0804-4b98-9eb0-3560f15debb3" status: 404 len: 246 microversion: 1.1 [pid: 8|app: 0|req: 466/933] 10.0.0.172 () {34 vars in 816 bytes} [Wed Mar 4 06:11:32 2026] DELETE /resource_providers/ab960075-0804-4b98-9eb0-3560f15debb3 => generated 246 bytes in 13 msecs (HTTP/1.1 404) 6 headers in 231 bytes (1 switches on core 0)
2026-03-04 06:11:33.643 7 INFO placement.requestlog [None req-76c4ca56-a616-4655-9eb8-5ab639e48e84 9cbccd629eef48aabe369f191a4aab3d 4a28739073544cb9b02632a471bdeaa4 - - def10e8d3cbf45069c62ee55f035b0dd def10e8d3cbf45069c62ee55f035b0dd] 10.0.0.172 "GET /resource_providers/584e8ec9-48b4-4cc4-a795-5663f21a5ad2/aggregates" status: 404 len: 235 microversion: 1.1 [pid: 7|app: 0|req: 468/934] 10.0.0.172 () {32 vars in 816 bytes} [Wed Mar 4 06:11:33 2026] GET /resource_providers/584e8ec9-48b4-4cc4-a795-5663f21a5ad2/aggregates => generated 235 bytes in 12 msecs (HTTP/1.1 404) 5 headers in 202 bytes (1 switches on core 0)
2026-03-04 06:11:33.646 8 INFO placement.requestlog [None req-532f20b8-5479-4c80-b545-182bd8138c8b 9cbccd629eef48aabe369f191a4aab3d 4a28739073544cb9b02632a471bdeaa4 - - def10e8d3cbf45069c62ee55f035b0dd def10e8d3cbf45069c62ee55f035b0dd] 10.0.0.172 "GET /resource_providers/584e8ec9-48b4-4cc4-a795-5663f21a5ad2/aggregates" status: 404 len: 235 microversion: 1.1 [pid: 8|app: 0|req: 467/935] 10.0.0.172 () {32 vars in 816 bytes} [Wed Mar 4 06:11:33 2026] GET /resource_providers/584e8ec9-48b4-4cc4-a795-5663f21a5ad2/aggregates => generated 235 bytes in 15 msecs (HTTP/1.1 404) 5 headers in 202 bytes (1 switches on core 0)
2026-03-04 06:11:33.668 8 INFO placement.requestlog [None req-1e9adc95-7990-4ca2-9f89-2382f12a8e04 9cbccd629eef48aabe369f191a4aab3d 4a28739073544cb9b02632a471bdeaa4 - - def10e8d3cbf45069c62ee55f035b0dd def10e8d3cbf45069c62ee55f035b0dd] 10.0.0.172 "DELETE /resource_providers/584e8ec9-48b4-4cc4-a795-5663f21a5ad2" status: 404 len: 246 microversion: 1.1 [pid: 8|app: 0|req: 468/936] 10.0.0.172 () {34 vars in 816 bytes} [Wed Mar 4 06:11:33 2026] DELETE /resource_providers/584e8ec9-48b4-4cc4-a795-5663f21a5ad2 => generated 246 bytes in 9 msecs (HTTP/1.1 404) 6 headers in 231 bytes (1 switches on core 0)
2026-03-04 06:11:33.670 7 INFO placement.requestlog [None req-94c5773b-a9d0-4a20-8c11-431faba401a9 9cbccd629eef48aabe369f191a4aab3d 4a28739073544cb9b02632a471bdeaa4 - - def10e8d3cbf45069c62ee55f035b0dd def10e8d3cbf45069c62ee55f035b0dd] 10.0.0.172 "DELETE /resource_providers/584e8ec9-48b4-4cc4-a795-5663f21a5ad2" status: 404 len: 246 microversion: 1.1 [pid: 7|app: 0|req: 469/937] 10.0.0.172 () {34 vars in 816 bytes} [Wed Mar 4 06:11:33 2026] DELETE /resource_providers/584e8ec9-48b4-4cc4-a795-5663f21a5ad2 => generated 246 bytes in 12 msecs (HTTP/1.1 404) 6 headers in 231 bytes (1 switches on core 0)
