2026-03-04 06:14:09.251 7 INFO cinder.api.openstack.wsgi [req-8e90f641-fb58-49a9-bf2b-afdda5b2016f req-153af850-9360-4f6c-9c07-f6a1c3fb5568 4dc71f851c964edca82cf8795711c48e 16d9a3e9ade34cd78b1e87c30473d6e7 - - default default] http://cinder-api.openstack.svc.cluster.local:8776/v3/16d9a3e9ade34cd78b1e87c30473d6e7/volumes/0a6b3dd9-b2cf-45ae-8f46-ee3e98edba58 returned with HTTP 200 [pid: 7|app: 0|req: 453/900] 162.253.55.49 () {32 vars in 824 bytes} [Wed Mar 4 06:14:09 2026] GET /v3/16d9a3e9ade34cd78b1e87c30473d6e7/volumes/0a6b3dd9-b2cf-45ae-8f46-ee3e98edba58 => generated 1488 bytes in 31 msecs (HTTP/1.1 200) 7 headers in 286 bytes (1 switches on core 0) /var/lib/openstack/lib/python3.12/site-packages/pycadf/identifier.py:70: UserWarning: Invalid uuid: cinderv3. To ensure interoperability, identifiers should be a valid uuid. warnings.warn(('Invalid uuid: %s. To ensure interoperability, '
2026-03-04 06:14:09.484 8 INFO cinder.api.openstack.wsgi [None req-74a9635a-a208-48bf-8d9f-6e53ff09334c 4dc71f851c964edca82cf8795711c48e 16d9a3e9ade34cd78b1e87c30473d6e7 - - default default] GET http://cinder-api.openstack.svc.cluster.local:8776/v3/16d9a3e9ade34cd78b1e87c30473d6e7/os-services
2026-03-04 06:14:09.489 8 INFO cinder.api.openstack.wsgi [None req-74a9635a-a208-48bf-8d9f-6e53ff09334c 4dc71f851c964edca82cf8795711c48e 16d9a3e9ade34cd78b1e87c30473d6e7 - - default default] http://cinder-api.openstack.svc.cluster.local:8776/v3/16d9a3e9ade34cd78b1e87c30473d6e7/os-services returned with HTTP 200 [pid: 8|app: 0|req: 448/901] 10.0.0.61 () {28 vars in 644 bytes} [Wed Mar 4 06:14:09 2026] GET /v3/16d9a3e9ade34cd78b1e87c30473d6e7/os-services => generated 646 bytes in 47 msecs (HTTP/1.1 200) 7 headers in 285 bytes (1 switches on core 0) /var/lib/openstack/lib/python3.12/site-packages/pycadf/identifier.py:70: UserWarning: Invalid uuid: cinderv3. To ensure interoperability, identifiers should be a valid uuid. warnings.warn(('Invalid uuid: %s. To ensure interoperability, '
2026-03-04 06:14:09.501 7 INFO cinder.api.openstack.wsgi [None req-0e800b31-daaf-410e-9de1-01fd0d114bcb 4dc71f851c964edca82cf8795711c48e 16d9a3e9ade34cd78b1e87c30473d6e7 - - default default] GET http://cinder-api.openstack.svc.cluster.local:8776/v3/16d9a3e9ade34cd78b1e87c30473d6e7/volumes/detail?all_tenants=true
2026-03-04 06:14:09.515 7 INFO cinder.volume.api [None req-0e800b31-daaf-410e-9de1-01fd0d114bcb 4dc71f851c964edca82cf8795711c48e 16d9a3e9ade34cd78b1e87c30473d6e7 - - default default] Get all volumes completed successfully. /var/lib/openstack/lib/python3.12/site-packages/oslo_context/context.py:101: DeprecationWarning: Policy enforcement is depending on the value of is_admin. This key is deprecated. Please update your policy file to use the standard policy values. warnings.warn(
2026-03-04 06:14:09.521 7 INFO cinder.api.openstack.wsgi [None req-0e800b31-daaf-410e-9de1-01fd0d114bcb 4dc71f851c964edca82cf8795711c48e 16d9a3e9ade34cd78b1e87c30473d6e7 - - default default] http://cinder-api.openstack.svc.cluster.local:8776/v3/16d9a3e9ade34cd78b1e87c30473d6e7/volumes/detail?all_tenants=true returned with HTTP 200 [pid: 7|app: 0|req: 454/902] 10.0.0.61 () {28 vars in 683 bytes} [Wed Mar 4 06:14:09 2026] GET /v3/16d9a3e9ade34cd78b1e87c30473d6e7/volumes/detail?all_tenants=true => generated 1491 bytes in 28 msecs (HTTP/1.1 200) 7 headers in 286 bytes (1 switches on core 0)
2026-03-04 06:14:09.538 8 INFO cinder.api.openstack.wsgi [None req-265df2d4-415a-418b-bcde-5ad9f43b4b3b 4dc71f851c964edca82cf8795711c48e 16d9a3e9ade34cd78b1e87c30473d6e7 - - default default] GET http://cinder-api.openstack.svc.cluster.local:8776/v3/16d9a3e9ade34cd78b1e87c30473d6e7/snapshots?all_tenants=true
2026-03-04 06:14:09.545 8 INFO cinder.volume.api [None req-265df2d4-415a-418b-bcde-5ad9f43b4b3b 4dc71f851c964edca82cf8795711c48e 16d9a3e9ade34cd78b1e87c30473d6e7 - - default default] Get all snapshots completed successfully.
2026-03-04 06:14:09.546 8 INFO cinder.api.openstack.wsgi [None req-265df2d4-415a-418b-bcde-5ad9f43b4b3b 4dc71f851c964edca82cf8795711c48e 16d9a3e9ade34cd78b1e87c30473d6e7 - - default default] http://cinder-api.openstack.svc.cluster.local:8776/v3/16d9a3e9ade34cd78b1e87c30473d6e7/snapshots?all_tenants=true returned with HTTP 200 [pid: 8|app: 0|req: 449/903] 10.0.0.61 () {28 vars in 673 bytes} [Wed Mar 4 06:14:09 2026] GET /v3/16d9a3e9ade34cd78b1e87c30473d6e7/snapshots?all_tenants=true => generated 17 bytes in 16 msecs (HTTP/1.1 200) 7 headers in 284 bytes (1 switches on core 0) /var/lib/openstack/lib/python3.12/site-packages/pycadf/identifier.py:70: UserWarning: Invalid uuid: cinderv3. To ensure interoperability, identifiers should be a valid uuid. warnings.warn(('Invalid uuid: %s. To ensure interoperability, '
2026-03-04 06:14:09.560 7 INFO cinder.api.openstack.wsgi [None req-716d11c0-5165-4c4b-bdee-817ce118a451 4dc71f851c964edca82cf8795711c48e 16d9a3e9ade34cd78b1e87c30473d6e7 - - default default] GET http://cinder-api.openstack.svc.cluster.local:8776/v3/16d9a3e9ade34cd78b1e87c30473d6e7/volumes/detail?all_tenants=true
2026-03-04 06:14:09.580 7 INFO cinder.volume.api [None req-716d11c0-5165-4c4b-bdee-817ce118a451 4dc71f851c964edca82cf8795711c48e 16d9a3e9ade34cd78b1e87c30473d6e7 - - default default] Get all volumes completed successfully. /var/lib/openstack/lib/python3.12/site-packages/oslo_context/context.py:101: DeprecationWarning: Policy enforcement is depending on the value of is_admin. This key is deprecated. Please update your policy file to use the standard policy values. warnings.warn(
2026-03-04 06:14:09.589 7 INFO cinder.api.openstack.wsgi [None req-716d11c0-5165-4c4b-bdee-817ce118a451 4dc71f851c964edca82cf8795711c48e 16d9a3e9ade34cd78b1e87c30473d6e7 - - default default] http://cinder-api.openstack.svc.cluster.local:8776/v3/16d9a3e9ade34cd78b1e87c30473d6e7/volumes/detail?all_tenants=true returned with HTTP 200 [pid: 7|app: 0|req: 455/904] 10.0.0.61 () {28 vars in 683 bytes} [Wed Mar 4 06:14:09 2026] GET /v3/16d9a3e9ade34cd78b1e87c30473d6e7/volumes/detail?all_tenants=true => generated 1491 bytes in 39 msecs (HTTP/1.1 200) 7 headers in 286 bytes (1 switches on core 0)
2026-03-04 06:14:09.606 8 INFO cinder.api.openstack.wsgi [None req-6f215b53-eb99-4bc4-8025-3230515cf419 4dc71f851c964edca82cf8795711c48e 16d9a3e9ade34cd78b1e87c30473d6e7 - - default default] GET http://cinder-api.openstack.svc.cluster.local:8776/v3/16d9a3e9ade34cd78b1e87c30473d6e7/scheduler-stats/get_pools?detail=true
2026-03-04 06:14:09.714 7 INFO cinder.api.openstack.wsgi [None req-716d11c0-5165-4c4b-bdee-817ce118a451 4dc71f851c964edca82cf8795711c48e 16d9a3e9ade34cd78b1e87c30473d6e7 - - default default] GET http://cinder-api.openstack.svc.cluster.local:8776/
2026-03-04 06:14:09.715 7 INFO cinder.api.openstack.wsgi [None req-716d11c0-5165-4c4b-bdee-817ce118a451 4dc71f851c964edca82cf8795711c48e 16d9a3e9ade34cd78b1e87c30473d6e7 - - default default] http://cinder-api.openstack.svc.cluster.local:8776/ returned with HTTP 300 [pid: 7|app: 0|req: 456/905] 162.253.55.49 () {32 vars in 839 bytes} [Wed Mar 4 06:14:09 2026] GET / => generated 411 bytes in 2 msecs (HTTP/1.1 300) 5 headers in 169 bytes (1 switches on core 0) /var/lib/openstack/lib/python3.12/site-packages/pycadf/identifier.py:70: UserWarning: Invalid uuid: cinderv3. To ensure interoperability, identifiers should be a valid uuid. warnings.warn(('Invalid uuid: %s. To ensure interoperability, '
2026-03-04 06:14:09.722 7 INFO cinder.api.openstack.wsgi [req-6b4f46eb-a117-4e78-a44f-b4ee965a18c7 req-fe857f0b-cc9a-4103-a2f5-2ad4b5948ea0 4dc71f851c964edca82cf8795711c48e 16d9a3e9ade34cd78b1e87c30473d6e7 - - default default] GET http://cinder-api.openstack.svc.cluster.local:8776/v3/16d9a3e9ade34cd78b1e87c30473d6e7/volumes/0a6b3dd9-b2cf-45ae-8f46-ee3e98edba58 /var/lib/openstack/lib/python3.12/site-packages/oslo_context/context.py:101: DeprecationWarning: Policy enforcement is depending on the value of is_admin. This key is deprecated. Please update your policy file to use the standard policy values. warnings.warn(
2026-03-04 06:14:09.743 7 INFO cinder.volume.api [req-6b4f46eb-a117-4e78-a44f-b4ee965a18c7 req-fe857f0b-cc9a-4103-a2f5-2ad4b5948ea0 4dc71f851c964edca82cf8795711c48e 16d9a3e9ade34cd78b1e87c30473d6e7 - - default default] Volume info retrieved successfully.
2026-03-04 06:14:09.749 7 INFO cinder.api.openstack.wsgi [req-6b4f46eb-a117-4e78-a44f-b4ee965a18c7 req-fe857f0b-cc9a-4103-a2f5-2ad4b5948ea0 4dc71f851c964edca82cf8795711c48e 16d9a3e9ade34cd78b1e87c30473d6e7 - - default default] http://cinder-api.openstack.svc.cluster.local:8776/v3/16d9a3e9ade34cd78b1e87c30473d6e7/volumes/0a6b3dd9-b2cf-45ae-8f46-ee3e98edba58 returned with HTTP 200 [pid: 7|app: 0|req: 457/906] 162.253.55.49 () {36 vars in 1072 bytes} [Wed Mar 4 06:14:09 2026] GET /v3/16d9a3e9ade34cd78b1e87c30473d6e7/volumes/0a6b3dd9-b2cf-45ae-8f46-ee3e98edba58 => generated 1712 bytes in 32 msecs (HTTP/1.1 200) 7 headers in 287 bytes (1 switches on core 0) /var/lib/openstack/lib/python3.12/site-packages/pycadf/identifier.py:70: UserWarning: Invalid uuid: cinderv3. To ensure interoperability, identifiers should be a valid uuid. warnings.warn(('Invalid uuid: %s. To ensure interoperability, '
2026-03-04 06:14:09.824 7 INFO cinder.api.openstack.wsgi [req-6b4f46eb-a117-4e78-a44f-b4ee965a18c7 req-2960c989-d9f3-49fa-a8db-fb0ad995322b 4dc71f851c964edca82cf8795711c48e 16d9a3e9ade34cd78b1e87c30473d6e7 - - default default] PUT http://cinder-api.openstack.svc.cluster.local:8776/v3/16d9a3e9ade34cd78b1e87c30473d6e7/attachments/3ee85b71-f040-4eef-a1a2-9c25b14d2680 /var/lib/openstack/lib/python3.12/site-packages/oslo_context/context.py:101: DeprecationWarning: Policy enforcement is depending on the value of is_admin. This key is deprecated. Please update your policy file to use the standard policy values. warnings.warn(
2026-03-04 06:14:10.111 8 INFO cinder.api.openstack.wsgi [None req-6f215b53-eb99-4bc4-8025-3230515cf419 4dc71f851c964edca82cf8795711c48e 16d9a3e9ade34cd78b1e87c30473d6e7 - - default default] http://cinder-api.openstack.svc.cluster.local:8776/v3/16d9a3e9ade34cd78b1e87c30473d6e7/scheduler-stats/get_pools?detail=true returned with HTTP 200 [pid: 8|app: 0|req: 450/907] 10.0.0.61 () {28 vars in 695 bytes} [Wed Mar 4 06:14:09 2026] GET /v3/16d9a3e9ade34cd78b1e87c30473d6e7/scheduler-stats/get_pools?detail=true => generated 670 bytes in 521 msecs (HTTP/1.1 200) 7 headers in 285 bytes (1 switches on core 0)
2026-03-04 06:14:10.185 8 INFO cinder.api.openstack.wsgi [None req-fb7fd8f3-ad5c-4a9a-b5e9-47d4f0ff0be8 4dc71f851c964edca82cf8795711c48e 16d9a3e9ade34cd78b1e87c30473d6e7 - - default default] GET http://cinder-api.openstack.svc.cluster.local:8776/v3/16d9a3e9ade34cd78b1e87c30473d6e7/os-quota-sets/0b79215d59954c3389901f08da292635?usage=true
2026-03-04 06:14:10.224 8 INFO cinder.api.openstack.wsgi [None req-fb7fd8f3-ad5c-4a9a-b5e9-47d4f0ff0be8 4dc71f851c964edca82cf8795711c48e 16d9a3e9ade34cd78b1e87c30473d6e7 - - default default] http://cinder-api.openstack.svc.cluster.local:8776/v3/16d9a3e9ade34cd78b1e87c30473d6e7/os-quota-sets/0b79215d59954c3389901f08da292635?usage=true returned with HTTP 200 [pid: 8|app: 0|req: 451/908] 10.0.0.61 () {28 vars in 735 bytes} [Wed Mar 4 06:14:10 2026] GET /v3/16d9a3e9ade34cd78b1e87c30473d6e7/os-quota-sets/0b79215d59954c3389901f08da292635?usage=true => generated 847 bytes in 52 msecs (HTTP/1.1 200) 7 headers in 285 bytes (1 switches on core 0)
2026-03-04 06:14:10.238 8 INFO cinder.api.openstack.wsgi [None req-2cf013f5-c634-41e9-9ebb-23d8070affcb 4dc71f851c964edca82cf8795711c48e 16d9a3e9ade34cd78b1e87c30473d6e7 - - default default] GET http://cinder-api.openstack.svc.cluster.local:8776/v3/16d9a3e9ade34cd78b1e87c30473d6e7/os-quota-sets/1481468d3b6440c48ca0ebf0a9ce7338?usage=true
2026-03-04 06:14:10.265 8 INFO cinder.api.openstack.wsgi [None req-2cf013f5-c634-41e9-9ebb-23d8070affcb 4dc71f851c964edca82cf8795711c48e 16d9a3e9ade34cd78b1e87c30473d6e7 - - default default] http://cinder-api.openstack.svc.cluster.local:8776/v3/16d9a3e9ade34cd78b1e87c30473d6e7/os-quota-sets/1481468d3b6440c48ca0ebf0a9ce7338?usage=true returned with HTTP 200 [pid: 8|app: 0|req: 452/909] 10.0.0.61 () {28 vars in 735 bytes} [Wed Mar 4 06:14:10 2026] GET /v3/16d9a3e9ade34cd78b1e87c30473d6e7/os-quota-sets/1481468d3b6440c48ca0ebf0a9ce7338?usage=true => generated 847 bytes in 37 msecs (HTTP/1.1 200) 7 headers in 285 bytes (1 switches on core 0)
2026-03-04 06:14:10.278 8 INFO cinder.api.openstack.wsgi [None req-412045a2-3e42-4a1f-9bc0-9959d7328916 4dc71f851c964edca82cf8795711c48e 16d9a3e9ade34cd78b1e87c30473d6e7 - - default default] GET http://cinder-api.openstack.svc.cluster.local:8776/v3/16d9a3e9ade34cd78b1e87c30473d6e7/os-quota-sets/16d9a3e9ade34cd78b1e87c30473d6e7?usage=true
2026-03-04 06:14:10.302 8 INFO cinder.api.openstack.wsgi [None req-412045a2-3e42-4a1f-9bc0-9959d7328916 4dc71f851c964edca82cf8795711c48e 16d9a3e9ade34cd78b1e87c30473d6e7 - - default default] http://cinder-api.openstack.svc.cluster.local:8776/v3/16d9a3e9ade34cd78b1e87c30473d6e7/os-quota-sets/16d9a3e9ade34cd78b1e87c30473d6e7?usage=true returned with HTTP 200 [pid: 8|app: 0|req: 453/910] 10.0.0.61 () {28 vars in 735 bytes} [Wed Mar 4 06:14:10 2026] GET /v3/16d9a3e9ade34cd78b1e87c30473d6e7/os-quota-sets/16d9a3e9ade34cd78b1e87c30473d6e7?usage=true => generated 847 bytes in 29 msecs (HTTP/1.1 200) 7 headers in 285 bytes (1 switches on core 0)
2026-03-04 06:14:10.313 8 INFO cinder.api.openstack.wsgi [None req-2f0fbede-a96c-46d8-a86a-9e56e5a97406 4dc71f851c964edca82cf8795711c48e 16d9a3e9ade34cd78b1e87c30473d6e7 - - default default] GET http://cinder-api.openstack.svc.cluster.local:8776/v3/16d9a3e9ade34cd78b1e87c30473d6e7/os-quota-sets/31562c285c79461a9c7a12d1f03b11e3?usage=true
2026-03-04 06:14:10.337 8 INFO cinder.api.openstack.wsgi [None req-2f0fbede-a96c-46d8-a86a-9e56e5a97406 4dc71f851c964edca82cf8795711c48e 16d9a3e9ade34cd78b1e87c30473d6e7 - - default default] http://cinder-api.openstack.svc.cluster.local:8776/v3/16d9a3e9ade34cd78b1e87c30473d6e7/os-quota-sets/31562c285c79461a9c7a12d1f03b11e3?usage=true returned with HTTP 200 [pid: 8|app: 0|req: 454/911] 10.0.0.61 () {28 vars in 735 bytes} [Wed Mar 4 06:14:10 2026] GET /v3/16d9a3e9ade34cd78b1e87c30473d6e7/os-quota-sets/31562c285c79461a9c7a12d1f03b11e3?usage=true => generated 847 bytes in 30 msecs (HTTP/1.1 200) 7 headers in 285 bytes (1 switches on core 0)
2026-03-04 06:14:10.344 8 INFO cinder.api.openstack.wsgi [None req-f606a7ae-0d0c-4d98-8fcc-23496b77ad21 4dc71f851c964edca82cf8795711c48e 16d9a3e9ade34cd78b1e87c30473d6e7 - - default default] GET http://cinder-api.openstack.svc.cluster.local:8776/v3/16d9a3e9ade34cd78b1e87c30473d6e7/os-quota-sets/3ad99e200da3415ea721e95348f2ffd0?usage=true
2026-03-04 06:14:10.366 8 INFO cinder.api.openstack.wsgi [None req-f606a7ae-0d0c-4d98-8fcc-23496b77ad21 4dc71f851c964edca82cf8795711c48e 16d9a3e9ade34cd78b1e87c30473d6e7 - - default default] http://cinder-api.openstack.svc.cluster.local:8776/v3/16d9a3e9ade34cd78b1e87c30473d6e7/os-quota-sets/3ad99e200da3415ea721e95348f2ffd0?usage=true returned with HTTP 200 [pid: 8|app: 0|req: 455/912] 10.0.0.61 () {28 vars in 735 bytes} [Wed Mar 4 06:14:10 2026] GET /v3/16d9a3e9ade34cd78b1e87c30473d6e7/os-quota-sets/3ad99e200da3415ea721e95348f2ffd0?usage=true => generated 847 bytes in 26 msecs (HTTP/1.1 200) 7 headers in 285 bytes (1 switches on core 0)
2026-03-04 06:14:10.375 8 INFO cinder.api.openstack.wsgi [None req-7e7034a0-6312-47f0-b89f-fb1bef47f780 4dc71f851c964edca82cf8795711c48e 16d9a3e9ade34cd78b1e87c30473d6e7 - - default default] GET http://cinder-api.openstack.svc.cluster.local:8776/v3/16d9a3e9ade34cd78b1e87c30473d6e7/os-quota-sets/488eb12297804cd899825f25ab201ee3?usage=true
2026-03-04 06:14:10.397 8 INFO cinder.api.openstack.wsgi [None req-7e7034a0-6312-47f0-b89f-fb1bef47f780 4dc71f851c964edca82cf8795711c48e 16d9a3e9ade34cd78b1e87c30473d6e7 - - default default] http://cinder-api.openstack.svc.cluster.local:8776/v3/16d9a3e9ade34cd78b1e87c30473d6e7/os-quota-sets/488eb12297804cd899825f25ab201ee3?usage=true returned with HTTP 200 [pid: 8|app: 0|req: 456/913] 10.0.0.61 () {28 vars in 735 bytes} [Wed Mar 4 06:14:10 2026] GET /v3/16d9a3e9ade34cd78b1e87c30473d6e7/os-quota-sets/488eb12297804cd899825f25ab201ee3?usage=true => generated 847 bytes in 27 msecs (HTTP/1.1 200) 7 headers in 285 bytes (1 switches on core 0)
2026-03-04 06:14:10.405 8 INFO cinder.api.openstack.wsgi [None req-e559e5fe-47b6-4a5e-ad47-7f18ac4ecba2 4dc71f851c964edca82cf8795711c48e 16d9a3e9ade34cd78b1e87c30473d6e7 - - default default] GET http://cinder-api.openstack.svc.cluster.local:8776/v3/16d9a3e9ade34cd78b1e87c30473d6e7/os-quota-sets/4a28739073544cb9b02632a471bdeaa4?usage=true
2026-03-04 06:14:10.424 8 INFO cinder.api.openstack.wsgi [None req-e559e5fe-47b6-4a5e-ad47-7f18ac4ecba2 4dc71f851c964edca82cf8795711c48e 16d9a3e9ade34cd78b1e87c30473d6e7 - - default default] http://cinder-api.openstack.svc.cluster.local:8776/v3/16d9a3e9ade34cd78b1e87c30473d6e7/os-quota-sets/4a28739073544cb9b02632a471bdeaa4?usage=true returned with HTTP 200 [pid: 8|app: 0|req: 457/914] 10.0.0.61 () {28 vars in 735 bytes} [Wed Mar 4 06:14:10 2026] GET /v3/16d9a3e9ade34cd78b1e87c30473d6e7/os-quota-sets/4a28739073544cb9b02632a471bdeaa4?usage=true => generated 845 bytes in 24 msecs (HTTP/1.1 200) 7 headers in 285 bytes (1 switches on core 0)
2026-03-04 06:14:10.432 8 INFO cinder.api.openstack.wsgi [None req-3ebef583-19d6-485f-8211-c4d7d831c78c 4dc71f851c964edca82cf8795711c48e 16d9a3e9ade34cd78b1e87c30473d6e7 - - default default] GET http://cinder-api.openstack.svc.cluster.local:8776/v3/16d9a3e9ade34cd78b1e87c30473d6e7/os-quota-sets/4f21004335e7445e989dd3d271ff912f?usage=true
2026-03-04 06:14:10.449 8 INFO cinder.api.openstack.wsgi [None req-3ebef583-19d6-485f-8211-c4d7d831c78c 4dc71f851c964edca82cf8795711c48e 16d9a3e9ade34cd78b1e87c30473d6e7 - - default default] http://cinder-api.openstack.svc.cluster.local:8776/v3/16d9a3e9ade34cd78b1e87c30473d6e7/os-quota-sets/4f21004335e7445e989dd3d271ff912f?usage=true returned with HTTP 200 [pid: 8|app: 0|req: 458/915] 10.0.0.61 () {28 vars in 735 bytes} [Wed Mar 4 06:14:10 2026] GET /v3/16d9a3e9ade34cd78b1e87c30473d6e7/os-quota-sets/4f21004335e7445e989dd3d271ff912f?usage=true => generated 847 bytes in 22 msecs (HTTP/1.1 200) 7 headers in 285 bytes (1 switches on core 0)
2026-03-04 06:14:10.457 8 INFO cinder.api.openstack.wsgi [None req-b26a78e7-532d-44d1-a481-850262193ee8 4dc71f851c964edca82cf8795711c48e 16d9a3e9ade34cd78b1e87c30473d6e7 - - default default] GET http://cinder-api.openstack.svc.cluster.local:8776/v3/16d9a3e9ade34cd78b1e87c30473d6e7/os-quota-sets/9413539596a843a1967d9b11bf1f7d12?usage=true
2026-03-04 06:14:10.475 8 INFO cinder.api.openstack.wsgi [None req-b26a78e7-532d-44d1-a481-850262193ee8 4dc71f851c964edca82cf8795711c48e 16d9a3e9ade34cd78b1e87c30473d6e7 - - default default] http://cinder-api.openstack.svc.cluster.local:8776/v3/16d9a3e9ade34cd78b1e87c30473d6e7/os-quota-sets/9413539596a843a1967d9b11bf1f7d12?usage=true returned with HTTP 200 [pid: 8|app: 0|req: 459/916] 10.0.0.61 () {28 vars in 735 bytes} [Wed Mar 4 06:14:10 2026] GET /v3/16d9a3e9ade34cd78b1e87c30473d6e7/os-quota-sets/9413539596a843a1967d9b11bf1f7d12?usage=true => generated 847 bytes in 21 msecs (HTTP/1.1 200) 7 headers in 285 bytes (1 switches on core 0)
2026-03-04 06:14:10.483 8 INFO cinder.api.openstack.wsgi [None req-3588aa82-11a2-4108-b575-e5c11e22879e 4dc71f851c964edca82cf8795711c48e 16d9a3e9ade34cd78b1e87c30473d6e7 - - default default] GET http://cinder-api.openstack.svc.cluster.local:8776/v3/16d9a3e9ade34cd78b1e87c30473d6e7/os-quota-sets/ddd5a0e37a7d419a82612628b3bbbf89?usage=true
2026-03-04 06:14:10.504 8 INFO cinder.api.openstack.wsgi [None req-3588aa82-11a2-4108-b575-e5c11e22879e 4dc71f851c964edca82cf8795711c48e 16d9a3e9ade34cd78b1e87c30473d6e7 - - default default] http://cinder-api.openstack.svc.cluster.local:8776/v3/16d9a3e9ade34cd78b1e87c30473d6e7/os-quota-sets/ddd5a0e37a7d419a82612628b3bbbf89?usage=true returned with HTTP 200 [pid: 8|app: 0|req: 460/917] 10.0.0.61 () {28 vars in 735 bytes} [Wed Mar 4 06:14:10 2026] GET /v3/16d9a3e9ade34cd78b1e87c30473d6e7/os-quota-sets/ddd5a0e37a7d419a82612628b3bbbf89?usage=true => generated 847 bytes in 26 msecs (HTTP/1.1 200) 7 headers in 285 bytes (1 switches on core 0)
2026-03-04 06:14:10.513 8 INFO cinder.api.openstack.wsgi [None req-b879827b-95cb-4d44-a3a3-41bac9c76aec 4dc71f851c964edca82cf8795711c48e 16d9a3e9ade34cd78b1e87c30473d6e7 - - default default] GET http://cinder-api.openstack.svc.cluster.local:8776/v3/16d9a3e9ade34cd78b1e87c30473d6e7/os-quota-sets/e705e97a758e423b9e75cb4303b68df0?usage=true
2026-03-04 06:14:10.535 8 INFO cinder.api.openstack.wsgi [None req-b879827b-95cb-4d44-a3a3-41bac9c76aec 4dc71f851c964edca82cf8795711c48e 16d9a3e9ade34cd78b1e87c30473d6e7 - - default default] http://cinder-api.openstack.svc.cluster.local:8776/v3/16d9a3e9ade34cd78b1e87c30473d6e7/os-quota-sets/e705e97a758e423b9e75cb4303b68df0?usage=true returned with HTTP 200 [pid: 8|app: 0|req: 461/918] 10.0.0.61 () {28 vars in 735 bytes} [Wed Mar 4 06:14:10 2026] GET /v3/16d9a3e9ade34cd78b1e87c30473d6e7/os-quota-sets/e705e97a758e423b9e75cb4303b68df0?usage=true => generated 847 bytes in 27 msecs (HTTP/1.1 200) 7 headers in 285 bytes (1 switches on core 0)
2026-03-04 06:14:10.542 8 INFO cinder.api.openstack.wsgi [None req-0432e76b-00df-43ee-a093-12adf1f1cdfe 4dc71f851c964edca82cf8795711c48e 16d9a3e9ade34cd78b1e87c30473d6e7 - - default default] GET http://cinder-api.openstack.svc.cluster.local:8776/v3/16d9a3e9ade34cd78b1e87c30473d6e7/os-quota-sets/edc46f4d132a460cbccf38bc2d206e94?usage=true
2026-03-04 06:14:10.559 8 INFO cinder.api.openstack.wsgi [None req-0432e76b-00df-43ee-a093-12adf1f1cdfe 4dc71f851c964edca82cf8795711c48e 16d9a3e9ade34cd78b1e87c30473d6e7 - - default default] http://cinder-api.openstack.svc.cluster.local:8776/v3/16d9a3e9ade34cd78b1e87c30473d6e7/os-quota-sets/edc46f4d132a460cbccf38bc2d206e94?usage=true returned with HTTP 200 [pid: 8|app: 0|req: 462/919] 10.0.0.61 () {28 vars in 735 bytes} [Wed Mar 4 06:14:10 2026] GET /v3/16d9a3e9ade34cd78b1e87c30473d6e7/os-quota-sets/edc46f4d132a460cbccf38bc2d206e94?usage=true => generated 847 bytes in 22 msecs (HTTP/1.1 200) 7 headers in 285 bytes (1 switches on core 0)
2026-03-04 06:14:10.566 8 INFO cinder.api.openstack.wsgi [None req-a124a208-f8a6-4f96-805b-aa5d3fa0a0c0 4dc71f851c964edca82cf8795711c48e 16d9a3e9ade34cd78b1e87c30473d6e7 - - default default] GET http://cinder-api.openstack.svc.cluster.local:8776/v3/16d9a3e9ade34cd78b1e87c30473d6e7/os-quota-sets/f066eb08a64c4c70a00f574a391f26b8?usage=true
2026-03-04 06:14:10.580 8 INFO cinder.api.openstack.wsgi [None req-a124a208-f8a6-4f96-805b-aa5d3fa0a0c0 4dc71f851c964edca82cf8795711c48e 16d9a3e9ade34cd78b1e87c30473d6e7 - - default default] http://cinder-api.openstack.svc.cluster.local:8776/v3/16d9a3e9ade34cd78b1e87c30473d6e7/os-quota-sets/f066eb08a64c4c70a00f574a391f26b8?usage=true returned with HTTP 200 [pid: 8|app: 0|req: 463/920] 10.0.0.61 () {28 vars in 735 bytes} [Wed Mar 4 06:14:10 2026] GET /v3/16d9a3e9ade34cd78b1e87c30473d6e7/os-quota-sets/f066eb08a64c4c70a00f574a391f26b8?usage=true => generated 847 bytes in 18 msecs (HTTP/1.1 200) 7 headers in 285 bytes (1 switches on core 0)
2026-03-04 06:14:10.869 7 INFO cinder.api.openstack.wsgi [req-6b4f46eb-a117-4e78-a44f-b4ee965a18c7 req-2960c989-d9f3-49fa-a8db-fb0ad995322b 4dc71f851c964edca82cf8795711c48e 16d9a3e9ade34cd78b1e87c30473d6e7 - - default default] http://cinder-api.openstack.svc.cluster.local:8776/v3/16d9a3e9ade34cd78b1e87c30473d6e7/attachments/3ee85b71-f040-4eef-a1a2-9c25b14d2680 returned with HTTP 200 [pid: 7|app: 0|req: 458/921] 162.253.55.49 () {40 vars in 1134 bytes} [Wed Mar 4 06:14:09 2026] PUT /v3/16d9a3e9ade34cd78b1e87c30473d6e7/attachments/3ee85b71-f040-4eef-a1a2-9c25b14d2680 => generated 802 bytes in 1054 msecs (HTTP/1.1 200) 7 headers in 286 bytes (1 switches on core 0)
2026-03-04 06:14:11.046 7 INFO cinder.api.openstack.wsgi [req-6b4f46eb-a117-4e78-a44f-b4ee965a18c7 req-2960c989-d9f3-49fa-a8db-fb0ad995322b 4dc71f851c964edca82cf8795711c48e 16d9a3e9ade34cd78b1e87c30473d6e7 - - default default] GET http://10.0.0.221:8776/
2026-03-04 06:14:11.047 8 INFO cinder.api.openstack.wsgi [None req-a124a208-f8a6-4f96-805b-aa5d3fa0a0c0 4dc71f851c964edca82cf8795711c48e 16d9a3e9ade34cd78b1e87c30473d6e7 - - default default] GET http://10.0.0.221:8776/
2026-03-04 06:14:11.047 7 INFO cinder.api.openstack.wsgi [req-6b4f46eb-a117-4e78-a44f-b4ee965a18c7 req-2960c989-d9f3-49fa-a8db-fb0ad995322b 4dc71f851c964edca82cf8795711c48e 16d9a3e9ade34cd78b1e87c30473d6e7 - - default default] http://10.0.0.221:8776/ returned with HTTP 300
2026-03-04 06:14:11.048 8 INFO cinder.api.openstack.wsgi [None req-a124a208-f8a6-4f96-805b-aa5d3fa0a0c0 4dc71f851c964edca82cf8795711c48e 16d9a3e9ade34cd78b1e87c30473d6e7 - - default default] http://10.0.0.221:8776/ returned with HTTP 300 /var/lib/openstack/lib/python3.12/site-packages/pycadf/identifier.py:70: UserWarning: Invalid uuid: cinderv3. To ensure interoperability, identifiers should be a valid uuid. warnings.warn(('Invalid uuid: %s. To ensure interoperability, '
2026-03-04 06:14:11.390 7 INFO cinder.api.openstack.wsgi [req-6b4f46eb-a117-4e78-a44f-b4ee965a18c7 req-414988f2-1d8a-40d6-b82b-43feb1cc93c7 4dc71f851c964edca82cf8795711c48e 16d9a3e9ade34cd78b1e87c30473d6e7 - - default default] POST http://cinder-api.openstack.svc.cluster.local:8776/v3/16d9a3e9ade34cd78b1e87c30473d6e7/attachments/3ee85b71-f040-4eef-a1a2-9c25b14d2680/action /var/lib/openstack/lib/python3.12/site-packages/oslo_context/context.py:101: DeprecationWarning: Policy enforcement is depending on the value of is_admin. This key is deprecated. Please update your policy file to use the standard policy values. warnings.warn(
2026-03-04 06:14:11.433 7 INFO cinder.api.openstack.wsgi [req-6b4f46eb-a117-4e78-a44f-b4ee965a18c7 req-414988f2-1d8a-40d6-b82b-43feb1cc93c7 4dc71f851c964edca82cf8795711c48e 16d9a3e9ade34cd78b1e87c30473d6e7 - - default default] http://cinder-api.openstack.svc.cluster.local:8776/v3/16d9a3e9ade34cd78b1e87c30473d6e7/attachments/3ee85b71-f040-4eef-a1a2-9c25b14d2680/action returned with HTTP 204 [pid: 7|app: 0|req: 460/924] 162.253.55.49 () {40 vars in 1147 bytes} [Wed Mar 4 06:14:11 2026] POST /v3/16d9a3e9ade34cd78b1e87c30473d6e7/attachments/3ee85b71-f040-4eef-a1a2-9c25b14d2680/action => generated 0 bytes in 56 msecs (HTTP/1.1 204) 7 headers in 292 bytes (1 switches on core 0)
2026-03-04 06:14:12.092 8 INFO cinder.api.openstack.wsgi [req-8e90f641-fb58-49a9-bf2b-afdda5b2016f req-25f8f008-09e4-4521-805a-17fd2d66d163 4dc71f851c964edca82cf8795711c48e 16d9a3e9ade34cd78b1e87c30473d6e7 - - default default] GET http://cinder-api.openstack.svc.cluster.local:8776/v3/16d9a3e9ade34cd78b1e87c30473d6e7/volumes/0a6b3dd9-b2cf-45ae-8f46-ee3e98edba58 /var/lib/openstack/lib/python3.12/site-packages/oslo_context/context.py:101: DeprecationWarning: Policy enforcement is depending on the value of is_admin. This key is deprecated. Please update your policy file to use the standard policy values. warnings.warn(
2026-03-04 06:14:12.107 8 INFO cinder.volume.api [req-8e90f641-fb58-49a9-bf2b-afdda5b2016f req-25f8f008-09e4-4521-805a-17fd2d66d163 4dc71f851c964edca82cf8795711c48e 16d9a3e9ade34cd78b1e87c30473d6e7 - - default default] Volume info retrieved successfully.
2026-03-04 06:14:12.112 8 INFO cinder.api.openstack.wsgi [req-8e90f641-fb58-49a9-bf2b-afdda5b2016f req-25f8f008-09e4-4521-805a-17fd2d66d163 4dc71f851c964edca82cf8795711c48e 16d9a3e9ade34cd78b1e87c30473d6e7 - - default default] http://cinder-api.openstack.svc.cluster.local:8776/v3/16d9a3e9ade34cd78b1e87c30473d6e7/volumes/0a6b3dd9-b2cf-45ae-8f46-ee3e98edba58 returned with HTTP 200 [pid: 8|app: 0|req: 465/925] 162.253.55.49 () {32 vars in 824 bytes} [Wed Mar 4 06:14:12 2026] GET /v3/16d9a3e9ade34cd78b1e87c30473d6e7/volumes/0a6b3dd9-b2cf-45ae-8f46-ee3e98edba58 => generated 1787 bytes in 26 msecs (HTTP/1.1 200) 7 headers in 286 bytes (1 switches on core 0) /var/lib/openstack/lib/python3.12/site-packages/pycadf/identifier.py:70: UserWarning: Invalid uuid: cinderv3. To ensure interoperability, identifiers should be a valid uuid. warnings.warn(('Invalid uuid: %s. To ensure interoperability, '
2026-03-04 06:14:15.328 7 INFO cinder.api.openstack.wsgi [req-8e90f641-fb58-49a9-bf2b-afdda5b2016f req-ed3aa82c-291f-4391-b601-0175463af446 4dc71f851c964edca82cf8795711c48e 16d9a3e9ade34cd78b1e87c30473d6e7 - - default default] GET http://cinder-api.openstack.svc.cluster.local:8776/v3/16d9a3e9ade34cd78b1e87c30473d6e7/volumes/0a6b3dd9-b2cf-45ae-8f46-ee3e98edba58 /var/lib/openstack/lib/python3.12/site-packages/oslo_context/context.py:101: DeprecationWarning: Policy enforcement is depending on the value of is_admin. This key is deprecated. Please update your policy file to use the standard policy values. warnings.warn(
2026-03-04 06:14:15.347 7 INFO cinder.volume.api [req-8e90f641-fb58-49a9-bf2b-afdda5b2016f req-ed3aa82c-291f-4391-b601-0175463af446 4dc71f851c964edca82cf8795711c48e 16d9a3e9ade34cd78b1e87c30473d6e7 - - default default] Volume info retrieved successfully.
2026-03-04 06:14:15.353 7 INFO cinder.api.openstack.wsgi [req-8e90f641-fb58-49a9-bf2b-afdda5b2016f req-ed3aa82c-291f-4391-b601-0175463af446 4dc71f851c964edca82cf8795711c48e 16d9a3e9ade34cd78b1e87c30473d6e7 - - default default] http://cinder-api.openstack.svc.cluster.local:8776/v3/16d9a3e9ade34cd78b1e87c30473d6e7/volumes/0a6b3dd9-b2cf-45ae-8f46-ee3e98edba58 returned with HTTP 200 [pid: 7|app: 0|req: 461/926] 162.253.55.49 () {32 vars in 824 bytes} [Wed Mar 4 06:14:15 2026] GET /v3/16d9a3e9ade34cd78b1e87c30473d6e7/volumes/0a6b3dd9-b2cf-45ae-8f46-ee3e98edba58 => generated 1787 bytes in 30 msecs (HTTP/1.1 200) 7 headers in 286 bytes (1 switches on core 0) /var/lib/openstack/lib/python3.12/site-packages/pycadf/identifier.py:70: UserWarning: Invalid uuid: cinderv3. To ensure interoperability, identifiers should be a valid uuid. warnings.warn(('Invalid uuid: %s. To ensure interoperability, '
2026-03-04 06:14:18.215 8 INFO cinder.api.openstack.wsgi [req-8e90f641-fb58-49a9-bf2b-afdda5b2016f req-59831342-c97f-4267-83fa-5cd6b7bf4c98 4dc71f851c964edca82cf8795711c48e 16d9a3e9ade34cd78b1e87c30473d6e7 - - default default] GET http://cinder-api.openstack.svc.cluster.local:8776/v3/16d9a3e9ade34cd78b1e87c30473d6e7/volumes/0a6b3dd9-b2cf-45ae-8f46-ee3e98edba58 /var/lib/openstack/lib/python3.12/site-packages/oslo_context/context.py:101: DeprecationWarning: Policy enforcement is depending on the value of is_admin. This key is deprecated. Please update your policy file to use the standard policy values. warnings.warn(
2026-03-04 06:14:18.232 8 INFO cinder.volume.api [req-8e90f641-fb58-49a9-bf2b-afdda5b2016f req-59831342-c97f-4267-83fa-5cd6b7bf4c98 4dc71f851c964edca82cf8795711c48e 16d9a3e9ade34cd78b1e87c30473d6e7 - - default default] Volume info retrieved successfully.
2026-03-04 06:14:18.238 8 INFO cinder.api.openstack.wsgi [req-8e90f641-fb58-49a9-bf2b-afdda5b2016f req-59831342-c97f-4267-83fa-5cd6b7bf4c98 4dc71f851c964edca82cf8795711c48e 16d9a3e9ade34cd78b1e87c30473d6e7 - - default default] http://cinder-api.openstack.svc.cluster.local:8776/v3/16d9a3e9ade34cd78b1e87c30473d6e7/volumes/0a6b3dd9-b2cf-45ae-8f46-ee3e98edba58 returned with HTTP 200 [pid: 8|app: 0|req: 466/927] 162.253.55.49 () {32 vars in 824 bytes} [Wed Mar 4 06:14:18 2026] GET /v3/16d9a3e9ade34cd78b1e87c30473d6e7/volumes/0a6b3dd9-b2cf-45ae-8f46-ee3e98edba58 => generated 1787 bytes in 32 msecs (HTTP/1.1 200) 7 headers in 286 bytes (1 switches on core 0)
2026-03-04 06:14:21.047 8 INFO cinder.api.openstack.wsgi [req-8e90f641-fb58-49a9-bf2b-afdda5b2016f req-59831342-c97f-4267-83fa-5cd6b7bf4c98 4dc71f851c964edca82cf8795711c48e 16d9a3e9ade34cd78b1e87c30473d6e7 - - default default] GET http://10.0.0.221:8776/
2026-03-04 06:14:21.047 7 INFO cinder.api.openstack.wsgi [req-8e90f641-fb58-49a9-bf2b-afdda5b2016f req-ed3aa82c-291f-4391-b601-0175463af446 4dc71f851c964edca82cf8795711c48e 16d9a3e9ade34cd78b1e87c30473d6e7 - - default default] GET http://10.0.0.221:8776/
2026-03-04 06:14:21.047 8 INFO cinder.api.openstack.wsgi [req-8e90f641-fb58-49a9-bf2b-afdda5b2016f req-59831342-c97f-4267-83fa-5cd6b7bf4c98 4dc71f851c964edca82cf8795711c48e 16d9a3e9ade34cd78b1e87c30473d6e7 - - default default] http://10.0.0.221:8776/ returned with HTTP 300
2026-03-04 06:14:21.048 7 INFO cinder.api.openstack.wsgi [req-8e90f641-fb58-49a9-bf2b-afdda5b2016f req-ed3aa82c-291f-4391-b601-0175463af446 4dc71f851c964edca82cf8795711c48e 16d9a3e9ade34cd78b1e87c30473d6e7 - - default default] http://10.0.0.221:8776/ returned with HTTP 300
2026-03-04 06:14:31.047 7 INFO cinder.api.openstack.wsgi [req-8e90f641-fb58-49a9-bf2b-afdda5b2016f req-ed3aa82c-291f-4391-b601-0175463af446 4dc71f851c964edca82cf8795711c48e 16d9a3e9ade34cd78b1e87c30473d6e7 - - default default] GET http://10.0.0.221:8776/
2026-03-04 06:14:31.047 8 INFO cinder.api.openstack.wsgi [req-8e90f641-fb58-49a9-bf2b-afdda5b2016f req-59831342-c97f-4267-83fa-5cd6b7bf4c98 4dc71f851c964edca82cf8795711c48e 16d9a3e9ade34cd78b1e87c30473d6e7 - - default default] GET http://10.0.0.221:8776/
2026-03-04 06:14:31.048 7 INFO cinder.api.openstack.wsgi [req-8e90f641-fb58-49a9-bf2b-afdda5b2016f req-ed3aa82c-291f-4391-b601-0175463af446 4dc71f851c964edca82cf8795711c48e 16d9a3e9ade34cd78b1e87c30473d6e7 - - default default] http://10.0.0.221:8776/ returned with HTTP 300
2026-03-04 06:14:31.048 8 INFO cinder.api.openstack.wsgi [req-8e90f641-fb58-49a9-bf2b-afdda5b2016f req-59831342-c97f-4267-83fa-5cd6b7bf4c98 4dc71f851c964edca82cf8795711c48e 16d9a3e9ade34cd78b1e87c30473d6e7 - - default default] http://10.0.0.221:8776/ returned with HTTP 300
2026-03-04 06:14:41.046 7 INFO cinder.api.openstack.wsgi [req-8e90f641-fb58-49a9-bf2b-afdda5b2016f req-ed3aa82c-291f-4391-b601-0175463af446 4dc71f851c964edca82cf8795711c48e 16d9a3e9ade34cd78b1e87c30473d6e7 - - default default] GET http://10.0.0.221:8776/
2026-03-04 06:14:41.046 8 INFO cinder.api.openstack.wsgi [req-8e90f641-fb58-49a9-bf2b-afdda5b2016f req-59831342-c97f-4267-83fa-5cd6b7bf4c98 4dc71f851c964edca82cf8795711c48e 16d9a3e9ade34cd78b1e87c30473d6e7 - - default default] GET http://10.0.0.221:8776/
2026-03-04 06:14:41.047 7 INFO cinder.api.openstack.wsgi [req-8e90f641-fb58-49a9-bf2b-afdda5b2016f req-ed3aa82c-291f-4391-b601-0175463af446 4dc71f851c964edca82cf8795711c48e 16d9a3e9ade34cd78b1e87c30473d6e7 - - default default] http://10.0.0.221:8776/ returned with HTTP 300
2026-03-04 06:14:41.047 8 INFO cinder.api.openstack.wsgi [req-8e90f641-fb58-49a9-bf2b-afdda5b2016f req-59831342-c97f-4267-83fa-5cd6b7bf4c98 4dc71f851c964edca82cf8795711c48e 16d9a3e9ade34cd78b1e87c30473d6e7 - - default default] http://10.0.0.221:8776/ returned with HTTP 300
2026-03-04 06:14:51.047 7 INFO cinder.api.openstack.wsgi [req-8e90f641-fb58-49a9-bf2b-afdda5b2016f req-ed3aa82c-291f-4391-b601-0175463af446 4dc71f851c964edca82cf8795711c48e 16d9a3e9ade34cd78b1e87c30473d6e7 - - default default] GET http://10.0.0.221:8776/
2026-03-04 06:14:51.048 7 INFO cinder.api.openstack.wsgi [req-8e90f641-fb58-49a9-bf2b-afdda5b2016f req-ed3aa82c-291f-4391-b601-0175463af446 4dc71f851c964edca82cf8795711c48e 16d9a3e9ade34cd78b1e87c30473d6e7 - - default default] http://10.0.0.221:8776/ returned with HTTP 300
2026-03-04 06:14:51.049 8 INFO cinder.api.openstack.wsgi [req-8e90f641-fb58-49a9-bf2b-afdda5b2016f req-59831342-c97f-4267-83fa-5cd6b7bf4c98 4dc71f851c964edca82cf8795711c48e 16d9a3e9ade34cd78b1e87c30473d6e7 - - default default] GET http://10.0.0.221:8776/
2026-03-04 06:14:51.051 8 INFO cinder.api.openstack.wsgi [req-8e90f641-fb58-49a9-bf2b-afdda5b2016f req-59831342-c97f-4267-83fa-5cd6b7bf4c98 4dc71f851c964edca82cf8795711c48e 16d9a3e9ade34cd78b1e87c30473d6e7 - - default default] http://10.0.0.221:8776/ returned with HTTP 300
2026-03-04 06:15:01.047 7 INFO cinder.api.openstack.wsgi [req-8e90f641-fb58-49a9-bf2b-afdda5b2016f req-ed3aa82c-291f-4391-b601-0175463af446 4dc71f851c964edca82cf8795711c48e 16d9a3e9ade34cd78b1e87c30473d6e7 - - default default] GET http://10.0.0.221:8776/
2026-03-04 06:15:01.047 8 INFO cinder.api.openstack.wsgi [req-8e90f641-fb58-49a9-bf2b-afdda5b2016f req-59831342-c97f-4267-83fa-5cd6b7bf4c98 4dc71f851c964edca82cf8795711c48e 16d9a3e9ade34cd78b1e87c30473d6e7 - - default default] GET http://10.0.0.221:8776/
2026-03-04 06:15:01.048 7 INFO cinder.api.openstack.wsgi [req-8e90f641-fb58-49a9-bf2b-afdda5b2016f req-ed3aa82c-291f-4391-b601-0175463af446 4dc71f851c964edca82cf8795711c48e 16d9a3e9ade34cd78b1e87c30473d6e7 - - default default] http://10.0.0.221:8776/ returned with HTTP 300
2026-03-04 06:15:01.049 8 INFO cinder.api.openstack.wsgi [req-8e90f641-fb58-49a9-bf2b-afdda5b2016f req-59831342-c97f-4267-83fa-5cd6b7bf4c98 4dc71f851c964edca82cf8795711c48e 16d9a3e9ade34cd78b1e87c30473d6e7 - - default default] http://10.0.0.221:8776/ returned with HTTP 300 /var/lib/openstack/lib/python3.12/site-packages/pycadf/identifier.py:70: UserWarning: Invalid uuid: cinderv3. To ensure interoperability, identifiers should be a valid uuid. warnings.warn(('Invalid uuid: %s. To ensure interoperability, '
2026-03-04 06:15:10.180 7 INFO cinder.api.openstack.wsgi [None req-f2585104-d655-4019-af00-5046a1d8bc55 4dc71f851c964edca82cf8795711c48e 16d9a3e9ade34cd78b1e87c30473d6e7 - - default default] GET http://cinder-api.openstack.svc.cluster.local:8776/v3/16d9a3e9ade34cd78b1e87c30473d6e7/volumes/detail?all_tenants=true
2026-03-04 06:15:10.197 7 INFO cinder.volume.api [None req-f2585104-d655-4019-af00-5046a1d8bc55 4dc71f851c964edca82cf8795711c48e 16d9a3e9ade34cd78b1e87c30473d6e7 - - default default] Get all volumes completed successfully. /var/lib/openstack/lib/python3.12/site-packages/oslo_context/context.py:101: DeprecationWarning: Policy enforcement is depending on the value of is_admin. This key is deprecated. Please update your policy file to use the standard policy values. warnings.warn(
2026-03-04 06:15:10.207 7 INFO cinder.api.openstack.wsgi [None req-f2585104-d655-4019-af00-5046a1d8bc55 4dc71f851c964edca82cf8795711c48e 16d9a3e9ade34cd78b1e87c30473d6e7 - - default default] http://cinder-api.openstack.svc.cluster.local:8776/v3/16d9a3e9ade34cd78b1e87c30473d6e7/volumes/detail?all_tenants=true returned with HTTP 200 [pid: 7|app: 0|req: 467/938] 10.0.0.61 () {28 vars in 683 bytes} [Wed Mar 4 06:15:09 2026] GET /v3/16d9a3e9ade34cd78b1e87c30473d6e7/volumes/detail?all_tenants=true => generated 1790 bytes in 242 msecs (HTTP/1.1 200) 7 headers in 286 bytes (1 switches on core 0) /var/lib/openstack/lib/python3.12/site-packages/pycadf/identifier.py:70: UserWarning: Invalid uuid: cinderv3. To ensure interoperability, identifiers should be a valid uuid. warnings.warn(('Invalid uuid: %s. To ensure interoperability, '
2026-03-04 06:15:10.221 8 INFO cinder.api.openstack.wsgi [None req-ab28132c-4bfb-4863-aefa-0c3e657c3cad 4dc71f851c964edca82cf8795711c48e 16d9a3e9ade34cd78b1e87c30473d6e7 - - default default] GET http://cinder-api.openstack.svc.cluster.local:8776/v3/16d9a3e9ade34cd78b1e87c30473d6e7/os-services
2026-03-04 06:15:10.227 8 INFO cinder.api.openstack.wsgi [None req-ab28132c-4bfb-4863-aefa-0c3e657c3cad 4dc71f851c964edca82cf8795711c48e 16d9a3e9ade34cd78b1e87c30473d6e7 - - default default] http://cinder-api.openstack.svc.cluster.local:8776/v3/16d9a3e9ade34cd78b1e87c30473d6e7/os-services returned with HTTP 200 [pid: 8|app: 0|req: 472/939] 10.0.0.61 () {28 vars in 644 bytes} [Wed Mar 4 06:15:10 2026] GET /v3/16d9a3e9ade34cd78b1e87c30473d6e7/os-services => generated 646 bytes in 14 msecs (HTTP/1.1 200) 7 headers in 285 bytes (1 switches on core 0) /var/lib/openstack/lib/python3.12/site-packages/pycadf/identifier.py:70: UserWarning: Invalid uuid: cinderv3. To ensure interoperability, identifiers should be a valid uuid. warnings.warn(('Invalid uuid: %s. To ensure interoperability, '
2026-03-04 06:15:10.246 7 INFO cinder.api.openstack.wsgi [None req-93352136-c892-463a-9fd6-1c4802f19e91 4dc71f851c964edca82cf8795711c48e 16d9a3e9ade34cd78b1e87c30473d6e7 - - default default] GET http://cinder-api.openstack.svc.cluster.local:8776/v3/16d9a3e9ade34cd78b1e87c30473d6e7/scheduler-stats/get_pools?detail=true
2026-03-04 06:15:10.751 7 INFO cinder.api.openstack.wsgi [None req-93352136-c892-463a-9fd6-1c4802f19e91 4dc71f851c964edca82cf8795711c48e 16d9a3e9ade34cd78b1e87c30473d6e7 - - default default] http://cinder-api.openstack.svc.cluster.local:8776/v3/16d9a3e9ade34cd78b1e87c30473d6e7/scheduler-stats/get_pools?detail=true returned with HTTP 200 [pid: 7|app: 0|req: 468/940] 10.0.0.61 () {28 vars in 695 bytes} [Wed Mar 4 06:15:10 2026] GET /v3/16d9a3e9ade34cd78b1e87c30473d6e7/scheduler-stats/get_pools?detail=true => generated 671 bytes in 520 msecs (HTTP/1.1 200) 7 headers in 285 bytes (1 switches on core 0)
2026-03-04 06:15:10.766 8 INFO cinder.api.openstack.wsgi [None req-ef6cd4dc-c593-4363-b280-cd72bd2bbea9 4dc71f851c964edca82cf8795711c48e 16d9a3e9ade34cd78b1e87c30473d6e7 - - default default] GET http://cinder-api.openstack.svc.cluster.local:8776/v3/16d9a3e9ade34cd78b1e87c30473d6e7/snapshots?all_tenants=true
2026-03-04 06:15:10.782 8 INFO cinder.volume.api [None req-ef6cd4dc-c593-4363-b280-cd72bd2bbea9 4dc71f851c964edca82cf8795711c48e 16d9a3e9ade34cd78b1e87c30473d6e7 - - default default] Get all snapshots completed successfully.
2026-03-04 06:15:10.783 8 INFO cinder.api.openstack.wsgi [None req-ef6cd4dc-c593-4363-b280-cd72bd2bbea9 4dc71f851c964edca82cf8795711c48e 16d9a3e9ade34cd78b1e87c30473d6e7 - - default default] http://cinder-api.openstack.svc.cluster.local:8776/v3/16d9a3e9ade34cd78b1e87c30473d6e7/snapshots?all_tenants=true returned with HTTP 200 [pid: 8|app: 0|req: 473/941] 10.0.0.61 () {28 vars in 673 bytes} [Wed Mar 4 06:15:10 2026] GET /v3/16d9a3e9ade34cd78b1e87c30473d6e7/snapshots?all_tenants=true => generated 17 bytes in 28 msecs (HTTP/1.1 200) 7 headers in 284 bytes (1 switches on core 0)
2026-03-04 06:15:10.799 7 INFO cinder.api.openstack.wsgi [None req-9d742621-2a38-4814-a65e-b265f096db5d 4dc71f851c964edca82cf8795711c48e 16d9a3e9ade34cd78b1e87c30473d6e7 - - default default] GET http://cinder-api.openstack.svc.cluster.local:8776/v3/16d9a3e9ade34cd78b1e87c30473d6e7/volumes/detail?all_tenants=true
2026-03-04 06:15:10.821 7 INFO cinder.volume.api [None req-9d742621-2a38-4814-a65e-b265f096db5d 4dc71f851c964edca82cf8795711c48e 16d9a3e9ade34cd78b1e87c30473d6e7 - - default default] Get all volumes completed successfully. /var/lib/openstack/lib/python3.12/site-packages/oslo_context/context.py:101: DeprecationWarning: Policy enforcement is depending on the value of is_admin. This key is deprecated. Please update your policy file to use the standard policy values. warnings.warn(
2026-03-04 06:15:10.827 7 INFO cinder.api.openstack.wsgi [None req-9d742621-2a38-4814-a65e-b265f096db5d 4dc71f851c964edca82cf8795711c48e 16d9a3e9ade34cd78b1e87c30473d6e7 - - default default] http://cinder-api.openstack.svc.cluster.local:8776/v3/16d9a3e9ade34cd78b1e87c30473d6e7/volumes/detail?all_tenants=true returned with HTTP 200 [pid: 7|app: 0|req: 469/942] 10.0.0.61 () {28 vars in 683 bytes} [Wed Mar 4 06:15:10 2026] GET /v3/16d9a3e9ade34cd78b1e87c30473d6e7/volumes/detail?all_tenants=true => generated 1790 bytes in 36 msecs (HTTP/1.1 200) 7 headers in 286 bytes (1 switches on core 0)
2026-03-04 06:15:10.944 8 INFO cinder.api.openstack.wsgi [None req-138d316f-3ad9-404f-a9bf-b572d46c475b 4dc71f851c964edca82cf8795711c48e 16d9a3e9ade34cd78b1e87c30473d6e7 - - default default] GET http://cinder-api.openstack.svc.cluster.local:8776/v3/16d9a3e9ade34cd78b1e87c30473d6e7/os-quota-sets/0b79215d59954c3389901f08da292635?usage=true
2026-03-04 06:15:10.989 8 INFO cinder.api.openstack.wsgi [None req-138d316f-3ad9-404f-a9bf-b572d46c475b 4dc71f851c964edca82cf8795711c48e 16d9a3e9ade34cd78b1e87c30473d6e7 - - default default] http://cinder-api.openstack.svc.cluster.local:8776/v3/16d9a3e9ade34cd78b1e87c30473d6e7/os-quota-sets/0b79215d59954c3389901f08da292635?usage=true returned with HTTP 200 [pid: 8|app: 0|req: 474/943] 10.0.0.61 () {28 vars in 735 bytes} [Wed Mar 4 06:15:10 2026] GET /v3/16d9a3e9ade34cd78b1e87c30473d6e7/os-quota-sets/0b79215d59954c3389901f08da292635?usage=true => generated 847 bytes in 54 msecs (HTTP/1.1 200) 7 headers in 285 bytes (1 switches on core 0) /var/lib/openstack/lib/python3.12/site-packages/pycadf/identifier.py:70: UserWarning: Invalid uuid: cinderv3. To ensure interoperability, identifiers should be a valid uuid. warnings.warn(('Invalid uuid: %s. To ensure interoperability, '
2026-03-04 06:15:11.003 7 INFO cinder.api.openstack.wsgi [None req-64441104-c200-4153-b068-1a7784ad9a0d 4dc71f851c964edca82cf8795711c48e 16d9a3e9ade34cd78b1e87c30473d6e7 - - default default] GET http://cinder-api.openstack.svc.cluster.local:8776/v3/16d9a3e9ade34cd78b1e87c30473d6e7/os-quota-sets/1481468d3b6440c48ca0ebf0a9ce7338?usage=true
2026-03-04 06:15:11.025 7 INFO cinder.api.openstack.wsgi [None req-64441104-c200-4153-b068-1a7784ad9a0d 4dc71f851c964edca82cf8795711c48e 16d9a3e9ade34cd78b1e87c30473d6e7 - - default default] http://cinder-api.openstack.svc.cluster.local:8776/v3/16d9a3e9ade34cd78b1e87c30473d6e7/os-quota-sets/1481468d3b6440c48ca0ebf0a9ce7338?usage=true returned with HTTP 200 [pid: 7|app: 0|req: 470/944] 10.0.0.61 () {28 vars in 735 bytes} [Wed Mar 4 06:15:10 2026] GET /v3/16d9a3e9ade34cd78b1e87c30473d6e7/os-quota-sets/1481468d3b6440c48ca0ebf0a9ce7338?usage=true => generated 847 bytes in 31 msecs (HTTP/1.1 200) 7 headers in 285 bytes (1 switches on core 0)
2026-03-04 06:15:11.037 8 INFO cinder.api.openstack.wsgi [None req-9159009c-c8c5-4f63-b33f-5abdb9503e99 4dc71f851c964edca82cf8795711c48e 16d9a3e9ade34cd78b1e87c30473d6e7 - - default default] GET http://cinder-api.openstack.svc.cluster.local:8776/v3/16d9a3e9ade34cd78b1e87c30473d6e7/os-quota-sets/16d9a3e9ade34cd78b1e87c30473d6e7?usage=true
2026-03-04 06:15:11.047 7 INFO cinder.api.openstack.wsgi [None req-64441104-c200-4153-b068-1a7784ad9a0d 4dc71f851c964edca82cf8795711c48e 16d9a3e9ade34cd78b1e87c30473d6e7 - - default default] GET http://10.0.0.221:8776/
2026-03-04 06:15:11.048 7 INFO cinder.api.openstack.wsgi [None req-64441104-c200-4153-b068-1a7784ad9a0d 4dc71f851c964edca82cf8795711c48e 16d9a3e9ade34cd78b1e87c30473d6e7 - - default default] http://10.0.0.221:8776/ returned with HTTP 300
2026-03-04 06:15:11.051 7 INFO cinder.api.openstack.wsgi [None req-64441104-c200-4153-b068-1a7784ad9a0d 4dc71f851c964edca82cf8795711c48e 16d9a3e9ade34cd78b1e87c30473d6e7 - - default default] GET http://10.0.0.221:8776/
2026-03-04 06:15:11.053 7 INFO cinder.api.openstack.wsgi [None req-64441104-c200-4153-b068-1a7784ad9a0d 4dc71f851c964edca82cf8795711c48e 16d9a3e9ade34cd78b1e87c30473d6e7 - - default default] http://10.0.0.221:8776/ returned with HTTP 300
2026-03-04 06:15:11.056 8 INFO cinder.api.openstack.wsgi [None req-9159009c-c8c5-4f63-b33f-5abdb9503e99 4dc71f851c964edca82cf8795711c48e 16d9a3e9ade34cd78b1e87c30473d6e7 - - default default] http://cinder-api.openstack.svc.cluster.local:8776/v3/16d9a3e9ade34cd78b1e87c30473d6e7/os-quota-sets/16d9a3e9ade34cd78b1e87c30473d6e7?usage=true returned with HTTP 200 [pid: 8|app: 0|req: 475/947] 10.0.0.61 () {28 vars in 735 bytes} [Wed Mar 4 06:15:11 2026] GET /v3/16d9a3e9ade34cd78b1e87c30473d6e7/os-quota-sets/16d9a3e9ade34cd78b1e87c30473d6e7?usage=true => generated 847 bytes in 28 msecs (HTTP/1.1 200) 7 headers in 285 bytes (1 switches on core 0)
2026-03-04 06:15:11.065 7 INFO cinder.api.openstack.wsgi [None req-22c79684-8b95-4a9c-b34e-738f5261af5f 4dc71f851c964edca82cf8795711c48e 16d9a3e9ade34cd78b1e87c30473d6e7 - - default default] GET http://cinder-api.openstack.svc.cluster.local:8776/v3/16d9a3e9ade34cd78b1e87c30473d6e7/os-quota-sets/31562c285c79461a9c7a12d1f03b11e3?usage=true
2026-03-04 06:15:11.092 7 INFO cinder.api.openstack.wsgi [None req-22c79684-8b95-4a9c-b34e-738f5261af5f 4dc71f851c964edca82cf8795711c48e 16d9a3e9ade34cd78b1e87c30473d6e7 - - default default] http://cinder-api.openstack.svc.cluster.local:8776/v3/16d9a3e9ade34cd78b1e87c30473d6e7/os-quota-sets/31562c285c79461a9c7a12d1f03b11e3?usage=true returned with HTTP 200 [pid: 7|app: 0|req: 473/948] 10.0.0.61 () {28 vars in 735 bytes} [Wed Mar 4 06:15:11 2026] GET /v3/16d9a3e9ade34cd78b1e87c30473d6e7/os-quota-sets/31562c285c79461a9c7a12d1f03b11e3?usage=true => generated 847 bytes in 35 msecs (HTTP/1.1 200) 7 headers in 285 bytes (1 switches on core 0)
2026-03-04 06:15:11.105 8 INFO cinder.api.openstack.wsgi [None req-7614449e-864f-4726-bb07-956bcb022e8e 4dc71f851c964edca82cf8795711c48e 16d9a3e9ade34cd78b1e87c30473d6e7 - - default default] GET http://cinder-api.openstack.svc.cluster.local:8776/v3/16d9a3e9ade34cd78b1e87c30473d6e7/os-quota-sets/3ad99e200da3415ea721e95348f2ffd0?usage=true
2026-03-04 06:15:11.124 8 INFO cinder.api.openstack.wsgi [None req-7614449e-864f-4726-bb07-956bcb022e8e 4dc71f851c964edca82cf8795711c48e 16d9a3e9ade34cd78b1e87c30473d6e7 - - default default] http://cinder-api.openstack.svc.cluster.local:8776/v3/16d9a3e9ade34cd78b1e87c30473d6e7/os-quota-sets/3ad99e200da3415ea721e95348f2ffd0?usage=true returned with HTTP 200 [pid: 8|app: 0|req: 476/949] 10.0.0.61 () {28 vars in 735 bytes} [Wed Mar 4 06:15:11 2026] GET /v3/16d9a3e9ade34cd78b1e87c30473d6e7/os-quota-sets/3ad99e200da3415ea721e95348f2ffd0?usage=true => generated 847 bytes in 26 msecs (HTTP/1.1 200) 7 headers in 285 bytes (1 switches on core 0)
2026-03-04 06:15:11.132 7 INFO cinder.api.openstack.wsgi [None req-ddd61c3b-0a0c-49e6-92c1-42f342803b9a 4dc71f851c964edca82cf8795711c48e 16d9a3e9ade34cd78b1e87c30473d6e7 - - default default] GET http://cinder-api.openstack.svc.cluster.local:8776/v3/16d9a3e9ade34cd78b1e87c30473d6e7/os-quota-sets/488eb12297804cd899825f25ab201ee3?usage=true
