Mar 05 16:42:35.955513 np0000157917 devstack@neutron-api.service[103378]: DEBUG neutron.api.extensions [None req-0435dc32-6c75-4220-a3c5-eee6a67a08ed None None] Extended resource: tags {{(pid=103378) __init__ /opt/stack/neutron/neutron/api/extensions.py:156}}
Mar 05 16:42:35.956454 np0000157917 devstack@neutron-api.service[103379]: WARNING keystonemiddleware.auth_token [None req-f2797d5a-d2b4-44cc-bf70-4dc0c7b59f81 None None] AuthToken middleware is set with keystone_authtoken.service_token_roles_required set to False. This is backwards compatible but deprecated behaviour. Please set this to True.
Mar 05 16:42:35.956498 np0000157917 devstack@neutron-api.service[103378]: DEBUG neutron.api.extensions [None req-0435dc32-6c75-4220-a3c5-eee6a67a08ed None None] Extended resource: tags {{(pid=103378) __init__ /opt/stack/neutron/neutron/api/extensions.py:156}}
Mar 05 16:42:35.957315 np0000157917 devstack@neutron-api.service[103378]: DEBUG neutron.api.extensions [None req-0435dc32-6c75-4220-a3c5-eee6a67a08ed None None] Extended resource: tags {{(pid=103378) __init__ /opt/stack/neutron/neutron/api/extensions.py:156}}
Mar 05 16:42:35.958327 np0000157917 devstack@neutron-api.service[103378]: DEBUG neutron.api.extensions [None req-0435dc32-6c75-4220-a3c5-eee6a67a08ed None None] Extended resource: tags {{(pid=103378) __init__ /opt/stack/neutron/neutron/api/extensions.py:156}}
Mar 05 16:42:35.962112 np0000157917 devstack@neutron-api.service[103378]: WARNING keystonemiddleware.auth_token [None req-0435dc32-6c75-4220-a3c5-eee6a67a08ed None None] AuthToken middleware is set with keystone_authtoken.service_token_roles_required set to False. This is backwards compatible but deprecated behaviour. Please set this to True.
Mar 05 16:42:35.963993 np0000157917 devstack@neutron-api.service[103379]: DEBUG neutron_lib.callbacks.manager [None req-f2797d5a-d2b4-44cc-bf70-4dc0c7b59f81 None None] Publish callbacks ['neutron.plugins.ml2.drivers.ovn.mech_driver.mech_driver.OVNMechanismDriver.pre_fork_initialize-1872586'] for process (None), before_spawn {{(pid=103379) _notify_loop /opt/stack/data/venv/lib/python3.12/site-packages/neutron_lib/callbacks/manager.py:184}}
Mar 05 16:42:35.963993 np0000157917 devstack@neutron-api.service[103379]: DEBUG oslo_concurrency.processutils [None req-f2797d5a-d2b4-44cc-bf70-4dc0c7b59f81 None None] Running cmd (subprocess): ovsdb-client transact ssl:162.253.55.43:6641 --timeout 180 -p /opt/stack/data/CA/int-ca/private/devstack-cert.key -c /opt/stack/data/CA/int-ca/devstack-cert.crt -C /opt/stack/data/CA/int-ca/ca-chain.pem ["OVN_Northbound", {"op": "wait", "timeout": 0, "table": "Port_Group", "where": [["name", "==", "neutron_pg_drop"]], "until": "==", "rows": []}, {"op": "insert", "table": "ACL", "row": {"action": "drop", "direction": "to-lport", "match": "outport == @neutron_pg_drop && ip", "priority": 1001}, "uuid-name": "droptoport"}, {"op": "insert", "table": "ACL", "row": {"action": "drop", "direction": "from-lport", "match": "inport == @neutron_pg_drop && ip", "priority": 1001}, "uuid-name": "dropfromport"}, {"op": "insert", "table": "Port_Group", "row": {"name": "neutron_pg_drop", "acls": ["set", [["named-uuid", "droptoport"], ["named-uuid", "dropfromport"]]]}}] {{(pid=103379) execute /opt/stack/data/venv/lib/python3.12/site-packages/oslo_concurrency/processutils.py:440}}
Mar 05 16:42:35.970310 np0000157917 devstack@neutron-api.service[103378]: DEBUG neutron_lib.callbacks.manager [None req-0435dc32-6c75-4220-a3c5-eee6a67a08ed None None] Publish callbacks ['neutron.plugins.ml2.drivers.ovn.mech_driver.mech_driver.OVNMechanismDriver.pre_fork_initialize-1888007'] for process (None), before_spawn {{(pid=103378) _notify_loop /opt/stack/data/venv/lib/python3.12/site-packages/neutron_lib/callbacks/manager.py:184}}
Mar 05 16:42:35.970787 np0000157917 devstack@neutron-api.service[103378]: DEBUG oslo_concurrency.processutils [None req-0435dc32-6c75-4220-a3c5-eee6a67a08ed None None] Running cmd (subprocess): ovsdb-client transact ssl:162.253.55.43:6641 --timeout 180 -p /opt/stack/data/CA/int-ca/private/devstack-cert.key -c /opt/stack/data/CA/int-ca/devstack-cert.crt -C /opt/stack/data/CA/int-ca/ca-chain.pem ["OVN_Northbound", {"op": "wait", "timeout": 0, "table": "Port_Group", "where": [["name", "==", "neutron_pg_drop"]], "until": "==", "rows": []}, {"op": "insert", "table": "ACL", "row": {"action": "drop", "direction": "to-lport", "match": "outport == @neutron_pg_drop && ip", "priority": 1001}, "uuid-name": "droptoport"}, {"op": "insert", "table": "ACL", "row": {"action": "drop", "direction": "from-lport", "match": "inport == @neutron_pg_drop && ip", "priority": 1001}, "uuid-name": "dropfromport"}, {"op": "insert", "table": "Port_Group", "row": {"name": "neutron_pg_drop", "acls": ["set", [["named-uuid", "droptoport"], ["named-uuid", "dropfromport"]]]}}] {{(pid=103378) execute /opt/stack/data/venv/lib/python3.12/site-packages/oslo_concurrency/processutils.py:440}}
Mar 05 16:42:35.985638 np0000157917 devstack@neutron-api.service[103377]: DEBUG neutron.api.v2.resource_helper [None req-176bc4eb-8b4c-4a43-bda5-580785ad3d17 None None] Service L3_ROUTER_NAT assigned prefix: {{(pid=103377) build_resource_info /opt/stack/neutron/neutron/api/v2/resource_helper.py:77}}
Mar 05 16:42:35.986037 np0000157917 devstack@neutron-api.service[103377]: DEBUG neutron.api.v2.resource_helper [None req-176bc4eb-8b4c-4a43-bda5-580785ad3d17 None None] Service FLAVORS assigned prefix: {{(pid=103377) build_resource_info /opt/stack/neutron/neutron/api/v2/resource_helper.py:77}}
Mar 05 16:42:35.987008 np0000157917 devstack@neutron-api.service[103377]: DEBUG neutron.api.v2.resource_helper [None req-176bc4eb-8b4c-4a43-bda5-580785ad3d17 None None] Service L3_ROUTER_NAT assigned prefix: {{(pid=103377) build_resource_info /opt/stack/neutron/neutron/api/v2/resource_helper.py:77}}
Mar 05 16:42:35.987421 np0000157917 devstack@neutron-api.service[103377]: DEBUG neutron.api.v2.resource_helper [None req-176bc4eb-8b4c-4a43-bda5-580785ad3d17 None None] Service L3_ROUTER_NAT assigned prefix: {{(pid=103377) build_resource_info /opt/stack/neutron/neutron/api/v2/resource_helper.py:77}}
Mar 05 16:42:35.987555 np0000157917 devstack@neutron-api.service[103377]: INFO neutron.quota.resource_registry [None req-176bc4eb-8b4c-4a43-bda5-580785ad3d17 None None] Creating instance of TrackedResource for resource:router
Mar 05 16:42:35.987751 np0000157917 devstack@neutron-api.service[103377]: WARNING neutron.quota.resource_registry [None req-176bc4eb-8b4c-4a43-bda5-580785ad3d17 None None] router is already registered
Mar 05 16:42:35.988107 np0000157917 devstack@neutron-api.service[103377]: INFO neutron.quota.resource_registry [None req-176bc4eb-8b4c-4a43-bda5-580785ad3d17 None None] Creating instance of TrackedResource for resource:floatingip
Mar 05 16:42:35.988288 np0000157917 devstack@neutron-api.service[103377]: WARNING neutron.quota.resource_registry [None req-176bc4eb-8b4c-4a43-bda5-580785ad3d17 None None] floatingip is already registered
Mar 05 16:42:35.989337 np0000157917 devstack@neutron-api.service[103377]: INFO neutron.quota.resource_registry [None req-176bc4eb-8b4c-4a43-bda5-580785ad3d17 None None] Creating instance of CountableResource for resource:rbac_policy
Mar 05 16:42:35.989337 np0000157917 devstack@neutron-api.service[103377]: WARNING neutron.quota.resource_registry [None req-176bc4eb-8b4c-4a43-bda5-580785ad3d17 None None] rbac_policy is already registered
Mar 05 16:42:35.990122 np0000157917 devstack@neutron-api.service[103377]: INFO neutron.quota.resource_registry [None req-176bc4eb-8b4c-4a43-bda5-580785ad3d17 None None] Creating instance of TrackedResource for resource:security_group
Mar 05 16:42:35.990122 np0000157917 devstack@neutron-api.service[103377]: WARNING neutron.quota.resource_registry [None req-176bc4eb-8b4c-4a43-bda5-580785ad3d17 None None] security_group is already registered
Mar 05 16:42:35.990348 np0000157917 devstack@neutron-api.service[103377]: INFO neutron.quota.resource_registry [None req-176bc4eb-8b4c-4a43-bda5-580785ad3d17 None None] Creating instance of TrackedResource for resource:security_group_rule
Mar 05 16:42:35.990486 np0000157917 devstack@neutron-api.service[103377]: WARNING neutron.quota.resource_registry [None req-176bc4eb-8b4c-4a43-bda5-580785ad3d17 None None] security_group_rule is already registered
Mar 05 16:42:35.991078 np0000157917 devstack@neutron-api.service[103377]: DEBUG neutron.api.v2.resource_helper [None req-176bc4eb-8b4c-4a43-bda5-580785ad3d17 None None] Service CORE assigned prefix: {{(pid=103377) build_resource_info /opt/stack/neutron/neutron/api/v2/resource_helper.py:77}}
Mar 05 16:42:35.991208 np0000157917 devstack@neutron-api.service[103377]: INFO neutron.quota.resource_registry [None req-176bc4eb-8b4c-4a43-bda5-580785ad3d17 None None] Creating instance of TrackedResource for resource:subnetpool
Mar 05 16:42:35.991313 np0000157917 devstack@neutron-api.service[103377]: WARNING neutron.quota.resource_registry [None req-176bc4eb-8b4c-4a43-bda5-580785ad3d17 None None] subnetpool is already registered
Mar 05 16:42:35.991944 np0000157917 devstack@neutron-api.service[103377]: DEBUG neutron.api.extensions [None req-176bc4eb-8b4c-4a43-bda5-580785ad3d17 None None] Extended resource: extensions {{(pid=103377) __init__ /opt/stack/neutron/neutron/api/extensions.py:156}}
Mar 05 16:42:35.992793 np0000157917 devstack@neutron-api.service[103377]: DEBUG neutron.api.extensions [None req-176bc4eb-8b4c-4a43-bda5-580785ad3d17 None None] Extended resource: address-groups {{(pid=103377) __init__ /opt/stack/neutron/neutron/api/extensions.py:156}}
Mar 05 16:42:35.993576 np0000157917 devstack@neutron-api.service[103377]: DEBUG neutron.api.extensions [None req-176bc4eb-8b4c-4a43-bda5-580785ad3d17 None None] Extended resource: address-scopes {{(pid=103377) __init__ /opt/stack/neutron/neutron/api/extensions.py:156}}
Mar 05 16:42:35.994143 np0000157917 devstack@neutron-api.service[103377]: DEBUG neutron.api.extensions [None req-176bc4eb-8b4c-4a43-bda5-580785ad3d17 None None] Extended resource: agents {{(pid=103377) __init__ /opt/stack/neutron/neutron/api/extensions.py:156}}
Mar 05 16:42:35.994670 np0000157917 devstack@neutron-api.service[103377]: DEBUG neutron.api.extensions [None req-176bc4eb-8b4c-4a43-bda5-580785ad3d17 None None] Extended resource: auto-allocated-topology {{(pid=103377) __init__ /opt/stack/neutron/neutron/api/extensions.py:156}}
Mar 05 16:42:35.995261 np0000157917 devstack@neutron-api.service[103377]: DEBUG neutron.api.extensions [None req-176bc4eb-8b4c-4a43-bda5-580785ad3d17 None None] Extended resource: availability_zones {{(pid=103377) __init__ /opt/stack/neutron/neutron/api/extensions.py:156}}
Mar 05 16:42:35.995809 np0000157917 devstack@neutron-api.service[103377]: DEBUG neutron.api.extensions [None req-176bc4eb-8b4c-4a43-bda5-580785ad3d17 None None] Extended resource: dhcp-networks {{(pid=103377) __init__ /opt/stack/neutron/neutron/api/extensions.py:156}}
Mar 05 16:42:35.996478 np0000157917 devstack@neutron-api.service[103377]: DEBUG neutron.api.extensions [None req-176bc4eb-8b4c-4a43-bda5-580785ad3d17 None None] Extended resource: dhcp-agents {{(pid=103377) __init__ /opt/stack/neutron/neutron/api/extensions.py:156}}
Mar 05 16:42:35.997183 np0000157917 devstack@neutron-api.service[103377]: DEBUG neutron.api.extensions [None req-176bc4eb-8b4c-4a43-bda5-580785ad3d17 None None] Extended resource: routers {{(pid=103377) __init__ /opt/stack/neutron/neutron/api/extensions.py:156}}
Mar 05 16:42:35.998155 np0000157917 devstack@neutron-api.service[103377]: DEBUG neutron.api.extensions [None req-176bc4eb-8b4c-4a43-bda5-580785ad3d17 None None] Extended resource: flavors {{(pid=103377) __init__ /opt/stack/neutron/neutron/api/extensions.py:156}}
Mar 05 16:42:35.998883 np0000157917 devstack@neutron-api.service[103377]: DEBUG neutron.api.extensions [None req-176bc4eb-8b4c-4a43-bda5-580785ad3d17 None None] Extended resource: service_profiles {{(pid=103377) __init__ /opt/stack/neutron/neutron/api/extensions.py:156}}
Mar 05 16:42:35.999329 np0000157917 devstack@neutron-api.service[103377]: DEBUG neutron.api.extensions [None req-176bc4eb-8b4c-4a43-bda5-580785ad3d17 None None] Extended resource: next_providers {{(pid=103377) __init__ /opt/stack/neutron/neutron/api/extensions.py:156}}
Mar 05 16:42:35.999968 np0000157917 devstack@neutron-api.service[103377]: DEBUG neutron.api.extensions [None req-176bc4eb-8b4c-4a43-bda5-580785ad3d17 None None] Extended resource: service_profiles {{(pid=103377) __init__ /opt/stack/neutron/neutron/api/extensions.py:156}}
Mar 05 16:42:36.000357 np0000157917 devstack@neutron-api.service[103379]: DEBUG oslo_concurrency.processutils [None req-f2797d5a-d2b4-44cc-bf70-4dc0c7b59f81 None None] CMD "ovsdb-client transact ssl:162.253.55.43:6641 --timeout 180 -p /opt/stack/data/CA/int-ca/private/devstack-cert.key -c /opt/stack/data/CA/int-ca/devstack-cert.crt -C /opt/stack/data/CA/int-ca/ca-chain.pem ["OVN_Northbound", {"op": "wait", "timeout": 0, "table": "Port_Group", "where": [["name", "==", "neutron_pg_drop"]], "until": "==", "rows": []}, {"op": "insert", "table": "ACL", "row": {"action": "drop", "direction": "to-lport", "match": "outport == @neutron_pg_drop && ip", "priority": 1001}, "uuid-name": "droptoport"}, {"op": "insert", "table": "ACL", "row": {"action": "drop", "direction": "from-lport", "match": "inport == @neutron_pg_drop && ip", "priority": 1001}, "uuid-name": "dropfromport"}, {"op": "insert", "table": "Port_Group", "row": {"name": "neutron_pg_drop", "acls": ["set", [["named-uuid", "droptoport"], ["named-uuid", "dropfromport"]]]}}]" returned: 0 in 0.036s {{(pid=103379) execute /opt/stack/data/venv/lib/python3.12/site-packages/oslo_concurrency/processutils.py:468}}
Mar 05 16:42:36.000727 np0000157917 devstack@neutron-api.service[103377]: DEBUG neutron.api.extensions [None req-176bc4eb-8b4c-4a43-bda5-580785ad3d17 None None] Extended resource: floatingip-pools {{(pid=103377) __init__ /opt/stack/neutron/neutron/api/extensions.py:156}}
Mar 05 16:42:36.001026 np0000157917 devstack@neutron-api.service[103379]: DEBUG neutron_lib.callbacks.manager [None req-f2797d5a-d2b4-44cc-bf70-4dc0c7b59f81 None None] Publish callbacks ['neutron.plugins.ml2.drivers.ovn.mech_driver.mech_driver.OVNMechanismDriver.post_fork_initialize-1872546', 'neutron.services.ovn_l3.plugin.OVNL3RouterPlugin._post_fork_initialize-1335'] for process (None), after_init {{(pid=103379) _notify_loop /opt/stack/data/venv/lib/python3.12/site-packages/neutron_lib/callbacks/manager.py:184}}
Mar 05 16:42:36.001346 np0000157917 devstack@neutron-api.service[103377]: DEBUG neutron.api.extensions [None req-176bc4eb-8b4c-4a43-bda5-580785ad3d17 None None] Extended resource: routers {{(pid=103377) __init__ /opt/stack/neutron/neutron/api/extensions.py:156}}
Mar 05 16:42:36.002096 np0000157917 devstack@neutron-api.service[103379]: DEBUG oslo_concurrency.lockutils [None req-f2797d5a-d2b4-44cc-bf70-4dc0c7b59f81 None None] Acquiring lock "singleton_lock" {{(pid=103379) lock /opt/stack/data/venv/lib/python3.12/site-packages/oslo_concurrency/lockutils.py:390}}
Mar 05 16:42:36.002096 np0000157917 devstack@neutron-api.service[103379]: DEBUG oslo_concurrency.lockutils [None req-f2797d5a-d2b4-44cc-bf70-4dc0c7b59f81 None None] Acquired lock "singleton_lock" {{(pid=103379) lock /opt/stack/data/venv/lib/python3.12/site-packages/oslo_concurrency/lockutils.py:393}}
Mar 05 16:42:36.002334 np0000157917 devstack@neutron-api.service[103377]: DEBUG neutron.api.extensions [None req-176bc4eb-8b4c-4a43-bda5-580785ad3d17 None None] Extended resource: floatingips {{(pid=103377) __init__ /opt/stack/neutron/neutron/api/extensions.py:156}}
Mar 05 16:42:36.002534 np0000157917 devstack@neutron-api.service[103379]: DEBUG oslo_concurrency.lockutils [None req-f2797d5a-d2b4-44cc-bf70-4dc0c7b59f81 None None] Releasing lock "singleton_lock" {{(pid=103379) lock /opt/stack/data/venv/lib/python3.12/site-packages/oslo_concurrency/lockutils.py:413}}
Mar 05 16:42:36.002747 np0000157917 devstack@neutron-api.service[103377]: DEBUG neutron.api.extensions [None req-176bc4eb-8b4c-4a43-bda5-580785ad3d17 None None] Extended resource: network-ip-availabilities {{(pid=103377) __init__ /opt/stack/neutron/neutron/api/extensions.py:156}}
Mar 05 16:42:36.003295 np0000157917 devstack@neutron-api.service[103377]: DEBUG neutron.api.extensions [None req-176bc4eb-8b4c-4a43-bda5-580785ad3d17 None None] Extended resource: network-ip-availabilities {{(pid=103377) __init__ /opt/stack/neutron/neutron/api/extensions.py:156}}
Mar 05 16:42:36.003873 np0000157917 devstack@neutron-api.service[103377]: DEBUG neutron.api.extensions [None req-176bc4eb-8b4c-4a43-bda5-580785ad3d17 None None] Extended resource: bindings {{(pid=103377) __init__ /opt/stack/neutron/neutron/api/extensions.py:156}}
Mar 05 16:42:36.004876 np0000157917 devstack@neutron-api.service[103377]: DEBUG neutron.api.extensions [None req-176bc4eb-8b4c-4a43-bda5-580785ad3d17 None None] Extended resource: quotas {{(pid=103377) __init__ /opt/stack/neutron/neutron/api/extensions.py:156}}
Mar 05 16:42:36.005489 np0000157917 devstack@neutron-api.service[103377]: DEBUG neutron.api.extensions [None req-176bc4eb-8b4c-4a43-bda5-580785ad3d17 None None] Extended resource: quotas {{(pid=103377) __init__ /opt/stack/neutron/neutron/api/extensions.py:156}}
Mar 05 16:42:36.006346 np0000157917 devstack@neutron-api.service[103379]: DEBUG neutron.plugins.ml2.drivers.ovn.mech_driver.mech_driver [None req-f2797d5a-d2b4-44cc-bf70-4dc0c7b59f81 None None] Hash Ring setup using WSGI start time 2026-03-05 16:42:28+00:00 {{(pid=103379) _init_hash_ring /opt/stack/neutron/neutron/plugins/ml2/drivers/ovn/mech_driver/mech_driver.py:401}}
Mar 05 16:42:36.006910 np0000157917 devstack@neutron-api.service[103378]: DEBUG oslo_concurrency.processutils [None req-0435dc32-6c75-4220-a3c5-eee6a67a08ed None None] CMD "ovsdb-client transact ssl:162.253.55.43:6641 --timeout 180 -p /opt/stack/data/CA/int-ca/private/devstack-cert.key -c /opt/stack/data/CA/int-ca/devstack-cert.crt -C /opt/stack/data/CA/int-ca/ca-chain.pem ["OVN_Northbound", {"op": "wait", "timeout": 0, "table": "Port_Group", "where": [["name", "==", "neutron_pg_drop"]], "until": "==", "rows": []}, {"op": "insert", "table": "ACL", "row": {"action": "drop", "direction": "to-lport", "match": "outport == @neutron_pg_drop && ip", "priority": 1001}, "uuid-name": "droptoport"}, {"op": "insert", "table": "ACL", "row": {"action": "drop", "direction": "from-lport", "match": "inport == @neutron_pg_drop && ip", "priority": 1001}, "uuid-name": "dropfromport"}, {"op": "insert", "table": "Port_Group", "row": {"name": "neutron_pg_drop", "acls": ["set", [["named-uuid", "droptoport"], ["named-uuid", "dropfromport"]]]}}]" returned: 0 in 0.034s {{(pid=103378) execute /opt/stack/data/venv/lib/python3.12/site-packages/oslo_concurrency/processutils.py:468}}
Mar 05 16:42:36.007482 np0000157917 devstack@neutron-api.service[103377]: DEBUG neutron.api.extensions [None req-176bc4eb-8b4c-4a43-bda5-580785ad3d17 None None] Extended resource: rbac-policies {{(pid=103377) __init__ /opt/stack/neutron/neutron/api/extensions.py:156}}
Mar 05 16:42:36.008032 np0000157917 devstack@neutron-api.service[103378]: DEBUG neutron_lib.callbacks.manager [None req-0435dc32-6c75-4220-a3c5-eee6a67a08ed None None] Publish callbacks ['neutron.plugins.ml2.drivers.ovn.mech_driver.mech_driver.OVNMechanismDriver.post_fork_initialize-1888047', 'neutron.services.ovn_l3.plugin.OVNL3RouterPlugin._post_fork_initialize-3473'] for process (None), after_init {{(pid=103378) _notify_loop /opt/stack/data/venv/lib/python3.12/site-packages/neutron_lib/callbacks/manager.py:184}}
Mar 05 16:42:36.008032 np0000157917 devstack@neutron-api.service[103378]: DEBUG oslo_concurrency.lockutils [None req-0435dc32-6c75-4220-a3c5-eee6a67a08ed None None] Acquiring lock "singleton_lock" {{(pid=103378) lock /opt/stack/data/venv/lib/python3.12/site-packages/oslo_concurrency/lockutils.py:390}}
Mar 05 16:42:36.008908 np0000157917 devstack@neutron-api.service[103377]: DEBUG neutron.api.extensions [None req-176bc4eb-8b4c-4a43-bda5-580785ad3d17 None None] Extended resource: default-security-group-rules {{(pid=103377) __init__ /opt/stack/neutron/neutron/api/extensions.py:156}}
Mar 05 16:42:36.009427 np0000157917 devstack@neutron-api.service[103378]: DEBUG oslo_concurrency.lockutils [None req-0435dc32-6c75-4220-a3c5-eee6a67a08ed None None] Acquired lock "singleton_lock" {{(pid=103378) lock /opt/stack/data/venv/lib/python3.12/site-packages/oslo_concurrency/lockutils.py:393}}
Mar 05 16:42:36.009427 np0000157917 devstack@neutron-api.service[103378]: DEBUG oslo_concurrency.lockutils [None req-0435dc32-6c75-4220-a3c5-eee6a67a08ed None None] Releasing lock "singleton_lock" {{(pid=103378) lock /opt/stack/data/venv/lib/python3.12/site-packages/oslo_concurrency/lockutils.py:413}}
Mar 05 16:42:36.010062 np0000157917 devstack@neutron-api.service[103377]: DEBUG neutron.api.extensions [None req-176bc4eb-8b4c-4a43-bda5-580785ad3d17 None None] Extended resource: security-groups {{(pid=103377) __init__ /opt/stack/neutron/neutron/api/extensions.py:156}}
Mar 05 16:42:36.010062 np0000157917 devstack@neutron-api.service[103377]: DEBUG neutron.api.extensions [None req-176bc4eb-8b4c-4a43-bda5-580785ad3d17 None None] Extended resource: security-group-rules {{(pid=103377) __init__ /opt/stack/neutron/neutron/api/extensions.py:156}}
Mar 05 16:42:36.010062 np0000157917 devstack@neutron-api.service[103377]: DEBUG neutron.api.extensions [None req-176bc4eb-8b4c-4a43-bda5-580785ad3d17 None None] Extended resource: service-providers {{(pid=103377) __init__ /opt/stack/neutron/neutron/api/extensions.py:156}}
Mar 05 16:42:36.010062 np0000157917 devstack@neutron-api.service[103377]: DEBUG neutron.api.extensions [None req-176bc4eb-8b4c-4a43-bda5-580785ad3d17 None None] Extended resource: subnetpools {{(pid=103377) __init__ /opt/stack/neutron/neutron/api/extensions.py:156}}
Mar 05 16:42:36.010062 np0000157917 devstack@neutron-api.service[103377]: DEBUG neutron.api.extensions [None req-176bc4eb-8b4c-4a43-bda5-580785ad3d17 None None] Extended resource: tags {{(pid=103377) __init__ /opt/stack/neutron/neutron/api/extensions.py:156}}
Mar 05 16:42:36.010795 np0000157917 devstack@neutron-api.service[103378]: DEBUG neutron.plugins.ml2.drivers.ovn.mech_driver.mech_driver [None req-0435dc32-6c75-4220-a3c5-eee6a67a08ed None None] Hash Ring setup using WSGI start time 2026-03-05 16:42:28+00:00 {{(pid=103378) _init_hash_ring /opt/stack/neutron/neutron/plugins/ml2/drivers/ovn/mech_driver/mech_driver.py:401}}
Mar 05 16:42:36.011321 np0000157917 devstack@neutron-api.service[103377]: DEBUG neutron.api.extensions [None req-176bc4eb-8b4c-4a43-bda5-580785ad3d17 None None] Extended resource: tags {{(pid=103377) __init__ /opt/stack/neutron/neutron/api/extensions.py:156}}
Mar 05 16:42:36.011321 np0000157917 devstack@neutron-api.service[103377]: DEBUG neutron.api.extensions [None req-176bc4eb-8b4c-4a43-bda5-580785ad3d17 None None] Extended resource: tags {{(pid=103377) __init__ /opt/stack/neutron/neutron/api/extensions.py:156}}
Mar 05 16:42:36.011981 np0000157917 devstack@neutron-api.service[103377]: DEBUG neutron.api.extensions [None req-176bc4eb-8b4c-4a43-bda5-580785ad3d17 None None] Extended resource: tags {{(pid=103377) __init__ /opt/stack/neutron/neutron/api/extensions.py:156}}
Mar 05 16:42:36.012579 np0000157917 devstack@neutron-api.service[103379]: INFO neutron.db.ovn_hash_ring_db [None req-f2797d5a-d2b4-44cc-bf70-4dc0c7b59f81 None None] Nodes from host "np0000157917" and group "mechanism_driver" removed from the Hash Ring created at 2026-03-05 16:42:28+00:00
Mar 05 16:42:36.013709 np0000157917 devstack@neutron-api.service[103377]: DEBUG neutron.api.extensions [None req-176bc4eb-8b4c-4a43-bda5-580785ad3d17 None None] Extended resource: tags {{(pid=103377) __init__ /opt/stack/neutron/neutron/api/extensions.py:156}}
Mar 05 16:42:36.015112 np0000157917 devstack@neutron-api.service[103377]: DEBUG neutron.api.extensions [None req-176bc4eb-8b4c-4a43-bda5-580785ad3d17 None None] Extended resource: tags {{(pid=103377) __init__ /opt/stack/neutron/neutron/api/extensions.py:156}}
Mar 05 16:42:36.015576 np0000157917 devstack@neutron-api.service[103379]: INFO neutron.db.ovn_hash_ring_db [None req-f2797d5a-d2b4-44cc-bf70-4dc0c7b59f81 None None] Node 8fa34dafdda45fdeb018d77b9e9f4355 from host "np0000157917" and group "mechanism_driver" added to the Hash Ring
Mar 05 16:42:36.016931 np0000157917 devstack@neutron-api.service[103377]: DEBUG neutron.api.extensions [None req-176bc4eb-8b4c-4a43-bda5-580785ad3d17 None None] Extended resource: tags {{(pid=103377) __init__ /opt/stack/neutron/neutron/api/extensions.py:156}}
Mar 05 16:42:36.016931 np0000157917 devstack@neutron-api.service[103377]: DEBUG neutron.api.extensions [None req-176bc4eb-8b4c-4a43-bda5-580785ad3d17 None None] Extended resource: tags {{(pid=103377) __init__ /opt/stack/neutron/neutron/api/extensions.py:156}}
Mar 05 16:42:36.017463 np0000157917 devstack@neutron-api.service[103379]: DEBUG neutron.plugins.ml2.drivers.ovn.mech_driver.mech_driver [None req-f2797d5a-d2b4-44cc-bf70-4dc0c7b59f81 None None] Hash Ring setup, this worker has detected 2 OVN hash ring registers in the database {{(pid=103379) _init_hash_ring /opt/stack/neutron/neutron/plugins/ml2/drivers/ovn/mech_driver/mech_driver.py:411}}
Mar 05 16:42:36.017723 np0000157917 devstack@neutron-api.service[103377]: DEBUG neutron.api.extensions [None req-176bc4eb-8b4c-4a43-bda5-580785ad3d17 None None] Extended resource: tags {{(pid=103377) __init__ /opt/stack/neutron/neutron/api/extensions.py:156}}
Mar 05 16:42:36.018301 np0000157917 devstack@neutron-api.service[103377]: DEBUG neutron.api.extensions [None req-176bc4eb-8b4c-4a43-bda5-580785ad3d17 None None] Extended resource: tags {{(pid=103377) __init__ /opt/stack/neutron/neutron/api/extensions.py:156}}
Mar 05 16:42:36.021442 np0000157917 devstack@neutron-api.service[103378]: INFO neutron.db.ovn_hash_ring_db [None req-0435dc32-6c75-4220-a3c5-eee6a67a08ed None None] Nodes from host "np0000157917" and group "mechanism_driver" removed from the Hash Ring created at 2026-03-05 16:42:28+00:00
Mar 05 16:42:36.021893 np0000157917 devstack@neutron-api.service[103379]: DEBUG neutron.plugins.ml2.drivers.ovn.mech_driver.ovsdb.maintenance [None req-f2797d5a-d2b4-44cc-bf70-4dc0c7b59f81 None None] Periodic task found: HashRingHealthCheckPeriodics.touch_hash_ring_node {{(pid=103379) add_periodics /opt/stack/neutron/neutron/plugins/ml2/drivers/ovn/mech_driver/ovsdb/maintenance.py:99}}
Mar 05 16:42:36.022085 np0000157917 devstack@neutron-api.service[103377]: WARNING keystonemiddleware.auth_token [None req-176bc4eb-8b4c-4a43-bda5-580785ad3d17 None None] AuthToken middleware is set with keystone_authtoken.service_token_roles_required set to False. This is backwards compatible but deprecated behaviour. Please set this to True.
Mar 05 16:42:36.022884 np0000157917 devstack@neutron-api.service[103379]: INFO neutron.plugins.ml2.drivers.ovn.mech_driver.mech_driver [None req-f2797d5a-d2b4-44cc-bf70-4dc0c7b59f81 None None] Hash Ring probing thread for node 8fa34dafdda45fdeb018d77b9e9f4355 has started
Mar 05 16:42:36.023321 np0000157917 devstack@neutron-api.service[103379]: INFO neutron.plugins.ml2.drivers.ovn.mech_driver.ovsdb.impl_idl_ovn [None req-f2797d5a-d2b4-44cc-bf70-4dc0c7b59f81 None None] Getting OvsdbNbOvnIdl for WorkerService with retry
Mar 05 16:42:36.024564 np0000157917 devstack@neutron-api.service[103378]: INFO neutron.db.ovn_hash_ring_db [None req-0435dc32-6c75-4220-a3c5-eee6a67a08ed None None] Node 2bf1fb665b235866b22f9f1702064a2f from host "np0000157917" and group "mechanism_driver" added to the Hash Ring
Mar 05 16:42:36.027454 np0000157917 devstack@neutron-api.service[103378]: DEBUG neutron.plugins.ml2.drivers.ovn.mech_driver.mech_driver [None req-0435dc32-6c75-4220-a3c5-eee6a67a08ed None None] Hash Ring setup, this worker has detected 3 OVN hash ring registers in the database {{(pid=103378) _init_hash_ring /opt/stack/neutron/neutron/plugins/ml2/drivers/ovn/mech_driver/mech_driver.py:411}}
Mar 05 16:42:36.029897 np0000157917 devstack@neutron-api.service[103377]: DEBUG neutron_lib.callbacks.manager [None req-176bc4eb-8b4c-4a43-bda5-580785ad3d17 None None] Publish callbacks ['neutron.plugins.ml2.drivers.ovn.mech_driver.mech_driver.OVNMechanismDriver.pre_fork_initialize-1870903'] for process (None), before_spawn {{(pid=103377) _notify_loop /opt/stack/data/venv/lib/python3.12/site-packages/neutron_lib/callbacks/manager.py:184}}
Mar 05 16:42:36.030365 np0000157917 devstack@neutron-api.service[103377]: DEBUG oslo_concurrency.processutils [None req-176bc4eb-8b4c-4a43-bda5-580785ad3d17 None None] Running cmd (subprocess): ovsdb-client transact ssl:162.253.55.43:6641 --timeout 180 -p /opt/stack/data/CA/int-ca/private/devstack-cert.key -c /opt/stack/data/CA/int-ca/devstack-cert.crt -C /opt/stack/data/CA/int-ca/ca-chain.pem ["OVN_Northbound", {"op": "wait", "timeout": 0, "table": "Port_Group", "where": [["name", "==", "neutron_pg_drop"]], "until": "==", "rows": []}, {"op": "insert", "table": "ACL", "row": {"action": "drop", "direction": "to-lport", "match": "outport == @neutron_pg_drop && ip", "priority": 1001}, "uuid-name": "droptoport"}, {"op": "insert", "table": "ACL", "row": {"action": "drop", "direction": "from-lport", "match": "inport == @neutron_pg_drop && ip", "priority": 1001}, "uuid-name": "dropfromport"}, {"op": "insert", "table": "Port_Group", "row": {"name": "neutron_pg_drop", "acls": ["set", [["named-uuid", "droptoport"], ["named-uuid", "dropfromport"]]]}}] {{(pid=103377) execute /opt/stack/data/venv/lib/python3.12/site-packages/oslo_concurrency/processutils.py:440}}
Mar 05 16:42:36.035830 np0000157917 devstack@neutron-api.service[103378]: DEBUG neutron.plugins.ml2.drivers.ovn.mech_driver.ovsdb.maintenance [None req-0435dc32-6c75-4220-a3c5-eee6a67a08ed None None] Periodic task found: HashRingHealthCheckPeriodics.touch_hash_ring_node {{(pid=103378) add_periodics /opt/stack/neutron/neutron/plugins/ml2/drivers/ovn/mech_driver/ovsdb/maintenance.py:99}}
Mar 05 16:42:36.037084 np0000157917 devstack@neutron-api.service[103378]: INFO neutron.plugins.ml2.drivers.ovn.mech_driver.mech_driver [None req-0435dc32-6c75-4220-a3c5-eee6a67a08ed None None] Hash Ring probing thread for node 2bf1fb665b235866b22f9f1702064a2f has started
Mar 05 16:42:36.037940 np0000157917 devstack@neutron-api.service[103378]: INFO neutron.plugins.ml2.drivers.ovn.mech_driver.ovsdb.impl_idl_ovn [None req-0435dc32-6c75-4220-a3c5-eee6a67a08ed None None] Getting OvsdbNbOvnIdl for WorkerService with retry
Mar 05 16:42:36.069763 np0000157917 devstack@neutron-api.service[103379]: DEBUG ovsdbapp.backend.ovs_idl [None req-f2797d5a-d2b4-44cc-bf70-4dc0c7b59f81 None None] Created lookup_table index Logical_Switch.name {{(pid=103379) autocreate_indices /opt/stack/data/venv/lib/python3.12/site-packages/ovsdbapp/backend/ovs_idl/__init__.py:87}}
Mar 05 16:42:36.069962 np0000157917 devstack@neutron-api.service[103379]: DEBUG ovsdbapp.backend.ovs_idl [None req-f2797d5a-d2b4-44cc-bf70-4dc0c7b59f81 None None] Created lookup_table index Logical_Router.name {{(pid=103379) autocreate_indices /opt/stack/data/venv/lib/python3.12/site-packages/ovsdbapp/backend/ovs_idl/__init__.py:87}}
Mar 05 16:42:36.070052 np0000157917 devstack@neutron-api.service[103379]: DEBUG ovsdbapp.backend.ovs_idl [None req-f2797d5a-d2b4-44cc-bf70-4dc0c7b59f81 None None] Created lookup_table index Load_Balancer.name {{(pid=103379) autocreate_indices /opt/stack/data/venv/lib/python3.12/site-packages/ovsdbapp/backend/ovs_idl/__init__.py:87}}
Mar 05 16:42:36.070164 np0000157917 devstack@neutron-api.service[103379]: DEBUG ovsdbapp.backend.ovs_idl [None req-f2797d5a-d2b4-44cc-bf70-4dc0c7b59f81 None None] Created schema index Copp.name {{(pid=103379) autocreate_indices /opt/stack/data/venv/lib/python3.12/site-packages/ovsdbapp/backend/ovs_idl/__init__.py:106}}
Mar 05 16:42:36.070312 np0000157917 devstack@neutron-api.service[103379]: DEBUG ovsdbapp.backend.ovs_idl [None req-f2797d5a-d2b4-44cc-bf70-4dc0c7b59f81 None None] Created schema index Meter.name {{(pid=103379) autocreate_indices /opt/stack/data/venv/lib/python3.12/site-packages/ovsdbapp/backend/ovs_idl/__init__.py:106}}
Mar 05 16:42:36.070425 np0000157917 devstack@neutron-api.service[103379]: DEBUG ovsdbapp.backend.ovs_idl [None req-f2797d5a-d2b4-44cc-bf70-4dc0c7b59f81 None None] Created schema index Load_Balancer_Group.name {{(pid=103379) autocreate_indices /opt/stack/data/venv/lib/python3.12/site-packages/ovsdbapp/backend/ovs_idl/__init__.py:106}}
Mar 05 16:42:36.070592 np0000157917 devstack@neutron-api.service[103379]: DEBUG ovsdbapp.backend.ovs_idl [None req-f2797d5a-d2b4-44cc-bf70-4dc0c7b59f81 None None] Created schema index HA_Chassis_Group.name {{(pid=103379) autocreate_indices /opt/stack/data/venv/lib/python3.12/site-packages/ovsdbapp/backend/ovs_idl/__init__.py:106}}
Mar 05 16:42:36.070757 np0000157917 devstack@neutron-api.service[103379]: DEBUG ovsdbapp.backend.ovs_idl [None req-f2797d5a-d2b4-44cc-bf70-4dc0c7b59f81 None None] Created schema index Address_Set.name {{(pid=103379) autocreate_indices /opt/stack/data/venv/lib/python3.12/site-packages/ovsdbapp/backend/ovs_idl/__init__.py:106}}
Mar 05 16:42:36.070935 np0000157917 devstack@neutron-api.service[103379]: DEBUG ovsdbapp.backend.ovs_idl [None req-f2797d5a-d2b4-44cc-bf70-4dc0c7b59f81 None None] Created schema index Connection.target {{(pid=103379) autocreate_indices /opt/stack/data/venv/lib/python3.12/site-packages/ovsdbapp/backend/ovs_idl/__init__.py:106}}
Mar 05 16:42:36.071151 np0000157917 devstack@neutron-api.service[103379]: DEBUG ovsdbapp.backend.ovs_idl [None req-f2797d5a-d2b4-44cc-bf70-4dc0c7b59f81 None None] Created schema index Gateway_Chassis.name {{(pid=103379) autocreate_indices /opt/stack/data/venv/lib/python3.12/site-packages/ovsdbapp/backend/ovs_idl/__init__.py:106}}
Mar 05 16:42:36.071151 np0000157917 devstack@neutron-api.service[103379]: DEBUG ovsdbapp.backend.ovs_idl [None req-f2797d5a-d2b4-44cc-bf70-4dc0c7b59f81 None None] Created schema index Mirror.name {{(pid=103379) autocreate_indices /opt/stack/data/venv/lib/python3.12/site-packages/ovsdbapp/backend/ovs_idl/__init__.py:106}}
Mar 05 16:42:36.071348 np0000157917 devstack@neutron-api.service[103379]: DEBUG ovsdbapp.backend.ovs_idl [None req-f2797d5a-d2b4-44cc-bf70-4dc0c7b59f81 None None] Created schema index Chassis_Template_Var.chassis {{(pid=103379) autocreate_indices /opt/stack/data/venv/lib/python3.12/site-packages/ovsdbapp/backend/ovs_idl/__init__.py:106}}
Mar 05 16:42:36.071348 np0000157917 devstack@neutron-api.service[103379]: DEBUG ovsdbapp.backend.ovs_idl [None req-f2797d5a-d2b4-44cc-bf70-4dc0c7b59f81 None None] Created schema index Logical_Router_Port.name {{(pid=103379) autocreate_indices /opt/stack/data/venv/lib/python3.12/site-packages/ovsdbapp/backend/ovs_idl/__init__.py:106}}
Mar 05 16:42:36.071547 np0000157917 devstack@neutron-api.service[103379]: DEBUG ovsdbapp.backend.ovs_idl [None req-f2797d5a-d2b4-44cc-bf70-4dc0c7b59f81 None None] Created schema index Port_Group.name {{(pid=103379) autocreate_indices /opt/stack/data/venv/lib/python3.12/site-packages/ovsdbapp/backend/ovs_idl/__init__.py:106}}
Mar 05 16:42:36.071740 np0000157917 devstack@neutron-api.service[103379]: DEBUG ovsdbapp.backend.ovs_idl [None req-f2797d5a-d2b4-44cc-bf70-4dc0c7b59f81 None None] Created schema index Logical_Switch_Port.name {{(pid=103379) autocreate_indices /opt/stack/data/venv/lib/python3.12/site-packages/ovsdbapp/backend/ovs_idl/__init__.py:106}}
Mar 05 16:42:36.074739 np0000157917 devstack@neutron-api.service[103379]: INFO ovsdbapp.backend.ovs_idl.vlog [None req-f2797d5a-d2b4-44cc-bf70-4dc0c7b59f81 None None] ssl:162.253.55.43:6641: connecting...
Mar 05 16:42:36.075341 np0000157917 devstack@neutron-api.service[103377]: DEBUG oslo_concurrency.processutils [None req-176bc4eb-8b4c-4a43-bda5-580785ad3d17 None None] CMD "ovsdb-client transact ssl:162.253.55.43:6641 --timeout 180 -p /opt/stack/data/CA/int-ca/private/devstack-cert.key -c /opt/stack/data/CA/int-ca/devstack-cert.crt -C /opt/stack/data/CA/int-ca/ca-chain.pem ["OVN_Northbound", {"op": "wait", "timeout": 0, "table": "Port_Group", "where": [["name", "==", "neutron_pg_drop"]], "until": "==", "rows": []}, {"op": "insert", "table": "ACL", "row": {"action": "drop", "direction": "to-lport", "match": "outport == @neutron_pg_drop && ip", "priority": 1001}, "uuid-name": "droptoport"}, {"op": "insert", "table": "ACL", "row": {"action": "drop", "direction": "from-lport", "match": "inport == @neutron_pg_drop && ip", "priority": 1001}, "uuid-name": "dropfromport"}, {"op": "insert", "table": "Port_Group", "row": {"name": "neutron_pg_drop", "acls": ["set", [["named-uuid", "droptoport"], ["named-uuid", "dropfromport"]]]}}]" returned: 0 in 0.044s {{(pid=103377) execute /opt/stack/data/venv/lib/python3.12/site-packages/oslo_concurrency/processutils.py:468}}
Mar 05 16:42:36.075946 np0000157917 devstack@neutron-api.service[103377]: DEBUG neutron_lib.callbacks.manager [None req-176bc4eb-8b4c-4a43-bda5-580785ad3d17 None None] Publish callbacks ['neutron.plugins.ml2.drivers.ovn.mech_driver.mech_driver.OVNMechanismDriver.post_fork_initialize-1871055', 'neutron.services.ovn_l3.plugin.OVNL3RouterPlugin._post_fork_initialize-3722'] for process (None), after_init {{(pid=103377) _notify_loop /opt/stack/data/venv/lib/python3.12/site-packages/neutron_lib/callbacks/manager.py:184}}
Mar 05 16:42:36.076653 np0000157917 devstack@neutron-api.service[103377]: DEBUG oslo_concurrency.lockutils [None req-176bc4eb-8b4c-4a43-bda5-580785ad3d17 None None] Acquiring lock "singleton_lock" {{(pid=103377) lock /opt/stack/data/venv/lib/python3.12/site-packages/oslo_concurrency/lockutils.py:390}}
Mar 05 16:42:36.076888 np0000157917 devstack@neutron-api.service[103377]: DEBUG oslo_concurrency.lockutils [None req-176bc4eb-8b4c-4a43-bda5-580785ad3d17 None None] Acquired lock "singleton_lock" {{(pid=103377) lock /opt/stack/data/venv/lib/python3.12/site-packages/oslo_concurrency/lockutils.py:393}}
Mar 05 16:42:36.077466 np0000157917 devstack@neutron-api.service[103377]: DEBUG oslo_concurrency.lockutils [None req-176bc4eb-8b4c-4a43-bda5-580785ad3d17 None None] Releasing lock "singleton_lock" {{(pid=103377) lock /opt/stack/data/venv/lib/python3.12/site-packages/oslo_concurrency/lockutils.py:413}}
Mar 05 16:42:36.080490 np0000157917 devstack@neutron-api.service[103379]: INFO ovsdbapp.backend.ovs_idl.vlog [None req-f2797d5a-d2b4-44cc-bf70-4dc0c7b59f81 None None] ssl:162.253.55.43:6641: connected
Mar 05 16:42:36.080629 np0000157917 devstack@neutron-api.service[103377]: DEBUG neutron.plugins.ml2.drivers.ovn.mech_driver.mech_driver [None req-176bc4eb-8b4c-4a43-bda5-580785ad3d17 None None] Hash Ring setup using WSGI start time 2026-03-05 16:42:28+00:00 {{(pid=103377) _init_hash_ring /opt/stack/neutron/neutron/plugins/ml2/drivers/ovn/mech_driver/mech_driver.py:401}}
Mar 05 16:42:36.088285 np0000157917 devstack@neutron-api.service[103377]: INFO neutron.db.ovn_hash_ring_db [None req-176bc4eb-8b4c-4a43-bda5-580785ad3d17 None None] Nodes from host "np0000157917" and group "mechanism_driver" removed from the Hash Ring created at 2026-03-05 16:42:28+00:00
Mar 05 16:42:36.088598 np0000157917 devstack@neutron-api.service[103378]: DEBUG ovsdbapp.backend.ovs_idl [None req-0435dc32-6c75-4220-a3c5-eee6a67a08ed None None] Created lookup_table index Logical_Switch.name {{(pid=103378) autocreate_indices /opt/stack/data/venv/lib/python3.12/site-packages/ovsdbapp/backend/ovs_idl/__init__.py:87}}
Mar 05 16:42:36.088598 np0000157917 devstack@neutron-api.service[103378]: DEBUG ovsdbapp.backend.ovs_idl [None req-0435dc32-6c75-4220-a3c5-eee6a67a08ed None None] Created lookup_table index Logical_Router.name {{(pid=103378) autocreate_indices /opt/stack/data/venv/lib/python3.12/site-packages/ovsdbapp/backend/ovs_idl/__init__.py:87}}
Mar 05 16:42:36.088598 np0000157917 devstack@neutron-api.service[103378]: DEBUG ovsdbapp.backend.ovs_idl [None req-0435dc32-6c75-4220-a3c5-eee6a67a08ed None None] Created lookup_table index Load_Balancer.name {{(pid=103378) autocreate_indices /opt/stack/data/venv/lib/python3.12/site-packages/ovsdbapp/backend/ovs_idl/__init__.py:87}}
Mar 05 16:42:36.089002 np0000157917 devstack@neutron-api.service[103378]: DEBUG ovsdbapp.backend.ovs_idl [None req-0435dc32-6c75-4220-a3c5-eee6a67a08ed None None] Created schema index Copp.name {{(pid=103378) autocreate_indices /opt/stack/data/venv/lib/python3.12/site-packages/ovsdbapp/backend/ovs_idl/__init__.py:106}}
Mar 05 16:42:36.089002 np0000157917 devstack@neutron-api.service[103378]: DEBUG ovsdbapp.backend.ovs_idl [None req-0435dc32-6c75-4220-a3c5-eee6a67a08ed None None] Created schema index Meter.name {{(pid=103378) autocreate_indices /opt/stack/data/venv/lib/python3.12/site-packages/ovsdbapp/backend/ovs_idl/__init__.py:106}}
Mar 05 16:42:36.089002 np0000157917 devstack@neutron-api.service[103378]: DEBUG ovsdbapp.backend.ovs_idl [None req-0435dc32-6c75-4220-a3c5-eee6a67a08ed None None] Created schema index Load_Balancer_Group.name {{(pid=103378) autocreate_indices /opt/stack/data/venv/lib/python3.12/site-packages/ovsdbapp/backend/ovs_idl/__init__.py:106}}
Mar 05 16:42:36.089301 np0000157917 devstack@neutron-api.service[103378]: DEBUG ovsdbapp.backend.ovs_idl [None req-0435dc32-6c75-4220-a3c5-eee6a67a08ed None None] Created schema index HA_Chassis_Group.name {{(pid=103378) autocreate_indices /opt/stack/data/venv/lib/python3.12/site-packages/ovsdbapp/backend/ovs_idl/__init__.py:106}}
Mar 05 16:42:36.089301 np0000157917 devstack@neutron-api.service[103378]: DEBUG ovsdbapp.backend.ovs_idl [None req-0435dc32-6c75-4220-a3c5-eee6a67a08ed None None] Created schema index Address_Set.name {{(pid=103378) autocreate_indices /opt/stack/data/venv/lib/python3.12/site-packages/ovsdbapp/backend/ovs_idl/__init__.py:106}}
Mar 05 16:42:36.089301 np0000157917 devstack@neutron-api.service[103378]: DEBUG ovsdbapp.backend.ovs_idl [None req-0435dc32-6c75-4220-a3c5-eee6a67a08ed None None] Created schema index Connection.target {{(pid=103378) autocreate_indices /opt/stack/data/venv/lib/python3.12/site-packages/ovsdbapp/backend/ovs_idl/__init__.py:106}}
Mar 05 16:42:36.089301 np0000157917 devstack@neutron-api.service[103378]: DEBUG ovsdbapp.backend.ovs_idl [None req-0435dc32-6c75-4220-a3c5-eee6a67a08ed None None] Created schema index Gateway_Chassis.name {{(pid=103378) autocreate_indices /opt/stack/data/venv/lib/python3.12/site-packages/ovsdbapp/backend/ovs_idl/__init__.py:106}}
Mar 05 16:42:36.089799 np0000157917 devstack@neutron-api.service[103378]: DEBUG ovsdbapp.backend.ovs_idl [None req-0435dc32-6c75-4220-a3c5-eee6a67a08ed None None] Created schema index Mirror.name {{(pid=103378) autocreate_indices /opt/stack/data/venv/lib/python3.12/site-packages/ovsdbapp/backend/ovs_idl/__init__.py:106}}
Mar 05 16:42:36.089799 np0000157917 devstack@neutron-api.service[103378]: DEBUG ovsdbapp.backend.ovs_idl [None req-0435dc32-6c75-4220-a3c5-eee6a67a08ed None None] Created schema index Chassis_Template_Var.chassis {{(pid=103378) autocreate_indices /opt/stack/data/venv/lib/python3.12/site-packages/ovsdbapp/backend/ovs_idl/__init__.py:106}}
Mar 05 16:42:36.089799 np0000157917 devstack@neutron-api.service[103378]: DEBUG ovsdbapp.backend.ovs_idl [None req-0435dc32-6c75-4220-a3c5-eee6a67a08ed None None] Created schema index Logical_Router_Port.name {{(pid=103378) autocreate_indices /opt/stack/data/venv/lib/python3.12/site-packages/ovsdbapp/backend/ovs_idl/__init__.py:106}}
Mar 05 16:42:36.089799 np0000157917 devstack@neutron-api.service[103378]: DEBUG ovsdbapp.backend.ovs_idl [None req-0435dc32-6c75-4220-a3c5-eee6a67a08ed None None] Created schema index Port_Group.name {{(pid=103378) autocreate_indices /opt/stack/data/venv/lib/python3.12/site-packages/ovsdbapp/backend/ovs_idl/__init__.py:106}}
Mar 05 16:42:36.089799 np0000157917 devstack@neutron-api.service[103378]: DEBUG ovsdbapp.backend.ovs_idl [None req-0435dc32-6c75-4220-a3c5-eee6a67a08ed None None] Created schema index Logical_Switch_Port.name {{(pid=103378) autocreate_indices /opt/stack/data/venv/lib/python3.12/site-packages/ovsdbapp/backend/ovs_idl/__init__.py:106}}
Mar 05 16:42:36.091520 np0000157917 devstack@neutron-api.service[103377]: INFO neutron.db.ovn_hash_ring_db [None req-176bc4eb-8b4c-4a43-bda5-580785ad3d17 None None] Node 3dd1515e555656cbbe5f0e7c3b5195ab from host "np0000157917" and group "mechanism_driver" added to the Hash Ring
Mar 05 16:42:36.092405 np0000157917 devstack@neutron-api.service[103378]: INFO ovsdbapp.backend.ovs_idl.vlog [None req-0435dc32-6c75-4220-a3c5-eee6a67a08ed None None] ssl:162.253.55.43:6641: connecting...
Mar 05 16:42:36.094861 np0000157917 devstack@neutron-api.service[103377]: DEBUG neutron.plugins.ml2.drivers.ovn.mech_driver.mech_driver [None req-176bc4eb-8b4c-4a43-bda5-580785ad3d17 None None] Hash Ring setup, this worker has detected 4 OVN hash ring registers in the database {{(pid=103377) _init_hash_ring /opt/stack/neutron/neutron/plugins/ml2/drivers/ovn/mech_driver/mech_driver.py:411}}
Mar 05 16:42:36.099729 np0000157917 devstack@neutron-api.service[103378]: INFO ovsdbapp.backend.ovs_idl.vlog [None req-0435dc32-6c75-4220-a3c5-eee6a67a08ed None None] ssl:162.253.55.43:6641: connected
Mar 05 16:42:36.101945 np0000157917 devstack@neutron-api.service[103377]: DEBUG neutron.plugins.ml2.drivers.ovn.mech_driver.ovsdb.maintenance [None req-176bc4eb-8b4c-4a43-bda5-580785ad3d17 None None] Periodic task found: HashRingHealthCheckPeriodics.touch_hash_ring_node {{(pid=103377) add_periodics /opt/stack/neutron/neutron/plugins/ml2/drivers/ovn/mech_driver/ovsdb/maintenance.py:99}}
Mar 05 16:42:36.103139 np0000157917 devstack@neutron-api.service[103377]: INFO neutron.plugins.ml2.drivers.ovn.mech_driver.mech_driver [None req-176bc4eb-8b4c-4a43-bda5-580785ad3d17 None None] Hash Ring probing thread for node 3dd1515e555656cbbe5f0e7c3b5195ab has started
Mar 05 16:42:36.103864 np0000157917 devstack@neutron-api.service[103377]: INFO neutron.plugins.ml2.drivers.ovn.mech_driver.ovsdb.impl_idl_ovn [None req-176bc4eb-8b4c-4a43-bda5-580785ad3d17 None None] Getting OvsdbNbOvnIdl for WorkerService with retry
Mar 05 16:42:36.116653 np0000157917 devstack@neutron-api.service[103379]: DEBUG neutron.common.ovn.hash_ring_manager [None req-f2797d5a-d2b4-44cc-bf70-4dc0c7b59f81 None None] Allow caching, nodes 4>=4 {{(pid=103379) _wait_startup_before_caching /opt/stack/neutron/neutron/common/ovn/hash_ring_manager.py:65}}
Mar 05 16:42:36.122225 np0000157917 devstack@neutron-api.service[103379]: DEBUG neutron.common.ovn.hash_ring_manager [None req-f2797d5a-d2b4-44cc-bf70-4dc0c7b59f81 None None] Hash Ring loaded. 4 active nodes. 0 offline nodes {{(pid=103379) _load_hash_ring /opt/stack/neutron/neutron/common/ovn/hash_ring_manager.py:102}}
Mar 05 16:42:36.122387 np0000157917 devstack@neutron-api.service[103379]: DEBUG neutron.plugins.ml2.drivers.ovn.mech_driver.ovsdb.ovsdb_monitor [None req-f2797d5a-d2b4-44cc-bf70-4dc0c7b59f81 None None] Hash Ring: Node 8fa34dafdda45fdeb018d77b9e9f4355 (host: np0000157917) handling event "create" for row 072d8252-c389-4fc6-b59d-5fcc416ce0a0 (table: ACL) {{(pid=103379) notify /opt/stack/neutron/neutron/plugins/ml2/drivers/ovn/mech_driver/ovsdb/ovsdb_monitor.py:906}}
Mar 05 16:42:36.122612 np0000157917 devstack@neutron-api.service[103379]: DEBUG neutron.plugins.ml2.drivers.ovn.mech_driver.ovsdb.ovsdb_monitor [None req-f2797d5a-d2b4-44cc-bf70-4dc0c7b59f81 None None] Hash Ring: Node 8fa34dafdda45fdeb018d77b9e9f4355 (host: np0000157917) handling event "create" for row 48ae32a3-fc94-4e48-9f46-357bbbc75036 (table: NB_Global) {{(pid=103379) notify /opt/stack/neutron/neutron/plugins/ml2/drivers/ovn/mech_driver/ovsdb/ovsdb_monitor.py:906}}
Mar 05 16:42:36.123638 np0000157917 devstack@neutron-api.service[103379]: INFO neutron.plugins.ml2.drivers.ovn.mech_driver.ovsdb.impl_idl_ovn [None req-f2797d5a-d2b4-44cc-bf70-4dc0c7b59f81 None None] Getting OvsdbSbOvnIdl for WorkerService with retry
Mar 05 16:42:36.135687 np0000157917 devstack@neutron-api.service[103378]: DEBUG neutron.common.ovn.hash_ring_manager [None req-0435dc32-6c75-4220-a3c5-eee6a67a08ed None None] Allow caching, nodes 4>=4 {{(pid=103378) _wait_startup_before_caching /opt/stack/neutron/neutron/common/ovn/hash_ring_manager.py:65}}
Mar 05 16:42:36.141588 np0000157917 devstack@neutron-api.service[103378]: DEBUG neutron.common.ovn.hash_ring_manager [None req-0435dc32-6c75-4220-a3c5-eee6a67a08ed None None] Hash Ring loaded. 4 active nodes. 0 offline nodes {{(pid=103378) _load_hash_ring /opt/stack/neutron/neutron/common/ovn/hash_ring_manager.py:102}}
Mar 05 16:42:36.142538 np0000157917 devstack@neutron-api.service[103378]: INFO neutron.plugins.ml2.drivers.ovn.mech_driver.ovsdb.impl_idl_ovn [None req-0435dc32-6c75-4220-a3c5-eee6a67a08ed None None] Getting OvsdbSbOvnIdl for WorkerService with retry
Mar 05 16:42:36.153908 np0000157917 devstack@neutron-api.service[103377]: DEBUG ovsdbapp.backend.ovs_idl [None req-176bc4eb-8b4c-4a43-bda5-580785ad3d17 None None] Created lookup_table index Logical_Switch.name {{(pid=103377) autocreate_indices /opt/stack/data/venv/lib/python3.12/site-packages/ovsdbapp/backend/ovs_idl/__init__.py:87}}
Mar 05 16:42:36.154122 np0000157917 devstack@neutron-api.service[103377]: DEBUG ovsdbapp.backend.ovs_idl [None req-176bc4eb-8b4c-4a43-bda5-580785ad3d17 None None] Created lookup_table index Logical_Router.name {{(pid=103377) autocreate_indices /opt/stack/data/venv/lib/python3.12/site-packages/ovsdbapp/backend/ovs_idl/__init__.py:87}}
Mar 05 16:42:36.154396 np0000157917 devstack@neutron-api.service[103377]: DEBUG ovsdbapp.backend.ovs_idl [None req-176bc4eb-8b4c-4a43-bda5-580785ad3d17 None None] Created lookup_table index Load_Balancer.name {{(pid=103377) autocreate_indices /opt/stack/data/venv/lib/python3.12/site-packages/ovsdbapp/backend/ovs_idl/__init__.py:87}}
