Mar 05 16:43:05.493092 np0000157917 systemd[1]: Starting devstack@n-api-meta.service - Devstack devstack@n-api-meta.service...
Mar 05 16:43:05.502259 np0000157917 devstack@n-api-meta.service[108463]: [uWSGI] getting INI configuration from /etc/nova/nova-metadata-uwsgi.ini
Mar 05 16:43:05.502870 np0000157917 devstack@n-api-meta.service[108463]: open("./http_plugin.so"): No such file or directory [core/utils.c line 3709]
Mar 05 16:43:05.502870 np0000157917 devstack@n-api-meta.service[108463]: !!! UNABLE to load uWSGI plugin: ./http_plugin.so: cannot open shared object file: No such file or directory !!!
Mar 05 16:43:05.502870 np0000157917 devstack@n-api-meta.service[108463]: open("./python3_plugin.so"): No such file or directory [core/utils.c line 3709]
Mar 05 16:43:05.502870 np0000157917 devstack@n-api-meta.service[108463]: !!! UNABLE to load uWSGI plugin: ./python3_plugin.so: cannot open shared object file: No such file or directory !!!
Mar 05 16:43:05.502870 np0000157917 devstack@n-api-meta.service[108463]: *** Starting uWSGI 2.0.31 (64bit) on [Thu Mar 5 16:43:05 2026] ***
Mar 05 16:43:05.502870 np0000157917 devstack@n-api-meta.service[108463]: compiled with version: 13.3.0 on 05 March 2026 16:33:02
Mar 05 16:43:05.502870 np0000157917 devstack@n-api-meta.service[108463]: os: Linux-6.8.0-101-generic #101-Ubuntu SMP PREEMPT_DYNAMIC Mon Feb 9 10:15:05 UTC 2026
Mar 05 16:43:05.502870 np0000157917 devstack@n-api-meta.service[108463]: nodename: np0000157917
Mar 05 16:43:05.502870 np0000157917 devstack@n-api-meta.service[108463]: machine: x86_64
Mar 05 16:43:05.502870 np0000157917 devstack@n-api-meta.service[108463]: clock source: unix
Mar 05 16:43:05.502870 np0000157917 devstack@n-api-meta.service[108463]: pcre jit disabled
Mar 05 16:43:05.502870 np0000157917 devstack@n-api-meta.service[108463]: detected number of CPU cores: 16
Mar 05 16:43:05.502870 np0000157917 devstack@n-api-meta.service[108463]: current working directory: /
Mar 05 16:43:05.502870 np0000157917 devstack@n-api-meta.service[108463]: detected binary path: /opt/stack/data/venv/bin/uwsgi
Mar 05 16:43:05.502870 np0000157917 devstack@n-api-meta.service[108463]: your processes number limit is 256917
Mar 05 16:43:05.502870 np0000157917 devstack@n-api-meta.service[108463]: your memory page size is 4096 bytes
Mar 05 16:43:05.502870 np0000157917 devstack@n-api-meta.service[108463]: detected max file descriptor number: 2048
Mar 05 16:43:05.502870 np0000157917 devstack@n-api-meta.service[108463]: lock engine: pthread robust mutexes
Mar 05 16:43:05.502870 np0000157917 devstack@n-api-meta.service[108463]: thunder lock: enabled
Mar 05 16:43:05.503832 np0000157917 devstack@n-api-meta.service[108463]: uWSGI http bound on 0.0.0.0:8775 fd 5
Mar 05 16:43:05.503832 np0000157917 devstack@n-api-meta.service[108463]: uwsgi socket 0 bound to TCP address 127.0.0.1:44419 (port auto-assigned) fd 4
Mar 05 16:43:05.503832 np0000157917 devstack@n-api-meta.service[108463]: Python version: 3.12.3 (main, Jan 22 2026, 20:57:42) [GCC 13.3.0]
Mar 05 16:43:05.503832 np0000157917 devstack@n-api-meta.service[108463]: PEP 405 virtualenv detected: /opt/stack/data/venv
Mar 05 16:43:05.503832 np0000157917 devstack@n-api-meta.service[108463]: Set PythonHome to /opt/stack/data/venv
Mar 05 16:43:05.540629 np0000157917 devstack@n-api-meta.service[108463]: Python main interpreter initialized at 0x7766f96a3668
Mar 05 16:43:05.540629 np0000157917 devstack@n-api-meta.service[108463]: python threads support enabled
Mar 05 16:43:05.540629 np0000157917 devstack@n-api-meta.service[108463]: your server socket listen backlog is limited to 100 connections
Mar 05 16:43:05.540629 np0000157917 devstack@n-api-meta.service[108463]: your mercy for graceful operations on workers is 80 seconds
Mar 05 16:43:05.541200 np0000157917 devstack@n-api-meta.service[108463]: mapped 671795 bytes (656 KB) for 4 cores
Mar 05 16:43:05.541337 np0000157917 devstack@n-api-meta.service[108463]: *** Operational MODE: preforking ***
Mar 05 16:43:05.541542 np0000157917 devstack@n-api-meta.service[108463]: *** uWSGI is running in multiple interpreter mode ***
Mar 05 16:43:05.541542 np0000157917 devstack@n-api-meta.service[108463]: spawned uWSGI master process (pid: 108463)
Mar 05 16:43:05.541718 np0000157917 systemd[1]: Started devstack@n-api-meta.service - Devstack devstack@n-api-meta.service.
Mar 05 16:43:05.542127 np0000157917 devstack@n-api-meta.service[108463]: spawned uWSGI worker 1 (pid: 108464, cores: 1)
Mar 05 16:43:05.542654 np0000157917 devstack@n-api-meta.service[108463]: spawned uWSGI worker 2 (pid: 108465, cores: 1)
Mar 05 16:43:05.543116 np0000157917 devstack@n-api-meta.service[108463]: spawned uWSGI worker 3 (pid: 108466, cores: 1)
Mar 05 16:43:05.543731 np0000157917 devstack@n-api-meta.service[108463]: spawned uWSGI worker 4 (pid: 108467, cores: 1)
Mar 05 16:43:05.544224 np0000157917 devstack@n-api-meta.service[108463]: spawned uWSGI http 1 (pid: 108468)
Mar 05 16:43:05.544224 np0000157917 devstack@n-api-meta.service[108463]: running "unix_signal:15 gracefully_kill_them_all" (master-start)...
Mar 05 16:43:05.881264 np0000157917 devstack@n-api-meta.service[108465]: Service is starting with native threading. This is currently experimental. Do not use it in production without first testing it in pre-production.
Mar 05 16:43:05.883018 np0000157917 devstack@n-api-meta.service[108464]: Service is starting with native threading. This is currently experimental. Do not use it in production without first testing it in pre-production.
Mar 05 16:43:05.901661 np0000157917 devstack@n-api-meta.service[108467]: Service is starting with native threading. This is currently experimental. Do not use it in production without first testing it in pre-production.
Mar 05 16:43:05.910658 np0000157917 devstack@n-api-meta.service[108466]: Service is starting with native threading. This is currently experimental. Do not use it in production without first testing it in pre-production.
Mar 05 16:43:07.271548 np0000157917 devstack@n-api-meta.service[108466]: INFO dbcounter [None req-ddd88861-e6c0-4342-b87d-398f6c74808a None None] Registered counter for database nova_api
Mar 05 16:43:07.284818 np0000157917 devstack@n-api-meta.service[108466]: DEBUG oslo_db.sqlalchemy.engines [None req-ddd88861-e6c0-4342-b87d-398f6c74808a None None] MySQL server mode set to STRICT_TRANS_TABLES,STRICT_ALL_TABLES,NO_ZERO_IN_DATE,NO_ZERO_DATE,ERROR_FOR_DIVISION_BY_ZERO,TRADITIONAL,NO_ENGINE_SUBSTITUTION {{(pid=108466) _check_effective_sql_mode /opt/stack/data/venv/lib/python3.12/site-packages/oslo_db/sqlalchemy/engines.py:325}}
Mar 05 16:43:07.305625 np0000157917 devstack@n-api-meta.service[108467]: INFO dbcounter [None req-687fd412-3569-49c7-8b1c-0296b6aac47d None None] Registered counter for database nova_api
Mar 05 16:43:07.309261 np0000157917 devstack@n-api-meta.service[108464]: INFO dbcounter [None req-cf491824-2194-4f78-be9d-089fc9d932ec None None] Registered counter for database nova_api
Mar 05 16:43:07.315055 np0000157917 devstack@n-api-meta.service[108466]: DEBUG dbcounter [-] [108466] Writer thread running {{(pid=108466) stat_writer /opt/stack/data/venv/lib/python3.12/site-packages/dbcounter.py:102}}
Mar 05 16:43:07.318522 np0000157917 devstack@n-api-meta.service[108466]: DEBUG nova.context [None req-ddd88861-e6c0-4342-b87d-398f6c74808a None None] Found 2 cells: 00000000-0000-0000-0000-000000000000(cell0),e7238d86-9e3a-4076-acdb-2de449f81657(cell1) {{(pid=108466) load_cells /opt/stack/nova/nova/context.py:509}}
Mar 05 16:43:07.318806 np0000157917 devstack@n-api-meta.service[108466]: INFO nova.utils [None req-ddd88861-e6c0-4342-b87d-398f6c74808a None None] The cell worker thread pool MainProcess.cell_worker is initialized
Mar 05 16:43:07.320813 np0000157917 devstack@n-api-meta.service[108466]: DEBUG oslo_concurrency.lockutils [None req-ddd88861-e6c0-4342-b87d-398f6c74808a None None] Acquiring lock "00000000-0000-0000-0000-000000000000" by "nova.context.set_target_cell..get_or_set_cached_cell_and_set_connections" {{(pid=108466) inner /opt/stack/data/venv/lib/python3.12/site-packages/oslo_concurrency/lockutils.py:506}}
Mar 05 16:43:07.320967 np0000157917 devstack@n-api-meta.service[108466]: DEBUG oslo_concurrency.lockutils [None req-ddd88861-e6c0-4342-b87d-398f6c74808a None None] Lock "00000000-0000-0000-0000-000000000000" acquired by "nova.context.set_target_cell..get_or_set_cached_cell_and_set_connections" :: waited 0.000s {{(pid=108466) inner /opt/stack/data/venv/lib/python3.12/site-packages/oslo_concurrency/lockutils.py:519}}
Mar 05 16:43:07.321337 np0000157917 devstack@n-api-meta.service[108466]: DEBUG oslo_concurrency.lockutils [None req-ddd88861-e6c0-4342-b87d-398f6c74808a None None] Lock "00000000-0000-0000-0000-000000000000" "released" by "nova.context.set_target_cell..get_or_set_cached_cell_and_set_connections" :: held 0.000s {{(pid=108466) inner /opt/stack/data/venv/lib/python3.12/site-packages/oslo_concurrency/lockutils.py:538}}
Mar 05 16:43:07.322105 np0000157917 devstack@n-api-meta.service[108466]: DEBUG oslo_concurrency.lockutils [None req-ddd88861-e6c0-4342-b87d-398f6c74808a None None] Acquiring lock "e7238d86-9e3a-4076-acdb-2de449f81657" by "nova.context.set_target_cell..get_or_set_cached_cell_and_set_connections" {{(pid=108466) inner /opt/stack/data/venv/lib/python3.12/site-packages/oslo_concurrency/lockutils.py:506}}
Mar 05 16:43:07.322980 np0000157917 devstack@n-api-meta.service[108466]: DEBUG oslo_concurrency.lockutils [None req-ddd88861-e6c0-4342-b87d-398f6c74808a None None] Lock "e7238d86-9e3a-4076-acdb-2de449f81657" acquired by "nova.context.set_target_cell..get_or_set_cached_cell_and_set_connections" :: waited 0.000s {{(pid=108466) inner /opt/stack/data/venv/lib/python3.12/site-packages/oslo_concurrency/lockutils.py:519}}
Mar 05 16:43:07.323045 np0000157917 devstack@n-api-meta.service[108467]: DEBUG oslo_db.sqlalchemy.engines [None req-687fd412-3569-49c7-8b1c-0296b6aac47d None None] MySQL server mode set to STRICT_TRANS_TABLES,STRICT_ALL_TABLES,NO_ZERO_IN_DATE,NO_ZERO_DATE,ERROR_FOR_DIVISION_BY_ZERO,TRADITIONAL,NO_ENGINE_SUBSTITUTION {{(pid=108467) _check_effective_sql_mode /opt/stack/data/venv/lib/python3.12/site-packages/oslo_db/sqlalchemy/engines.py:325}}
Mar 05 16:43:07.323156 np0000157917 devstack@n-api-meta.service[108466]: DEBUG oslo_concurrency.lockutils [None req-ddd88861-e6c0-4342-b87d-398f6c74808a None None] Lock "e7238d86-9e3a-4076-acdb-2de449f81657" "released" by "nova.context.set_target_cell..get_or_set_cached_cell_and_set_connections" :: held 0.001s {{(pid=108466) inner /opt/stack/data/venv/lib/python3.12/site-packages/oslo_concurrency/lockutils.py:538}}
Mar 05 16:43:07.325749 np0000157917 devstack@n-api-meta.service[108466]: INFO dbcounter [None req-ddd88861-e6c0-4342-b87d-398f6c74808a None None] Registered counter for database nova_cell0
Mar 05 16:43:07.326434 np0000157917 devstack@n-api-meta.service[108464]: DEBUG oslo_db.sqlalchemy.engines [None req-cf491824-2194-4f78-be9d-089fc9d932ec None None] MySQL server mode set to STRICT_TRANS_TABLES,STRICT_ALL_TABLES,NO_ZERO_IN_DATE,NO_ZERO_DATE,ERROR_FOR_DIVISION_BY_ZERO,TRADITIONAL,NO_ENGINE_SUBSTITUTION {{(pid=108464) _check_effective_sql_mode /opt/stack/data/venv/lib/python3.12/site-packages/oslo_db/sqlalchemy/engines.py:325}}
Mar 05 16:43:07.329043 np0000157917 devstack@n-api-meta.service[108466]: INFO dbcounter [None req-ddd88861-e6c0-4342-b87d-398f6c74808a None None] Registered counter for database nova_cell1
Mar 05 16:43:07.333916 np0000157917 devstack@n-api-meta.service[108465]: INFO dbcounter [None req-63a56cf1-5c65-45d4-b618-fc9a032e928d None None] Registered counter for database nova_api
Mar 05 16:43:07.336000 np0000157917 devstack@n-api-meta.service[108466]: DEBUG oslo_db.sqlalchemy.engines [None req-ddd88861-e6c0-4342-b87d-398f6c74808a None None] MySQL server mode set to STRICT_TRANS_TABLES,STRICT_ALL_TABLES,NO_ZERO_IN_DATE,NO_ZERO_DATE,ERROR_FOR_DIVISION_BY_ZERO,TRADITIONAL,NO_ENGINE_SUBSTITUTION {{(pid=108466) _check_effective_sql_mode /opt/stack/data/venv/lib/python3.12/site-packages/oslo_db/sqlalchemy/engines.py:325}}
Mar 05 16:43:07.346886 np0000157917 devstack@n-api-meta.service[108466]: DEBUG oslo_db.sqlalchemy.engines [None req-ddd88861-e6c0-4342-b87d-398f6c74808a None None] MySQL server mode set to STRICT_TRANS_TABLES,STRICT_ALL_TABLES,NO_ZERO_IN_DATE,NO_ZERO_DATE,ERROR_FOR_DIVISION_BY_ZERO,TRADITIONAL,NO_ENGINE_SUBSTITUTION {{(pid=108466) _check_effective_sql_mode /opt/stack/data/venv/lib/python3.12/site-packages/oslo_db/sqlalchemy/engines.py:325}}
Mar 05 16:43:07.350741 np0000157917 devstack@n-api-meta.service[108465]: DEBUG oslo_db.sqlalchemy.engines [None req-63a56cf1-5c65-45d4-b618-fc9a032e928d None None] MySQL server mode set to STRICT_TRANS_TABLES,STRICT_ALL_TABLES,NO_ZERO_IN_DATE,NO_ZERO_DATE,ERROR_FOR_DIVISION_BY_ZERO,TRADITIONAL,NO_ENGINE_SUBSTITUTION {{(pid=108465) _check_effective_sql_mode /opt/stack/data/venv/lib/python3.12/site-packages/oslo_db/sqlalchemy/engines.py:325}}
Mar 05 16:43:07.354270 np0000157917 devstack@n-api-meta.service[108467]: DEBUG dbcounter [-] [108467] Writer thread running {{(pid=108467) stat_writer /opt/stack/data/venv/lib/python3.12/site-packages/dbcounter.py:102}}
Mar 05 16:43:07.356561 np0000157917 devstack@n-api-meta.service[108467]: DEBUG nova.context [None req-687fd412-3569-49c7-8b1c-0296b6aac47d None None] Found 2 cells: 00000000-0000-0000-0000-000000000000(cell0),e7238d86-9e3a-4076-acdb-2de449f81657(cell1) {{(pid=108467) load_cells /opt/stack/nova/nova/context.py:509}}
Mar 05 16:43:07.356879 np0000157917 devstack@n-api-meta.service[108467]: INFO nova.utils [None req-687fd412-3569-49c7-8b1c-0296b6aac47d None None] The cell worker thread pool MainProcess.cell_worker is initialized
Mar 05 16:43:07.358689 np0000157917 devstack@n-api-meta.service[108467]: DEBUG oslo_concurrency.lockutils [None req-687fd412-3569-49c7-8b1c-0296b6aac47d None None] Acquiring lock "00000000-0000-0000-0000-000000000000" by "nova.context.set_target_cell..get_or_set_cached_cell_and_set_connections" {{(pid=108467) inner /opt/stack/data/venv/lib/python3.12/site-packages/oslo_concurrency/lockutils.py:506}}
Mar 05 16:43:07.358924 np0000157917 devstack@n-api-meta.service[108467]: DEBUG oslo_concurrency.lockutils [None req-687fd412-3569-49c7-8b1c-0296b6aac47d None None] Lock "00000000-0000-0000-0000-000000000000" acquired by "nova.context.set_target_cell..get_or_set_cached_cell_and_set_connections" :: waited 0.000s {{(pid=108467) inner /opt/stack/data/venv/lib/python3.12/site-packages/oslo_concurrency/lockutils.py:519}}
Mar 05 16:43:07.359334 np0000157917 devstack@n-api-meta.service[108467]: DEBUG oslo_concurrency.lockutils [None req-687fd412-3569-49c7-8b1c-0296b6aac47d None None] Lock "00000000-0000-0000-0000-000000000000" "released" by "nova.context.set_target_cell..get_or_set_cached_cell_and_set_connections" :: held 0.000s {{(pid=108467) inner /opt/stack/data/venv/lib/python3.12/site-packages/oslo_concurrency/lockutils.py:538}}
Mar 05 16:43:07.360065 np0000157917 devstack@n-api-meta.service[108467]: DEBUG oslo_concurrency.lockutils [None req-687fd412-3569-49c7-8b1c-0296b6aac47d None None] Acquiring lock "e7238d86-9e3a-4076-acdb-2de449f81657" by "nova.context.set_target_cell..get_or_set_cached_cell_and_set_connections" {{(pid=108467) inner /opt/stack/data/venv/lib/python3.12/site-packages/oslo_concurrency/lockutils.py:506}}
Mar 05 16:43:07.362220 np0000157917 devstack@n-api-meta.service[108467]: INFO dbcounter [None req-687fd412-3569-49c7-8b1c-0296b6aac47d None None] Registered counter for database nova_cell0
Mar 05 16:43:07.363760 np0000157917 devstack@n-api-meta.service[108467]: DEBUG oslo_concurrency.lockutils [None req-687fd412-3569-49c7-8b1c-0296b6aac47d None None] Lock "e7238d86-9e3a-4076-acdb-2de449f81657" acquired by "nova.context.set_target_cell..get_or_set_cached_cell_and_set_connections" :: waited 0.002s {{(pid=108467) inner /opt/stack/data/venv/lib/python3.12/site-packages/oslo_concurrency/lockutils.py:519}}
Mar 05 16:43:07.364919 np0000157917 devstack@n-api-meta.service[108467]: DEBUG oslo_concurrency.lockutils [None req-687fd412-3569-49c7-8b1c-0296b6aac47d None None] Lock "e7238d86-9e3a-4076-acdb-2de449f81657" "released" by "nova.context.set_target_cell..get_or_set_cached_cell_and_set_connections" :: held 0.003s {{(pid=108467) inner /opt/stack/data/venv/lib/python3.12/site-packages/oslo_concurrency/lockutils.py:538}}
Mar 05 16:43:07.365993 np0000157917 devstack@n-api-meta.service[108464]: DEBUG dbcounter [-] [108464] Writer thread running {{(pid=108464) stat_writer /opt/stack/data/venv/lib/python3.12/site-packages/dbcounter.py:102}}
Mar 05 16:43:07.367980 np0000157917 devstack@n-api-meta.service[108467]: INFO dbcounter [None req-687fd412-3569-49c7-8b1c-0296b6aac47d None None] Registered counter for database nova_cell1
Mar 05 16:43:07.368526 np0000157917 devstack@n-api-meta.service[108464]: DEBUG nova.context [None req-cf491824-2194-4f78-be9d-089fc9d932ec None None] Found 2 cells: 00000000-0000-0000-0000-000000000000(cell0),e7238d86-9e3a-4076-acdb-2de449f81657(cell1) {{(pid=108464) load_cells /opt/stack/nova/nova/context.py:509}}
Mar 05 16:43:07.368792 np0000157917 devstack@n-api-meta.service[108464]: INFO nova.utils [None req-cf491824-2194-4f78-be9d-089fc9d932ec None None] The cell worker thread pool MainProcess.cell_worker is initialized
Mar 05 16:43:07.370803 np0000157917 devstack@n-api-meta.service[108464]: DEBUG oslo_concurrency.lockutils [None req-cf491824-2194-4f78-be9d-089fc9d932ec None None] Acquiring lock "00000000-0000-0000-0000-000000000000" by "nova.context.set_target_cell..get_or_set_cached_cell_and_set_connections" {{(pid=108464) inner /opt/stack/data/venv/lib/python3.12/site-packages/oslo_concurrency/lockutils.py:506}}
Mar 05 16:43:07.371018 np0000157917 devstack@n-api-meta.service[108464]: DEBUG oslo_concurrency.lockutils [None req-cf491824-2194-4f78-be9d-089fc9d932ec None None] Lock "00000000-0000-0000-0000-000000000000" acquired by "nova.context.set_target_cell..get_or_set_cached_cell_and_set_connections" :: waited 0.000s {{(pid=108464) inner /opt/stack/data/venv/lib/python3.12/site-packages/oslo_concurrency/lockutils.py:519}}
Mar 05 16:43:07.371383 np0000157917 devstack@n-api-meta.service[108464]: DEBUG oslo_concurrency.lockutils [None req-cf491824-2194-4f78-be9d-089fc9d932ec None None] Lock "00000000-0000-0000-0000-000000000000" "released" by "nova.context.set_target_cell..get_or_set_cached_cell_and_set_connections" :: held 0.000s {{(pid=108464) inner /opt/stack/data/venv/lib/python3.12/site-packages/oslo_concurrency/lockutils.py:538}}
Mar 05 16:43:07.372128 np0000157917 devstack@n-api-meta.service[108464]: DEBUG oslo_concurrency.lockutils [None req-cf491824-2194-4f78-be9d-089fc9d932ec None None] Acquiring lock "e7238d86-9e3a-4076-acdb-2de449f81657" by "nova.context.set_target_cell..get_or_set_cached_cell_and_set_connections" {{(pid=108464) inner /opt/stack/data/venv/lib/python3.12/site-packages/oslo_concurrency/lockutils.py:506}}
Mar 05 16:43:07.372332 np0000157917 devstack@n-api-meta.service[108464]: DEBUG oslo_concurrency.lockutils [None req-cf491824-2194-4f78-be9d-089fc9d932ec None None] Lock "e7238d86-9e3a-4076-acdb-2de449f81657" acquired by "nova.context.set_target_cell..get_or_set_cached_cell_and_set_connections" :: waited 0.000s {{(pid=108464) inner /opt/stack/data/venv/lib/python3.12/site-packages/oslo_concurrency/lockutils.py:519}}
Mar 05 16:43:07.373609 np0000157917 devstack@n-api-meta.service[108464]: DEBUG oslo_concurrency.lockutils [None req-cf491824-2194-4f78-be9d-089fc9d932ec None None] Lock "e7238d86-9e3a-4076-acdb-2de449f81657" "released" by "nova.context.set_target_cell..get_or_set_cached_cell_and_set_connections" :: held 0.001s {{(pid=108464) inner /opt/stack/data/venv/lib/python3.12/site-packages/oslo_concurrency/lockutils.py:538}}
Mar 05 16:43:07.376267 np0000157917 devstack@n-api-meta.service[108464]: INFO dbcounter [None req-cf491824-2194-4f78-be9d-089fc9d932ec None None] Registered counter for database nova_cell0
Mar 05 16:43:07.378074 np0000157917 devstack@n-api-meta.service[108467]: DEBUG oslo_db.sqlalchemy.engines [None req-687fd412-3569-49c7-8b1c-0296b6aac47d None None] MySQL server mode set to STRICT_TRANS_TABLES,STRICT_ALL_TABLES,NO_ZERO_IN_DATE,NO_ZERO_DATE,ERROR_FOR_DIVISION_BY_ZERO,TRADITIONAL,NO_ENGINE_SUBSTITUTION {{(pid=108467) _check_effective_sql_mode /opt/stack/data/venv/lib/python3.12/site-packages/oslo_db/sqlalchemy/engines.py:325}}
Mar 05 16:43:07.382049 np0000157917 devstack@n-api-meta.service[108464]: INFO dbcounter [None req-cf491824-2194-4f78-be9d-089fc9d932ec None None] Registered counter for database nova_cell1
Mar 05 16:43:07.387535 np0000157917 devstack@n-api-meta.service[108465]: DEBUG dbcounter [-] [108465] Writer thread running {{(pid=108465) stat_writer /opt/stack/data/venv/lib/python3.12/site-packages/dbcounter.py:102}}
Mar 05 16:43:07.388763 np0000157917 devstack@n-api-meta.service[108464]: DEBUG oslo_db.sqlalchemy.engines [None req-cf491824-2194-4f78-be9d-089fc9d932ec None None] MySQL server mode set to STRICT_TRANS_TABLES,STRICT_ALL_TABLES,NO_ZERO_IN_DATE,NO_ZERO_DATE,ERROR_FOR_DIVISION_BY_ZERO,TRADITIONAL,NO_ENGINE_SUBSTITUTION {{(pid=108464) _check_effective_sql_mode /opt/stack/data/venv/lib/python3.12/site-packages/oslo_db/sqlalchemy/engines.py:325}}
Mar 05 16:43:07.389290 np0000157917 devstack@n-api-meta.service[108467]: DEBUG oslo_db.sqlalchemy.engines [None req-687fd412-3569-49c7-8b1c-0296b6aac47d None None] MySQL server mode set to STRICT_TRANS_TABLES,STRICT_ALL_TABLES,NO_ZERO_IN_DATE,NO_ZERO_DATE,ERROR_FOR_DIVISION_BY_ZERO,TRADITIONAL,NO_ENGINE_SUBSTITUTION {{(pid=108467) _check_effective_sql_mode /opt/stack/data/venv/lib/python3.12/site-packages/oslo_db/sqlalchemy/engines.py:325}}
Mar 05 16:43:07.390459 np0000157917 devstack@n-api-meta.service[108465]: DEBUG nova.context [None req-63a56cf1-5c65-45d4-b618-fc9a032e928d None None] Found 2 cells: 00000000-0000-0000-0000-000000000000(cell0),e7238d86-9e3a-4076-acdb-2de449f81657(cell1) {{(pid=108465) load_cells /opt/stack/nova/nova/context.py:509}}
Mar 05 16:43:07.390800 np0000157917 devstack@n-api-meta.service[108465]: INFO nova.utils [None req-63a56cf1-5c65-45d4-b618-fc9a032e928d None None] The cell worker thread pool MainProcess.cell_worker is initialized
Mar 05 16:43:07.393317 np0000157917 devstack@n-api-meta.service[108465]: DEBUG oslo_concurrency.lockutils [None req-63a56cf1-5c65-45d4-b618-fc9a032e928d None None] Acquiring lock "00000000-0000-0000-0000-000000000000" by "nova.context.set_target_cell..get_or_set_cached_cell_and_set_connections" {{(pid=108465) inner /opt/stack/data/venv/lib/python3.12/site-packages/oslo_concurrency/lockutils.py:506}}
Mar 05 16:43:07.393540 np0000157917 devstack@n-api-meta.service[108465]: DEBUG oslo_concurrency.lockutils [None req-63a56cf1-5c65-45d4-b618-fc9a032e928d None None] Lock "00000000-0000-0000-0000-000000000000" acquired by "nova.context.set_target_cell..get_or_set_cached_cell_and_set_connections" :: waited 0.000s {{(pid=108465) inner /opt/stack/data/venv/lib/python3.12/site-packages/oslo_concurrency/lockutils.py:519}}
Mar 05 16:43:07.394070 np0000157917 devstack@n-api-meta.service[108465]: DEBUG oslo_concurrency.lockutils [None req-63a56cf1-5c65-45d4-b618-fc9a032e928d None None] Lock "00000000-0000-0000-0000-000000000000" "released" by "nova.context.set_target_cell..get_or_set_cached_cell_and_set_connections" :: held 0.001s {{(pid=108465) inner /opt/stack/data/venv/lib/python3.12/site-packages/oslo_concurrency/lockutils.py:538}}
Mar 05 16:43:07.394974 np0000157917 devstack@n-api-meta.service[108465]: DEBUG oslo_concurrency.lockutils [None req-63a56cf1-5c65-45d4-b618-fc9a032e928d None None] Acquiring lock "e7238d86-9e3a-4076-acdb-2de449f81657" by "nova.context.set_target_cell..get_or_set_cached_cell_and_set_connections" {{(pid=108465) inner /opt/stack/data/venv/lib/python3.12/site-packages/oslo_concurrency/lockutils.py:506}}
Mar 05 16:43:07.395169 np0000157917 devstack@n-api-meta.service[108465]: DEBUG oslo_concurrency.lockutils [None req-63a56cf1-5c65-45d4-b618-fc9a032e928d None None] Lock "e7238d86-9e3a-4076-acdb-2de449f81657" acquired by "nova.context.set_target_cell..get_or_set_cached_cell_and_set_connections" :: waited 0.000s {{(pid=108465) inner /opt/stack/data/venv/lib/python3.12/site-packages/oslo_concurrency/lockutils.py:519}}
Mar 05 16:43:07.396421 np0000157917 devstack@n-api-meta.service[108465]: DEBUG oslo_concurrency.lockutils [None req-63a56cf1-5c65-45d4-b618-fc9a032e928d None None] Lock "e7238d86-9e3a-4076-acdb-2de449f81657" "released" by "nova.context.set_target_cell..get_or_set_cached_cell_and_set_connections" :: held 0.001s {{(pid=108465) inner /opt/stack/data/venv/lib/python3.12/site-packages/oslo_concurrency/lockutils.py:538}}
Mar 05 16:43:07.399393 np0000157917 devstack@n-api-meta.service[108465]: INFO dbcounter [None req-63a56cf1-5c65-45d4-b618-fc9a032e928d None None] Registered counter for database nova_cell0
Mar 05 16:43:07.399579 np0000157917 devstack@n-api-meta.service[108464]: DEBUG oslo_db.sqlalchemy.engines [None req-cf491824-2194-4f78-be9d-089fc9d932ec None None] MySQL server mode set to STRICT_TRANS_TABLES,STRICT_ALL_TABLES,NO_ZERO_IN_DATE,NO_ZERO_DATE,ERROR_FOR_DIVISION_BY_ZERO,TRADITIONAL,NO_ENGINE_SUBSTITUTION {{(pid=108464) _check_effective_sql_mode /opt/stack/data/venv/lib/python3.12/site-packages/oslo_db/sqlalchemy/engines.py:325}}
Mar 05 16:43:07.405224 np0000157917 devstack@n-api-meta.service[108465]: INFO dbcounter [None req-63a56cf1-5c65-45d4-b618-fc9a032e928d None None] Registered counter for database nova_cell1
Mar 05 16:43:07.415553 np0000157917 devstack@n-api-meta.service[108465]: DEBUG oslo_db.sqlalchemy.engines [None req-63a56cf1-5c65-45d4-b618-fc9a032e928d None None] MySQL server mode set to STRICT_TRANS_TABLES,STRICT_ALL_TABLES,NO_ZERO_IN_DATE,NO_ZERO_DATE,ERROR_FOR_DIVISION_BY_ZERO,TRADITIONAL,NO_ENGINE_SUBSTITUTION {{(pid=108465) _check_effective_sql_mode /opt/stack/data/venv/lib/python3.12/site-packages/oslo_db/sqlalchemy/engines.py:325}}
Mar 05 16:43:07.427508 np0000157917 devstack@n-api-meta.service[108465]: DEBUG oslo_db.sqlalchemy.engines [None req-63a56cf1-5c65-45d4-b618-fc9a032e928d None None] MySQL server mode set to STRICT_TRANS_TABLES,STRICT_ALL_TABLES,NO_ZERO_IN_DATE,NO_ZERO_DATE,ERROR_FOR_DIVISION_BY_ZERO,TRADITIONAL,NO_ENGINE_SUBSTITUTION {{(pid=108465) _check_effective_sql_mode /opt/stack/data/venv/lib/python3.12/site-packages/oslo_db/sqlalchemy/engines.py:325}}
Mar 05 16:43:07.427581 np0000157917 devstack@n-api-meta.service[108466]: DEBUG dbcounter [-] [108466] Writer thread running {{(pid=108466) stat_writer /opt/stack/data/venv/lib/python3.12/site-packages/dbcounter.py:102}}
Mar 05 16:43:07.431907 np0000157917 devstack@n-api-meta.service[108466]: DEBUG dbcounter [-] [108466] Writer thread running {{(pid=108466) stat_writer /opt/stack/data/venv/lib/python3.12/site-packages/dbcounter.py:102}}
Mar 05 16:43:07.435789 np0000157917 devstack@n-api-meta.service[108466]: INFO dbcounter [None req-ddd88861-e6c0-4342-b87d-398f6c74808a None None] Registered counter for database nova_cell0
Mar 05 16:43:07.446836 np0000157917 devstack@n-api-meta.service[108466]: DEBUG oslo_db.sqlalchemy.engines [None req-ddd88861-e6c0-4342-b87d-398f6c74808a None None] MySQL server mode set to STRICT_TRANS_TABLES,STRICT_ALL_TABLES,NO_ZERO_IN_DATE,NO_ZERO_DATE,ERROR_FOR_DIVISION_BY_ZERO,TRADITIONAL,NO_ENGINE_SUBSTITUTION {{(pid=108466) _check_effective_sql_mode /opt/stack/data/venv/lib/python3.12/site-packages/oslo_db/sqlalchemy/engines.py:325}}
Mar 05 16:43:07.456705 np0000157917 devstack@n-api-meta.service[108466]: DEBUG dbcounter [-] [108466] Writer thread running {{(pid=108466) stat_writer /opt/stack/data/venv/lib/python3.12/site-packages/dbcounter.py:102}}
Mar 05 16:43:07.487332 np0000157917 devstack@n-api-meta.service[108467]: DEBUG dbcounter [-] [108467] Writer thread running {{(pid=108467) stat_writer /opt/stack/data/venv/lib/python3.12/site-packages/dbcounter.py:102}}
Mar 05 16:43:07.487627 np0000157917 devstack@n-api-meta.service[108464]: DEBUG dbcounter [-] [108464] Writer thread running {{(pid=108464) stat_writer /opt/stack/data/venv/lib/python3.12/site-packages/dbcounter.py:102}}
Mar 05 16:43:07.487969 np0000157917 devstack@n-api-meta.service[108467]: DEBUG dbcounter [-] [108467] Writer thread running {{(pid=108467) stat_writer /opt/stack/data/venv/lib/python3.12/site-packages/dbcounter.py:102}}
Mar 05 16:43:07.489609 np0000157917 devstack@n-api-meta.service[108464]: DEBUG dbcounter [-] [108464] Writer thread running {{(pid=108464) stat_writer /opt/stack/data/venv/lib/python3.12/site-packages/dbcounter.py:102}}
Mar 05 16:43:07.492371 np0000157917 devstack@n-api-meta.service[108467]: INFO dbcounter [None req-687fd412-3569-49c7-8b1c-0296b6aac47d None None] Registered counter for database nova_cell0
Mar 05 16:43:07.494829 np0000157917 devstack@n-api-meta.service[108464]: INFO dbcounter [None req-cf491824-2194-4f78-be9d-089fc9d932ec None None] Registered counter for database nova_cell0
Mar 05 16:43:07.500318 np0000157917 devstack@n-api-meta.service[108467]: DEBUG oslo_db.sqlalchemy.engines [None req-687fd412-3569-49c7-8b1c-0296b6aac47d None None] MySQL server mode set to STRICT_TRANS_TABLES,STRICT_ALL_TABLES,NO_ZERO_IN_DATE,NO_ZERO_DATE,ERROR_FOR_DIVISION_BY_ZERO,TRADITIONAL,NO_ENGINE_SUBSTITUTION {{(pid=108467) _check_effective_sql_mode /opt/stack/data/venv/lib/python3.12/site-packages/oslo_db/sqlalchemy/engines.py:325}}
Mar 05 16:43:07.505721 np0000157917 devstack@n-api-meta.service[108466]: WARNING nova.api.metadata.handler [None req-ddd88861-e6c0-4342-b87d-398f6c74808a None None] metadata_proxy_shared_secret is not configured, the metadata information returned by the proxy cannot be trusted
Mar 05 16:43:07.506773 np0000157917 devstack@n-api-meta.service[108464]: DEBUG oslo_db.sqlalchemy.engines [None req-cf491824-2194-4f78-be9d-089fc9d932ec None None] MySQL server mode set to STRICT_TRANS_TABLES,STRICT_ALL_TABLES,NO_ZERO_IN_DATE,NO_ZERO_DATE,ERROR_FOR_DIVISION_BY_ZERO,TRADITIONAL,NO_ENGINE_SUBSTITUTION {{(pid=108464) _check_effective_sql_mode /opt/stack/data/venv/lib/python3.12/site-packages/oslo_db/sqlalchemy/engines.py:325}}
Mar 05 16:43:07.507873 np0000157917 devstack@n-api-meta.service[108466]: DEBUG nova.api.openstack.wsgi_app [None req-ddd88861-e6c0-4342-b87d-398f6c74808a None None] ******************************************************************************** {{(pid=108466) log_opt_values /opt/stack/data/venv/lib/python3.12/site-packages/oslo_config/cfg.py:2979}}
Mar 05 16:43:07.508014 np0000157917 devstack@n-api-meta.service[108466]: DEBUG nova.api.openstack.wsgi_app [None req-ddd88861-e6c0-4342-b87d-398f6c74808a None None] Configuration options gathered from: {{(pid=108466) log_opt_values /opt/stack/data/venv/lib/python3.12/site-packages/oslo_config/cfg.py:2980}}
Mar 05 16:43:07.508100 np0000157917 devstack@n-api-meta.service[108466]: DEBUG nova.api.openstack.wsgi_app [None req-ddd88861-e6c0-4342-b87d-398f6c74808a None None] command line args: [] {{(pid=108466) log_opt_values /opt/stack/data/venv/lib/python3.12/site-packages/oslo_config/cfg.py:2981}}
Mar 05 16:43:07.508237 np0000157917 devstack@n-api-meta.service[108466]: DEBUG nova.api.openstack.wsgi_app [None req-ddd88861-e6c0-4342-b87d-398f6c74808a None None] config files: ['/etc/nova/api-paste.ini', '/etc/nova/nova.conf'] {{(pid=108466) log_opt_values /opt/stack/data/venv/lib/python3.12/site-packages/oslo_config/cfg.py:2982}}
Mar 05 16:43:07.508372 np0000157917 devstack@n-api-meta.service[108466]: DEBUG nova.api.openstack.wsgi_app [None req-ddd88861-e6c0-4342-b87d-398f6c74808a None None] ================================================================================ {{(pid=108466) log_opt_values /opt/stack/data/venv/lib/python3.12/site-packages/oslo_config/cfg.py:2987}}
Mar 05 16:43:07.508563 np0000157917 devstack@n-api-meta.service[108466]: DEBUG nova.api.openstack.wsgi_app [None req-ddd88861-e6c0-4342-b87d-398f6c74808a None None] allow_resize_to_same_host = True {{(pid=108466) log_opt_values /opt/stack/data/venv/lib/python3.12/site-packages/oslo_config/cfg.py:2995}}
Mar 05 16:43:07.508707 np0000157917 devstack@n-api-meta.service[108466]: DEBUG nova.api.openstack.wsgi_app [None req-ddd88861-e6c0-4342-b87d-398f6c74808a None None] arq_binding_timeout = 300 {{(pid=108466) log_opt_values /opt/stack/data/venv/lib/python3.12/site-packages/oslo_config/cfg.py:2995}}
Mar 05 16:43:07.508816 np0000157917 devstack@n-api-meta.service[108466]: DEBUG nova.api.openstack.wsgi_app [None req-ddd88861-e6c0-4342-b87d-398f6c74808a None None] block_device_allocate_retries = 60 {{(pid=108466) log_opt_values /opt/stack/data/venv/lib/python3.12/site-packages/oslo_config/cfg.py:2995}}
Mar 05 16:43:07.508927 np0000157917 devstack@n-api-meta.service[108466]: DEBUG nova.api.openstack.wsgi_app [None req-ddd88861-e6c0-4342-b87d-398f6c74808a None None] block_device_allocate_retries_interval = 3 {{(pid=108466) log_opt_values /opt/stack/data/venv/lib/python3.12/site-packages/oslo_config/cfg.py:2995}}
Mar 05 16:43:07.509073 np0000157917 devstack@n-api-meta.service[108466]: DEBUG nova.api.openstack.wsgi_app [None req-ddd88861-e6c0-4342-b87d-398f6c74808a None None] cell_worker_thread_pool_size = 5 {{(pid=108466) log_opt_values /opt/stack/data/venv/lib/python3.12/site-packages/oslo_config/cfg.py:2995}}
Mar 05 16:43:07.509250 np0000157917 devstack@n-api-meta.service[108466]: DEBUG nova.api.openstack.wsgi_app [None req-ddd88861-e6c0-4342-b87d-398f6c74808a None None] cert = self.pem {{(pid=108466) log_opt_values /opt/stack/data/venv/lib/python3.12/site-packages/oslo_config/cfg.py:2995}}
Mar 05 16:43:07.509379 np0000157917 devstack@n-api-meta.service[108466]: DEBUG nova.api.openstack.wsgi_app [None req-ddd88861-e6c0-4342-b87d-398f6c74808a None None] compute_driver = libvirt.LibvirtDriver {{(pid=108466) log_opt_values /opt/stack/data/venv/lib/python3.12/site-packages/oslo_config/cfg.py:2995}}
Mar 05 16:43:07.509515 np0000157917 devstack@n-api-meta.service[108466]: DEBUG nova.api.openstack.wsgi_app [None req-ddd88861-e6c0-4342-b87d-398f6c74808a None None] compute_monitors = [] {{(pid=108466) log_opt_values /opt/stack/data/venv/lib/python3.12/site-packages/oslo_config/cfg.py:2995}}
Mar 05 16:43:07.509701 np0000157917 devstack@n-api-meta.service[108466]: DEBUG nova.api.openstack.wsgi_app [None req-ddd88861-e6c0-4342-b87d-398f6c74808a None None] config_dir = [] {{(pid=108466) log_opt_values /opt/stack/data/venv/lib/python3.12/site-packages/oslo_config/cfg.py:2995}}
Mar 05 16:43:07.509795 np0000157917 devstack@n-api-meta.service[108465]: DEBUG dbcounter [-] [108465] Writer thread running {{(pid=108465) stat_writer /opt/stack/data/venv/lib/python3.12/site-packages/dbcounter.py:102}}
Mar 05 16:43:07.509880 np0000157917 devstack@n-api-meta.service[108466]: DEBUG nova.api.openstack.wsgi_app [None req-ddd88861-e6c0-4342-b87d-398f6c74808a None None] config_drive_format = iso9660 {{(pid=108466) log_opt_values /opt/stack/data/venv/lib/python3.12/site-packages/oslo_config/cfg.py:2995}}
Mar 05 16:43:07.509988 np0000157917 devstack@n-api-meta.service[108466]: DEBUG nova.api.openstack.wsgi_app [None req-ddd88861-e6c0-4342-b87d-398f6c74808a None None] config_file = ['/etc/nova/api-paste.ini', '/etc/nova/nova.conf'] {{(pid=108466) log_opt_values /opt/stack/data/venv/lib/python3.12/site-packages/oslo_config/cfg.py:2995}}
Mar 05 16:43:07.510074 np0000157917 devstack@n-api-meta.service[108466]: DEBUG nova.api.openstack.wsgi_app [None req-ddd88861-e6c0-4342-b87d-398f6c74808a None None] config_source = [] {{(pid=108466) log_opt_values /opt/stack/data/venv/lib/python3.12/site-packages/oslo_config/cfg.py:2995}}
Mar 05 16:43:07.510156 np0000157917 devstack@n-api-meta.service[108466]: DEBUG nova.api.openstack.wsgi_app [None req-ddd88861-e6c0-4342-b87d-398f6c74808a None None] console_host = np0000157917 {{(pid=108466) log_opt_values /opt/stack/data/venv/lib/python3.12/site-packages/oslo_config/cfg.py:2995}}
Mar 05 16:43:07.510329 np0000157917 devstack@n-api-meta.service[108466]: DEBUG nova.api.openstack.wsgi_app [None req-ddd88861-e6c0-4342-b87d-398f6c74808a None None] control_exchange = nova {{(pid=108466) log_opt_values /opt/stack/data/venv/lib/python3.12/site-packages/oslo_config/cfg.py:2995}}
Mar 05 16:43:07.510442 np0000157917 devstack@n-api-meta.service[108466]: DEBUG nova.api.openstack.wsgi_app [None req-ddd88861-e6c0-4342-b87d-398f6c74808a None None] cpu_allocation_ratio = None {{(pid=108466) log_opt_values /opt/stack/data/venv/lib/python3.12/site-packages/oslo_config/cfg.py:2995}}
Mar 05 16:43:07.510529 np0000157917 devstack@n-api-meta.service[108466]: DEBUG nova.api.openstack.wsgi_app [None req-ddd88861-e6c0-4342-b87d-398f6c74808a None None] daemon = False {{(pid=108466) log_opt_values /opt/stack/data/venv/lib/python3.12/site-packages/oslo_config/cfg.py:2995}}
Mar 05 16:43:07.510741 np0000157917 devstack@n-api-meta.service[108466]: DEBUG nova.api.openstack.wsgi_app [None req-ddd88861-e6c0-4342-b87d-398f6c74808a None None] debug = True {{(pid=108466) log_opt_values /opt/stack/data/venv/lib/python3.12/site-packages/oslo_config/cfg.py:2995}}
Mar 05 16:43:07.510839 np0000157917 devstack@n-api-meta.service[108466]: DEBUG nova.api.openstack.wsgi_app [None req-ddd88861-e6c0-4342-b87d-398f6c74808a None None] default_access_ip_network_name = None {{(pid=108466) log_opt_values /opt/stack/data/venv/lib/python3.12/site-packages/oslo_config/cfg.py:2995}}
Mar 05 16:43:07.510983 np0000157917 devstack@n-api-meta.service[108466]: DEBUG nova.api.openstack.wsgi_app [None req-ddd88861-e6c0-4342-b87d-398f6c74808a None None] default_availability_zone = nova {{(pid=108466) log_opt_values /opt/stack/data/venv/lib/python3.12/site-packages/oslo_config/cfg.py:2995}}
Mar 05 16:43:07.511085 np0000157917 devstack@n-api-meta.service[108466]: DEBUG nova.api.openstack.wsgi_app [None req-ddd88861-e6c0-4342-b87d-398f6c74808a None None] default_ephemeral_format = ext4 {{(pid=108466) log_opt_values /opt/stack/data/venv/lib/python3.12/site-packages/oslo_config/cfg.py:2995}}
Mar 05 16:43:07.511234 np0000157917 devstack@n-api-meta.service[108466]: DEBUG nova.api.openstack.wsgi_app [None req-ddd88861-e6c0-4342-b87d-398f6c74808a None None] default_green_pool_size = 1000 {{(pid=108466) log_opt_values /opt/stack/data/venv/lib/python3.12/site-packages/oslo_config/cfg.py:2995}}
Mar 05 16:43:07.511453 np0000157917 devstack@n-api-meta.service[108466]: DEBUG nova.api.openstack.wsgi_app [None req-ddd88861-e6c0-4342-b87d-398f6c74808a None None] default_log_levels = ['amqp=WARN', 'boto=WARN', 'sqlalchemy=WARN', 'suds=INFO', 'oslo.messaging=INFO', 'oslo_messaging=INFO', 'iso8601=WARN', 'requests.packages.urllib3.connectionpool=WARN', 'urllib3.connectionpool=WARN', 'websocket=WARN', 'requests.packages.urllib3.util.retry=WARN', 'urllib3.util.retry=WARN', 'keystonemiddleware=WARN', 'routes.middleware=WARN', 'stevedore=WARN', 'taskflow=WARN', 'keystoneauth=WARN', 'oslo.cache=INFO', 'oslo_policy=INFO', 'dogpile.core.dogpile=INFO', 'glanceclient=WARN', 'oslo.privsep.daemon=INFO'] {{(pid=108466) log_opt_values /opt/stack/data/venv/lib/python3.12/site-packages/oslo_config/cfg.py:2995}}
Mar 05 16:43:07.511636 np0000157917 devstack@n-api-meta.service[108466]: DEBUG nova.api.openstack.wsgi_app [None req-ddd88861-e6c0-4342-b87d-398f6c74808a None None] default_schedule_zone = None {{(pid=108466) log_opt_values /opt/stack/data/venv/lib/python3.12/site-packages/oslo_config/cfg.py:2995}}
Mar 05 16:43:07.511713 np0000157917 devstack@n-api-meta.service[108466]: DEBUG nova.api.openstack.wsgi_app [None req-ddd88861-e6c0-4342-b87d-398f6c74808a None None] default_thread_pool_size = 10 {{(pid=108466) log_opt_values /opt/stack/data/venv/lib/python3.12/site-packages/oslo_config/cfg.py:2995}}
Mar 05 16:43:07.511839 np0000157917 devstack@n-api-meta.service[108466]: DEBUG nova.api.openstack.wsgi_app [None req-ddd88861-e6c0-4342-b87d-398f6c74808a None None] disk_allocation_ratio = None {{(pid=108466) log_opt_values /opt/stack/data/venv/lib/python3.12/site-packages/oslo_config/cfg.py:2995}}
Mar 05 16:43:07.511964 np0000157917 devstack@n-api-meta.service[108466]: DEBUG nova.api.openstack.wsgi_app [None req-ddd88861-e6c0-4342-b87d-398f6c74808a None None] enable_new_services = True {{(pid=108466) log_opt_values /opt/stack/data/venv/lib/python3.12/site-packages/oslo_config/cfg.py:2995}}
Mar 05 16:43:07.512056 np0000157917 devstack@n-api-meta.service[108467]: DEBUG dbcounter [-] [108467] Writer thread running {{(pid=108467) stat_writer /opt/stack/data/venv/lib/python3.12/site-packages/dbcounter.py:102}}
Mar 05 16:43:07.512130 np0000157917 devstack@n-api-meta.service[108466]: DEBUG nova.api.openstack.wsgi_app [None req-ddd88861-e6c0-4342-b87d-398f6c74808a None None] flat_injected = False {{(pid=108466) log_opt_values /opt/stack/data/venv/lib/python3.12/site-packages/oslo_config/cfg.py:2995}}
Mar 05 16:43:07.512194 np0000157917 devstack@n-api-meta.service[108466]: DEBUG nova.api.openstack.wsgi_app [None req-ddd88861-e6c0-4342-b87d-398f6c74808a None None] force_config_drive = False {{(pid=108466) log_opt_values /opt/stack/data/venv/lib/python3.12/site-packages/oslo_config/cfg.py:2995}}
Mar 05 16:43:07.512347 np0000157917 devstack@n-api-meta.service[108466]: DEBUG nova.api.openstack.wsgi_app [None req-ddd88861-e6c0-4342-b87d-398f6c74808a None None] force_raw_images = True {{(pid=108466) log_opt_values /opt/stack/data/venv/lib/python3.12/site-packages/oslo_config/cfg.py:2995}}
Mar 05 16:43:07.512485 np0000157917 devstack@n-api-meta.service[108466]: DEBUG nova.api.openstack.wsgi_app [None req-ddd88861-e6c0-4342-b87d-398f6c74808a None None] graceful_shutdown_timeout = 5 {{(pid=108466) log_opt_values /opt/stack/data/venv/lib/python3.12/site-packages/oslo_config/cfg.py:2995}}
Mar 05 16:43:07.512619 np0000157917 devstack@n-api-meta.service[108466]: DEBUG nova.api.openstack.wsgi_app [None req-ddd88861-e6c0-4342-b87d-398f6c74808a None None] heal_instance_info_cache_interval = -1 {{(pid=108466) log_opt_values /opt/stack/data/venv/lib/python3.12/site-packages/oslo_config/cfg.py:2995}}
Mar 05 16:43:07.512813 np0000157917 devstack@n-api-meta.service[108466]: DEBUG nova.api.openstack.wsgi_app [None req-ddd88861-e6c0-4342-b87d-398f6c74808a None None] host = np0000157917 {{(pid=108466) log_opt_values /opt/stack/data/venv/lib/python3.12/site-packages/oslo_config/cfg.py:2995}}
Mar 05 16:43:07.512975 np0000157917 devstack@n-api-meta.service[108466]: DEBUG nova.api.openstack.wsgi_app [None req-ddd88861-e6c0-4342-b87d-398f6c74808a None None] initial_cpu_allocation_ratio = 4.0 {{(pid=108466) log_opt_values /opt/stack/data/venv/lib/python3.12/site-packages/oslo_config/cfg.py:2995}}
Mar 05 16:43:07.513155 np0000157917 devstack@n-api-meta.service[108466]: DEBUG nova.api.openstack.wsgi_app [None req-ddd88861-e6c0-4342-b87d-398f6c74808a None None] initial_disk_allocation_ratio = 1.0 {{(pid=108466) log_opt_values /opt/stack/data/venv/lib/python3.12/site-packages/oslo_config/cfg.py:2995}}
Mar 05 16:43:07.513365 np0000157917 devstack@n-api-meta.service[108466]: DEBUG nova.api.openstack.wsgi_app [None req-ddd88861-e6c0-4342-b87d-398f6c74808a None None] initial_ram_allocation_ratio = 1.0 {{(pid=108466) log_opt_values /opt/stack/data/venv/lib/python3.12/site-packages/oslo_config/cfg.py:2995}}
Mar 05 16:43:07.513429 np0000157917 devstack@n-api-meta.service[108464]: DEBUG dbcounter [-] [108464] Writer thread running {{(pid=108464) stat_writer /opt/stack/data/venv/lib/python3.12/site-packages/dbcounter.py:102}}
Mar 05 16:43:07.513584 np0000157917 devstack@n-api-meta.service[108466]: DEBUG nova.api.openstack.wsgi_app [None req-ddd88861-e6c0-4342-b87d-398f6c74808a None None] injected_network_template = /opt/stack/nova/nova/virt/interfaces.template {{(pid=108466) log_opt_values /opt/stack/data/venv/lib/python3.12/site-packages/oslo_config/cfg.py:2995}}
Mar 05 16:43:07.513763 np0000157917 devstack@n-api-meta.service[108466]: DEBUG nova.api.openstack.wsgi_app [None req-ddd88861-e6c0-4342-b87d-398f6c74808a None None] instance_build_timeout = 0 {{(pid=108466) log_opt_values /opt/stack/data/venv/lib/python3.12/site-packages/oslo_config/cfg.py:2995}}
Mar 05 16:43:07.513897 np0000157917 devstack@n-api-meta.service[108466]: DEBUG nova.api.openstack.wsgi_app [None req-ddd88861-e6c0-4342-b87d-398f6c74808a None None] instance_delete_interval = 300 {{(pid=108466) log_opt_values /opt/stack/data/venv/lib/python3.12/site-packages/oslo_config/cfg.py:2995}}
Mar 05 16:43:07.514033 np0000157917 devstack@n-api-meta.service[108466]: DEBUG nova.api.openstack.wsgi_app [None req-ddd88861-e6c0-4342-b87d-398f6c74808a None None] instance_format = [instance: %(uuid)s] {{(pid=108466) log_opt_values /opt/stack/data/venv/lib/python3.12/site-packages/oslo_config/cfg.py:2995}}
Mar 05 16:43:07.514165 np0000157917 devstack@n-api-meta.service[108466]: DEBUG nova.api.openstack.wsgi_app [None req-ddd88861-e6c0-4342-b87d-398f6c74808a None None] instance_name_template = instance-%08x {{(pid=108466) log_opt_values /opt/stack/data/venv/lib/python3.12/site-packages/oslo_config/cfg.py:2995}}
Mar 05 16:43:07.514286 np0000157917 devstack@n-api-meta.service[108466]: DEBUG nova.api.openstack.wsgi_app [None req-ddd88861-e6c0-4342-b87d-398f6c74808a None None] instance_usage_audit = False {{(pid=108466) log_opt_values /opt/stack/data/venv/lib/python3.12/site-packages/oslo_config/cfg.py:2995}}
Mar 05 16:43:07.514425 np0000157917 devstack@n-api-meta.service[108466]: DEBUG nova.api.openstack.wsgi_app [None req-ddd88861-e6c0-4342-b87d-398f6c74808a None None] instance_usage_audit_period = month {{(pid=108466) log_opt_values /opt/stack/data/venv/lib/python3.12/site-packages/oslo_config/cfg.py:2995}}
Mar 05 16:43:07.514558 np0000157917 devstack@n-api-meta.service[108466]: DEBUG nova.api.openstack.wsgi_app [None req-ddd88861-e6c0-4342-b87d-398f6c74808a None None] instance_uuid_format = [instance: %(uuid)s] {{(pid=108466) log_opt_values /opt/stack/data/venv/lib/python3.12/site-packages/oslo_config/cfg.py:2995}}
Mar 05 16:43:07.514717 np0000157917 devstack@n-api-meta.service[108465]: DEBUG dbcounter [-] [108465] Writer thread running {{(pid=108465) stat_writer /opt/stack/data/venv/lib/python3.12/site-packages/dbcounter.py:102}}
Mar 05 16:43:07.514800 np0000157917 devstack@n-api-meta.service[108466]: DEBUG nova.api.openstack.wsgi_app [None req-ddd88861-e6c0-4342-b87d-398f6c74808a None None] instances_path = /opt/stack/data/nova/instances {{(pid=108466) log_opt_values /opt/stack/data/venv/lib/python3.12/site-packages/oslo_config/cfg.py:2995}}
Mar 05 16:43:07.514880 np0000157917 devstack@n-api-meta.service[108466]: DEBUG nova.api.openstack.wsgi_app [None req-ddd88861-e6c0-4342-b87d-398f6c74808a None None] internal_service_availability_zone = internal {{(pid=108466) log_opt_values /opt/stack/data/venv/lib/python3.12/site-packages/oslo_config/cfg.py:2995}}
Mar 05 16:43:07.515005 np0000157917 devstack@n-api-meta.service[108466]: DEBUG nova.api.openstack.wsgi_app [None req-ddd88861-e6c0-4342-b87d-398f6c74808a None None] key = None {{(pid=108466) log_opt_values /opt/stack/data/venv/lib/python3.12/site-packages/oslo_config/cfg.py:2995}}
Mar 05 16:43:07.515117 np0000157917 devstack@n-api-meta.service[108466]: DEBUG nova.api.openstack.wsgi_app [None req-ddd88861-e6c0-4342-b87d-398f6c74808a None None] live_migration_retry_count = 30 {{(pid=108466) log_opt_values /opt/stack/data/venv/lib/python3.12/site-packages/oslo_config/cfg.py:2995}}
Mar 05 16:43:07.515248 np0000157917 devstack@n-api-meta.service[108466]: DEBUG nova.api.openstack.wsgi_app [None req-ddd88861-e6c0-4342-b87d-398f6c74808a None None] log_color = False {{(pid=108466) log_opt_values /opt/stack/data/venv/lib/python3.12/site-packages/oslo_config/cfg.py:2995}}
Mar 05 16:43:07.515381 np0000157917 devstack@n-api-meta.service[108466]: DEBUG nova.api.openstack.wsgi_app [None req-ddd88861-e6c0-4342-b87d-398f6c74808a None None] log_config_append = None {{(pid=108466) log_opt_values /opt/stack/data/venv/lib/python3.12/site-packages/oslo_config/cfg.py:2995}}
Mar 05 16:43:07.515541 np0000157917 devstack@n-api-meta.service[108466]: DEBUG nova.api.openstack.wsgi_app [None req-ddd88861-e6c0-4342-b87d-398f6c74808a None None] log_date_format = %Y-%m-%d %H:%M:%S {{(pid=108466) log_opt_values /opt/stack/data/venv/lib/python3.12/site-packages/oslo_config/cfg.py:2995}}
Mar 05 16:43:07.515672 np0000157917 devstack@n-api-meta.service[108466]: DEBUG nova.api.openstack.wsgi_app [None req-ddd88861-e6c0-4342-b87d-398f6c74808a None None] log_dir = None {{(pid=108466) log_opt_values /opt/stack/data/venv/lib/python3.12/site-packages/oslo_config/cfg.py:2995}}
Mar 05 16:43:07.515821 np0000157917 devstack@n-api-meta.service[108466]: DEBUG nova.api.openstack.wsgi_app [None req-ddd88861-e6c0-4342-b87d-398f6c74808a None None] log_file = None {{(pid=108466) log_opt_values /opt/stack/data/venv/lib/python3.12/site-packages/oslo_config/cfg.py:2995}}
Mar 05 16:43:07.515907 np0000157917 devstack@n-api-meta.service[108466]: DEBUG nova.api.openstack.wsgi_app [None req-ddd88861-e6c0-4342-b87d-398f6c74808a None None] log_options = True {{(pid=108466) log_opt_values /opt/stack/data/venv/lib/python3.12/site-packages/oslo_config/cfg.py:2995}}
Mar 05 16:43:07.516052 np0000157917 devstack@n-api-meta.service[108466]: DEBUG nova.api.openstack.wsgi_app [None req-ddd88861-e6c0-4342-b87d-398f6c74808a None None] log_rotate_interval = 1 {{(pid=108466) log_opt_values /opt/stack/data/venv/lib/python3.12/site-packages/oslo_config/cfg.py:2995}}
Mar 05 16:43:07.516188 np0000157917 devstack@n-api-meta.service[108466]: DEBUG nova.api.openstack.wsgi_app [None req-ddd88861-e6c0-4342-b87d-398f6c74808a None None] log_rotate_interval_type = days {{(pid=108466) log_opt_values /opt/stack/data/venv/lib/python3.12/site-packages/oslo_config/cfg.py:2995}}
