Jun 22 06:28:33.288065 np0000182460 nova-conductor[111015]: DEBUG oslo_concurrency.lockutils [None req-fdeac404-793d-407e-a6c0-5486bce9e264 demo demo] Lock "9f2997e5-bc98-4714-b29b-4ebab275086a" acquired by "nova.context.set_target_cell..get_or_set_cached_cell_and_set_connections" :: waited 0.000s {{(pid=111015) inner /opt/stack/data/venv/lib/python3.12/site-packages/oslo_concurrency/lockutils.py:524}}
Jun 22 06:28:33.288545 np0000182460 nova-conductor[111015]: DEBUG oslo_concurrency.lockutils [None req-fdeac404-793d-407e-a6c0-5486bce9e264 demo demo] Lock "9f2997e5-bc98-4714-b29b-4ebab275086a" "released" by "nova.context.set_target_cell..get_or_set_cached_cell_and_set_connections" :: held 0.000s {{(pid=111015) inner /opt/stack/data/venv/lib/python3.12/site-packages/oslo_concurrency/lockutils.py:543}}
Jun 22 06:28:33.432493 np0000182460 nova-conductor[111015]: DEBUG oslo_concurrency.lockutils [None req-fdeac404-793d-407e-a6c0-5486bce9e264 demo demo] Acquiring lock "00000000-0000-0000-0000-000000000000" by "nova.context.set_target_cell..get_or_set_cached_cell_and_set_connections" {{(pid=111015) inner /opt/stack/data/venv/lib/python3.12/site-packages/oslo_concurrency/lockutils.py:511}}
Jun 22 06:28:33.432669 np0000182460 nova-conductor[111015]: DEBUG oslo_concurrency.lockutils [None req-fdeac404-793d-407e-a6c0-5486bce9e264 demo demo] Lock "00000000-0000-0000-0000-000000000000" acquired by "nova.context.set_target_cell..get_or_set_cached_cell_and_set_connections" :: waited 0.000s {{(pid=111015) inner /opt/stack/data/venv/lib/python3.12/site-packages/oslo_concurrency/lockutils.py:524}}
Jun 22 06:28:33.434610 np0000182460 nova-conductor[111015]: DEBUG oslo_concurrency.lockutils [None req-fdeac404-793d-407e-a6c0-5486bce9e264 demo demo] Lock "00000000-0000-0000-0000-000000000000" "released" by "nova.context.set_target_cell..get_or_set_cached_cell_and_set_connections" :: held 0.000s {{(pid=111015) inner /opt/stack/data/venv/lib/python3.12/site-packages/oslo_concurrency/lockutils.py:543}}
Jun 22 06:28:33.434610 np0000182460 nova-conductor[111015]: DEBUG oslo_concurrency.lockutils [None req-fdeac404-793d-407e-a6c0-5486bce9e264 demo demo] Acquiring lock "9f2997e5-bc98-4714-b29b-4ebab275086a" by "nova.context.set_target_cell..get_or_set_cached_cell_and_set_connections" {{(pid=111015) inner /opt/stack/data/venv/lib/python3.12/site-packages/oslo_concurrency/lockutils.py:511}}
Jun 22 06:28:33.434610 np0000182460 nova-conductor[111015]: DEBUG oslo_concurrency.lockutils [None req-fdeac404-793d-407e-a6c0-5486bce9e264 demo demo] Lock "9f2997e5-bc98-4714-b29b-4ebab275086a" acquired by "nova.context.set_target_cell..get_or_set_cached_cell_and_set_connections" :: waited 0.000s {{(pid=111015) inner /opt/stack/data/venv/lib/python3.12/site-packages/oslo_concurrency/lockutils.py:524}}
Jun 22 06:28:33.434610 np0000182460 nova-conductor[111015]: DEBUG oslo_concurrency.lockutils [None req-fdeac404-793d-407e-a6c0-5486bce9e264 demo demo] Lock "9f2997e5-bc98-4714-b29b-4ebab275086a" "released" by "nova.context.set_target_cell..get_or_set_cached_cell_and_set_connections" :: held 0.000s {{(pid=111015) inner /opt/stack/data/venv/lib/python3.12/site-packages/oslo_concurrency/lockutils.py:543}}
Jun 22 06:28:33.436382 np0000182460 nova-conductor[111015]: INFO dbcounter [None req-fdeac404-793d-407e-a6c0-5486bce9e264 demo demo] Registered counter for database nova_cell0
Jun 22 06:28:33.586322 np0000182460 nova-conductor[111015]: DEBUG oslo_db.sqlalchemy.engines [None req-fdeac404-793d-407e-a6c0-5486bce9e264 demo demo] MySQL server mode set to STRICT_TRANS_TABLES,STRICT_ALL_TABLES,NO_ZERO_IN_DATE,NO_ZERO_DATE,ERROR_FOR_DIVISION_BY_ZERO,TRADITIONAL,NO_ENGINE_SUBSTITUTION {{(pid=111015) _check_effective_sql_mode /opt/stack/data/venv/lib/python3.12/site-packages/oslo_db/sqlalchemy/engines.py:325}}
Jun 22 06:28:33.586322 np0000182460 nova-conductor[111015]: DEBUG dbcounter [-] [111015] Writer thread running {{(pid=111015) stat_writer /opt/stack/data/venv/lib/python3.12/site-packages/dbcounter.py:102}}
Jun 22 06:28:33.586322 np0000182460 nova-conductor[111015]: DEBUG nova.quota [None req-fdeac404-793d-407e-a6c0-5486bce9e264 demo demo] Getting quotas for project 1b0c6ef0e6344e4eab6d7fd9831c2a54. Resources: {'cores', 'ram', 'instances'} {{(pid=111015) _get_quotas /opt/stack/nova/nova/quota.py:392}}
Jun 22 06:28:33.586322 np0000182460 nova-conductor[111015]: DEBUG nova.quota [None req-fdeac404-793d-407e-a6c0-5486bce9e264 demo demo] Getting quotas for user 61a0f4cfbdb9471aa7dbf362389559cd and project 1b0c6ef0e6344e4eab6d7fd9831c2a54. Resources: {'cores', 'ram', 'instances'} {{(pid=111015) _get_quotas /opt/stack/nova/nova/quota.py:382}}
Jun 22 06:28:33.591458 np0000182460 nova-conductor[111015]: DEBUG nova.conductor.manager [None req-fdeac404-793d-407e-a6c0-5486bce9e264 demo demo] [instance: 593ed2a5-58c8-4772-b246-0e2ec05d61e9] Selected host: np0000182460; Selected node: np0000182460.novalocal; Alternates: [] {{(pid=111015) schedule_and_build_instances /opt/stack/nova/nova/conductor/manager.py:1784}}
Jun 22 06:28:33.592164 np0000182460 nova-conductor[111015]: DEBUG oslo_concurrency.lockutils [None req-fdeac404-793d-407e-a6c0-5486bce9e264 demo demo] Acquiring lock "9f2997e5-bc98-4714-b29b-4ebab275086a" by "nova.context.set_target_cell..get_or_set_cached_cell_and_set_connections" {{(pid=111015) inner /opt/stack/data/venv/lib/python3.12/site-packages/oslo_concurrency/lockutils.py:511}}
Jun 22 06:28:33.592359 np0000182460 nova-conductor[111015]: DEBUG oslo_concurrency.lockutils [None req-fdeac404-793d-407e-a6c0-5486bce9e264 demo demo] Lock "9f2997e5-bc98-4714-b29b-4ebab275086a" acquired by "nova.context.set_target_cell..get_or_set_cached_cell_and_set_connections" :: waited 0.000s {{(pid=111015) inner /opt/stack/data/venv/lib/python3.12/site-packages/oslo_concurrency/lockutils.py:524}}
Jun 22 06:28:33.592504 np0000182460 nova-conductor[111015]: DEBUG oslo_concurrency.lockutils [None req-fdeac404-793d-407e-a6c0-5486bce9e264 demo demo] Lock "9f2997e5-bc98-4714-b29b-4ebab275086a" "released" by "nova.context.set_target_cell..get_or_set_cached_cell_and_set_connections" :: held 0.000s {{(pid=111015) inner /opt/stack/data/venv/lib/python3.12/site-packages/oslo_concurrency/lockutils.py:543}}
Jun 22 06:28:33.608985 np0000182460 nova-conductor[111015]: DEBUG nova.conductor.manager [None req-fdeac404-793d-407e-a6c0-5486bce9e264 demo demo] [instance: 593ed2a5-58c8-4772-b246-0e2ec05d61e9] block_device_mapping [BlockDeviceMapping(attachment_id=,boot_index=0,connection_info=None,created_at=,delete_on_termination=True,deleted=,deleted_at=,destination_type='local',device_name=None,device_type=None,disk_bus=None,encrypted=False,encryption_format=None,encryption_options=None,encryption_secret_uuid=None,guest_format=None,id=,image_id='07c5aaab-6297-4920-ac32-c3c2a1e5cc4e',instance=,instance_uuid=,no_device=False,snapshot_id=None,source_type='image',tag=None,updated_at=,uuid=,volume_id=None,volume_size=None,volume_type=None)] {{(pid=111015) _create_block_device_mapping /opt/stack/nova/nova/conductor/manager.py:1529}}
Jun 22 06:28:33.608985 np0000182460 nova-conductor[111015]: DEBUG oslo_concurrency.lockutils [None req-fdeac404-793d-407e-a6c0-5486bce9e264 demo demo] Acquiring lock "9f2997e5-bc98-4714-b29b-4ebab275086a" by "nova.context.set_target_cell..get_or_set_cached_cell_and_set_connections" {{(pid=111015) inner /opt/stack/data/venv/lib/python3.12/site-packages/oslo_concurrency/lockutils.py:511}}
Jun 22 06:28:33.608985 np0000182460 nova-conductor[111015]: DEBUG oslo_concurrency.lockutils [None req-fdeac404-793d-407e-a6c0-5486bce9e264 demo demo] Lock "9f2997e5-bc98-4714-b29b-4ebab275086a" acquired by "nova.context.set_target_cell..get_or_set_cached_cell_and_set_connections" :: waited 0.000s {{(pid=111015) inner /opt/stack/data/venv/lib/python3.12/site-packages/oslo_concurrency/lockutils.py:524}}
Jun 22 06:28:33.608985 np0000182460 nova-conductor[111015]: DEBUG oslo_concurrency.lockutils [None req-fdeac404-793d-407e-a6c0-5486bce9e264 demo demo] Lock "9f2997e5-bc98-4714-b29b-4ebab275086a" "released" by "nova.context.set_target_cell..get_or_set_cached_cell_and_set_connections" :: held 0.000s {{(pid=111015) inner /opt/stack/data/venv/lib/python3.12/site-packages/oslo_concurrency/lockutils.py:543}}
Jun 22 06:28:33.692271 np0000182460 nova-conductor[111015]: DEBUG oslo_concurrency.lockutils [None req-fdeac404-793d-407e-a6c0-5486bce9e264 demo demo] Acquiring lock "9f2997e5-bc98-4714-b29b-4ebab275086a" by "nova.context.set_target_cell..get_or_set_cached_cell_and_set_connections" {{(pid=111015) inner /opt/stack/data/venv/lib/python3.12/site-packages/oslo_concurrency/lockutils.py:511}}
Jun 22 06:28:33.692523 np0000182460 nova-conductor[111015]: DEBUG oslo_concurrency.lockutils [None req-fdeac404-793d-407e-a6c0-5486bce9e264 demo demo] Lock "9f2997e5-bc98-4714-b29b-4ebab275086a" acquired by "nova.context.set_target_cell..get_or_set_cached_cell_and_set_connections" :: waited 0.001s {{(pid=111015) inner /opt/stack/data/venv/lib/python3.12/site-packages/oslo_concurrency/lockutils.py:524}}
Jun 22 06:28:33.693113 np0000182460 nova-conductor[111015]: DEBUG oslo_concurrency.lockutils [None req-fdeac404-793d-407e-a6c0-5486bce9e264 demo demo] Lock "9f2997e5-bc98-4714-b29b-4ebab275086a" "released" by "nova.context.set_target_cell..get_or_set_cached_cell_and_set_connections" :: held 0.000s {{(pid=111015) inner /opt/stack/data/venv/lib/python3.12/site-packages/oslo_concurrency/lockutils.py:543}}
Jun 22 06:28:33.695609 np0000182460 nova-conductor[111015]: DEBUG oslo_concurrency.lockutils [None req-fdeac404-793d-407e-a6c0-5486bce9e264 demo demo] Acquiring lock "compute-rpcapi-router" {{(pid=111015) lock /opt/stack/data/venv/lib/python3.12/site-packages/oslo_concurrency/lockutils.py:395}}
Jun 22 06:28:33.695735 np0000182460 nova-conductor[111015]: DEBUG oslo_concurrency.lockutils [None req-fdeac404-793d-407e-a6c0-5486bce9e264 demo demo] Acquired lock "compute-rpcapi-router" {{(pid=111015) lock /opt/stack/data/venv/lib/python3.12/site-packages/oslo_concurrency/lockutils.py:398}}
Jun 22 06:28:33.696412 np0000182460 nova-conductor[111015]: DEBUG oslo_concurrency.lockutils [None req-714feecc-84af-4d95-8483-759d721a1daf None None] Acquiring lock "00000000-0000-0000-0000-000000000000" by "nova.context.set_target_cell..get_or_set_cached_cell_and_set_connections" {{(pid=111015) inner /opt/stack/data/venv/lib/python3.12/site-packages/oslo_concurrency/lockutils.py:511}}
Jun 22 06:28:33.696718 np0000182460 nova-conductor[111015]: DEBUG oslo_concurrency.lockutils [None req-714feecc-84af-4d95-8483-759d721a1daf None None] Lock "00000000-0000-0000-0000-000000000000" acquired by "nova.context.set_target_cell..get_or_set_cached_cell_and_set_connections" :: waited 0.000s {{(pid=111015) inner /opt/stack/data/venv/lib/python3.12/site-packages/oslo_concurrency/lockutils.py:524}}
Jun 22 06:28:33.696874 np0000182460 nova-conductor[111015]: DEBUG oslo_concurrency.lockutils [None req-714feecc-84af-4d95-8483-759d721a1daf None None] Lock "00000000-0000-0000-0000-000000000000" "released" by "nova.context.set_target_cell..get_or_set_cached_cell_and_set_connections" :: held 0.000s {{(pid=111015) inner /opt/stack/data/venv/lib/python3.12/site-packages/oslo_concurrency/lockutils.py:543}}
Jun 22 06:28:33.698024 np0000182460 nova-conductor[111015]: DEBUG oslo_concurrency.lockutils [None req-714feecc-84af-4d95-8483-759d721a1daf None None] Acquiring lock "9f2997e5-bc98-4714-b29b-4ebab275086a" by "nova.context.set_target_cell..get_or_set_cached_cell_and_set_connections" {{(pid=111015) inner /opt/stack/data/venv/lib/python3.12/site-packages/oslo_concurrency/lockutils.py:511}}
Jun 22 06:28:33.698129 np0000182460 nova-conductor[111015]: DEBUG oslo_concurrency.lockutils [None req-714feecc-84af-4d95-8483-759d721a1daf None None] Lock "9f2997e5-bc98-4714-b29b-4ebab275086a" acquired by "nova.context.set_target_cell..get_or_set_cached_cell_and_set_connections" :: waited 0.000s {{(pid=111015) inner /opt/stack/data/venv/lib/python3.12/site-packages/oslo_concurrency/lockutils.py:524}}
Jun 22 06:28:33.698446 np0000182460 nova-conductor[111015]: DEBUG oslo_concurrency.lockutils [None req-714feecc-84af-4d95-8483-759d721a1daf None None] Lock "9f2997e5-bc98-4714-b29b-4ebab275086a" "released" by "nova.context.set_target_cell..get_or_set_cached_cell_and_set_connections" :: held 0.000s {{(pid=111015) inner /opt/stack/data/venv/lib/python3.12/site-packages/oslo_concurrency/lockutils.py:543}}
Jun 22 06:28:33.715961 np0000182460 nova-conductor[111015]: INFO nova.compute.rpcapi [None req-714feecc-84af-4d95-8483-759d721a1daf None None] Automatically selected compute RPC version 6.5 from minimum service version 72
Jun 22 06:28:33.717128 np0000182460 nova-conductor[111015]: DEBUG oslo_concurrency.lockutils [None req-714feecc-84af-4d95-8483-759d721a1daf None None] Releasing lock "compute-rpcapi-router" {{(pid=111015) lock /opt/stack/data/venv/lib/python3.12/site-packages/oslo_concurrency/lockutils.py:418}}
Jun 22 06:28:37.568488 np0000182460 nova-conductor[110995]: DEBUG oslo.service.backend._threading.loopingcall [None req-5464e7d6-1628-41d0-b237-c9448c901d71 None None] Dynamic interval looping call 'nova.service.Service.periodic_tasks' sleeping for 60.00 seconds {{(pid=110995) _run_loop /opt/stack/data/venv/lib/python3.12/site-packages/oslo_service/backend/_threading/loopingcall.py:125}}
Jun 22 06:28:43.104659 np0000182460 nova-conductor[111002]: DEBUG dbcounter [-] [111002] Writing DB stats nova_cell0:SELECT=4 {{(pid=111002) stat_writer /opt/stack/data/venv/lib/python3.12/site-packages/dbcounter.py:115}}
Jun 22 06:28:43.162180 np0000182460 nova-conductor[111002]: DEBUG dbcounter [-] [111002] Writing DB stats nova_api:SELECT=13,nova_api:UPDATE=1,nova_api:DELETE=1 {{(pid=111002) stat_writer /opt/stack/data/venv/lib/python3.12/site-packages/dbcounter.py:115}}
Jun 22 06:28:43.198083 np0000182460 nova-conductor[111002]: DEBUG dbcounter [-] [111002] Writing DB stats nova_cell0:SELECT=2 {{(pid=111002) stat_writer /opt/stack/data/venv/lib/python3.12/site-packages/dbcounter.py:115}}
Jun 22 06:28:43.216284 np0000182460 nova-conductor[111002]: DEBUG dbcounter [-] [111002] Writing DB stats nova_cell1:SELECT=4,nova_cell1:INSERT=18 {{(pid=111002) stat_writer /opt/stack/data/venv/lib/python3.12/site-packages/dbcounter.py:115}}
Jun 22 06:28:43.588943 np0000182460 nova-conductor[111015]: DEBUG dbcounter [-] [111015] Writing DB stats nova_cell0:SELECT=4 {{(pid=111015) stat_writer /opt/stack/data/venv/lib/python3.12/site-packages/dbcounter.py:115}}
Jun 22 06:28:43.678941 np0000182460 nova-conductor[111015]: DEBUG dbcounter [-] [111015] Writing DB stats nova_api:SELECT=13,nova_api:UPDATE=1,nova_api:DELETE=1 {{(pid=111015) stat_writer /opt/stack/data/venv/lib/python3.12/site-packages/dbcounter.py:115}}
Jun 22 06:28:43.711307 np0000182460 nova-conductor[111015]: DEBUG dbcounter [-] [111015] Writing DB stats nova_cell0:SELECT=2 {{(pid=111015) stat_writer /opt/stack/data/venv/lib/python3.12/site-packages/dbcounter.py:115}}
Jun 22 06:28:43.713282 np0000182460 nova-conductor[111015]: DEBUG dbcounter [-] [111015] Writing DB stats nova_cell1:SELECT=5,nova_cell1:INSERT=18 {{(pid=111015) stat_writer /opt/stack/data/venv/lib/python3.12/site-packages/dbcounter.py:115}}
Jun 22 06:28:46.491215 np0000182460 nova-conductor[110989]: DEBUG oslo.service.backend._threading.loopingcall [-] Fixed interval looping call 'nova.servicegroup.drivers.db.DbDriver._report_state' sleeping for 119.99 seconds {{(pid=110989) _run_loop /opt/stack/data/venv/lib/python3.12/site-packages/oslo_service/backend/_threading/loopingcall.py:125}}
Jun 22 06:28:46.492396 np0000182460 nova-conductor[111002]: DEBUG oslo.service.backend._threading.loopingcall [-] Fixed interval looping call 'nova.servicegroup.drivers.db.DbDriver._report_state' sleeping for 120.00 seconds {{(pid=111002) _run_loop /opt/stack/data/venv/lib/python3.12/site-packages/oslo_service/backend/_threading/loopingcall.py:125}}
Jun 22 06:28:46.501008 np0000182460 nova-conductor[111015]: DEBUG oslo.service.backend._threading.loopingcall [-] Fixed interval looping call 'nova.servicegroup.drivers.db.DbDriver._report_state' sleeping for 119.99 seconds {{(pid=111015) _run_loop /opt/stack/data/venv/lib/python3.12/site-packages/oslo_service/backend/_threading/loopingcall.py:125}}
Jun 22 06:28:46.567985 np0000182460 nova-conductor[110995]: DEBUG oslo.service.backend._threading.loopingcall [-] Fixed interval looping call 'nova.servicegroup.drivers.db.DbDriver._report_state' sleeping for 119.99 seconds {{(pid=110995) _run_loop /opt/stack/data/venv/lib/python3.12/site-packages/oslo_service/backend/_threading/loopingcall.py:125}}
Jun 22 06:28:56.487524 np0000182460 nova-conductor[110989]: DEBUG dbcounter [-] [110989] Writing DB stats nova_cell0:SELECT=1,nova_cell0:UPDATE=1 {{(pid=110989) stat_writer /opt/stack/data/venv/lib/python3.12/site-packages/dbcounter.py:115}}
Jun 22 06:28:56.490932 np0000182460 nova-conductor[111002]: DEBUG dbcounter [-] [111002] Writing DB stats nova_cell0:SELECT=1 {{(pid=111002) stat_writer /opt/stack/data/venv/lib/python3.12/site-packages/dbcounter.py:115}}
Jun 22 06:28:56.497093 np0000182460 nova-conductor[111015]: DEBUG dbcounter [-] [111015] Writing DB stats nova_cell0:SELECT=1 {{(pid=111015) stat_writer /opt/stack/data/venv/lib/python3.12/site-packages/dbcounter.py:115}}
Jun 22 06:28:56.564286 np0000182460 nova-conductor[110995]: DEBUG dbcounter [-] [110995] Writing DB stats nova_cell0:SELECT=1 {{(pid=110995) stat_writer /opt/stack/data/venv/lib/python3.12/site-packages/dbcounter.py:115}}
Jun 22 06:29:15.476619 np0000182460 nova-conductor[110989]: DEBUG oslo.service.backend._threading.loopingcall [None req-ca4d8edc-2992-43f3-8c0a-96006478b41e None None] Dynamic interval looping call 'nova.service.Service.periodic_tasks' sleeping for 60.00 seconds {{(pid=110989) _run_loop /opt/stack/data/venv/lib/python3.12/site-packages/oslo_service/backend/_threading/loopingcall.py:125}}
Jun 22 06:29:18.498693 np0000182460 nova-conductor[111015]: DEBUG oslo.service.backend._threading.loopingcall [None req-ad5e1058-e5b0-495e-a236-f9fb4f6a437d None None] Dynamic interval looping call 'nova.service.Service.periodic_tasks' sleeping for 60.00 seconds {{(pid=111015) _run_loop /opt/stack/data/venv/lib/python3.12/site-packages/oslo_service/backend/_threading/loopingcall.py:125}}
Jun 22 06:29:26.494848 np0000182460 nova-conductor[111002]: DEBUG oslo.service.backend._threading.loopingcall [None req-5a95e202-3e0e-4c55-a695-6bd55f666aac None None] Dynamic interval looping call 'nova.service.Service.periodic_tasks' sleeping for 60.00 seconds {{(pid=111002) _run_loop /opt/stack/data/venv/lib/python3.12/site-packages/oslo_service/backend/_threading/loopingcall.py:125}}
Jun 22 06:29:37.874337 np0000182460 nova-conductor[110995]: DEBUG oslo.service.backend._threading.loopingcall [None req-5464e7d6-1628-41d0-b237-c9448c901d71 None None] Dynamic interval looping call 'nova.service.Service.periodic_tasks' sleeping for 60.00 seconds {{(pid=110995) _run_loop /opt/stack/data/venv/lib/python3.12/site-packages/oslo_service/backend/_threading/loopingcall.py:125}}
Jun 22 06:30:56.283893 np0000182460 nova-conductor[110989]: DEBUG oslo.service.backend._threading.loopingcall [None req-ca4d8edc-2992-43f3-8c0a-96006478b41e None None] Dynamic interval looping call 'nova.service.Service.periodic_tasks' sleeping for 60.00 seconds {{(pid=110989) _run_loop /opt/stack/data/venv/lib/python3.12/site-packages/oslo_service/backend/_threading/loopingcall.py:125}}
Jun 22 06:30:56.292608 np0000182460 nova-conductor[111015]: DEBUG oslo.service.backend._threading.loopingcall [None req-ad5e1058-e5b0-495e-a236-f9fb4f6a437d None None] Dynamic interval looping call 'nova.service.Service.periodic_tasks' sleeping for 60.00 seconds {{(pid=111015) _run_loop /opt/stack/data/venv/lib/python3.12/site-packages/oslo_service/backend/_threading/loopingcall.py:125}}
Jun 22 06:30:56.295369 np0000182460 nova-conductor[111002]: DEBUG oslo.service.backend._threading.loopingcall [None req-5a95e202-3e0e-4c55-a695-6bd55f666aac None None] Dynamic interval looping call 'nova.service.Service.periodic_tasks' sleeping for 60.00 seconds {{(pid=111002) _run_loop /opt/stack/data/venv/lib/python3.12/site-packages/oslo_service/backend/_threading/loopingcall.py:125}}
Jun 22 06:30:56.298382 np0000182460 nova-conductor[110995]: DEBUG oslo.service.backend._threading.loopingcall [None req-5464e7d6-1628-41d0-b237-c9448c901d71 None None] Dynamic interval looping call 'nova.service.Service.periodic_tasks' sleeping for 60.00 seconds {{(pid=110995) _run_loop /opt/stack/data/venv/lib/python3.12/site-packages/oslo_service/backend/_threading/loopingcall.py:125}}
Jun 22 06:31:26.058797 np0000182460 nova-conductor[110989]: DEBUG dbcounter [-] [110989] Writing DB stats nova_cell0:SELECT=1,nova_cell0:UPDATE=1 {{(pid=110989) stat_writer /opt/stack/data/venv/lib/python3.12/site-packages/dbcounter.py:115}}
Jun 22 06:31:26.080356 np0000182460 nova-conductor[111015]: DEBUG dbcounter [-] [111015] Writing DB stats nova_cell0:SELECT=1,nova_cell0:UPDATE=1 {{(pid=111015) stat_writer /opt/stack/data/venv/lib/python3.12/site-packages/dbcounter.py:115}}
Jun 22 06:31:26.094059 np0000182460 nova-conductor[111002]: DEBUG dbcounter [-] [111002] Writing DB stats nova_cell0:SELECT=1,nova_cell0:UPDATE=1 {{(pid=111002) stat_writer /opt/stack/data/venv/lib/python3.12/site-packages/dbcounter.py:115}}
Jun 22 06:31:26.096203 np0000182460 nova-conductor[110995]: DEBUG dbcounter [-] [110995] Writing DB stats nova_cell0:SELECT=1,nova_cell0:UPDATE=1 {{(pid=110995) stat_writer /opt/stack/data/venv/lib/python3.12/site-packages/dbcounter.py:115}}
Jun 22 06:31:26.100452 np0000182460 nova-conductor[110989]: DEBUG oslo.service.backend._threading.loopingcall [None req-ca4d8edc-2992-43f3-8c0a-96006478b41e None None] Dynamic interval looping call 'nova.service.Service.periodic_tasks' sleeping for 60.00 seconds {{(pid=110989) _run_loop /opt/stack/data/venv/lib/python3.12/site-packages/oslo_service/backend/_threading/loopingcall.py:125}}
Jun 22 06:31:26.100452 np0000182460 nova-conductor[110989]: DEBUG oslo.service.backend._threading.loopingcall [-] Fixed interval looping call 'nova.servicegroup.drivers.db.DbDriver._report_state' sleeping for 89.07 seconds {{(pid=110989) _run_loop /opt/stack/data/venv/lib/python3.12/site-packages/oslo_service/backend/_threading/loopingcall.py:125}}
Jun 22 06:31:26.109118 np0000182460 nova-conductor[111015]: DEBUG oslo.service.backend._threading.loopingcall [-] Fixed interval looping call 'nova.servicegroup.drivers.db.DbDriver._report_state' sleeping for 88.45 seconds {{(pid=111015) _run_loop /opt/stack/data/venv/lib/python3.12/site-packages/oslo_service/backend/_threading/loopingcall.py:125}}
Jun 22 06:31:26.109118 np0000182460 nova-conductor[111015]: DEBUG oslo.service.backend._threading.loopingcall [None req-ad5e1058-e5b0-495e-a236-f9fb4f6a437d None None] Dynamic interval looping call 'nova.service.Service.periodic_tasks' sleeping for 60.00 seconds {{(pid=111015) _run_loop /opt/stack/data/venv/lib/python3.12/site-packages/oslo_service/backend/_threading/loopingcall.py:125}}
Jun 22 06:31:26.111664 np0000182460 nova-conductor[111002]: DEBUG oslo.service.backend._threading.loopingcall [-] Fixed interval looping call 'nova.servicegroup.drivers.db.DbDriver._report_state' sleeping for 81.45 seconds {{(pid=111002) _run_loop /opt/stack/data/venv/lib/python3.12/site-packages/oslo_service/backend/_threading/loopingcall.py:125}}
Jun 22 06:31:26.131634 np0000182460 nova-conductor[110995]: DEBUG oslo.service.backend._threading.loopingcall [-] Fixed interval looping call 'nova.servicegroup.drivers.db.DbDriver._report_state' sleeping for 80.98 seconds {{(pid=110995) _run_loop /opt/stack/data/venv/lib/python3.12/site-packages/oslo_service/backend/_threading/loopingcall.py:125}}
Jun 22 06:31:26.518843 np0000182460 nova-conductor[111002]: DEBUG oslo.service.backend._threading.loopingcall [None req-5a95e202-3e0e-4c55-a695-6bd55f666aac None None] Dynamic interval looping call 'nova.service.Service.periodic_tasks' sleeping for 60.00 seconds {{(pid=111002) _run_loop /opt/stack/data/venv/lib/python3.12/site-packages/oslo_service/backend/_threading/loopingcall.py:125}}
Jun 22 06:31:37.680653 np0000182460 nova-conductor[110995]: DEBUG oslo.service.backend._threading.loopingcall [None req-5464e7d6-1628-41d0-b237-c9448c901d71 None None] Dynamic interval looping call 'nova.service.Service.periodic_tasks' sleeping for 60.00 seconds {{(pid=110995) _run_loop /opt/stack/data/venv/lib/python3.12/site-packages/oslo_service/backend/_threading/loopingcall.py:125}}
Jun 22 06:32:15.671703 np0000182460 nova-conductor[110989]: DEBUG oslo.service.backend._threading.loopingcall [None req-ca4d8edc-2992-43f3-8c0a-96006478b41e None None] Dynamic interval looping call 'nova.service.Service.periodic_tasks' sleeping for 60.00 seconds {{(pid=110989) _run_loop /opt/stack/data/venv/lib/python3.12/site-packages/oslo_service/backend/_threading/loopingcall.py:125}}
Jun 22 06:32:19.375718 np0000182460 nova-conductor[111015]: DEBUG oslo.service.backend._threading.loopingcall [None req-ad5e1058-e5b0-495e-a236-f9fb4f6a437d None None] Dynamic interval looping call 'nova.service.Service.periodic_tasks' sleeping for 60.00 seconds {{(pid=111015) _run_loop /opt/stack/data/venv/lib/python3.12/site-packages/oslo_service/backend/_threading/loopingcall.py:125}}
Jun 22 06:32:26.519530 np0000182460 nova-conductor[111002]: DEBUG oslo.service.backend._threading.loopingcall [None req-5a95e202-3e0e-4c55-a695-6bd55f666aac None None] Dynamic interval looping call 'nova.service.Service.periodic_tasks' sleeping for 60.00 seconds {{(pid=111002) _run_loop /opt/stack/data/venv/lib/python3.12/site-packages/oslo_service/backend/_threading/loopingcall.py:125}}