Jun 22 06:18:41.412397 np0000182460 nova-conductor[110995]: DEBUG cotyledon.oslo_config_glue [-] vnc.novncproxy_port = 6080 {{(pid=110995) log_opt_values /opt/stack/data/venv/lib/python3.12/site-packages/oslo_config/cfg.py:3253}}
Jun 22 06:18:41.412397 np0000182460 nova-conductor[110995]: DEBUG cotyledon.oslo_config_glue [-] vnc.server_listen = 127.0.0.1 {{(pid=110995) log_opt_values /opt/stack/data/venv/lib/python3.12/site-packages/oslo_config/cfg.py:3253}}
Jun 22 06:18:41.412749 np0000182460 nova-conductor[110995]: DEBUG cotyledon.oslo_config_glue [-] vnc.server_proxyclient_address = 127.0.0.1 {{(pid=110995) log_opt_values /opt/stack/data/venv/lib/python3.12/site-packages/oslo_config/cfg.py:3253}}
Jun 22 06:18:41.412749 np0000182460 nova-conductor[110995]: DEBUG cotyledon.oslo_config_glue [-] vnc.vencrypt_ca_certs = None {{(pid=110995) log_opt_values /opt/stack/data/venv/lib/python3.12/site-packages/oslo_config/cfg.py:3253}}
Jun 22 06:18:41.412749 np0000182460 nova-conductor[110995]: DEBUG cotyledon.oslo_config_glue [-] vnc.vencrypt_client_cert = None {{(pid=110995) log_opt_values /opt/stack/data/venv/lib/python3.12/site-packages/oslo_config/cfg.py:3253}}
Jun 22 06:18:41.412749 np0000182460 nova-conductor[110995]: DEBUG cotyledon.oslo_config_glue [-] vnc.vencrypt_client_key = None {{(pid=110995) log_opt_values /opt/stack/data/venv/lib/python3.12/site-packages/oslo_config/cfg.py:3253}}
Jun 22 06:18:41.412749 np0000182460 nova-conductor[110995]: DEBUG cotyledon.oslo_config_glue [-] workarounds.disable_compute_service_check_for_ffu = False {{(pid=110995) log_opt_values /opt/stack/data/venv/lib/python3.12/site-packages/oslo_config/cfg.py:3253}}
Jun 22 06:18:41.412749 np0000182460 nova-conductor[110995]: DEBUG cotyledon.oslo_config_glue [-] workarounds.disable_deep_image_inspection = False {{(pid=110995) log_opt_values /opt/stack/data/venv/lib/python3.12/site-packages/oslo_config/cfg.py:3253}}
Jun 22 06:18:41.412749 np0000182460 nova-conductor[110995]: DEBUG cotyledon.oslo_config_glue [-] workarounds.disable_fallback_pcpu_query = False {{(pid=110995) log_opt_values /opt/stack/data/venv/lib/python3.12/site-packages/oslo_config/cfg.py:3253}}
Jun 22 06:18:41.413116 np0000182460 nova-conductor[110995]: DEBUG cotyledon.oslo_config_glue [-] workarounds.disable_group_policy_check_upcall = False {{(pid=110995) log_opt_values /opt/stack/data/venv/lib/python3.12/site-packages/oslo_config/cfg.py:3253}}
Jun 22 06:18:41.413116 np0000182460 nova-conductor[110995]: DEBUG cotyledon.oslo_config_glue [-] workarounds.disable_libvirt_livesnapshot = False {{(pid=110995) log_opt_values /opt/stack/data/venv/lib/python3.12/site-packages/oslo_config/cfg.py:3253}}
Jun 22 06:18:41.413116 np0000182460 nova-conductor[110995]: DEBUG cotyledon.oslo_config_glue [-] workarounds.disable_rootwrap = False {{(pid=110995) log_opt_values /opt/stack/data/venv/lib/python3.12/site-packages/oslo_config/cfg.py:3253}}
Jun 22 06:18:41.413287 np0000182460 nova-conductor[110995]: DEBUG cotyledon.oslo_config_glue [-] workarounds.enable_numa_live_migration = False {{(pid=110995) log_opt_values /opt/stack/data/venv/lib/python3.12/site-packages/oslo_config/cfg.py:3253}}
Jun 22 06:18:41.413347 np0000182460 nova-conductor[110995]: DEBUG cotyledon.oslo_config_glue [-] workarounds.enable_qemu_monitor_announce_self = False {{(pid=110995) log_opt_values /opt/stack/data/venv/lib/python3.12/site-packages/oslo_config/cfg.py:3253}}
Jun 22 06:18:41.413459 np0000182460 nova-conductor[110995]: DEBUG cotyledon.oslo_config_glue [-] workarounds.ensure_libvirt_rbd_instance_dir_cleanup = False {{(pid=110995) log_opt_values /opt/stack/data/venv/lib/python3.12/site-packages/oslo_config/cfg.py:3253}}
Jun 22 06:18:41.413524 np0000182460 nova-conductor[110995]: DEBUG cotyledon.oslo_config_glue [-] workarounds.handle_virt_lifecycle_events = True {{(pid=110995) log_opt_values /opt/stack/data/venv/lib/python3.12/site-packages/oslo_config/cfg.py:3253}}
Jun 22 06:18:41.413602 np0000182460 nova-conductor[110995]: DEBUG cotyledon.oslo_config_glue [-] workarounds.libvirt_disable_apic = False {{(pid=110995) log_opt_values /opt/stack/data/venv/lib/python3.12/site-packages/oslo_config/cfg.py:3253}}
Jun 22 06:18:41.413665 np0000182460 nova-conductor[110995]: DEBUG cotyledon.oslo_config_glue [-] workarounds.never_download_image_if_on_rbd = False {{(pid=110995) log_opt_values /opt/stack/data/venv/lib/python3.12/site-packages/oslo_config/cfg.py:3253}}
Jun 22 06:18:41.413788 np0000182460 nova-conductor[110995]: DEBUG cotyledon.oslo_config_glue [-] workarounds.qemu_monitor_announce_self_count = 3 {{(pid=110995) log_opt_values /opt/stack/data/venv/lib/python3.12/site-packages/oslo_config/cfg.py:3253}}
Jun 22 06:18:41.413854 np0000182460 nova-conductor[110995]: DEBUG cotyledon.oslo_config_glue [-] workarounds.qemu_monitor_announce_self_interval = 1 {{(pid=110995) log_opt_values /opt/stack/data/venv/lib/python3.12/site-packages/oslo_config/cfg.py:3253}}
Jun 22 06:18:41.413854 np0000182460 nova-conductor[110995]: DEBUG cotyledon.oslo_config_glue [-] workarounds.reserve_disk_resource_for_image_cache = False {{(pid=110995) log_opt_values /opt/stack/data/venv/lib/python3.12/site-packages/oslo_config/cfg.py:3253}}
Jun 22 06:18:41.413966 np0000182460 nova-conductor[110995]: DEBUG cotyledon.oslo_config_glue [-] workarounds.skip_cpu_compare_at_startup = False {{(pid=110995) log_opt_values /opt/stack/data/venv/lib/python3.12/site-packages/oslo_config/cfg.py:3253}}
Jun 22 06:18:41.414025 np0000182460 nova-conductor[110995]: DEBUG cotyledon.oslo_config_glue [-] workarounds.skip_cpu_compare_on_dest = False {{(pid=110995) log_opt_values /opt/stack/data/venv/lib/python3.12/site-packages/oslo_config/cfg.py:3253}}
Jun 22 06:18:41.414085 np0000182460 nova-conductor[110995]: DEBUG cotyledon.oslo_config_glue [-] workarounds.skip_hypervisor_version_check_on_lm = False {{(pid=110995) log_opt_values /opt/stack/data/venv/lib/python3.12/site-packages/oslo_config/cfg.py:3253}}
Jun 22 06:18:41.414208 np0000182460 nova-conductor[110995]: DEBUG cotyledon.oslo_config_glue [-] workarounds.skip_reserve_in_use_ironic_nodes = False {{(pid=110995) log_opt_values /opt/stack/data/venv/lib/python3.12/site-packages/oslo_config/cfg.py:3253}}
Jun 22 06:18:41.414270 np0000182460 nova-conductor[110995]: DEBUG cotyledon.oslo_config_glue [-] workarounds.unified_limits_count_pcpu_as_vcpu = False {{(pid=110995) log_opt_values /opt/stack/data/venv/lib/python3.12/site-packages/oslo_config/cfg.py:3253}}
Jun 22 06:18:41.414328 np0000182460 nova-conductor[110995]: DEBUG cotyledon.oslo_config_glue [-] workarounds.wait_for_vif_plugged_event_during_hard_reboot = [] {{(pid=110995) log_opt_values /opt/stack/data/venv/lib/python3.12/site-packages/oslo_config/cfg.py:3253}}
Jun 22 06:18:41.414438 np0000182460 nova-conductor[110995]: DEBUG cotyledon.oslo_config_glue [-] wsgi.api_paste_config = /etc/nova/api-paste.ini {{(pid=110995) log_opt_values /opt/stack/data/venv/lib/python3.12/site-packages/oslo_config/cfg.py:3253}}
Jun 22 06:18:41.414511 np0000182460 nova-conductor[110995]: DEBUG cotyledon.oslo_config_glue [-] wsgi.secure_proxy_ssl_header = None {{(pid=110995) log_opt_values /opt/stack/data/venv/lib/python3.12/site-packages/oslo_config/cfg.py:3253}}
Jun 22 06:18:41.414602 np0000182460 nova-conductor[110995]: DEBUG cotyledon.oslo_config_glue [-] zvm.ca_file = None {{(pid=110995) log_opt_values /opt/stack/data/venv/lib/python3.12/site-packages/oslo_config/cfg.py:3253}}
Jun 22 06:18:41.414663 np0000182460 nova-conductor[110995]: DEBUG cotyledon.oslo_config_glue [-] zvm.cloud_connector_url = None {{(pid=110995) log_opt_values /opt/stack/data/venv/lib/python3.12/site-packages/oslo_config/cfg.py:3253}}
Jun 22 06:18:41.414738 np0000182460 nova-conductor[110995]: DEBUG cotyledon.oslo_config_glue [-] zvm.image_tmp_path = /opt/stack/data/nova/images {{(pid=110995) log_opt_values /opt/stack/data/venv/lib/python3.12/site-packages/oslo_config/cfg.py:3253}}
Jun 22 06:18:41.414798 np0000182460 nova-conductor[110995]: DEBUG cotyledon.oslo_config_glue [-] zvm.reachable_timeout = 300 {{(pid=110995) log_opt_values /opt/stack/data/venv/lib/python3.12/site-packages/oslo_config/cfg.py:3253}}
Jun 22 06:18:41.414924 np0000182460 nova-conductor[110995]: DEBUG cotyledon.oslo_config_glue [-] oslo_versionedobjects.fatal_exception_format_errors = False {{(pid=110995) log_opt_values /opt/stack/data/venv/lib/python3.12/site-packages/oslo_config/cfg.py:3253}}
Jun 22 06:18:41.415027 np0000182460 nova-conductor[110995]: DEBUG cotyledon.oslo_config_glue [-] oslo_middleware.http_basic_auth_user_file = /etc/htpasswd {{(pid=110995) log_opt_values /opt/stack/data/venv/lib/python3.12/site-packages/oslo_config/cfg.py:3253}}
Jun 22 06:18:41.415125 np0000182460 nova-conductor[110995]: DEBUG cotyledon.oslo_config_glue [-] profiler.connection_string = messaging:// {{(pid=110995) log_opt_values /opt/stack/data/venv/lib/python3.12/site-packages/oslo_config/cfg.py:3253}}
Jun 22 06:18:41.415198 np0000182460 nova-conductor[110995]: DEBUG cotyledon.oslo_config_glue [-] profiler.enabled = False {{(pid=110995) log_opt_values /opt/stack/data/venv/lib/python3.12/site-packages/oslo_config/cfg.py:3253}}
Jun 22 06:18:41.415259 np0000182460 nova-conductor[110995]: DEBUG cotyledon.oslo_config_glue [-] profiler.es_doc_type = notification {{(pid=110995) log_opt_values /opt/stack/data/venv/lib/python3.12/site-packages/oslo_config/cfg.py:3253}}
Jun 22 06:18:41.415366 np0000182460 nova-conductor[110995]: DEBUG cotyledon.oslo_config_glue [-] profiler.es_scroll_size = 10000 {{(pid=110995) log_opt_values /opt/stack/data/venv/lib/python3.12/site-packages/oslo_config/cfg.py:3253}}
Jun 22 06:18:41.415435 np0000182460 nova-conductor[110995]: DEBUG cotyledon.oslo_config_glue [-] profiler.es_scroll_time = 2m {{(pid=110995) log_opt_values /opt/stack/data/venv/lib/python3.12/site-packages/oslo_config/cfg.py:3253}}
Jun 22 06:18:41.415493 np0000182460 nova-conductor[110995]: DEBUG cotyledon.oslo_config_glue [-] profiler.filter_error_trace = False {{(pid=110995) log_opt_values /opt/stack/data/venv/lib/python3.12/site-packages/oslo_config/cfg.py:3253}}
Jun 22 06:18:41.415551 np0000182460 nova-conductor[110995]: DEBUG cotyledon.oslo_config_glue [-] profiler.hmac_keys = **** {{(pid=110995) log_opt_values /opt/stack/data/venv/lib/python3.12/site-packages/oslo_config/cfg.py:3253}}
Jun 22 06:18:41.415636 np0000182460 nova-conductor[110995]: DEBUG cotyledon.oslo_config_glue [-] profiler.sentinel_service_name = mymaster {{(pid=110995) log_opt_values /opt/stack/data/venv/lib/python3.12/site-packages/oslo_config/cfg.py:3253}}
Jun 22 06:18:41.415755 np0000182460 nova-conductor[110995]: DEBUG cotyledon.oslo_config_glue [-] profiler.socket_timeout = 0.1 {{(pid=110995) log_opt_values /opt/stack/data/venv/lib/python3.12/site-packages/oslo_config/cfg.py:3253}}
Jun 22 06:18:41.415817 np0000182460 nova-conductor[110995]: DEBUG cotyledon.oslo_config_glue [-] profiler.trace_requests = False {{(pid=110995) log_opt_values /opt/stack/data/venv/lib/python3.12/site-packages/oslo_config/cfg.py:3253}}
Jun 22 06:18:41.415895 np0000182460 nova-conductor[110995]: DEBUG cotyledon.oslo_config_glue [-] profiler.trace_sqlalchemy = False {{(pid=110995) log_opt_values /opt/stack/data/venv/lib/python3.12/site-packages/oslo_config/cfg.py:3253}}
Jun 22 06:18:41.415954 np0000182460 nova-conductor[110995]: DEBUG cotyledon.oslo_config_glue [-] profiler_jaeger.process_tags = {} {{(pid=110995) log_opt_values /opt/stack/data/venv/lib/python3.12/site-packages/oslo_config/cfg.py:3253}}
Jun 22 06:18:41.416057 np0000182460 nova-conductor[110995]: DEBUG cotyledon.oslo_config_glue [-] profiler_jaeger.service_name_prefix = None {{(pid=110995) log_opt_values /opt/stack/data/venv/lib/python3.12/site-packages/oslo_config/cfg.py:3253}}
Jun 22 06:18:41.416130 np0000182460 nova-conductor[110995]: DEBUG cotyledon.oslo_config_glue [-] profiler_otlp.service_name_prefix = None {{(pid=110995) log_opt_values /opt/stack/data/venv/lib/python3.12/site-packages/oslo_config/cfg.py:3253}}
Jun 22 06:18:41.416252 np0000182460 nova-conductor[110995]: DEBUG cotyledon.oslo_config_glue [-] oslo_messaging_rabbit.amqp_auto_delete = False {{(pid=110995) log_opt_values /opt/stack/data/venv/lib/python3.12/site-packages/oslo_config/cfg.py:3253}}
Jun 22 06:18:41.416316 np0000182460 nova-conductor[110995]: DEBUG cotyledon.oslo_config_glue [-] oslo_messaging_rabbit.amqp_durable_queues = False {{(pid=110995) log_opt_values /opt/stack/data/venv/lib/python3.12/site-packages/oslo_config/cfg.py:3253}}
Jun 22 06:18:41.416431 np0000182460 nova-conductor[110995]: DEBUG cotyledon.oslo_config_glue [-] oslo_messaging_rabbit.conn_pool_min_size = 2 {{(pid=110995) log_opt_values /opt/stack/data/venv/lib/python3.12/site-packages/oslo_config/cfg.py:3253}}
Jun 22 06:18:41.416550 np0000182460 nova-conductor[110995]: DEBUG cotyledon.oslo_config_glue [-] oslo_messaging_rabbit.conn_pool_ttl = 1200 {{(pid=110995) log_opt_values /opt/stack/data/venv/lib/python3.12/site-packages/oslo_config/cfg.py:3253}}
Jun 22 06:18:41.416635 np0000182460 nova-conductor[110995]: DEBUG cotyledon.oslo_config_glue [-] oslo_messaging_rabbit.direct_mandatory_flag = True {{(pid=110995) log_opt_values /opt/stack/data/venv/lib/python3.12/site-packages/oslo_config/cfg.py:3253}}
Jun 22 06:18:41.416726 np0000182460 nova-conductor[110995]: DEBUG cotyledon.oslo_config_glue [-] oslo_messaging_rabbit.enable_cancel_on_failover = False {{(pid=110995) log_opt_values /opt/stack/data/venv/lib/python3.12/site-packages/oslo_config/cfg.py:3253}}
Jun 22 06:18:41.416795 np0000182460 nova-conductor[110995]: DEBUG cotyledon.oslo_config_glue [-] oslo_messaging_rabbit.heartbeat_rate = 3 {{(pid=110995) log_opt_values /opt/stack/data/venv/lib/python3.12/site-packages/oslo_config/cfg.py:3253}}
Jun 22 06:18:41.416855 np0000182460 nova-conductor[110995]: DEBUG cotyledon.oslo_config_glue [-] oslo_messaging_rabbit.heartbeat_timeout_threshold = 60 {{(pid=110995) log_opt_values /opt/stack/data/venv/lib/python3.12/site-packages/oslo_config/cfg.py:3253}}
Jun 22 06:18:41.416978 np0000182460 nova-conductor[110995]: DEBUG cotyledon.oslo_config_glue [-] oslo_messaging_rabbit.hostname = np0000182460 {{(pid=110995) log_opt_values /opt/stack/data/venv/lib/python3.12/site-packages/oslo_config/cfg.py:3253}}
Jun 22 06:18:41.417042 np0000182460 nova-conductor[110995]: DEBUG cotyledon.oslo_config_glue [-] oslo_messaging_rabbit.kombu_compression = None {{(pid=110995) log_opt_values /opt/stack/data/venv/lib/python3.12/site-packages/oslo_config/cfg.py:3253}}
Jun 22 06:18:41.417102 np0000182460 nova-conductor[110995]: DEBUG cotyledon.oslo_config_glue [-] oslo_messaging_rabbit.kombu_failover_strategy = round-robin {{(pid=110995) log_opt_values /opt/stack/data/venv/lib/python3.12/site-packages/oslo_config/cfg.py:3253}}
Jun 22 06:18:41.417171 np0000182460 nova-conductor[110995]: DEBUG cotyledon.oslo_config_glue [-] oslo_messaging_rabbit.kombu_missing_consumer_retry_timeout = 60 {{(pid=110995) log_opt_values /opt/stack/data/venv/lib/python3.12/site-packages/oslo_config/cfg.py:3253}}
Jun 22 06:18:41.417280 np0000182460 nova-conductor[110995]: DEBUG cotyledon.oslo_config_glue [-] oslo_messaging_rabbit.kombu_reconnect_delay = 1.0 {{(pid=110995) log_opt_values /opt/stack/data/venv/lib/python3.12/site-packages/oslo_config/cfg.py:3253}}
Jun 22 06:18:41.417344 np0000182460 nova-conductor[110995]: DEBUG cotyledon.oslo_config_glue [-] oslo_messaging_rabbit.kombu_reconnect_splay = 0.0 {{(pid=110995) log_opt_values /opt/stack/data/venv/lib/python3.12/site-packages/oslo_config/cfg.py:3253}}
Jun 22 06:18:41.417415 np0000182460 nova-conductor[110995]: DEBUG cotyledon.oslo_config_glue [-] oslo_messaging_rabbit.processname = nova-conductor {{(pid=110995) log_opt_values /opt/stack/data/venv/lib/python3.12/site-packages/oslo_config/cfg.py:3253}}
Jun 22 06:18:41.417482 np0000182460 nova-conductor[110995]: DEBUG cotyledon.oslo_config_glue [-] oslo_messaging_rabbit.rabbit_ha_queues = False {{(pid=110995) log_opt_values /opt/stack/data/venv/lib/python3.12/site-packages/oslo_config/cfg.py:3253}}
Jun 22 06:18:41.417625 np0000182460 nova-conductor[110995]: DEBUG cotyledon.oslo_config_glue [-] oslo_messaging_rabbit.rabbit_interval_max = 30 {{(pid=110995) log_opt_values /opt/stack/data/venv/lib/python3.12/site-packages/oslo_config/cfg.py:3253}}
Jun 22 06:18:41.417625 np0000182460 nova-conductor[110995]: DEBUG cotyledon.oslo_config_glue [-] oslo_messaging_rabbit.rabbit_login_method = AMQPLAIN {{(pid=110995) log_opt_values /opt/stack/data/venv/lib/python3.12/site-packages/oslo_config/cfg.py:3253}}
Jun 22 06:18:41.417753 np0000182460 nova-conductor[110995]: DEBUG cotyledon.oslo_config_glue [-] oslo_messaging_rabbit.rabbit_qos_prefetch_count = 0 {{(pid=110995) log_opt_values /opt/stack/data/venv/lib/python3.12/site-packages/oslo_config/cfg.py:3253}}
Jun 22 06:18:41.417753 np0000182460 nova-conductor[110995]: DEBUG cotyledon.oslo_config_glue [-] oslo_messaging_rabbit.rabbit_quorum_delivery_limit = 0 {{(pid=110995) log_opt_values /opt/stack/data/venv/lib/python3.12/site-packages/oslo_config/cfg.py:3253}}
Jun 22 06:18:41.417882 np0000182460 nova-conductor[110995]: DEBUG cotyledon.oslo_config_glue [-] oslo_messaging_rabbit.rabbit_quorum_max_memory_bytes = 0 {{(pid=110995) log_opt_values /opt/stack/data/venv/lib/python3.12/site-packages/oslo_config/cfg.py:3253}}
Jun 22 06:18:41.417983 np0000182460 nova-conductor[110995]: DEBUG cotyledon.oslo_config_glue [-] oslo_messaging_rabbit.rabbit_quorum_max_memory_length = 0 {{(pid=110995) log_opt_values /opt/stack/data/venv/lib/python3.12/site-packages/oslo_config/cfg.py:3253}}
Jun 22 06:18:41.417983 np0000182460 nova-conductor[110995]: DEBUG cotyledon.oslo_config_glue [-] oslo_messaging_rabbit.rabbit_quorum_queue = False {{(pid=110995) log_opt_values /opt/stack/data/venv/lib/python3.12/site-packages/oslo_config/cfg.py:3253}}
Jun 22 06:18:41.417983 np0000182460 nova-conductor[110995]: DEBUG cotyledon.oslo_config_glue [-] oslo_messaging_rabbit.rabbit_retry_backoff = 2 {{(pid=110995) log_opt_values /opt/stack/data/venv/lib/python3.12/site-packages/oslo_config/cfg.py:3253}}
Jun 22 06:18:41.418182 np0000182460 nova-conductor[110995]: DEBUG cotyledon.oslo_config_glue [-] oslo_messaging_rabbit.rabbit_retry_interval = 1 {{(pid=110995) log_opt_values /opt/stack/data/venv/lib/python3.12/site-packages/oslo_config/cfg.py:3253}}
Jun 22 06:18:41.418182 np0000182460 nova-conductor[110995]: DEBUG cotyledon.oslo_config_glue [-] oslo_messaging_rabbit.rabbit_stream_fanout = False {{(pid=110995) log_opt_values /opt/stack/data/venv/lib/python3.12/site-packages/oslo_config/cfg.py:3253}}
Jun 22 06:18:41.418291 np0000182460 nova-conductor[110995]: DEBUG cotyledon.oslo_config_glue [-] oslo_messaging_rabbit.rabbit_transient_queues_ttl = 1800 {{(pid=110995) log_opt_values /opt/stack/data/venv/lib/python3.12/site-packages/oslo_config/cfg.py:3253}}
Jun 22 06:18:41.418351 np0000182460 nova-conductor[110995]: DEBUG cotyledon.oslo_config_glue [-] oslo_messaging_rabbit.rabbit_transient_quorum_queue = False {{(pid=110995) log_opt_values /opt/stack/data/venv/lib/python3.12/site-packages/oslo_config/cfg.py:3253}}
Jun 22 06:18:41.418464 np0000182460 nova-conductor[110995]: DEBUG cotyledon.oslo_config_glue [-] oslo_messaging_rabbit.rpc_conn_pool_size = 30 {{(pid=110995) log_opt_values /opt/stack/data/venv/lib/python3.12/site-packages/oslo_config/cfg.py:3253}}
Jun 22 06:18:41.418536 np0000182460 nova-conductor[110995]: DEBUG cotyledon.oslo_config_glue [-] oslo_messaging_rabbit.ssl = False {{(pid=110995) log_opt_values /opt/stack/data/venv/lib/python3.12/site-packages/oslo_config/cfg.py:3253}}
Jun 22 06:18:41.418617 np0000182460 nova-conductor[110995]: DEBUG cotyledon.oslo_config_glue [-] oslo_messaging_rabbit.ssl_ca_file = {{(pid=110995) log_opt_values /opt/stack/data/venv/lib/python3.12/site-packages/oslo_config/cfg.py:3253}}
Jun 22 06:18:41.418678 np0000182460 nova-conductor[110995]: DEBUG cotyledon.oslo_config_glue [-] oslo_messaging_rabbit.ssl_cert_file = {{(pid=110995) log_opt_values /opt/stack/data/venv/lib/python3.12/site-packages/oslo_config/cfg.py:3253}}
Jun 22 06:18:41.418831 np0000182460 nova-conductor[110995]: DEBUG cotyledon.oslo_config_glue [-] oslo_messaging_rabbit.ssl_enforce_fips_mode = False {{(pid=110995) log_opt_values /opt/stack/data/venv/lib/python3.12/site-packages/oslo_config/cfg.py:3253}}
Jun 22 06:18:41.418831 np0000182460 nova-conductor[110995]: DEBUG cotyledon.oslo_config_glue [-] oslo_messaging_rabbit.ssl_enforce_hostname_verification = True {{(pid=110995) log_opt_values /opt/stack/data/venv/lib/python3.12/site-packages/oslo_config/cfg.py:3253}}
Jun 22 06:18:41.418831 np0000182460 nova-conductor[110995]: DEBUG cotyledon.oslo_config_glue [-] oslo_messaging_rabbit.ssl_key_file = {{(pid=110995) log_opt_values /opt/stack/data/venv/lib/python3.12/site-packages/oslo_config/cfg.py:3253}}
Jun 22 06:18:41.418998 np0000182460 nova-conductor[110995]: DEBUG cotyledon.oslo_config_glue [-] oslo_messaging_rabbit.ssl_version = {{(pid=110995) log_opt_values /opt/stack/data/venv/lib/python3.12/site-packages/oslo_config/cfg.py:3253}}
Jun 22 06:18:41.418998 np0000182460 nova-conductor[110995]: DEBUG cotyledon.oslo_config_glue [-] oslo_messaging_rabbit.use_queue_manager = False {{(pid=110995) log_opt_values /opt/stack/data/venv/lib/python3.12/site-packages/oslo_config/cfg.py:3253}}
Jun 22 06:18:41.419150 np0000182460 nova-conductor[110995]: DEBUG cotyledon.oslo_config_glue [-] oslo_messaging_notifications.driver = ['messagingv2'] {{(pid=110995) log_opt_values /opt/stack/data/venv/lib/python3.12/site-packages/oslo_config/cfg.py:3253}}
Jun 22 06:18:41.419225 np0000182460 nova-conductor[110995]: DEBUG cotyledon.oslo_config_glue [-] oslo_messaging_notifications.retry = -1 {{(pid=110995) log_opt_values /opt/stack/data/venv/lib/python3.12/site-packages/oslo_config/cfg.py:3253}}
Jun 22 06:18:41.419284 np0000182460 nova-conductor[110995]: DEBUG cotyledon.oslo_config_glue [-] oslo_messaging_notifications.topics = ['notifications'] {{(pid=110995) log_opt_values /opt/stack/data/venv/lib/python3.12/site-packages/oslo_config/cfg.py:3253}}
Jun 22 06:18:41.419401 np0000182460 nova-conductor[110995]: DEBUG cotyledon.oslo_config_glue [-] oslo_messaging_notifications.transport_url = **** {{(pid=110995) log_opt_values /opt/stack/data/venv/lib/python3.12/site-packages/oslo_config/cfg.py:3253}}
Jun 22 06:18:41.419476 np0000182460 nova-conductor[110995]: DEBUG cotyledon.oslo_config_glue [-] oslo_limit.auth_section = None {{(pid=110995) log_opt_values /opt/stack/data/venv/lib/python3.12/site-packages/oslo_config/cfg.py:3253}}
Jun 22 06:18:41.419536 np0000182460 nova-conductor[110995]: DEBUG cotyledon.oslo_config_glue [-] oslo_limit.auth_type = None {{(pid=110995) log_opt_values /opt/stack/data/venv/lib/python3.12/site-packages/oslo_config/cfg.py:3253}}
Jun 22 06:18:41.419619 np0000182460 nova-conductor[110995]: DEBUG cotyledon.oslo_config_glue [-] oslo_limit.cafile = None {{(pid=110995) log_opt_values /opt/stack/data/venv/lib/python3.12/site-packages/oslo_config/cfg.py:3253}}
Jun 22 06:18:41.419674 np0000182460 nova-conductor[110995]: DEBUG cotyledon.oslo_config_glue [-] oslo_limit.certfile = None {{(pid=110995) log_opt_values /opt/stack/data/venv/lib/python3.12/site-packages/oslo_config/cfg.py:3253}}
Jun 22 06:18:41.419726 np0000182460 nova-conductor[110995]: DEBUG cotyledon.oslo_config_glue [-] oslo_limit.collect_timing = False {{(pid=110995) log_opt_values /opt/stack/data/venv/lib/python3.12/site-packages/oslo_config/cfg.py:3253}}
Jun 22 06:18:41.419797 np0000182460 nova-conductor[110995]: DEBUG cotyledon.oslo_config_glue [-] oslo_limit.connect_retries = None {{(pid=110995) log_opt_values /opt/stack/data/venv/lib/python3.12/site-packages/oslo_config/cfg.py:3253}}
Jun 22 06:18:41.419856 np0000182460 nova-conductor[110995]: DEBUG cotyledon.oslo_config_glue [-] oslo_limit.connect_retry_delay = None {{(pid=110995) log_opt_values /opt/stack/data/venv/lib/python3.12/site-packages/oslo_config/cfg.py:3253}}
Jun 22 06:18:41.419976 np0000182460 nova-conductor[110995]: DEBUG cotyledon.oslo_config_glue [-] oslo_limit.endpoint_id = None {{(pid=110995) log_opt_values /opt/stack/data/venv/lib/python3.12/site-packages/oslo_config/cfg.py:3253}}
Jun 22 06:18:41.420041 np0000182460 nova-conductor[110995]: DEBUG cotyledon.oslo_config_glue [-] oslo_limit.endpoint_interface = public {{(pid=110995) log_opt_values /opt/stack/data/venv/lib/python3.12/site-packages/oslo_config/cfg.py:3253}}
Jun 22 06:18:41.420111 np0000182460 nova-conductor[110995]: DEBUG cotyledon.oslo_config_glue [-] oslo_limit.endpoint_override = None {{(pid=110995) log_opt_values /opt/stack/data/venv/lib/python3.12/site-packages/oslo_config/cfg.py:3253}}
Jun 22 06:18:41.420171 np0000182460 nova-conductor[110995]: DEBUG cotyledon.oslo_config_glue [-] oslo_limit.endpoint_region_name = None {{(pid=110995) log_opt_values /opt/stack/data/venv/lib/python3.12/site-packages/oslo_config/cfg.py:3253}}
Jun 22 06:18:41.420238 np0000182460 nova-conductor[110995]: DEBUG cotyledon.oslo_config_glue [-] oslo_limit.endpoint_service_name = None {{(pid=110995) log_opt_values /opt/stack/data/venv/lib/python3.12/site-packages/oslo_config/cfg.py:3253}}
Jun 22 06:18:41.420297 np0000182460 nova-conductor[110995]: DEBUG cotyledon.oslo_config_glue [-] oslo_limit.endpoint_service_type = None {{(pid=110995) log_opt_values /opt/stack/data/venv/lib/python3.12/site-packages/oslo_config/cfg.py:3253}}
Jun 22 06:18:41.420450 np0000182460 nova-conductor[110995]: DEBUG cotyledon.oslo_config_glue [-] oslo_limit.insecure = False {{(pid=110995) log_opt_values /opt/stack/data/venv/lib/python3.12/site-packages/oslo_config/cfg.py:3253}}
Jun 22 06:18:41.420519 np0000182460 nova-conductor[110995]: DEBUG cotyledon.oslo_config_glue [-] oslo_limit.keyfile = None {{(pid=110995) log_opt_values /opt/stack/data/venv/lib/python3.12/site-packages/oslo_config/cfg.py:3253}}
Jun 22 06:18:41.420600 np0000182460 nova-conductor[110995]: DEBUG cotyledon.oslo_config_glue [-] oslo_limit.max_version = None {{(pid=110995) log_opt_values /opt/stack/data/venv/lib/python3.12/site-packages/oslo_config/cfg.py:3253}}
Jun 22 06:18:41.420675 np0000182460 nova-conductor[110995]: DEBUG cotyledon.oslo_config_glue [-] oslo_limit.min_version = None {{(pid=110995) log_opt_values /opt/stack/data/venv/lib/python3.12/site-packages/oslo_config/cfg.py:3253}}
Jun 22 06:18:41.420778 np0000182460 nova-conductor[110995]: DEBUG cotyledon.oslo_config_glue [-] oslo_limit.region_name = None {{(pid=110995) log_opt_values /opt/stack/data/venv/lib/python3.12/site-packages/oslo_config/cfg.py:3253}}
Jun 22 06:18:41.420851 np0000182460 nova-conductor[110995]: DEBUG cotyledon.oslo_config_glue [-] oslo_limit.retriable_status_codes = None {{(pid=110995) log_opt_values /opt/stack/data/venv/lib/python3.12/site-packages/oslo_config/cfg.py:3253}}
Jun 22 06:18:41.420902 np0000182460 nova-conductor[110995]: DEBUG cotyledon.oslo_config_glue [-] oslo_limit.service_name = None {{(pid=110995) log_opt_values /opt/stack/data/venv/lib/python3.12/site-packages/oslo_config/cfg.py:3253}}
Jun 22 06:18:41.420979 np0000182460 nova-conductor[110995]: DEBUG cotyledon.oslo_config_glue [-] oslo_limit.service_type = None {{(pid=110995) log_opt_values /opt/stack/data/venv/lib/python3.12/site-packages/oslo_config/cfg.py:3253}}
Jun 22 06:18:41.421039 np0000182460 nova-conductor[110995]: DEBUG cotyledon.oslo_config_glue [-] oslo_limit.split_loggers = False {{(pid=110995) log_opt_values /opt/stack/data/venv/lib/python3.12/site-packages/oslo_config/cfg.py:3253}}
Jun 22 06:18:41.421130 np0000182460 nova-conductor[110995]: DEBUG cotyledon.oslo_config_glue [-] oslo_limit.status_code_retries = None {{(pid=110995) log_opt_values /opt/stack/data/venv/lib/python3.12/site-packages/oslo_config/cfg.py:3253}}
Jun 22 06:18:41.421181 np0000182460 nova-conductor[110995]: DEBUG cotyledon.oslo_config_glue [-] oslo_limit.status_code_retry_delay = None {{(pid=110995) log_opt_values /opt/stack/data/venv/lib/python3.12/site-packages/oslo_config/cfg.py:3253}}
Jun 22 06:18:41.421278 np0000182460 nova-conductor[110995]: DEBUG cotyledon.oslo_config_glue [-] oslo_limit.timeout = None {{(pid=110995) log_opt_values /opt/stack/data/venv/lib/python3.12/site-packages/oslo_config/cfg.py:3253}}
Jun 22 06:18:41.421324 np0000182460 nova-conductor[110995]: DEBUG cotyledon.oslo_config_glue [-] oslo_limit.valid_interfaces = None {{(pid=110995) log_opt_values /opt/stack/data/venv/lib/python3.12/site-packages/oslo_config/cfg.py:3253}}
Jun 22 06:18:41.421423 np0000182460 nova-conductor[110995]: DEBUG cotyledon.oslo_config_glue [-] oslo_limit.version = None {{(pid=110995) log_opt_values /opt/stack/data/venv/lib/python3.12/site-packages/oslo_config/cfg.py:3253}}
Jun 22 06:18:41.421526 np0000182460 nova-conductor[110995]: DEBUG cotyledon.oslo_config_glue [-] oslo_reports.file_event_handler = None {{(pid=110995) log_opt_values /opt/stack/data/venv/lib/python3.12/site-packages/oslo_config/cfg.py:3253}}
Jun 22 06:18:41.421628 np0000182460 nova-conductor[110995]: DEBUG cotyledon.oslo_config_glue [-] oslo_reports.file_event_handler_interval = 1 {{(pid=110995) log_opt_values /opt/stack/data/venv/lib/python3.12/site-packages/oslo_config/cfg.py:3253}}
Jun 22 06:18:41.421722 np0000182460 nova-conductor[110995]: DEBUG cotyledon.oslo_config_glue [-] oslo_reports.log_dir = None {{(pid=110995) log_opt_values /opt/stack/data/venv/lib/python3.12/site-packages/oslo_config/cfg.py:3253}}
Jun 22 06:18:41.421779 np0000182460 nova-conductor[110995]: DEBUG cotyledon.oslo_config_glue [-] ******************************************************************************** {{(pid=110995) log_opt_values /opt/stack/data/venv/lib/python3.12/site-packages/oslo_config/cfg.py:3260}}
Jun 22 06:18:41.422203 np0000182460 nova-conductor[110995]: DEBUG cotyledon._service_worker [-] Run service ServiceWrapper(1) [110995] {{(pid=110995) wait_forever /opt/stack/data/venv/lib/python3.12/site-packages/cotyledon/_service_worker.py:218}}
Jun 22 06:18:41.425009 np0000182460 nova-conductor[110995]: INFO nova.service [-] Starting conductor node (version 33.1.0)
Jun 22 06:18:41.430627 np0000182460 nova-conductor[110989]: DEBUG nova.service [None req-0acf7a87-9220-42e7-9a33-d748a19153d9 None None] Creating RPC server for service: nova-conductor on topic: conductor {{(pid=110989) start /opt/stack/nova/nova/service.py:196}}
Jun 22 06:18:41.435069 np0000182460 nova-conductor[111002]: DEBUG oslo_db.sqlalchemy.engines [None req-e32a6db6-7336-42ab-9338-4921b2c03f72 None None] MySQL server mode set to STRICT_TRANS_TABLES,STRICT_ALL_TABLES,NO_ZERO_IN_DATE,NO_ZERO_DATE,ERROR_FOR_DIVISION_BY_ZERO,TRADITIONAL,NO_ENGINE_SUBSTITUTION {{(pid=111002) _check_effective_sql_mode /opt/stack/data/venv/lib/python3.12/site-packages/oslo_db/sqlalchemy/engines.py:325}}
Jun 22 06:18:41.441128 np0000182460 nova-conductor[111015]: DEBUG oslo_db.sqlalchemy.engines [None req-4a2ded3e-9828-47dc-a283-7392e5a0fea1 None None] MySQL server mode set to STRICT_TRANS_TABLES,STRICT_ALL_TABLES,NO_ZERO_IN_DATE,NO_ZERO_DATE,ERROR_FOR_DIVISION_BY_ZERO,TRADITIONAL,NO_ENGINE_SUBSTITUTION {{(pid=111015) _check_effective_sql_mode /opt/stack/data/venv/lib/python3.12/site-packages/oslo_db/sqlalchemy/engines.py:325}}
Jun 22 06:18:41.443022 np0000182460 nova-conductor[110995]: INFO dbcounter [None req-ea45014d-3706-424e-b731-ee03dd76f0bc None None] Registered counter for database nova_cell0
Jun 22 06:18:41.448771 np0000182460 nova-conductor[111002]: DEBUG dbcounter [-] [111002] Writer thread running {{(pid=111002) stat_writer /opt/stack/data/venv/lib/python3.12/site-packages/dbcounter.py:102}}
Jun 22 06:18:41.452532 np0000182460 nova-conductor[111002]: DEBUG nova.service [None req-e32a6db6-7336-42ab-9338-4921b2c03f72 None None] Creating RPC server for service: nova-conductor on topic: conductor {{(pid=111002) start /opt/stack/nova/nova/service.py:196}}
Jun 22 06:18:41.454903 np0000182460 nova-conductor[111015]: DEBUG dbcounter [-] [111015] Writer thread running {{(pid=111015) stat_writer /opt/stack/data/venv/lib/python3.12/site-packages/dbcounter.py:102}}
Jun 22 06:18:41.460533 np0000182460 nova-conductor[110989]: DEBUG nova.service [None req-0acf7a87-9220-42e7-9a33-d748a19153d9 None None] Join ServiceGroup membership for this service conductor {{(pid=110989) start /opt/stack/nova/nova/service.py:222}}
Jun 22 06:18:41.461154 np0000182460 nova-conductor[110989]: DEBUG nova.servicegroup.drivers.db [None req-0acf7a87-9220-42e7-9a33-d748a19153d9 None None] DB_Driver: join new ServiceGroup member np0000182460 to the conductor group, service = {{(pid=110989) join /opt/stack/nova/nova/servicegroup/drivers/db.py:44}}
Jun 22 06:18:41.461284 np0000182460 nova-conductor[111015]: DEBUG nova.service [None req-4a2ded3e-9828-47dc-a283-7392e5a0fea1 None None] Creating RPC server for service: nova-conductor on topic: conductor {{(pid=111015) start /opt/stack/nova/nova/service.py:196}}
Jun 22 06:18:41.477379 np0000182460 nova-conductor[111002]: DEBUG nova.service [None req-e32a6db6-7336-42ab-9338-4921b2c03f72 None None] Join ServiceGroup membership for this service conductor {{(pid=111002) start /opt/stack/nova/nova/service.py:222}}
Jun 22 06:18:41.478136 np0000182460 nova-conductor[111002]: DEBUG nova.servicegroup.drivers.db [None req-e32a6db6-7336-42ab-9338-4921b2c03f72 None None] DB_Driver: join new ServiceGroup member np0000182460 to the conductor group, service = {{(pid=111002) join /opt/stack/nova/nova/servicegroup/drivers/db.py:44}}
Jun 22 06:18:41.484915 np0000182460 nova-conductor[111015]: DEBUG nova.service [None req-4a2ded3e-9828-47dc-a283-7392e5a0fea1 None None] Join ServiceGroup membership for this service conductor {{(pid=111015) start /opt/stack/nova/nova/service.py:222}}
Jun 22 06:18:41.485118 np0000182460 nova-conductor[111015]: DEBUG nova.servicegroup.drivers.db [None req-4a2ded3e-9828-47dc-a283-7392e5a0fea1 None None] DB_Driver: join new ServiceGroup member np0000182460 to the conductor group, service = {{(pid=111015) join /opt/stack/nova/nova/servicegroup/drivers/db.py:44}}
Jun 22 06:18:41.502678 np0000182460 nova-conductor[110995]: DEBUG oslo_db.sqlalchemy.engines [None req-ea45014d-3706-424e-b731-ee03dd76f0bc None None] MySQL server mode set to STRICT_TRANS_TABLES,STRICT_ALL_TABLES,NO_ZERO_IN_DATE,NO_ZERO_DATE,ERROR_FOR_DIVISION_BY_ZERO,TRADITIONAL,NO_ENGINE_SUBSTITUTION {{(pid=110995) _check_effective_sql_mode /opt/stack/data/venv/lib/python3.12/site-packages/oslo_db/sqlalchemy/engines.py:325}}
Jun 22 06:18:41.517079 np0000182460 nova-conductor[110995]: DEBUG dbcounter [-] [110995] Writer thread running {{(pid=110995) stat_writer /opt/stack/data/venv/lib/python3.12/site-packages/dbcounter.py:102}}
Jun 22 06:18:41.520670 np0000182460 nova-conductor[110995]: DEBUG nova.service [None req-ea45014d-3706-424e-b731-ee03dd76f0bc None None] Creating RPC server for service: nova-conductor on topic: conductor {{(pid=110995) start /opt/stack/nova/nova/service.py:196}}
Jun 22 06:18:41.553757 np0000182460 nova-conductor[110995]: DEBUG nova.service [None req-ea45014d-3706-424e-b731-ee03dd76f0bc None None] Join ServiceGroup membership for this service conductor {{(pid=110995) start /opt/stack/nova/nova/service.py:222}}
Jun 22 06:18:41.554279 np0000182460 nova-conductor[110995]: DEBUG nova.servicegroup.drivers.db [None req-ea45014d-3706-424e-b731-ee03dd76f0bc None None] DB_Driver: join new ServiceGroup member np0000182460 to the conductor group, service = {{(pid=110995) join /opt/stack/nova/nova/servicegroup/drivers/db.py:44}}
Jun 22 06:18:46.482768 np0000182460 nova-conductor[110989]: DEBUG oslo.service.backend._threading.loopingcall [-] Fixed interval looping call 'nova.servicegroup.drivers.db.DbDriver._report_state' sleeping for 119.98 seconds {{(pid=110989) _run_loop /opt/stack/data/venv/lib/python3.12/site-packages/oslo_service/backend/_threading/loopingcall.py:125}}
Jun 22 06:18:46.503073 np0000182460 nova-conductor[111015]: DEBUG oslo.service.backend._threading.loopingcall [-] Fixed interval looping call 'nova.servicegroup.drivers.db.DbDriver._report_state' sleeping for 119.99 seconds {{(pid=111015) _run_loop /opt/stack/data/venv/lib/python3.12/site-packages/oslo_service/backend/_threading/loopingcall.py:125}}
Jun 22 06:18:46.504276 np0000182460 nova-conductor[111002]: DEBUG oslo.service.backend._threading.loopingcall [-] Fixed interval looping call 'nova.servicegroup.drivers.db.DbDriver._report_state' sleeping for 119.98 seconds {{(pid=111002) _run_loop /opt/stack/data/venv/lib/python3.12/site-packages/oslo_service/backend/_threading/loopingcall.py:125}}
Jun 22 06:18:46.571479 np0000182460 nova-conductor[110995]: DEBUG oslo.service.backend._threading.loopingcall [-] Fixed interval looping call 'nova.servicegroup.drivers.db.DbDriver._report_state' sleeping for 119.99 seconds {{(pid=110995) _run_loop /opt/stack/data/venv/lib/python3.12/site-packages/oslo_service/backend/_threading/loopingcall.py:125}}
Jun 22 06:18:49.950859 np0000182460 nova-conductor[110218]: DEBUG dbcounter [-] [110218] Writing DB stats nova_api:SELECT=1 {{(pid=110218) stat_writer /opt/stack/data/venv/lib/python3.12/site-packages/dbcounter.py:115}}
Jun 22 06:18:50.116060 np0000182460 nova-conductor[110218]: DEBUG dbcounter [-] [110218] Writing DB stats nova_cell0:SELECT=1 {{(pid=110218) stat_writer /opt/stack/data/venv/lib/python3.12/site-packages/dbcounter.py:115}}
Jun 22 06:18:50.122218 np0000182460 nova-conductor[110218]: DEBUG dbcounter [-] [110218] Writing DB stats nova_cell1:SELECT=1 {{(pid=110218) stat_writer /opt/stack/data/venv/lib/python3.12/site-packages/dbcounter.py:115}}
Jun 22 06:18:56.476445 np0000182460 nova-conductor[110989]: DEBUG dbcounter [-] [110989] Writing DB stats nova_cell0:SELECT=4,nova_cell0:INSERT=1,nova_cell0:UPDATE=1 {{(pid=110989) stat_writer /opt/stack/data/venv/lib/python3.12/site-packages/dbcounter.py:115}}
Jun 22 06:18:56.499125 np0000182460 nova-conductor[111002]: DEBUG dbcounter [-] [111002] Writing DB stats nova_cell0:SELECT=3 {{(pid=111002) stat_writer /opt/stack/data/venv/lib/python3.12/site-packages/dbcounter.py:115}}
Jun 22 06:18:56.500142 np0000182460 nova-conductor[111015]: DEBUG dbcounter [-] [111015] Writing DB stats nova_cell0:SELECT=3 {{(pid=111015) stat_writer /opt/stack/data/venv/lib/python3.12/site-packages/dbcounter.py:115}}
Jun 22 06:18:56.567826 np0000182460 nova-conductor[110995]: DEBUG dbcounter [-] [110995] Writing DB stats nova_cell0:SELECT=3 {{(pid=110995) stat_writer /opt/stack/data/venv/lib/python3.12/site-packages/dbcounter.py:115}}
Jun 22 06:19:15.464781 np0000182460 nova-conductor[110989]: DEBUG oslo.service.backend._threading.loopingcall [None req-ca4d8edc-2992-43f3-8c0a-96006478b41e None None] Dynamic interval looping call 'nova.service.Service.periodic_tasks' sleeping for 60.00 seconds {{(pid=110989) _run_loop /opt/stack/data/venv/lib/python3.12/site-packages/oslo_service/backend/_threading/loopingcall.py:125}}
Jun 22 06:19:18.488095 np0000182460 nova-conductor[111015]: DEBUG oslo.service.backend._threading.loopingcall [None req-ad5e1058-e5b0-495e-a236-f9fb4f6a437d None None] Dynamic interval looping call 'nova.service.Service.periodic_tasks' sleeping for 60.00 seconds {{(pid=111015) _run_loop /opt/stack/data/venv/lib/python3.12/site-packages/oslo_service/backend/_threading/loopingcall.py:125}}
Jun 22 06:19:26.482864 np0000182460 nova-conductor[111002]: DEBUG oslo.service.backend._threading.loopingcall [None req-5a95e202-3e0e-4c55-a695-6bd55f666aac None None] Dynamic interval looping call 'nova.service.Service.periodic_tasks' sleeping for 60.00 seconds {{(pid=111002) _run_loop /opt/stack/data/venv/lib/python3.12/site-packages/oslo_service/backend/_threading/loopingcall.py:125}}
Jun 22 06:19:37.558823 np0000182460 nova-conductor[110995]: DEBUG oslo.service.backend._threading.loopingcall [None req-5464e7d6-1628-41d0-b237-c9448c901d71 None None] Dynamic interval looping call 'nova.service.Service.periodic_tasks' sleeping for 60.00 seconds {{(pid=110995) _run_loop /opt/stack/data/venv/lib/python3.12/site-packages/oslo_service/backend/_threading/loopingcall.py:125}}
Jun 22 06:20:15.465993 np0000182460 nova-conductor[110989]: DEBUG oslo.service.backend._threading.loopingcall [None req-ca4d8edc-2992-43f3-8c0a-96006478b41e None None] Dynamic interval looping call 'nova.service.Service.periodic_tasks' sleeping for 60.00 seconds {{(pid=110989) _run_loop /opt/stack/data/venv/lib/python3.12/site-packages/oslo_service/backend/_threading/loopingcall.py:125}}
Jun 22 06:20:18.489065 np0000182460 nova-conductor[111015]: DEBUG oslo.service.backend._threading.loopingcall [None req-ad5e1058-e5b0-495e-a236-f9fb4f6a437d None None] Dynamic interval looping call 'nova.service.Service.periodic_tasks' sleeping for 60.00 seconds {{(pid=111015) _run_loop /opt/stack/data/venv/lib/python3.12/site-packages/oslo_service/backend/_threading/loopingcall.py:125}}
Jun 22 06:20:26.483814 np0000182460 nova-conductor[111002]: DEBUG oslo.service.backend._threading.loopingcall [None req-5a95e202-3e0e-4c55-a695-6bd55f666aac None None] Dynamic interval looping call 'nova.service.Service.periodic_tasks' sleeping for 60.00 seconds {{(pid=111002) _run_loop /opt/stack/data/venv/lib/python3.12/site-packages/oslo_service/backend/_threading/loopingcall.py:125}}
Jun 22 06:20:37.559941 np0000182460 nova-conductor[110995]: DEBUG oslo.service.backend._threading.loopingcall [None req-5464e7d6-1628-41d0-b237-c9448c901d71 None None] Dynamic interval looping call 'nova.service.Service.periodic_tasks' sleeping for 60.00 seconds {{(pid=110995) _run_loop /opt/stack/data/venv/lib/python3.12/site-packages/oslo_service/backend/_threading/loopingcall.py:125}}
Jun 22 06:20:46.476023 np0000182460 nova-conductor[110989]: DEBUG oslo.service.backend._threading.loopingcall [-] Fixed interval looping call 'nova.servicegroup.drivers.db.DbDriver._report_state' sleeping for 119.99 seconds {{(pid=110989) _run_loop /opt/stack/data/venv/lib/python3.12/site-packages/oslo_service/backend/_threading/loopingcall.py:125}}
Jun 22 06:20:46.492493 np0000182460 nova-conductor[111002]: DEBUG oslo.service.backend._threading.loopingcall [-] Fixed interval looping call 'nova.servicegroup.drivers.db.DbDriver._report_state' sleeping for 119.99 seconds {{(pid=111002) _run_loop /opt/stack/data/venv/lib/python3.12/site-packages/oslo_service/backend/_threading/loopingcall.py:125}}
Jun 22 06:20:46.501209 np0000182460 nova-conductor[111015]: DEBUG oslo.service.backend._threading.loopingcall [-] Fixed interval looping call 'nova.servicegroup.drivers.db.DbDriver._report_state' sleeping for 119.99 seconds {{(pid=111015) _run_loop /opt/stack/data/venv/lib/python3.12/site-packages/oslo_service/backend/_threading/loopingcall.py:125}}
Jun 22 06:20:46.569192 np0000182460 nova-conductor[110995]: DEBUG oslo.service.backend._threading.loopingcall [-] Fixed interval looping call 'nova.servicegroup.drivers.db.DbDriver._report_state' sleeping for 119.99 seconds {{(pid=110995) _run_loop /opt/stack/data/venv/lib/python3.12/site-packages/oslo_service/backend/_threading/loopingcall.py:125}}
Jun 22 06:20:56.469450 np0000182460 nova-conductor[110989]: DEBUG dbcounter [-] [110989] Writing DB stats nova_cell0:SELECT=1,nova_cell0:UPDATE=1 {{(pid=110989) stat_writer /opt/stack/data/venv/lib/python3.12/site-packages/dbcounter.py:115}}
Jun 22 06:20:56.488575 np0000182460 nova-conductor[111002]: DEBUG dbcounter [-] [111002] Writing DB stats nova_cell0:SELECT=1 {{(pid=111002) stat_writer /opt/stack/data/venv/lib/python3.12/site-packages/dbcounter.py:115}}
Jun 22 06:20:56.497070 np0000182460 nova-conductor[111015]: DEBUG dbcounter [-] [111015] Writing DB stats nova_cell0:SELECT=1 {{(pid=111015) stat_writer /opt/stack/data/venv/lib/python3.12/site-packages/dbcounter.py:115}}
Jun 22 06:20:56.566291 np0000182460 nova-conductor[110995]: DEBUG dbcounter [-] [110995] Writing DB stats nova_cell0:SELECT=1 {{(pid=110995) stat_writer /opt/stack/data/venv/lib/python3.12/site-packages/dbcounter.py:115}}
Jun 22 06:21:15.466967 np0000182460 nova-conductor[110989]: DEBUG oslo.service.backend._threading.loopingcall [None req-ca4d8edc-2992-43f3-8c0a-96006478b41e None None] Dynamic interval looping call 'nova.service.Service.periodic_tasks' sleeping for 60.00 seconds {{(pid=110989) _run_loop /opt/stack/data/venv/lib/python3.12/site-packages/oslo_service/backend/_threading/loopingcall.py:125}}
Jun 22 06:21:18.490160 np0000182460 nova-conductor[111015]: DEBUG oslo.service.backend._threading.loopingcall [None req-ad5e1058-e5b0-495e-a236-f9fb4f6a437d None None] Dynamic interval looping call 'nova.service.Service.periodic_tasks' sleeping for 60.00 seconds {{(pid=111015) _run_loop /opt/stack/data/venv/lib/python3.12/site-packages/oslo_service/backend/_threading/loopingcall.py:125}}
Jun 22 06:21:26.484494 np0000182460 nova-conductor[111002]: DEBUG oslo.service.backend._threading.loopingcall [None req-5a95e202-3e0e-4c55-a695-6bd55f666aac None None] Dynamic interval looping call 'nova.service.Service.periodic_tasks' sleeping for 60.00 seconds {{(pid=111002) _run_loop /opt/stack/data/venv/lib/python3.12/site-packages/oslo_service/backend/_threading/loopingcall.py:125}}
Jun 22 06:21:37.560706 np0000182460 nova-conductor[110995]: DEBUG oslo.service.backend._threading.loopingcall [None req-5464e7d6-1628-41d0-b237-c9448c901d71 None None] Dynamic interval looping call 'nova.service.Service.periodic_tasks' sleeping for 60.00 seconds {{(pid=110995) _run_loop /opt/stack/data/venv/lib/python3.12/site-packages/oslo_service/backend/_threading/loopingcall.py:125}}
Jun 22 06:22:15.467978 np0000182460 nova-conductor[110989]: DEBUG oslo.service.backend._threading.loopingcall [None req-ca4d8edc-2992-43f3-8c0a-96006478b41e None None] Dynamic interval looping call 'nova.service.Service.periodic_tasks' sleeping for 60.00 seconds {{(pid=110989) _run_loop /opt/stack/data/venv/lib/python3.12/site-packages/oslo_service/backend/_threading/loopingcall.py:125}}
Jun 22 06:22:18.491328 np0000182460 nova-conductor[111015]: DEBUG oslo.service.backend._threading.loopingcall [None req-ad5e1058-e5b0-495e-a236-f9fb4f6a437d None None] Dynamic interval looping call 'nova.service.Service.periodic_tasks' sleeping for 60.00 seconds {{(pid=111015) _run_loop /opt/stack/data/venv/lib/python3.12/site-packages/oslo_service/backend/_threading/loopingcall.py:125}}
Jun 22 06:22:26.487278 np0000182460 nova-conductor[111002]: DEBUG oslo.service.backend._threading.loopingcall [None req-5a95e202-3e0e-4c55-a695-6bd55f666aac None None] Dynamic interval looping call 'nova.service.Service.periodic_tasks' sleeping for 60.00 seconds {{(pid=111002) _run_loop /opt/stack/data/venv/lib/python3.12/site-packages/oslo_service/backend/_threading/loopingcall.py:125}}
Jun 22 06:22:37.561721 np0000182460 nova-conductor[110995]: DEBUG oslo.service.backend._threading.loopingcall [None req-5464e7d6-1628-41d0-b237-c9448c901d71 None None] Dynamic interval looping call 'nova.service.Service.periodic_tasks' sleeping for 60.00 seconds {{(pid=110995) _run_loop /opt/stack/data/venv/lib/python3.12/site-packages/oslo_service/backend/_threading/loopingcall.py:125}}
Jun 22 06:22:46.480181 np0000182460 nova-conductor[110989]: DEBUG oslo.service.backend._threading.loopingcall [-] Fixed interval looping call 'nova.servicegroup.drivers.db.DbDriver._report_state' sleeping for 119.99 seconds {{(pid=110989) _run_loop /opt/stack/data/venv/lib/python3.12/site-packages/oslo_service/backend/_threading/loopingcall.py:125}}
Jun 22 06:22:46.494197 np0000182460 nova-conductor[111002]: DEBUG oslo.service.backend._threading.loopingcall [-] Fixed interval looping call 'nova.servicegroup.drivers.db.DbDriver._report_state' sleeping for 119.99 seconds {{(pid=111002) _run_loop /opt/stack/data/venv/lib/python3.12/site-packages/oslo_service/backend/_threading/loopingcall.py:125}}
Jun 22 06:22:46.496950 np0000182460 nova-conductor[111015]: DEBUG oslo.service.backend._threading.loopingcall [-] Fixed interval looping call 'nova.servicegroup.drivers.db.DbDriver._report_state' sleeping for 120.00 seconds {{(pid=111015) _run_loop /opt/stack/data/venv/lib/python3.12/site-packages/oslo_service/backend/_threading/loopingcall.py:125}}
Jun 22 06:22:46.573626 np0000182460 nova-conductor[110995]: DEBUG oslo.service.backend._threading.loopingcall [-] Fixed interval looping call 'nova.servicegroup.drivers.db.DbDriver._report_state' sleeping for 119.99 seconds {{(pid=110995) _run_loop /opt/stack/data/venv/lib/python3.12/site-packages/oslo_service/backend/_threading/loopingcall.py:125}}
Jun 22 06:22:56.473134 np0000182460 nova-conductor[110989]: DEBUG dbcounter [-] [110989] Writing DB stats nova_cell0:SELECT=1,nova_cell0:UPDATE=1 {{(pid=110989) stat_writer /opt/stack/data/venv/lib/python3.12/site-packages/dbcounter.py:115}}
Jun 22 06:22:56.491051 np0000182460 nova-conductor[111002]: DEBUG dbcounter [-] [111002] Writing DB stats nova_cell0:SELECT=1 {{(pid=111002) stat_writer /opt/stack/data/venv/lib/python3.12/site-packages/dbcounter.py:115}}
Jun 22 06:22:56.495050 np0000182460 nova-conductor[111015]: DEBUG dbcounter [-] [111015] Writing DB stats nova_cell0:SELECT=1 {{(pid=111015) stat_writer /opt/stack/data/venv/lib/python3.12/site-packages/dbcounter.py:115}}
Jun 22 06:22:56.563736 np0000182460 nova-conductor[110995]: DEBUG dbcounter [-] [110995] Writing DB stats nova_cell0:SELECT=1 {{(pid=110995) stat_writer /opt/stack/data/venv/lib/python3.12/site-packages/dbcounter.py:115}}
Jun 22 06:23:15.469024 np0000182460 nova-conductor[110989]: DEBUG oslo.service.backend._threading.loopingcall [None req-ca4d8edc-2992-43f3-8c0a-96006478b41e None None] Dynamic interval looping call 'nova.service.Service.periodic_tasks' sleeping for 60.00 seconds {{(pid=110989) _run_loop /opt/stack/data/venv/lib/python3.12/site-packages/oslo_service/backend/_threading/loopingcall.py:125}}
