Aug 31 12:40:02.127482 np0000191610 devstack@neutron-api.service[101766]: DEBUG ovsdbapp.backend.ovs_idl.event [-] Matched UPDATE: ChassisOVNAgentWriteEvent(events=('create', 'update'), table='Chassis_Private', conditions=None, old_conditions=None), priority=20 to row=Chassis_Private(uuid=6e4b07c9-3fc5-4eba-b37b-04edf38e9095, chassis=68440ae8-0f97-4699-b8cc-bc709fa5601d, external_ids={'neutron:ovn-bridge': 'br-int', 'neutron:ovn-neutron-agent-id': '29589c72-9d64-550e-be23-9c8b7b7e539e', 'neutron:ovn-neutron-agent-sb-cfg': '1'}, name='9d264c22-23a8-4a4a-be6c-1ffb3eec265a', nb_cfg=1, nb_cfg_timestamp=1788180002111) old=Chassis_Private(uuid=6e4b07c9-3fc5-4eba-b37b-04edf38e9095, external_ids={'neutron:ovn-bridge': 'br-int', 'neutron:ovn-neutron-agent-id': '29589c72-9d64-550e-be23-9c8b7b7e539e', 'neutron:ovn-neutron-agent-sb-cfg': '0'}) {{(pid=101766) matches /opt/stack/data/venv/lib/python3.12/site-packages/ovsdbapp/backend/ovs_idl/event.py:55}}
Aug 31 12:40:02.127810 np0000191610 devstack@neutron-api.service[101767]: DEBUG neutron.plugins.ml2.drivers.ovn.mech_driver.ovsdb.ovsdb_monitor [-] Hash Ring: Node b0a8a4f9d5f45261b9a6237919805f5b (host: np0000191610) handling event "update" for row 6e4b07c9-3fc5-4eba-b37b-04edf38e9095 (table: Chassis_Private) {{(pid=101767) notify /opt/stack/neutron/neutron/plugins/ml2/drivers/ovn/mech_driver/ovsdb/ovsdb_monitor.py:1099}}
Aug 31 12:40:02.129850 np0000191610 devstack@neutron-api.service[101768]: DEBUG neutron.common.ovn.hash_ring_manager [-] Allow caching, nodes 4>=4 {{(pid=101768) _wait_startup_before_caching /opt/stack/neutron/neutron/common/ovn/hash_ring_manager.py:71}}
Aug 31 12:40:02.130073 np0000191610 devstack@neutron-api.service[101768]: DEBUG neutron.plugins.ml2.drivers.ovn.mech_driver.ovsdb.ovsdb_monitor [-] Hash Ring: Node a0ba9b5ade915bf6b36f47a35f701e33 (host: np0000191610) handling event "update" for row 6e4b07c9-3fc5-4eba-b37b-04edf38e9095 (table: Chassis_Private) {{(pid=101768) notify /opt/stack/neutron/neutron/plugins/ml2/drivers/ovn/mech_driver/ovsdb/ovsdb_monitor.py:1099}}
Aug 31 12:40:02.135011 np0000191610 devstack@neutron-api.service[101768]: DEBUG ovsdbapp.backend.ovs_idl.event [-] Matched UPDATE: ChassisOVNAgentWriteEvent(events=('create', 'update'), table='Chassis_Private', conditions=None, old_conditions=None), priority=20 to row=Chassis_Private(uuid=6e4b07c9-3fc5-4eba-b37b-04edf38e9095, chassis=68440ae8-0f97-4699-b8cc-bc709fa5601d, external_ids={'neutron:ovn-bridge': 'br-int', 'neutron:ovn-neutron-agent-id': '29589c72-9d64-550e-be23-9c8b7b7e539e', 'neutron:ovn-neutron-agent-sb-cfg': '1'}, name='9d264c22-23a8-4a4a-be6c-1ffb3eec265a', nb_cfg=1, nb_cfg_timestamp=1788180002111) old=Chassis_Private(uuid=6e4b07c9-3fc5-4eba-b37b-04edf38e9095, external_ids={'neutron:ovn-bridge': 'br-int', 'neutron:ovn-neutron-agent-id': '29589c72-9d64-550e-be23-9c8b7b7e539e', 'neutron:ovn-neutron-agent-sb-cfg': '0'}) {{(pid=101768) matches /opt/stack/data/venv/lib/python3.12/site-packages/ovsdbapp/backend/ovs_idl/event.py:55}}
Aug 31 12:40:02.135537 np0000191610 devstack@neutron-api.service[101768]: DEBUG neutron.plugins.ml2.drivers.ovn.mech_driver.ovsdb.ovsdb_monitor [-] Hash Ring: Node a0ba9b5ade915bf6b36f47a35f701e33 (host: np0000191610) handling event "update" for row 6e4b07c9-3fc5-4eba-b37b-04edf38e9095 (table: Chassis_Private) {{(pid=101768) notify /opt/stack/neutron/neutron/plugins/ml2/drivers/ovn/mech_driver/ovsdb/ovsdb_monitor.py:1099}}
Aug 31 12:40:02.171780 np0000191610 devstack@neutron-api.service[101766]: DEBUG neutron.plugins.ml2.drivers.helpers [None req-53215502-0dcf-42af-aea6-05f648560c11 admin admin] geneve segment allocate from pool success with {'geneve_vni': 32456} {{(pid=101766) allocate_partially_specified_segment /opt/stack/neutron/neutron/plugins/ml2/drivers/helpers.py:142}}
Aug 31 12:40:02.181217 np0000191610 devstack@neutron-api.service[101766]: DEBUG neutron_lib.callbacks.manager [None req-53215502-0dcf-42af-aea6-05f648560c11 admin admin] Publish callbacks ['neutron.services.segments.db._add_segment_host_mapping_for_segment-8716476211864', 'neutron.plugins.ml2.plugin.Ml2Plugin._handle_segment_change-14910572'] for segment (d79dc4ec-86a1-49b5-97f2-da12a7eda226), precommit_create {{(pid=101766) _notify_loop /opt/stack/data/venv/lib/python3.12/site-packages/neutron_lib/callbacks/manager.py:184}}
Aug 31 12:40:02.181412 np0000191610 devstack@neutron-api.service[101766]: INFO neutron.db.segments_db [None req-53215502-0dcf-42af-aea6-05f648560c11 admin admin] Added segment d79dc4ec-86a1-49b5-97f2-da12a7eda226 of type geneve for network e4b31142-401e-4d9d-80a8-eeb52ea01f4c
Aug 31 12:40:02.219172 np0000191610 devstack@neutron-api.service[101766]: DEBUG neutron_lib.callbacks.manager [None req-53215502-0dcf-42af-aea6-05f648560c11 admin admin] Publish callbacks ['neutron.services.auto_allocate.db._ensure_external_network_default_value_callback-8716474207826'] for network (e4b31142-401e-4d9d-80a8-eeb52ea01f4c), precommit_create {{(pid=101766) _notify_loop /opt/stack/data/venv/lib/python3.12/site-packages/neutron_lib/callbacks/manager.py:184}}
Aug 31 12:40:02.235500 np0000191610 devstack@neutron-api.service[101766]: DEBUG neutron.plugins.ml2.drivers.ovn.mech_driver.mech_driver [None req-53215502-0dcf-42af-aea6-05f648560c11 admin admin] Validating network segment with type geneve, segmentation ID 32456, physical network None {{(pid=101766) _validate_network_segments /opt/stack/neutron/neutron/plugins/ml2/drivers/ovn/mech_driver/mech_driver.py:624}}
Aug 31 12:40:02.235621 np0000191610 devstack@neutron-api.service[101766]: DEBUG neutron.db.ovn_revision_numbers_db [None req-53215502-0dcf-42af-aea6-05f648560c11 admin admin] create_initial_revision uuid=e4b31142-401e-4d9d-80a8-eeb52ea01f4c, type=networks, rev=-1 {{(pid=101766) create_initial_revision /opt/stack/neutron/neutron/db/ovn_revision_numbers_db.py:98}}
Aug 31 12:40:02.255619 np0000191610 devstack@neutron-api.service[101766]: DEBUG neutron_lib.callbacks.manager [None req-53215502-0dcf-42af-aea6-05f648560c11 admin admin] Publish callbacks ['neutron.plugins.ml2.ovo_rpc._ObjectChangeHandler.handle_event-3044081'] for network (e4b31142-401e-4d9d-80a8-eeb52ea01f4c), after_create {{(pid=101766) _notify_loop /opt/stack/data/venv/lib/python3.12/site-packages/neutron_lib/callbacks/manager.py:184}}
Aug 31 12:40:02.298722 np0000191610 devstack@neutron-api.service[101766]: DEBUG neutron.api.rpc.handlers.resources_rpc [None req-53215502-0dcf-42af-aea6-05f648560c11 admin admin] Pushing event updated for resources: {'Network': ['ID=e4b31142-401e-4d9d-80a8-eeb52ea01f4c,revision_number=1']} {{(pid=101766) push /opt/stack/neutron/neutron/api/rpc/handlers/resources_rpc.py:237}}
Aug 31 12:40:02.307307 np0000191610 devstack@neutron-api.service[101766]: DEBUG ovsdbapp.backend.ovs_idl.transaction [-] Running txn e2563aa0 n=1 command(idx=0): AddNetworkCommand(_result=None, network_uuid=e4b31142-401e-4d9d-80a8-eeb52ea01f4c, may_exist=True, columns={'external_ids': {'neutron:network_name': 'private', 'neutron:mtu': '1372', 'neutron:revision_number': '1', 'neutron:availability_zone_hints': '', 'neutron:provnet-network-type': 'geneve'}, 'other_config': {'mcast_snoop': 'false', 'mcast_flood_unregistered': 'false', 'vlan-passthru': 'false'}}) {{(pid=101766) do_commit /opt/stack/data/venv/lib/python3.12/site-packages/ovsdbapp/backend/ovs_idl/transaction.py:91}}
Aug 31 12:40:02.308073 np0000191610 devstack@neutron-api.service[101766]: DEBUG neutron.common.ovn.utils [-] OVS persist_uuid supported=True {{(pid=101766) ovs_persist_uuid_supported /opt/stack/neutron/neutron/common/ovn/utils.py:1565}}
Aug 31 12:40:02.325821 np0000191610 devstack@neutron-api.service[101766]: DEBUG ovsdbapp.backend.ovs_idl.transaction [-] txn e2563aa0 succeeded {{(pid=101766) do_commit /opt/stack/data/venv/lib/python3.12/site-packages/ovsdbapp/backend/ovs_idl/transaction.py:137}}
Aug 31 12:40:02.329219 np0000191610 devstack@neutron-api.service[101769]: DEBUG neutron.plugins.ml2.drivers.ovn.mech_driver.ovsdb.ovsdb_monitor [-] Hash Ring: Node 419c76d68cae585298200928e1c96ae4 (host: np0000191610) handling event "create" for row e4b31142-401e-4d9d-80a8-eeb52ea01f4c (table: Logical_Switch) {{(pid=101769) notify /opt/stack/neutron/neutron/plugins/ml2/drivers/ovn/mech_driver/ovsdb/ovsdb_monitor.py:1099}}
Aug 31 12:40:02.331042 np0000191610 devstack@neutron-api.service[101768]: DEBUG neutron.plugins.ml2.drivers.ovn.mech_driver.ovsdb.ovsdb_monitor [-] Hash Ring: Node a0ba9b5ade915bf6b36f47a35f701e33 (host: np0000191610) handling event "create" for row e4b31142-401e-4d9d-80a8-eeb52ea01f4c (table: Logical_Switch) {{(pid=101768) notify /opt/stack/neutron/neutron/plugins/ml2/drivers/ovn/mech_driver/ovsdb/ovsdb_monitor.py:1099}}
Aug 31 12:40:02.338124 np0000191610 devstack@neutron-api.service[101768]: DEBUG neutron.plugins.ml2.drivers.ovn.mech_driver.ovsdb.ovsdb_monitor [-] Hash Ring: Node a0ba9b5ade915bf6b36f47a35f701e33 (host: np0000191610) handling event "create" for row aeab49b8-bd31-4b49-9d8d-7791f65ee584 (table: Datapath_Binding) {{(pid=101768) notify /opt/stack/neutron/neutron/plugins/ml2/drivers/ovn/mech_driver/ovsdb/ovsdb_monitor.py:1099}}
Aug 31 12:40:02.343187 np0000191610 devstack@neutron-api.service[101769]: DEBUG neutron.plugins.ml2.drivers.ovn.mech_driver.ovsdb.ovsdb_monitor [-] Hash Ring: Node 419c76d68cae585298200928e1c96ae4 (host: np0000191610) handling event "create" for row aeab49b8-bd31-4b49-9d8d-7791f65ee584 (table: Datapath_Binding) {{(pid=101769) notify /opt/stack/neutron/neutron/plugins/ml2/drivers/ovn/mech_driver/ovsdb/ovsdb_monitor.py:1099}}
Aug 31 12:40:02.393527 np0000191610 devstack@neutron-api.service[101766]: INFO neutron.db.ovn_revision_numbers_db [None req-53215502-0dcf-42af-aea6-05f648560c11 admin admin] Successfully bumped revision number for resource e4b31142-401e-4d9d-80a8-eeb52ea01f4c (type: networks) to 1
Aug 31 12:40:02.458182 np0000191610 devstack@neutron-api.service[101766]: DEBUG neutron_lib.callbacks.manager [None req-53215502-0dcf-42af-aea6-05f648560c11 admin admin] Publish callbacks ['neutron.plugins.ml2.plugin.SecurityGroupDbMixin._ensure_default_security_group_handler-15682122'] for port (None), before_create {{(pid=101766) _notify_loop /opt/stack/data/venv/lib/python3.12/site-packages/neutron_lib/callbacks/manager.py:184}}
Aug 31 12:40:02.796001 np0000191610 devstack@neutron-api.service[101766]: DEBUG neutron_lib.callbacks.manager [None req-53215502-0dcf-42af-aea6-05f648560c11 admin admin] Publish callbacks ['neutron.plugins.ml2.drivers.ovn.mech_driver.mech_driver.OVNMechanismDriver._validate_allowed_address_pairs-359219'] for allowed_address_pair (426e09f7-6e28-49fd-b0a8-effba95c268d), before_create {{(pid=101766) _notify_loop /opt/stack/data/venv/lib/python3.12/site-packages/neutron_lib/callbacks/manager.py:184}}
Aug 31 12:40:02.796941 np0000191610 devstack@neutron-api.service[101766]: DEBUG neutron_lib.callbacks.manager [None req-53215502-0dcf-42af-aea6-05f648560c11 admin admin] Publish callbacks [] for port (426e09f7-6e28-49fd-b0a8-effba95c268d), precommit_create {{(pid=101766) _notify_loop /opt/stack/data/venv/lib/python3.12/site-packages/neutron_lib/callbacks/manager.py:184}}
Aug 31 12:40:02.796941 np0000191610 devstack@neutron-api.service[101766]: DEBUG neutron.plugins.ml2.drivers.ovn.mech_driver.mech_driver [None req-53215502-0dcf-42af-aea6-05f648560c11 admin admin] No provisioning block for port 426e09f7-6e28-49fd-b0a8-effba95c268d since it does not have a host {{(pid=101766) _is_port_provisioning_required /opt/stack/neutron/neutron/plugins/ml2/drivers/ovn/mech_driver/mech_driver.py:877}}
Aug 31 12:40:02.796941 np0000191610 devstack@neutron-api.service[101766]: DEBUG neutron.db.ovn_revision_numbers_db [None req-53215502-0dcf-42af-aea6-05f648560c11 admin admin] create_initial_revision uuid=426e09f7-6e28-49fd-b0a8-effba95c268d, type=ports, rev=-1 {{(pid=101766) create_initial_revision /opt/stack/neutron/neutron/db/ovn_revision_numbers_db.py:98}}
Aug 31 12:40:02.928620 np0000191610 devstack@neutron-api.service[101766]: DEBUG neutron_lib.callbacks.manager [None req-53215502-0dcf-42af-aea6-05f648560c11 admin admin] Publish callbacks ['neutron.plugins.ml2.ovo_rpc._ObjectChangeHandler.handle_event-3044070'] for port (426e09f7-6e28-49fd-b0a8-effba95c268d), after_create {{(pid=101766) _notify_loop /opt/stack/data/venv/lib/python3.12/site-packages/neutron_lib/callbacks/manager.py:184}}
Aug 31 12:40:03.011358 np0000191610 devstack@neutron-api.service[101766]: DEBUG neutron.api.rpc.handlers.resources_rpc [None req-53215502-0dcf-42af-aea6-05f648560c11 admin admin] Pushing event updated for resources: {'Port': ['ID=426e09f7-6e28-49fd-b0a8-effba95c268d,revision_number=1']} {{(pid=101766) push /opt/stack/neutron/neutron/api/rpc/handlers/resources_rpc.py:237}}
Aug 31 12:40:03.049711 np0000191610 devstack@neutron-api.service[101766]: DEBUG neutron.plugins.ml2.drivers.ovn.mech_driver.ovsdb.commands [None req-53215502-0dcf-42af-aea6-05f648560c11 admin admin] Converting tag [] to a tag_request {{(pid=101766) _tag_column_to_tag_request /opt/stack/neutron/neutron/plugins/ml2/drivers/ovn/mech_driver/ovsdb/commands.py:227}}
Aug 31 12:40:03.050899 np0000191610 devstack@neutron-api.service[101766]: DEBUG ovsdbapp.backend.ovs_idl.transaction [-] Running txn d458ab78 n=1 command(idx=0): AddLSwitchPortCommand(_result=None, lport=426e09f7-6e28-49fd-b0a8-effba95c268d, lswitch=neutron-e4b31142-401e-4d9d-80a8-eeb52ea01f4c, may_exist=True, network_uuid=e4b31142-401e-4d9d-80a8-eeb52ea01f4c, columns={'addresses': ['fa:16:3e:83:c1:46'], 'external_ids': {'neutron:port_name': '', 'neutron:device_id': 'ovnmeta-e4b31142-401e-4d9d-80a8-eeb52ea01f4c', 'neutron:project_id': '91515e8405bb4075996387ff28651346', 'neutron:cidrs': '', 'neutron:device_owner': 'network:distributed', 'neutron:subnet_pool_addr_scope4': '', 'neutron:subnet_pool_addr_scope6': '', 'neutron:network_name': 'neutron-e4b31142-401e-4d9d-80a8-eeb52ea01f4c', 'neutron:security_group_ids': '', 'neutron:revision_number': '1', 'neutron:vnic_type': 'normal', 'neutron:port_capabilities': '', 'neutron:mtu': '1372'}, 'parent_name': [], 'enabled': True, 'options': {}, 'type': 'localport', 'port_security': [], 'dhcpv4_options': [], 'dhcpv6_options': [], 'tag_request': []}) {{(pid=101766) do_commit /opt/stack/data/venv/lib/python3.12/site-packages/ovsdbapp/backend/ovs_idl/transaction.py:91}}
Aug 31 12:40:03.051522 np0000191610 devstack@neutron-api.service[101766]: DEBUG ovsdbapp.backend.ovs_idl.transaction [-] Running txn d458ab78 n=1 command(idx=1): QoSDelCommand(_result=None, switch=neutron-e4b31142-401e-4d9d-80a8-eeb52ea01f4c, conditions=[('direction', '=', 'to-lport'), ('priority', '=', 2002), ('match', '=', 'outport == "426e09f7-6e28-49fd-b0a8-effba95c268d"')], if_exists=True) {{(pid=101766) do_commit /opt/stack/data/venv/lib/python3.12/site-packages/ovsdbapp/backend/ovs_idl/transaction.py:91}}
Aug 31 12:40:03.051710 np0000191610 devstack@neutron-api.service[101766]: DEBUG ovsdbapp.backend.ovs_idl.transaction [-] Running txn d458ab78 n=1 command(idx=2): QoSDelCommand(_result=None, switch=neutron-e4b31142-401e-4d9d-80a8-eeb52ea01f4c, conditions=[('direction', '=', 'from-lport'), ('priority', '=', 2002), ('match', '=', 'inport == "426e09f7-6e28-49fd-b0a8-effba95c268d"')], if_exists=True) {{(pid=101766) do_commit /opt/stack/data/venv/lib/python3.12/site-packages/ovsdbapp/backend/ovs_idl/transaction.py:91}}
Aug 31 12:40:03.055013 np0000191610 devstack@neutron-api.service[101766]: DEBUG neutron.plugins.ml2.drivers.ovn.mech_driver.ovsdb.ovsdb_monitor [-] Hash Ring: Node e12b0887270a5f68bc7b87b641009267 (host: np0000191610) handling event "create" for row 09b9bb27-0eaf-4f18-88a8-b041300021f2 (table: Logical_Switch_Port) {{(pid=101766) notify /opt/stack/neutron/neutron/plugins/ml2/drivers/ovn/mech_driver/ovsdb/ovsdb_monitor.py:1099}}
Aug 31 12:40:03.058075 np0000191610 devstack@neutron-api.service[101766]: DEBUG ovsdbapp.backend.ovs_idl.event [-] Matched CREATE: LogicalSwitchPortCreateEvent(events=('create',), table='Logical_Switch_Port', conditions=[], old_conditions=None), priority=20 to row=Logical_Switch_Port(uuid=09b9bb27-0eaf-4f18-88a8-b041300021f2, addresses=['fa:16:3e:83:c1:46'], dhcpv4_options=[], dhcpv6_options=[], dynamic_addresses=[], enabled=True, external_ids={'neutron:cidrs': '', 'neutron:device_id': 'ovnmeta-e4b31142-401e-4d9d-80a8-eeb52ea01f4c', 'neutron:device_owner': 'network:distributed', 'neutron:mtu': '1372', 'neutron:network_name': 'neutron-e4b31142-401e-4d9d-80a8-eeb52ea01f4c', 'neutron:port_capabilities': '', 'neutron:port_name': '', 'neutron:project_id': '91515e8405bb4075996387ff28651346', 'neutron:revision_number': '1', 'neutron:security_group_ids': '', 'neutron:subnet_pool_addr_scope4': '', 'neutron:subnet_pool_addr_scope6': '', 'neutron:vnic_type': 'normal'}, ha_chassis_group=[], mirror_rules=[], name='426e09f7-6e28-49fd-b0a8-effba95c268d', options={}, parent_name=[], port_security=[], tag=[], tag_request=[], type='localport', up=[]) old= {{(pid=101766) matches /opt/stack/data/venv/lib/python3.12/site-packages/ovsdbapp/backend/ovs_idl/event.py:55}}
Aug 31 12:40:03.058075 np0000191610 devstack@neutron-api.service[101766]: INFO neutron.plugins.ml2.drivers.ovn.mech_driver.mech_driver [-] OVN reports status down for port: 426e09f7-6e28-49fd-b0a8-effba95c268d
Aug 31 12:40:03.058075 np0000191610 devstack@neutron-api.service[101766]: DEBUG ovsdbapp.backend.ovs_idl.transaction [-] txn d458ab78 succeeded {{(pid=101766) do_commit /opt/stack/data/venv/lib/python3.12/site-packages/ovsdbapp/backend/ovs_idl/transaction.py:137}}
Aug 31 12:40:03.058557 np0000191610 devstack@neutron-api.service[101768]: DEBUG neutron.plugins.ml2.drivers.ovn.mech_driver.ovsdb.ovsdb_monitor [-] Hash Ring: Node a0ba9b5ade915bf6b36f47a35f701e33 (host: np0000191610) handling event "update" for row e4b31142-401e-4d9d-80a8-eeb52ea01f4c (table: Logical_Switch) {{(pid=101768) notify /opt/stack/neutron/neutron/plugins/ml2/drivers/ovn/mech_driver/ovsdb/ovsdb_monitor.py:1099}}
Aug 31 12:40:03.058557 np0000191610 devstack@neutron-api.service[101768]: DEBUG neutron.plugins.ml2.drivers.ovn.mech_driver.ovsdb.ovsdb_monitor [-] Hash Ring: Node a0ba9b5ade915bf6b36f47a35f701e33 (host: np0000191610) handling event "create" for row 09b9bb27-0eaf-4f18-88a8-b041300021f2 (table: Logical_Switch_Port) {{(pid=101768) notify /opt/stack/neutron/neutron/plugins/ml2/drivers/ovn/mech_driver/ovsdb/ovsdb_monitor.py:1099}}
Aug 31 12:40:03.060474 np0000191610 devstack@neutron-api.service[101769]: DEBUG neutron.plugins.ml2.drivers.ovn.mech_driver.ovsdb.ovsdb_monitor [-] Hash Ring: Node 419c76d68cae585298200928e1c96ae4 (host: np0000191610) handling event "update" for row e4b31142-401e-4d9d-80a8-eeb52ea01f4c (table: Logical_Switch) {{(pid=101769) notify /opt/stack/neutron/neutron/plugins/ml2/drivers/ovn/mech_driver/ovsdb/ovsdb_monitor.py:1099}}
Aug 31 12:40:03.061273 np0000191610 devstack@neutron-api.service[101768]: DEBUG ovsdbapp.backend.ovs_idl.event [-] Matched CREATE: LogicalSwitchPortCreateEvent(events=('create',), table='Logical_Switch_Port', conditions=[], old_conditions=None), priority=20 to row=Logical_Switch_Port(uuid=09b9bb27-0eaf-4f18-88a8-b041300021f2, addresses=['fa:16:3e:83:c1:46'], dhcpv4_options=[], dhcpv6_options=[], dynamic_addresses=[], enabled=True, external_ids={'neutron:cidrs': '', 'neutron:device_id': 'ovnmeta-e4b31142-401e-4d9d-80a8-eeb52ea01f4c', 'neutron:device_owner': 'network:distributed', 'neutron:mtu': '1372', 'neutron:network_name': 'neutron-e4b31142-401e-4d9d-80a8-eeb52ea01f4c', 'neutron:port_capabilities': '', 'neutron:port_name': '', 'neutron:project_id': '91515e8405bb4075996387ff28651346', 'neutron:revision_number': '1', 'neutron:security_group_ids': '', 'neutron:subnet_pool_addr_scope4': '', 'neutron:subnet_pool_addr_scope6': '', 'neutron:vnic_type': 'normal'}, ha_chassis_group=[], mirror_rules=[], name='426e09f7-6e28-49fd-b0a8-effba95c268d', options={}, parent_name=[], port_security=[], tag=[], tag_request=[], type='localport', up=[]) old= {{(pid=101768) matches /opt/stack/data/venv/lib/python3.12/site-packages/ovsdbapp/backend/ovs_idl/event.py:55}}
Aug 31 12:40:03.065147 np0000191610 devstack@neutron-api.service[101768]: INFO neutron.plugins.ml2.drivers.ovn.mech_driver.mech_driver [-] OVN reports status down for port: 426e09f7-6e28-49fd-b0a8-effba95c268d
Aug 31 12:40:03.066057 np0000191610 devstack@neutron-api.service[101768]: DEBUG neutron.plugins.ml2.drivers.ovn.mech_driver.ovsdb.ovsdb_monitor [-] Hash Ring: Node a0ba9b5ade915bf6b36f47a35f701e33 (host: np0000191610) handling event "create" for row d756c749-9c6f-4fd2-adb7-4d77ef158194 (table: Port_Binding) {{(pid=101768) notify /opt/stack/neutron/neutron/plugins/ml2/drivers/ovn/mech_driver/ovsdb/ovsdb_monitor.py:1099}}
Aug 31 12:40:03.067952 np0000191610 devstack@neutron-api.service[101767]: DEBUG neutron.plugins.ml2.drivers.ovn.mech_driver.ovsdb.ovsdb_monitor [-] Hash Ring: Node b0a8a4f9d5f45261b9a6237919805f5b (host: np0000191610) handling event "create" for row d756c749-9c6f-4fd2-adb7-4d77ef158194 (table: Port_Binding) {{(pid=101767) notify /opt/stack/neutron/neutron/plugins/ml2/drivers/ovn/mech_driver/ovsdb/ovsdb_monitor.py:1099}}
Aug 31 12:40:03.068605 np0000191610 devstack@neutron-api.service[101768]: DEBUG neutron.plugins.ml2.drivers.ovn.mech_driver.ovsdb.ovsdb_monitor [-] Hash Ring: Node a0ba9b5ade915bf6b36f47a35f701e33 (host: np0000191610) handling event "update" for row 09b9bb27-0eaf-4f18-88a8-b041300021f2 (table: Logical_Switch_Port) {{(pid=101768) notify /opt/stack/neutron/neutron/plugins/ml2/drivers/ovn/mech_driver/ovsdb/ovsdb_monitor.py:1099}}
Aug 31 12:40:03.072183 np0000191610 devstack@neutron-api.service[101766]: DEBUG neutron.plugins.ml2.drivers.ovn.mech_driver.ovsdb.ovsdb_monitor [-] Hash Ring: Node e12b0887270a5f68bc7b87b641009267 (host: np0000191610) handling event "update" for row 09b9bb27-0eaf-4f18-88a8-b041300021f2 (table: Logical_Switch_Port) {{(pid=101766) notify /opt/stack/neutron/neutron/plugins/ml2/drivers/ovn/mech_driver/ovsdb/ovsdb_monitor.py:1099}}
Aug 31 12:40:03.153323 np0000191610 devstack@neutron-api.service[101766]: INFO neutron.db.ovn_revision_numbers_db [None req-53215502-0dcf-42af-aea6-05f648560c11 admin admin] Successfully bumped revision number for resource 426e09f7-6e28-49fd-b0a8-effba95c268d (type: ports) to 1
Aug 31 12:40:03.157356 np0000191610 devstack@neutron-api.service[101768]: DEBUG neutron.db.provisioning_blocks [None req-9086707d-7a52-48c6-a854-9ed1a2b1e116 None None] Transition to ACTIVE for port object 426e09f7-6e28-49fd-b0a8-effba95c268d will not be triggered until provisioned by entity L2. {{(pid=101768) add_provisioning_component /opt/stack/neutron/neutron/db/provisioning_blocks.py:74}}
Aug 31 12:40:03.172171 np0000191610 devstack@neutron-api.service[101766]: DEBUG neutron.pecan_wsgi.hooks.policy_enforcement [None req-53215502-0dcf-42af-aea6-05f648560c11 admin admin] Attributes excluded by policy engine: ['standard_attr_id'] {{(pid=101766) _exclude_attributes_by_policy /opt/stack/neutron/neutron/pecan_wsgi/hooks/policy_enforcement.py:259}}
Aug 31 12:40:03.172548 np0000191610 devstack@neutron-api.service[101766]: DEBUG neutron_lib.callbacks.manager [None req-53215502-0dcf-42af-aea6-05f648560c11 admin admin] Publish callbacks [] for network (None), before_response {{(pid=101766) _notify_loop /opt/stack/data/venv/lib/python3.12/site-packages/neutron_lib/callbacks/manager.py:184}}
Aug 31 12:40:03.206027 np0000191610 devstack@neutron-api.service[101766]: DEBUG neutron_lib.db.api [None req-845c902c-cee4-46a1-8345-4a5e4c58fd2a None None] Retry wrapper got retriable exception: Failed to create a duplicate ProvisioningBlock: for attribute(s) ['provisioningblocks.PRIMARY'] with value(s) 14-L2 {{(pid=101766) wrapped /opt/stack/data/venv/lib/python3.12/site-packages/neutron_lib/db/api.py:185}}
Aug 31 12:40:03.206214 np0000191610 devstack@neutron-api.service[101766]: DEBUG oslo_db.api [None req-845c902c-cee4-46a1-8345-4a5e4c58fd2a None None] Performing DB retry for function neutron.db.provisioning_blocks.add_provisioning_component {{(pid=101766) wrapper /opt/stack/data/venv/lib/python3.12/site-packages/oslo_db/api.py:155}}
Aug 31 12:40:03.247815 np0000191610 devstack@neutron-api.service[101768]: DEBUG neutron.plugins.ml2.plugin [None req-9086707d-7a52-48c6-a854-9ed1a2b1e116 None None] Current status of the port 426e09f7-6e28-49fd-b0a8-effba95c268d is: DOWN; New status is: DOWN {{(pid=101768) _update_individual_port_db_status /opt/stack/neutron/neutron/plugins/ml2/plugin.py:2473}}
Aug 31 12:40:03.250294 np0000191610 devstack@neutron-api.service[101768]: DEBUG ovsdbapp.backend.ovs_idl.transaction [-] Running txn b05c48eb n=1 command(idx=0): DbRemoveCommand(_result=None, table=Logical_Switch_Port, record=426e09f7-6e28-49fd-b0a8-effba95c268d, column=external_ids, values=('neutron:host_id',), keyvalues={}, if_exists=True) {{(pid=101768) do_commit /opt/stack/data/venv/lib/python3.12/site-packages/ovsdbapp/backend/ovs_idl/transaction.py:91}}
Aug 31 12:40:03.252808 np0000191610 devstack@neutron-api.service[101768]: DEBUG ovsdbapp.backend.ovs_idl.transaction [-] txn b05c48eb succeeded {{(pid=101768) do_commit /opt/stack/data/venv/lib/python3.12/site-packages/ovsdbapp/backend/ovs_idl/transaction.py:137}}
Aug 31 12:40:03.270896 np0000191610 devstack@neutron-api.service[101766]: [pid: 101766|app: 0|req: 1/5] 162.253.55.165 () {68 vars in 1357 bytes} [Mon Aug 31 12:40:01 2026] POST /networking/v2.0/networks => generated 681 bytes in 1886 msecs (HTTP/1.1 201) 4 headers in 162 bytes (1 switches on core 0)
Aug 31 12:40:03.712297 np0000191610 devstack@neutron-api.service[101766]: DEBUG neutron.db.provisioning_blocks [None req-845c902c-cee4-46a1-8345-4a5e4c58fd2a None None] Ignored duplicate provisioning block setup for port 426e09f7-6e28-49fd-b0a8-effba95c268d by entity L2. {{(pid=101766) add_provisioning_component /opt/stack/neutron/neutron/db/provisioning_blocks.py:69}}
Aug 31 12:40:03.778991 np0000191610 devstack@neutron-api.service[101766]: DEBUG neutron.plugins.ml2.plugin [None req-845c902c-cee4-46a1-8345-4a5e4c58fd2a None None] Current status of the port 426e09f7-6e28-49fd-b0a8-effba95c268d is: DOWN; New status is: DOWN {{(pid=101766) _update_individual_port_db_status /opt/stack/neutron/neutron/plugins/ml2/plugin.py:2473}}
Aug 31 12:40:03.781066 np0000191610 devstack@neutron-api.service[101766]: DEBUG ovsdbapp.backend.ovs_idl.transaction [-] Running txn 8b2a17a3 n=1 command(idx=0): DbRemoveCommand(_result=None, table=Logical_Switch_Port, record=426e09f7-6e28-49fd-b0a8-effba95c268d, column=external_ids, values=('neutron:host_id',), keyvalues={}, if_exists=True) {{(pid=101766) do_commit /opt/stack/data/venv/lib/python3.12/site-packages/ovsdbapp/backend/ovs_idl/transaction.py:91}}
Aug 31 12:40:03.783298 np0000191610 devstack@neutron-api.service[101766]: DEBUG ovsdbapp.backend.ovs_idl.transaction [-] txn 8b2a17a3 succeeded {{(pid=101766) do_commit /opt/stack/data/venv/lib/python3.12/site-packages/ovsdbapp/backend/ovs_idl/transaction.py:137}}
Aug 31 12:40:03.981728 np0000191610 devstack@neutron-api.service[101768]: DEBUG neutron.policy [None req-74bb9152-b39d-4737-b6b5-c4e8c2224cbf admin admin] Loaded default policies from ['neutron'] under neutron.policies entry points {{(pid=101768) register_rules /opt/stack/neutron/neutron/policy.py:65}}
Aug 31 12:40:04.081260 np0000191610 devstack@neutron-api.service[101768]: DEBUG neutron.pecan_wsgi.hooks.policy_enforcement [None req-74bb9152-b39d-4737-b6b5-c4e8c2224cbf admin admin] Attributes excluded by policy engine: ['standard_attr_id'] {{(pid=101768) _exclude_attributes_by_policy /opt/stack/neutron/neutron/pecan_wsgi/hooks/policy_enforcement.py:259}}
Aug 31 12:40:04.082358 np0000191610 devstack@neutron-api.service[101768]: [pid: 101768|app: 0|req: 3/6] 162.253.55.165 () {64 vars in 1415 bytes} [Mon Aug 31 12:40:03 2026] GET /networking/v2.0/networks/e4b31142-401e-4d9d-80a8-eeb52ea01f4c => generated 662 bytes in 367 msecs (HTTP/1.1 200) 4 headers in 157 bytes (1 switches on core 0)
Aug 31 12:40:04.097071 np0000191610 devstack@neutron-api.service[101767]: DEBUG neutron.api.wsgi [None req-7e567384-311c-4a2f-8472-db69fde6a8f8 admin admin] Missing Content-Type {{(pid=101767) get_content_type /opt/stack/neutron/neutron/api/wsgi.py:80}}
Aug 31 12:40:04.110364 np0000191610 devstack@neutron-api.service[101767]: [pid: 101767|app: 0|req: 2/7] 162.253.55.165 () {64 vars in 1424 bytes} [Mon Aug 31 12:40:04 2026] GET /networking/v2.0/subnetpools/24ceb29e-0b77-4e96-b6b8-a415d3a0e611 => generated 533 bytes in 17 msecs (HTTP/1.1 200) 4 headers in 157 bytes (1 switches on core 0)
Aug 31 12:40:04.129222 np0000191610 devstack@neutron-api.service[101769]: DEBUG neutron.api.v2.base [None req-8e95029e-8587-4964-90c0-0438ee6c3349 admin admin] Request body: {'subnet': {'subnetpool_id': '24ceb29e-0b77-4e96-b6b8-a415d3a0e611', 'network_id': 'e4b31142-401e-4d9d-80a8-eeb52ea01f4c', 'gateway_ip': '10.1.0.1', 'name': 'private-subnet', 'ip_version': 4}} {{(pid=101769) prepare_request_body /opt/stack/neutron/neutron/api/v2/base.py:727}}
Aug 31 12:40:04.162146 np0000191610 devstack@neutron-api.service[101769]: DEBUG neutron.pecan_wsgi.hooks.quota_enforcement [None req-8e95029e-8587-4964-90c0-0438ee6c3349 admin admin] Made reservation on behalf of 91515e8405bb4075996387ff28651346 for: {'subnet': 1} {{(pid=101769) before /opt/stack/neutron/neutron/pecan_wsgi/hooks/quota_enforcement.py:66}}
Aug 31 12:40:04.168628 np0000191610 devstack@neutron-api.service[101769]: DEBUG neutron_lib.callbacks.manager [None req-8e95029e-8587-4964-90c0-0438ee6c3349 admin admin] Publish callbacks [] for subnet (None), before_create {{(pid=101769) _notify_loop /opt/stack/data/venv/lib/python3.12/site-packages/neutron_lib/callbacks/manager.py:184}}
Aug 31 12:40:04.350828 np0000191610 devstack@neutron-api.service[101769]: DEBUG neutron.db.ovn_revision_numbers_db [None req-8e95029e-8587-4964-90c0-0438ee6c3349 admin admin] create_initial_revision uuid=271ca32a-9e19-46a1-8be4-e73aca66095d, type=subnets, rev=-1 {{(pid=101769) create_initial_revision /opt/stack/neutron/neutron/db/ovn_revision_numbers_db.py:98}}
Aug 31 12:40:04.405228 np0000191610 devstack@neutron-api.service[101769]: DEBUG neutron_lib.callbacks.manager [None req-8e95029e-8587-4964-90c0-0438ee6c3349 admin admin] Publish callbacks ['neutron.plugins.ml2.ovo_rpc._ObjectChangeHandler.handle_event-1267797'] for subnet (271ca32a-9e19-46a1-8be4-e73aca66095d), after_create {{(pid=101769) _notify_loop /opt/stack/data/venv/lib/python3.12/site-packages/neutron_lib/callbacks/manager.py:184}}
Aug 31 12:40:04.423954 np0000191610 devstack@neutron-api.service[101769]: DEBUG neutron.api.rpc.handlers.resources_rpc [None req-8e95029e-8587-4964-90c0-0438ee6c3349 admin admin] Pushing event updated for resources: {'Subnet': ['ID=271ca32a-9e19-46a1-8be4-e73aca66095d,revision_number=0']} {{(pid=101769) push /opt/stack/neutron/neutron/api/rpc/handlers/resources_rpc.py:237}}
Aug 31 12:40:04.431455 np0000191610 devstack@neutron-api.service[101769]: DEBUG neutron.api.rpc.callbacks.version_manager [None req-8e95029e-8587-4964-90c0-0438ee6c3349 admin admin] Tracked resource versions report:
Aug 31 12:40:04.431455 np0000191610 devstack@neutron-api.service[101769]: pushed versions:
Aug 31 12:40:04.431455 np0000191610 devstack@neutron-api.service[101769]: { 'AddressGroup': {'1.2'},
Aug 31 12:40:04.431455 np0000191610 devstack@neutron-api.service[101769]: 'Agent': {'1.1'},
Aug 31 12:40:04.431455 np0000191610 devstack@neutron-api.service[101769]: 'ConntrackHelper': {'1.0'},
Aug 31 12:40:04.431455 np0000191610 devstack@neutron-api.service[101769]: 'LocalIPAssociation': {'1.0'},
Aug 31 12:40:04.431455 np0000191610 devstack@neutron-api.service[101769]: 'Log': {'1.0'},
Aug 31 12:40:04.431455 np0000191610 devstack@neutron-api.service[101769]: 'NDPProxy': {'1.0'},
Aug 31 12:40:04.431455 np0000191610 devstack@neutron-api.service[101769]: 'Network': {'1.3'},
Aug 31 12:40:04.431455 np0000191610 devstack@neutron-api.service[101769]: 'Port': {'1.11'},
Aug 31 12:40:04.431455 np0000191610 devstack@neutron-api.service[101769]: 'PortForwarding': {'1.3'},
Aug 31 12:40:04.431455 np0000191610 devstack@neutron-api.service[101769]: 'QosPolicy': {'1.10'},
Aug 31 12:40:04.431455 np0000191610 devstack@neutron-api.service[101769]: 'SecurityGroup': {'1.6'},
Aug 31 12:40:04.431455 np0000191610 devstack@neutron-api.service[101769]: 'SecurityGroupRule': {'1.3'},
Aug 31 12:40:04.431455 np0000191610 devstack@neutron-api.service[101769]: 'SubPort': {'1.0'},
Aug 31 12:40:04.431455 np0000191610 devstack@neutron-api.service[101769]: 'Subnet': {'1.2'},
Aug 31 12:40:04.431455 np0000191610 devstack@neutron-api.service[101769]: 'Trunk': {'1.1'}}
Aug 31 12:40:04.431455 np0000191610 devstack@neutron-api.service[101769]: consumer versions:
Aug 31 12:40:04.431455 np0000191610 devstack@neutron-api.service[101769]: { OVN Neutron agent@np0000191610: {},
Aug 31 12:40:04.431455 np0000191610 devstack@neutron-api.service[101769]: OVN Controller Gateway agent@np0000191610: {}}
Aug 31 12:40:04.431455 np0000191610 devstack@neutron-api.service[101769]: {{(pid=101769) report /opt/stack/neutron/neutron/api/rpc/callbacks/version_manager.py:183}}
Aug 31 12:40:04.447141 np0000191610 devstack@neutron-api.service[101769]: INFO neutron.plugins.ml2.drivers.ovn.mech_driver.ovsdb.extensions.qos [None req-8e95029e-8587-4964-90c0-0438ee6c3349 admin admin] Starting OVNClientQosExtension
Aug 31 12:40:04.447255 np0000191610 devstack@neutron-api.service[101769]: INFO neutron.plugins.ml2.drivers.ovn.mech_driver.ovsdb.extensions.placement [None req-8e95029e-8587-4964-90c0-0438ee6c3349 admin admin] Starting OVNClientPlacementExtension
Aug 31 12:40:04.754734 np0000191610 devstack@neutron-api.service[101769]: DEBUG neutron_lib.callbacks.manager [None req-8e95029e-8587-4964-90c0-0438ee6c3349 admin admin] Publish callbacks ['neutron.plugins.ml2.plugin.SecurityGroupDbMixin._ensure_default_security_group_handler-16672093', 'neutron.services.ovn_l3.plugin.OVNL3RouterPlugin._port_update-8716474942708', 'neutron.db.l3_db.L3_NAT_dbonly_mixin._prevent_internal_ip_change_for_fip-8716476065876'] for port (426e09f7-6e28-49fd-b0a8-effba95c268d), before_update {{(pid=101769) _notify_loop /opt/stack/data/venv/lib/python3.12/site-packages/neutron_lib/callbacks/manager.py:184}}
Aug 31 12:40:04.899716 np0000191610 devstack@neutron-api.service[101769]: DEBUG neutron.db.db_base_plugin_common [None req-8e95029e-8587-4964-90c0-0438ee6c3349 admin admin] Allocated IP 10.1.0.2 (e4b31142-401e-4d9d-80a8-eeb52ea01f4c/271ca32a-9e19-46a1-8be4-e73aca66095d/426e09f7-6e28-49fd-b0a8-effba95c268d) {{(pid=101769) _store_ip_allocation /opt/stack/neutron/neutron/db/db_base_plugin_common.py:131}}
Aug 31 12:40:04.993525 np0000191610 devstack@neutron-api.service[101769]: DEBUG neutron_lib.callbacks.manager [None req-8e95029e-8587-4964-90c0-0438ee6c3349 admin admin] Publish callbacks [] for port (426e09f7-6e28-49fd-b0a8-effba95c268d), precommit_update {{(pid=101769) _notify_loop /opt/stack/data/venv/lib/python3.12/site-packages/neutron_lib/callbacks/manager.py:184}}
Aug 31 12:40:04.993723 np0000191610 devstack@neutron-api.service[101769]: DEBUG neutron.plugins.ml2.drivers.ovn.mech_driver.mech_driver [None req-8e95029e-8587-4964-90c0-0438ee6c3349 admin admin] No provisioning block for port 426e09f7-6e28-49fd-b0a8-effba95c268d since it does not have a host {{(pid=101769) _is_port_provisioning_required /opt/stack/neutron/neutron/plugins/ml2/drivers/ovn/mech_driver/mech_driver.py:877}}
Aug 31 12:40:05.007033 np0000191610 devstack@neutron-api.service[101769]: DEBUG neutron_lib.callbacks.manager [None req-8e95029e-8587-4964-90c0-0438ee6c3349 admin admin] Publish callbacks ['neutron.plugins.ml2.ovo_rpc._ObjectChangeHandler.handle_event-1267800', 'neutron.services.ovn_l3.plugin.OVNL3RouterPlugin._port_update-8716474942708'] for port (426e09f7-6e28-49fd-b0a8-effba95c268d), after_update {{(pid=101769) _notify_loop /opt/stack/data/venv/lib/python3.12/site-packages/neutron_lib/callbacks/manager.py:184}}
Aug 31 12:40:05.053868 np0000191610 devstack@neutron-api.service[101769]: DEBUG neutron.api.rpc.handlers.resources_rpc [None req-8e95029e-8587-4964-90c0-0438ee6c3349 admin admin] Pushing event updated for resources: {'Port': ['ID=426e09f7-6e28-49fd-b0a8-effba95c268d,revision_number=2']} {{(pid=101769) push /opt/stack/neutron/neutron/api/rpc/handlers/resources_rpc.py:237}}
Aug 31 12:40:05.196793 np0000191610 devstack@neutron-api.service[101769]: DEBUG neutron.plugins.ml2.drivers.ovn.mech_driver.ovsdb.commands [None req-8e95029e-8587-4964-90c0-0438ee6c3349 admin admin] Converting tag [] to a tag_request {{(pid=101769) _tag_column_to_tag_request /opt/stack/neutron/neutron/plugins/ml2/drivers/ovn/mech_driver/ovsdb/commands.py:227}}
Aug 31 12:40:05.197796 np0000191610 devstack@neutron-api.service[101769]: DEBUG ovsdbapp.backend.ovs_idl.transaction [-] Running txn e88c1f16 n=1 command(idx=0): CheckRevisionNumberCommand(_result=None, name=426e09f7-6e28-49fd-b0a8-effba95c268d, resource={'id': '426e09f7-6e28-49fd-b0a8-effba95c268d', 'name': '', 'network_id': 'e4b31142-401e-4d9d-80a8-eeb52ea01f4c', 'project_id': '91515e8405bb4075996387ff28651346', 'mac_address': 'fa:16:3e:83:c1:46', 'admin_state_up': True, 'status': 'DOWN', 'device_id': 'ovnmeta-e4b31142-401e-4d9d-80a8-eeb52ea01f4c', 'device_owner': 'network:distributed', 'standard_attr_id': 14, 'fixed_ips': [{'subnet_id': '271ca32a-9e19-46a1-8be4-e73aca66095d', 'ip_address': '10.1.0.2'}], 'allowed_address_pairs': [], 'extra_dhcp_opts': [], 'security_groups': [], 'description': '', 'binding:vnic_type': 'normal', 'binding:profile': {}, 'binding:host_id': '', 'binding:vif_type': 'unbound', 'binding:vif_details': {}, 'port_security_enabled': False, 'tags': [], 'created_at': '2026-08-31T12:40:02Z', 'updated_at': '2026-08-31T12:40:04Z', 'revision_number': 2, 'tenant_id': '91515e8405bb4075996387ff28651346', 'network': {'id': 'e4b31142-401e-4d9d-80a8-eeb52ea01f4c', 'name': 'private', 'tenant_id': '91515e8405bb4075996387ff28651346', 'project_id': '91515e8405bb4075996387ff28651346', 'admin_state_up': True, 'mtu': 1372, 'status': 'ACTIVE', 'subnets': ['271ca32a-9e19-46a1-8be4-e73aca66095d'], 'standard_attr_id': 12, 'shared': False, 'availability_zone_hints': [], 'availability_zones': [], 'ipv4_address_scope': None, 'ipv6_address_scope': None, 'router:external': False, 'qinq': False, 'vlan_transparent': False, 'description': '', 'port_security_enabled': True, 'tags': [], 'created_at': '2026-08-31T12:40:02Z', 'updated_at': '2026-08-31T12:40:04Z', 'revision_number': 2, 'provider:network_type': 'geneve', 'provider:physical_network': None, 'provider:segmentation_id': 32456}}, resource_type=ports, if_exists=True) {{(pid=101769) do_commit /opt/stack/data/venv/lib/python3.12/site-packages/ovsdbapp/backend/ovs_idl/transaction.py:91}}
Aug 31 12:40:05.198280 np0000191610 devstack@neutron-api.service[101769]: DEBUG ovsdbapp.backend.ovs_idl.transaction [-] Running txn e88c1f16 n=1 command(idx=1): AddDHCPOptionsCommand(_result=None, columns={'cidr': '10.1.0.0/26', 'options': {'server_id': '10.1.0.1', 'lease_time': '43200', 'mtu': '1372', 'router': '10.1.0.1', 'server_mac': 'fa:16:3e:a6:b4:76', 'dns_server': '{127.0.0.53}', 'classless_static_route': '{169.254.169.254/32,10.1.0.2, 0.0.0.0/0,10.1.0.1}'}, 'external_ids': {'subnet_id': '271ca32a-9e19-46a1-8be4-e73aca66095d', 'neutron:network_id': 'e4b31142-401e-4d9d-80a8-eeb52ea01f4c', 'neutron:revision_number': '0'}}, may_exist=True, subnet_id=271ca32a-9e19-46a1-8be4-e73aca66095d, port_id=None, new_insert=False) {{(pid=101769) do_commit /opt/stack/data/venv/lib/python3.12/site-packages/ovsdbapp/backend/ovs_idl/transaction.py:91}}
Aug 31 12:40:05.198726 np0000191610 devstack@neutron-api.service[101769]: DEBUG ovsdbapp.backend.ovs_idl.transaction [-] Running txn e88c1f16 n=1 command(idx=2): SetLSwitchPortCommand(_result=None, lport=426e09f7-6e28-49fd-b0a8-effba95c268d, external_ids_update=None, columns={'external_ids': {'neutron:port_name': '', 'neutron:device_id': 'ovnmeta-e4b31142-401e-4d9d-80a8-eeb52ea01f4c', 'neutron:project_id': '91515e8405bb4075996387ff28651346', 'neutron:cidrs': '10.1.0.2/26', 'neutron:device_owner': 'network:distributed', 'neutron:subnet_pool_addr_scope4': '', 'neutron:subnet_pool_addr_scope6': '', 'neutron:network_name': 'neutron-e4b31142-401e-4d9d-80a8-eeb52ea01f4c', 'neutron:security_group_ids': '', 'neutron:revision_number': '2', 'neutron:vnic_type': 'normal', 'neutron:port_capabilities': '', 'neutron:mtu': '1372'}, 'parent_name': [], 'options': {}, 'enabled': True, 'port_security': [], 'dhcpv4_options': [], 'dhcpv6_options': [], 'type': 'localport', 'addresses': ['fa:16:3e:83:c1:46 10.1.0.2'], 'ha_chassis_group': [], 'tag_request': []}, if_exists=False) {{(pid=101769) do_commit /opt/stack/data/venv/lib/python3.12/site-packages/ovsdbapp/backend/ovs_idl/transaction.py:91}}
Aug 31 12:40:05.199932 np0000191610 devstack@neutron-api.service[101769]: DEBUG ovsdbapp.backend.ovs_idl.transaction [-] Running txn e88c1f16 n=1 command(idx=3): PgDelPortCommand(_result=None, port_group=neutron_pg_drop, lsp=['426e09f7-6e28-49fd-b0a8-effba95c268d'], if_exists=False) {{(pid=101769) do_commit /opt/stack/data/venv/lib/python3.12/site-packages/ovsdbapp/backend/ovs_idl/transaction.py:91}}
Aug 31 12:40:05.205118 np0000191610 devstack@neutron-api.service[101769]: DEBUG neutron.plugins.ml2.drivers.ovn.mech_driver.ovsdb.ovsdb_monitor [-] Hash Ring: Node 419c76d68cae585298200928e1c96ae4 (host: np0000191610) handling event "create" for row 7df73ef6-85cb-4aa5-91cf-fcba70e69776 (table: DHCP_Options) {{(pid=101769) notify /opt/stack/neutron/neutron/plugins/ml2/drivers/ovn/mech_driver/ovsdb/ovsdb_monitor.py:1099}}
Aug 31 12:40:05.208157 np0000191610 devstack@neutron-api.service[101769]: DEBUG ovsdbapp.backend.ovs_idl.transaction [-] txn e88c1f16 succeeded {{(pid=101769) do_commit /opt/stack/data/venv/lib/python3.12/site-packages/ovsdbapp/backend/ovs_idl/transaction.py:137}}
Aug 31 12:40:05.208336 np0000191610 devstack@neutron-api.service[101766]: DEBUG neutron.plugins.ml2.drivers.ovn.mech_driver.ovsdb.ovsdb_monitor [-] Hash Ring: Node e12b0887270a5f68bc7b87b641009267 (host: np0000191610) handling event "update" for row 09b9bb27-0eaf-4f18-88a8-b041300021f2 (table: Logical_Switch_Port) {{(pid=101766) notify /opt/stack/neutron/neutron/plugins/ml2/drivers/ovn/mech_driver/ovsdb/ovsdb_monitor.py:1099}}
Aug 31 12:40:05.209310 np0000191610 devstack@neutron-api.service[101768]: DEBUG neutron.plugins.ml2.drivers.ovn.mech_driver.ovsdb.ovsdb_monitor [-] Hash Ring: Node a0ba9b5ade915bf6b36f47a35f701e33 (host: np0000191610) handling event "create" for row 7df73ef6-85cb-4aa5-91cf-fcba70e69776 (table: DHCP_Options) {{(pid=101768) notify /opt/stack/neutron/neutron/plugins/ml2/drivers/ovn/mech_driver/ovsdb/ovsdb_monitor.py:1099}}
Aug 31 12:40:05.209310 np0000191610 devstack@neutron-api.service[101768]: DEBUG neutron.plugins.ml2.drivers.ovn.mech_driver.ovsdb.ovsdb_monitor [-] Hash Ring: Node a0ba9b5ade915bf6b36f47a35f701e33 (host: np0000191610) handling event "update" for row 09b9bb27-0eaf-4f18-88a8-b041300021f2 (table: Logical_Switch_Port) {{(pid=101768) notify /opt/stack/neutron/neutron/plugins/ml2/drivers/ovn/mech_driver/ovsdb/ovsdb_monitor.py:1099}}
Aug 31 12:40:05.212884 np0000191610 devstack@neutron-api.service[101768]: DEBUG neutron.plugins.ml2.drivers.ovn.mech_driver.ovsdb.ovsdb_monitor [-] Hash Ring: Node a0ba9b5ade915bf6b36f47a35f701e33 (host: np0000191610) handling event "update" for row d756c749-9c6f-4fd2-adb7-4d77ef158194 (table: Port_Binding) {{(pid=101768) notify /opt/stack/neutron/neutron/plugins/ml2/drivers/ovn/mech_driver/ovsdb/ovsdb_monitor.py:1099}}
Aug 31 12:40:05.218675 np0000191610 devstack@neutron-api.service[101767]: DEBUG neutron.plugins.ml2.drivers.ovn.mech_driver.ovsdb.ovsdb_monitor [-] Hash Ring: Node b0a8a4f9d5f45261b9a6237919805f5b (host: np0000191610) handling event "update" for row d756c749-9c6f-4fd2-adb7-4d77ef158194 (table: Port_Binding) {{(pid=101767) notify /opt/stack/neutron/neutron/plugins/ml2/drivers/ovn/mech_driver/ovsdb/ovsdb_monitor.py:1099}}
Aug 31 12:40:05.237006 np0000191610 devstack@neutron-api.service[101769]: INFO neutron.db.ovn_revision_numbers_db [None req-8e95029e-8587-4964-90c0-0438ee6c3349 admin admin] Successfully bumped revision number for resource 426e09f7-6e28-49fd-b0a8-effba95c268d (type: ports) to 2
Aug 31 12:40:05.245580 np0000191610 devstack@neutron-api.service[101769]: DEBUG neutron.plugins.ml2.plugin [None req-8e95029e-8587-4964-90c0-0438ee6c3349 admin admin] In _notify_port_updated(), no bound segment for port 426e09f7-6e28-49fd-b0a8-effba95c268d on network e4b31142-401e-4d9d-80a8-eeb52ea01f4c {{(pid=101769) _notify_port_updated /opt/stack/neutron/neutron/plugins/ml2/plugin.py:1041}}
Aug 31 12:40:05.274665 np0000191610 devstack@neutron-api.service[101769]: INFO neutron.db.ovn_revision_numbers_db [None req-8e95029e-8587-4964-90c0-0438ee6c3349 admin admin] Successfully bumped revision number for resource 271ca32a-9e19-46a1-8be4-e73aca66095d (type: subnets) to 0
Aug 31 12:40:05.275892 np0000191610 devstack@neutron-api.service[101769]: DEBUG neutron.pecan_wsgi.hooks.policy_enforcement [None req-8e95029e-8587-4964-90c0-0438ee6c3349 admin admin] Attributes excluded by policy engine: ['standard_attr_id', 'shared', 'network'] {{(pid=101769) _exclude_attributes_by_policy /opt/stack/neutron/neutron/pecan_wsgi/hooks/policy_enforcement.py:259}}
Aug 31 12:40:05.276160 np0000191610 devstack@neutron-api.service[101769]: DEBUG neutron_lib.callbacks.manager [None req-8e95029e-8587-4964-90c0-0438ee6c3349 admin admin] Publish callbacks [] for subnet (None), before_response {{(pid=101769) _notify_loop /opt/stack/data/venv/lib/python3.12/site-packages/neutron_lib/callbacks/manager.py:184}}
Aug 31 12:40:05.288163 np0000191610 devstack@neutron-api.service[101769]: [pid: 101769|app: 0|req: 2/8] 162.253.55.165 () {68 vars in 1355 bytes} [Mon Aug 31 12:40:04 2026] POST /networking/v2.0/subnets => generated 666 bytes in 1167 msecs (HTTP/1.1 201) 4 headers in 162 bytes (1 switches on core 0)
Aug 31 12:40:05.882200 np0000191610 devstack@neutron-api.service[101766]: DEBUG neutron.pecan_wsgi.hooks.policy_enforcement [None req-ec362c02-d649-4e8d-80f0-07e578b7c4c8 admin admin] Attributes excluded by policy engine: ['standard_attr_id'] {{(pid=101766) _exclude_attributes_by_policy /opt/stack/neutron/neutron/pecan_wsgi/hooks/policy_enforcement.py:259}}
Aug 31 12:40:05.883560 np0000191610 devstack@neutron-api.service[101766]: [pid: 101766|app: 0|req: 2/9] 162.253.55.165 () {64 vars in 1415 bytes} [Mon Aug 31 12:40:05 2026] GET /networking/v2.0/networks/e4b31142-401e-4d9d-80a8-eeb52ea01f4c => generated 700 bytes in 53 msecs (HTTP/1.1 200) 4 headers in 157 bytes (1 switches on core 0)
Aug 31 12:40:05.904496 np0000191610 devstack@neutron-api.service[101768]: DEBUG neutron.api.wsgi [None req-84fb32ff-154d-4112-ad98-b5524f922716 admin admin] Missing Content-Type {{(pid=101768) get_content_type /opt/stack/neutron/neutron/api/wsgi.py:80}}
Aug 31 12:40:05.932324 np0000191610 devstack@neutron-api.service[101768]: [pid: 101768|app: 0|req: 4/10] 162.253.55.165 () {64 vars in 1424 bytes} [Mon Aug 31 12:40:05 2026] GET /networking/v2.0/subnetpools/f7115ed0-e109-440f-ac61-2ea65e20199c => generated 543 bytes in 32 msecs (HTTP/1.1 200) 4 headers in 157 bytes (1 switches on core 0)
Aug 31 12:40:05.953524 np0000191610 devstack@neutron-api.service[101767]: DEBUG neutron.api.v2.base [None req-09bdcade-63d6-4fe8-b392-2d3e26eae5bd admin admin] Request body: {'subnet': {'subnetpool_id': 'f7115ed0-e109-440f-ac61-2ea65e20199c', 'ipv6_address_mode': 'slaac', 'network_id': 'e4b31142-401e-4d9d-80a8-eeb52ea01f4c', 'ipv6_ra_mode': 'slaac', 'name': 'ipv6-private-subnet', 'ip_version': 6}} {{(pid=101767) prepare_request_body /opt/stack/neutron/neutron/api/v2/base.py:727}}
Aug 31 12:40:06.031328 np0000191610 devstack@neutron-api.service[101767]: DEBUG neutron.pecan_wsgi.hooks.quota_enforcement [None req-09bdcade-63d6-4fe8-b392-2d3e26eae5bd admin admin] Made reservation on behalf of 91515e8405bb4075996387ff28651346 for: {'subnet': 1} {{(pid=101767) before /opt/stack/neutron/neutron/pecan_wsgi/hooks/quota_enforcement.py:66}}
Aug 31 12:40:06.037383 np0000191610 devstack@neutron-api.service[101767]: DEBUG neutron_lib.callbacks.manager [None req-09bdcade-63d6-4fe8-b392-2d3e26eae5bd admin admin] Publish callbacks [] for subnet (None), before_create {{(pid=101767) _notify_loop /opt/stack/data/venv/lib/python3.12/site-packages/neutron_lib/callbacks/manager.py:184}}
Aug 31 12:40:06.257940 np0000191610 devstack@neutron-api.service[101767]: DEBUG neutron.db.ovn_revision_numbers_db [None req-09bdcade-63d6-4fe8-b392-2d3e26eae5bd admin admin] create_initial_revision uuid=cf21e1a9-5c3c-4057-8e9e-6fd965c0b21a, type=subnets, rev=-1 {{(pid=101767) create_initial_revision /opt/stack/neutron/neutron/db/ovn_revision_numbers_db.py:98}}
Aug 31 12:40:06.263475 np0000191610 devstack@neutron-api.service[101768]: DEBUG futurist.periodics [-] Submitting periodic callback 'neutron.plugins.ml2.drivers.ovn.mech_driver.ovsdb.maintenance.HashRingHealthCheckPeriodics.touch_hash_ring_node' {{(pid=101768) _process_scheduled /opt/stack/data/venv/lib/python3.12/site-packages/futurist/periodics.py:784}}
Aug 31 12:40:06.265101 np0000191610 devstack@neutron-api.service[101768]: DEBUG neutron.plugins.ml2.drivers.ovn.mech_driver.ovsdb.maintenance [-] Touching Hash Ring node "a0ba9b5ade915bf6b36f47a35f701e33" from periodic health check thread {{(pid=101768) touch_hash_ring_node /opt/stack/neutron/neutron/plugins/ml2/drivers/ovn/mech_driver/ovsdb/maintenance.py:1532}}
Aug 31 12:40:06.349294 np0000191610 devstack@neutron-api.service[101767]: DEBUG neutron.objects.ports [None req-09bdcade-63d6-4fe8-b392-2d3e26eae5bd admin admin] Time-cost: Fetching 1 ports in 0 security groups {{(pid=101767) get_objects /opt/stack/neutron/neutron/objects/ports.py:506}}
