+ exec neutron-metadata-agent --config-file /etc/neutron/neutron.conf --config-file /tmp/pod-shared/neutron-agent.ini --config-file /etc/neutron/metadata_agent.ini 3 RLock(s) were not greened, to fix this error make sure you run eventlet.monkey_patch() before importing any other modules. /var/lib/openstack/lib/python3.12/site-packages/pecan/core.py:320: SyntaxWarning: invalid escape sequence '\*' ''' /var/lib/openstack/lib/python3.12/site-packages/pecan/routing.py:48: SyntaxWarning: invalid escape sequence '\(' '^[0-9a-zA-Z-_$\(\)\.~!,;:*+@=]+$', route
2026-07-01 08:02:06.172 38 INFO neutron.common.config [-] Logging enabled!
2026-07-01 08:02:06.172 38 INFO neutron.common.config [-] /var/lib/openstack/bin/neutron-metadata-agent version 25.2.4.dev2
2026-07-01 08:02:06.189 38 INFO oslo_service.service [None req-abbc3fe5-4d32-403f-a8b9-952a223d5929 - - - - - -] Starting 2 workers
2026-07-01 08:02:06.196 47 INFO eventlet.wsgi.server [-] (47) wsgi starting up on http:/var/lib/neutron/openstack-helm/metadata_proxy
2026-07-01 08:02:06.196 46 INFO eventlet.wsgi.server [-] (46) wsgi starting up on http:/var/lib/neutron/openstack-helm/metadata_proxy
2026-07-01 08:03:33.629 46 ERROR neutron.agent.metadata.agent [-] No port found in network None with IP address 169.254.169.254
2026-07-01 08:03:33.630 46 INFO eventlet.wsgi.server [-] 169.254.169.254, "GET / HTTP/1.1" status: 404 len: 176 time: 1.0654778
2026-07-01 08:05:37.460 46 ERROR neutron.agent.metadata.agent [-] No port found in network None with IP address 169.254.169.254
2026-07-01 08:05:37.461 46 INFO eventlet.wsgi.server [-] 169.254.169.254, "GET / HTTP/1.1" status: 404 len: 176 time: 0.0085914
2026-07-01 08:08:47.463 47 ERROR neutron.agent.metadata.agent [-] No port found in network None with IP address 169.254.169.254
2026-07-01 08:08:47.464 47 INFO eventlet.wsgi.server [-] 169.254.169.254, "GET / HTTP/1.1" status: 404 len: 176 time: 0.0084550
2026-07-01 08:09:17.424 47 ERROR neutron.agent.metadata.agent [-] No port found in network None with IP address 169.254.169.254
2026-07-01 08:09:17.425 47 INFO eventlet.wsgi.server [-] 169.254.169.254, "GET / HTTP/1.1" status: 404 len: 176 time: 0.0056939
2026-07-01 08:11:57.443 47 ERROR neutron.agent.metadata.agent [-] No port found in network None with IP address 169.254.169.254
2026-07-01 08:11:57.444 47 INFO eventlet.wsgi.server [-] 169.254.169.254, "GET / HTTP/1.1" status: 404 len: 176 time: 0.0069489
2026-07-01 08:15:08.471 47 ERROR neutron.agent.metadata.agent [-] No port found in network None with IP address 169.254.169.254
2026-07-01 08:15:08.471 47 INFO eventlet.wsgi.server [-] 169.254.169.254, "GET / HTTP/1.1" status: 404 len: 176 time: 1.0493579
2026-07-01 08:18:17.460 47 ERROR neutron.agent.metadata.agent [-] No port found in network None with IP address 169.254.169.254
2026-07-01 08:18:17.460 47 INFO eventlet.wsgi.server [-] 169.254.169.254, "GET / HTTP/1.1" status: 404 len: 176 time: 0.0060174
2026-07-01 08:19:17.430 46 ERROR neutron.agent.metadata.agent [-] No port found in network None with IP address 169.254.169.254
2026-07-01 08:19:17.431 46 INFO eventlet.wsgi.server [-] 169.254.169.254, "GET / HTTP/1.1" status: 404 len: 176 time: 0.0080121
2026-07-01 08:21:27.472 47 ERROR neutron.agent.metadata.agent [-] No port found in network None with IP address 169.254.169.254
2026-07-01 08:21:27.473 47 INFO eventlet.wsgi.server [-] 169.254.169.254, "GET / HTTP/1.1" status: 404 len: 176 time: 0.0049975
2026-07-01 08:24:37.426 46 ERROR neutron.agent.metadata.agent [-] No port found in network None with IP address 169.254.169.254
2026-07-01 08:24:37.427 46 INFO eventlet.wsgi.server [-] 169.254.169.254, "GET / HTTP/1.1" status: 404 len: 176 time: 0.0046954
2026-07-01 08:27:48.422 47 ERROR neutron.agent.metadata.agent [-] No port found in network None with IP address 169.254.169.254
2026-07-01 08:27:48.423 47 INFO eventlet.wsgi.server [-] 169.254.169.254, "GET / HTTP/1.1" status: 404 len: 176 time: 1.0140123
2026-07-01 08:29:17.442 46 ERROR neutron.agent.metadata.agent [-] No port found in network None with IP address 169.254.169.254
2026-07-01 08:29:17.442 46 INFO eventlet.wsgi.server [-] 169.254.169.254, "GET / HTTP/1.1" status: 404 len: 176 time: 0.0037134
2026-07-01 08:30:57.480 46 ERROR neutron.agent.metadata.agent [-] No port found in network None with IP address 169.254.169.254
2026-07-01 08:30:57.481 46 INFO eventlet.wsgi.server [-] 169.254.169.254, "GET / HTTP/1.1" status: 404 len: 176 time: 0.0065076
2026-07-01 08:34:07.497 47 ERROR neutron.agent.metadata.agent [-] No port found in network None with IP address 169.254.169.254
2026-07-01 08:34:07.497 47 INFO eventlet.wsgi.server [-] 169.254.169.254, "GET / HTTP/1.1" status: 404 len: 176 time: 0.0065124
2026-07-01 08:35:10.487 47 INFO eventlet.wsgi.server [-] 10.100.0.5, "GET /2009-04-04/meta-data/instance-id HTTP/1.1" status: 200 len: 146 time: 1.7030241
2026-07-01 08:35:10.516 47 INFO eventlet.wsgi.server [-] 10.100.0.5, "GET /2009-04-04/meta-data/public-keys HTTP/1.1" status: 200 len: 164 time: 0.0204778
2026-07-01 08:35:10.534 47 INFO eventlet.wsgi.server [-] 10.100.0.5, "GET /2009-04-04/meta-data/public-keys/0/openssh-key HTTP/1.1" status: 200 len: 341 time: 0.0128222
2026-07-01 08:35:10.568 46 INFO eventlet.wsgi.server [-] 10.100.0.5, "GET /2009-04-04/meta-data/instance-id HTTP/1.1" status: 200 len: 146 time: 0.0265300
2026-07-01 08:35:10.585 47 INFO eventlet.wsgi.server [-] 10.100.0.5, "GET /2009-04-04/meta-data/ami-launch-index HTTP/1.1" status: 200 len: 136 time: 0.0112553
2026-07-01 08:35:10.601 47 INFO eventlet.wsgi.server [-] 10.100.0.5, "GET /2009-04-04/meta-data/instance-type HTTP/1.1" status: 200 len: 142 time: 0.0095620
2026-07-01 08:35:10.620 46 INFO eventlet.wsgi.server [-] 10.100.0.5, "GET /2009-04-04/meta-data/local-ipv4 HTTP/1.1" status: 200 len: 146 time: 0.0132887
2026-07-01 08:35:10.638 46 INFO eventlet.wsgi.server [-] 10.100.0.5, "GET /2009-04-04/meta-data/public-ipv4 HTTP/1.1" status: 200 len: 149 time: 0.0112426
2026-07-01 08:35:10.656 46 INFO eventlet.wsgi.server [-] 10.100.0.5, "GET /2009-04-04/meta-data/hostname HTTP/1.1" status: 200 len: 193 time: 0.0125978
2026-07-01 08:35:10.675 46 INFO eventlet.wsgi.server [-] 10.100.0.5, "GET /2009-04-04/meta-data/local-hostname HTTP/1.1" status: 200 len: 193 time: 0.0121613
2026-07-01 08:35:10.706 47 INFO eventlet.wsgi.server [-] 10.100.0.5, "GET /2009-04-04/user-data HTTP/1.1" status: 200 len: 231 time: 0.0108900
2026-07-01 08:35:10.720 47 INFO eventlet.wsgi.server [-] 10.100.0.5, "GET /2009-04-04/meta-data/block-device-mapping HTTP/1.1" status: 200 len: 143 time: 0.0079718
2026-07-01 08:35:10.736 46 INFO eventlet.wsgi.server [-] 10.100.0.5, "GET /2009-04-04/meta-data/block-device-mapping/ami HTTP/1.1" status: 200 len: 138 time: 0.0116189
2026-07-01 08:35:10.750 46 INFO eventlet.wsgi.server [-] 10.100.0.5, "GET /2009-04-04/meta-data/block-device-mapping/root HTTP/1.1" status: 200 len: 143 time: 0.0085859
2026-07-01 08:35:10.766 46 INFO eventlet.wsgi.server [-] 10.100.0.5, "GET /2009-04-04/meta-data/public-hostname HTTP/1.1" status: 200 len: 193 time: 0.0094686
2026-07-01 08:35:10.782 46 INFO eventlet.wsgi.server [-] 10.100.0.5, "GET /2009-04-04/meta-data/placement/availability-zone HTTP/1.1" status: 200 len: 139 time: 0.0106299
2026-07-01 08:35:15.534 46 INFO eventlet.wsgi.server [-] 10.100.0.6, "GET /2009-04-04/meta-data/instance-id HTTP/1.1" status: 200 len: 146 time: 0.6390905
2026-07-01 08:35:15.556 46 INFO eventlet.wsgi.server [-] 10.100.0.6, "GET /2009-04-04/meta-data/public-keys HTTP/1.1" status: 200 len: 163 time: 0.0123448
2026-07-01 08:35:15.574 46 INFO eventlet.wsgi.server [-] 10.100.0.6, "GET /2009-04-04/meta-data/public-keys/0/openssh-key HTTP/1.1" status: 200 len: 341 time: 0.0099981
2026-07-01 08:35:15.589 46 INFO eventlet.wsgi.server [-] 10.100.0.6, "GET /2009-04-04/meta-data/instance-id HTTP/1.1" status: 200 len: 146 time: 0.0093265
2026-07-01 08:35:15.604 46 INFO eventlet.wsgi.server [-] 10.100.0.6, "GET /2009-04-04/meta-data/ami-launch-index HTTP/1.1" status: 200 len: 136 time: 0.0094531
2026-07-01 08:35:15.620 46 INFO eventlet.wsgi.server [-] 10.100.0.6, "GET /2009-04-04/meta-data/instance-type HTTP/1.1" status: 200 len: 142 time: 0.0105631
2026-07-01 08:35:15.636 46 INFO eventlet.wsgi.server [-] 10.100.0.6, "GET /2009-04-04/meta-data/local-ipv4 HTTP/1.1" status: 200 len: 146 time: 0.0088782
2026-07-01 08:35:15.654 46 INFO eventlet.wsgi.server [-] 10.100.0.6, "GET /2009-04-04/meta-data/public-ipv4 HTTP/1.1" status: 200 len: 149 time: 0.0088484
2026-07-01 08:35:15.670 46 INFO eventlet.wsgi.server [-] 10.100.0.6, "GET /2009-04-04/meta-data/hostname HTTP/1.1" status: 200 len: 201 time: 0.0103183
2026-07-01 08:35:15.685 46 INFO eventlet.wsgi.server [-] 10.100.0.6, "GET /2009-04-04/meta-data/local-hostname HTTP/1.1" status: 200 len: 201 time: 0.0087349
2026-07-01 08:35:15.723 46 INFO eventlet.wsgi.server [-] 10.100.0.6, "GET /2009-04-04/user-data HTTP/1.1" status: 200 len: 231 time: 0.0118787
2026-07-01 08:35:15.741 46 INFO eventlet.wsgi.server [-] 10.100.0.6, "GET /2009-04-04/meta-data/block-device-mapping HTTP/1.1" status: 200 len: 143 time: 0.0124211
2026-07-01 08:35:15.757 46 INFO eventlet.wsgi.server [-] 10.100.0.6, "GET /2009-04-04/meta-data/block-device-mapping/ami HTTP/1.1" status: 200 len: 138 time: 0.0106211
2026-07-01 08:35:15.779 46 INFO eventlet.wsgi.server [-] 10.100.0.6, "GET /2009-04-04/meta-data/block-device-mapping/root HTTP/1.1" status: 200 len: 143 time: 0.0129185
2026-07-01 08:35:15.801 46 INFO eventlet.wsgi.server [-] 10.100.0.6, "GET /2009-04-04/meta-data/public-hostname HTTP/1.1" status: 200 len: 201 time: 0.0158515
2026-07-01 08:35:15.818 46 INFO eventlet.wsgi.server [-] 10.100.0.6, "GET /2009-04-04/meta-data/placement/availability-zone HTTP/1.1" status: 200 len: 139 time: 0.0088089
2026-07-01 08:35:49.987 47 INFO eventlet.wsgi.server [-] 10.100.0.5, "GET /2009-04-04/meta-data/instance-id HTTP/1.1" status: 200 len: 146 time: 0.1836414
2026-07-01 08:35:50.015 47 INFO eventlet.wsgi.server [-] 10.100.0.5, "GET /2009-04-04/meta-data/public-keys HTTP/1.1" status: 200 len: 164 time: 0.0131409
2026-07-01 08:35:50.031 47 INFO eventlet.wsgi.server [-] 10.100.0.5, "GET /2009-04-04/meta-data/public-keys/0/openssh-key HTTP/1.1" status: 200 len: 341 time: 0.0127583
2026-07-01 08:35:50.051 47 INFO eventlet.wsgi.server [-] 10.100.0.5, "GET /2009-04-04/meta-data/instance-id HTTP/1.1" status: 200 len: 146 time: 0.0147715
2026-07-01 08:35:50.069 47 INFO eventlet.wsgi.server [-] 10.100.0.5, "GET /2009-04-04/meta-data/ami-launch-index HTTP/1.1" status: 200 len: 136 time: 0.0126376
2026-07-01 08:35:50.091 47 INFO eventlet.wsgi.server [-] 10.100.0.5, "GET /2009-04-04/meta-data/instance-type HTTP/1.1" status: 200 len: 142 time: 0.0145297
2026-07-01 08:35:50.112 47 INFO eventlet.wsgi.server [-] 10.100.0.5, "GET /2009-04-04/meta-data/local-ipv4 HTTP/1.1" status: 200 len: 146 time: 0.0096409
2026-07-01 08:35:50.133 47 INFO eventlet.wsgi.server [-] 10.100.0.5, "GET /2009-04-04/meta-data/public-ipv4 HTTP/1.1" status: 200 len: 149 time: 0.0148532
2026-07-01 08:35:50.157 47 INFO eventlet.wsgi.server [-] 10.100.0.5, "GET /2009-04-04/meta-data/hostname HTTP/1.1" status: 200 len: 193 time: 0.0173528
2026-07-01 08:35:50.178 47 INFO eventlet.wsgi.server [-] 10.100.0.5, "GET /2009-04-04/meta-data/local-hostname HTTP/1.1" status: 200 len: 193 time: 0.0132103
2026-07-01 08:35:50.198 47 INFO eventlet.wsgi.server [-] 10.100.0.5, "GET /2009-04-04/user-data HTTP/1.1" status: 200 len: 231 time: 0.0138583
2026-07-01 08:35:50.227 46 INFO eventlet.wsgi.server [-] 10.100.0.5, "GET /2009-04-04/meta-data/block-device-mapping HTTP/1.1" status: 200 len: 143 time: 0.0219882
2026-07-01 08:35:50.243 46 INFO eventlet.wsgi.server [-] 10.100.0.5, "GET /2009-04-04/meta-data/block-device-mapping/ami HTTP/1.1" status: 200 len: 138 time: 0.0092020
2026-07-01 08:35:50.259 46 INFO eventlet.wsgi.server [-] 10.100.0.5, "GET /2009-04-04/meta-data/block-device-mapping/root HTTP/1.1" status: 200 len: 143 time: 0.0120809
2026-07-01 08:35:50.278 47 INFO eventlet.wsgi.server [-] 10.100.0.5, "GET /2009-04-04/meta-data/public-hostname HTTP/1.1" status: 200 len: 193 time: 0.0120747
2026-07-01 08:35:50.296 47 INFO eventlet.wsgi.server [-] 10.100.0.5, "GET /2009-04-04/meta-data/placement/availability-zone HTTP/1.1" status: 200 len: 139 time: 0.0119684
2026-07-01 08:37:17.531 47 ERROR neutron.agent.metadata.agent [-] No port found in network None with IP address 169.254.169.254
2026-07-01 08:37:17.532 47 INFO eventlet.wsgi.server [-] 169.254.169.254, "GET / HTTP/1.1" status: 404 len: 176 time: 0.0081658
2026-07-01 08:38:12.035 47 INFO eventlet.wsgi.server [-] 10.100.0.4, "GET /2009-04-04/meta-data/instance-id HTTP/1.1" status: 200 len: 146 time: 0.6696606
2026-07-01 08:38:12.072 47 INFO eventlet.wsgi.server [-] 10.100.0.4, "GET /2009-04-04/meta-data/public-keys HTTP/1.1" status: 200 len: 175 time: 0.0224843
2026-07-01 08:38:12.093 47 INFO eventlet.wsgi.server [-] 10.100.0.4, "GET /2009-04-04/meta-data/public-keys/0/openssh-key HTTP/1.1" status: 200 len: 341 time: 0.0134711
2026-07-01 08:38:12.129 46 INFO eventlet.wsgi.server [-] 10.100.0.4, "GET /2009-04-04/meta-data/instance-id HTTP/1.1" status: 200 len: 146 time: 0.0254207
2026-07-01 08:38:12.145 46 INFO eventlet.wsgi.server [-] 10.100.0.4, "GET /2009-04-04/meta-data/ami-launch-index HTTP/1.1" status: 200 len: 136 time: 0.0138521
2026-07-01 08:38:12.164 47 INFO eventlet.wsgi.server [-] 10.100.0.4, "GET /2009-04-04/meta-data/instance-type HTTP/1.1" status: 200 len: 142 time: 0.0118461
2026-07-01 08:38:12.181 47 INFO eventlet.wsgi.server [-] 10.100.0.4, "GET /2009-04-04/meta-data/local-ipv4 HTTP/1.1" status: 200 len: 146 time: 0.0114274
2026-07-01 08:38:12.203 47 INFO eventlet.wsgi.server [-] 10.100.0.4, "GET /2009-04-04/meta-data/public-ipv4 HTTP/1.1" status: 200 len: 149 time: 0.0133810
2026-07-01 08:38:12.224 47 INFO eventlet.wsgi.server [-] 10.100.0.4, "GET /2009-04-04/meta-data/hostname HTTP/1.1" status: 200 len: 191 time: 0.0157092
2026-07-01 08:38:12.241 47 INFO eventlet.wsgi.server [-] 10.100.0.4, "GET /2009-04-04/meta-data/local-hostname HTTP/1.1" status: 200 len: 191 time: 0.0114391
2026-07-01 08:38:12.258 47 INFO neutron.agent.metadata.proxy_base [-] The instance: 0b0f4f2f-879c-4e1b-83ff-4f2b8cdf3025 is not present anymore, skipping cache...
2026-07-01 08:38:12.768 47 INFO eventlet.wsgi.server [-] 10.100.0.4, "GET /2009-04-04/user-data HTTP/1.1" status: 404 len: 297 time: 0.5216441
2026-07-01 08:38:12.795 47 INFO eventlet.wsgi.server [-] 10.100.0.4, "GET /2009-04-04/meta-data/block-device-mapping HTTP/1.1" status: 200 len: 143 time: 0.0148635
2026-07-01 08:38:12.815 47 INFO eventlet.wsgi.server [-] 10.100.0.4, "GET /2009-04-04/meta-data/block-device-mapping/ami HTTP/1.1" status: 200 len: 138 time: 0.0146756
2026-07-01 08:38:12.831 47 INFO eventlet.wsgi.server [-] 10.100.0.4, "GET /2009-04-04/meta-data/block-device-mapping/root HTTP/1.1" status: 200 len: 143 time: 0.0110848
2026-07-01 08:38:12.847 47 INFO eventlet.wsgi.server [-] 10.100.0.4, "GET /2009-04-04/meta-data/public-hostname HTTP/1.1" status: 200 len: 191 time: 0.0108745
2026-07-01 08:38:12.864 47 INFO eventlet.wsgi.server [-] 10.100.0.4, "GET /2009-04-04/meta-data/placement/availability-zone HTTP/1.1" status: 200 len: 139 time: 0.0091681
2026-07-01 08:38:17.018 47 INFO eventlet.wsgi.server [-] 10.2.1.247, "GET /2009-04-04/meta-data/instance-id HTTP/1.1" status: 200 len: 146 time: 1.4648015
2026-07-01 08:38:17.039 47 INFO eventlet.wsgi.server [-] 10.2.1.247, "GET /2009-04-04/meta-data/public-keys HTTP/1.1" status: 200 len: 173 time: 0.0123627
2026-07-01 08:38:17.056 47 INFO eventlet.wsgi.server [-] 10.2.1.247, "GET /2009-04-04/meta-data/public-keys/0/openssh-key HTTP/1.1" status: 200 len: 341 time: 0.0122266
2026-07-01 08:38:17.081 47 INFO eventlet.wsgi.server [-] 10.2.1.247, "GET /2009-04-04/meta-data/instance-id HTTP/1.1" status: 200 len: 146 time: 0.0161188
2026-07-01 08:38:17.101 47 INFO eventlet.wsgi.server [-] 10.2.1.247, "GET /2009-04-04/meta-data/ami-launch-index HTTP/1.1" status: 200 len: 136 time: 0.0111649
2026-07-01 08:38:17.120 47 INFO eventlet.wsgi.server [-] 10.2.1.247, "GET /2009-04-04/meta-data/instance-type HTTP/1.1" status: 200 len: 142 time: 0.0097880
2026-07-01 08:38:17.142 46 INFO eventlet.wsgi.server [-] 10.2.1.247, "GET /2009-04-04/meta-data/local-ipv4 HTTP/1.1" status: 200 len: 146 time: 0.0153019
2026-07-01 08:38:17.158 47 INFO eventlet.wsgi.server [-] 10.2.1.247, "GET /2009-04-04/meta-data/public-ipv4 HTTP/1.1" status: 200 len: 149 time: 0.0103040
2026-07-01 08:38:17.181 47 INFO eventlet.wsgi.server [-] 10.2.1.247, "GET /2009-04-04/meta-data/hostname HTTP/1.1" status: 200 len: 184 time: 0.0160849
2026-07-01 08:38:17.198 47 INFO eventlet.wsgi.server [-] 10.2.1.247, "GET /2009-04-04/meta-data/local-hostname HTTP/1.1" status: 200 len: 184 time: 0.0116322
2026-07-01 08:38:17.220 47 INFO neutron.agent.metadata.proxy_base [-] The instance: f1dcb50f-2b86-45cd-a4a5-5112c216d752 is not present anymore, skipping cache...
2026-07-01 08:38:17.733 47 INFO eventlet.wsgi.server [-] 10.2.1.247, "GET /2009-04-04/user-data HTTP/1.1" status: 404 len: 297 time: 0.5291164
2026-07-01 08:38:17.753 47 INFO eventlet.wsgi.server [-] 10.2.1.247, "GET /2009-04-04/meta-data/block-device-mapping HTTP/1.1" status: 200 len: 143 time: 0.0096841
2026-07-01 08:38:17.769 47 INFO eventlet.wsgi.server [-] 10.2.1.247, "GET /2009-04-04/meta-data/block-device-mapping/ami HTTP/1.1" status: 200 len: 138 time: 0.0122433
2026-07-01 08:38:17.789 47 INFO eventlet.wsgi.server [-] 10.2.1.247, "GET /2009-04-04/meta-data/block-device-mapping/root HTTP/1.1" status: 200 len: 143 time: 0.0125465
2026-07-01 08:38:17.809 46 INFO eventlet.wsgi.server [-] 10.2.1.247, "GET /2009-04-04/meta-data/public-hostname HTTP/1.1" status: 200 len: 184 time: 0.0134084
2026-07-01 08:38:17.826 46 INFO eventlet.wsgi.server [-] 10.2.1.247, "GET /2009-04-04/meta-data/placement/availability-zone HTTP/1.1" status: 200 len: 139 time: 0.0094578
2026-07-01 08:38:20.593 46 INFO eventlet.wsgi.server [-] 10.100.0.10, "GET /latest/meta-data/public-ipv4 HTTP/1.1" status: 200 len: 149 time: 0.7687435
2026-07-01 08:38:20.972 47 INFO eventlet.wsgi.server [-] 10.100.0.10, "POST /openstack/2013-10-17/password HTTP/1.1" status: 200 len: 134 time: 0.2568221
2026-07-01 08:38:32.294 47 INFO eventlet.wsgi.server [-] 10.2.2.124, "GET /2009-04-04/meta-data/instance-id HTTP/1.1" status: 200 len: 146 time: 0.9462185
2026-07-01 08:38:32.326 47 INFO eventlet.wsgi.server [-] 10.2.2.124, "GET /2009-04-04/meta-data/public-keys HTTP/1.1" status: 200 len: 173 time: 0.0220823
2026-07-01 08:38:32.349 47 INFO eventlet.wsgi.server [-] 10.2.2.124, "GET /2009-04-04/meta-data/public-keys/0/openssh-key HTTP/1.1" status: 200 len: 341 time: 0.0150650
2026-07-01 08:38:32.367 47 INFO eventlet.wsgi.server [-] 10.2.2.124, "GET /2009-04-04/meta-data/instance-id HTTP/1.1" status: 200 len: 146 time: 0.0123861
2026-07-01 08:38:32.387 47 INFO eventlet.wsgi.server [-] 10.2.2.124, "GET /2009-04-04/meta-data/ami-launch-index HTTP/1.1" status: 200 len: 136 time: 0.0127604
2026-07-01 08:38:32.401 47 INFO eventlet.wsgi.server [-] 10.2.2.124, "GET /2009-04-04/meta-data/instance-type HTTP/1.1" status: 200 len: 142 time: 0.0091379
2026-07-01 08:38:32.418 47 INFO eventlet.wsgi.server [-] 10.2.2.124, "GET /2009-04-04/meta-data/local-ipv4 HTTP/1.1" status: 200 len: 146 time: 0.0107453
2026-07-01 08:38:32.435 46 INFO eventlet.wsgi.server [-] 10.2.2.124, "GET /2009-04-04/meta-data/public-ipv4 HTTP/1.1" status: 200 len: 149 time: 0.0118644
2026-07-01 08:38:32.450 46 INFO eventlet.wsgi.server [-] 10.2.2.124, "GET /2009-04-04/meta-data/hostname HTTP/1.1" status: 200 len: 184 time: 0.0104847
2026-07-01 08:38:32.501 47 INFO eventlet.wsgi.server [-] 10.2.2.124, "GET /2009-04-04/meta-data/local-hostname HTTP/1.1" status: 200 len: 184 time: 0.0102892
2026-07-01 08:38:32.519 46 INFO neutron.agent.metadata.proxy_base [-] The instance: aff556aa-36e2-4545-90d2-6b68e9d53bbb is not present anymore, skipping cache...
2026-07-01 08:38:33.032 46 INFO eventlet.wsgi.server [-] 10.2.2.124, "GET /2009-04-04/user-data HTTP/1.1" status: 404 len: 297 time: 0.5252163
2026-07-01 08:38:33.069 46 INFO eventlet.wsgi.server [-] 10.2.2.124, "GET /2009-04-04/meta-data/block-device-mapping HTTP/1.1" status: 200 len: 143 time: 0.0240207
2026-07-01 08:38:33.089 46 INFO eventlet.wsgi.server [-] 10.2.2.124, "GET /2009-04-04/meta-data/block-device-mapping/ami HTTP/1.1" status: 200 len: 138 time: 0.0140266
2026-07-01 08:38:33.113 46 INFO eventlet.wsgi.server [-] 10.2.2.124, "GET /2009-04-04/meta-data/block-device-mapping/root HTTP/1.1" status: 200 len: 143 time: 0.0179675
2026-07-01 08:38:33.134 46 INFO eventlet.wsgi.server [-] 10.2.2.124, "GET /2009-04-04/meta-data/public-hostname HTTP/1.1" status: 200 len: 184 time: 0.0105369
2026-07-01 08:38:33.158 46 INFO eventlet.wsgi.server [-] 10.2.2.124, "GET /2009-04-04/meta-data/placement/availability-zone HTTP/1.1" status: 200 len: 139 time: 0.0167141
2026-07-01 08:38:42.589 47 INFO eventlet.wsgi.server [-] 10.100.0.12, "GET /2009-04-04/meta-data/instance-id HTTP/1.1" status: 200 len: 146 time: 0.6716743
2026-07-01 08:38:42.617 46 INFO eventlet.wsgi.server [-] 10.100.0.12, "GET /2009-04-04/meta-data/public-keys HTTP/1.1" status: 200 len: 176 time: 0.0191004
2026-07-01 08:38:42.635 47 INFO eventlet.wsgi.server [-] 10.100.0.12, "GET /2009-04-04/meta-data/public-keys/0/openssh-key HTTP/1.1" status: 200 len: 341 time: 0.0106659
2026-07-01 08:38:42.658 46 INFO eventlet.wsgi.server [-] 10.100.0.12, "GET /2009-04-04/meta-data/instance-id HTTP/1.1" status: 200 len: 146 time: 0.0131342
2026-07-01 08:38:42.675 47 INFO eventlet.wsgi.server [-] 10.100.0.12, "GET /2009-04-04/meta-data/ami-launch-index HTTP/1.1" status: 200 len: 136 time: 0.0098996
2026-07-01 08:38:42.690 46 INFO eventlet.wsgi.server [-] 10.100.0.12, "GET /2009-04-04/meta-data/instance-type HTTP/1.1" status: 200 len: 142 time: 0.0098298
2026-07-01 08:38:42.705 46 INFO eventlet.wsgi.server [-] 10.100.0.12, "GET /2009-04-04/meta-data/local-ipv4 HTTP/1.1" status: 200 len: 147 time: 0.0093915
2026-07-01 08:38:42.724 46 INFO eventlet.wsgi.server [-] 10.100.0.12, "GET /2009-04-04/meta-data/public-ipv4 HTTP/1.1" status: 200 len: 149 time: 0.0115149
2026-07-01 08:38:42.743 47 INFO eventlet.wsgi.server [-] 10.100.0.12, "GET /2009-04-04/meta-data/hostname HTTP/1.1" status: 200 len: 191 time: 0.0115330
2026-07-01 08:38:42.760 47 INFO eventlet.wsgi.server [-] 10.100.0.12, "GET /2009-04-04/meta-data/local-hostname HTTP/1.1" status: 200 len: 191 time: 0.0109270
2026-07-01 08:38:42.779 46 INFO neutron.agent.metadata.proxy_base [-] The instance: da928cdc-3202-4d32-86c1-93284cd6bc63 is not present anymore, skipping cache...
2026-07-01 08:38:43.289 46 INFO eventlet.wsgi.server [-] 10.100.0.12, "GET /2009-04-04/user-data HTTP/1.1" status: 404 len: 297 time: 0.5237238
2026-07-01 08:38:43.314 46 INFO eventlet.wsgi.server [-] 10.100.0.12, "GET /2009-04-04/meta-data/block-device-mapping HTTP/1.1" status: 200 len: 143 time: 0.0130568
2026-07-01 08:38:43.337 46 INFO eventlet.wsgi.server [-] 10.100.0.12, "GET /2009-04-04/meta-data/block-device-mapping/ami HTTP/1.1" status: 200 len: 138 time: 0.0186386
2026-07-01 08:38:43.357 46 INFO eventlet.wsgi.server [-] 10.100.0.12, "GET /2009-04-04/meta-data/block-device-mapping/root HTTP/1.1" status: 200 len: 143 time: 0.0145564
2026-07-01 08:38:43.377 46 INFO eventlet.wsgi.server [-] 10.100.0.12, "GET /2009-04-04/meta-data/public-hostname HTTP/1.1" status: 200 len: 191 time: 0.0143991
2026-07-01 08:38:43.394 46 INFO eventlet.wsgi.server [-] 10.100.0.12, "GET /2009-04-04/meta-data/placement/availability-zone HTTP/1.1" status: 200 len: 139 time: 0.0120351
2026-07-01 08:39:18.459 47 ERROR neutron.agent.metadata.agent [-] No port found in network None with IP address 169.254.169.254
2026-07-01 08:39:18.459 47 INFO eventlet.wsgi.server [-] 169.254.169.254, "GET / HTTP/1.1" status: 404 len: 176 time: 1.0182278
2026-07-01 08:40:27.477 46 ERROR neutron.agent.metadata.agent [-] No port found in network None with IP address 169.254.169.254
2026-07-01 08:40:27.477 46 INFO eventlet.wsgi.server [-] 169.254.169.254, "GET / HTTP/1.1" status: 404 len: 176 time: 0.0060682
2026-07-01 08:43:37.520 46 ERROR neutron.agent.metadata.agent [-] No port found in network None with IP address 169.254.169.254
2026-07-01 08:43:37.521 46 INFO eventlet.wsgi.server [-] 169.254.169.254, "GET / HTTP/1.1" status: 404 len: 176 time: 0.0044680
2026-07-01 08:46:47.480 46 ERROR neutron.agent.metadata.agent [-] No port found in network None with IP address 169.254.169.254
2026-07-01 08:46:47.480 46 INFO eventlet.wsgi.server [-] 169.254.169.254, "GET / HTTP/1.1" status: 404 len: 176 time: 0.0061817