2026-05-27 07:26:17.852 7 INFO placement.requestlog [None req-f1265d85-010a-47cf-b8ea-eea6ba8cc6a0 1aae2fc3c3cf4000a7467d55d2385415 72686bedfd004fed985f4367315fb292 - - 99be5d83bfb34c2eab61faebfaf67cda 99be5d83bfb34c2eab61faebfaf67cda] 10.0.0.50 "DELETE /resource_providers/ec6f51f0-c2fa-4c30-b573-843540293397" status: 404 len: 246 microversion: 1.1 [pid: 7|app: 0|req: 629/1249] 10.0.0.50 () {34 vars in 815 bytes} [Wed May 27 07:26:17 2026] DELETE /resource_providers/ec6f51f0-c2fa-4c30-b573-843540293397 => generated 246 bytes in 12 msecs (HTTP/1.1 404) 6 headers in 231 bytes (1 switches on core 0)
2026-05-27 07:26:17.854 8 INFO placement.requestlog [None req-96c9a7e8-bd60-4ae8-b4b1-ae59051c7afb 1aae2fc3c3cf4000a7467d55d2385415 72686bedfd004fed985f4367315fb292 - - 99be5d83bfb34c2eab61faebfaf67cda 99be5d83bfb34c2eab61faebfaf67cda] 10.0.0.50 "DELETE /resource_providers/ec6f51f0-c2fa-4c30-b573-843540293397" status: 404 len: 246 microversion: 1.1 [pid: 8|app: 0|req: 621/1250] 10.0.0.50 () {34 vars in 815 bytes} [Wed May 27 07:26:17 2026] DELETE /resource_providers/ec6f51f0-c2fa-4c30-b573-843540293397 => generated 246 bytes in 14 msecs (HTTP/1.1 404) 6 headers in 231 bytes (1 switches on core 0)
2026-05-27 07:26:18.269 7 INFO placement.requestlog [None req-1f32f1dc-e593-4a8c-a3b9-d4f881303f1f - - - - - -] 10.0.0.141 "GET /" status: 200 len: 136 microversion: 1.0
2026-05-27 07:26:18.273 8 INFO placement.requestlog [None req-4ed557ff-9428-4010-9061-98f3ae0c184d - - - - - -] 10.0.0.141 "GET /" status: 200 len: 136 microversion: 1.0
2026-05-27 07:26:28.261 8 INFO placement.requestlog [None req-6d7ffdc1-87c5-40f5-815d-2f5f55d121a0 - - - - - -] 10.0.0.141 "GET /" status: 200 len: 136 microversion: 1.0
2026-05-27 07:26:28.261 7 INFO placement.requestlog [None req-c6140588-d4eb-4239-bb65-5a5e2ff3b79c - - - - - -] 10.0.0.141 "GET /" status: 200 len: 136 microversion: 1.0
2026-05-27 07:26:38.260 8 INFO placement.requestlog [None req-341f3e65-ad3b-4db2-bf41-86839e3150fe - - - - - -] 10.0.0.141 "GET /" status: 200 len: 136 microversion: 1.0
2026-05-27 07:26:38.262 7 INFO placement.requestlog [None req-66a59ccb-dbd1-41b2-8d04-e5b3e0351425 - - - - - -] 10.0.0.141 "GET /" status: 200 len: 136 microversion: 1.0
2026-05-27 07:26:46.745 8 INFO placement.requestlog [req-a8f3edb6-038f-4a04-8e43-6f23ef65bd14 req-58a1d167-1cfb-43cd-8766-cbde3f9c584f bec233456a334327938a758910dfe7cc 72686bedfd004fed985f4367315fb292 - - 99be5d83bfb34c2eab61faebfaf67cda 99be5d83bfb34c2eab61faebfaf67cda] 10.0.0.119 "GET /allocation_candidates?limit=1000&resources=DISK_GB%3A1%2CMEMORY_MB%3A512%2CVCPU%3A1&root_required=%21COMPUTE_STATUS_DISABLED" status: 200 len: 2188 microversion: 1.36 [pid: 8|app: 0|req: 625/1257] 10.0.0.119 () {34 vars in 1012 bytes} [Wed May 27 07:26:46 2026] GET /allocation_candidates?limit=1000&resources=DISK_GB%3A1%2CMEMORY_MB%3A512%2CVCPU%3A1&root_required=%21COMPUTE_STATUS_DISABLED => generated 2188 bytes in 192 msecs (HTTP/1.1 200) 8 headers in 297 bytes (1 switches on core 0)
2026-05-27 07:26:46.787 7 INFO placement.requestlog [req-a8f3edb6-038f-4a04-8e43-6f23ef65bd14 req-f517b583-4978-4fd0-9cb5-cae5eb069f16 bec233456a334327938a758910dfe7cc 72686bedfd004fed985f4367315fb292 - - 99be5d83bfb34c2eab61faebfaf67cda 99be5d83bfb34c2eab61faebfaf67cda] 10.0.0.119 "GET /allocations/69d231f3-8453-46fc-9349-53672b2026a4" status: 200 len: 19 microversion: 1.28 [pid: 7|app: 0|req: 633/1258] 10.0.0.119 () {34 vars in 861 bytes} [Wed May 27 07:26:46 2026] GET /allocations/69d231f3-8453-46fc-9349-53672b2026a4 => generated 19 bytes in 17 msecs (HTTP/1.1 200) 8 headers in 295 bytes (1 switches on core 0)
2026-05-27 07:26:46.922 8 INFO placement.requestlog [req-a8f3edb6-038f-4a04-8e43-6f23ef65bd14 req-27d30838-1fcc-48b8-a8a4-4562f719046e bec233456a334327938a758910dfe7cc 72686bedfd004fed985f4367315fb292 - - 99be5d83bfb34c2eab61faebfaf67cda 99be5d83bfb34c2eab61faebfaf67cda] 10.0.0.119 "PUT /allocations/69d231f3-8453-46fc-9349-53672b2026a4" status: 204 len: 0 microversion: 1.36 [pid: 8|app: 0|req: 626/1259] 10.0.0.119 () {38 vars in 914 bytes} [Wed May 27 07:26:46 2026] PUT /allocations/69d231f3-8453-46fc-9349-53672b2026a4 => generated 0 bytes in 121 msecs (HTTP/1.1 204) 5 headers in 199 bytes (1 switches on core 0)
2026-05-27 07:26:47.212 7 INFO placement.requestlog [req-a8f3edb6-038f-4a04-8e43-6f23ef65bd14 req-3e6529b2-3da3-460e-93de-56fa5202d015 bec233456a334327938a758910dfe7cc 72686bedfd004fed985f4367315fb292 - - 99be5d83bfb34c2eab61faebfaf67cda 99be5d83bfb34c2eab61faebfaf67cda] 199.204.45.140 "GET /allocations/69d231f3-8453-46fc-9349-53672b2026a4" status: 200 len: 258 microversion: 1.28 [pid: 7|app: 0|req: 634/1260] 199.204.45.140 () {34 vars in 863 bytes} [Wed May 27 07:26:47 2026] GET /allocations/69d231f3-8453-46fc-9349-53672b2026a4 => generated 258 bytes in 13 msecs (HTTP/1.1 200) 8 headers in 296 bytes (1 switches on core 0)
2026-05-27 07:26:47.336 8 INFO placement.requestlog [req-a8f3edb6-038f-4a04-8e43-6f23ef65bd14 req-e6a2fa09-311e-4527-a08f-4e284d621f95 bec233456a334327938a758910dfe7cc 72686bedfd004fed985f4367315fb292 - - 99be5d83bfb34c2eab61faebfaf67cda 99be5d83bfb34c2eab61faebfaf67cda] 199.204.45.140 "GET /resource_providers/9ff6e71a-f31e-47fa-901c-ac4c7b298f63/allocations" status: 200 len: 153 microversion: 1.0 [pid: 8|app: 0|req: 627/1261] 199.204.45.140 () {32 vars in 857 bytes} [Wed May 27 07:26:47 2026] GET /resource_providers/9ff6e71a-f31e-47fa-901c-ac4c7b298f63/allocations => generated 153 bytes in 29 msecs (HTTP/1.1 200) 6 headers in 224 bytes (1 switches on core 0)
2026-05-27 07:26:47.358 7 INFO placement.requestlog [req-a8f3edb6-038f-4a04-8e43-6f23ef65bd14 req-6808ed05-a897-4936-9a4f-06543d97262e bec233456a334327938a758910dfe7cc 72686bedfd004fed985f4367315fb292 - - 99be5d83bfb34c2eab61faebfaf67cda 99be5d83bfb34c2eab61faebfaf67cda] 199.204.45.140 "GET /allocations/69d231f3-8453-46fc-9349-53672b2026a4" status: 200 len: 258 microversion: 1.28 [pid: 7|app: 0|req: 635/1262] 199.204.45.140 () {34 vars in 863 bytes} [Wed May 27 07:26:47 2026] GET /allocations/69d231f3-8453-46fc-9349-53672b2026a4 => generated 258 bytes in 14 msecs (HTTP/1.1 200) 8 headers in 296 bytes (1 switches on core 0)
2026-05-27 07:26:48.260 7 INFO placement.requestlog [None req-7736b64d-1ea1-4fdb-b871-6e019eae61de - - - - - -] 10.0.0.141 "GET /" status: 200 len: 136 microversion: 1.0
2026-05-27 07:26:48.260 8 INFO placement.requestlog [None req-86bdae9d-e080-4cac-98ed-26316be3349b - - - - - -] 10.0.0.141 "GET /" status: 200 len: 136 microversion: 1.0
2026-05-27 07:26:54.581 7 INFO placement.requestlog [req-27afae4b-0117-4b3a-8878-cee367bf738c req-b2e7ce3b-bac7-4e31-8dbb-9891bce6a547 bec233456a334327938a758910dfe7cc 72686bedfd004fed985f4367315fb292 - - 99be5d83bfb34c2eab61faebfaf67cda 99be5d83bfb34c2eab61faebfaf67cda] 10.0.0.119 "GET /allocation_candidates?limit=1000&resources=DISK_GB%3A1%2CMEMORY_MB%3A512%2CVCPU%3A1&root_required=%21COMPUTE_STATUS_DISABLED" status: 200 len: 2190 microversion: 1.36 [pid: 7|app: 0|req: 637/1265] 10.0.0.119 () {34 vars in 1012 bytes} [Wed May 27 07:26:54 2026] GET /allocation_candidates?limit=1000&resources=DISK_GB%3A1%2CMEMORY_MB%3A512%2CVCPU%3A1&root_required=%21COMPUTE_STATUS_DISABLED => generated 2190 bytes in 87 msecs (HTTP/1.1 200) 8 headers in 297 bytes (1 switches on core 0)
2026-05-27 07:26:54.628 8 INFO placement.requestlog [req-27afae4b-0117-4b3a-8878-cee367bf738c req-0b72165f-66bc-4fcc-9548-098b66d06b32 bec233456a334327938a758910dfe7cc 72686bedfd004fed985f4367315fb292 - - 99be5d83bfb34c2eab61faebfaf67cda 99be5d83bfb34c2eab61faebfaf67cda] 10.0.0.119 "GET /allocations/262bed3d-09c0-4ee0-9ae1-682ea2a95fa4" status: 200 len: 19 microversion: 1.28 [pid: 8|app: 0|req: 629/1266] 10.0.0.119 () {34 vars in 861 bytes} [Wed May 27 07:26:54 2026] GET /allocations/262bed3d-09c0-4ee0-9ae1-682ea2a95fa4 => generated 19 bytes in 15 msecs (HTTP/1.1 200) 8 headers in 295 bytes (1 switches on core 0)
2026-05-27 07:26:54.690 7 INFO placement.requestlog [req-27afae4b-0117-4b3a-8878-cee367bf738c req-ac711546-85b5-48df-a012-bbe9e5bd0ab7 bec233456a334327938a758910dfe7cc 72686bedfd004fed985f4367315fb292 - - 99be5d83bfb34c2eab61faebfaf67cda 99be5d83bfb34c2eab61faebfaf67cda] 10.0.0.119 "PUT /allocations/262bed3d-09c0-4ee0-9ae1-682ea2a95fa4" status: 204 len: 0 microversion: 1.36 [pid: 7|app: 0|req: 638/1267] 10.0.0.119 () {38 vars in 914 bytes} [Wed May 27 07:26:54 2026] PUT /allocations/262bed3d-09c0-4ee0-9ae1-682ea2a95fa4 => generated 0 bytes in 54 msecs (HTTP/1.1 204) 5 headers in 199 bytes (1 switches on core 0)
2026-05-27 07:26:54.949 8 INFO placement.requestlog [req-27afae4b-0117-4b3a-8878-cee367bf738c req-b39895df-aee1-4a4a-b2e5-cb9182c11a99 bec233456a334327938a758910dfe7cc 72686bedfd004fed985f4367315fb292 - - 99be5d83bfb34c2eab61faebfaf67cda 99be5d83bfb34c2eab61faebfaf67cda] 199.204.45.140 "GET /allocations/262bed3d-09c0-4ee0-9ae1-682ea2a95fa4" status: 200 len: 258 microversion: 1.28 [pid: 8|app: 0|req: 630/1268] 199.204.45.140 () {34 vars in 863 bytes} [Wed May 27 07:26:54 2026] GET /allocations/262bed3d-09c0-4ee0-9ae1-682ea2a95fa4 => generated 258 bytes in 25 msecs (HTTP/1.1 200) 8 headers in 296 bytes (1 switches on core 0)
2026-05-27 07:26:55.106 7 INFO placement.requestlog [req-27afae4b-0117-4b3a-8878-cee367bf738c req-c7fb9fbd-528d-430c-85ad-5ebc31b0794c bec233456a334327938a758910dfe7cc 72686bedfd004fed985f4367315fb292 - - 99be5d83bfb34c2eab61faebfaf67cda 99be5d83bfb34c2eab61faebfaf67cda] 199.204.45.140 "GET /resource_providers/9ff6e71a-f31e-47fa-901c-ac4c7b298f63/allocations" status: 200 len: 253 microversion: 1.0 [pid: 7|app: 0|req: 639/1269] 199.204.45.140 () {32 vars in 857 bytes} [Wed May 27 07:26:55 2026] GET /resource_providers/9ff6e71a-f31e-47fa-901c-ac4c7b298f63/allocations => generated 253 bytes in 25 msecs (HTTP/1.1 200) 6 headers in 224 bytes (1 switches on core 0)
2026-05-27 07:26:55.137 8 INFO placement.requestlog [req-27afae4b-0117-4b3a-8878-cee367bf738c req-39a45a32-83ef-4613-9bae-c76d3e5f1081 bec233456a334327938a758910dfe7cc 72686bedfd004fed985f4367315fb292 - - 99be5d83bfb34c2eab61faebfaf67cda 99be5d83bfb34c2eab61faebfaf67cda] 199.204.45.140 "GET /allocations/262bed3d-09c0-4ee0-9ae1-682ea2a95fa4" status: 200 len: 258 microversion: 1.28 [pid: 8|app: 0|req: 631/1270] 199.204.45.140 () {34 vars in 863 bytes} [Wed May 27 07:26:55 2026] GET /allocations/262bed3d-09c0-4ee0-9ae1-682ea2a95fa4 => generated 258 bytes in 19 msecs (HTTP/1.1 200) 8 headers in 296 bytes (1 switches on core 0)
2026-05-27 07:26:55.160 7 INFO placement.requestlog [req-27afae4b-0117-4b3a-8878-cee367bf738c req-22354223-f6cb-4cda-b206-5981be3ad7ef bec233456a334327938a758910dfe7cc 72686bedfd004fed985f4367315fb292 - - 99be5d83bfb34c2eab61faebfaf67cda 99be5d83bfb34c2eab61faebfaf67cda] 199.204.45.140 "GET /allocations/69d231f3-8453-46fc-9349-53672b2026a4" status: 200 len: 258 microversion: 1.28 [pid: 7|app: 0|req: 640/1271] 199.204.45.140 () {34 vars in 863 bytes} [Wed May 27 07:26:55 2026] GET /allocations/69d231f3-8453-46fc-9349-53672b2026a4 => generated 258 bytes in 15 msecs (HTTP/1.1 200) 8 headers in 296 bytes (1 switches on core 0)
2026-05-27 07:26:58.260 8 INFO placement.requestlog [None req-83aca9d0-fefd-4b05-8df3-014ad6a0c77c - - - - - -] 10.0.0.141 "GET /" status: 200 len: 136 microversion: 1.0
2026-05-27 07:26:58.260 7 INFO placement.requestlog [None req-107499ce-94c6-4144-a632-cbceed67ffdc - - - - - -] 10.0.0.141 "GET /" status: 200 len: 136 microversion: 1.0
2026-05-27 07:27:08.261 7 INFO placement.requestlog [None req-e581e54d-5cf6-4552-bb93-f22f53aa2dc6 - - - - - -] 10.0.0.141 "GET /" status: 200 len: 136 microversion: 1.0
2026-05-27 07:27:08.262 8 INFO placement.requestlog [None req-7c3a942a-3c08-40f9-bd77-dd9a75f3e60a - - - - - -] 10.0.0.141 "GET /" status: 200 len: 136 microversion: 1.0
2026-05-27 07:27:11.836 7 INFO placement.requestlog [req-1173869d-e4f3-4d9d-bb68-460d4e8bcfe9 req-6607b826-f1d2-4093-87fa-19a06c8bdb1f bec233456a334327938a758910dfe7cc 72686bedfd004fed985f4367315fb292 - - 99be5d83bfb34c2eab61faebfaf67cda 99be5d83bfb34c2eab61faebfaf67cda] 199.204.45.140 "GET /resource_providers/9ff6e71a-f31e-47fa-901c-ac4c7b298f63/allocations" status: 200 len: 253 microversion: 1.0 [pid: 7|app: 0|req: 643/1276] 199.204.45.140 () {32 vars in 857 bytes} [Wed May 27 07:27:11 2026] GET /resource_providers/9ff6e71a-f31e-47fa-901c-ac4c7b298f63/allocations => generated 253 bytes in 17 msecs (HTTP/1.1 200) 6 headers in 224 bytes (1 switches on core 0)
2026-05-27 07:27:11.864 8 INFO placement.requestlog [req-1173869d-e4f3-4d9d-bb68-460d4e8bcfe9 req-9c8d341b-e19d-4cbe-b737-d0c403b04df9 bec233456a334327938a758910dfe7cc 72686bedfd004fed985f4367315fb292 - - 99be5d83bfb34c2eab61faebfaf67cda 99be5d83bfb34c2eab61faebfaf67cda] 199.204.45.140 "GET /resource_providers/9ff6e71a-f31e-47fa-901c-ac4c7b298f63/allocations" status: 200 len: 253 microversion: 1.0 [pid: 8|app: 0|req: 634/1277] 199.204.45.140 () {32 vars in 857 bytes} [Wed May 27 07:27:11 2026] GET /resource_providers/9ff6e71a-f31e-47fa-901c-ac4c7b298f63/allocations => generated 253 bytes in 20 msecs (HTTP/1.1 200) 6 headers in 224 bytes (1 switches on core 0)
2026-05-27 07:27:11.889 7 INFO placement.requestlog [req-1173869d-e4f3-4d9d-bb68-460d4e8bcfe9 req-90c49987-26a7-461f-9fd0-873461859d06 bec233456a334327938a758910dfe7cc 72686bedfd004fed985f4367315fb292 - - 99be5d83bfb34c2eab61faebfaf67cda 99be5d83bfb34c2eab61faebfaf67cda] 199.204.45.140 "GET /allocations/262bed3d-09c0-4ee0-9ae1-682ea2a95fa4" status: 200 len: 258 microversion: 1.28 [pid: 7|app: 0|req: 644/1278] 199.204.45.140 () {34 vars in 863 bytes} [Wed May 27 07:27:11 2026] GET /allocations/262bed3d-09c0-4ee0-9ae1-682ea2a95fa4 => generated 258 bytes in 15 msecs (HTTP/1.1 200) 8 headers in 296 bytes (1 switches on core 0)
2026-05-27 07:27:11.912 8 INFO placement.requestlog [req-1173869d-e4f3-4d9d-bb68-460d4e8bcfe9 req-478079e3-2f75-4313-badd-3e49569eb0a7 bec233456a334327938a758910dfe7cc 72686bedfd004fed985f4367315fb292 - - 99be5d83bfb34c2eab61faebfaf67cda 99be5d83bfb34c2eab61faebfaf67cda] 199.204.45.140 "GET /allocations/69d231f3-8453-46fc-9349-53672b2026a4" status: 200 len: 258 microversion: 1.28 [pid: 8|app: 0|req: 635/1279] 199.204.45.140 () {34 vars in 863 bytes} [Wed May 27 07:27:11 2026] GET /allocations/69d231f3-8453-46fc-9349-53672b2026a4 => generated 258 bytes in 15 msecs (HTTP/1.1 200) 8 headers in 296 bytes (1 switches on core 0)
2026-05-27 07:27:18.261 8 INFO placement.requestlog [None req-4ee33139-3121-4b9c-a0dd-b447ccab56e4 - - - - - -] 10.0.0.141 "GET /" status: 200 len: 136 microversion: 1.0
2026-05-27 07:27:18.261 7 INFO placement.requestlog [None req-72cb00f3-f557-4c8d-a81a-fe41a8c7afdd - - - - - -] 10.0.0.141 "GET /" status: 200 len: 136 microversion: 1.0
2026-05-27 07:27:28.261 7 INFO placement.requestlog [None req-b10c4e89-ef74-4687-a444-2068369566ed - - - - - -] 10.0.0.141 "GET /" status: 200 len: 136 microversion: 1.0
2026-05-27 07:27:28.261 8 INFO placement.requestlog [None req-101c9c71-80b4-4f50-96e5-3aea17b585d0 - - - - - -] 10.0.0.141 "GET /" status: 200 len: 136 microversion: 1.0
2026-05-27 07:27:31.851 7 INFO placement.requestlog [req-cc383457-cfa4-4abc-8b42-3c2f7a388358 req-bc7de26e-6c96-4d5d-aa53-a76003b6e76a bec233456a334327938a758910dfe7cc 72686bedfd004fed985f4367315fb292 - - 99be5d83bfb34c2eab61faebfaf67cda 99be5d83bfb34c2eab61faebfaf67cda] 10.0.0.119 "GET /allocation_candidates?limit=1000&resources=MEMORY_MB%3A2048%2CVCPU%3A2&root_required=%21COMPUTE_STATUS_DISABLED" status: 200 len: 2178 microversion: 1.36 [pid: 7|app: 0|req: 647/1284] 10.0.0.119 () {34 vars in 986 bytes} [Wed May 27 07:27:31 2026] GET /allocation_candidates?limit=1000&resources=MEMORY_MB%3A2048%2CVCPU%3A2&root_required=%21COMPUTE_STATUS_DISABLED => generated 2178 bytes in 42 msecs (HTTP/1.1 200) 8 headers in 297 bytes (1 switches on core 0)
2026-05-27 07:27:31.888 8 INFO placement.requestlog [req-cc383457-cfa4-4abc-8b42-3c2f7a388358 req-b4a8a0fb-950d-40e7-bbb2-18c550b790f4 bec233456a334327938a758910dfe7cc 72686bedfd004fed985f4367315fb292 - - 99be5d83bfb34c2eab61faebfaf67cda 99be5d83bfb34c2eab61faebfaf67cda] 10.0.0.119 "GET /allocations/0300bbf5-93a7-476d-891c-317517ab2573" status: 200 len: 19 microversion: 1.28 [pid: 8|app: 0|req: 638/1285] 10.0.0.119 () {34 vars in 861 bytes} [Wed May 27 07:27:31 2026] GET /allocations/0300bbf5-93a7-476d-891c-317517ab2573 => generated 19 bytes in 10 msecs (HTTP/1.1 200) 8 headers in 295 bytes (1 switches on core 0)
2026-05-27 07:27:31.957 7 INFO placement.requestlog [req-cc383457-cfa4-4abc-8b42-3c2f7a388358 req-92ac65a2-c6d2-4dd7-938a-51b16dcb1bdf bec233456a334327938a758910dfe7cc 72686bedfd004fed985f4367315fb292 - - 99be5d83bfb34c2eab61faebfaf67cda 99be5d83bfb34c2eab61faebfaf67cda] 10.0.0.119 "PUT /allocations/0300bbf5-93a7-476d-891c-317517ab2573" status: 204 len: 0 microversion: 1.36 [pid: 7|app: 0|req: 648/1286] 10.0.0.119 () {38 vars in 914 bytes} [Wed May 27 07:27:31 2026] PUT /allocations/0300bbf5-93a7-476d-891c-317517ab2573 => generated 0 bytes in 60 msecs (HTTP/1.1 204) 5 headers in 199 bytes (1 switches on core 0)
2026-05-27 07:27:32.233 8 INFO placement.requestlog [req-cc383457-cfa4-4abc-8b42-3c2f7a388358 req-a89c03b4-a166-43b3-8e12-3388b4269669 bec233456a334327938a758910dfe7cc 72686bedfd004fed985f4367315fb292 - - 99be5d83bfb34c2eab61faebfaf67cda 99be5d83bfb34c2eab61faebfaf67cda] 199.204.45.140 "GET /allocations/0300bbf5-93a7-476d-891c-317517ab2573" status: 200 len: 245 microversion: 1.28 [pid: 8|app: 0|req: 639/1287] 199.204.45.140 () {34 vars in 863 bytes} [Wed May 27 07:27:32 2026] GET /allocations/0300bbf5-93a7-476d-891c-317517ab2573 => generated 245 bytes in 14 msecs (HTTP/1.1 200) 8 headers in 296 bytes (1 switches on core 0)
2026-05-27 07:27:32.382 7 INFO placement.requestlog [req-cc383457-cfa4-4abc-8b42-3c2f7a388358 req-d70b93a9-60a9-4887-9df4-1e4df59a166a bec233456a334327938a758910dfe7cc 72686bedfd004fed985f4367315fb292 - - 99be5d83bfb34c2eab61faebfaf67cda 99be5d83bfb34c2eab61faebfaf67cda] 199.204.45.140 "GET /resource_providers/9ff6e71a-f31e-47fa-901c-ac4c7b298f63/allocations" status: 200 len: 340 microversion: 1.0 [pid: 7|app: 0|req: 649/1288] 199.204.45.140 () {32 vars in 857 bytes} [Wed May 27 07:27:32 2026] GET /resource_providers/9ff6e71a-f31e-47fa-901c-ac4c7b298f63/allocations => generated 340 bytes in 18 msecs (HTTP/1.1 200) 6 headers in 224 bytes (1 switches on core 0)
2026-05-27 07:27:32.405 8 INFO placement.requestlog [req-cc383457-cfa4-4abc-8b42-3c2f7a388358 req-11f3542b-6469-48fb-8806-6f2df73247fc bec233456a334327938a758910dfe7cc 72686bedfd004fed985f4367315fb292 - - 99be5d83bfb34c2eab61faebfaf67cda 99be5d83bfb34c2eab61faebfaf67cda] 199.204.45.140 "GET /allocations/262bed3d-09c0-4ee0-9ae1-682ea2a95fa4" status: 200 len: 258 microversion: 1.28 [pid: 8|app: 0|req: 640/1289] 199.204.45.140 () {34 vars in 863 bytes} [Wed May 27 07:27:32 2026] GET /allocations/262bed3d-09c0-4ee0-9ae1-682ea2a95fa4 => generated 258 bytes in 16 msecs (HTTP/1.1 200) 8 headers in 296 bytes (1 switches on core 0)
2026-05-27 07:27:32.427 7 INFO placement.requestlog [req-cc383457-cfa4-4abc-8b42-3c2f7a388358 req-73a4adef-084e-427f-a56e-5552d8ed1804 bec233456a334327938a758910dfe7cc 72686bedfd004fed985f4367315fb292 - - 99be5d83bfb34c2eab61faebfaf67cda 99be5d83bfb34c2eab61faebfaf67cda] 199.204.45.140 "GET /allocations/69d231f3-8453-46fc-9349-53672b2026a4" status: 200 len: 258 microversion: 1.28 [pid: 7|app: 0|req: 650/1290] 199.204.45.140 () {34 vars in 863 bytes} [Wed May 27 07:27:32 2026] GET /allocations/69d231f3-8453-46fc-9349-53672b2026a4 => generated 258 bytes in 14 msecs (HTTP/1.1 200) 8 headers in 296 bytes (1 switches on core 0)
2026-05-27 07:27:32.455 8 INFO placement.requestlog [req-cc383457-cfa4-4abc-8b42-3c2f7a388358 req-46b703ee-2c48-4a82-a509-b5709afc9a45 bec233456a334327938a758910dfe7cc 72686bedfd004fed985f4367315fb292 - - 99be5d83bfb34c2eab61faebfaf67cda 99be5d83bfb34c2eab61faebfaf67cda] 199.204.45.140 "GET /allocations/0300bbf5-93a7-476d-891c-317517ab2573" status: 200 len: 245 microversion: 1.28 [pid: 8|app: 0|req: 641/1291] 199.204.45.140 () {34 vars in 863 bytes} [Wed May 27 07:27:32 2026] GET /allocations/0300bbf5-93a7-476d-891c-317517ab2573 => generated 245 bytes in 17 msecs (HTTP/1.1 200) 8 headers in 296 bytes (1 switches on core 0)
2026-05-27 07:27:38.263 8 INFO placement.requestlog [None req-a00d3ef5-62a5-4298-abf3-1c96e4016c42 - - - - - -] 10.0.0.141 "GET /" status: 200 len: 136 microversion: 1.0
2026-05-27 07:27:38.262 7 INFO placement.requestlog [None req-309f6ee3-e988-4524-b76a-dd70cb23265e - - - - - -] 10.0.0.141 "GET /" status: 200 len: 136 microversion: 1.0
2026-05-27 07:27:48.260 8 INFO placement.requestlog [None req-50ab0dca-1bc2-4ad4-a200-249f51b4316b - - - - - -] 10.0.0.141 "GET /" status: 200 len: 136 microversion: 1.0
2026-05-27 07:27:48.261 7 INFO placement.requestlog [None req-81e1f3c5-3698-488f-907e-61a8355ca8bb - - - - - -] 10.0.0.141 "GET /" status: 200 len: 136 microversion: 1.0
2026-05-27 07:27:58.260 8 INFO placement.requestlog [None req-d4a554d0-19f4-4822-8269-b87233eb6264 - - - - - -] 10.0.0.141 "GET /" status: 200 len: 136 microversion: 1.0
2026-05-27 07:27:58.261 7 INFO placement.requestlog [None req-e9265e14-5125-46c3-9996-cfbe6d0249a8 - - - - - -] 10.0.0.141 "GET /" status: 200 len: 136 microversion: 1.0
2026-05-27 07:28:08.261 7 INFO placement.requestlog [None req-9be396a2-b559-486a-9e95-46ab68071029 - - - - - -] 10.0.0.141 "GET /" status: 200 len: 136 microversion: 1.0
2026-05-27 07:28:08.261 8 INFO placement.requestlog [None req-aaf3e272-9e97-47f9-afd5-a15117cd6688 - - - - - -] 10.0.0.141 "GET /" status: 200 len: 136 microversion: 1.0
2026-05-27 07:28:13.140 7 INFO placement.requestlog [req-ad4dfc96-957e-4f64-b42d-477bca75fe10 req-064d0413-e1e6-45f5-bb0d-2d9f2f789f4d bec233456a334327938a758910dfe7cc 72686bedfd004fed985f4367315fb292 - - 99be5d83bfb34c2eab61faebfaf67cda 99be5d83bfb34c2eab61faebfaf67cda] 199.204.45.140 "GET /resource_providers/9ff6e71a-f31e-47fa-901c-ac4c7b298f63/allocations" status: 200 len: 340 microversion: 1.0 [pid: 7|app: 0|req: 655/1300] 199.204.45.140 () {32 vars in 857 bytes} [Wed May 27 07:28:13 2026] GET /resource_providers/9ff6e71a-f31e-47fa-901c-ac4c7b298f63/allocations => generated 340 bytes in 82 msecs (HTTP/1.1 200) 6 headers in 224 bytes (1 switches on core 0)
2026-05-27 07:28:13.170 8 INFO placement.requestlog [req-ad4dfc96-957e-4f64-b42d-477bca75fe10 req-cbf6e49f-0254-42c7-8d24-5dbdd61a76fc bec233456a334327938a758910dfe7cc 72686bedfd004fed985f4367315fb292 - - 99be5d83bfb34c2eab61faebfaf67cda 99be5d83bfb34c2eab61faebfaf67cda] 199.204.45.140 "GET /resource_providers?in_tree=9ff6e71a-f31e-47fa-901c-ac4c7b298f63" status: 200 len: 798 microversion: 1.14 [pid: 8|app: 0|req: 646/1301] 199.204.45.140 () {34 vars in 892 bytes} [Wed May 27 07:28:13 2026] GET /resource_providers?in_tree=9ff6e71a-f31e-47fa-901c-ac4c7b298f63 => generated 798 bytes in 20 msecs (HTTP/1.1 200) 6 headers in 225 bytes (1 switches on core 0)
2026-05-27 07:28:13.198 7 INFO placement.requestlog [req-ad4dfc96-957e-4f64-b42d-477bca75fe10 req-59192876-a521-43b8-b2ad-f6b25905845a bec233456a334327938a758910dfe7cc 72686bedfd004fed985f4367315fb292 - - 99be5d83bfb34c2eab61faebfaf67cda 99be5d83bfb34c2eab61faebfaf67cda] 199.204.45.140 "GET /resource_providers/9ff6e71a-f31e-47fa-901c-ac4c7b298f63/inventories" status: 200 len: 401 microversion: 1.0 [pid: 7|app: 0|req: 656/1302] 199.204.45.140 () {32 vars in 857 bytes} [Wed May 27 07:28:13 2026] GET /resource_providers/9ff6e71a-f31e-47fa-901c-ac4c7b298f63/inventories => generated 401 bytes in 16 msecs (HTTP/1.1 200) 6 headers in 224 bytes (1 switches on core 0)
2026-05-27 07:28:13.221 8 INFO placement.requestlog [req-ad4dfc96-957e-4f64-b42d-477bca75fe10 req-3d8e19ae-4284-4aa1-ad58-791f878d5b91 bec233456a334327938a758910dfe7cc 72686bedfd004fed985f4367315fb292 - - 99be5d83bfb34c2eab61faebfaf67cda 99be5d83bfb34c2eab61faebfaf67cda] 199.204.45.140 "GET /resource_providers/9ff6e71a-f31e-47fa-901c-ac4c7b298f63/aggregates" status: 200 len: 54 microversion: 1.19 [pid: 8|app: 0|req: 647/1303] 199.204.45.140 () {34 vars in 899 bytes} [Wed May 27 07:28:13 2026] GET /resource_providers/9ff6e71a-f31e-47fa-901c-ac4c7b298f63/aggregates => generated 54 bytes in 15 msecs (HTTP/1.1 200) 8 headers in 295 bytes (1 switches on core 0)
2026-05-27 07:28:13.258 7 INFO placement.requestlog [req-ad4dfc96-957e-4f64-b42d-477bca75fe10 req-49d72d47-3a3a-4ca7-ba98-9f15e25f405c bec233456a334327938a758910dfe7cc 72686bedfd004fed985f4367315fb292 - - 99be5d83bfb34c2eab61faebfaf67cda 99be5d83bfb34c2eab61faebfaf67cda] 199.204.45.140 "GET /resource_providers/9ff6e71a-f31e-47fa-901c-ac4c7b298f63/traits" status: 200 len: 1724 microversion: 1.6 [pid: 7|app: 0|req: 657/1304] 199.204.45.140 () {34 vars in 890 bytes} [Wed May 27 07:28:13 2026] GET /resource_providers/9ff6e71a-f31e-47fa-901c-ac4c7b298f63/traits => generated 1724 bytes in 27 msecs (HTTP/1.1 200) 6 headers in 225 bytes (1 switches on core 0)
2026-05-27 07:28:13.288 8 INFO placement.requestlog [req-ad4dfc96-957e-4f64-b42d-477bca75fe10 req-ed59826c-a6e6-4395-9bcf-34cfef594ae2 bec233456a334327938a758910dfe7cc 72686bedfd004fed985f4367315fb292 - - 99be5d83bfb34c2eab61faebfaf67cda 99be5d83bfb34c2eab61faebfaf67cda] 199.204.45.140 "GET /resource_providers/9ff6e71a-f31e-47fa-901c-ac4c7b298f63/allocations" status: 200 len: 340 microversion: 1.0 [pid: 8|app: 0|req: 648/1305] 199.204.45.140 () {32 vars in 857 bytes} [Wed May 27 07:28:13 2026] GET /resource_providers/9ff6e71a-f31e-47fa-901c-ac4c7b298f63/allocations => generated 340 bytes in 21 msecs (HTTP/1.1 200) 6 headers in 224 bytes (1 switches on core 0)
2026-05-27 07:28:13.311 7 INFO placement.requestlog [req-ad4dfc96-957e-4f64-b42d-477bca75fe10 req-fa89d61f-be33-48c2-b916-fcd9c1a6042b bec233456a334327938a758910dfe7cc 72686bedfd004fed985f4367315fb292 - - 99be5d83bfb34c2eab61faebfaf67cda 99be5d83bfb34c2eab61faebfaf67cda] 199.204.45.140 "GET /allocations/262bed3d-09c0-4ee0-9ae1-682ea2a95fa4" status: 200 len: 258 microversion: 1.28 [pid: 7|app: 0|req: 658/1306] 199.204.45.140 () {34 vars in 863 bytes} [Wed May 27 07:28:13 2026] GET /allocations/262bed3d-09c0-4ee0-9ae1-682ea2a95fa4 => generated 258 bytes in 14 msecs (HTTP/1.1 200) 8 headers in 296 bytes (1 switches on core 0)
2026-05-27 07:28:13.337 8 INFO placement.requestlog [req-ad4dfc96-957e-4f64-b42d-477bca75fe10 req-273d8f01-e510-4b95-bc69-7a64613bd33a bec233456a334327938a758910dfe7cc 72686bedfd004fed985f4367315fb292 - - 99be5d83bfb34c2eab61faebfaf67cda 99be5d83bfb34c2eab61faebfaf67cda] 199.204.45.140 "GET /allocations/69d231f3-8453-46fc-9349-53672b2026a4" status: 200 len: 258 microversion: 1.28 [pid: 8|app: 0|req: 649/1307] 199.204.45.140 () {34 vars in 863 bytes} [Wed May 27 07:28:13 2026] GET /allocations/69d231f3-8453-46fc-9349-53672b2026a4 => generated 258 bytes in 15 msecs (HTTP/1.1 200) 8 headers in 296 bytes (1 switches on core 0)
2026-05-27 07:28:13.361 7 INFO placement.requestlog [req-ad4dfc96-957e-4f64-b42d-477bca75fe10 req-565cda38-e9b9-4c03-9ace-48b33ad39420 bec233456a334327938a758910dfe7cc 72686bedfd004fed985f4367315fb292 - - 99be5d83bfb34c2eab61faebfaf67cda 99be5d83bfb34c2eab61faebfaf67cda] 199.204.45.140 "GET /allocations/0300bbf5-93a7-476d-891c-317517ab2573" status: 200 len: 245 microversion: 1.28 [pid: 7|app: 0|req: 659/1308] 199.204.45.140 () {34 vars in 863 bytes} [Wed May 27 07:28:13 2026] GET /allocations/0300bbf5-93a7-476d-891c-317517ab2573 => generated 245 bytes in 15 msecs (HTTP/1.1 200) 8 headers in 296 bytes (1 switches on core 0)
2026-05-27 07:28:18.260 7 INFO placement.requestlog [None req-daffb814-c3a4-40e9-bbaf-1c00d5ba7a40 - - - - - -] 10.0.0.141 "GET /" status: 200 len: 136 microversion: 1.0
2026-05-27 07:28:18.260 8 INFO placement.requestlog [None req-5dd47475-dacd-4259-98d4-fb4d12cd59fa - - - - - -] 10.0.0.141 "GET /" status: 200 len: 136 microversion: 1.0
2026-05-27 07:28:28.261 8 INFO placement.requestlog [None req-20fd7fcd-9f7b-4843-802a-6069def3412f - - - - - -] 10.0.0.141 "GET /" status: 200 len: 136 microversion: 1.0
2026-05-27 07:28:28.262 7 INFO placement.requestlog [None req-8c4562dc-1784-4367-8c85-134449f388d3 - - - - - -] 10.0.0.141 "GET /" status: 200 len: 136 microversion: 1.0
2026-05-27 07:28:38.261 8 INFO placement.requestlog [None req-2c73df48-d8a7-460c-bbea-8973630cc38f - - - - - -] 10.0.0.141 "GET /" status: 200 len: 136 microversion: 1.0
2026-05-27 07:28:38.262 7 INFO placement.requestlog [None req-2208771c-e82e-4a99-9151-bf65a218127e - - - - - -] 10.0.0.141 "GET /" status: 200 len: 136 microversion: 1.0
2026-05-27 07:28:48.261 8 INFO placement.requestlog [None req-d771c174-8f26-43d4-aa5b-c4ff371d9b56 - - - - - -] 10.0.0.141 "GET /" status: 200 len: 136 microversion: 1.0
2026-05-27 07:28:48.261 7 INFO placement.requestlog [None req-89430d41-0a64-49cc-a7b3-c4d75b51e575 - - - - - -] 10.0.0.141 "GET /" status: 200 len: 136 microversion: 1.0
2026-05-27 07:28:58.262 8 INFO placement.requestlog [None req-490d5911-302e-443b-81c8-9bb759d1e03e - - - - - -] 10.0.0.141 "GET /" status: 200 len: 136 microversion: 1.0
2026-05-27 07:28:58.262 7 INFO placement.requestlog [None req-9e4a475e-e16c-4fad-a732-c29ea357d46c - - - - - -] 10.0.0.141 "GET /" status: 200 len: 136 microversion: 1.0
2026-05-27 07:29:08.262 8 INFO placement.requestlog [None req-a2f755c2-30e0-423b-b52c-91e0c813b1ee - - - - - -] 10.0.0.141 "GET /" status: 200 len: 136 microversion: 1.0
2026-05-27 07:29:08.262 7 INFO placement.requestlog [None req-9848faa2-6be6-412c-8a5c-df227c0c71fb - - - - - -] 10.0.0.141 "GET /" status: 200 len: 136 microversion: 1.0
2026-05-27 07:29:13.197 8 INFO placement.requestlog [req-c972bf29-69c3-44ad-9115-79c4b994d9ff req-d8d89534-d123-465f-98fe-7bf17922cee4 bec233456a334327938a758910dfe7cc 72686bedfd004fed985f4367315fb292 - - 99be5d83bfb34c2eab61faebfaf67cda 99be5d83bfb34c2eab61faebfaf67cda] 199.204.45.140 "GET /resource_providers/9ff6e71a-f31e-47fa-901c-ac4c7b298f63/allocations" status: 200 len: 340 microversion: 1.0 [pid: 8|app: 0|req: 656/1321] 199.204.45.140 () {32 vars in 857 bytes} [Wed May 27 07:29:13 2026] GET /resource_providers/9ff6e71a-f31e-47fa-901c-ac4c7b298f63/allocations => generated 340 bytes in 20 msecs (HTTP/1.1 200) 6 headers in 224 bytes (1 switches on core 0)
2026-05-27 07:29:13.233 7 INFO placement.requestlog [req-c972bf29-69c3-44ad-9115-79c4b994d9ff req-2fae2c50-4bf8-4a85-9057-0f775ae98bc3 bec233456a334327938a758910dfe7cc 72686bedfd004fed985f4367315fb292 - - 99be5d83bfb34c2eab61faebfaf67cda 99be5d83bfb34c2eab61faebfaf67cda] 199.204.45.140 "GET /resource_providers/9ff6e71a-f31e-47fa-901c-ac4c7b298f63/allocations" status: 200 len: 340 microversion: 1.0 [pid: 7|app: 0|req: 666/1322] 199.204.45.140 () {32 vars in 857 bytes} [Wed May 27 07:29:13 2026] GET /resource_providers/9ff6e71a-f31e-47fa-901c-ac4c7b298f63/allocations => generated 340 bytes in 25 msecs (HTTP/1.1 200) 6 headers in 224 bytes (1 switches on core 0)
2026-05-27 07:29:13.256 8 INFO placement.requestlog [req-c972bf29-69c3-44ad-9115-79c4b994d9ff req-77159bb1-8f7b-4ad4-987c-c68e409ca2eb bec233456a334327938a758910dfe7cc 72686bedfd004fed985f4367315fb292 - - 99be5d83bfb34c2eab61faebfaf67cda 99be5d83bfb34c2eab61faebfaf67cda] 199.204.45.140 "GET /allocations/262bed3d-09c0-4ee0-9ae1-682ea2a95fa4" status: 200 len: 258 microversion: 1.28 [pid: 8|app: 0|req: 657/1323] 199.204.45.140 () {34 vars in 863 bytes} [Wed May 27 07:29:13 2026] GET /allocations/262bed3d-09c0-4ee0-9ae1-682ea2a95fa4 => generated 258 bytes in 15 msecs (HTTP/1.1 200) 8 headers in 296 bytes (1 switches on core 0)
2026-05-27 07:29:13.280 7 INFO placement.requestlog [req-c972bf29-69c3-44ad-9115-79c4b994d9ff req-0bd104fd-0e2a-46f8-8a78-437675451cda bec233456a334327938a758910dfe7cc 72686bedfd004fed985f4367315fb292 - - 99be5d83bfb34c2eab61faebfaf67cda 99be5d83bfb34c2eab61faebfaf67cda] 199.204.45.140 "GET /allocations/69d231f3-8453-46fc-9349-53672b2026a4" status: 200 len: 258 microversion: 1.28 [pid: 7|app: 0|req: 667/1324] 199.204.45.140 () {34 vars in 863 bytes} [Wed May 27 07:29:13 2026] GET /allocations/69d231f3-8453-46fc-9349-53672b2026a4 => generated 258 bytes in 16 msecs (HTTP/1.1 200) 8 headers in 296 bytes (1 switches on core 0)
2026-05-27 07:29:13.304 8 INFO placement.requestlog [req-c972bf29-69c3-44ad-9115-79c4b994d9ff req-7246c3fe-61d5-463a-b978-414d1a732bb9 bec233456a334327938a758910dfe7cc 72686bedfd004fed985f4367315fb292 - - 99be5d83bfb34c2eab61faebfaf67cda 99be5d83bfb34c2eab61faebfaf67cda] 199.204.45.140 "GET /allocations/0300bbf5-93a7-476d-891c-317517ab2573" status: 200 len: 245 microversion: 1.28 [pid: 8|app: 0|req: 658/1325] 199.204.45.140 () {34 vars in 863 bytes} [Wed May 27 07:29:13 2026] GET /allocations/0300bbf5-93a7-476d-891c-317517ab2573 => generated 245 bytes in 16 msecs (HTTP/1.1 200) 8 headers in 296 bytes (1 switches on core 0)
2026-05-27 07:29:18.262 7 INFO placement.requestlog [None req-28fc210c-5b2e-4ae5-baae-b9590c6d6e3d - - - - - -] 10.0.0.141 "GET /" status: 200 len: 136 microversion: 1.0
2026-05-27 07:29:18.262 8 INFO placement.requestlog [None req-881372b5-5a66-44b1-82c4-5751ce727b52 - - - - - -] 10.0.0.141 "GET /" status: 200 len: 136 microversion: 1.0
2026-05-27 07:29:28.260 8 INFO placement.requestlog [None req-6e00bae3-6cbb-46c2-bb3f-abfba2dc6399 - - - - - -] 10.0.0.141 "GET /" status: 200 len: 136 microversion: 1.0
2026-05-27 07:29:28.261 7 INFO placement.requestlog [None req-aaf2f65d-ceaa-408a-8df4-7797490ffaa9 - - - - - -] 10.0.0.141 "GET /" status: 200 len: 136 microversion: 1.0
2026-05-27 07:29:38.261 8 INFO placement.requestlog [None req-66121588-10e1-40fd-ac6f-6a0ddf501318 - - - - - -] 10.0.0.141 "GET /" status: 200 len: 136 microversion: 1.0
2026-05-27 07:29:38.261 7 INFO placement.requestlog [None req-4bfa28b4-e245-4e69-8798-b12ef0fc26f4 - - - - - -] 10.0.0.141 "GET /" status: 200 len: 136 microversion: 1.0
2026-05-27 07:29:47.964 7 INFO placement.requestlog [req-f42dc1e1-7ee8-4dd3-b9b0-4cb518e7be52 req-6223a2e5-1774-4c96-bfc2-689166badab8 bec233456a334327938a758910dfe7cc 72686bedfd004fed985f4367315fb292 - - 99be5d83bfb34c2eab61faebfaf67cda 99be5d83bfb34c2eab61faebfaf67cda] 199.204.45.140 "GET /resource_providers/9ff6e71a-f31e-47fa-901c-ac4c7b298f63/allocations" status: 200 len: 340 microversion: 1.0 [pid: 7|app: 0|req: 671/1332] 199.204.45.140 () {32 vars in 857 bytes} [Wed May 27 07:29:47 2026] GET /resource_providers/9ff6e71a-f31e-47fa-901c-ac4c7b298f63/allocations => generated 340 bytes in 18 msecs (HTTP/1.1 200) 6 headers in 224 bytes (1 switches on core 0)
2026-05-27 07:29:47.993 8 INFO placement.requestlog [req-f42dc1e1-7ee8-4dd3-b9b0-4cb518e7be52 req-121d8bac-e1c1-44db-93d7-c61b4c84d222 bec233456a334327938a758910dfe7cc 72686bedfd004fed985f4367315fb292 - - 99be5d83bfb34c2eab61faebfaf67cda 99be5d83bfb34c2eab61faebfaf67cda] 199.204.45.140 "GET /allocations/262bed3d-09c0-4ee0-9ae1-682ea2a95fa4" status: 200 len: 258 microversion: 1.28 [pid: 8|app: 0|req: 662/1333] 199.204.45.140 () {34 vars in 863 bytes} [Wed May 27 07:29:47 2026] GET /allocations/262bed3d-09c0-4ee0-9ae1-682ea2a95fa4 => generated 258 bytes in 20 msecs (HTTP/1.1 200) 8 headers in 296 bytes (1 switches on core 0)
2026-05-27 07:29:48.027 7 INFO placement.requestlog [req-f42dc1e1-7ee8-4dd3-b9b0-4cb518e7be52 req-a5af0927-9c0c-469f-9970-270bcb1bd3e0 bec233456a334327938a758910dfe7cc 72686bedfd004fed985f4367315fb292 - - 99be5d83bfb34c2eab61faebfaf67cda 99be5d83bfb34c2eab61faebfaf67cda] 199.204.45.140 "GET /allocations/69d231f3-8453-46fc-9349-53672b2026a4" status: 200 len: 258 microversion: 1.28 [pid: 7|app: 0|req: 672/1334] 199.204.45.140 () {34 vars in 863 bytes} [Wed May 27 07:29:48 2026] GET /allocations/69d231f3-8453-46fc-9349-53672b2026a4 => generated 258 bytes in 14 msecs (HTTP/1.1 200) 8 headers in 296 bytes (1 switches on core 0)
2026-05-27 07:29:48.058 8 INFO placement.requestlog [req-f42dc1e1-7ee8-4dd3-b9b0-4cb518e7be52 req-22257917-abe0-4ca4-b7d9-ebda32bf66be bec233456a334327938a758910dfe7cc 72686bedfd004fed985f4367315fb292 - - 99be5d83bfb34c2eab61faebfaf67cda 99be5d83bfb34c2eab61faebfaf67cda] 199.204.45.140 "GET /allocations/0300bbf5-93a7-476d-891c-317517ab2573" status: 200 len: 245 microversion: 1.28 [pid: 8|app: 0|req: 663/1335] 199.204.45.140 () {34 vars in 863 bytes} [Wed May 27 07:29:48 2026] GET /allocations/0300bbf5-93a7-476d-891c-317517ab2573 => generated 245 bytes in 23 msecs (HTTP/1.1 200) 8 headers in 296 bytes (1 switches on core 0)
2026-05-27 07:29:48.179 7 INFO placement.requestlog [req-f42dc1e1-7ee8-4dd3-b9b0-4cb518e7be52 req-d5cf9b0e-9369-48d2-b87e-09d2fa1f9b04 bec233456a334327938a758910dfe7cc 72686bedfd004fed985f4367315fb292 - - 99be5d83bfb34c2eab61faebfaf67cda 99be5d83bfb34c2eab61faebfaf67cda] 199.204.45.140 "DELETE /allocations/0300bbf5-93a7-476d-891c-317517ab2573" status: 204 len: 0 microversion: 1.0 [pid: 7|app: 0|req: 673/1336] 199.204.45.140 () {34 vars in 841 bytes} [Wed May 27 07:29:48 2026] DELETE /allocations/0300bbf5-93a7-476d-891c-317517ab2573 => generated 0 bytes in 40 msecs (HTTP/1.1 204) 5 headers in 198 bytes (1 switches on core 0)
2026-05-27 07:29:48.261 7 INFO placement.requestlog [None req-52c67c64-5caa-4488-9bdb-8a5fe9cedba6 - - - - - -] 10.0.0.141 "GET /" status: 200 len: 136 microversion: 1.0
2026-05-27 07:29:48.261 8 INFO placement.requestlog [None req-472238ec-dff4-4e39-a1fd-359c9920db02 - - - - - -] 10.0.0.141 "GET /" status: 200 len: 136 microversion: 1.0
2026-05-27 07:29:49.283 7 INFO placement.requestlog [req-451a2bbd-832a-48dd-9d6a-1ae3ddc8aa0d req-8dcbdef5-f17b-4e2f-bbc5-2bfefa439410 bec233456a334327938a758910dfe7cc 72686bedfd004fed985f4367315fb292 - - 99be5d83bfb34c2eab61faebfaf67cda 99be5d83bfb34c2eab61faebfaf67cda] 199.204.45.140 "GET /resource_providers/9ff6e71a-f31e-47fa-901c-ac4c7b298f63/allocations" status: 200 len: 253 microversion: 1.0 [pid: 7|app: 0|req: 675/1339] 199.204.45.140 () {32 vars in 857 bytes} [Wed May 27 07:29:49 2026] GET /resource_providers/9ff6e71a-f31e-47fa-901c-ac4c7b298f63/allocations => generated 253 bytes in 16 msecs (HTTP/1.1 200) 6 headers in 224 bytes (1 switches on core 0)
2026-05-27 07:29:49.307 8 INFO placement.requestlog [req-451a2bbd-832a-48dd-9d6a-1ae3ddc8aa0d req-316e88c0-1353-4c0a-b592-e009093daa5c bec233456a334327938a758910dfe7cc 72686bedfd004fed985f4367315fb292 - - 99be5d83bfb34c2eab61faebfaf67cda 99be5d83bfb34c2eab61faebfaf67cda] 199.204.45.140 "GET /allocations/262bed3d-09c0-4ee0-9ae1-682ea2a95fa4" status: 200 len: 258 microversion: 1.28 [pid: 8|app: 0|req: 665/1340] 199.204.45.140 () {34 vars in 863 bytes} [Wed May 27 07:29:49 2026] GET /allocations/262bed3d-09c0-4ee0-9ae1-682ea2a95fa4 => generated 258 bytes in 15 msecs (HTTP/1.1 200) 8 headers in 296 bytes (1 switches on core 0)
2026-05-27 07:29:49.330 7 INFO placement.requestlog [req-451a2bbd-832a-48dd-9d6a-1ae3ddc8aa0d req-40b60ca2-8e69-4234-b6d8-eadd951893b3 bec233456a334327938a758910dfe7cc 72686bedfd004fed985f4367315fb292 - - 99be5d83bfb34c2eab61faebfaf67cda 99be5d83bfb34c2eab61faebfaf67cda] 199.204.45.140 "GET /allocations/69d231f3-8453-46fc-9349-53672b2026a4" status: 200 len: 258 microversion: 1.28 [pid: 7|app: 0|req: 676/1341] 199.204.45.140 () {34 vars in 863 bytes} [Wed May 27 07:29:49 2026] GET /allocations/69d231f3-8453-46fc-9349-53672b2026a4 => generated 258 bytes in 14 msecs (HTTP/1.1 200) 8 headers in 296 bytes (1 switches on core 0)
2026-05-27 07:29:49.415 8 INFO placement.requestlog [req-451a2bbd-832a-48dd-9d6a-1ae3ddc8aa0d req-0891e185-a178-42c1-9a2f-8f2de45ff760 bec233456a334327938a758910dfe7cc 72686bedfd004fed985f4367315fb292 - - 99be5d83bfb34c2eab61faebfaf67cda 99be5d83bfb34c2eab61faebfaf67cda] 199.204.45.140 "DELETE /allocations/262bed3d-09c0-4ee0-9ae1-682ea2a95fa4" status: 204 len: 0 microversion: 1.0 [pid: 8|app: 0|req: 666/1342] 199.204.45.140 () {34 vars in 841 bytes} [Wed May 27 07:29:49 2026] DELETE /allocations/262bed3d-09c0-4ee0-9ae1-682ea2a95fa4 => generated 0 bytes in 28 msecs (HTTP/1.1 204) 5 headers in 198 bytes (1 switches on core 0)
2026-05-27 07:29:55.881 7 INFO placement.requestlog [req-2b9ee0ae-9cd0-410d-98c4-c60aa3366091 req-0628e9d8-687e-49a7-bc8f-a366a97313df bec233456a334327938a758910dfe7cc 72686bedfd004fed985f4367315fb292 - - 99be5d83bfb34c2eab61faebfaf67cda 99be5d83bfb34c2eab61faebfaf67cda] 199.204.45.140 "GET /resource_providers/9ff6e71a-f31e-47fa-901c-ac4c7b298f63/allocations" status: 200 len: 153 microversion: 1.0 [pid: 7|app: 0|req: 677/1343] 199.204.45.140 () {32 vars in 857 bytes} [Wed May 27 07:29:55 2026] GET /resource_providers/9ff6e71a-f31e-47fa-901c-ac4c7b298f63/allocations => generated 153 bytes in 19 msecs (HTTP/1.1 200) 6 headers in 224 bytes (1 switches on core 0)
2026-05-27 07:29:55.905 8 INFO placement.requestlog [req-2b9ee0ae-9cd0-410d-98c4-c60aa3366091 req-9e28fb15-9459-4a66-afce-ac49178b57a9 bec233456a334327938a758910dfe7cc 72686bedfd004fed985f4367315fb292 - - 99be5d83bfb34c2eab61faebfaf67cda 99be5d83bfb34c2eab61faebfaf67cda] 199.204.45.140 "GET /allocations/69d231f3-8453-46fc-9349-53672b2026a4" status: 200 len: 258 microversion: 1.28 [pid: 8|app: 0|req: 667/1344] 199.204.45.140 () {34 vars in 863 bytes} [Wed May 27 07:29:55 2026] GET /allocations/69d231f3-8453-46fc-9349-53672b2026a4 => generated 258 bytes in 14 msecs (HTTP/1.1 200) 8 headers in 296 bytes (1 switches on core 0)
2026-05-27 07:29:56.004 7 INFO placement.requestlog [req-2b9ee0ae-9cd0-410d-98c4-c60aa3366091 req-4e82bb0a-9be5-4190-80c5-4b7dad73e5f3 bec233456a334327938a758910dfe7cc 72686bedfd004fed985f4367315fb292 - - 99be5d83bfb34c2eab61faebfaf67cda 99be5d83bfb34c2eab61faebfaf67cda] 199.204.45.140 "DELETE /allocations/69d231f3-8453-46fc-9349-53672b2026a4" status: 204 len: 0 microversion: 1.0 [pid: 7|app: 0|req: 678/1345] 199.204.45.140 () {34 vars in 841 bytes} [Wed May 27 07:29:55 2026] DELETE /allocations/69d231f3-8453-46fc-9349-53672b2026a4 => generated 0 bytes in 34 msecs (HTTP/1.1 204) 5 headers in 198 bytes (1 switches on core 0)
2026-05-27 07:29:58.260 7 INFO placement.requestlog [None req-88d530ef-750f-478a-a120-2a8b21d7e4ec - - - - - -] 10.0.0.141 "GET /" status: 200 len: 136 microversion: 1.0
2026-05-27 07:29:58.261 8 INFO placement.requestlog [None req-6ddf9b18-48c9-44c5-b00b-ee7c3c080c20 - - - - - -] 10.0.0.141 "GET /" status: 200 len: 136 microversion: 1.0
2026-05-27 07:30:07.857 7 INFO placement.requestlog [None req-7387c544-b318-4dea-a552-bf52ea7b770a 1aae2fc3c3cf4000a7467d55d2385415 72686bedfd004fed985f4367315fb292 - - 99be5d83bfb34c2eab61faebfaf67cda 99be5d83bfb34c2eab61faebfaf67cda] 10.0.0.50 "GET /resource_providers/24a97495-9f9a-494d-bc81-c503bfdbf6d3/aggregates" status: 404 len: 235 microversion: 1.1 [pid: 7|app: 0|req: 680/1348] 10.0.0.50 () {32 vars in 815 bytes} [Wed May 27 07:30:07 2026] GET /resource_providers/24a97495-9f9a-494d-bc81-c503bfdbf6d3/aggregates => generated 235 bytes in 62 msecs (HTTP/1.1 404) 5 headers in 202 bytes (1 switches on core 0)
2026-05-27 07:30:07.861 8 INFO placement.requestlog [None req-212db02f-4b44-497b-9e12-058595d74fe3 1aae2fc3c3cf4000a7467d55d2385415 72686bedfd004fed985f4367315fb292 - - 99be5d83bfb34c2eab61faebfaf67cda 99be5d83bfb34c2eab61faebfaf67cda] 10.0.0.50 "GET /resource_providers/24a97495-9f9a-494d-bc81-c503bfdbf6d3/aggregates" status: 404 len: 235 microversion: 1.1 [pid: 8|app: 0|req: 669/1349] 10.0.0.50 () {32 vars in 815 bytes} [Wed May 27 07:30:07 2026] GET /resource_providers/24a97495-9f9a-494d-bc81-c503bfdbf6d3/aggregates => generated 235 bytes in 66 msecs (HTTP/1.1 404) 5 headers in 202 bytes (1 switches on core 0)
2026-05-27 07:30:07.922 8 INFO placement.requestlog [None req-4e5247cd-bb07-48cb-b0b7-c6ad28870c7a 1aae2fc3c3cf4000a7467d55d2385415 72686bedfd004fed985f4367315fb292 - - 99be5d83bfb34c2eab61faebfaf67cda 99be5d83bfb34c2eab61faebfaf67cda] 10.0.0.50 "DELETE /resource_providers/24a97495-9f9a-494d-bc81-c503bfdbf6d3" status: 404 len: 246 microversion: 1.1 [pid: 8|app: 0|req: 670/1350] 10.0.0.50 () {34 vars in 815 bytes} [Wed May 27 07:30:07 2026] DELETE /resource_providers/24a97495-9f9a-494d-bc81-c503bfdbf6d3 => generated 246 bytes in 10 msecs (HTTP/1.1 404) 6 headers in 231 bytes (1 switches on core 0)
2026-05-27 07:30:07.925 7 INFO placement.requestlog [None req-64db96a2-ba00-4b6c-978c-446ea06ac1a9 1aae2fc3c3cf4000a7467d55d2385415 72686bedfd004fed985f4367315fb292 - - 99be5d83bfb34c2eab61faebfaf67cda 99be5d83bfb34c2eab61faebfaf67cda] 10.0.0.50 "DELETE /resource_providers/24a97495-9f9a-494d-bc81-c503bfdbf6d3" status: 404 len: 246 microversion: 1.1 [pid: 7|app: 0|req: 681/1351] 10.0.0.50 () {34 vars in 815 bytes} [Wed May 27 07:30:07 2026] DELETE /resource_providers/24a97495-9f9a-494d-bc81-c503bfdbf6d3 => generated 246 bytes in 13 msecs (HTTP/1.1 404) 6 headers in 231 bytes (1 switches on core 0)
2026-05-27 07:30:08.260 8 INFO placement.requestlog [None req-3cb10133-c701-40c8-b289-1dfbaf9b69d8 - - - - - -] 10.0.0.141 "GET /" status: 200 len: 136 microversion: 1.0
2026-05-27 07:30:08.260 7 INFO placement.requestlog [None req-bc31c50b-9ddf-4e88-91dd-8cfdc6fe839f - - - - - -] 10.0.0.141 "GET /" status: 200 len: 136 microversion: 1.0
2026-05-27 07:30:09.945 8 INFO placement.requestlog [None req-709d0717-3e4a-4f58-be38-695e808e9bef 1aae2fc3c3cf4000a7467d55d2385415 72686bedfd004fed985f4367315fb292 - - 99be5d83bfb34c2eab61faebfaf67cda 99be5d83bfb34c2eab61faebfaf67cda] 10.0.0.50 "GET /resource_providers/5ced57f4-a18d-463d-b64d-637eb35af887/aggregates" status: 404 len: 235 microversion: 1.1 [pid: 8|app: 0|req: 672/1354] 10.0.0.50 () {32 vars in 815 bytes} [Wed May 27 07:30:09 2026] GET /resource_providers/5ced57f4-a18d-463d-b64d-637eb35af887/aggregates => generated 235 bytes in 10 msecs (HTTP/1.1 404) 5 headers in 202 bytes (1 switches on core 0)
2026-05-27 07:30:09.967 8 INFO placement.requestlog [None req-c1a2c5e9-aa55-4f1b-8c03-5b485bd18a10 1aae2fc3c3cf4000a7467d55d2385415 72686bedfd004fed985f4367315fb292 - - 99be5d83bfb34c2eab61faebfaf67cda 99be5d83bfb34c2eab61faebfaf67cda] 10.0.0.50 "DELETE /resource_providers/5ced57f4-a18d-463d-b64d-637eb35af887" status: 404 len: 246 microversion: 1.1 [pid: 8|app: 0|req: 673/1355] 10.0.0.50 () {34 vars in 815 bytes} [Wed May 27 07:30:09 2026] DELETE /resource_providers/5ced57f4-a18d-463d-b64d-637eb35af887 => generated 246 bytes in 13 msecs (HTTP/1.1 404) 6 headers in 231 bytes (1 switches on core 0)
2026-05-27 07:30:09.969 7 INFO placement.requestlog [None req-dc34e3eb-8e10-49f0-9317-dbdfa2b65d24 1aae2fc3c3cf4000a7467d55d2385415 72686bedfd004fed985f4367315fb292 - - 99be5d83bfb34c2eab61faebfaf67cda 99be5d83bfb34c2eab61faebfaf67cda] 10.0.0.50 "GET /resource_providers/5ced57f4-a18d-463d-b64d-637eb35af887/aggregates" status: 404 len: 235 microversion: 1.1 [pid: 7|app: 0|req: 683/1356] 10.0.0.50 () {32 vars in 815 bytes} [Wed May 27 07:30:09 2026] GET /resource_providers/5ced57f4-a18d-463d-b64d-637eb35af887/aggregates => generated 235 bytes in 15 msecs (HTTP/1.1 404) 5 headers in 202 bytes (1 switches on core 0)
2026-05-27 07:30:09.995 8 INFO placement.requestlog [None req-7acaf22c-8f6d-4f5b-a157-52f476dc03b4 1aae2fc3c3cf4000a7467d55d2385415 72686bedfd004fed985f4367315fb292 - - 99be5d83bfb34c2eab61faebfaf67cda 99be5d83bfb34c2eab61faebfaf67cda] 10.0.0.50 "GET /resource_providers/71dc3869-9d6e-4f5f-975a-055a75be9f40/aggregates" status: 404 len: 235 microversion: 1.1 [pid: 8|app: 0|req: 674/1357] 10.0.0.50 () {32 vars in 815 bytes} [Wed May 27 07:30:09 2026] GET /resource_providers/71dc3869-9d6e-4f5f-975a-055a75be9f40/aggregates => generated 235 bytes in 12 msecs (HTTP/1.1 404) 5 headers in 202 bytes (1 switches on core 0)
2026-05-27 07:30:09.996 7 INFO placement.requestlog [None req-cafbd137-3562-473a-9f70-708d89269cda 1aae2fc3c3cf4000a7467d55d2385415 72686bedfd004fed985f4367315fb292 - - 99be5d83bfb34c2eab61faebfaf67cda 99be5d83bfb34c2eab61faebfaf67cda] 10.0.0.50 "DELETE /resource_providers/5ced57f4-a18d-463d-b64d-637eb35af887" status: 404 len: 246 microversion: 1.1 [pid: 7|app: 0|req: 684/1358] 10.0.0.50 () {34 vars in 815 bytes} [Wed May 27 07:30:09 2026] DELETE /resource_providers/5ced57f4-a18d-463d-b64d-637eb35af887 => generated 246 bytes in 9 msecs (HTTP/1.1 404) 6 headers in 231 bytes (1 switches on core 0)
2026-05-27 07:30:10.022 7 INFO placement.requestlog [None req-4950225d-2d4b-4b9c-bddd-43828d8cab58 1aae2fc3c3cf4000a7467d55d2385415 72686bedfd004fed985f4367315fb292 - - 99be5d83bfb34c2eab61faebfaf67cda 99be5d83bfb34c2eab61faebfaf67cda] 10.0.0.50 "GET /resource_providers/71dc3869-9d6e-4f5f-975a-055a75be9f40/aggregates" status: 404 len: 235 microversion: 1.1 [pid: 7|app: 0|req: 685/1359] 10.0.0.50 () {32 vars in 815 bytes} [Wed May 27 07:30:10 2026] GET /resource_providers/71dc3869-9d6e-4f5f-975a-055a75be9f40/aggregates => generated 235 bytes in 13 msecs (HTTP/1.1 404) 5 headers in 202 bytes (1 switches on core 0)
2026-05-27 07:30:10.025 8 INFO placement.requestlog [None req-23caabda-b2f3-44f1-84ef-fc637900e7e2 1aae2fc3c3cf4000a7467d55d2385415 72686bedfd004fed985f4367315fb292 - - 99be5d83bfb34c2eab61faebfaf67cda 99be5d83bfb34c2eab61faebfaf67cda] 10.0.0.50 "DELETE /resource_providers/71dc3869-9d6e-4f5f-975a-055a75be9f40" status: 404 len: 246 microversion: 1.1 [pid: 8|app: 0|req: 675/1360] 10.0.0.50 () {34 vars in 815 bytes} [Wed May 27 07:30:10 2026] DELETE /resource_providers/71dc3869-9d6e-4f5f-975a-055a75be9f40 => generated 246 bytes in 17 msecs (HTTP/1.1 404) 6 headers in 231 bytes (1 switches on core 0)
2026-05-27 07:30:10.044 7 INFO placement.requestlog [None req-62d6cc0a-342f-4b44-9e83-b79ecff65783 1aae2fc3c3cf4000a7467d55d2385415 72686bedfd004fed985f4367315fb292 - - 99be5d83bfb34c2eab61faebfaf67cda 99be5d83bfb34c2eab61faebfaf67cda] 10.0.0.50 "DELETE /resource_providers/71dc3869-9d6e-4f5f-975a-055a75be9f40" status: 404 len: 246 microversion: 1.1 [pid: 7|app: 0|req: 686/1361] 10.0.0.50 () {34 vars in 815 bytes} [Wed May 27 07:30:10 2026] DELETE /resource_providers/71dc3869-9d6e-4f5f-975a-055a75be9f40 => generated 246 bytes in 12 msecs (HTTP/1.1 404) 6 headers in 231 bytes (1 switches on core 0)
