Jun 29 15:26:26.693681 np0000183481 nova-conductor[110755]: DEBUG cotyledon.oslo_config_glue [-] vnc.vencrypt_client_key = None {{(pid=110755) log_opt_values /opt/stack/data/venv/lib/python3.12/site-packages/oslo_config/cfg.py:3253}}
Jun 29 15:26:26.693681 np0000183481 nova-conductor[110755]: DEBUG cotyledon.oslo_config_glue [-] workarounds.disable_compute_service_check_for_ffu = False {{(pid=110755) log_opt_values /opt/stack/data/venv/lib/python3.12/site-packages/oslo_config/cfg.py:3253}}
Jun 29 15:26:26.693681 np0000183481 nova-conductor[110755]: DEBUG cotyledon.oslo_config_glue [-] workarounds.disable_deep_image_inspection = False {{(pid=110755) log_opt_values /opt/stack/data/venv/lib/python3.12/site-packages/oslo_config/cfg.py:3253}}
Jun 29 15:26:26.693681 np0000183481 nova-conductor[110755]: DEBUG cotyledon.oslo_config_glue [-] workarounds.disable_fallback_pcpu_query = False {{(pid=110755) log_opt_values /opt/stack/data/venv/lib/python3.12/site-packages/oslo_config/cfg.py:3253}}
Jun 29 15:26:26.693681 np0000183481 nova-conductor[110755]: DEBUG cotyledon.oslo_config_glue [-] workarounds.disable_group_policy_check_upcall = False {{(pid=110755) log_opt_values /opt/stack/data/venv/lib/python3.12/site-packages/oslo_config/cfg.py:3253}}
Jun 29 15:26:26.693681 np0000183481 nova-conductor[110755]: DEBUG cotyledon.oslo_config_glue [-] workarounds.disable_libvirt_livesnapshot = False {{(pid=110755) log_opt_values /opt/stack/data/venv/lib/python3.12/site-packages/oslo_config/cfg.py:3253}}
Jun 29 15:26:26.693681 np0000183481 nova-conductor[110755]: DEBUG cotyledon.oslo_config_glue [-] workarounds.disable_rootwrap = False {{(pid=110755) log_opt_values /opt/stack/data/venv/lib/python3.12/site-packages/oslo_config/cfg.py:3253}}
Jun 29 15:26:26.693681 np0000183481 nova-conductor[110755]: DEBUG cotyledon.oslo_config_glue [-] workarounds.enable_numa_live_migration = False {{(pid=110755) log_opt_values /opt/stack/data/venv/lib/python3.12/site-packages/oslo_config/cfg.py:3253}}
Jun 29 15:26:26.693908 np0000183481 nova-conductor[110755]: DEBUG cotyledon.oslo_config_glue [-] workarounds.enable_qemu_monitor_announce_self = False {{(pid=110755) log_opt_values /opt/stack/data/venv/lib/python3.12/site-packages/oslo_config/cfg.py:3253}}
Jun 29 15:26:26.693908 np0000183481 nova-conductor[110755]: DEBUG cotyledon.oslo_config_glue [-] workarounds.ensure_libvirt_rbd_instance_dir_cleanup = False {{(pid=110755) log_opt_values /opt/stack/data/venv/lib/python3.12/site-packages/oslo_config/cfg.py:3253}}
Jun 29 15:26:26.693908 np0000183481 nova-conductor[110755]: DEBUG cotyledon.oslo_config_glue [-] workarounds.handle_virt_lifecycle_events = True {{(pid=110755) log_opt_values /opt/stack/data/venv/lib/python3.12/site-packages/oslo_config/cfg.py:3253}}
Jun 29 15:26:26.693908 np0000183481 nova-conductor[110755]: DEBUG cotyledon.oslo_config_glue [-] workarounds.libvirt_disable_apic = False {{(pid=110755) log_opt_values /opt/stack/data/venv/lib/python3.12/site-packages/oslo_config/cfg.py:3253}}
Jun 29 15:26:26.693908 np0000183481 nova-conductor[110755]: DEBUG cotyledon.oslo_config_glue [-] workarounds.never_download_image_if_on_rbd = False {{(pid=110755) log_opt_values /opt/stack/data/venv/lib/python3.12/site-packages/oslo_config/cfg.py:3253}}
Jun 29 15:26:26.693908 np0000183481 nova-conductor[110755]: DEBUG cotyledon.oslo_config_glue [-] workarounds.qemu_monitor_announce_self_count = 3 {{(pid=110755) log_opt_values /opt/stack/data/venv/lib/python3.12/site-packages/oslo_config/cfg.py:3253}}
Jun 29 15:26:26.693908 np0000183481 nova-conductor[110755]: DEBUG cotyledon.oslo_config_glue [-] workarounds.qemu_monitor_announce_self_interval = 1 {{(pid=110755) log_opt_values /opt/stack/data/venv/lib/python3.12/site-packages/oslo_config/cfg.py:3253}}
Jun 29 15:26:26.693908 np0000183481 nova-conductor[110755]: DEBUG cotyledon.oslo_config_glue [-] workarounds.reserve_disk_resource_for_image_cache = False {{(pid=110755) log_opt_values /opt/stack/data/venv/lib/python3.12/site-packages/oslo_config/cfg.py:3253}}
Jun 29 15:26:26.693908 np0000183481 nova-conductor[110755]: DEBUG cotyledon.oslo_config_glue [-] workarounds.skip_cpu_compare_at_startup = False {{(pid=110755) log_opt_values /opt/stack/data/venv/lib/python3.12/site-packages/oslo_config/cfg.py:3253}}
Jun 29 15:26:26.694148 np0000183481 nova-conductor[110755]: DEBUG cotyledon.oslo_config_glue [-] workarounds.skip_cpu_compare_on_dest = False {{(pid=110755) log_opt_values /opt/stack/data/venv/lib/python3.12/site-packages/oslo_config/cfg.py:3253}}
Jun 29 15:26:26.694148 np0000183481 nova-conductor[110755]: DEBUG cotyledon.oslo_config_glue [-] workarounds.skip_hypervisor_version_check_on_lm = False {{(pid=110755) log_opt_values /opt/stack/data/venv/lib/python3.12/site-packages/oslo_config/cfg.py:3253}}
Jun 29 15:26:26.694148 np0000183481 nova-conductor[110755]: DEBUG cotyledon.oslo_config_glue [-] workarounds.skip_reserve_in_use_ironic_nodes = False {{(pid=110755) log_opt_values /opt/stack/data/venv/lib/python3.12/site-packages/oslo_config/cfg.py:3253}}
Jun 29 15:26:26.694148 np0000183481 nova-conductor[110755]: DEBUG cotyledon.oslo_config_glue [-] workarounds.unified_limits_count_pcpu_as_vcpu = False {{(pid=110755) log_opt_values /opt/stack/data/venv/lib/python3.12/site-packages/oslo_config/cfg.py:3253}}
Jun 29 15:26:26.694148 np0000183481 nova-conductor[110755]: DEBUG cotyledon.oslo_config_glue [-] workarounds.wait_for_vif_plugged_event_during_hard_reboot = [] {{(pid=110755) log_opt_values /opt/stack/data/venv/lib/python3.12/site-packages/oslo_config/cfg.py:3253}}
Jun 29 15:26:26.694148 np0000183481 nova-conductor[110755]: DEBUG cotyledon.oslo_config_glue [-] wsgi.api_paste_config = /etc/nova/api-paste.ini {{(pid=110755) log_opt_values /opt/stack/data/venv/lib/python3.12/site-packages/oslo_config/cfg.py:3253}}
Jun 29 15:26:26.694148 np0000183481 nova-conductor[110755]: DEBUG cotyledon.oslo_config_glue [-] wsgi.secure_proxy_ssl_header = None {{(pid=110755) log_opt_values /opt/stack/data/venv/lib/python3.12/site-packages/oslo_config/cfg.py:3253}}
Jun 29 15:26:26.694148 np0000183481 nova-conductor[110755]: DEBUG cotyledon.oslo_config_glue [-] zvm.ca_file = None {{(pid=110755) log_opt_values /opt/stack/data/venv/lib/python3.12/site-packages/oslo_config/cfg.py:3253}}
Jun 29 15:26:26.694148 np0000183481 nova-conductor[110755]: DEBUG cotyledon.oslo_config_glue [-] zvm.cloud_connector_url = None {{(pid=110755) log_opt_values /opt/stack/data/venv/lib/python3.12/site-packages/oslo_config/cfg.py:3253}}
Jun 29 15:26:26.694394 np0000183481 nova-conductor[110755]: DEBUG cotyledon.oslo_config_glue [-] zvm.image_tmp_path = /opt/stack/data/nova/images {{(pid=110755) log_opt_values /opt/stack/data/venv/lib/python3.12/site-packages/oslo_config/cfg.py:3253}}
Jun 29 15:26:26.694394 np0000183481 nova-conductor[110755]: DEBUG cotyledon.oslo_config_glue [-] zvm.reachable_timeout = 300 {{(pid=110755) log_opt_values /opt/stack/data/venv/lib/python3.12/site-packages/oslo_config/cfg.py:3253}}
Jun 29 15:26:26.694394 np0000183481 nova-conductor[110755]: DEBUG cotyledon.oslo_config_glue [-] oslo_versionedobjects.fatal_exception_format_errors = False {{(pid=110755) log_opt_values /opt/stack/data/venv/lib/python3.12/site-packages/oslo_config/cfg.py:3253}}
Jun 29 15:26:26.694394 np0000183481 nova-conductor[110755]: DEBUG cotyledon.oslo_config_glue [-] oslo_middleware.http_basic_auth_user_file = /etc/htpasswd {{(pid=110755) log_opt_values /opt/stack/data/venv/lib/python3.12/site-packages/oslo_config/cfg.py:3253}}
Jun 29 15:26:26.694394 np0000183481 nova-conductor[110755]: DEBUG cotyledon.oslo_config_glue [-] profiler.connection_string = messaging:// {{(pid=110755) log_opt_values /opt/stack/data/venv/lib/python3.12/site-packages/oslo_config/cfg.py:3253}}
Jun 29 15:26:26.694394 np0000183481 nova-conductor[110755]: DEBUG cotyledon.oslo_config_glue [-] profiler.enabled = False {{(pid=110755) log_opt_values /opt/stack/data/venv/lib/python3.12/site-packages/oslo_config/cfg.py:3253}}
Jun 29 15:26:26.694394 np0000183481 nova-conductor[110755]: DEBUG cotyledon.oslo_config_glue [-] profiler.es_doc_type = notification {{(pid=110755) log_opt_values /opt/stack/data/venv/lib/python3.12/site-packages/oslo_config/cfg.py:3253}}
Jun 29 15:26:26.694394 np0000183481 nova-conductor[110755]: DEBUG cotyledon.oslo_config_glue [-] profiler.es_scroll_size = 10000 {{(pid=110755) log_opt_values /opt/stack/data/venv/lib/python3.12/site-packages/oslo_config/cfg.py:3253}}
Jun 29 15:26:26.694394 np0000183481 nova-conductor[110755]: DEBUG cotyledon.oslo_config_glue [-] profiler.es_scroll_time = 2m {{(pid=110755) log_opt_values /opt/stack/data/venv/lib/python3.12/site-packages/oslo_config/cfg.py:3253}}
Jun 29 15:26:26.694612 np0000183481 nova-conductor[110755]: DEBUG cotyledon.oslo_config_glue [-] profiler.filter_error_trace = False {{(pid=110755) log_opt_values /opt/stack/data/venv/lib/python3.12/site-packages/oslo_config/cfg.py:3253}}
Jun 29 15:26:26.694612 np0000183481 nova-conductor[110755]: DEBUG cotyledon.oslo_config_glue [-] profiler.hmac_keys = **** {{(pid=110755) log_opt_values /opt/stack/data/venv/lib/python3.12/site-packages/oslo_config/cfg.py:3253}}
Jun 29 15:26:26.694612 np0000183481 nova-conductor[110755]: DEBUG cotyledon.oslo_config_glue [-] profiler.sentinel_service_name = mymaster {{(pid=110755) log_opt_values /opt/stack/data/venv/lib/python3.12/site-packages/oslo_config/cfg.py:3253}}
Jun 29 15:26:26.694612 np0000183481 nova-conductor[110755]: DEBUG cotyledon.oslo_config_glue [-] profiler.socket_timeout = 0.1 {{(pid=110755) log_opt_values /opt/stack/data/venv/lib/python3.12/site-packages/oslo_config/cfg.py:3253}}
Jun 29 15:26:26.694612 np0000183481 nova-conductor[110755]: DEBUG cotyledon.oslo_config_glue [-] profiler.trace_requests = False {{(pid=110755) log_opt_values /opt/stack/data/venv/lib/python3.12/site-packages/oslo_config/cfg.py:3253}}
Jun 29 15:26:26.694612 np0000183481 nova-conductor[110755]: DEBUG cotyledon.oslo_config_glue [-] profiler.trace_sqlalchemy = False {{(pid=110755) log_opt_values /opt/stack/data/venv/lib/python3.12/site-packages/oslo_config/cfg.py:3253}}
Jun 29 15:26:26.694612 np0000183481 nova-conductor[110755]: DEBUG cotyledon.oslo_config_glue [-] profiler_jaeger.process_tags = {} {{(pid=110755) log_opt_values /opt/stack/data/venv/lib/python3.12/site-packages/oslo_config/cfg.py:3253}}
Jun 29 15:26:26.694612 np0000183481 nova-conductor[110755]: DEBUG cotyledon.oslo_config_glue [-] profiler_jaeger.service_name_prefix = None {{(pid=110755) log_opt_values /opt/stack/data/venv/lib/python3.12/site-packages/oslo_config/cfg.py:3253}}
Jun 29 15:26:26.694612 np0000183481 nova-conductor[110755]: DEBUG cotyledon.oslo_config_glue [-] profiler_otlp.service_name_prefix = None {{(pid=110755) log_opt_values /opt/stack/data/venv/lib/python3.12/site-packages/oslo_config/cfg.py:3253}}
Jun 29 15:26:26.694843 np0000183481 nova-conductor[110755]: DEBUG cotyledon.oslo_config_glue [-] oslo_messaging_rabbit.amqp_auto_delete = False {{(pid=110755) log_opt_values /opt/stack/data/venv/lib/python3.12/site-packages/oslo_config/cfg.py:3253}}
Jun 29 15:26:26.694843 np0000183481 nova-conductor[110755]: DEBUG cotyledon.oslo_config_glue [-] oslo_messaging_rabbit.amqp_durable_queues = False {{(pid=110755) log_opt_values /opt/stack/data/venv/lib/python3.12/site-packages/oslo_config/cfg.py:3253}}
Jun 29 15:26:26.694843 np0000183481 nova-conductor[110755]: DEBUG cotyledon.oslo_config_glue [-] oslo_messaging_rabbit.conn_pool_min_size = 2 {{(pid=110755) log_opt_values /opt/stack/data/venv/lib/python3.12/site-packages/oslo_config/cfg.py:3253}}
Jun 29 15:26:26.694843 np0000183481 nova-conductor[110755]: DEBUG cotyledon.oslo_config_glue [-] oslo_messaging_rabbit.conn_pool_ttl = 1200 {{(pid=110755) log_opt_values /opt/stack/data/venv/lib/python3.12/site-packages/oslo_config/cfg.py:3253}}
Jun 29 15:26:26.694843 np0000183481 nova-conductor[110755]: DEBUG cotyledon.oslo_config_glue [-] oslo_messaging_rabbit.direct_mandatory_flag = True {{(pid=110755) log_opt_values /opt/stack/data/venv/lib/python3.12/site-packages/oslo_config/cfg.py:3253}}
Jun 29 15:26:26.694843 np0000183481 nova-conductor[110755]: DEBUG cotyledon.oslo_config_glue [-] oslo_messaging_rabbit.enable_cancel_on_failover = False {{(pid=110755) log_opt_values /opt/stack/data/venv/lib/python3.12/site-packages/oslo_config/cfg.py:3253}}
Jun 29 15:26:26.694843 np0000183481 nova-conductor[110755]: DEBUG cotyledon.oslo_config_glue [-] oslo_messaging_rabbit.heartbeat_rate = 3 {{(pid=110755) log_opt_values /opt/stack/data/venv/lib/python3.12/site-packages/oslo_config/cfg.py:3253}}
Jun 29 15:26:26.694843 np0000183481 nova-conductor[110755]: DEBUG cotyledon.oslo_config_glue [-] oslo_messaging_rabbit.heartbeat_timeout_threshold = 60 {{(pid=110755) log_opt_values /opt/stack/data/venv/lib/python3.12/site-packages/oslo_config/cfg.py:3253}}
Jun 29 15:26:26.694843 np0000183481 nova-conductor[110755]: DEBUG cotyledon.oslo_config_glue [-] oslo_messaging_rabbit.hostname = np0000183481 {{(pid=110755) log_opt_values /opt/stack/data/venv/lib/python3.12/site-packages/oslo_config/cfg.py:3253}}
Jun 29 15:26:26.695081 np0000183481 nova-conductor[110755]: DEBUG cotyledon.oslo_config_glue [-] oslo_messaging_rabbit.kombu_compression = None {{(pid=110755) log_opt_values /opt/stack/data/venv/lib/python3.12/site-packages/oslo_config/cfg.py:3253}}
Jun 29 15:26:26.695081 np0000183481 nova-conductor[110755]: DEBUG cotyledon.oslo_config_glue [-] oslo_messaging_rabbit.kombu_failover_strategy = round-robin {{(pid=110755) log_opt_values /opt/stack/data/venv/lib/python3.12/site-packages/oslo_config/cfg.py:3253}}
Jun 29 15:26:26.695081 np0000183481 nova-conductor[110755]: DEBUG cotyledon.oslo_config_glue [-] oslo_messaging_rabbit.kombu_missing_consumer_retry_timeout = 60 {{(pid=110755) log_opt_values /opt/stack/data/venv/lib/python3.12/site-packages/oslo_config/cfg.py:3253}}
Jun 29 15:26:26.695081 np0000183481 nova-conductor[110755]: DEBUG cotyledon.oslo_config_glue [-] oslo_messaging_rabbit.kombu_reconnect_delay = 1.0 {{(pid=110755) log_opt_values /opt/stack/data/venv/lib/python3.12/site-packages/oslo_config/cfg.py:3253}}
Jun 29 15:26:26.695081 np0000183481 nova-conductor[110755]: DEBUG cotyledon.oslo_config_glue [-] oslo_messaging_rabbit.kombu_reconnect_splay = 0.0 {{(pid=110755) log_opt_values /opt/stack/data/venv/lib/python3.12/site-packages/oslo_config/cfg.py:3253}}
Jun 29 15:26:26.695081 np0000183481 nova-conductor[110755]: DEBUG cotyledon.oslo_config_glue [-] oslo_messaging_rabbit.processname = nova-conductor {{(pid=110755) log_opt_values /opt/stack/data/venv/lib/python3.12/site-packages/oslo_config/cfg.py:3253}}
Jun 29 15:26:26.695081 np0000183481 nova-conductor[110755]: DEBUG cotyledon.oslo_config_glue [-] oslo_messaging_rabbit.rabbit_ha_queues = False {{(pid=110755) log_opt_values /opt/stack/data/venv/lib/python3.12/site-packages/oslo_config/cfg.py:3253}}
Jun 29 15:26:26.695081 np0000183481 nova-conductor[110755]: DEBUG cotyledon.oslo_config_glue [-] oslo_messaging_rabbit.rabbit_interval_max = 30 {{(pid=110755) log_opt_values /opt/stack/data/venv/lib/python3.12/site-packages/oslo_config/cfg.py:3253}}
Jun 29 15:26:26.695326 np0000183481 nova-conductor[110755]: DEBUG cotyledon.oslo_config_glue [-] oslo_messaging_rabbit.rabbit_login_method = AMQPLAIN {{(pid=110755) log_opt_values /opt/stack/data/venv/lib/python3.12/site-packages/oslo_config/cfg.py:3253}}
Jun 29 15:26:26.695326 np0000183481 nova-conductor[110755]: DEBUG cotyledon.oslo_config_glue [-] oslo_messaging_rabbit.rabbit_qos_prefetch_count = 0 {{(pid=110755) log_opt_values /opt/stack/data/venv/lib/python3.12/site-packages/oslo_config/cfg.py:3253}}
Jun 29 15:26:26.695326 np0000183481 nova-conductor[110755]: DEBUG cotyledon.oslo_config_glue [-] oslo_messaging_rabbit.rabbit_quorum_delivery_limit = 0 {{(pid=110755) log_opt_values /opt/stack/data/venv/lib/python3.12/site-packages/oslo_config/cfg.py:3253}}
Jun 29 15:26:26.695326 np0000183481 nova-conductor[110755]: DEBUG cotyledon.oslo_config_glue [-] oslo_messaging_rabbit.rabbit_quorum_max_memory_bytes = 0 {{(pid=110755) log_opt_values /opt/stack/data/venv/lib/python3.12/site-packages/oslo_config/cfg.py:3253}}
Jun 29 15:26:26.695326 np0000183481 nova-conductor[110755]: DEBUG cotyledon.oslo_config_glue [-] oslo_messaging_rabbit.rabbit_quorum_max_memory_length = 0 {{(pid=110755) log_opt_values /opt/stack/data/venv/lib/python3.12/site-packages/oslo_config/cfg.py:3253}}
Jun 29 15:26:26.695326 np0000183481 nova-conductor[110755]: DEBUG cotyledon.oslo_config_glue [-] oslo_messaging_rabbit.rabbit_quorum_queue = False {{(pid=110755) log_opt_values /opt/stack/data/venv/lib/python3.12/site-packages/oslo_config/cfg.py:3253}}
Jun 29 15:26:26.695326 np0000183481 nova-conductor[110755]: DEBUG cotyledon.oslo_config_glue [-] oslo_messaging_rabbit.rabbit_retry_backoff = 2 {{(pid=110755) log_opt_values /opt/stack/data/venv/lib/python3.12/site-packages/oslo_config/cfg.py:3253}}
Jun 29 15:26:26.695326 np0000183481 nova-conductor[110755]: DEBUG cotyledon.oslo_config_glue [-] oslo_messaging_rabbit.rabbit_retry_interval = 1 {{(pid=110755) log_opt_values /opt/stack/data/venv/lib/python3.12/site-packages/oslo_config/cfg.py:3253}}
Jun 29 15:26:26.695541 np0000183481 nova-conductor[110755]: DEBUG cotyledon.oslo_config_glue [-] oslo_messaging_rabbit.rabbit_stream_fanout = False {{(pid=110755) log_opt_values /opt/stack/data/venv/lib/python3.12/site-packages/oslo_config/cfg.py:3253}}
Jun 29 15:26:26.695541 np0000183481 nova-conductor[110755]: DEBUG cotyledon.oslo_config_glue [-] oslo_messaging_rabbit.rabbit_transient_queues_ttl = 1800 {{(pid=110755) log_opt_values /opt/stack/data/venv/lib/python3.12/site-packages/oslo_config/cfg.py:3253}}
Jun 29 15:26:26.695541 np0000183481 nova-conductor[110755]: DEBUG cotyledon.oslo_config_glue [-] oslo_messaging_rabbit.rabbit_transient_quorum_queue = False {{(pid=110755) log_opt_values /opt/stack/data/venv/lib/python3.12/site-packages/oslo_config/cfg.py:3253}}
Jun 29 15:26:26.695541 np0000183481 nova-conductor[110755]: DEBUG cotyledon.oslo_config_glue [-] oslo_messaging_rabbit.rpc_conn_pool_size = 30 {{(pid=110755) log_opt_values /opt/stack/data/venv/lib/python3.12/site-packages/oslo_config/cfg.py:3253}}
Jun 29 15:26:26.695541 np0000183481 nova-conductor[110755]: DEBUG cotyledon.oslo_config_glue [-] oslo_messaging_rabbit.ssl = False {{(pid=110755) log_opt_values /opt/stack/data/venv/lib/python3.12/site-packages/oslo_config/cfg.py:3253}}
Jun 29 15:26:26.695877 np0000183481 nova-conductor[110750]: INFO dbcounter [None req-233f23fd-ac6c-423d-b3b4-33303badd6df None None] Registered counter for database nova_cell0
Jun 29 15:26:26.695952 np0000183481 nova-conductor[110755]: DEBUG cotyledon.oslo_config_glue [-] oslo_messaging_rabbit.ssl_ca_file = {{(pid=110755) log_opt_values /opt/stack/data/venv/lib/python3.12/site-packages/oslo_config/cfg.py:3253}}
Jun 29 15:26:26.695952 np0000183481 nova-conductor[110755]: DEBUG cotyledon.oslo_config_glue [-] oslo_messaging_rabbit.ssl_cert_file = {{(pid=110755) log_opt_values /opt/stack/data/venv/lib/python3.12/site-packages/oslo_config/cfg.py:3253}}
Jun 29 15:26:26.695952 np0000183481 nova-conductor[110755]: DEBUG cotyledon.oslo_config_glue [-] oslo_messaging_rabbit.ssl_enforce_fips_mode = False {{(pid=110755) log_opt_values /opt/stack/data/venv/lib/python3.12/site-packages/oslo_config/cfg.py:3253}}
Jun 29 15:26:26.695952 np0000183481 nova-conductor[110755]: DEBUG cotyledon.oslo_config_glue [-] oslo_messaging_rabbit.ssl_enforce_hostname_verification = True {{(pid=110755) log_opt_values /opt/stack/data/venv/lib/python3.12/site-packages/oslo_config/cfg.py:3253}}
Jun 29 15:26:26.695952 np0000183481 nova-conductor[110755]: DEBUG cotyledon.oslo_config_glue [-] oslo_messaging_rabbit.ssl_key_file = {{(pid=110755) log_opt_values /opt/stack/data/venv/lib/python3.12/site-packages/oslo_config/cfg.py:3253}}
Jun 29 15:26:26.695952 np0000183481 nova-conductor[110755]: DEBUG cotyledon.oslo_config_glue [-] oslo_messaging_rabbit.ssl_version = {{(pid=110755) log_opt_values /opt/stack/data/venv/lib/python3.12/site-packages/oslo_config/cfg.py:3253}}
Jun 29 15:26:26.695952 np0000183481 nova-conductor[110755]: DEBUG cotyledon.oslo_config_glue [-] oslo_messaging_rabbit.use_queue_manager = False {{(pid=110755) log_opt_values /opt/stack/data/venv/lib/python3.12/site-packages/oslo_config/cfg.py:3253}}
Jun 29 15:26:26.695952 np0000183481 nova-conductor[110755]: DEBUG cotyledon.oslo_config_glue [-] oslo_messaging_notifications.driver = ['messagingv2'] {{(pid=110755) log_opt_values /opt/stack/data/venv/lib/python3.12/site-packages/oslo_config/cfg.py:3253}}
Jun 29 15:26:26.695952 np0000183481 nova-conductor[110755]: DEBUG cotyledon.oslo_config_glue [-] oslo_messaging_notifications.retry = -1 {{(pid=110755) log_opt_values /opt/stack/data/venv/lib/python3.12/site-packages/oslo_config/cfg.py:3253}}
Jun 29 15:26:26.696472 np0000183481 nova-conductor[110755]: DEBUG cotyledon.oslo_config_glue [-] oslo_messaging_notifications.topics = ['notifications'] {{(pid=110755) log_opt_values /opt/stack/data/venv/lib/python3.12/site-packages/oslo_config/cfg.py:3253}}
Jun 29 15:26:26.696472 np0000183481 nova-conductor[110755]: DEBUG cotyledon.oslo_config_glue [-] oslo_messaging_notifications.transport_url = **** {{(pid=110755) log_opt_values /opt/stack/data/venv/lib/python3.12/site-packages/oslo_config/cfg.py:3253}}
Jun 29 15:26:26.696472 np0000183481 nova-conductor[110755]: DEBUG cotyledon.oslo_config_glue [-] oslo_limit.auth_section = None {{(pid=110755) log_opt_values /opt/stack/data/venv/lib/python3.12/site-packages/oslo_config/cfg.py:3253}}
Jun 29 15:26:26.696472 np0000183481 nova-conductor[110755]: DEBUG cotyledon.oslo_config_glue [-] oslo_limit.auth_type = None {{(pid=110755) log_opt_values /opt/stack/data/venv/lib/python3.12/site-packages/oslo_config/cfg.py:3253}}
Jun 29 15:26:26.696472 np0000183481 nova-conductor[110755]: DEBUG cotyledon.oslo_config_glue [-] oslo_limit.cafile = None {{(pid=110755) log_opt_values /opt/stack/data/venv/lib/python3.12/site-packages/oslo_config/cfg.py:3253}}
Jun 29 15:26:26.696472 np0000183481 nova-conductor[110755]: DEBUG cotyledon.oslo_config_glue [-] oslo_limit.certfile = None {{(pid=110755) log_opt_values /opt/stack/data/venv/lib/python3.12/site-packages/oslo_config/cfg.py:3253}}
Jun 29 15:26:26.696472 np0000183481 nova-conductor[110755]: DEBUG cotyledon.oslo_config_glue [-] oslo_limit.collect_timing = False {{(pid=110755) log_opt_values /opt/stack/data/venv/lib/python3.12/site-packages/oslo_config/cfg.py:3253}}
Jun 29 15:26:26.696472 np0000183481 nova-conductor[110755]: DEBUG cotyledon.oslo_config_glue [-] oslo_limit.connect_retries = None {{(pid=110755) log_opt_values /opt/stack/data/venv/lib/python3.12/site-packages/oslo_config/cfg.py:3253}}
Jun 29 15:26:26.696472 np0000183481 nova-conductor[110755]: DEBUG cotyledon.oslo_config_glue [-] oslo_limit.connect_retry_delay = None {{(pid=110755) log_opt_values /opt/stack/data/venv/lib/python3.12/site-packages/oslo_config/cfg.py:3253}}
Jun 29 15:26:26.696965 np0000183481 nova-conductor[110755]: DEBUG cotyledon.oslo_config_glue [-] oslo_limit.endpoint_id = None {{(pid=110755) log_opt_values /opt/stack/data/venv/lib/python3.12/site-packages/oslo_config/cfg.py:3253}}
Jun 29 15:26:26.696965 np0000183481 nova-conductor[110755]: DEBUG cotyledon.oslo_config_glue [-] oslo_limit.endpoint_interface = public {{(pid=110755) log_opt_values /opt/stack/data/venv/lib/python3.12/site-packages/oslo_config/cfg.py:3253}}
Jun 29 15:26:26.696965 np0000183481 nova-conductor[110755]: DEBUG cotyledon.oslo_config_glue [-] oslo_limit.endpoint_override = None {{(pid=110755) log_opt_values /opt/stack/data/venv/lib/python3.12/site-packages/oslo_config/cfg.py:3253}}
Jun 29 15:26:26.696965 np0000183481 nova-conductor[110755]: DEBUG cotyledon.oslo_config_glue [-] oslo_limit.endpoint_region_name = None {{(pid=110755) log_opt_values /opt/stack/data/venv/lib/python3.12/site-packages/oslo_config/cfg.py:3253}}
Jun 29 15:26:26.696965 np0000183481 nova-conductor[110755]: DEBUG cotyledon.oslo_config_glue [-] oslo_limit.endpoint_service_name = None {{(pid=110755) log_opt_values /opt/stack/data/venv/lib/python3.12/site-packages/oslo_config/cfg.py:3253}}
Jun 29 15:26:26.696965 np0000183481 nova-conductor[110755]: DEBUG cotyledon.oslo_config_glue [-] oslo_limit.endpoint_service_type = None {{(pid=110755) log_opt_values /opt/stack/data/venv/lib/python3.12/site-packages/oslo_config/cfg.py:3253}}
Jun 29 15:26:26.696965 np0000183481 nova-conductor[110755]: DEBUG cotyledon.oslo_config_glue [-] oslo_limit.insecure = False {{(pid=110755) log_opt_values /opt/stack/data/venv/lib/python3.12/site-packages/oslo_config/cfg.py:3253}}
Jun 29 15:26:26.696965 np0000183481 nova-conductor[110755]: DEBUG cotyledon.oslo_config_glue [-] oslo_limit.keyfile = None {{(pid=110755) log_opt_values /opt/stack/data/venv/lib/python3.12/site-packages/oslo_config/cfg.py:3253}}
Jun 29 15:26:26.696965 np0000183481 nova-conductor[110755]: DEBUG cotyledon.oslo_config_glue [-] oslo_limit.max_version = None {{(pid=110755) log_opt_values /opt/stack/data/venv/lib/python3.12/site-packages/oslo_config/cfg.py:3253}}
Jun 29 15:26:26.697517 np0000183481 nova-conductor[110755]: DEBUG cotyledon.oslo_config_glue [-] oslo_limit.min_version = None {{(pid=110755) log_opt_values /opt/stack/data/venv/lib/python3.12/site-packages/oslo_config/cfg.py:3253}}
Jun 29 15:26:26.697517 np0000183481 nova-conductor[110755]: DEBUG cotyledon.oslo_config_glue [-] oslo_limit.region_name = None {{(pid=110755) log_opt_values /opt/stack/data/venv/lib/python3.12/site-packages/oslo_config/cfg.py:3253}}
Jun 29 15:26:26.697517 np0000183481 nova-conductor[110755]: DEBUG cotyledon.oslo_config_glue [-] oslo_limit.retriable_status_codes = None {{(pid=110755) log_opt_values /opt/stack/data/venv/lib/python3.12/site-packages/oslo_config/cfg.py:3253}}
Jun 29 15:26:26.697517 np0000183481 nova-conductor[110755]: DEBUG cotyledon.oslo_config_glue [-] oslo_limit.service_name = None {{(pid=110755) log_opt_values /opt/stack/data/venv/lib/python3.12/site-packages/oslo_config/cfg.py:3253}}
Jun 29 15:26:26.697517 np0000183481 nova-conductor[110755]: DEBUG cotyledon.oslo_config_glue [-] oslo_limit.service_type = None {{(pid=110755) log_opt_values /opt/stack/data/venv/lib/python3.12/site-packages/oslo_config/cfg.py:3253}}
Jun 29 15:26:26.697517 np0000183481 nova-conductor[110755]: DEBUG cotyledon.oslo_config_glue [-] oslo_limit.split_loggers = False {{(pid=110755) log_opt_values /opt/stack/data/venv/lib/python3.12/site-packages/oslo_config/cfg.py:3253}}
Jun 29 15:26:26.697517 np0000183481 nova-conductor[110755]: DEBUG cotyledon.oslo_config_glue [-] oslo_limit.status_code_retries = None {{(pid=110755) log_opt_values /opt/stack/data/venv/lib/python3.12/site-packages/oslo_config/cfg.py:3253}}
Jun 29 15:26:26.697517 np0000183481 nova-conductor[110755]: DEBUG cotyledon.oslo_config_glue [-] oslo_limit.status_code_retry_delay = None {{(pid=110755) log_opt_values /opt/stack/data/venv/lib/python3.12/site-packages/oslo_config/cfg.py:3253}}
Jun 29 15:26:26.697517 np0000183481 nova-conductor[110755]: DEBUG cotyledon.oslo_config_glue [-] oslo_limit.timeout = None {{(pid=110755) log_opt_values /opt/stack/data/venv/lib/python3.12/site-packages/oslo_config/cfg.py:3253}}
Jun 29 15:26:26.697981 np0000183481 nova-conductor[110755]: DEBUG cotyledon.oslo_config_glue [-] oslo_limit.valid_interfaces = None {{(pid=110755) log_opt_values /opt/stack/data/venv/lib/python3.12/site-packages/oslo_config/cfg.py:3253}}
Jun 29 15:26:26.697981 np0000183481 nova-conductor[110755]: DEBUG cotyledon.oslo_config_glue [-] oslo_limit.version = None {{(pid=110755) log_opt_values /opt/stack/data/venv/lib/python3.12/site-packages/oslo_config/cfg.py:3253}}
Jun 29 15:26:26.697981 np0000183481 nova-conductor[110755]: DEBUG cotyledon.oslo_config_glue [-] oslo_reports.file_event_handler = None {{(pid=110755) log_opt_values /opt/stack/data/venv/lib/python3.12/site-packages/oslo_config/cfg.py:3253}}
Jun 29 15:26:26.697981 np0000183481 nova-conductor[110755]: DEBUG cotyledon.oslo_config_glue [-] oslo_reports.file_event_handler_interval = 1 {{(pid=110755) log_opt_values /opt/stack/data/venv/lib/python3.12/site-packages/oslo_config/cfg.py:3253}}
Jun 29 15:26:26.697981 np0000183481 nova-conductor[110755]: DEBUG cotyledon.oslo_config_glue [-] oslo_reports.log_dir = None {{(pid=110755) log_opt_values /opt/stack/data/venv/lib/python3.12/site-packages/oslo_config/cfg.py:3253}}
Jun 29 15:26:26.697981 np0000183481 nova-conductor[110755]: DEBUG cotyledon.oslo_config_glue [-] ******************************************************************************** {{(pid=110755) log_opt_values /opt/stack/data/venv/lib/python3.12/site-packages/oslo_config/cfg.py:3260}}
Jun 29 15:26:26.697981 np0000183481 nova-conductor[110755]: DEBUG cotyledon._service_worker [-] Run service ServiceWrapper(3) [110755] {{(pid=110755) wait_forever /opt/stack/data/venv/lib/python3.12/site-packages/cotyledon/_service_worker.py:218}}
Jun 29 15:26:26.697981 np0000183481 nova-conductor[110755]: INFO nova.service [-] Starting conductor node (version 33.1.0)
Jun 29 15:26:26.698409 np0000183481 nova-conductor[110735]: DEBUG oslo_db.sqlalchemy.engines [None req-e322c0cd-7c21-4456-9512-9f34cfb23d97 None None] MySQL server mode set to STRICT_TRANS_TABLES,STRICT_ALL_TABLES,NO_ZERO_IN_DATE,NO_ZERO_DATE,ERROR_FOR_DIVISION_BY_ZERO,TRADITIONAL,NO_ENGINE_SUBSTITUTION {{(pid=110735) _check_effective_sql_mode /opt/stack/data/venv/lib/python3.12/site-packages/oslo_db/sqlalchemy/engines.py:325}}
Jun 29 15:26:26.698475 np0000183481 nova-conductor[110755]: INFO dbcounter [None req-49f06fbf-9bad-440e-8ac9-12f49a9544ef None None] Registered counter for database nova_cell0
Jun 29 15:26:26.698532 np0000183481 nova-conductor[110735]: DEBUG dbcounter [-] [110735] Writer thread running {{(pid=110735) stat_writer /opt/stack/data/venv/lib/python3.12/site-packages/dbcounter.py:102}}
Jun 29 15:26:26.698608 np0000183481 nova-conductor[110741]: DEBUG oslo_db.sqlalchemy.engines [None req-ff97ff72-156d-431e-9e3b-fe4f55644dfb None None] MySQL server mode set to STRICT_TRANS_TABLES,STRICT_ALL_TABLES,NO_ZERO_IN_DATE,NO_ZERO_DATE,ERROR_FOR_DIVISION_BY_ZERO,TRADITIONAL,NO_ENGINE_SUBSTITUTION {{(pid=110741) _check_effective_sql_mode /opt/stack/data/venv/lib/python3.12/site-packages/oslo_db/sqlalchemy/engines.py:325}}
Jun 29 15:26:26.707573 np0000183481 nova-conductor[110750]: DEBUG oslo_db.sqlalchemy.engines [None req-233f23fd-ac6c-423d-b3b4-33303badd6df None None] MySQL server mode set to STRICT_TRANS_TABLES,STRICT_ALL_TABLES,NO_ZERO_IN_DATE,NO_ZERO_DATE,ERROR_FOR_DIVISION_BY_ZERO,TRADITIONAL,NO_ENGINE_SUBSTITUTION {{(pid=110750) _check_effective_sql_mode /opt/stack/data/venv/lib/python3.12/site-packages/oslo_db/sqlalchemy/engines.py:325}}
Jun 29 15:26:26.708264 np0000183481 nova-conductor[110741]: DEBUG dbcounter [-] [110741] Writer thread running {{(pid=110741) stat_writer /opt/stack/data/venv/lib/python3.12/site-packages/dbcounter.py:102}}
Jun 29 15:26:26.710227 np0000183481 nova-conductor[110735]: DEBUG nova.service [None req-e322c0cd-7c21-4456-9512-9f34cfb23d97 None None] Creating RPC server for service: nova-conductor on topic: conductor {{(pid=110735) start /opt/stack/nova/nova/service.py:196}}
Jun 29 15:26:26.713010 np0000183481 nova-conductor[110741]: DEBUG nova.service [None req-ff97ff72-156d-431e-9e3b-fe4f55644dfb None None] Creating RPC server for service: nova-conductor on topic: conductor {{(pid=110741) start /opt/stack/nova/nova/service.py:196}}
Jun 29 15:26:26.728992 np0000183481 nova-conductor[110755]: DEBUG oslo_db.sqlalchemy.engines [None req-49f06fbf-9bad-440e-8ac9-12f49a9544ef None None] MySQL server mode set to STRICT_TRANS_TABLES,STRICT_ALL_TABLES,NO_ZERO_IN_DATE,NO_ZERO_DATE,ERROR_FOR_DIVISION_BY_ZERO,TRADITIONAL,NO_ENGINE_SUBSTITUTION {{(pid=110755) _check_effective_sql_mode /opt/stack/data/venv/lib/python3.12/site-packages/oslo_db/sqlalchemy/engines.py:325}}
Jun 29 15:26:26.741776 np0000183481 nova-conductor[110750]: DEBUG dbcounter [-] [110750] Writer thread running {{(pid=110750) stat_writer /opt/stack/data/venv/lib/python3.12/site-packages/dbcounter.py:102}}
Jun 29 15:26:26.745446 np0000183481 nova-conductor[110755]: DEBUG dbcounter [-] [110755] Writer thread running {{(pid=110755) stat_writer /opt/stack/data/venv/lib/python3.12/site-packages/dbcounter.py:102}}
Jun 29 15:26:26.748500 np0000183481 nova-conductor[110755]: DEBUG nova.service [None req-49f06fbf-9bad-440e-8ac9-12f49a9544ef None None] Creating RPC server for service: nova-conductor on topic: conductor {{(pid=110755) start /opt/stack/nova/nova/service.py:196}}
Jun 29 15:26:26.748564 np0000183481 nova-conductor[110750]: DEBUG nova.service [None req-233f23fd-ac6c-423d-b3b4-33303badd6df None None] Creating RPC server for service: nova-conductor on topic: conductor {{(pid=110750) start /opt/stack/nova/nova/service.py:196}}
Jun 29 15:26:26.757010 np0000183481 nova-conductor[110741]: DEBUG nova.service [None req-ff97ff72-156d-431e-9e3b-fe4f55644dfb None None] Join ServiceGroup membership for this service conductor {{(pid=110741) start /opt/stack/nova/nova/service.py:222}}
Jun 29 15:26:26.760174 np0000183481 nova-conductor[110735]: DEBUG nova.service [None req-e322c0cd-7c21-4456-9512-9f34cfb23d97 None None] Join ServiceGroup membership for this service conductor {{(pid=110735) start /opt/stack/nova/nova/service.py:222}}
Jun 29 15:26:26.760646 np0000183481 nova-conductor[110735]: DEBUG nova.servicegroup.drivers.db [None req-e322c0cd-7c21-4456-9512-9f34cfb23d97 None None] DB_Driver: join new ServiceGroup member np0000183481 to the conductor group, service = {{(pid=110735) join /opt/stack/nova/nova/servicegroup/drivers/db.py:44}}
Jun 29 15:26:26.761545 np0000183481 nova-conductor[110741]: DEBUG nova.servicegroup.drivers.db [None req-ff97ff72-156d-431e-9e3b-fe4f55644dfb None None] DB_Driver: join new ServiceGroup member np0000183481 to the conductor group, service = {{(pid=110741) join /opt/stack/nova/nova/servicegroup/drivers/db.py:44}}
Jun 29 15:26:26.769308 np0000183481 nova-conductor[110755]: DEBUG nova.service [None req-49f06fbf-9bad-440e-8ac9-12f49a9544ef None None] Join ServiceGroup membership for this service conductor {{(pid=110755) start /opt/stack/nova/nova/service.py:222}}
Jun 29 15:26:26.769628 np0000183481 nova-conductor[110755]: DEBUG nova.servicegroup.drivers.db [None req-49f06fbf-9bad-440e-8ac9-12f49a9544ef None None] DB_Driver: join new ServiceGroup member np0000183481 to the conductor group, service = {{(pid=110755) join /opt/stack/nova/nova/servicegroup/drivers/db.py:44}}
Jun 29 15:26:26.785368 np0000183481 nova-conductor[110750]: DEBUG nova.service [None req-233f23fd-ac6c-423d-b3b4-33303badd6df None None] Join ServiceGroup membership for this service conductor {{(pid=110750) start /opt/stack/nova/nova/service.py:222}}
Jun 29 15:26:26.786103 np0000183481 nova-conductor[110750]: DEBUG nova.servicegroup.drivers.db [None req-233f23fd-ac6c-423d-b3b4-33303badd6df None None] DB_Driver: join new ServiceGroup member np0000183481 to the conductor group, service = {{(pid=110750) join /opt/stack/nova/nova/servicegroup/drivers/db.py:44}}
Jun 29 15:26:31.786845 np0000183481 nova-conductor[110735]: DEBUG oslo.service.backend._threading.loopingcall [-] Fixed interval looping call 'nova.servicegroup.drivers.db.DbDriver._report_state' sleeping for 119.98 seconds {{(pid=110735) _run_loop /opt/stack/data/venv/lib/python3.12/site-packages/oslo_service/backend/_threading/loopingcall.py:125}}
Jun 29 15:26:31.787884 np0000183481 nova-conductor[110741]: DEBUG oslo.service.backend._threading.loopingcall [-] Fixed interval looping call 'nova.servicegroup.drivers.db.DbDriver._report_state' sleeping for 119.98 seconds {{(pid=110741) _run_loop /opt/stack/data/venv/lib/python3.12/site-packages/oslo_service/backend/_threading/loopingcall.py:125}}
Jun 29 15:26:31.796434 np0000183481 nova-conductor[110755]: DEBUG oslo.service.backend._threading.loopingcall [-] Fixed interval looping call 'nova.servicegroup.drivers.db.DbDriver._report_state' sleeping for 119.98 seconds {{(pid=110755) _run_loop /opt/stack/data/venv/lib/python3.12/site-packages/oslo_service/backend/_threading/loopingcall.py:125}}
Jun 29 15:26:31.802797 np0000183481 nova-conductor[110750]: DEBUG oslo.service.backend._threading.loopingcall [-] Fixed interval looping call 'nova.servicegroup.drivers.db.DbDriver._report_state' sleeping for 119.99 seconds {{(pid=110750) _run_loop /opt/stack/data/venv/lib/python3.12/site-packages/oslo_service/backend/_threading/loopingcall.py:125}}
Jun 29 15:26:35.232097 np0000183481 nova-conductor[110080]: DEBUG dbcounter [-] [110080] Writing DB stats nova_api:SELECT=1 {{(pid=110080) stat_writer /opt/stack/data/venv/lib/python3.12/site-packages/dbcounter.py:115}}
Jun 29 15:26:35.398333 np0000183481 nova-conductor[110080]: DEBUG dbcounter [-] [110080] Writing DB stats nova_cell0:SELECT=1 {{(pid=110080) stat_writer /opt/stack/data/venv/lib/python3.12/site-packages/dbcounter.py:115}}
Jun 29 15:26:35.407192 np0000183481 nova-conductor[110080]: DEBUG dbcounter [-] [110080] Writing DB stats nova_cell1:SELECT=1 {{(pid=110080) stat_writer /opt/stack/data/venv/lib/python3.12/site-packages/dbcounter.py:115}}
Jun 29 15:26:36.789377 np0000183481 nova-conductor[110750]: DEBUG oslo.service.backend._threading.loopingcall [None req-b668ad36-229c-43d7-98a8-24a6298e8690 None None] Dynamic interval looping call 'nova.service.Service.periodic_tasks' sleeping for 60.00 seconds {{(pid=110750) _run_loop /opt/stack/data/venv/lib/python3.12/site-packages/oslo_service/backend/_threading/loopingcall.py:125}}
Jun 29 15:26:41.780162 np0000183481 nova-conductor[110735]: DEBUG dbcounter [-] [110735] Writing DB stats nova_cell0:SELECT=4,nova_cell0:INSERT=1,nova_cell0:UPDATE=1 {{(pid=110735) stat_writer /opt/stack/data/venv/lib/python3.12/site-packages/dbcounter.py:115}}
Jun 29 15:26:41.781773 np0000183481 nova-conductor[110741]: DEBUG dbcounter [-] [110741] Writing DB stats nova_cell0:SELECT=3,nova_cell0:UPDATE=1 {{(pid=110741) stat_writer /opt/stack/data/venv/lib/python3.12/site-packages/dbcounter.py:115}}
Jun 29 15:26:41.793745 np0000183481 nova-conductor[110755]: DEBUG dbcounter [-] [110755] Writing DB stats nova_cell0:SELECT=3 {{(pid=110755) stat_writer /opt/stack/data/venv/lib/python3.12/site-packages/dbcounter.py:115}}
Jun 29 15:26:41.800813 np0000183481 nova-conductor[110750]: DEBUG dbcounter [-] [110750] Writing DB stats nova_cell0:SELECT=3 {{(pid=110750) stat_writer /opt/stack/data/venv/lib/python3.12/site-packages/dbcounter.py:115}}
Jun 29 15:27:04.764743 np0000183481 nova-conductor[110735]: DEBUG oslo.service.backend._threading.loopingcall [None req-f5f58e2d-9a49-4cda-833c-dc80bc78a524 None None] Dynamic interval looping call 'nova.service.Service.periodic_tasks' sleeping for 60.00 seconds {{(pid=110735) _run_loop /opt/stack/data/venv/lib/python3.12/site-packages/oslo_service/backend/_threading/loopingcall.py:125}}
Jun 29 15:27:07.776294 np0000183481 nova-conductor[110755]: DEBUG oslo.service.backend._threading.loopingcall [None req-5ca6bcc0-fc61-4a7b-8ce1-9556ad11eaab None None] Dynamic interval looping call 'nova.service.Service.periodic_tasks' sleeping for 60.00 seconds {{(pid=110755) _run_loop /opt/stack/data/venv/lib/python3.12/site-packages/oslo_service/backend/_threading/loopingcall.py:125}}
Jun 29 15:27:13.765474 np0000183481 nova-conductor[110741]: DEBUG oslo.service.backend._threading.loopingcall [None req-7496045f-4a7c-44fe-b203-a9bb25542e63 None None] Dynamic interval looping call 'nova.service.Service.periodic_tasks' sleeping for 60.00 seconds {{(pid=110741) _run_loop /opt/stack/data/venv/lib/python3.12/site-packages/oslo_service/backend/_threading/loopingcall.py:125}}
Jun 29 15:27:36.790004 np0000183481 nova-conductor[110750]: DEBUG oslo.service.backend._threading.loopingcall [None req-b668ad36-229c-43d7-98a8-24a6298e8690 None None] Dynamic interval looping call 'nova.service.Service.periodic_tasks' sleeping for 60.00 seconds {{(pid=110750) _run_loop /opt/stack/data/venv/lib/python3.12/site-packages/oslo_service/backend/_threading/loopingcall.py:125}}
Jun 29 15:28:04.768657 np0000183481 nova-conductor[110735]: DEBUG oslo.service.backend._threading.loopingcall [None req-f5f58e2d-9a49-4cda-833c-dc80bc78a524 None None] Dynamic interval looping call 'nova.service.Service.periodic_tasks' sleeping for 60.00 seconds {{(pid=110735) _run_loop /opt/stack/data/venv/lib/python3.12/site-packages/oslo_service/backend/_threading/loopingcall.py:125}}
Jun 29 15:28:07.776298 np0000183481 nova-conductor[110755]: DEBUG oslo.service.backend._threading.loopingcall [None req-5ca6bcc0-fc61-4a7b-8ce1-9556ad11eaab None None] Dynamic interval looping call 'nova.service.Service.periodic_tasks' sleeping for 60.00 seconds {{(pid=110755) _run_loop /opt/stack/data/venv/lib/python3.12/site-packages/oslo_service/backend/_threading/loopingcall.py:125}}
Jun 29 15:28:13.766234 np0000183481 nova-conductor[110741]: DEBUG oslo.service.backend._threading.loopingcall [None req-7496045f-4a7c-44fe-b203-a9bb25542e63 None None] Dynamic interval looping call 'nova.service.Service.periodic_tasks' sleeping for 60.00 seconds {{(pid=110741) _run_loop /opt/stack/data/venv/lib/python3.12/site-packages/oslo_service/backend/_threading/loopingcall.py:125}}
Jun 29 15:28:31.781826 np0000183481 nova-conductor[110735]: DEBUG oslo.service.backend._threading.loopingcall [-] Fixed interval looping call 'nova.servicegroup.drivers.db.DbDriver._report_state' sleeping for 119.99 seconds {{(pid=110735) _run_loop /opt/stack/data/venv/lib/python3.12/site-packages/oslo_service/backend/_threading/loopingcall.py:125}}
Jun 29 15:28:31.783471 np0000183481 nova-conductor[110741]: DEBUG oslo.service.backend._threading.loopingcall [-] Fixed interval looping call 'nova.servicegroup.drivers.db.DbDriver._report_state' sleeping for 119.99 seconds {{(pid=110741) _run_loop /opt/stack/data/venv/lib/python3.12/site-packages/oslo_service/backend/_threading/loopingcall.py:125}}
Jun 29 15:28:31.786017 np0000183481 nova-conductor[110755]: DEBUG oslo.service.backend._threading.loopingcall [-] Fixed interval looping call 'nova.servicegroup.drivers.db.DbDriver._report_state' sleeping for 119.99 seconds {{(pid=110755) _run_loop /opt/stack/data/venv/lib/python3.12/site-packages/oslo_service/backend/_threading/loopingcall.py:125}}
Jun 29 15:28:31.799521 np0000183481 nova-conductor[110750]: DEBUG oslo.service.backend._threading.loopingcall [-] Fixed interval looping call 'nova.servicegroup.drivers.db.DbDriver._report_state' sleeping for 119.99 seconds {{(pid=110750) _run_loop /opt/stack/data/venv/lib/python3.12/site-packages/oslo_service/backend/_threading/loopingcall.py:125}}
Jun 29 15:28:36.791273 np0000183481 nova-conductor[110750]: DEBUG oslo.service.backend._threading.loopingcall [None req-b668ad36-229c-43d7-98a8-24a6298e8690 None None] Dynamic interval looping call 'nova.service.Service.periodic_tasks' sleeping for 60.00 seconds {{(pid=110750) _run_loop /opt/stack/data/venv/lib/python3.12/site-packages/oslo_service/backend/_threading/loopingcall.py:125}}
Jun 29 15:28:41.775351 np0000183481 nova-conductor[110735]: DEBUG dbcounter [-] [110735] Writing DB stats nova_cell0:SELECT=1,nova_cell0:UPDATE=1 {{(pid=110735) stat_writer /opt/stack/data/venv/lib/python3.12/site-packages/dbcounter.py:115}}
Jun 29 15:28:41.775887 np0000183481 nova-conductor[110741]: DEBUG dbcounter [-] [110741] Writing DB stats nova_cell0:SELECT=1,nova_cell0:UPDATE=1 {{(pid=110741) stat_writer /opt/stack/data/venv/lib/python3.12/site-packages/dbcounter.py:115}}
Jun 29 15:28:41.784920 np0000183481 nova-conductor[110755]: DEBUG dbcounter [-] [110755] Writing DB stats nova_cell0:SELECT=1,nova_cell0:UPDATE=1 {{(pid=110755) stat_writer /opt/stack/data/venv/lib/python3.12/site-packages/dbcounter.py:115}}
Jun 29 15:28:41.796265 np0000183481 nova-conductor[110750]: DEBUG dbcounter [-] [110750] Writing DB stats nova_cell0:SELECT=1 {{(pid=110750) stat_writer /opt/stack/data/venv/lib/python3.12/site-packages/dbcounter.py:115}}
Jun 29 15:29:04.769689 np0000183481 nova-conductor[110735]: DEBUG oslo.service.backend._threading.loopingcall [None req-f5f58e2d-9a49-4cda-833c-dc80bc78a524 None None] Dynamic interval looping call 'nova.service.Service.periodic_tasks' sleeping for 60.00 seconds {{(pid=110735) _run_loop /opt/stack/data/venv/lib/python3.12/site-packages/oslo_service/backend/_threading/loopingcall.py:125}}
Jun 29 15:29:07.777093 np0000183481 nova-conductor[110755]: DEBUG oslo.service.backend._threading.loopingcall [None req-5ca6bcc0-fc61-4a7b-8ce1-9556ad11eaab None None] Dynamic interval looping call 'nova.service.Service.periodic_tasks' sleeping for 60.00 seconds {{(pid=110755) _run_loop /opt/stack/data/venv/lib/python3.12/site-packages/oslo_service/backend/_threading/loopingcall.py:125}}
Jun 29 15:29:13.767448 np0000183481 nova-conductor[110741]: DEBUG oslo.service.backend._threading.loopingcall [None req-7496045f-4a7c-44fe-b203-a9bb25542e63 None None] Dynamic interval looping call 'nova.service.Service.periodic_tasks' sleeping for 60.00 seconds {{(pid=110741) _run_loop /opt/stack/data/venv/lib/python3.12/site-packages/oslo_service/backend/_threading/loopingcall.py:125}}
Jun 29 15:29:36.792040 np0000183481 nova-conductor[110750]: DEBUG oslo.service.backend._threading.loopingcall [None req-b668ad36-229c-43d7-98a8-24a6298e8690 None None] Dynamic interval looping call 'nova.service.Service.periodic_tasks' sleeping for 60.00 seconds {{(pid=110750) _run_loop /opt/stack/data/venv/lib/python3.12/site-packages/oslo_service/backend/_threading/loopingcall.py:125}}
Jun 29 15:30:04.770800 np0000183481 nova-conductor[110735]: DEBUG oslo.service.backend._threading.loopingcall [None req-f5f58e2d-9a49-4cda-833c-dc80bc78a524 None None] Dynamic interval looping call 'nova.service.Service.periodic_tasks' sleeping for 60.00 seconds {{(pid=110735) _run_loop /opt/stack/data/venv/lib/python3.12/site-packages/oslo_service/backend/_threading/loopingcall.py:125}}
Jun 29 15:30:07.780260 np0000183481 nova-conductor[110755]: DEBUG oslo.service.backend._threading.loopingcall [None req-5ca6bcc0-fc61-4a7b-8ce1-9556ad11eaab None None] Dynamic interval looping call 'nova.service.Service.periodic_tasks' sleeping for 60.00 seconds {{(pid=110755) _run_loop /opt/stack/data/venv/lib/python3.12/site-packages/oslo_service/backend/_threading/loopingcall.py:125}}
Jun 29 15:30:13.768064 np0000183481 nova-conductor[110741]: DEBUG oslo.service.backend._threading.loopingcall [None req-7496045f-4a7c-44fe-b203-a9bb25542e63 None None] Dynamic interval looping call 'nova.service.Service.periodic_tasks' sleeping for 60.00 seconds {{(pid=110741) _run_loop /opt/stack/data/venv/lib/python3.12/site-packages/oslo_service/backend/_threading/loopingcall.py:125}}
Jun 29 15:30:31.784164 np0000183481 nova-conductor[110735]: DEBUG oslo.service.backend._threading.loopingcall [-] Fixed interval looping call 'nova.servicegroup.drivers.db.DbDriver._report_state' sleeping for 119.99 seconds {{(pid=110735) _run_loop /opt/stack/data/venv/lib/python3.12/site-packages/oslo_service/backend/_threading/loopingcall.py:125}}
Jun 29 15:30:31.784832 np0000183481 nova-conductor[110755]: DEBUG oslo.service.backend._threading.loopingcall [-] Fixed interval looping call 'nova.servicegroup.drivers.db.DbDriver._report_state' sleeping for 119.99 seconds {{(pid=110755) _run_loop /opt/stack/data/venv/lib/python3.12/site-packages/oslo_service/backend/_threading/loopingcall.py:125}}
Jun 29 15:30:31.785251 np0000183481 nova-conductor[110741]: DEBUG oslo.service.backend._threading.loopingcall [-] Fixed interval looping call 'nova.servicegroup.drivers.db.DbDriver._report_state' sleeping for 119.99 seconds {{(pid=110741) _run_loop /opt/stack/data/venv/lib/python3.12/site-packages/oslo_service/backend/_threading/loopingcall.py:125}}
Jun 29 15:30:31.798326 np0000183481 nova-conductor[110750]: DEBUG oslo.service.backend._threading.loopingcall [-] Fixed interval looping call 'nova.servicegroup.drivers.db.DbDriver._report_state' sleeping for 119.99 seconds {{(pid=110750) _run_loop /opt/stack/data/venv/lib/python3.12/site-packages/oslo_service/backend/_threading/loopingcall.py:125}}
Jun 29 15:30:36.793881 np0000183481 nova-conductor[110750]: DEBUG oslo.service.backend._threading.loopingcall [None req-b668ad36-229c-43d7-98a8-24a6298e8690 None None] Dynamic interval looping call 'nova.service.Service.periodic_tasks' sleeping for 60.00 seconds {{(pid=110750) _run_loop /opt/stack/data/venv/lib/python3.12/site-packages/oslo_service/backend/_threading/loopingcall.py:125}}
Jun 29 15:30:41.777409 np0000183481 nova-conductor[110735]: DEBUG dbcounter [-] [110735] Writing DB stats nova_cell0:SELECT=1,nova_cell0:UPDATE=1 {{(pid=110735) stat_writer /opt/stack/data/venv/lib/python3.12/site-packages/dbcounter.py:115}}
Jun 29 15:30:41.779587 np0000183481 nova-conductor[110755]: DEBUG dbcounter [-] [110755] Writing DB stats nova_cell0:SELECT=1,nova_cell0:UPDATE=1 {{(pid=110755) stat_writer /opt/stack/data/venv/lib/python3.12/site-packages/dbcounter.py:115}}
Jun 29 15:30:41.782879 np0000183481 nova-conductor[110741]: DEBUG dbcounter [-] [110741] Writing DB stats nova_cell0:SELECT=1,nova_cell0:UPDATE=1 {{(pid=110741) stat_writer /opt/stack/data/venv/lib/python3.12/site-packages/dbcounter.py:115}}
Jun 29 15:30:41.792069 np0000183481 nova-conductor[110750]: DEBUG dbcounter [-] [110750] Writing DB stats nova_cell0:SELECT=1 {{(pid=110750) stat_writer /opt/stack/data/venv/lib/python3.12/site-packages/dbcounter.py:115}}
Jun 29 15:31:04.771341 np0000183481 nova-conductor[110735]: DEBUG oslo.service.backend._threading.loopingcall [None req-f5f58e2d-9a49-4cda-833c-dc80bc78a524 None None] Dynamic interval looping call 'nova.service.Service.periodic_tasks' sleeping for 60.00 seconds {{(pid=110735) _run_loop /opt/stack/data/venv/lib/python3.12/site-packages/oslo_service/backend/_threading/loopingcall.py:125}}
