2026-03-03 20:00:18.824 8 INFO placement.requestlog [None req-c7186657-7c12-4b29-9a55-da4811de1316 - - - - - -] 10.0.0.67 "GET /" status: 200 len: 136 microversion: 1.0
2026-03-03 20:00:18.825 7 INFO placement.requestlog [None req-24c4bcca-2d8d-4eb9-8577-47586625ddbe - - - - - -] 10.0.0.67 "GET /" status: 200 len: 136 microversion: 1.0
2026-03-03 20:00:25.799 8 INFO placement.requestlog [req-36d1dae4-0bf2-41c7-b7b2-3441e39561f4 req-32da665f-7164-4003-8b62-404a0bb82e28 ff8286d55b5d438aa83e7ead9e432dab 1b2daf5dcb0b4ec098c872689ec01839 - - 2b808ed9317e45118f752e7f863ee649 2b808ed9317e45118f752e7f863ee649] 199.204.45.74 "GET /resource_providers/9bcca342-ffb9-4d43-af3a-3b2508ae9e63/allocations" status: 200 len: 54 microversion: 1.0 [pid: 8|app: 0|req: 277/549] 199.204.45.74 () {32 vars in 856 bytes} [Tue Mar 3 20:00:25 2026] GET /resource_providers/9bcca342-ffb9-4d43-af3a-3b2508ae9e63/allocations => generated 54 bytes in 15 msecs (HTTP/1.1 200) 6 headers in 223 bytes (1 switches on core 0)
2026-03-03 20:00:25.824 7 INFO placement.requestlog [req-36d1dae4-0bf2-41c7-b7b2-3441e39561f4 req-0dbf2013-0875-4efc-bdc7-0a84596e1206 ff8286d55b5d438aa83e7ead9e432dab 1b2daf5dcb0b4ec098c872689ec01839 - - 2b808ed9317e45118f752e7f863ee649 2b808ed9317e45118f752e7f863ee649] 199.204.45.74 "GET /resource_providers/9bcca342-ffb9-4d43-af3a-3b2508ae9e63/allocations" status: 200 len: 54 microversion: 1.0 [pid: 7|app: 0|req: 273/550] 199.204.45.74 () {32 vars in 856 bytes} [Tue Mar 3 20:00:25 2026] GET /resource_providers/9bcca342-ffb9-4d43-af3a-3b2508ae9e63/allocations => generated 54 bytes in 15 msecs (HTTP/1.1 200) 6 headers in 223 bytes (1 switches on core 0)
2026-03-03 20:00:28.821 8 INFO placement.requestlog [None req-cede681a-6bc1-4769-b2b3-a808a70d4ee3 - - - - - -] 10.0.0.67 "GET /" status: 200 len: 136 microversion: 1.0
2026-03-03 20:00:28.821 7 INFO placement.requestlog [None req-9c92103d-a0f8-4451-8634-0cc6202397e1 - - - - - -] 10.0.0.67 "GET /" status: 200 len: 136 microversion: 1.0
2026-03-03 20:00:33.385 8 INFO placement.requestlog [None req-e8575ed1-0d6d-4990-87e4-0be97ab3268a 88bc7e770e2343fba972f41e82dc15e2 b129ae1e24d745eb8d8145773b6e57c5 - - default default] 10.0.0.15 "GET /resource_providers" status: 200 len: 405 microversion: 1.0 [pid: 8|app: 0|req: 279/553] 10.0.0.15 () {28 vars in 592 bytes} [Tue Mar 3 20:00:33 2026] GET /resource_providers => generated 405 bytes in 109 msecs (HTTP/1.1 200) 6 headers in 224 bytes (1 switches on core 0)
2026-03-03 20:00:33.414 7 INFO placement.requestlog [None req-34b0e2b9-93ce-4780-9517-d8742853cf96 88bc7e770e2343fba972f41e82dc15e2 b129ae1e24d745eb8d8145773b6e57c5 - - default default] 10.0.0.15 "GET /resource_providers/9bcca342-ffb9-4d43-af3a-3b2508ae9e63/inventories" status: 200 len: 400 microversion: 1.0 [pid: 7|app: 0|req: 275/554] 10.0.0.15 () {28 vars in 690 bytes} [Tue Mar 3 20:00:33 2026] GET /resource_providers/9bcca342-ffb9-4d43-af3a-3b2508ae9e63/inventories => generated 400 bytes in 23 msecs (HTTP/1.1 200) 6 headers in 224 bytes (1 switches on core 0)
2026-03-03 20:00:33.432 8 INFO placement.requestlog [None req-90aff5c1-bfd4-4806-ac8e-90d7fe512f5a 88bc7e770e2343fba972f41e82dc15e2 b129ae1e24d745eb8d8145773b6e57c5 - - default default] 10.0.0.15 "GET /resource_providers/9bcca342-ffb9-4d43-af3a-3b2508ae9e63/usages" status: 200 len: 88 microversion: 1.0 [pid: 8|app: 0|req: 280/555] 10.0.0.15 () {28 vars in 680 bytes} [Tue Mar 3 20:00:33 2026] GET /resource_providers/9bcca342-ffb9-4d43-af3a-3b2508ae9e63/usages => generated 88 bytes in 13 msecs (HTTP/1.1 200) 6 headers in 223 bytes (1 switches on core 0)
2026-03-03 20:00:38.821 7 INFO placement.requestlog [None req-7b319f88-dfcb-4406-a660-c6c22f044d14 - - - - - -] 10.0.0.67 "GET /" status: 200 len: 136 microversion: 1.0
2026-03-03 20:00:38.823 8 INFO placement.requestlog [None req-bed4e309-61fa-40aa-9d73-97adcb92b6fa - - - - - -] 10.0.0.67 "GET /" status: 200 len: 136 microversion: 1.0
2026-03-03 20:00:48.824 8 INFO placement.requestlog [None req-aff3a529-7c07-4687-9d8b-300d06339e07 - - - - - -] 10.0.0.67 "GET /" status: 200 len: 136 microversion: 1.0
2026-03-03 20:00:48.824 7 INFO placement.requestlog [None req-3e84a50e-45e3-4f6e-b859-bd57516cc87c - - - - - -] 10.0.0.67 "GET /" status: 200 len: 136 microversion: 1.0
2026-03-03 20:00:58.822 8 INFO placement.requestlog [None req-460a3b58-57fa-4a5b-a7c6-96a6e8a7b504 - - - - - -] 10.0.0.67 "GET /" status: 200 len: 136 microversion: 1.0
2026-03-03 20:00:58.822 7 INFO placement.requestlog [None req-be7ff9a6-2083-484d-b8d8-9eff408c0631 - - - - - -] 10.0.0.67 "GET /" status: 200 len: 136 microversion: 1.0
2026-03-03 20:01:08.822 8 INFO placement.requestlog [None req-cc88688b-feef-4ee9-837b-d3ed6d906bee - - - - - -] 10.0.0.67 "GET /" status: 200 len: 136 microversion: 1.0
2026-03-03 20:01:08.822 7 INFO placement.requestlog [None req-68d7694b-4d06-474d-bc75-04df750847cb - - - - - -] 10.0.0.67 "GET /" status: 200 len: 136 microversion: 1.0
2026-03-03 20:01:18.822 8 INFO placement.requestlog [None req-d8f2b164-6d59-49ba-9c87-ea6fd595d6e2 - - - - - -] 10.0.0.67 "GET /" status: 200 len: 136 microversion: 1.0
2026-03-03 20:01:18.822 7 INFO placement.requestlog [None req-62236aeb-6c8e-457a-816e-c7f9c9ae520d - - - - - -] 10.0.0.67 "GET /" status: 200 len: 136 microversion: 1.0
2026-03-03 20:01:27.663 8 INFO placement.requestlog [req-a6ed3207-724f-4e7f-b2e8-41c3bee24668 req-95a6c6d7-cb6f-4d98-8729-73465be799d7 ff8286d55b5d438aa83e7ead9e432dab 1b2daf5dcb0b4ec098c872689ec01839 - - 2b808ed9317e45118f752e7f863ee649 2b808ed9317e45118f752e7f863ee649] 199.204.45.74 "GET /resource_providers/9bcca342-ffb9-4d43-af3a-3b2508ae9e63/allocations" status: 200 len: 54 microversion: 1.0 [pid: 8|app: 0|req: 286/566] 199.204.45.74 () {32 vars in 856 bytes} [Tue Mar 3 20:01:27 2026] GET /resource_providers/9bcca342-ffb9-4d43-af3a-3b2508ae9e63/allocations => generated 54 bytes in 18 msecs (HTTP/1.1 200) 6 headers in 223 bytes (1 switches on core 0)
2026-03-03 20:01:27.680 7 INFO placement.requestlog [req-a6ed3207-724f-4e7f-b2e8-41c3bee24668 req-ac738e68-368f-42f4-bb0b-e87250efb125 ff8286d55b5d438aa83e7ead9e432dab 1b2daf5dcb0b4ec098c872689ec01839 - - 2b808ed9317e45118f752e7f863ee649 2b808ed9317e45118f752e7f863ee649] 199.204.45.74 "GET /resource_providers/9bcca342-ffb9-4d43-af3a-3b2508ae9e63/allocations" status: 200 len: 54 microversion: 1.0 [pid: 7|app: 0|req: 281/567] 199.204.45.74 () {32 vars in 856 bytes} [Tue Mar 3 20:01:27 2026] GET /resource_providers/9bcca342-ffb9-4d43-af3a-3b2508ae9e63/allocations => generated 54 bytes in 13 msecs (HTTP/1.1 200) 6 headers in 223 bytes (1 switches on core 0)
2026-03-03 20:01:28.822 8 INFO placement.requestlog [None req-1451883c-265e-43f5-890f-d79a47c4fbab - - - - - -] 10.0.0.67 "GET /" status: 200 len: 136 microversion: 1.0
2026-03-03 20:01:28.822 7 INFO placement.requestlog [None req-d93ca10b-4d48-4b72-92eb-c2f5af6a37af - - - - - -] 10.0.0.67 "GET /" status: 200 len: 136 microversion: 1.0
2026-03-03 20:01:33.369 7 INFO placement.requestlog [None req-92ba97dc-93ba-4396-8c8d-dd14bd61c0a8 88bc7e770e2343fba972f41e82dc15e2 b129ae1e24d745eb8d8145773b6e57c5 - - default default] 10.0.0.15 "GET /resource_providers" status: 200 len: 405 microversion: 1.0 [pid: 7|app: 0|req: 283/570] 10.0.0.15 () {28 vars in 592 bytes} [Tue Mar 3 20:01:33 2026] GET /resource_providers => generated 405 bytes in 70 msecs (HTTP/1.1 200) 6 headers in 224 bytes (1 switches on core 0)
2026-03-03 20:01:33.388 8 INFO placement.requestlog [None req-5654c3d2-0a48-48c8-84bc-a98cd743b322 88bc7e770e2343fba972f41e82dc15e2 b129ae1e24d745eb8d8145773b6e57c5 - - default default] 10.0.0.15 "GET /resource_providers/9bcca342-ffb9-4d43-af3a-3b2508ae9e63/inventories" status: 200 len: 400 microversion: 1.0 [pid: 8|app: 0|req: 288/571] 10.0.0.15 () {28 vars in 690 bytes} [Tue Mar 3 20:01:33 2026] GET /resource_providers/9bcca342-ffb9-4d43-af3a-3b2508ae9e63/inventories => generated 400 bytes in 13 msecs (HTTP/1.1 200) 6 headers in 224 bytes (1 switches on core 0)
2026-03-03 20:01:33.406 7 INFO placement.requestlog [None req-e0f6e2d8-3762-4828-99c5-7928d0070b02 88bc7e770e2343fba972f41e82dc15e2 b129ae1e24d745eb8d8145773b6e57c5 - - default default] 10.0.0.15 "GET /resource_providers/9bcca342-ffb9-4d43-af3a-3b2508ae9e63/usages" status: 200 len: 88 microversion: 1.0 [pid: 7|app: 0|req: 284/572] 10.0.0.15 () {28 vars in 680 bytes} [Tue Mar 3 20:01:33 2026] GET /resource_providers/9bcca342-ffb9-4d43-af3a-3b2508ae9e63/usages => generated 88 bytes in 14 msecs (HTTP/1.1 200) 6 headers in 223 bytes (1 switches on core 0)
2026-03-03 20:01:38.821 7 INFO placement.requestlog [None req-808938a2-1152-4d46-b071-12dbca4f1a34 - - - - - -] 10.0.0.67 "GET /" status: 200 len: 136 microversion: 1.0
2026-03-03 20:01:38.821 8 INFO placement.requestlog [None req-62e2cc28-6c9a-457c-a0ee-feaa30a89f1d - - - - - -] 10.0.0.67 "GET /" status: 200 len: 136 microversion: 1.0
2026-03-03 20:01:48.822 8 INFO placement.requestlog [None req-7cab0473-8771-4c0b-935a-048eb0143460 - - - - - -] 10.0.0.67 "GET /" status: 200 len: 136 microversion: 1.0
2026-03-03 20:01:48.822 7 INFO placement.requestlog [None req-08900d4d-5c58-4299-aeca-c37e2c350bad - - - - - -] 10.0.0.67 "GET /" status: 200 len: 136 microversion: 1.0
2026-03-03 20:01:58.822 7 INFO placement.requestlog [None req-1be83cc0-c3d7-4732-854c-a9b69f354d07 - - - - - -] 10.0.0.67 "GET /" status: 200 len: 136 microversion: 1.0
2026-03-03 20:01:58.823 8 INFO placement.requestlog [None req-b29fd2a8-fe57-4b8a-9da2-ec789b358a20 - - - - - -] 10.0.0.67 "GET /" status: 200 len: 136 microversion: 1.0
2026-03-03 20:02:08.822 7 INFO placement.requestlog [None req-d27a4cef-43df-4b41-a329-c95da8bb0923 - - - - - -] 10.0.0.67 "GET /" status: 200 len: 136 microversion: 1.0
2026-03-03 20:02:08.822 8 INFO placement.requestlog [None req-1db861a0-b244-4909-ad33-ee3d0285ec55 - - - - - -] 10.0.0.67 "GET /" status: 200 len: 136 microversion: 1.0
2026-03-03 20:02:18.821 7 INFO placement.requestlog [None req-ec3fd27d-9276-470c-8827-c2e970ddcea9 - - - - - -] 10.0.0.67 "GET /" status: 200 len: 136 microversion: 1.0
2026-03-03 20:02:18.822 8 INFO placement.requestlog [None req-9793f692-0d30-4475-9250-1c93350825f0 - - - - - -] 10.0.0.67 "GET /" status: 200 len: 136 microversion: 1.0
2026-03-03 20:02:27.715 8 INFO placement.requestlog [req-81952299-e7c8-402f-b421-8be70d999786 req-1b4485c0-0c62-416f-b6cd-e986c6265ef7 ff8286d55b5d438aa83e7ead9e432dab 1b2daf5dcb0b4ec098c872689ec01839 - - 2b808ed9317e45118f752e7f863ee649 2b808ed9317e45118f752e7f863ee649] 199.204.45.74 "GET /resource_providers/9bcca342-ffb9-4d43-af3a-3b2508ae9e63/allocations" status: 200 len: 54 microversion: 1.0 [pid: 8|app: 0|req: 294/583] 199.204.45.74 () {32 vars in 856 bytes} [Tue Mar 3 20:02:27 2026] GET /resource_providers/9bcca342-ffb9-4d43-af3a-3b2508ae9e63/allocations => generated 54 bytes in 14 msecs (HTTP/1.1 200) 6 headers in 223 bytes (1 switches on core 0)
2026-03-03 20:02:27.734 7 INFO placement.requestlog [req-81952299-e7c8-402f-b421-8be70d999786 req-cfe6a577-d270-4503-9727-aa0db7eded2b ff8286d55b5d438aa83e7ead9e432dab 1b2daf5dcb0b4ec098c872689ec01839 - - 2b808ed9317e45118f752e7f863ee649 2b808ed9317e45118f752e7f863ee649] 199.204.45.74 "GET /resource_providers/9bcca342-ffb9-4d43-af3a-3b2508ae9e63/allocations" status: 200 len: 54 microversion: 1.0 [pid: 7|app: 0|req: 290/584] 199.204.45.74 () {32 vars in 856 bytes} [Tue Mar 3 20:02:27 2026] GET /resource_providers/9bcca342-ffb9-4d43-af3a-3b2508ae9e63/allocations => generated 54 bytes in 14 msecs (HTTP/1.1 200) 6 headers in 223 bytes (1 switches on core 0)
2026-03-03 20:02:28.823 8 INFO placement.requestlog [None req-51b3be8d-e64f-4002-91a3-3aae0ba17c2b - - - - - -] 10.0.0.67 "GET /" status: 200 len: 136 microversion: 1.0
2026-03-03 20:02:28.823 7 INFO placement.requestlog [None req-bbd6e13c-7e6f-4f04-873b-cdd63acf184d - - - - - -] 10.0.0.67 "GET /" status: 200 len: 136 microversion: 1.0
2026-03-03 20:02:33.501 8 INFO placement.requestlog [None req-1e40e578-4907-4607-bbcd-a025e7121b14 88bc7e770e2343fba972f41e82dc15e2 b129ae1e24d745eb8d8145773b6e57c5 - - default default] 10.0.0.15 "GET /resource_providers" status: 200 len: 405 microversion: 1.0 [pid: 8|app: 0|req: 296/587] 10.0.0.15 () {28 vars in 592 bytes} [Tue Mar 3 20:02:33 2026] GET /resource_providers => generated 405 bytes in 129 msecs (HTTP/1.1 200) 6 headers in 224 bytes (1 switches on core 0)
2026-03-03 20:02:33.537 7 INFO placement.requestlog [None req-87a4c86a-c3bc-4a2c-b1fa-b5454080a9ac 88bc7e770e2343fba972f41e82dc15e2 b129ae1e24d745eb8d8145773b6e57c5 - - default default] 10.0.0.15 "GET /resource_providers/9bcca342-ffb9-4d43-af3a-3b2508ae9e63/inventories" status: 200 len: 400 microversion: 1.0 [pid: 7|app: 0|req: 292/588] 10.0.0.15 () {28 vars in 690 bytes} [Tue Mar 3 20:02:33 2026] GET /resource_providers/9bcca342-ffb9-4d43-af3a-3b2508ae9e63/inventories => generated 400 bytes in 29 msecs (HTTP/1.1 200) 6 headers in 224 bytes (1 switches on core 0)
2026-03-03 20:02:33.554 8 INFO placement.requestlog [None req-cbd13f55-64e2-4508-9672-da234ae6a595 88bc7e770e2343fba972f41e82dc15e2 b129ae1e24d745eb8d8145773b6e57c5 - - default default] 10.0.0.15 "GET /resource_providers/9bcca342-ffb9-4d43-af3a-3b2508ae9e63/usages" status: 200 len: 88 microversion: 1.0 [pid: 8|app: 0|req: 297/589] 10.0.0.15 () {28 vars in 680 bytes} [Tue Mar 3 20:02:33 2026] GET /resource_providers/9bcca342-ffb9-4d43-af3a-3b2508ae9e63/usages => generated 88 bytes in 9 msecs (HTTP/1.1 200) 6 headers in 223 bytes (1 switches on core 0)
2026-03-03 20:02:38.821 7 INFO placement.requestlog [None req-b9d4649b-8ec7-4e3c-baab-875dd1cae35e - - - - - -] 10.0.0.67 "GET /" status: 200 len: 136 microversion: 1.0
2026-03-03 20:02:38.822 8 INFO placement.requestlog [None req-42e729b2-3497-404e-8f10-0fd6734688f1 - - - - - -] 10.0.0.67 "GET /" status: 200 len: 136 microversion: 1.0
2026-03-03 20:02:48.821 7 INFO placement.requestlog [None req-31caaa3a-c492-4058-b5cf-dcd9c743af47 - - - - - -] 10.0.0.67 "GET /" status: 200 len: 136 microversion: 1.0
2026-03-03 20:02:48.822 8 INFO placement.requestlog [None req-d53adfff-0c44-4a38-ab4d-5d9fa1d41ff4 - - - - - -] 10.0.0.67 "GET /" status: 200 len: 136 microversion: 1.0
2026-03-03 20:02:58.822 7 INFO placement.requestlog [None req-d3031d8c-fced-4396-b275-ae2c0a5fa89e - - - - - -] 10.0.0.67 "GET /" status: 200 len: 136 microversion: 1.0
2026-03-03 20:02:58.823 8 INFO placement.requestlog [None req-42454705-0b0d-4a10-93d0-aa0e5c3b92df - - - - - -] 10.0.0.67 "GET /" status: 200 len: 136 microversion: 1.0
2026-03-03 20:03:08.821 7 INFO placement.requestlog [None req-a0c297c7-135a-4a60-ac37-ed50dbef1743 - - - - - -] 10.0.0.67 "GET /" status: 200 len: 136 microversion: 1.0
2026-03-03 20:03:08.822 8 INFO placement.requestlog [None req-5a348e68-95a0-47d6-ac11-5ef67c4ba075 - - - - - -] 10.0.0.67 "GET /" status: 200 len: 136 microversion: 1.0
2026-03-03 20:03:18.822 7 INFO placement.requestlog [None req-c7cf9931-78a6-4bb1-a752-099c5f2d92b9 - - - - - -] 10.0.0.67 "GET /" status: 200 len: 136 microversion: 1.0
2026-03-03 20:03:18.822 8 INFO placement.requestlog [None req-693b0ec0-3153-4bdc-8a75-b2ea54b0990c - - - - - -] 10.0.0.67 "GET /" status: 200 len: 136 microversion: 1.0
2026-03-03 20:03:28.822 8 INFO placement.requestlog [None req-1e665ff9-3c3f-45cd-94e7-2b6aba579a27 - - - - - -] 10.0.0.67 "GET /" status: 200 len: 136 microversion: 1.0
2026-03-03 20:03:28.822 7 INFO placement.requestlog [None req-cf54886d-ecd0-443b-84c2-e871544d05c5 - - - - - -] 10.0.0.67 "GET /" status: 200 len: 136 microversion: 1.0
2026-03-03 20:03:29.691 8 INFO placement.requestlog [req-b881e009-1e09-4d6b-aee2-8c6fba69053f req-3699aa52-716e-4df1-81a8-2458a2954918 ff8286d55b5d438aa83e7ead9e432dab 1b2daf5dcb0b4ec098c872689ec01839 - - 2b808ed9317e45118f752e7f863ee649 2b808ed9317e45118f752e7f863ee649] 199.204.45.74 "GET /resource_providers/9bcca342-ffb9-4d43-af3a-3b2508ae9e63/allocations" status: 200 len: 54 microversion: 1.0 [pid: 8|app: 0|req: 304/602] 199.204.45.74 () {32 vars in 856 bytes} [Tue Mar 3 20:03:29 2026] GET /resource_providers/9bcca342-ffb9-4d43-af3a-3b2508ae9e63/allocations => generated 54 bytes in 16 msecs (HTTP/1.1 200) 6 headers in 223 bytes (1 switches on core 0)
2026-03-03 20:03:29.714 7 INFO placement.requestlog [req-b881e009-1e09-4d6b-aee2-8c6fba69053f req-e538dad1-4bc5-4a62-ba6d-830104062e53 ff8286d55b5d438aa83e7ead9e432dab 1b2daf5dcb0b4ec098c872689ec01839 - - 2b808ed9317e45118f752e7f863ee649 2b808ed9317e45118f752e7f863ee649] 199.204.45.74 "GET /resource_providers/9bcca342-ffb9-4d43-af3a-3b2508ae9e63/allocations" status: 200 len: 54 microversion: 1.0 [pid: 7|app: 0|req: 299/603] 199.204.45.74 () {32 vars in 856 bytes} [Tue Mar 3 20:03:29 2026] GET /resource_providers/9bcca342-ffb9-4d43-af3a-3b2508ae9e63/allocations => generated 54 bytes in 15 msecs (HTTP/1.1 200) 6 headers in 223 bytes (1 switches on core 0)
2026-03-03 20:03:33.450 8 INFO placement.requestlog [None req-a3eb4350-f788-4b07-92ac-8e0b852f2528 88bc7e770e2343fba972f41e82dc15e2 b129ae1e24d745eb8d8145773b6e57c5 - - default default] 10.0.0.15 "GET /resource_providers" status: 200 len: 405 microversion: 1.0 [pid: 8|app: 0|req: 305/604] 10.0.0.15 () {28 vars in 592 bytes} [Tue Mar 3 20:03:33 2026] GET /resource_providers => generated 405 bytes in 98 msecs (HTTP/1.1 200) 6 headers in 224 bytes (1 switches on core 0)
2026-03-03 20:03:33.482 7 INFO placement.requestlog [None req-5ef47115-382f-498e-8306-d7ff890de037 88bc7e770e2343fba972f41e82dc15e2 b129ae1e24d745eb8d8145773b6e57c5 - - default default] 10.0.0.15 "GET /resource_providers/9bcca342-ffb9-4d43-af3a-3b2508ae9e63/inventories" status: 200 len: 400 microversion: 1.0 [pid: 7|app: 0|req: 300/605] 10.0.0.15 () {28 vars in 690 bytes} [Tue Mar 3 20:03:33 2026] GET /resource_providers/9bcca342-ffb9-4d43-af3a-3b2508ae9e63/inventories => generated 400 bytes in 24 msecs (HTTP/1.1 200) 6 headers in 224 bytes (1 switches on core 0)
2026-03-03 20:03:33.514 8 INFO placement.requestlog [None req-b0de9eea-2e32-4ea3-bd0d-bc82957e6c86 88bc7e770e2343fba972f41e82dc15e2 b129ae1e24d745eb8d8145773b6e57c5 - - default default] 10.0.0.15 "GET /resource_providers/9bcca342-ffb9-4d43-af3a-3b2508ae9e63/usages" status: 200 len: 88 microversion: 1.0 [pid: 8|app: 0|req: 306/606] 10.0.0.15 () {28 vars in 680 bytes} [Tue Mar 3 20:03:33 2026] GET /resource_providers/9bcca342-ffb9-4d43-af3a-3b2508ae9e63/usages => generated 88 bytes in 20 msecs (HTTP/1.1 200) 6 headers in 223 bytes (1 switches on core 0)
2026-03-03 20:03:38.822 8 INFO placement.requestlog [None req-6f528890-54da-4b45-a874-da0049aa49a2 - - - - - -] 10.0.0.67 "GET /" status: 200 len: 136 microversion: 1.0
2026-03-03 20:03:38.822 7 INFO placement.requestlog [None req-b0081169-ff07-4905-a6e2-cb1cde33b205 - - - - - -] 10.0.0.67 "GET /" status: 200 len: 136 microversion: 1.0
2026-03-03 20:03:48.822 8 INFO placement.requestlog [None req-3470f820-b664-4a21-8e6d-753d89832541 - - - - - -] 10.0.0.67 "GET /" status: 200 len: 136 microversion: 1.0
2026-03-03 20:03:48.822 7 INFO placement.requestlog [None req-99cf9c7d-7ea5-4f7d-855f-a426daba2816 - - - - - -] 10.0.0.67 "GET /" status: 200 len: 136 microversion: 1.0
2026-03-03 20:03:58.821 7 INFO placement.requestlog [None req-87df0077-88d4-4055-8532-5d9e459c9653 - - - - - -] 10.0.0.67 "GET /" status: 200 len: 136 microversion: 1.0
2026-03-03 20:03:58.822 8 INFO placement.requestlog [None req-bcccb188-3d60-4ad8-be0f-1c80b42b81f7 - - - - - -] 10.0.0.67 "GET /" status: 200 len: 136 microversion: 1.0
2026-03-03 20:04:08.822 8 INFO placement.requestlog [None req-eb52d6c3-4aa0-4a61-85b8-f952a0472afb - - - - - -] 10.0.0.67 "GET /" status: 200 len: 136 microversion: 1.0
2026-03-03 20:04:08.822 7 INFO placement.requestlog [None req-01d61f48-40cf-4625-8648-429d7f491fb6 - - - - - -] 10.0.0.67 "GET /" status: 200 len: 136 microversion: 1.0
2026-03-03 20:04:18.822 7 INFO placement.requestlog [None req-9601b831-1ce6-43cf-b4e1-dc1baeba3773 - - - - - -] 10.0.0.67 "GET /" status: 200 len: 136 microversion: 1.0
2026-03-03 20:04:18.822 8 INFO placement.requestlog [None req-3683c1df-3e07-40e3-94ff-abfa341d22b0 - - - - - -] 10.0.0.67 "GET /" status: 200 len: 136 microversion: 1.0
2026-03-03 20:04:28.824 8 INFO placement.requestlog [None req-5566398d-295e-41a8-89c9-a5386a4dc097 - - - - - -] 10.0.0.67 "GET /" status: 200 len: 136 microversion: 1.0
2026-03-03 20:04:28.824 7 INFO placement.requestlog [None req-2c4ca950-4aec-472a-993b-2bdea68f87d9 - - - - - -] 10.0.0.67 "GET /" status: 200 len: 136 microversion: 1.0
2026-03-03 20:04:29.788 8 INFO placement.requestlog [req-f01eec58-89c2-41c7-b06c-5e5b811fbb14 req-c4aa898f-eb20-4d47-a9de-d3aab6981a05 ff8286d55b5d438aa83e7ead9e432dab 1b2daf5dcb0b4ec098c872689ec01839 - - 2b808ed9317e45118f752e7f863ee649 2b808ed9317e45118f752e7f863ee649] 199.204.45.74 "GET /resource_providers/9bcca342-ffb9-4d43-af3a-3b2508ae9e63/allocations" status: 200 len: 54 microversion: 1.0 [pid: 8|app: 0|req: 313/619] 199.204.45.74 () {32 vars in 856 bytes} [Tue Mar 3 20:04:29 2026] GET /resource_providers/9bcca342-ffb9-4d43-af3a-3b2508ae9e63/allocations => generated 54 bytes in 95 msecs (HTTP/1.1 200) 6 headers in 223 bytes (1 switches on core 0)
2026-03-03 20:04:29.812 7 INFO placement.requestlog [req-f01eec58-89c2-41c7-b06c-5e5b811fbb14 req-ad37b103-ee11-41dd-a36c-271984cf29ee ff8286d55b5d438aa83e7ead9e432dab 1b2daf5dcb0b4ec098c872689ec01839 - - 2b808ed9317e45118f752e7f863ee649 2b808ed9317e45118f752e7f863ee649] 199.204.45.74 "GET /resource_providers?in_tree=9bcca342-ffb9-4d43-af3a-3b2508ae9e63" status: 200 len: 797 microversion: 1.14 [pid: 7|app: 0|req: 307/620] 199.204.45.74 () {34 vars in 891 bytes} [Tue Mar 3 20:04:29 2026] GET /resource_providers?in_tree=9bcca342-ffb9-4d43-af3a-3b2508ae9e63 => generated 797 bytes in 16 msecs (HTTP/1.1 200) 6 headers in 225 bytes (1 switches on core 0)
2026-03-03 20:04:29.833 8 INFO placement.requestlog [req-f01eec58-89c2-41c7-b06c-5e5b811fbb14 req-353738ea-c448-443b-81b7-efa34f6ae0f0 ff8286d55b5d438aa83e7ead9e432dab 1b2daf5dcb0b4ec098c872689ec01839 - - 2b808ed9317e45118f752e7f863ee649 2b808ed9317e45118f752e7f863ee649] 199.204.45.74 "GET /resource_providers/9bcca342-ffb9-4d43-af3a-3b2508ae9e63/inventories" status: 200 len: 400 microversion: 1.0 [pid: 8|app: 0|req: 314/621] 199.204.45.74 () {32 vars in 856 bytes} [Tue Mar 3 20:04:29 2026] GET /resource_providers/9bcca342-ffb9-4d43-af3a-3b2508ae9e63/inventories => generated 400 bytes in 14 msecs (HTTP/1.1 200) 6 headers in 224 bytes (1 switches on core 0)
2026-03-03 20:04:29.850 7 INFO placement.requestlog [req-f01eec58-89c2-41c7-b06c-5e5b811fbb14 req-76a5260b-a993-40f7-b96d-46bd520d44d8 ff8286d55b5d438aa83e7ead9e432dab 1b2daf5dcb0b4ec098c872689ec01839 - - 2b808ed9317e45118f752e7f863ee649 2b808ed9317e45118f752e7f863ee649] 199.204.45.74 "GET /resource_providers/9bcca342-ffb9-4d43-af3a-3b2508ae9e63/aggregates" status: 200 len: 53 microversion: 1.19 [pid: 7|app: 0|req: 308/622] 199.204.45.74 () {34 vars in 898 bytes} [Tue Mar 3 20:04:29 2026] GET /resource_providers/9bcca342-ffb9-4d43-af3a-3b2508ae9e63/aggregates => generated 53 bytes in 11 msecs (HTTP/1.1 200) 8 headers in 295 bytes (1 switches on core 0)
2026-03-03 20:04:29.889 8 INFO placement.requestlog [req-f01eec58-89c2-41c7-b06c-5e5b811fbb14 req-5693ceb0-1768-474b-a5e1-828315d34e29 ff8286d55b5d438aa83e7ead9e432dab 1b2daf5dcb0b4ec098c872689ec01839 - - 2b808ed9317e45118f752e7f863ee649 2b808ed9317e45118f752e7f863ee649] 199.204.45.74 "GET /resource_providers/9bcca342-ffb9-4d43-af3a-3b2508ae9e63/traits" status: 200 len: 2316 microversion: 1.6 [pid: 8|app: 0|req: 315/623] 199.204.45.74 () {34 vars in 889 bytes} [Tue Mar 3 20:04:29 2026] GET /resource_providers/9bcca342-ffb9-4d43-af3a-3b2508ae9e63/traits => generated 2316 bytes in 32 msecs (HTTP/1.1 200) 6 headers in 225 bytes (1 switches on core 0)
2026-03-03 20:04:29.913 7 INFO placement.requestlog [req-f01eec58-89c2-41c7-b06c-5e5b811fbb14 req-b68920ac-26fc-45d0-bbdb-a0b66997b340 ff8286d55b5d438aa83e7ead9e432dab 1b2daf5dcb0b4ec098c872689ec01839 - - 2b808ed9317e45118f752e7f863ee649 2b808ed9317e45118f752e7f863ee649] 199.204.45.74 "GET /resource_providers/9bcca342-ffb9-4d43-af3a-3b2508ae9e63/allocations" status: 200 len: 54 microversion: 1.0 [pid: 7|app: 0|req: 309/624] 199.204.45.74 () {32 vars in 856 bytes} [Tue Mar 3 20:04:29 2026] GET /resource_providers/9bcca342-ffb9-4d43-af3a-3b2508ae9e63/allocations => generated 54 bytes in 18 msecs (HTTP/1.1 200) 6 headers in 223 bytes (1 switches on core 0)
2026-03-03 20:04:33.448 8 INFO placement.requestlog [None req-2f392d7d-6a64-4255-a2c6-a0762be638d4 88bc7e770e2343fba972f41e82dc15e2 b129ae1e24d745eb8d8145773b6e57c5 - - default default] 10.0.0.15 "GET /resource_providers" status: 200 len: 405 microversion: 1.0 [pid: 8|app: 0|req: 316/625] 10.0.0.15 () {28 vars in 592 bytes} [Tue Mar 3 20:04:33 2026] GET /resource_providers => generated 405 bytes in 56 msecs (HTTP/1.1 200) 6 headers in 224 bytes (1 switches on core 0)
2026-03-03 20:04:33.466 7 INFO placement.requestlog [None req-352cb761-f263-4544-accd-01e661b2ef3f 88bc7e770e2343fba972f41e82dc15e2 b129ae1e24d745eb8d8145773b6e57c5 - - default default] 10.0.0.15 "GET /resource_providers/9bcca342-ffb9-4d43-af3a-3b2508ae9e63/inventories" status: 200 len: 400 microversion: 1.0 [pid: 7|app: 0|req: 310/626] 10.0.0.15 () {28 vars in 690 bytes} [Tue Mar 3 20:04:33 2026] GET /resource_providers/9bcca342-ffb9-4d43-af3a-3b2508ae9e63/inventories => generated 400 bytes in 13 msecs (HTTP/1.1 200) 6 headers in 224 bytes (1 switches on core 0)
2026-03-03 20:04:33.491 8 INFO placement.requestlog [None req-a817c69d-26e3-4fa1-ae9e-8582dc28f789 88bc7e770e2343fba972f41e82dc15e2 b129ae1e24d745eb8d8145773b6e57c5 - - default default] 10.0.0.15 "GET /resource_providers/9bcca342-ffb9-4d43-af3a-3b2508ae9e63/usages" status: 200 len: 88 microversion: 1.0 [pid: 8|app: 0|req: 317/627] 10.0.0.15 () {28 vars in 680 bytes} [Tue Mar 3 20:04:33 2026] GET /resource_providers/9bcca342-ffb9-4d43-af3a-3b2508ae9e63/usages => generated 88 bytes in 20 msecs (HTTP/1.1 200) 6 headers in 223 bytes (1 switches on core 0)
2026-03-03 20:04:38.822 8 INFO placement.requestlog [None req-8458bfc2-b5e0-47d4-8538-267b760dd6ab - - - - - -] 10.0.0.67 "GET /" status: 200 len: 136 microversion: 1.0
2026-03-03 20:04:38.822 7 INFO placement.requestlog [None req-97f28d80-a84a-4b00-a3e4-a447b327e5c8 - - - - - -] 10.0.0.67 "GET /" status: 200 len: 136 microversion: 1.0
2026-03-03 20:04:48.822 8 INFO placement.requestlog [None req-dea244da-0408-41e9-81ee-e68c0deacab2 - - - - - -] 10.0.0.67 "GET /" status: 200 len: 136 microversion: 1.0
2026-03-03 20:04:48.822 7 INFO placement.requestlog [None req-cb2eb8f5-68e5-4740-9846-2c651acf9127 - - - - - -] 10.0.0.67 "GET /" status: 200 len: 136 microversion: 1.0
2026-03-03 20:04:58.822 7 INFO placement.requestlog [None req-4f7be807-795b-463e-b53c-21a98840be15 - - - - - -] 10.0.0.67 "GET /" status: 200 len: 136 microversion: 1.0
2026-03-03 20:04:58.822 8 INFO placement.requestlog [None req-a8338302-5971-463f-8ab6-da6461394233 - - - - - -] 10.0.0.67 "GET /" status: 200 len: 136 microversion: 1.0
2026-03-03 20:05:08.821 8 INFO placement.requestlog [None req-5f19b4ee-8ccc-4479-901a-71eaf568f206 - - - - - -] 10.0.0.67 "GET /" status: 200 len: 136 microversion: 1.0
2026-03-03 20:05:08.822 7 INFO placement.requestlog [None req-63baab44-7f45-4304-99ab-08a072d4778e - - - - - -] 10.0.0.67 "GET /" status: 200 len: 136 microversion: 1.0
2026-03-03 20:05:18.822 8 INFO placement.requestlog [None req-ac2692ef-56ea-42dc-b8ee-6e7d9a9ed3ad - - - - - -] 10.0.0.67 "GET /" status: 200 len: 136 microversion: 1.0
2026-03-03 20:05:18.822 7 INFO placement.requestlog [None req-91aca9e3-a5bb-42e2-85b8-56b7e3bbb0f3 - - - - - -] 10.0.0.67 "GET /" status: 200 len: 136 microversion: 1.0
2026-03-03 20:05:28.822 7 INFO placement.requestlog [None req-5b9caff7-678f-4564-b768-c14d5e65d66c - - - - - -] 10.0.0.67 "GET /" status: 200 len: 136 microversion: 1.0
2026-03-03 20:05:28.822 8 INFO placement.requestlog [None req-2c7c9a1d-53d4-4f96-a7f4-5e6d219537f8 - - - - - -] 10.0.0.67 "GET /" status: 200 len: 136 microversion: 1.0
2026-03-03 20:05:30.592 7 INFO placement.requestlog [req-4d069b1f-8b24-4cbb-91dc-799b2121faff req-0aa1b53e-5715-45fa-8752-fcccc1d388db ff8286d55b5d438aa83e7ead9e432dab 1b2daf5dcb0b4ec098c872689ec01839 - - 2b808ed9317e45118f752e7f863ee649 2b808ed9317e45118f752e7f863ee649] 199.204.45.74 "GET /resource_providers/9bcca342-ffb9-4d43-af3a-3b2508ae9e63/allocations" status: 200 len: 54 microversion: 1.0 [pid: 7|app: 0|req: 317/640] 199.204.45.74 () {32 vars in 856 bytes} [Tue Mar 3 20:05:30 2026] GET /resource_providers/9bcca342-ffb9-4d43-af3a-3b2508ae9e63/allocations => generated 54 bytes in 22 msecs (HTTP/1.1 200) 6 headers in 223 bytes (1 switches on core 0)
2026-03-03 20:05:30.672 8 INFO placement.requestlog [req-4d069b1f-8b24-4cbb-91dc-799b2121faff req-c5730481-9718-46bd-ba6a-6039fc0ce38f ff8286d55b5d438aa83e7ead9e432dab 1b2daf5dcb0b4ec098c872689ec01839 - - 2b808ed9317e45118f752e7f863ee649 2b808ed9317e45118f752e7f863ee649] 199.204.45.74 "GET /resource_providers/9bcca342-ffb9-4d43-af3a-3b2508ae9e63/allocations" status: 200 len: 54 microversion: 1.0 [pid: 8|app: 0|req: 324/641] 199.204.45.74 () {32 vars in 856 bytes} [Tue Mar 3 20:05:30 2026] GET /resource_providers/9bcca342-ffb9-4d43-af3a-3b2508ae9e63/allocations => generated 54 bytes in 72 msecs (HTTP/1.1 200) 6 headers in 223 bytes (1 switches on core 0)
2026-03-03 20:05:34.836 7 INFO placement.requestlog [None req-55f1f37d-9015-461b-a089-dba21f18f9a2 88bc7e770e2343fba972f41e82dc15e2 b129ae1e24d745eb8d8145773b6e57c5 - - default default] 10.0.0.15 "GET /resource_providers" status: 200 len: 405 microversion: 1.0 [pid: 7|app: 0|req: 318/642] 10.0.0.15 () {28 vars in 592 bytes} [Tue Mar 3 20:05:34 2026] GET /resource_providers => generated 405 bytes in 117 msecs (HTTP/1.1 200) 6 headers in 224 bytes (1 switches on core 0)
2026-03-03 20:05:34.855 8 INFO placement.requestlog [None req-ceca349c-7532-4f56-9cb5-63c2bb340586 88bc7e770e2343fba972f41e82dc15e2 b129ae1e24d745eb8d8145773b6e57c5 - - default default] 10.0.0.15 "GET /resource_providers/9bcca342-ffb9-4d43-af3a-3b2508ae9e63/inventories" status: 200 len: 400 microversion: 1.0 [pid: 8|app: 0|req: 325/643] 10.0.0.15 () {28 vars in 690 bytes} [Tue Mar 3 20:05:34 2026] GET /resource_providers/9bcca342-ffb9-4d43-af3a-3b2508ae9e63/inventories => generated 400 bytes in 15 msecs (HTTP/1.1 200) 6 headers in 224 bytes (1 switches on core 0)
2026-03-03 20:05:34.874 7 INFO placement.requestlog [None req-f69def18-e8e0-49e7-aab4-08547bcc4ad2 88bc7e770e2343fba972f41e82dc15e2 b129ae1e24d745eb8d8145773b6e57c5 - - default default] 10.0.0.15 "GET /resource_providers/9bcca342-ffb9-4d43-af3a-3b2508ae9e63/usages" status: 200 len: 88 microversion: 1.0 [pid: 7|app: 0|req: 319/644] 10.0.0.15 () {28 vars in 680 bytes} [Tue Mar 3 20:05:34 2026] GET /resource_providers/9bcca342-ffb9-4d43-af3a-3b2508ae9e63/usages => generated 88 bytes in 13 msecs (HTTP/1.1 200) 6 headers in 223 bytes (1 switches on core 0)
2026-03-03 20:05:38.821 8 INFO placement.requestlog [None req-446b2b3f-6c6b-42f4-b9a8-30d57351dceb - - - - - -] 10.0.0.67 "GET /" status: 200 len: 136 microversion: 1.0
2026-03-03 20:05:38.821 7 INFO placement.requestlog [None req-7821b23f-54aa-490e-acf0-c7058c1b9875 - - - - - -] 10.0.0.67 "GET /" status: 200 len: 136 microversion: 1.0
2026-03-03 20:05:48.822 7 INFO placement.requestlog [None req-1bd0d57d-808d-45ba-b8e7-e31e5b9f480f - - - - - -] 10.0.0.67 "GET /" status: 200 len: 136 microversion: 1.0
2026-03-03 20:05:48.822 8 INFO placement.requestlog [None req-896f871f-5363-43d7-b72b-c34c1bb0cfdc - - - - - -] 10.0.0.67 "GET /" status: 200 len: 136 microversion: 1.0
2026-03-03 20:05:58.821 7 INFO placement.requestlog [None req-993e20c5-9ca9-4eb4-9d38-e8ec2c54cbc1 - - - - - -] 10.0.0.67 "GET /" status: 200 len: 136 microversion: 1.0
2026-03-03 20:05:58.823 8 INFO placement.requestlog [None req-b745e99b-9d14-4b62-a2a2-e09831346007 - - - - - -] 10.0.0.67 "GET /" status: 200 len: 136 microversion: 1.0
2026-03-03 20:06:08.822 7 INFO placement.requestlog [None req-b12b2820-f1a6-434c-b6e8-20d3ceee68b9 - - - - - -] 10.0.0.67 "GET /" status: 200 len: 136 microversion: 1.0
2026-03-03 20:06:08.822 8 INFO placement.requestlog [None req-dbfaab9b-e2a2-4a05-b800-28973cc88a1d - - - - - -] 10.0.0.67 "GET /" status: 200 len: 136 microversion: 1.0
2026-03-03 20:06:10.188 7 INFO placement.requestlog [req-a9166d6f-2610-46e4-928d-09600efcd738 req-edf62798-b9ed-4bb9-9773-b07a9d39e55e ff8286d55b5d438aa83e7ead9e432dab 1b2daf5dcb0b4ec098c872689ec01839 - - 2b808ed9317e45118f752e7f863ee649 2b808ed9317e45118f752e7f863ee649] 10.0.0.231 "GET /allocation_candidates?limit=1000&resources=DISK_GB%3A1%2CMEMORY_MB%3A512%2CVCPU%3A1&root_required=%21COMPUTE_STATUS_DISABLED" status: 200 len: 2781 microversion: 1.36 [pid: 7|app: 0|req: 324/653] 10.0.0.231 () {34 vars in 1012 bytes} [Tue Mar 3 20:06:10 2026] GET /allocation_candidates?limit=1000&resources=DISK_GB%3A1%2CMEMORY_MB%3A512%2CVCPU%3A1&root_required=%21COMPUTE_STATUS_DISABLED => generated 2781 bytes in 169 msecs (HTTP/1.1 200) 8 headers in 297 bytes (1 switches on core 0)
2026-03-03 20:06:10.237 8 INFO placement.requestlog [req-a9166d6f-2610-46e4-928d-09600efcd738 req-c4a5c1a2-7d02-41b1-b3b1-319f295cbaea ff8286d55b5d438aa83e7ead9e432dab 1b2daf5dcb0b4ec098c872689ec01839 - - 2b808ed9317e45118f752e7f863ee649 2b808ed9317e45118f752e7f863ee649] 10.0.0.231 "GET /allocations/8d72273b-836d-4f95-8790-a17265ed2fb1" status: 200 len: 19 microversion: 1.28 [pid: 8|app: 0|req: 330/654] 10.0.0.231 () {34 vars in 861 bytes} [Tue Mar 3 20:06:10 2026] GET /allocations/8d72273b-836d-4f95-8790-a17265ed2fb1 => generated 19 bytes in 21 msecs (HTTP/1.1 200) 8 headers in 295 bytes (1 switches on core 0)
2026-03-03 20:06:10.314 7 INFO placement.requestlog [req-a9166d6f-2610-46e4-928d-09600efcd738 req-c5027b0d-6e4f-4e9d-8c34-6d02df9a655a ff8286d55b5d438aa83e7ead9e432dab 1b2daf5dcb0b4ec098c872689ec01839 - - 2b808ed9317e45118f752e7f863ee649 2b808ed9317e45118f752e7f863ee649] 10.0.0.231 "PUT /allocations/8d72273b-836d-4f95-8790-a17265ed2fb1" status: 204 len: 0 microversion: 1.36 [pid: 7|app: 0|req: 325/655] 10.0.0.231 () {38 vars in 914 bytes} [Tue Mar 3 20:06:10 2026] PUT /allocations/8d72273b-836d-4f95-8790-a17265ed2fb1 => generated 0 bytes in 70 msecs (HTTP/1.1 204) 5 headers in 199 bytes (1 switches on core 0)
2026-03-03 20:06:11.848 8 INFO placement.requestlog [req-a9166d6f-2610-46e4-928d-09600efcd738 req-5d4e6bf8-e102-47d7-8085-ad5fea4e6f75 ff8286d55b5d438aa83e7ead9e432dab 1b2daf5dcb0b4ec098c872689ec01839 - - 2b808ed9317e45118f752e7f863ee649 2b808ed9317e45118f752e7f863ee649] 199.204.45.74 "GET /allocations/8d72273b-836d-4f95-8790-a17265ed2fb1" status: 200 len: 257 microversion: 1.28 [pid: 8|app: 0|req: 331/656] 199.204.45.74 () {34 vars in 862 bytes} [Tue Mar 3 20:06:11 2026] GET /allocations/8d72273b-836d-4f95-8790-a17265ed2fb1 => generated 257 bytes in 19 msecs (HTTP/1.1 200) 8 headers in 296 bytes (1 switches on core 0)
2026-03-03 20:06:12.898 7 INFO placement.requestlog [req-a9166d6f-2610-46e4-928d-09600efcd738 req-00af8b86-d4b9-449c-a2a6-122c1568abb1 ff8286d55b5d438aa83e7ead9e432dab 1b2daf5dcb0b4ec098c872689ec01839 - - 2b808ed9317e45118f752e7f863ee649 2b808ed9317e45118f752e7f863ee649] 199.204.45.74 "GET /resource_providers/9bcca342-ffb9-4d43-af3a-3b2508ae9e63/allocations" status: 200 len: 152 microversion: 1.0 [pid: 7|app: 0|req: 326/657] 199.204.45.74 () {32 vars in 856 bytes} [Tue Mar 3 20:06:12 2026] GET /resource_providers/9bcca342-ffb9-4d43-af3a-3b2508ae9e63/allocations => generated 152 bytes in 24 msecs (HTTP/1.1 200) 6 headers in 224 bytes (1 switches on core 0)
2026-03-03 20:06:12.917 8 INFO placement.requestlog [req-a9166d6f-2610-46e4-928d-09600efcd738 req-412ebd54-2663-45ea-a0a4-51b9ba602fdf ff8286d55b5d438aa83e7ead9e432dab 1b2daf5dcb0b4ec098c872689ec01839 - - 2b808ed9317e45118f752e7f863ee649 2b808ed9317e45118f752e7f863ee649] 199.204.45.74 "GET /allocations/8d72273b-836d-4f95-8790-a17265ed2fb1" status: 200 len: 257 microversion: 1.28 [pid: 8|app: 0|req: 332/658] 199.204.45.74 () {34 vars in 862 bytes} [Tue Mar 3 20:06:12 2026] GET /allocations/8d72273b-836d-4f95-8790-a17265ed2fb1 => generated 257 bytes in 11 msecs (HTTP/1.1 200) 8 headers in 296 bytes (1 switches on core 0)
2026-03-03 20:06:13.425 8 INFO placement.requestlog [None req-06d633be-def0-4902-b1fb-b09bd4036aae c5632059f75b40ccbca9b51d527514fb 1b2daf5dcb0b4ec098c872689ec01839 - - 2b808ed9317e45118f752e7f863ee649 2b808ed9317e45118f752e7f863ee649] 10.0.0.25 "GET /resource_providers/267233b6-9b7e-4fb0-869f-bcca274e60bc/aggregates" status: 404 len: 235 microversion: 1.1 [pid: 8|app: 0|req: 333/659] 10.0.0.25 () {32 vars in 815 bytes} [Tue Mar 3 20:06:13 2026] GET /resource_providers/267233b6-9b7e-4fb0-869f-bcca274e60bc/aggregates => generated 235 bytes in 76 msecs (HTTP/1.1 404) 5 headers in 202 bytes (1 switches on core 0)
2026-03-03 20:06:13.435 7 INFO placement.requestlog [None req-db3cd93f-8b47-4550-aaac-a0dd5cacc9f9 c5632059f75b40ccbca9b51d527514fb 1b2daf5dcb0b4ec098c872689ec01839 - - 2b808ed9317e45118f752e7f863ee649 2b808ed9317e45118f752e7f863ee649] 10.0.0.25 "GET /resource_providers/267233b6-9b7e-4fb0-869f-bcca274e60bc/aggregates" status: 404 len: 235 microversion: 1.1 [pid: 7|app: 0|req: 327/660] 10.0.0.25 () {32 vars in 815 bytes} [Tue Mar 3 20:06:13 2026] GET /resource_providers/267233b6-9b7e-4fb0-869f-bcca274e60bc/aggregates => generated 235 bytes in 104 msecs (HTTP/1.1 404) 5 headers in 202 bytes (1 switches on core 0)
2026-03-03 20:06:13.443 8 INFO placement.requestlog [None req-53229808-6c89-4e04-aea3-d5da81639caa c5632059f75b40ccbca9b51d527514fb 1b2daf5dcb0b4ec098c872689ec01839 - - 2b808ed9317e45118f752e7f863ee649 2b808ed9317e45118f752e7f863ee649] 10.0.0.25 "DELETE /resource_providers/267233b6-9b7e-4fb0-869f-bcca274e60bc" status: 404 len: 246 microversion: 1.1 [pid: 8|app: 0|req: 334/661] 10.0.0.25 () {34 vars in 815 bytes} [Tue Mar 3 20:06:13 2026] DELETE /resource_providers/267233b6-9b7e-4fb0-869f-bcca274e60bc => generated 246 bytes in 10 msecs (HTTP/1.1 404) 6 headers in 231 bytes (1 switches on core 0)
2026-03-03 20:06:13.451 7 INFO placement.requestlog [None req-9488befa-ebaa-4a11-b03e-d47d1f496506 c5632059f75b40ccbca9b51d527514fb 1b2daf5dcb0b4ec098c872689ec01839 - - 2b808ed9317e45118f752e7f863ee649 2b808ed9317e45118f752e7f863ee649] 10.0.0.25 "DELETE /resource_providers/267233b6-9b7e-4fb0-869f-bcca274e60bc" status: 404 len: 246 microversion: 1.1 [pid: 7|app: 0|req: 328/662] 10.0.0.25 () {34 vars in 815 bytes} [Tue Mar 3 20:06:13 2026] DELETE /resource_providers/267233b6-9b7e-4fb0-869f-bcca274e60bc => generated 246 bytes in 6 msecs (HTTP/1.1 404) 6 headers in 231 bytes (1 switches on core 0)
2026-03-03 20:06:15.154 8 INFO placement.requestlog [req-541005b6-7be9-4ee4-9964-6011b815c4fe req-3b84493a-42af-4b36-99fc-8df20f740d72 ff8286d55b5d438aa83e7ead9e432dab 1b2daf5dcb0b4ec098c872689ec01839 - - 2b808ed9317e45118f752e7f863ee649 2b808ed9317e45118f752e7f863ee649] 10.0.0.231 "GET /allocation_candidates?limit=1000&resources=MEMORY_MB%3A512%2CVCPU%3A1&root_required=%21COMPUTE_STATUS_DISABLED" status: 200 len: 2769 microversion: 1.36 [pid: 8|app: 0|req: 335/663] 10.0.0.231 () {34 vars in 984 bytes} [Tue Mar 3 20:06:15 2026] GET /allocation_candidates?limit=1000&resources=MEMORY_MB%3A512%2CVCPU%3A1&root_required=%21COMPUTE_STATUS_DISABLED => generated 2769 bytes in 57 msecs (HTTP/1.1 200) 8 headers in 297 bytes (1 switches on core 0)
2026-03-03 20:06:15.209 7 INFO placement.requestlog [req-541005b6-7be9-4ee4-9964-6011b815c4fe req-0619af70-9e5e-4ae5-bb67-f88ceacebab1 ff8286d55b5d438aa83e7ead9e432dab 1b2daf5dcb0b4ec098c872689ec01839 - - 2b808ed9317e45118f752e7f863ee649 2b808ed9317e45118f752e7f863ee649] 10.0.0.231 "GET /allocations/24039f4b-08b9-4934-b696-37f0d03419d1" status: 200 len: 19 microversion: 1.28 [pid: 7|app: 0|req: 329/664] 10.0.0.231 () {34 vars in 861 bytes} [Tue Mar 3 20:06:15 2026] GET /allocations/24039f4b-08b9-4934-b696-37f0d03419d1 => generated 19 bytes in 17 msecs (HTTP/1.1 200) 8 headers in 295 bytes (1 switches on core 0)
2026-03-03 20:06:15.294 8 INFO placement.requestlog [req-541005b6-7be9-4ee4-9964-6011b815c4fe req-f22f3782-02e0-43b1-8e15-487a17fe3a9f ff8286d55b5d438aa83e7ead9e432dab 1b2daf5dcb0b4ec098c872689ec01839 - - 2b808ed9317e45118f752e7f863ee649 2b808ed9317e45118f752e7f863ee649] 10.0.0.231 "PUT /allocations/24039f4b-08b9-4934-b696-37f0d03419d1" status: 204 len: 0 microversion: 1.36 [pid: 8|app: 0|req: 336/665] 10.0.0.231 () {38 vars in 914 bytes} [Tue Mar 3 20:06:15 2026] PUT /allocations/24039f4b-08b9-4934-b696-37f0d03419d1 => generated 0 bytes in 79 msecs (HTTP/1.1 204) 5 headers in 199 bytes (1 switches on core 0)
2026-03-03 20:06:16.749 7 INFO placement.requestlog [req-541005b6-7be9-4ee4-9964-6011b815c4fe req-c5bd7266-516f-400d-9172-48b200f1a5ef ff8286d55b5d438aa83e7ead9e432dab 1b2daf5dcb0b4ec098c872689ec01839 - - 2b808ed9317e45118f752e7f863ee649 2b808ed9317e45118f752e7f863ee649] 199.204.45.74 "GET /allocations/24039f4b-08b9-4934-b696-37f0d03419d1" status: 200 len: 243 microversion: 1.28 [pid: 7|app: 0|req: 330/666] 199.204.45.74 () {34 vars in 862 bytes} [Tue Mar 3 20:06:16 2026] GET /allocations/24039f4b-08b9-4934-b696-37f0d03419d1 => generated 243 bytes in 18 msecs (HTTP/1.1 200) 8 headers in 296 bytes (1 switches on core 0)
2026-03-03 20:06:17.795 8 INFO placement.requestlog [req-541005b6-7be9-4ee4-9964-6011b815c4fe req-f4c85219-c05b-4d97-bfb8-2e81694bd936 ff8286d55b5d438aa83e7ead9e432dab 1b2daf5dcb0b4ec098c872689ec01839 - - 2b808ed9317e45118f752e7f863ee649 2b808ed9317e45118f752e7f863ee649] 199.204.45.74 "GET /resource_providers/9bcca342-ffb9-4d43-af3a-3b2508ae9e63/allocations" status: 200 len: 238 microversion: 1.0 [pid: 8|app: 0|req: 337/667] 199.204.45.74 () {32 vars in 856 bytes} [Tue Mar 3 20:06:17 2026] GET /resource_providers/9bcca342-ffb9-4d43-af3a-3b2508ae9e63/allocations => generated 238 bytes in 17 msecs (HTTP/1.1 200) 6 headers in 224 bytes (1 switches on core 0)
2026-03-03 20:06:17.814 7 INFO placement.requestlog [req-541005b6-7be9-4ee4-9964-6011b815c4fe req-3236b1c5-026c-4b92-95c6-37f2ab068582 ff8286d55b5d438aa83e7ead9e432dab 1b2daf5dcb0b4ec098c872689ec01839 - - 2b808ed9317e45118f752e7f863ee649 2b808ed9317e45118f752e7f863ee649] 199.204.45.74 "GET /allocations/24039f4b-08b9-4934-b696-37f0d03419d1" status: 200 len: 243 microversion: 1.28 [pid: 7|app: 0|req: 331/668] 199.204.45.74 () {34 vars in 862 bytes} [Tue Mar 3 20:06:17 2026] GET /allocations/24039f4b-08b9-4934-b696-37f0d03419d1 => generated 243 bytes in 13 msecs (HTTP/1.1 200) 8 headers in 296 bytes (1 switches on core 0)
2026-03-03 20:06:17.832 8 INFO placement.requestlog [req-541005b6-7be9-4ee4-9964-6011b815c4fe req-24d362f9-b57c-40a2-8b1f-85529f3466aa ff8286d55b5d438aa83e7ead9e432dab 1b2daf5dcb0b4ec098c872689ec01839 - - 2b808ed9317e45118f752e7f863ee649 2b808ed9317e45118f752e7f863ee649] 199.204.45.74 "GET /allocations/8d72273b-836d-4f95-8790-a17265ed2fb1" status: 200 len: 257 microversion: 1.28 [pid: 8|app: 0|req: 338/669] 199.204.45.74 () {34 vars in 862 bytes} [Tue Mar 3 20:06:17 2026] GET /allocations/8d72273b-836d-4f95-8790-a17265ed2fb1 => generated 257 bytes in 12 msecs (HTTP/1.1 200) 8 headers in 296 bytes (1 switches on core 0)
2026-03-03 20:06:18.822 7 INFO placement.requestlog [None req-d7c01c78-6aab-4b6c-8ace-bdbf302a74c2 - - - - - -] 10.0.0.67 "GET /" status: 200 len: 136 microversion: 1.0
2026-03-03 20:06:18.822 8 INFO placement.requestlog [None req-f348fd6b-ded0-4364-9e04-53d87dfec4bf - - - - - -] 10.0.0.67 "GET /" status: 200 len: 136 microversion: 1.0
2026-03-03 20:06:28.822 7 INFO placement.requestlog [None req-d642f0a6-efc3-4646-9322-1044cdd98d84 - - - - - -] 10.0.0.67 "GET /" status: 200 len: 136 microversion: 1.0
2026-03-03 20:06:28.822 8 INFO placement.requestlog [None req-bfa140da-e5da-43a5-a8f1-600a746281a2 - - - - - -] 10.0.0.67 "GET /" status: 200 len: 136 microversion: 1.0
2026-03-03 20:06:31.678 8 INFO placement.requestlog [None req-7a37e08f-81c2-4edb-9d1c-1799f4d6238a c5632059f75b40ccbca9b51d527514fb 1b2daf5dcb0b4ec098c872689ec01839 - - 2b808ed9317e45118f752e7f863ee649 2b808ed9317e45118f752e7f863ee649] 10.0.0.25 "GET /resource_providers/d5b4ebe0-d382-4e36-9668-1226314e5f37/aggregates" status: 404 len: 235 microversion: 1.1 [pid: 8|app: 0|req: 341/674] 10.0.0.25 () {32 vars in 815 bytes} [Tue Mar 3 20:06:31 2026] GET /resource_providers/d5b4ebe0-d382-4e36-9668-1226314e5f37/aggregates => generated 235 bytes in 8 msecs (HTTP/1.1 404) 5 headers in 202 bytes (1 switches on core 0)
2026-03-03 20:06:31.684 7 INFO placement.requestlog [None req-0e1d3c1d-1a65-43b8-a09d-4d9cbd666ef5 c5632059f75b40ccbca9b51d527514fb 1b2daf5dcb0b4ec098c872689ec01839 - - 2b808ed9317e45118f752e7f863ee649 2b808ed9317e45118f752e7f863ee649] 10.0.0.25 "GET /resource_providers/d5b4ebe0-d382-4e36-9668-1226314e5f37/aggregates" status: 404 len: 235 microversion: 1.1 [pid: 7|app: 0|req: 334/675] 10.0.0.25 () {32 vars in 815 bytes} [Tue Mar 3 20:06:31 2026] GET /resource_providers/d5b4ebe0-d382-4e36-9668-1226314e5f37/aggregates => generated 235 bytes in 14 msecs (HTTP/1.1 404) 5 headers in 202 bytes (1 switches on core 0)
2026-03-03 20:06:31.705 8 INFO placement.requestlog [None req-fb0d8ff4-515e-4a07-847c-10260047b0ba c5632059f75b40ccbca9b51d527514fb 1b2daf5dcb0b4ec098c872689ec01839 - - 2b808ed9317e45118f752e7f863ee649 2b808ed9317e45118f752e7f863ee649] 10.0.0.25 "DELETE /resource_providers/d5b4ebe0-d382-4e36-9668-1226314e5f37" status: 404 len: 246 microversion: 1.1 [pid: 8|app: 0|req: 342/676] 10.0.0.25 () {34 vars in 815 bytes} [Tue Mar 3 20:06:31 2026] DELETE /resource_providers/d5b4ebe0-d382-4e36-9668-1226314e5f37 => generated 246 bytes in 9 msecs (HTTP/1.1 404) 6 headers in 231 bytes (1 switches on core 0)
2026-03-03 20:06:31.707 7 INFO placement.requestlog [None req-9675785a-d6e5-462e-b4a3-13bc75b874a2 c5632059f75b40ccbca9b51d527514fb 1b2daf5dcb0b4ec098c872689ec01839 - - 2b808ed9317e45118f752e7f863ee649 2b808ed9317e45118f752e7f863ee649] 10.0.0.25 "DELETE /resource_providers/d5b4ebe0-d382-4e36-9668-1226314e5f37" status: 404 len: 246 microversion: 1.1 [pid: 7|app: 0|req: 335/677] 10.0.0.25 () {34 vars in 815 bytes} [Tue Mar 3 20:06:31 2026] DELETE /resource_providers/d5b4ebe0-d382-4e36-9668-1226314e5f37 => generated 246 bytes in 8 msecs (HTTP/1.1 404) 6 headers in 231 bytes (1 switches on core 0)
2026-03-03 20:06:32.856 8 INFO placement.requestlog [None req-6a64bd97-19f0-4a25-b2e7-82fa4dbc685c c5632059f75b40ccbca9b51d527514fb 1b2daf5dcb0b4ec098c872689ec01839 - - 2b808ed9317e45118f752e7f863ee649 2b808ed9317e45118f752e7f863ee649] 10.0.0.25 "GET /resource_providers/ca844708-b34e-4aae-9c04-76a6eec6a6e2/aggregates" status: 404 len: 235 microversion: 1.1 [pid: 8|app: 0|req: 343/678] 10.0.0.25 () {32 vars in 815 bytes} [Tue Mar 3 20:06:32 2026] GET /resource_providers/ca844708-b34e-4aae-9c04-76a6eec6a6e2/aggregates => generated 235 bytes in 103 msecs (HTTP/1.1 404) 5 headers in 202 bytes (1 switches on core 0)
2026-03-03 20:06:32.873 8 INFO placement.requestlog [None req-e5ef972c-577a-40d4-8d9f-b8127c37a1e6 c5632059f75b40ccbca9b51d527514fb 1b2daf5dcb0b4ec098c872689ec01839 - - 2b808ed9317e45118f752e7f863ee649 2b808ed9317e45118f752e7f863ee649] 10.0.0.25 "DELETE /resource_providers/ca844708-b34e-4aae-9c04-76a6eec6a6e2" status: 404 len: 246 microversion: 1.1 [pid: 8|app: 0|req: 344/679] 10.0.0.25 () {34 vars in 815 bytes} [Tue Mar 3 20:06:32 2026] DELETE /resource_providers/ca844708-b34e-4aae-9c04-76a6eec6a6e2 => generated 246 bytes in 9 msecs (HTTP/1.1 404) 6 headers in 231 bytes (1 switches on core 0)
2026-03-03 20:06:32.892 7 INFO placement.requestlog [None req-25c71575-ace6-498d-9adf-f1ef58e70e1c c5632059f75b40ccbca9b51d527514fb 1b2daf5dcb0b4ec098c872689ec01839 - - 2b808ed9317e45118f752e7f863ee649 2b808ed9317e45118f752e7f863ee649] 10.0.0.25 "GET /resource_providers/ca844708-b34e-4aae-9c04-76a6eec6a6e2/aggregates" status: 404 len: 235 microversion: 1.1 [pid: 7|app: 0|req: 336/680] 10.0.0.25 () {32 vars in 815 bytes} [Tue Mar 3 20:06:32 2026] GET /resource_providers/ca844708-b34e-4aae-9c04-76a6eec6a6e2/aggregates => generated 235 bytes in 109 msecs (HTTP/1.1 404) 5 headers in 202 bytes (1 switches on core 0)
2026-03-03 20:06:32.910 8 INFO placement.requestlog [None req-856ea757-79b9-4b8b-ab57-e7bc00899a5d c5632059f75b40ccbca9b51d527514fb 1b2daf5dcb0b4ec098c872689ec01839 - - 2b808ed9317e45118f752e7f863ee649 2b808ed9317e45118f752e7f863ee649] 10.0.0.25 "DELETE /resource_providers/ca844708-b34e-4aae-9c04-76a6eec6a6e2" status: 404 len: 246 microversion: 1.1 [pid: 8|app: 0|req: 345/681] 10.0.0.25 () {34 vars in 815 bytes} [Tue Mar 3 20:06:32 2026] DELETE /resource_providers/ca844708-b34e-4aae-9c04-76a6eec6a6e2 => generated 246 bytes in 9 msecs (HTTP/1.1 404) 6 headers in 231 bytes (1 switches on core 0)
2026-03-03 20:06:32.979 7 INFO placement.requestlog [req-0a62d792-4c0c-45b6-b6be-608448713414 req-2d60bf50-6501-4622-80dd-3306a1965bc2 ff8286d55b5d438aa83e7ead9e432dab 1b2daf5dcb0b4ec098c872689ec01839 - - 2b808ed9317e45118f752e7f863ee649 2b808ed9317e45118f752e7f863ee649] 199.204.45.74 "GET /resource_providers/9bcca342-ffb9-4d43-af3a-3b2508ae9e63/allocations" status: 200 len: 238 microversion: 1.0 [pid: 7|app: 0|req: 337/682] 199.204.45.74 () {32 vars in 856 bytes} [Tue Mar 3 20:06:32 2026] GET /resource_providers/9bcca342-ffb9-4d43-af3a-3b2508ae9e63/allocations => generated 238 bytes in 21 msecs (HTTP/1.1 200) 6 headers in 224 bytes (1 switches on core 0)
