2026-03-03 20:10:15.545 8 INFO neutron.db.ovn_revision_numbers_db [None req-a428e7a9-1828-4161-9449-2638a8cd20fd 88bc7e770e2343fba972f41e82dc15e2 b129ae1e24d745eb8d8145773b6e57c5 - - default default] Successfully bumped revision number for resource d5beed98-3817-4eff-850d-f81652824cb1 (type: security_group_rules) to 0 [pid: 8|app: 0|req: 1065/2324] 10.0.0.70 () {32 vars in 773 bytes} [Tue Mar 3 20:10:15 2026] GET /v2.0/security-groups?tenant_id=44489cf179ff4ac9b21a5c326605c3b9&name=default => generated 2925 bytes in 445 msecs (HTTP/1.1 200) 4 headers in 158 bytes (1 switches on core 0) [pid: 8|app: 0|req: 1066/2325] 10.0.0.70 () {34 vars in 684 bytes} [Tue Mar 3 20:10:15 2026] POST /v2.0/vpn/ikepolicies => generated 403 bytes in 159 msecs (HTTP/1.1 201) 4 headers in 162 bytes (1 switches on core 0) [pid: 9|app: 0|req: 1260/2326] 10.0.0.70 () {34 vars in 788 bytes} [Tue Mar 3 20:10:15 2026] PUT /v2.0/routers/2e1d6793-d9bd-4240-90fc-d70c7c996cf0/remove_router_interface => generated 309 bytes in 893 msecs (HTTP/1.1 200) 4 headers in 157 bytes (1 switches on core 0) /var/lib/openstack/lib/python3.12/site-packages/pycadf/identifier.py:70: UserWarning: Invalid uuid: neutron. To ensure interoperability, identifiers should be a valid uuid. warnings.warn(('Invalid uuid: %s. To ensure interoperability, ' [pid: 9|app: 0|req: 1261/2327] 10.0.0.70 () {32 vars in 662 bytes} [Tue Mar 3 20:10:15 2026] GET /v2.0/vpn/ikepolicies => generated 797 bytes in 25 msecs (HTTP/1.1 200) 4 headers in 157 bytes (1 switches on core 0) [pid: 8|app: 0|req: 1067/2328] 10.0.0.70 () {32 vars in 739 bytes} [Tue Mar 3 20:10:15 2026] DELETE /v2.0/security-groups/28f41c64-e7f3-45a3-b6bb-3c3810a353c6 => generated 0 bytes in 340 msecs (HTTP/1.1 204) 2 headers in 112 bytes (1 switches on core 0) [pid: 8|app: 0|req: 1068/2329] 10.0.0.70 () {32 vars in 739 bytes} [Tue Mar 3 20:10:16 2026] DELETE /v2.0/vpn/ikepolicies/bfab27e8-84cc-4855-acd4-12d19f34be2c => generated 0 bytes in 31 msecs (HTTP/1.1 204) 2 headers in 112 bytes (1 switches on core 0) [pid: 8|app: 0|req: 1069/2330] 10.0.0.70 () {34 vars in 688 bytes} [Tue Mar 3 20:10:16 2026] POST /v2.0/vpn/ipsecpolicies => generated 412 bytes in 40 msecs (HTTP/1.1 201) 4 headers in 162 bytes (1 switches on core 0) [pid: 8|app: 0|req: 1070/2331] 10.0.0.70 () {32 vars in 666 bytes} [Tue Mar 3 20:10:16 2026] GET /v2.0/vpn/ipsecpolicies => generated 813 bytes in 12 msecs (HTTP/1.1 200) 4 headers in 157 bytes (1 switches on core 0) [pid: 9|app: 0|req: 1262/2332] 10.0.0.70 () {32 vars in 723 bytes} [Tue Mar 3 20:10:15 2026] DELETE /v2.0/subnets/557abaac-30d6-4c51-a1d1-5e62ac8eea29 => generated 0 bytes in 219 msecs (HTTP/1.1 204) 3 headers in 131 bytes (1 switches on core 0) [pid: 8|app: 0|req: 1071/2333] 10.0.0.70 () {32 vars in 743 bytes} [Tue Mar 3 20:10:16 2026] DELETE /v2.0/vpn/ipsecpolicies/515cb65e-6b24-4564-ae5d-20c7accf243d => generated 0 bytes in 32 msecs (HTTP/1.1 204) 2 headers in 112 bytes (1 switches on core 0)
2026-03-03 20:10:16.395 8 INFO neutron.db.ovn_revision_numbers_db [None req-5ee0567b-89f9-428f-af90-b4fa03aba4db 88bc7e770e2343fba972f41e82dc15e2 b129ae1e24d745eb8d8145773b6e57c5 - - default default] Successfully bumped revision number for resource 07bf9fc5-bcaa-4b80-ab26-d2ab88593e77 (type: security_groups) to 1
2026-03-03 20:10:16.406 8 INFO neutron.db.ovn_revision_numbers_db [None req-5ee0567b-89f9-428f-af90-b4fa03aba4db 88bc7e770e2343fba972f41e82dc15e2 b129ae1e24d745eb8d8145773b6e57c5 - - default default] Successfully bumped revision number for resource 30142dbc-38c1-437f-98bd-c72be11bb542 (type: security_group_rules) to 0
2026-03-03 20:10:16.417 8 INFO neutron.db.ovn_revision_numbers_db [None req-5ee0567b-89f9-428f-af90-b4fa03aba4db 88bc7e770e2343fba972f41e82dc15e2 b129ae1e24d745eb8d8145773b6e57c5 - - default default] Successfully bumped revision number for resource 4d27e2c7-107c-42bc-9f7f-0800ba199f4f (type: security_group_rules) to 0
2026-03-03 20:10:16.429 8 INFO neutron.db.ovn_revision_numbers_db [None req-5ee0567b-89f9-428f-af90-b4fa03aba4db 88bc7e770e2343fba972f41e82dc15e2 b129ae1e24d745eb8d8145773b6e57c5 - - default default] Successfully bumped revision number for resource 98d08ab5-5196-4609-b06a-29352d46449c (type: security_group_rules) to 0
2026-03-03 20:10:16.439 8 INFO neutron.db.ovn_revision_numbers_db [None req-5ee0567b-89f9-428f-af90-b4fa03aba4db 88bc7e770e2343fba972f41e82dc15e2 b129ae1e24d745eb8d8145773b6e57c5 - - default default] Successfully bumped revision number for resource d991ea04-18ea-40fc-88e5-7730778eb1f5 (type: security_group_rules) to 0 [pid: 8|app: 0|req: 1072/2334] 10.0.0.70 () {32 vars in 773 bytes} [Tue Mar 3 20:10:16 2026] GET /v2.0/security-groups?tenant_id=e33a4b27d4aa4bb08deec22547733a2b&name=default => generated 2925 bytes in 250 msecs (HTTP/1.1 200) 4 headers in 158 bytes (1 switches on core 0)
2026-03-03 20:10:16.549 9 INFO neutron_taas.services.taas.taas_plugin [None req-f25112a8-e5e5-4751-8bc4-4bcba5742add 590b1da148ad4f6abf07a93f3e3d1265 ef7f3ab3c1e3420ba544aa495c8f36aa - - default default] TaaS: Handle Delete Port: 4c19efba-2d1b-41f2-9890-c5ea99df3e9c
2026-03-03 20:10:16.552 9 INFO neutron_taas.services.taas.tap_mirror_plugin [None req-f25112a8-e5e5-4751-8bc4-4bcba5742add 590b1da148ad4f6abf07a93f3e3d1265 ef7f3ab3c1e3420ba544aa495c8f36aa - - default default] Tap Mirror: Handle Delete Port: 4c19efba-2d1b-41f2-9890-c5ea99df3e9c
2026-03-03 20:10:16.562 8 INFO neutron.db.segments_db [None req-9d396630-4133-43a9-8336-b341090221e3 2624c4d30ddb49499926429aa500d34b 8ea4962eb2ce44a8b3e73076091754ba - - default default] Added segment bf032303-0d69-4bcc-8723-c566e0b44710 of type geneve for network 3e845423-f6a2-4ce7-9b1c-f8cf0abeb046
2026-03-03 20:10:16.693 8 INFO neutron.db.ovn_revision_numbers_db [None req-9d396630-4133-43a9-8336-b341090221e3 2624c4d30ddb49499926429aa500d34b 8ea4962eb2ce44a8b3e73076091754ba - - default default] Successfully bumped revision number for resource 3e845423-f6a2-4ce7-9b1c-f8cf0abeb046 (type: networks) to 1
2026-03-03 20:10:16.894 8 WARNING neutron.scheduler.dhcp_agent_scheduler [None req-9d396630-4133-43a9-8336-b341090221e3 2624c4d30ddb49499926429aa500d34b 8ea4962eb2ce44a8b3e73076091754ba - - default default] No more DHCP agents
2026-03-03 20:10:16.896 8 WARNING neutron.api.rpc.agentnotifiers.dhcp_rpc_agent_api [None req-9d396630-4133-43a9-8336-b341090221e3 2624c4d30ddb49499926429aa500d34b 8ea4962eb2ce44a8b3e73076091754ba - - default default] Unable to schedule network 3e845423-f6a2-4ce7-9b1c-f8cf0abeb046: no agents available; will retry on subsequent port and subnet creation events. [pid: 9|app: 0|req: 1263/2335] 10.0.0.70 () {32 vars in 723 bytes} [Tue Mar 3 20:10:16 2026] DELETE /v2.0/routers/2e1d6793-d9bd-4240-90fc-d70c7c996cf0 => generated 0 bytes in 842 msecs (HTTP/1.1 204) 2 headers in 112 bytes (1 switches on core 0)
2026-03-03 20:10:17.050 8 INFO neutron.db.ovn_revision_numbers_db [None req-9d396630-4133-43a9-8336-b341090221e3 2624c4d30ddb49499926429aa500d34b 8ea4962eb2ce44a8b3e73076091754ba - - default default] Successfully bumped revision number for resource 04a4af0c-e2a1-4839-a976-92e3367d532e (type: ports) to 1 [pid: 8|app: 0|req: 1073/2336] 10.0.0.70 () {34 vars in 669 bytes} [Tue Mar 3 20:10:16 2026] POST /v2.0/networks => generated 651 bytes in 594 msecs (HTTP/1.1 201) 4 headers in 162 bytes (1 switches on core 0)
2026-03-03 20:10:17.212 8 INFO neutron_taas.services.taas.taas_plugin [None req-f1c585d3-02f1-4f87-b906-6428624b5b6a 590b1da148ad4f6abf07a93f3e3d1265 ef7f3ab3c1e3420ba544aa495c8f36aa - - default default] TaaS: Handle Delete Port: 7fafdfb3-43e9-4571-95ca-445e0625a7b4
2026-03-03 20:10:17.216 8 INFO neutron_taas.services.taas.tap_mirror_plugin [None req-f1c585d3-02f1-4f87-b906-6428624b5b6a 590b1da148ad4f6abf07a93f3e3d1265 ef7f3ab3c1e3420ba544aa495c8f36aa - - default default] Tap Mirror: Handle Delete Port: 7fafdfb3-43e9-4571-95ca-445e0625a7b4 [pid: 9|app: 0|req: 1264/2337] 10.0.0.70 () {32 vars in 739 bytes} [Tue Mar 3 20:10:17 2026] DELETE /v2.0/security-groups/07bf9fc5-bcaa-4b80-ab26-d2ab88593e77 => generated 0 bytes in 243 msecs (HTTP/1.1 204) 2 headers in 112 bytes (1 switches on core 0)
2026-03-03 20:10:17.447 8 INFO neutron.services.segments.plugin [-] Segment 076ce1f4-0d9f-4e32-8139-651cfcf91fb9 resource provider aggregate not found
2026-03-03 20:10:17.455 8 INFO neutron.services.segments.plugin [-] Segment 076ce1f4-0d9f-4e32-8139-651cfcf91fb9 resource provider aggregate not found
2026-03-03 20:10:17.471 8 INFO neutron.services.segments.plugin [-] Segment 076ce1f4-0d9f-4e32-8139-651cfcf91fb9 resource provider not found; error: Placement Client Error (4xx): {"errors": [{"status": 404, "title": "Not Found", "detail": "The resource could not be found.\n\n No resource provider with uuid 076ce1f4-0d9f-4e32-8139-651cfcf91fb9 found for delete ", "request_id": "req-8c46c157-a3b4-46a6-adc7-24d12300b3e2"}]}
2026-03-03 20:10:17.480 8 INFO neutron.services.segments.plugin [-] Segment 076ce1f4-0d9f-4e32-8139-651cfcf91fb9 resource provider not found; error: Placement Client Error (4xx): {"errors": [{"status": 404, "title": "Not Found", "detail": "The resource could not be found.\n\n No resource provider with uuid 076ce1f4-0d9f-4e32-8139-651cfcf91fb9 found for delete ", "request_id": "req-e415742c-7976-43bb-aea1-0b2d5c84939e"}]}
2026-03-03 20:10:17.522 9 WARNING neutron.scheduler.dhcp_agent_scheduler [None req-d3213680-a082-450a-a791-5d6e2c3b8a12 2624c4d30ddb49499926429aa500d34b 8ea4962eb2ce44a8b3e73076091754ba - - default default] No more DHCP agents
2026-03-03 20:10:17.523 9 WARNING neutron.api.rpc.agentnotifiers.dhcp_rpc_agent_api [None req-d3213680-a082-450a-a791-5d6e2c3b8a12 2624c4d30ddb49499926429aa500d34b 8ea4962eb2ce44a8b3e73076091754ba - - default default] Unable to schedule network 3e845423-f6a2-4ce7-9b1c-f8cf0abeb046: no agents available; will retry on subsequent port and subnet creation events. [pid: 8|app: 0|req: 1074/2338] 10.0.0.70 () {32 vars in 725 bytes} [Tue Mar 3 20:10:17 2026] DELETE /v2.0/networks/620ae87e-331b-4b33-b677-5ac6067c2445 => generated 0 bytes in 448 msecs (HTTP/1.1 204) 3 headers in 131 bytes (1 switches on core 0)
2026-03-03 20:10:17.772 8 WARNING neutron.plugins.ml2.drivers.ovn.mech_driver.ovsdb.ovn_client [None req-1030f720-1bcc-4202-a538-e344bc22a984 - - - - - -] No hosting information found for port fa553075-ca56-4cb8-86c1-32fbef2d2874: RuntimeError: No hosting information found for port fa553075-ca56-4cb8-86c1-32fbef2d2874
2026-03-03 20:10:17.855 8 INFO neutron.db.ovn_revision_numbers_db [None req-1030f720-1bcc-4202-a538-e344bc22a984 - - - - - -] Successfully bumped revision number for resource fa553075-ca56-4cb8-86c1-32fbef2d2874 (type: router_ports) to 2
2026-03-03 20:10:17.855 8 INFO neutron.plugins.ml2.drivers.ovn.mech_driver.mech_driver [None req-1030f720-1bcc-4202-a538-e344bc22a984 - - - - - -] OVN reports status down for port: 46d9cc57-e64c-4a91-92a4-c0af7dfd1f86
2026-03-03 20:10:17.903 8 INFO neutron.plugins.ml2.drivers.ovn.mech_driver.mech_driver [None req-1030f720-1bcc-4202-a538-e344bc22a984 - - - - - -] OVN reports status down for port: 65255dbb-36ed-48c8-810b-6ed200334879
2026-03-03 20:10:17.911 8 INFO neutron.plugins.ml2.drivers.ovn.mech_driver.mech_driver [None req-1030f720-1bcc-4202-a538-e344bc22a984 - - - - - -] OVN reports status down for port: b1452658-d65f-4edf-a68d-b61c90d6a7c7
2026-03-03 20:10:18.013 8 INFO neutron.plugins.ml2.drivers.ovn.mech_driver.mech_driver [None req-1030f720-1bcc-4202-a538-e344bc22a984 - - - - - -] OVN reports status down for port: 77b3f8c7-2c59-425a-8e58-b718ef135495
2026-03-03 20:10:18.025 9 INFO neutron.db.ovn_revision_numbers_db [None req-01f58a50-df10-483f-ba21-bde2b9b5a0d5 - - - - - -] Successfully bumped revision number for resource 04a4af0c-e2a1-4839-a976-92e3367d532e (type: ports) to 2
2026-03-03 20:10:18.054 9 INFO neutron.db.ovn_revision_numbers_db [None req-01f58a50-df10-483f-ba21-bde2b9b5a0d5 - - - - - -] Successfully bumped revision number for resource 1ef755d5-a62c-4119-845d-ff3e1f8af927 (type: subnets) to 0 [pid: 9|app: 0|req: 1265/2339] 10.0.0.70 () {34 vars in 668 bytes} [Tue Mar 3 20:10:17 2026] POST /v2.0/subnets => generated 629 bytes in 783 msecs (HTTP/1.1 201) 4 headers in 162 bytes (1 switches on core 0)
2026-03-03 20:10:18.078 8 WARNING neutron.plugins.ml2.drivers.ovn.mech_driver.ovsdb.ovn_client [None req-1030f720-1bcc-4202-a538-e344bc22a984 - - - - - -] Logical_Switch_Port %s host information not removed, the port state is up
2026-03-03 20:10:18.078 8 INFO neutron.plugins.ml2.drivers.ovn.mech_driver.mech_driver [None req-1030f720-1bcc-4202-a538-e344bc22a984 - - - - - -] OVN reports status up for port: 77b3f8c7-2c59-425a-8e58-b718ef135495
2026-03-03 20:10:18.100 8 INFO neutron.plugins.ml2.plugin [None req-1030f720-1bcc-4202-a538-e344bc22a984 - - - - - -] Attempt 1 to provision port 77b3f8c7-2c59-425a-8e58-b718ef135495
2026-03-03 20:10:18.488 9 INFO neutron.db.ovn_revision_numbers_db [None req-4cf48f76-c54a-43c6-bcd9-47488b259e53 88bc7e770e2343fba972f41e82dc15e2 b129ae1e24d745eb8d8145773b6e57c5 - - default default] Successfully bumped revision number for resource f68f45f8-d61b-4c31-9a70-073006ac41fc (type: security_groups) to 1
2026-03-03 20:10:18.509 9 INFO neutron.db.ovn_revision_numbers_db [None req-4cf48f76-c54a-43c6-bcd9-47488b259e53 88bc7e770e2343fba972f41e82dc15e2 b129ae1e24d745eb8d8145773b6e57c5 - - default default] Successfully bumped revision number for resource 0b7cc726-4d82-4ac4-9f86-ff9929ba4e85 (type: security_group_rules) to 0
2026-03-03 20:10:18.517 9 INFO neutron.db.ovn_revision_numbers_db [None req-4cf48f76-c54a-43c6-bcd9-47488b259e53 88bc7e770e2343fba972f41e82dc15e2 b129ae1e24d745eb8d8145773b6e57c5 - - default default] Successfully bumped revision number for resource 87e77867-3584-4aaf-b628-8360fe7fc841 (type: security_group_rules) to 0
2026-03-03 20:10:18.526 9 INFO neutron.db.ovn_revision_numbers_db [None req-4cf48f76-c54a-43c6-bcd9-47488b259e53 88bc7e770e2343fba972f41e82dc15e2 b129ae1e24d745eb8d8145773b6e57c5 - - default default] Successfully bumped revision number for resource cffc94e4-884b-4fcf-acd5-c788c3c602d4 (type: security_group_rules) to 0
2026-03-03 20:10:18.534 9 INFO neutron.db.ovn_revision_numbers_db [None req-4cf48f76-c54a-43c6-bcd9-47488b259e53 88bc7e770e2343fba972f41e82dc15e2 b129ae1e24d745eb8d8145773b6e57c5 - - default default] Successfully bumped revision number for resource d52c41ef-6c29-4591-8eeb-1e0fa9e229bb (type: security_group_rules) to 0 [pid: 9|app: 0|req: 1266/2340] 10.0.0.70 () {32 vars in 773 bytes} [Tue Mar 3 20:10:18 2026] GET /v2.0/security-groups?tenant_id=ad252ead60614e11a8dccfa8f0e1b0bf&name=default => generated 2925 bytes in 378 msecs (HTTP/1.1 200) 4 headers in 158 bytes (1 switches on core 0) [pid: 9|app: 0|req: 1267/2341] 10.0.0.70 () {32 vars in 739 bytes} [Tue Mar 3 20:10:18 2026] DELETE /v2.0/security-groups/f68f45f8-d61b-4c31-9a70-073006ac41fc => generated 0 bytes in 270 msecs (HTTP/1.1 204) 2 headers in 112 bytes (1 switches on core 0)
2026-03-03 20:10:19.000 8 WARNING neutron.scheduler.dhcp_agent_scheduler [None req-88e3550a-cbb9-41f3-8f5a-8d0c99997677 2624c4d30ddb49499926429aa500d34b 8ea4962eb2ce44a8b3e73076091754ba - - default default] No more DHCP agents
2026-03-03 20:10:19.004 8 WARNING neutron.api.rpc.agentnotifiers.dhcp_rpc_agent_api [None req-88e3550a-cbb9-41f3-8f5a-8d0c99997677 2624c4d30ddb49499926429aa500d34b 8ea4962eb2ce44a8b3e73076091754ba - - default default] Unable to schedule network 0e2d2582-c3d2-46a0-98db-749a696fdd2a: no agents available; will retry on subsequent port and subnet creation events.
2026-03-03 20:10:19.096 8 INFO neutron.db.ovn_revision_numbers_db [None req-1030f720-1bcc-4202-a538-e344bc22a984 - - - - - -] Successfully bumped revision number for resource 77b3f8c7-2c59-425a-8e58-b718ef135495 (type: ports) to 2 [pid: 9|app: 0|req: 1268/2342] 10.0.0.70 () {32 vars in 773 bytes} [Tue Mar 3 20:10:19 2026] GET /v2.0/security-groups?tenant_id=ef7f3ab3c1e3420ba544aa495c8f36aa&name=default => generated 2925 bytes in 39 msecs (HTTP/1.1 200) 4 headers in 158 bytes (1 switches on core 0)
2026-03-03 20:10:19.312 8 INFO neutron.db.ovn_revision_numbers_db [None req-88e3550a-cbb9-41f3-8f5a-8d0c99997677 2624c4d30ddb49499926429aa500d34b 8ea4962eb2ce44a8b3e73076091754ba - - default default] Successfully bumped revision number for resource df7990ca-fd74-47c7-baa4-30d54b93c02a (type: ports) to 1 [pid: 9|app: 0|req: 1269/2343] 10.0.0.70 () {32 vars in 739 bytes} [Tue Mar 3 20:10:19 2026] DELETE /v2.0/security-groups/6d1adf08-3d5c-4643-aa2e-e7caf40f1ec1 => generated 0 bytes in 359 msecs (HTTP/1.1 204) 2 headers in 112 bytes (1 switches on core 0)
2026-03-03 20:10:19.920 8 INFO neutron.plugins.ml2.drivers.ovn.mech_driver.ovsdb.commands [-] Schedule LRP lrp-df7990ca-fd74-47c7-baa4-30d54b93c02a on gateway b6768028-52fa-4875-87df-44b5fe4b2967 with priority 1
2026-03-03 20:10:20.099 8 INFO neutron.db.ovn_revision_numbers_db [None req-88e3550a-cbb9-41f3-8f5a-8d0c99997677 2624c4d30ddb49499926429aa500d34b 8ea4962eb2ce44a8b3e73076091754ba - - default default] Successfully bumped revision number for resource df7990ca-fd74-47c7-baa4-30d54b93c02a (type: router_ports) to 1
2026-03-03 20:10:20.166 8 INFO neutron.db.ovn_revision_numbers_db [None req-88e3550a-cbb9-41f3-8f5a-8d0c99997677 2624c4d30ddb49499926429aa500d34b 8ea4962eb2ce44a8b3e73076091754ba - - default default] Successfully bumped revision number for resource 9d552870-2371-4076-9140-e244932eaf05 (type: routers) to 2 [pid: 8|app: 0|req: 1075/2344] 10.0.0.70 () {34 vars in 668 bytes} [Tue Mar 3 20:10:18 2026] POST /v2.0/routers => generated 937 bytes in 2108 msecs (HTTP/1.1 201) 4 headers in 162 bytes (1 switches on core 0)
2026-03-03 20:10:20.699 8 WARNING neutron.scheduler.dhcp_agent_scheduler [None req-f786aca8-7928-403c-9c8f-681b1ac26763 2624c4d30ddb49499926429aa500d34b 8ea4962eb2ce44a8b3e73076091754ba - - default default] No more DHCP agents
2026-03-03 20:10:20.700 8 WARNING neutron.api.rpc.agentnotifiers.dhcp_rpc_agent_api [None req-f786aca8-7928-403c-9c8f-681b1ac26763 2624c4d30ddb49499926429aa500d34b 8ea4962eb2ce44a8b3e73076091754ba - - default default] Unable to schedule network 3e845423-f6a2-4ce7-9b1c-f8cf0abeb046: no agents available; will retry on subsequent port and subnet creation events.
2026-03-03 20:10:20.856 8 INFO neutron.db.ovn_revision_numbers_db [None req-f786aca8-7928-403c-9c8f-681b1ac26763 2624c4d30ddb49499926429aa500d34b 8ea4962eb2ce44a8b3e73076091754ba - - default default] Successfully bumped revision number for resource 0a4c1cc3-94b9-455d-b18c-956d133f9dea (type: ports) to 1
2026-03-03 20:10:21.010 9 INFO neutron.db.ovn_revision_numbers_db [None req-15ca4752-f341-4188-8ade-27142a310ef1 3408bc9020564fc6a4d8e9e8bbf2a90d d17c1689db714c618ba8977e6f02dae9 - - default default] Successfully bumped revision number for resource 8ca26107-8301-4f86-9723-c1610042b852 (type: security_groups) to 1
2026-03-03 20:10:21.019 9 INFO neutron.db.ovn_revision_numbers_db [None req-15ca4752-f341-4188-8ade-27142a310ef1 3408bc9020564fc6a4d8e9e8bbf2a90d d17c1689db714c618ba8977e6f02dae9 - - default default] Successfully bumped revision number for resource 0c6f2975-e90f-4e6e-aca7-fea172c58af2 (type: security_group_rules) to 0
2026-03-03 20:10:21.031 9 INFO neutron.db.ovn_revision_numbers_db [None req-15ca4752-f341-4188-8ade-27142a310ef1 3408bc9020564fc6a4d8e9e8bbf2a90d d17c1689db714c618ba8977e6f02dae9 - - default default] Successfully bumped revision number for resource 3ac64655-9705-47ae-815e-12143d2321c8 (type: security_group_rules) to 0
2026-03-03 20:10:21.043 9 INFO neutron.db.ovn_revision_numbers_db [None req-15ca4752-f341-4188-8ade-27142a310ef1 3408bc9020564fc6a4d8e9e8bbf2a90d d17c1689db714c618ba8977e6f02dae9 - - default default] Successfully bumped revision number for resource 6df188a2-ea85-456b-963f-9d2e1850da82 (type: security_group_rules) to 0
2026-03-03 20:10:21.054 9 INFO neutron.db.ovn_revision_numbers_db [None req-15ca4752-f341-4188-8ade-27142a310ef1 3408bc9020564fc6a4d8e9e8bbf2a90d d17c1689db714c618ba8977e6f02dae9 - - default default] Successfully bumped revision number for resource 84bcb8bc-b0dc-4116-b826-e67629f0f4db (type: security_group_rules) to 0
2026-03-03 20:10:21.133 9 INFO neutron.db.segments_db [None req-15ca4752-f341-4188-8ade-27142a310ef1 3408bc9020564fc6a4d8e9e8bbf2a90d d17c1689db714c618ba8977e6f02dae9 - - default default] Added segment 7f67bbc9-f7f2-47c3-920b-f15fc43edf5f of type geneve for network 4836e308-46af-4e8b-ba38-910287182ba9
2026-03-03 20:10:21.285 9 INFO neutron.db.ovn_revision_numbers_db [None req-15ca4752-f341-4188-8ade-27142a310ef1 3408bc9020564fc6a4d8e9e8bbf2a90d d17c1689db714c618ba8977e6f02dae9 - - default default] Successfully bumped revision number for resource 4836e308-46af-4e8b-ba38-910287182ba9 (type: networks) to 1
2026-03-03 20:10:21.457 9 WARNING neutron.scheduler.dhcp_agent_scheduler [None req-15ca4752-f341-4188-8ade-27142a310ef1 3408bc9020564fc6a4d8e9e8bbf2a90d d17c1689db714c618ba8977e6f02dae9 - - default default] No more DHCP agents
2026-03-03 20:10:21.458 9 WARNING neutron.api.rpc.agentnotifiers.dhcp_rpc_agent_api [None req-15ca4752-f341-4188-8ade-27142a310ef1 3408bc9020564fc6a4d8e9e8bbf2a90d d17c1689db714c618ba8977e6f02dae9 - - default default] Unable to schedule network 4836e308-46af-4e8b-ba38-910287182ba9: no agents available; will retry on subsequent port and subnet creation events.
2026-03-03 20:10:21.578 9 INFO neutron.db.ovn_revision_numbers_db [None req-15ca4752-f341-4188-8ade-27142a310ef1 3408bc9020564fc6a4d8e9e8bbf2a90d d17c1689db714c618ba8977e6f02dae9 - - default default] Successfully bumped revision number for resource 075bde67-3b36-4ed4-b954-a07d66dc7615 (type: ports) to 1 [pid: 9|app: 0|req: 1270/2345] 10.0.0.70 () {34 vars in 669 bytes} [Tue Mar 3 20:10:19 2026] POST /v2.0/networks => generated 659 bytes in 1783 msecs (HTTP/1.1 201) 4 headers in 162 bytes (1 switches on core 0)
2026-03-03 20:10:21.766 8 WARNING neutron.scheduler.dhcp_agent_scheduler [None req-f786aca8-7928-403c-9c8f-681b1ac26763 2624c4d30ddb49499926429aa500d34b 8ea4962eb2ce44a8b3e73076091754ba - - default default] No more DHCP agents
2026-03-03 20:10:21.767 8 WARNING neutron.api.rpc.agentnotifiers.dhcp_rpc_agent_api [None req-f786aca8-7928-403c-9c8f-681b1ac26763 2624c4d30ddb49499926429aa500d34b 8ea4962eb2ce44a8b3e73076091754ba - - default default] Unable to schedule network 3e845423-f6a2-4ce7-9b1c-f8cf0abeb046: no agents available; will retry on subsequent port and subnet creation events.
2026-03-03 20:10:21.924 9 INFO neutron.db.ovn_revision_numbers_db [None req-b70cf10a-0320-4856-a0f6-10ba2e934117 88bc7e770e2343fba972f41e82dc15e2 b129ae1e24d745eb8d8145773b6e57c5 - - default default] Successfully bumped revision number for resource dae5be4b-8796-4ce8-96d5-f20917e07bc3 (type: security_groups) to 1
2026-03-03 20:10:21.935 9 INFO neutron.db.ovn_revision_numbers_db [None req-b70cf10a-0320-4856-a0f6-10ba2e934117 88bc7e770e2343fba972f41e82dc15e2 b129ae1e24d745eb8d8145773b6e57c5 - - default default] Successfully bumped revision number for resource 37ae57f9-de5b-4143-8db3-29e59f9be28a (type: security_group_rules) to 0
2026-03-03 20:10:21.945 9 INFO neutron.db.ovn_revision_numbers_db [None req-b70cf10a-0320-4856-a0f6-10ba2e934117 88bc7e770e2343fba972f41e82dc15e2 b129ae1e24d745eb8d8145773b6e57c5 - - default default] Successfully bumped revision number for resource 4e2838dc-70e7-4ff6-81d0-7000378779e3 (type: security_group_rules) to 0
2026-03-03 20:10:21.958 9 INFO neutron.db.ovn_revision_numbers_db [None req-b70cf10a-0320-4856-a0f6-10ba2e934117 88bc7e770e2343fba972f41e82dc15e2 b129ae1e24d745eb8d8145773b6e57c5 - - default default] Successfully bumped revision number for resource 7542a951-84bb-44bc-92e7-01cf23ef0616 (type: security_group_rules) to 0
2026-03-03 20:10:21.982 9 INFO neutron.db.ovn_revision_numbers_db [None req-b70cf10a-0320-4856-a0f6-10ba2e934117 88bc7e770e2343fba972f41e82dc15e2 b129ae1e24d745eb8d8145773b6e57c5 - - default default] Successfully bumped revision number for resource fe84768b-b0b6-4003-ba82-b75c8c8028c9 (type: security_group_rules) to 0 [pid: 9|app: 0|req: 1271/2346] 10.0.0.70 () {32 vars in 773 bytes} [Tue Mar 3 20:10:21 2026] GET /v2.0/security-groups?tenant_id=7d3754db4f794333a3f7a94156a52593&name=default => generated 2925 bytes in 436 msecs (HTTP/1.1 200) 4 headers in 158 bytes (1 switches on core 0)
2026-03-03 20:10:22.269 9 WARNING neutron.scheduler.dhcp_agent_scheduler [None req-c0b980f7-f7ec-4518-8217-235ed93e4b86 3408bc9020564fc6a4d8e9e8bbf2a90d d17c1689db714c618ba8977e6f02dae9 - - default default] No more DHCP agents
2026-03-03 20:10:22.270 9 WARNING neutron.api.rpc.agentnotifiers.dhcp_rpc_agent_api [None req-c0b980f7-f7ec-4518-8217-235ed93e4b86 3408bc9020564fc6a4d8e9e8bbf2a90d d17c1689db714c618ba8977e6f02dae9 - - default default] Unable to schedule network 4836e308-46af-4e8b-ba38-910287182ba9: no agents available; will retry on subsequent port and subnet creation events.
2026-03-03 20:10:22.278 8 INFO neutron.db.ovn_revision_numbers_db [None req-f786aca8-7928-403c-9c8f-681b1ac26763 2624c4d30ddb49499926429aa500d34b 8ea4962eb2ce44a8b3e73076091754ba - - default default] Successfully bumped revision number for resource 0a4c1cc3-94b9-455d-b18c-956d133f9dea (type: router_ports) to 1 [pid: 8|app: 0|req: 1076/2347] 10.0.0.70 () {34 vars in 782 bytes} [Tue Mar 3 20:10:20 2026] PUT /v2.0/routers/9d552870-2371-4076-9140-e244932eaf05/add_router_interface => generated 309 bytes in 2093 msecs (HTTP/1.1 200) 4 headers in 157 bytes (1 switches on core 0) [pid: 8|app: 0|req: 1077/2348] 10.0.0.70 () {32 vars in 739 bytes} [Tue Mar 3 20:10:22 2026] DELETE /v2.0/security-groups/dae5be4b-8796-4ce8-96d5-f20917e07bc3 => generated 0 bytes in 263 msecs (HTTP/1.1 204) 2 headers in 112 bytes (1 switches on core 0)
2026-03-03 20:10:22.770 9 INFO neutron.db.ovn_revision_numbers_db [None req-8164954a-aaeb-418a-845b-149fca18cde6 - - - - - -] Successfully bumped revision number for resource 075bde67-3b36-4ed4-b954-a07d66dc7615 (type: ports) to 2
2026-03-03 20:10:22.796 9 INFO neutron.db.ovn_revision_numbers_db [None req-8164954a-aaeb-418a-845b-149fca18cde6 - - - - - -] Successfully bumped revision number for resource e3f4ec7d-dc76-4891-ad05-fe7d887a9417 (type: subnets) to 0 [pid: 9|app: 0|req: 1272/2349] 10.0.0.70 () {34 vars in 668 bytes} [Tue Mar 3 20:10:22 2026] POST /v2.0/subnets => generated 658 bytes in 776 msecs (HTTP/1.1 201) 4 headers in 162 bytes (1 switches on core 0)
2026-03-03 20:10:23.016 9 INFO neutron.db.ovn_revision_numbers_db [None req-c608775c-001a-48a6-91fe-cd071fec3346 88bc7e770e2343fba972f41e82dc15e2 b129ae1e24d745eb8d8145773b6e57c5 - - default default] Successfully bumped revision number for resource eaa334e5-912e-45c0-8971-94b2ad226980 (type: security_groups) to 1
2026-03-03 20:10:23.026 9 INFO neutron.db.ovn_revision_numbers_db [None req-c608775c-001a-48a6-91fe-cd071fec3346 88bc7e770e2343fba972f41e82dc15e2 b129ae1e24d745eb8d8145773b6e57c5 - - default default] Successfully bumped revision number for resource 19ab24a3-9b9b-45d0-9b5d-6df0e5c09c12 (type: security_group_rules) to 0
2026-03-03 20:10:23.038 9 INFO neutron.db.ovn_revision_numbers_db [None req-c608775c-001a-48a6-91fe-cd071fec3346 88bc7e770e2343fba972f41e82dc15e2 b129ae1e24d745eb8d8145773b6e57c5 - - default default] Successfully bumped revision number for resource 357b529b-a9e0-444b-a020-bfff028170df (type: security_group_rules) to 0
2026-03-03 20:10:23.051 9 INFO neutron.db.ovn_revision_numbers_db [None req-c608775c-001a-48a6-91fe-cd071fec3346 88bc7e770e2343fba972f41e82dc15e2 b129ae1e24d745eb8d8145773b6e57c5 - - default default] Successfully bumped revision number for resource 3a568ab4-d27c-4e31-92db-b5f229ff8756 (type: security_group_rules) to 0
2026-03-03 20:10:23.063 9 INFO neutron.db.ovn_revision_numbers_db [None req-c608775c-001a-48a6-91fe-cd071fec3346 88bc7e770e2343fba972f41e82dc15e2 b129ae1e24d745eb8d8145773b6e57c5 - - default default] Successfully bumped revision number for resource b8ff7d42-c4e9-4085-a9fe-fb9459edf59c (type: security_group_rules) to 0 [pid: 9|app: 0|req: 1273/2350] 10.0.0.70 () {32 vars in 773 bytes} [Tue Mar 3 20:10:22 2026] GET /v2.0/security-groups?tenant_id=bb87baa4f961474cb9e395293fab6195&name=default => generated 2925 bytes in 282 msecs (HTTP/1.1 200) 4 headers in 158 bytes (1 switches on core 0)
2026-03-03 20:10:23.192 8 WARNING neutron.scheduler.dhcp_agent_scheduler [None req-cab356c0-908d-4d95-9858-f15a195f744d - - - - - -] No more DHCP agents
2026-03-03 20:10:23.193 8 WARNING neutron.api.rpc.agentnotifiers.dhcp_rpc_agent_api [None req-cab356c0-908d-4d95-9858-f15a195f744d - - - - - -] Unable to schedule network 0e2d2582-c3d2-46a0-98db-749a696fdd2a: no agents available; will retry on subsequent port and subnet creation events. [pid: 9|app: 0|req: 1274/2351] 10.0.0.70 () {32 vars in 721 bytes} [Tue Mar 3 20:10:23 2026] GET /v2.0/subnetpools?name=shared-default-subnetpool-v6 => generated 19 bytes in 199 msecs (HTTP/1.1 200) 4 headers in 156 bytes (1 switches on core 0)
2026-03-03 20:10:23.379 8 INFO neutron.db.ovn_revision_numbers_db [None req-cab356c0-908d-4d95-9858-f15a195f744d - - - - - -] Successfully bumped revision number for resource d1cd7eb9-255a-4e4f-b5b7-28b21681452c (type: ports) to 1 [pid: 9|app: 0|req: 1275/2352] 10.0.0.70 () {32 vars in 739 bytes} [Tue Mar 3 20:10:23 2026] DELETE /v2.0/security-groups/eaa334e5-912e-45c0-8971-94b2ad226980 => generated 0 bytes in 380 msecs (HTTP/1.1 204) 2 headers in 112 bytes (1 switches on core 0)
2026-03-03 20:10:23.740 8 INFO neutron.db.ovn_revision_numbers_db [None req-cab356c0-908d-4d95-9858-f15a195f744d - - - - - -] Successfully bumped revision number for resource d1cd7eb9-255a-4e4f-b5b7-28b21681452c (type: ports) to 3
2026-03-03 20:10:23.805 8 INFO neutron.db.segments_db [None req-cab356c0-908d-4d95-9858-f15a195f744d - - - - - -] Added segment d39180b0-a4d3-496e-b12a-661caf5d04a3 of type geneve for network d2841066-f10c-41af-b4e1-79aca7310384
2026-03-03 20:10:23.905 9 WARNING neutron.scheduler.dhcp_agent_scheduler [None req-809ccf29-73ab-47e3-b8a1-d0e6f0e8862c 3408bc9020564fc6a4d8e9e8bbf2a90d d17c1689db714c618ba8977e6f02dae9 - - default default] No more DHCP agents
2026-03-03 20:10:23.909 9 WARNING neutron.api.rpc.agentnotifiers.dhcp_rpc_agent_api [None req-809ccf29-73ab-47e3-b8a1-d0e6f0e8862c 3408bc9020564fc6a4d8e9e8bbf2a90d d17c1689db714c618ba8977e6f02dae9 - - default default] Unable to schedule network 4836e308-46af-4e8b-ba38-910287182ba9: no agents available; will retry on subsequent port and subnet creation events.
2026-03-03 20:10:23.923 8 INFO neutron.db.ovn_revision_numbers_db [None req-d970e537-0512-43a8-9906-90ad1932ca18 - - - - - -] Successfully bumped revision number for resource d2841066-f10c-41af-b4e1-79aca7310384 (type: networks) to 1
2026-03-03 20:10:23.947 9 INFO neutron.db.ovn_revision_numbers_db [None req-809ccf29-73ab-47e3-b8a1-d0e6f0e8862c 3408bc9020564fc6a4d8e9e8bbf2a90d d17c1689db714c618ba8977e6f02dae9 - - default default] Successfully bumped revision number for resource d256f25b-dd17-4f15-af14-5e218076d8b2 (type: subnets) to 0 [pid: 9|app: 0|req: 1276/2353] 10.0.0.70 () {34 vars in 668 bytes} [Tue Mar 3 20:10:23 2026] POST /v2.0/subnets => generated 732 bytes in 291 msecs (HTTP/1.1 201) 4 headers in 162 bytes (1 switches on core 0)
2026-03-03 20:10:24.049 8 WARNING neutron.scheduler.dhcp_agent_scheduler [None req-d970e537-0512-43a8-9906-90ad1932ca18 - - - - - -] No more DHCP agents
2026-03-03 20:10:24.050 8 WARNING neutron.api.rpc.agentnotifiers.dhcp_rpc_agent_api [None req-d970e537-0512-43a8-9906-90ad1932ca18 - - - - - -] Unable to schedule network d2841066-f10c-41af-b4e1-79aca7310384: no agents available; will retry on subsequent port and subnet creation events.
2026-03-03 20:10:24.169 8 INFO neutron.db.ovn_revision_numbers_db [None req-d970e537-0512-43a8-9906-90ad1932ca18 - - - - - -] Successfully bumped revision number for resource 9110f2ba-afe6-4ebd-9012-10647232ea9c (type: ports) to 1
2026-03-03 20:10:24.324 8 WARNING neutron.scheduler.dhcp_agent_scheduler [None req-d970e537-0512-43a8-9906-90ad1932ca18 - - - - - -] No more DHCP agents
2026-03-03 20:10:24.327 8 WARNING neutron.api.rpc.agentnotifiers.dhcp_rpc_agent_api [None req-d970e537-0512-43a8-9906-90ad1932ca18 - - - - - -] Unable to schedule network d2841066-f10c-41af-b4e1-79aca7310384: no agents available; will retry on subsequent port and subnet creation events.
2026-03-03 20:10:24.332 9 INFO neutron.db.ovn_revision_numbers_db [None req-976c8170-7cb9-4fe0-9d78-80236de495a0 007625e24276455a85fc47879e502a7f 37d63e194ed742baae6c6ad1ccb3c36b - - default default] Successfully bumped revision number for resource 0000b84f-796d-4f31-9d53-094872e6824f (type: security_groups) to 1
2026-03-03 20:10:24.349 9 INFO neutron.db.ovn_revision_numbers_db [None req-976c8170-7cb9-4fe0-9d78-80236de495a0 007625e24276455a85fc47879e502a7f 37d63e194ed742baae6c6ad1ccb3c36b - - default default] Successfully bumped revision number for resource 2d7bc1fd-f447-4e32-856e-6994c475b328 (type: security_group_rules) to 0
2026-03-03 20:10:24.359 8 INFO neutron.db.ovn_revision_numbers_db [None req-d970e537-0512-43a8-9906-90ad1932ca18 - - - - - -] Successfully bumped revision number for resource 10eba48a-67cc-4129-a6be-8a8618287f66 (type: subnets) to 0
2026-03-03 20:10:24.361 9 INFO neutron.db.ovn_revision_numbers_db [None req-976c8170-7cb9-4fe0-9d78-80236de495a0 007625e24276455a85fc47879e502a7f 37d63e194ed742baae6c6ad1ccb3c36b - - default default] Successfully bumped revision number for resource 5173877e-8a3e-422b-853f-88722c1148d6 (type: security_group_rules) to 0
2026-03-03 20:10:24.374 9 INFO neutron.db.ovn_revision_numbers_db [None req-976c8170-7cb9-4fe0-9d78-80236de495a0 007625e24276455a85fc47879e502a7f 37d63e194ed742baae6c6ad1ccb3c36b - - default default] Successfully bumped revision number for resource 767a4eb7-d1e3-4eee-9e27-404ca342e3a7 (type: security_group_rules) to 0
2026-03-03 20:10:24.385 9 INFO neutron.db.ovn_revision_numbers_db [None req-976c8170-7cb9-4fe0-9d78-80236de495a0 007625e24276455a85fc47879e502a7f 37d63e194ed742baae6c6ad1ccb3c36b - - default default] Successfully bumped revision number for resource f91619df-becd-481e-9a93-2855a387d261 (type: security_group_rules) to 0
2026-03-03 20:10:24.432 8 WARNING neutron.plugins.ml2.drivers.ovn.mech_driver.ovsdb.ovn_client [None req-2473b2c8-04b3-4896-ac67-681aeb6e97ae - - - - - -] No hosting information found for port 77b3f8c7-2c59-425a-8e58-b718ef135495: RuntimeError: No hosting information found for port 77b3f8c7-2c59-425a-8e58-b718ef135495
2026-03-03 20:10:24.469 9 INFO neutron.db.segments_db [None req-976c8170-7cb9-4fe0-9d78-80236de495a0 007625e24276455a85fc47879e502a7f 37d63e194ed742baae6c6ad1ccb3c36b - - default default] Added segment 618768fc-774b-4096-a330-b3fd2d083f7c of type geneve for network 87f06086-15db-4302-82e9-65997b208a47
2026-03-03 20:10:24.595 9 INFO neutron.db.ovn_revision_numbers_db [None req-976c8170-7cb9-4fe0-9d78-80236de495a0 007625e24276455a85fc47879e502a7f 37d63e194ed742baae6c6ad1ccb3c36b - - default default] Successfully bumped revision number for resource 87f06086-15db-4302-82e9-65997b208a47 (type: networks) to 1
2026-03-03 20:10:24.761 9 WARNING neutron.scheduler.dhcp_agent_scheduler [None req-976c8170-7cb9-4fe0-9d78-80236de495a0 007625e24276455a85fc47879e502a7f 37d63e194ed742baae6c6ad1ccb3c36b - - default default] No more DHCP agents
2026-03-03 20:10:24.762 9 WARNING neutron.api.rpc.agentnotifiers.dhcp_rpc_agent_api [None req-976c8170-7cb9-4fe0-9d78-80236de495a0 007625e24276455a85fc47879e502a7f 37d63e194ed742baae6c6ad1ccb3c36b - - default default] Unable to schedule network 87f06086-15db-4302-82e9-65997b208a47: no agents available; will retry on subsequent port and subnet creation events.
2026-03-03 20:10:24.782 8 INFO neutron.db.ovn_revision_numbers_db [None req-2473b2c8-04b3-4896-ac67-681aeb6e97ae - - - - - -] Successfully bumped revision number for resource 77b3f8c7-2c59-425a-8e58-b718ef135495 (type: router_ports) to 2
2026-03-03 20:10:24.782 8 INFO neutron.plugins.ml2.drivers.ovn.mech_driver.mech_driver [None req-2473b2c8-04b3-4896-ac67-681aeb6e97ae - - - - - -] OVN reports status down for port: 9cf013be-6df3-4926-ad00-23bc0ac860e2
2026-03-03 20:10:24.878 9 INFO neutron.db.ovn_revision_numbers_db [None req-976c8170-7cb9-4fe0-9d78-80236de495a0 007625e24276455a85fc47879e502a7f 37d63e194ed742baae6c6ad1ccb3c36b - - default default] Successfully bumped revision number for resource ff97365b-cf41-4aae-9d39-7520f85465f0 (type: ports) to 1 [pid: 9|app: 0|req: 1277/2354] 10.0.0.70 () {34 vars in 669 bytes} [Tue Mar 3 20:10:23 2026] POST /v2.0/networks => generated 747 bytes in 957 msecs (HTTP/1.1 201) 4 headers in 162 bytes (1 switches on core 0)
2026-03-03 20:10:24.996 8 INFO neutron.plugins.ml2.drivers.ovn.mech_driver.mech_driver [None req-2473b2c8-04b3-4896-ac67-681aeb6e97ae - - - - - -] OVN reports status down for port: 04a4af0c-e2a1-4839-a976-92e3367d532e
2026-03-03 20:10:25.023 9 INFO neutron.db.segments_db [None req-d8f26465-c664-41ee-a89f-a357388f4419 3408bc9020564fc6a4d8e9e8bbf2a90d d17c1689db714c618ba8977e6f02dae9 - - default default] Added segment 65049b3b-9cd5-41ba-8590-775f07f563b1 of type geneve for network 01f700cd-8bf2-4e97-a413-992130f4ee61
2026-03-03 20:10:25.197 9 INFO neutron.db.ovn_revision_numbers_db [None req-d8f26465-c664-41ee-a89f-a357388f4419 3408bc9020564fc6a4d8e9e8bbf2a90d d17c1689db714c618ba8977e6f02dae9 - - default default] Successfully bumped revision number for resource 01f700cd-8bf2-4e97-a413-992130f4ee61 (type: networks) to 1
2026-03-03 20:10:25.266 8 INFO neutron.plugins.ml2.drivers.ovn.mech_driver.mech_driver [None req-2473b2c8-04b3-4896-ac67-681aeb6e97ae - - - - - -] OVN reports status down for port: df7990ca-fd74-47c7-baa4-30d54b93c02a
2026-03-03 20:10:25.274 8 WARNING neutron.scheduler.dhcp_agent_scheduler [None req-d970e537-0512-43a8-9906-90ad1932ca18 - - - - - -] No more DHCP agents
2026-03-03 20:10:25.280 8 WARNING neutron.api.rpc.agentnotifiers.dhcp_rpc_agent_api [None req-d970e537-0512-43a8-9906-90ad1932ca18 - - - - - -] Unable to schedule network d2841066-f10c-41af-b4e1-79aca7310384: no agents available; will retry on subsequent port and subnet creation events.
2026-03-03 20:10:25.361 9 WARNING neutron.scheduler.dhcp_agent_scheduler [None req-d8f26465-c664-41ee-a89f-a357388f4419 3408bc9020564fc6a4d8e9e8bbf2a90d d17c1689db714c618ba8977e6f02dae9 - - default default] No more DHCP agents
2026-03-03 20:10:25.364 9 WARNING neutron.api.rpc.agentnotifiers.dhcp_rpc_agent_api [None req-d8f26465-c664-41ee-a89f-a357388f4419 3408bc9020564fc6a4d8e9e8bbf2a90d d17c1689db714c618ba8977e6f02dae9 - - default default] Unable to schedule network 01f700cd-8bf2-4e97-a413-992130f4ee61: no agents available; will retry on subsequent port and subnet creation events.
2026-03-03 20:10:25.371 8 WARNING neutron.plugins.ml2.drivers.ovn.mech_driver.ovsdb.ovn_client [None req-2473b2c8-04b3-4896-ac67-681aeb6e97ae - - - - - -] Logical_Switch_Port %s host information not removed, the port state is up
2026-03-03 20:10:25.373 8 INFO neutron.plugins.ml2.drivers.ovn.mech_driver.mech_driver [None req-2473b2c8-04b3-4896-ac67-681aeb6e97ae - - - - - -] OVN reports status up for port: df7990ca-fd74-47c7-baa4-30d54b93c02a
2026-03-03 20:10:25.396 8 INFO neutron.plugins.ml2.plugin [None req-2473b2c8-04b3-4896-ac67-681aeb6e97ae - - - - - -] Attempt 1 to provision port df7990ca-fd74-47c7-baa4-30d54b93c02a
2026-03-03 20:10:25.487 9 INFO neutron.db.ovn_revision_numbers_db [None req-d8f26465-c664-41ee-a89f-a357388f4419 3408bc9020564fc6a4d8e9e8bbf2a90d d17c1689db714c618ba8977e6f02dae9 - - default default] Successfully bumped revision number for resource bee516cd-7654-4c96-ae9f-394ff8731ec7 (type: ports) to 1 [pid: 9|app: 0|req: 1278/2355] 10.0.0.70 () {34 vars in 669 bytes} [Tue Mar 3 20:10:24 2026] POST /v2.0/networks => generated 656 bytes in 602 msecs (HTTP/1.1 201) 4 headers in 162 bytes (1 switches on core 0)
2026-03-03 20:10:25.613 8 INFO neutron.db.ovn_revision_numbers_db [None req-d970e537-0512-43a8-9906-90ad1932ca18 - - - - - -] Successfully bumped revision number for resource cb9a2bb8-497f-431d-8dbe-1a5be26af677 (type: ports) to 1
2026-03-03 20:10:25.686 9 WARNING neutron.scheduler.dhcp_agent_scheduler [None req-84b4c433-ce24-4d25-97b7-14e5feb9b4d7 007625e24276455a85fc47879e502a7f 37d63e194ed742baae6c6ad1ccb3c36b - - default default] No more DHCP agents
2026-03-03 20:10:25.687 9 WARNING neutron.api.rpc.agentnotifiers.dhcp_rpc_agent_api [None req-84b4c433-ce24-4d25-97b7-14e5feb9b4d7 007625e24276455a85fc47879e502a7f 37d63e194ed742baae6c6ad1ccb3c36b - - default default] Unable to schedule network 87f06086-15db-4302-82e9-65997b208a47: no agents available; will retry on subsequent port and subnet creation events.
2026-03-03 20:10:26.053 9 INFO neutron.db.ovn_revision_numbers_db [None req-ae744345-81ae-4684-ae23-179989ff40dc - - - - - -] Successfully bumped revision number for resource ff97365b-cf41-4aae-9d39-7520f85465f0 (type: ports) to 2
2026-03-03 20:10:26.073 9 INFO neutron.db.ovn_revision_numbers_db [None req-ae744345-81ae-4684-ae23-179989ff40dc - - - - - -] Successfully bumped revision number for resource b3e13226-17df-47bd-adee-f47eae682720 (type: subnets) to 0 [pid: 9|app: 0|req: 1279/2356] 10.0.0.70 () {34 vars in 668 bytes} [Tue Mar 3 20:10:25 2026] POST /v2.0/subnets => generated 644 bytes in 560 msecs (HTTP/1.1 201) 4 headers in 162 bytes (1 switches on core 0)
2026-03-03 20:10:26.274 9 WARNING neutron.scheduler.dhcp_agent_scheduler [None req-ab9e89c3-f666-46e4-b01a-229ac3c6faaf 3408bc9020564fc6a4d8e9e8bbf2a90d d17c1689db714c618ba8977e6f02dae9 - - default default] No more DHCP agents
2026-03-03 20:10:26.275 9 WARNING neutron.api.rpc.agentnotifiers.dhcp_rpc_agent_api [None req-ab9e89c3-f666-46e4-b01a-229ac3c6faaf 3408bc9020564fc6a4d8e9e8bbf2a90d d17c1689db714c618ba8977e6f02dae9 - - default default] Unable to schedule network 01f700cd-8bf2-4e97-a413-992130f4ee61: no agents available; will retry on subsequent port and subnet creation events.
2026-03-03 20:10:26.288 8 WARNING neutron.scheduler.dhcp_agent_scheduler [None req-d970e537-0512-43a8-9906-90ad1932ca18 - - - - - -] No more DHCP agents
2026-03-03 20:10:26.290 8 WARNING neutron.api.rpc.agentnotifiers.dhcp_rpc_agent_api [None req-d970e537-0512-43a8-9906-90ad1932ca18 - - - - - -] Unable to schedule network d2841066-f10c-41af-b4e1-79aca7310384: no agents available; will retry on subsequent port and subnet creation events.
2026-03-03 20:10:26.731 9 INFO neutron.db.ovn_revision_numbers_db [None req-7af2b2f8-ddfd-4ccd-b5d2-74aa8d665fa2 - - - - - -] Successfully bumped revision number for resource bee516cd-7654-4c96-ae9f-394ff8731ec7 (type: ports) to 2
2026-03-03 20:10:26.773 9 INFO neutron.db.ovn_revision_numbers_db [None req-7af2b2f8-ddfd-4ccd-b5d2-74aa8d665fa2 - - - - - -] Successfully bumped revision number for resource 66bd9ffe-0881-4bd6-a90f-61033aad1b0a (type: subnets) to 0 [pid: 9|app: 0|req: 1280/2357] 10.0.0.70 () {34 vars in 668 bytes} [Tue Mar 3 20:10:26 2026] POST /v2.0/subnets => generated 656 bytes in 710 msecs (HTTP/1.1 201) 4 headers in 162 bytes (1 switches on core 0)
2026-03-03 20:10:26.848 8 INFO neutron.db.ovn_revision_numbers_db [None req-d970e537-0512-43a8-9906-90ad1932ca18 - - - - - -] Successfully bumped revision number for resource cb9a2bb8-497f-431d-8dbe-1a5be26af677 (type: router_ports) to 1
2026-03-03 20:10:27.063 8 WARNING neutron.scheduler.dhcp_agent_scheduler [None req-d970e537-0512-43a8-9906-90ad1932ca18 - - - - - -] No more DHCP agents
2026-03-03 20:10:27.066 8 WARNING neutron.api.rpc.agentnotifiers.dhcp_rpc_agent_api [None req-d970e537-0512-43a8-9906-90ad1932ca18 - - - - - -] Unable to schedule network d2841066-f10c-41af-b4e1-79aca7310384: no agents available; will retry on subsequent port and subnet creation events.
2026-03-03 20:10:27.098 9 INFO neutron.db.ovn_revision_numbers_db [None req-27de9ef3-6397-4dd6-a065-5acae55f86ed 88bc7e770e2343fba972f41e82dc15e2 b129ae1e24d745eb8d8145773b6e57c5 - - default default] Successfully bumped revision number for resource d6905f72-f3df-4111-a0ac-87f678cbf269 (type: security_groups) to 1
2026-03-03 20:10:27.109 9 INFO neutron.db.ovn_revision_numbers_db [None req-27de9ef3-6397-4dd6-a065-5acae55f86ed 88bc7e770e2343fba972f41e82dc15e2 b129ae1e24d745eb8d8145773b6e57c5 - - default default] Successfully bumped revision number for resource 66c14e97-12c6-4cc1-9ad4-bef2bde169ea (type: security_group_rules) to 0
2026-03-03 20:10:27.120 9 INFO neutron.db.ovn_revision_numbers_db [None req-27de9ef3-6397-4dd6-a065-5acae55f86ed 88bc7e770e2343fba972f41e82dc15e2 b129ae1e24d745eb8d8145773b6e57c5 - - default default] Successfully bumped revision number for resource 8730fda3-f2ae-4c44-ada4-0fef49f8b04f (type: security_group_rules) to 0
2026-03-03 20:10:27.130 9 INFO neutron.db.ovn_revision_numbers_db [None req-27de9ef3-6397-4dd6-a065-5acae55f86ed 88bc7e770e2343fba972f41e82dc15e2 b129ae1e24d745eb8d8145773b6e57c5 - - default default] Successfully bumped revision number for resource bddc4b9e-25b2-4b45-97aa-880cd906c0aa (type: security_group_rules) to 0
2026-03-03 20:10:27.140 9 INFO neutron.db.ovn_revision_numbers_db [None req-27de9ef3-6397-4dd6-a065-5acae55f86ed 88bc7e770e2343fba972f41e82dc15e2 b129ae1e24d745eb8d8145773b6e57c5 - - default default] Successfully bumped revision number for resource d3da9c32-3f17-48f6-a7ca-0e4f36b87cf7 (type: security_group_rules) to 0 [pid: 9|app: 0|req: 1281/2358] 10.0.0.70 () {32 vars in 773 bytes} [Tue Mar 3 20:10:26 2026] GET /v2.0/security-groups?tenant_id=7145b7bd14b340db996cbc843097fc84&name=default => generated 2925 bytes in 403 msecs (HTTP/1.1 200) 4 headers in 158 bytes (1 switches on core 0)
2026-03-03 20:10:27.221 9 WARNING neutron.api.v2.base [None req-72449958-66a4-4554-bff2-da33a16dc60e 007625e24276455a85fc47879e502a7f 37d63e194ed742baae6c6ad1ccb3c36b - - default default] An exception happened while processing the request body. The exception message is [Invalid input for target_tenant. Reason: 'None' is not a valid string.].: webob.exc.HTTPBadRequest: Invalid input for target_tenant. Reason: 'None' is not a valid string.
2026-03-03 20:10:27.221 9 INFO neutron.api.v2.resource [None req-72449958-66a4-4554-bff2-da33a16dc60e 007625e24276455a85fc47879e502a7f 37d63e194ed742baae6c6ad1ccb3c36b - - default default] create failed (client error): Invalid input for target_tenant. Reason: 'None' is not a valid string. [pid: 9|app: 0|req: 1282/2359] 10.0.0.70 () {34 vars in 680 bytes} [Tue Mar 3 20:10:27 2026] POST /v2.0/rbac-policies => generated 143 bytes in 22 msecs (HTTP/1.1 400) 4 headers in 166 bytes (1 switches on core 0)
2026-03-03 20:10:27.245 8 INFO neutron.db.ovn_revision_numbers_db [None req-d970e537-0512-43a8-9906-90ad1932ca18 - - - - - -] Successfully bumped revision number for resource a403c007-98a6-4d37-ad09-7e2ac909f698 (type: ports) to 1
2026-03-03 20:10:27.439 9 WARNING neutron.scheduler.dhcp_agent_scheduler [None req-a29361da-610c-42a2-a3b4-9a09cf356378 3408bc9020564fc6a4d8e9e8bbf2a90d d17c1689db714c618ba8977e6f02dae9 - - default default] No more DHCP agents
2026-03-03 20:10:27.444 9 WARNING neutron.api.rpc.agentnotifiers.dhcp_rpc_agent_api [None req-a29361da-610c-42a2-a3b4-9a09cf356378 3408bc9020564fc6a4d8e9e8bbf2a90d d17c1689db714c618ba8977e6f02dae9 - - default default] Unable to schedule network 01f700cd-8bf2-4e97-a413-992130f4ee61: no agents available; will retry on subsequent port and subnet creation events.
2026-03-03 20:10:27.490 9 INFO neutron.db.ovn_revision_numbers_db [None req-a29361da-610c-42a2-a3b4-9a09cf356378 3408bc9020564fc6a4d8e9e8bbf2a90d d17c1689db714c618ba8977e6f02dae9 - - default default] Successfully bumped revision number for resource ba5da66d-e3ce-4e08-b23a-d86bcf78b499 (type: subnets) to 0
2026-03-03 20:10:27.490 8 INFO neutron.db.ovn_revision_numbers_db [None req-d970e537-0512-43a8-9906-90ad1932ca18 - - - - - -] Successfully bumped revision number for resource a403c007-98a6-4d37-ad09-7e2ac909f698 (type: ports) to 3 [pid: 9|app: 0|req: 1283/2360] 10.0.0.70 () {34 vars in 668 bytes} [Tue Mar 3 20:10:27 2026] POST /v2.0/subnets => generated 726 bytes in 283 msecs (HTTP/1.1 201) 4 headers in 162 bytes (1 switches on core 0) [pid: 8|app: 0|req: 1078/2361] 10.0.0.70 () {34 vars in 684 bytes} [Tue Mar 3 20:10:22 2026] POST /v2.0/vpn/vpnservices => generated 458 bytes in 5178 msecs (HTTP/1.1 201) 4 headers in 162 bytes (1 switches on core 0) [pid: 9|app: 0|req: 1284/2362] 10.0.0.70 () {32 vars in 739 bytes} [Tue Mar 3 20:10:27 2026] DELETE /v2.0/security-groups/d6905f72-f3df-4111-a0ac-87f678cbf269 => generated 0 bytes in 258 msecs (HTTP/1.1 204) 2 headers in 112 bytes (1 switches on core 0)
2026-03-03 20:10:27.865 9 INFO neutron.db.segments_db [None req-81d35b98-3c1c-4012-aa0e-ca19655b44ba 3408bc9020564fc6a4d8e9e8bbf2a90d d17c1689db714c618ba8977e6f02dae9 - - default default] Added segment aa09e2df-3294-47a5-ab01-ef5372e307dc of type geneve for network b0c64f45-478f-4042-b7c1-8689ced8902d
2026-03-03 20:10:27.867 8 INFO neutron_taas.services.taas.taas_plugin [None req-715f4eba-02a5-4935-8307-aad95ca607f0 007625e24276455a85fc47879e502a7f 37d63e194ed742baae6c6ad1ccb3c36b - - default default] TaaS: Handle Delete Port: ff97365b-cf41-4aae-9d39-7520f85465f0
2026-03-03 20:10:27.869 8 INFO neutron_taas.services.taas.tap_mirror_plugin [None req-715f4eba-02a5-4935-8307-aad95ca607f0 007625e24276455a85fc47879e502a7f 37d63e194ed742baae6c6ad1ccb3c36b - - default default] Tap Mirror: Handle Delete Port: ff97365b-cf41-4aae-9d39-7520f85465f0
2026-03-03 20:10:28.016 9 INFO neutron.db.ovn_revision_numbers_db [None req-81d35b98-3c1c-4012-aa0e-ca19655b44ba 3408bc9020564fc6a4d8e9e8bbf2a90d d17c1689db714c618ba8977e6f02dae9 - - default default] Successfully bumped revision number for resource b0c64f45-478f-4042-b7c1-8689ced8902d (type: networks) to 1
