Mar 25 19:10:55.550637 np0000160634 neutron-periodic-workers[104447]: DEBUG cotyledon.oslo_config_glue [-] ml2.tunnelled_network_rp_name = rp_tunnelled {{(pid=104447) log_opt_values /opt/stack/data/venv/lib/python3.12/site-packages/oslo_config/cfg.py:3006}}
Mar 25 19:10:55.550682 np0000160634 neutron-periodic-workers[104447]: DEBUG cotyledon.oslo_config_glue [-] ml2.type_drivers = ['local', 'flat', 'vlan', 'geneve'] {{(pid=104447) log_opt_values /opt/stack/data/venv/lib/python3.12/site-packages/oslo_config/cfg.py:3006}}
Mar 25 19:10:55.550785 np0000160634 neutron-periodic-workers[104447]: DEBUG cotyledon.oslo_config_glue [-] ml2_type_flat.flat_networks = ['public'] {{(pid=104447) log_opt_values /opt/stack/data/venv/lib/python3.12/site-packages/oslo_config/cfg.py:3006}}
Mar 25 19:10:55.550843 np0000160634 neutron-periodic-workers[104447]: DEBUG cotyledon.oslo_config_glue [-] ml2_type_geneve.max_header_size = 38 {{(pid=104447) log_opt_values /opt/stack/data/venv/lib/python3.12/site-packages/oslo_config/cfg.py:3006}}
Mar 25 19:10:55.550891 np0000160634 neutron-periodic-workers[104447]: DEBUG cotyledon.oslo_config_glue [-] ml2_type_geneve.vni_ranges = ['1:65536'] {{(pid=104447) log_opt_values /opt/stack/data/venv/lib/python3.12/site-packages/oslo_config/cfg.py:3006}}
Mar 25 19:10:55.550942 np0000160634 neutron-periodic-workers[104447]: DEBUG cotyledon.oslo_config_glue [-] ml2_type_vlan.network_vlan_ranges = ['public'] {{(pid=104447) log_opt_values /opt/stack/data/venv/lib/python3.12/site-packages/oslo_config/cfg.py:3006}}
Mar 25 19:10:55.551009 np0000160634 neutron-periodic-workers[104447]: DEBUG cotyledon.oslo_config_glue [-] network_log.burst_limit = 25 {{(pid=104447) log_opt_values /opt/stack/data/venv/lib/python3.12/site-packages/oslo_config/cfg.py:3006}}
Mar 25 19:10:55.551056 np0000160634 neutron-periodic-workers[104447]: DEBUG cotyledon.oslo_config_glue [-] network_log.local_output_log_base = None {{(pid=104447) log_opt_values /opt/stack/data/venv/lib/python3.12/site-packages/oslo_config/cfg.py:3006}}
Mar 25 19:10:55.551093 np0000160634 neutron-periodic-workers[104447]: DEBUG cotyledon.oslo_config_glue [-] network_log.rate_limit = 100 {{(pid=104447) log_opt_values /opt/stack/data/venv/lib/python3.12/site-packages/oslo_config/cfg.py:3006}}
Mar 25 19:10:55.551158 np0000160634 neutron-periodic-workers[104447]: DEBUG cotyledon.oslo_config_glue [-] database.asyncio_connection = **** {{(pid=104447) log_opt_values /opt/stack/data/venv/lib/python3.12/site-packages/oslo_config/cfg.py:3006}}
Mar 25 19:10:55.551195 np0000160634 neutron-periodic-workers[104447]: DEBUG cotyledon.oslo_config_glue [-] database.asyncio_slave_connection = **** {{(pid=104447) log_opt_values /opt/stack/data/venv/lib/python3.12/site-packages/oslo_config/cfg.py:3006}}
Mar 25 19:10:55.551244 np0000160634 neutron-periodic-workers[104447]: DEBUG cotyledon.oslo_config_glue [-] database.backend = sqlalchemy {{(pid=104447) log_opt_values /opt/stack/data/venv/lib/python3.12/site-packages/oslo_config/cfg.py:3006}}
Mar 25 19:10:55.551296 np0000160634 neutron-periodic-workers[104447]: DEBUG cotyledon.oslo_config_glue [-] database.connection = **** {{(pid=104447) log_opt_values /opt/stack/data/venv/lib/python3.12/site-packages/oslo_config/cfg.py:3006}}
Mar 25 19:10:55.551347 np0000160634 neutron-periodic-workers[104447]: DEBUG cotyledon.oslo_config_glue [-] database.connection_debug = 0 {{(pid=104447) log_opt_values /opt/stack/data/venv/lib/python3.12/site-packages/oslo_config/cfg.py:3006}}
Mar 25 19:10:55.551386 np0000160634 neutron-periodic-workers[104447]: DEBUG cotyledon.oslo_config_glue [-] database.connection_parameters = {{(pid=104447) log_opt_values /opt/stack/data/venv/lib/python3.12/site-packages/oslo_config/cfg.py:3006}}
Mar 25 19:10:55.551441 np0000160634 neutron-periodic-workers[104447]: DEBUG cotyledon.oslo_config_glue [-] database.connection_recycle_time = 3600 {{(pid=104447) log_opt_values /opt/stack/data/venv/lib/python3.12/site-packages/oslo_config/cfg.py:3006}}
Mar 25 19:10:55.551479 np0000160634 neutron-periodic-workers[104447]: DEBUG cotyledon.oslo_config_glue [-] database.connection_trace = False {{(pid=104447) log_opt_values /opt/stack/data/venv/lib/python3.12/site-packages/oslo_config/cfg.py:3006}}
Mar 25 19:10:55.551512 np0000160634 neutron-periodic-workers[104447]: DEBUG cotyledon.oslo_config_glue [-] database.db_inc_retry_interval = True {{(pid=104447) log_opt_values /opt/stack/data/venv/lib/python3.12/site-packages/oslo_config/cfg.py:3006}}
Mar 25 19:10:55.551557 np0000160634 neutron-periodic-workers[104447]: DEBUG cotyledon.oslo_config_glue [-] database.db_max_retries = 20 {{(pid=104447) log_opt_values /opt/stack/data/venv/lib/python3.12/site-packages/oslo_config/cfg.py:3006}}
Mar 25 19:10:55.551597 np0000160634 neutron-periodic-workers[104447]: DEBUG cotyledon.oslo_config_glue [-] database.db_max_retry_interval = 10 {{(pid=104447) log_opt_values /opt/stack/data/venv/lib/python3.12/site-packages/oslo_config/cfg.py:3006}}
Mar 25 19:10:55.551628 np0000160634 neutron-periodic-workers[104447]: DEBUG cotyledon.oslo_config_glue [-] database.db_retry_interval = 1 {{(pid=104447) log_opt_values /opt/stack/data/venv/lib/python3.12/site-packages/oslo_config/cfg.py:3006}}
Mar 25 19:10:55.551673 np0000160634 neutron-periodic-workers[104447]: DEBUG cotyledon.oslo_config_glue [-] database.max_overflow = 50 {{(pid=104447) log_opt_values /opt/stack/data/venv/lib/python3.12/site-packages/oslo_config/cfg.py:3006}}
Mar 25 19:10:55.551740 np0000160634 neutron-periodic-workers[104447]: DEBUG cotyledon.oslo_config_glue [-] database.max_pool_size = 5 {{(pid=104447) log_opt_values /opt/stack/data/venv/lib/python3.12/site-packages/oslo_config/cfg.py:3006}}
Mar 25 19:10:55.551793 np0000160634 neutron-periodic-workers[104447]: DEBUG cotyledon.oslo_config_glue [-] database.max_retries = 10 {{(pid=104447) log_opt_values /opt/stack/data/venv/lib/python3.12/site-packages/oslo_config/cfg.py:3006}}
Mar 25 19:10:55.551842 np0000160634 neutron-periodic-workers[104447]: DEBUG cotyledon.oslo_config_glue [-] database.mysql_sql_mode = TRADITIONAL {{(pid=104447) log_opt_values /opt/stack/data/venv/lib/python3.12/site-packages/oslo_config/cfg.py:3006}}
Mar 25 19:10:55.551931 np0000160634 neutron-periodic-workers[104447]: DEBUG cotyledon.oslo_config_glue [-] database.mysql_wsrep_sync_wait = None {{(pid=104447) log_opt_values /opt/stack/data/venv/lib/python3.12/site-packages/oslo_config/cfg.py:3006}}
Mar 25 19:10:55.551931 np0000160634 neutron-periodic-workers[104447]: DEBUG cotyledon.oslo_config_glue [-] database.pool_timeout = None {{(pid=104447) log_opt_values /opt/stack/data/venv/lib/python3.12/site-packages/oslo_config/cfg.py:3006}}
Mar 25 19:10:55.552019 np0000160634 neutron-periodic-workers[104447]: DEBUG cotyledon.oslo_config_glue [-] database.retry_interval = 10 {{(pid=104447) log_opt_values /opt/stack/data/venv/lib/python3.12/site-packages/oslo_config/cfg.py:3006}}
Mar 25 19:10:55.552019 np0000160634 neutron-periodic-workers[104447]: DEBUG cotyledon.oslo_config_glue [-] database.slave_connection = **** {{(pid=104447) log_opt_values /opt/stack/data/venv/lib/python3.12/site-packages/oslo_config/cfg.py:3006}}
Mar 25 19:10:55.552071 np0000160634 neutron-periodic-workers[104447]: DEBUG cotyledon.oslo_config_glue [-] database.sqlite_synchronous = True {{(pid=104447) log_opt_values /opt/stack/data/venv/lib/python3.12/site-packages/oslo_config/cfg.py:3006}}
Mar 25 19:10:55.552071 np0000160634 neutron-periodic-workers[104447]: DEBUG cotyledon.oslo_config_glue [-] database.synchronous_reader = True {{(pid=104447) log_opt_values /opt/stack/data/venv/lib/python3.12/site-packages/oslo_config/cfg.py:3006}}
Mar 25 19:10:55.552152 np0000160634 neutron-periodic-workers[104447]: DEBUG cotyledon.oslo_config_glue [-] database.use_db_reconnect = False {{(pid=104447) log_opt_values /opt/stack/data/venv/lib/python3.12/site-packages/oslo_config/cfg.py:3006}}
Mar 25 19:10:55.552212 np0000160634 neutron-periodic-workers[104447]: DEBUG cotyledon.oslo_config_glue [-] ovn.bfd_min_rx = 1000 {{(pid=104447) log_opt_values /opt/stack/data/venv/lib/python3.12/site-packages/oslo_config/cfg.py:3006}}
Mar 25 19:10:55.552212 np0000160634 neutron-periodic-workers[104447]: DEBUG cotyledon.oslo_config_glue [-] ovn.bfd_min_tx = 100 {{(pid=104447) log_opt_values /opt/stack/data/venv/lib/python3.12/site-packages/oslo_config/cfg.py:3006}}
Mar 25 19:10:55.552328 np0000160634 neutron-periodic-workers[104447]: DEBUG cotyledon.oslo_config_glue [-] ovn.bfd_mult = 3 {{(pid=104447) log_opt_values /opt/stack/data/venv/lib/python3.12/site-packages/oslo_config/cfg.py:3006}}
Mar 25 19:10:55.552328 np0000160634 neutron-periodic-workers[104447]: DEBUG cotyledon.oslo_config_glue [-] ovn.broadcast_arps_to_all_routers = True {{(pid=104447) log_opt_values /opt/stack/data/venv/lib/python3.12/site-packages/oslo_config/cfg.py:3006}}
Mar 25 19:10:55.552328 np0000160634 neutron-periodic-workers[104447]: DEBUG cotyledon.oslo_config_glue [-] ovn.dhcp_default_lease_time = 43200 {{(pid=104447) log_opt_values /opt/stack/data/venv/lib/python3.12/site-packages/oslo_config/cfg.py:3006}}
Mar 25 19:10:55.552466 np0000160634 neutron-periodic-workers[104447]: DEBUG cotyledon.oslo_config_glue [-] ovn.disable_ovn_dhcp_for_baremetal_ports = False {{(pid=104447) log_opt_values /opt/stack/data/venv/lib/python3.12/site-packages/oslo_config/cfg.py:3006}}
Mar 25 19:10:55.552466 np0000160634 neutron-periodic-workers[104447]: DEBUG cotyledon.oslo_config_glue [-] ovn.dns_records_ovn_owned = False {{(pid=104447) log_opt_values /opt/stack/data/venv/lib/python3.12/site-packages/oslo_config/cfg.py:3006}}
Mar 25 19:10:55.552466 np0000160634 neutron-periodic-workers[104447]: DEBUG cotyledon.oslo_config_glue [-] ovn.dns_servers = [] {{(pid=104447) log_opt_values /opt/stack/data/venv/lib/python3.12/site-packages/oslo_config/cfg.py:3006}}
Mar 25 19:10:55.552466 np0000160634 neutron-periodic-workers[104447]: DEBUG cotyledon.oslo_config_glue [-] ovn.enable_distributed_floating_ip = False {{(pid=104447) log_opt_values /opt/stack/data/venv/lib/python3.12/site-packages/oslo_config/cfg.py:3006}}
Mar 25 19:10:55.552650 np0000160634 neutron-periodic-workers[104447]: DEBUG cotyledon.oslo_config_glue [-] ovn.fdb_age_threshold = 300 {{(pid=104447) log_opt_values /opt/stack/data/venv/lib/python3.12/site-packages/oslo_config/cfg.py:3006}}
Mar 25 19:10:55.552650 np0000160634 neutron-periodic-workers[104447]: DEBUG cotyledon.oslo_config_glue [-] ovn.ha_failover_strategy = normal {{(pid=104447) log_opt_values /opt/stack/data/venv/lib/python3.12/site-packages/oslo_config/cfg.py:3006}}
Mar 25 19:10:55.552650 np0000160634 neutron-periodic-workers[104447]: DEBUG cotyledon.oslo_config_glue [-] ovn.live_migration_activation_strategy = rarp {{(pid=104447) log_opt_values /opt/stack/data/venv/lib/python3.12/site-packages/oslo_config/cfg.py:3006}}
Mar 25 19:10:55.552650 np0000160634 neutron-periodic-workers[104447]: DEBUG cotyledon.oslo_config_glue [-] ovn.localnet_learn_fdb = False {{(pid=104447) log_opt_values /opt/stack/data/venv/lib/python3.12/site-packages/oslo_config/cfg.py:3006}}
Mar 25 19:10:55.552650 np0000160634 neutron-periodic-workers[104447]: DEBUG cotyledon.oslo_config_glue [-] ovn.mac_binding_age_threshold = 300 {{(pid=104447) log_opt_values /opt/stack/data/venv/lib/python3.12/site-packages/oslo_config/cfg.py:3006}}
Mar 25 19:10:55.552827 np0000160634 neutron-periodic-workers[104447]: DEBUG cotyledon.oslo_config_glue [-] ovn.neutron_sync_mode = log {{(pid=104447) log_opt_values /opt/stack/data/venv/lib/python3.12/site-packages/oslo_config/cfg.py:3006}}
Mar 25 19:10:55.552827 np0000160634 neutron-periodic-workers[104447]: DEBUG cotyledon.oslo_config_glue [-] ovn.ovn_dhcp4_global_options = {} {{(pid=104447) log_opt_values /opt/stack/data/venv/lib/python3.12/site-packages/oslo_config/cfg.py:3006}}
Mar 25 19:10:55.552827 np0000160634 neutron-periodic-workers[104447]: DEBUG cotyledon.oslo_config_glue [-] ovn.ovn_dhcp6_global_options = {} {{(pid=104447) log_opt_values /opt/stack/data/venv/lib/python3.12/site-packages/oslo_config/cfg.py:3006}}
Mar 25 19:10:55.552967 np0000160634 neutron-periodic-workers[104447]: DEBUG cotyledon.oslo_config_glue [-] ovn.ovn_l3_scheduler = leastloaded {{(pid=104447) log_opt_values /opt/stack/data/venv/lib/python3.12/site-packages/oslo_config/cfg.py:3006}}
Mar 25 19:10:55.552967 np0000160634 neutron-periodic-workers[104447]: DEBUG cotyledon.oslo_config_glue [-] ovn.ovn_metadata_enabled = True {{(pid=104447) log_opt_values /opt/stack/data/venv/lib/python3.12/site-packages/oslo_config/cfg.py:3006}}
Mar 25 19:10:55.552967 np0000160634 neutron-periodic-workers[104447]: DEBUG cotyledon.oslo_config_glue [-] ovn.ovn_nb_ca_cert = /opt/stack/data/CA/int-ca/ca-chain.pem {{(pid=104447) log_opt_values /opt/stack/data/venv/lib/python3.12/site-packages/oslo_config/cfg.py:3006}}
Mar 25 19:10:55.553076 np0000160634 neutron-periodic-workers[104447]: DEBUG cotyledon.oslo_config_glue [-] ovn.ovn_nb_certificate = /opt/stack/data/CA/int-ca/devstack-cert.crt {{(pid=104447) log_opt_values /opt/stack/data/venv/lib/python3.12/site-packages/oslo_config/cfg.py:3006}}
Mar 25 19:10:55.553076 np0000160634 neutron-periodic-workers[104447]: DEBUG cotyledon.oslo_config_glue [-] ovn.ovn_nb_connection = ['ssl:199.204.45.223:6641'] {{(pid=104447) log_opt_values /opt/stack/data/venv/lib/python3.12/site-packages/oslo_config/cfg.py:3006}}
Mar 25 19:10:55.553076 np0000160634 neutron-periodic-workers[104447]: DEBUG cotyledon.oslo_config_glue [-] ovn.ovn_nb_private_key = /opt/stack/data/CA/int-ca/private/devstack-cert.key {{(pid=104447) log_opt_values /opt/stack/data/venv/lib/python3.12/site-packages/oslo_config/cfg.py:3006}}
Mar 25 19:10:55.553190 np0000160634 neutron-periodic-workers[104447]: DEBUG cotyledon.oslo_config_glue [-] ovn.ovn_router_indirect_snat = False {{(pid=104447) log_opt_values /opt/stack/data/venv/lib/python3.12/site-packages/oslo_config/cfg.py:3006}}
Mar 25 19:10:55.553190 np0000160634 neutron-periodic-workers[104447]: DEBUG cotyledon.oslo_config_glue [-] ovn.ovn_sb_ca_cert = /opt/stack/data/CA/int-ca/ca-chain.pem {{(pid=104447) log_opt_values /opt/stack/data/venv/lib/python3.12/site-packages/oslo_config/cfg.py:3006}}
Mar 25 19:10:55.553190 np0000160634 neutron-periodic-workers[104447]: DEBUG cotyledon.oslo_config_glue [-] ovn.ovn_sb_certificate = /opt/stack/data/CA/int-ca/devstack-cert.crt {{(pid=104447) log_opt_values /opt/stack/data/venv/lib/python3.12/site-packages/oslo_config/cfg.py:3006}}
Mar 25 19:10:55.553294 np0000160634 neutron-periodic-workers[104447]: DEBUG cotyledon.oslo_config_glue [-] ovn.ovn_sb_connection = ['ssl:199.204.45.223:6642'] {{(pid=104447) log_opt_values /opt/stack/data/venv/lib/python3.12/site-packages/oslo_config/cfg.py:3006}}
Mar 25 19:10:55.553294 np0000160634 neutron-periodic-workers[104447]: DEBUG cotyledon.oslo_config_glue [-] ovn.ovn_sb_private_key = /opt/stack/data/CA/int-ca/private/devstack-cert.key {{(pid=104447) log_opt_values /opt/stack/data/venv/lib/python3.12/site-packages/oslo_config/cfg.py:3006}}
Mar 25 19:10:55.553369 np0000160634 neutron-periodic-workers[104447]: DEBUG cotyledon.oslo_config_glue [-] ovn.ovs_create_tap = False {{(pid=104447) log_opt_values /opt/stack/data/venv/lib/python3.12/site-packages/oslo_config/cfg.py:3006}}
Mar 25 19:10:55.553369 np0000160634 neutron-periodic-workers[104447]: DEBUG cotyledon.oslo_config_glue [-] ovn.ovsdb_connection_timeout = 180 {{(pid=104447) log_opt_values /opt/stack/data/venv/lib/python3.12/site-packages/oslo_config/cfg.py:3006}}
Mar 25 19:10:55.553448 np0000160634 neutron-periodic-workers[104447]: DEBUG cotyledon.oslo_config_glue [-] ovn.ovsdb_log_level = INFO {{(pid=104447) log_opt_values /opt/stack/data/venv/lib/python3.12/site-packages/oslo_config/cfg.py:3006}}
Mar 25 19:10:55.553448 np0000160634 neutron-periodic-workers[104447]: DEBUG cotyledon.oslo_config_glue [-] ovn.ovsdb_probe_interval = 60000 {{(pid=104447) log_opt_values /opt/stack/data/venv/lib/python3.12/site-packages/oslo_config/cfg.py:3006}}
Mar 25 19:10:55.553448 np0000160634 neutron-periodic-workers[104447]: DEBUG cotyledon.oslo_config_glue [-] ovn.ovsdb_retry_max_interval = 180 {{(pid=104447) log_opt_values /opt/stack/data/venv/lib/python3.12/site-packages/oslo_config/cfg.py:3006}}
Mar 25 19:10:55.553562 np0000160634 neutron-periodic-workers[104447]: DEBUG cotyledon.oslo_config_glue [-] ovn.stateless_nat_enabled = False {{(pid=104447) log_opt_values /opt/stack/data/venv/lib/python3.12/site-packages/oslo_config/cfg.py:3006}}
Mar 25 19:10:55.553562 np0000160634 neutron-periodic-workers[104447]: DEBUG cotyledon.oslo_config_glue [-] ovn.vhost_sock_dir = /var/run/openvswitch {{(pid=104447) log_opt_values /opt/stack/data/venv/lib/python3.12/site-packages/oslo_config/cfg.py:3006}}
Mar 25 19:10:55.553735 np0000160634 neutron-periodic-workers[104447]: DEBUG cotyledon.oslo_config_glue [-] OVS.bridge_mac_table_size = 50000 {{(pid=104447) log_opt_values /opt/stack/data/venv/lib/python3.12/site-packages/oslo_config/cfg.py:3006}}
Mar 25 19:10:55.553735 np0000160634 neutron-periodic-workers[104447]: DEBUG cotyledon.oslo_config_glue [-] OVS.igmp_flood = False {{(pid=104447) log_opt_values /opt/stack/data/venv/lib/python3.12/site-packages/oslo_config/cfg.py:3006}}
Mar 25 19:10:55.553735 np0000160634 neutron-periodic-workers[104447]: DEBUG cotyledon.oslo_config_glue [-] OVS.igmp_flood_reports = True {{(pid=104447) log_opt_values /opt/stack/data/venv/lib/python3.12/site-packages/oslo_config/cfg.py:3006}}
Mar 25 19:10:55.553735 np0000160634 neutron-periodic-workers[104447]: DEBUG cotyledon.oslo_config_glue [-] OVS.igmp_flood_unregistered = False {{(pid=104447) log_opt_values /opt/stack/data/venv/lib/python3.12/site-packages/oslo_config/cfg.py:3006}}
Mar 25 19:10:55.553835 np0000160634 neutron-periodic-workers[104447]: DEBUG cotyledon.oslo_config_glue [-] OVS.igmp_snooping_enable = False {{(pid=104447) log_opt_values /opt/stack/data/venv/lib/python3.12/site-packages/oslo_config/cfg.py:3006}}
Mar 25 19:10:55.553835 np0000160634 neutron-periodic-workers[104447]: DEBUG cotyledon.oslo_config_glue [-] OVS.ovsdb_timeout = 10 {{(pid=104447) log_opt_values /opt/stack/data/venv/lib/python3.12/site-packages/oslo_config/cfg.py:3006}}
Mar 25 19:10:55.553907 np0000160634 neutron-periodic-workers[104447]: DEBUG cotyledon.oslo_config_glue [-] ovn_nb_global.fdb_removal_limit = 0 {{(pid=104447) log_opt_values /opt/stack/data/venv/lib/python3.12/site-packages/oslo_config/cfg.py:3006}}
Mar 25 19:10:55.553968 np0000160634 neutron-periodic-workers[104447]: DEBUG cotyledon.oslo_config_glue [-] ovn_nb_global.ignore_lsp_down = False {{(pid=104447) log_opt_values /opt/stack/data/venv/lib/python3.12/site-packages/oslo_config/cfg.py:3006}}
Mar 25 19:10:55.554020 np0000160634 neutron-periodic-workers[104447]: DEBUG cotyledon.oslo_config_glue [-] ovn_nb_global.mac_binding_removal_limit = 0 {{(pid=104447) log_opt_values /opt/stack/data/venv/lib/python3.12/site-packages/oslo_config/cfg.py:3006}}
Mar 25 19:10:55.554062 np0000160634 neutron-periodic-workers[104447]: DEBUG cotyledon.oslo_config_glue [-] ******************************************************************************** {{(pid=104447) log_opt_values /opt/stack/data/venv/lib/python3.12/site-packages/oslo_config/cfg.py:3013}}
Mar 25 19:10:55.554263 np0000160634 neutron-periodic-workers[104447]: DEBUG cotyledon._service_worker [-] Run service ServiceWrapper(0) [104447] {{(pid=104447) wait_forever /opt/stack/data/venv/lib/python3.12/site-packages/cotyledon/_service_worker.py:218}}
Mar 25 19:11:05.182252 np0000160634 neutron-periodic-workers[103702]: DEBUG dbcounter [-] [103702] Writing DB stats neutron:SELECT=4 {{(pid=103702) stat_writer /opt/stack/data/venv/lib/python3.12/site-packages/dbcounter.py:115}}
Mar 25 19:11:46.549359 np0000160634 neutron-periodic-workers[104436]: DEBUG oslo_db.sqlalchemy.engines [None req-510e7a32-d747-4f2e-a6e9-6fa8a0fbcc4c None None] Parent process 103702 forked (104436) with an open database connection, which is being discarded and recreated. {{(pid=104436) checkout /opt/stack/data/venv/lib/python3.12/site-packages/oslo_db/sqlalchemy/engines.py:402}}
Mar 25 19:11:46.559767 np0000160634 neutron-periodic-workers[104436]: DEBUG dbcounter [-] [104436] Writer thread running {{(pid=104436) stat_writer /opt/stack/data/venv/lib/python3.12/site-packages/dbcounter.py:102}}
Mar 25 19:11:46.561205 np0000160634 neutron-periodic-workers[104436]: DEBUG neutron.db.agents_db [None req-510e7a32-d747-4f2e-a6e9-6fa8a0fbcc4c None None] Agent healthcheck: found 0 active agents {{(pid=104436) agent_health_check /opt/stack/neutron/neutron/db/agents_db.py:317}}
Mar 25 19:11:46.561389 np0000160634 neutron-periodic-workers[104436]: DEBUG oslo.service.backend._threading.loopingcall [None req-510e7a32-d747-4f2e-a6e9-6fa8a0fbcc4c None None] Fixed interval looping call 'neutron.plugins.ml2.plugin.AgentDbMixin.agent_health_check' sleeping for 36.98 seconds {{(pid=104436) _run_loop /opt/stack/data/venv/lib/python3.12/site-packages/oslo_service/backend/_threading/loopingcall.py:125}}
Mar 25 19:11:56.558313 np0000160634 neutron-periodic-workers[104436]: DEBUG dbcounter [-] [104436] Writing DB stats neutron:SELECT=1 {{(pid=104436) stat_writer /opt/stack/data/venv/lib/python3.12/site-packages/dbcounter.py:115}}
Mar 25 19:12:08.549988 np0000160634 neutron-periodic-workers[104424]: DEBUG dbcounter [-] [104424] Writer thread running {{(pid=104424) stat_writer /opt/stack/data/venv/lib/python3.12/site-packages/dbcounter.py:102}}
Mar 25 19:12:08.564224 np0000160634 neutron-periodic-workers[104424]: DEBUG oslo.service.backend._threading.loopingcall [None req-8f0ea39a-fe9c-4643-83d3-fd741d7111a8 None None] Fixed interval looping call 'neutron.plugins.ml2.plugin.DhcpAgentSchedulerDbMixin.remove_networks_from_down_agents' sleeping for 36.97 seconds {{(pid=104424) _run_loop /opt/stack/data/venv/lib/python3.12/site-packages/oslo_service/backend/_threading/loopingcall.py:125}}
Mar 25 19:12:18.562655 np0000160634 neutron-periodic-workers[104424]: DEBUG dbcounter [-] [104424] Writing DB stats neutron:SELECT=3 {{(pid=104424) stat_writer /opt/stack/data/venv/lib/python3.12/site-packages/dbcounter.py:115}}
Mar 25 19:12:23.548195 np0000160634 neutron-periodic-workers[104436]: DEBUG neutron.db.agents_db [None req-510e7a32-d747-4f2e-a6e9-6fa8a0fbcc4c None None] Agent healthcheck: found 0 active agents {{(pid=104436) agent_health_check /opt/stack/neutron/neutron/db/agents_db.py:317}}
Mar 25 19:12:23.548195 np0000160634 neutron-periodic-workers[104436]: DEBUG oslo.service.backend._threading.loopingcall [None req-510e7a32-d747-4f2e-a6e9-6fa8a0fbcc4c None None] Fixed interval looping call 'neutron.plugins.ml2.plugin.AgentDbMixin.agent_health_check' sleeping for 36.99 seconds {{(pid=104436) _run_loop /opt/stack/data/venv/lib/python3.12/site-packages/oslo_service/backend/_threading/loopingcall.py:125}}
Mar 25 19:12:33.545842 np0000160634 neutron-periodic-workers[104436]: DEBUG dbcounter [-] [104436] Writing DB stats neutron:SELECT=1 {{(pid=104436) stat_writer /opt/stack/data/venv/lib/python3.12/site-packages/dbcounter.py:115}}
Mar 25 19:12:45.546129 np0000160634 neutron-periodic-workers[104424]: DEBUG oslo.service.backend._threading.loopingcall [None req-8f0ea39a-fe9c-4643-83d3-fd741d7111a8 None None] Fixed interval looping call 'neutron.plugins.ml2.plugin.DhcpAgentSchedulerDbMixin.remove_networks_from_down_agents' sleeping for 36.99 seconds {{(pid=104424) _run_loop /opt/stack/data/venv/lib/python3.12/site-packages/oslo_service/backend/_threading/loopingcall.py:125}}
Mar 25 19:12:55.544541 np0000160634 neutron-periodic-workers[104424]: DEBUG dbcounter [-] [104424] Writing DB stats neutron:SELECT=3 {{(pid=104424) stat_writer /opt/stack/data/venv/lib/python3.12/site-packages/dbcounter.py:115}}
Mar 25 19:12:55.576858 np0000160634 neutron-periodic-workers[104447]: DEBUG dbcounter [-] [104447] Writer thread running {{(pid=104447) stat_writer /opt/stack/data/venv/lib/python3.12/site-packages/dbcounter.py:102}}
Mar 25 19:12:55.579626 np0000160634 neutron-periodic-workers[104447]: DEBUG oslo.service.backend._threading.loopingcall [None req-923c88c7-18f1-446a-be0e-ce965c2fc9f6 None None] Fixed interval looping call 'neutron.db.quota.driver_nolock.DbQuotaNoLockDriver._remove_expired_reservations' sleeping for 119.98 seconds {{(pid=104447) _run_loop /opt/stack/data/venv/lib/python3.12/site-packages/oslo_service/backend/_threading/loopingcall.py:125}}
Mar 25 19:13:00.542158 np0000160634 neutron-periodic-workers[104436]: DEBUG neutron.db.agents_db [None req-510e7a32-d747-4f2e-a6e9-6fa8a0fbcc4c None None] Agent healthcheck: found 0 active agents {{(pid=104436) agent_health_check /opt/stack/neutron/neutron/db/agents_db.py:317}}
Mar 25 19:13:00.542835 np0000160634 neutron-periodic-workers[104436]: DEBUG oslo.service.backend._threading.loopingcall [None req-510e7a32-d747-4f2e-a6e9-6fa8a0fbcc4c None None] Fixed interval looping call 'neutron.plugins.ml2.plugin.AgentDbMixin.agent_health_check' sleeping for 37.00 seconds {{(pid=104436) _run_loop /opt/stack/data/venv/lib/python3.12/site-packages/oslo_service/backend/_threading/loopingcall.py:125}}
Mar 25 19:13:02.532986 np0000160634 neutron-periodic-workers[104415]: DEBUG dbcounter [-] [104415] Writer thread running {{(pid=104415) stat_writer /opt/stack/data/venv/lib/python3.12/site-packages/dbcounter.py:102}}
Mar 25 19:13:02.542270 np0000160634 neutron-periodic-workers[104415]: DEBUG oslo.service.backend._threading.loopingcall [None req-06cc6992-f956-4dda-9c7c-5863a5a2dd3c None None] Fixed interval looping call 'neutron.services.ovn_l3.plugin.L3_NAT_dbonly_mixin._clean_garbage' sleeping for 299.95 seconds {{(pid=104415) _run_loop /opt/stack/data/venv/lib/python3.12/site-packages/oslo_service/backend/_threading/loopingcall.py:125}}
Mar 25 19:13:05.577594 np0000160634 neutron-periodic-workers[104447]: DEBUG dbcounter [-] [104447] Writing DB stats neutron:DELETE=1 {{(pid=104447) stat_writer /opt/stack/data/venv/lib/python3.12/site-packages/dbcounter.py:115}}
Mar 25 19:13:10.540999 np0000160634 neutron-periodic-workers[104436]: DEBUG dbcounter [-] [104436] Writing DB stats neutron:SELECT=1 {{(pid=104436) stat_writer /opt/stack/data/venv/lib/python3.12/site-packages/dbcounter.py:115}}
Mar 25 19:13:12.533755 np0000160634 neutron-periodic-workers[104415]: DEBUG dbcounter [-] [104415] Writing DB stats neutron:SELECT=1 {{(pid=104415) stat_writer /opt/stack/data/venv/lib/python3.12/site-packages/dbcounter.py:115}}
Mar 25 19:13:22.546990 np0000160634 neutron-periodic-workers[104424]: DEBUG oslo.service.backend._threading.loopingcall [None req-8f0ea39a-fe9c-4643-83d3-fd741d7111a8 None None] Fixed interval looping call 'neutron.plugins.ml2.plugin.DhcpAgentSchedulerDbMixin.remove_networks_from_down_agents' sleeping for 36.99 seconds {{(pid=104424) _run_loop /opt/stack/data/venv/lib/python3.12/site-packages/oslo_service/backend/_threading/loopingcall.py:125}}
Mar 25 19:13:32.546241 np0000160634 neutron-periodic-workers[104424]: DEBUG dbcounter [-] [104424] Writing DB stats neutron:SELECT=3 {{(pid=104424) stat_writer /opt/stack/data/venv/lib/python3.12/site-packages/dbcounter.py:115}}
Mar 25 19:13:37.548801 np0000160634 neutron-periodic-workers[104436]: DEBUG neutron.db.agents_db [None req-510e7a32-d747-4f2e-a6e9-6fa8a0fbcc4c None None] Agent healthcheck: found 0 active agents {{(pid=104436) agent_health_check /opt/stack/neutron/neutron/db/agents_db.py:317}}
Mar 25 19:13:37.549710 np0000160634 neutron-periodic-workers[104436]: DEBUG oslo.service.backend._threading.loopingcall [None req-510e7a32-d747-4f2e-a6e9-6fa8a0fbcc4c None None] Fixed interval looping call 'neutron.plugins.ml2.plugin.AgentDbMixin.agent_health_check' sleeping for 36.99 seconds {{(pid=104436) _run_loop /opt/stack/data/venv/lib/python3.12/site-packages/oslo_service/backend/_threading/loopingcall.py:125}}
Mar 25 19:13:47.546456 np0000160634 neutron-periodic-workers[104436]: DEBUG dbcounter [-] [104436] Writing DB stats neutron:SELECT=1 {{(pid=104436) stat_writer /opt/stack/data/venv/lib/python3.12/site-packages/dbcounter.py:115}}
Mar 25 19:13:59.547364 np0000160634 neutron-periodic-workers[104424]: DEBUG oslo.service.backend._threading.loopingcall [None req-8f0ea39a-fe9c-4643-83d3-fd741d7111a8 None None] Fixed interval looping call 'neutron.plugins.ml2.plugin.DhcpAgentSchedulerDbMixin.remove_networks_from_down_agents' sleeping for 36.99 seconds {{(pid=104424) _run_loop /opt/stack/data/venv/lib/python3.12/site-packages/oslo_service/backend/_threading/loopingcall.py:125}}
Mar 25 19:14:09.547799 np0000160634 neutron-periodic-workers[104424]: DEBUG dbcounter [-] [104424] Writing DB stats neutron:SELECT=3 {{(pid=104424) stat_writer /opt/stack/data/venv/lib/python3.12/site-packages/dbcounter.py:115}}
Mar 25 19:14:14.545604 np0000160634 neutron-periodic-workers[104436]: DEBUG neutron.db.agents_db [None req-510e7a32-d747-4f2e-a6e9-6fa8a0fbcc4c None None] Agent healthcheck: found 0 active agents {{(pid=104436) agent_health_check /opt/stack/neutron/neutron/db/agents_db.py:317}}
Mar 25 19:14:14.546116 np0000160634 neutron-periodic-workers[104436]: DEBUG oslo.service.backend._threading.loopingcall [None req-510e7a32-d747-4f2e-a6e9-6fa8a0fbcc4c None None] Fixed interval looping call 'neutron.plugins.ml2.plugin.AgentDbMixin.agent_health_check' sleeping for 36.99 seconds {{(pid=104436) _run_loop /opt/stack/data/venv/lib/python3.12/site-packages/oslo_service/backend/_threading/loopingcall.py:125}}
Mar 25 19:14:24.544071 np0000160634 neutron-periodic-workers[104436]: DEBUG dbcounter [-] [104436] Writing DB stats neutron:SELECT=1 {{(pid=104436) stat_writer /opt/stack/data/venv/lib/python3.12/site-packages/dbcounter.py:115}}
Mar 25 19:14:36.548098 np0000160634 neutron-periodic-workers[104424]: DEBUG oslo.service.backend._threading.loopingcall [None req-8f0ea39a-fe9c-4643-83d3-fd741d7111a8 None None] Fixed interval looping call 'neutron.plugins.ml2.plugin.DhcpAgentSchedulerDbMixin.remove_networks_from_down_agents' sleeping for 36.99 seconds {{(pid=104424) _run_loop /opt/stack/data/venv/lib/python3.12/site-packages/oslo_service/backend/_threading/loopingcall.py:125}}
Mar 25 19:14:46.547002 np0000160634 neutron-periodic-workers[104424]: DEBUG dbcounter [-] [104424] Writing DB stats neutron:SELECT=3 {{(pid=104424) stat_writer /opt/stack/data/venv/lib/python3.12/site-packages/dbcounter.py:115}}
Mar 25 19:14:51.543418 np0000160634 neutron-periodic-workers[104436]: DEBUG neutron.db.agents_db [None req-510e7a32-d747-4f2e-a6e9-6fa8a0fbcc4c None None] Agent healthcheck: found 0 active agents {{(pid=104436) agent_health_check /opt/stack/neutron/neutron/db/agents_db.py:317}}
Mar 25 19:14:51.544077 np0000160634 neutron-periodic-workers[104436]: DEBUG oslo.service.backend._threading.loopingcall [None req-510e7a32-d747-4f2e-a6e9-6fa8a0fbcc4c None None] Fixed interval looping call 'neutron.plugins.ml2.plugin.AgentDbMixin.agent_health_check' sleeping for 36.99 seconds {{(pid=104436) _run_loop /opt/stack/data/venv/lib/python3.12/site-packages/oslo_service/backend/_threading/loopingcall.py:125}}
Mar 25 19:14:55.565101 np0000160634 neutron-periodic-workers[104447]: DEBUG oslo.service.backend._threading.loopingcall [None req-923c88c7-18f1-446a-be0e-ce965c2fc9f6 None None] Fixed interval looping call 'neutron.db.quota.driver_nolock.DbQuotaNoLockDriver._remove_expired_reservations' sleeping for 120.00 seconds {{(pid=104447) _run_loop /opt/stack/data/venv/lib/python3.12/site-packages/oslo_service/backend/_threading/loopingcall.py:125}}
Mar 25 19:15:01.540350 np0000160634 neutron-periodic-workers[104436]: DEBUG dbcounter [-] [104436] Writing DB stats neutron:SELECT=1 {{(pid=104436) stat_writer /opt/stack/data/venv/lib/python3.12/site-packages/dbcounter.py:115}}
Mar 25 19:15:05.563758 np0000160634 neutron-periodic-workers[104447]: DEBUG dbcounter [-] [104447] Writing DB stats neutron:DELETE=1 {{(pid=104447) stat_writer /opt/stack/data/venv/lib/python3.12/site-packages/dbcounter.py:115}}
Mar 25 19:15:13.546073 np0000160634 neutron-periodic-workers[104424]: DEBUG oslo.service.backend._threading.loopingcall [None req-8f0ea39a-fe9c-4643-83d3-fd741d7111a8 None None] Fixed interval looping call 'neutron.plugins.ml2.plugin.DhcpAgentSchedulerDbMixin.remove_networks_from_down_agents' sleeping for 36.99 seconds {{(pid=104424) _run_loop /opt/stack/data/venv/lib/python3.12/site-packages/oslo_service/backend/_threading/loopingcall.py:125}}
Mar 25 19:15:23.546061 np0000160634 neutron-periodic-workers[104424]: DEBUG dbcounter [-] [104424] Writing DB stats neutron:SELECT=3 {{(pid=104424) stat_writer /opt/stack/data/venv/lib/python3.12/site-packages/dbcounter.py:115}}
Mar 25 19:15:28.540909 np0000160634 neutron-periodic-workers[104436]: DEBUG neutron.db.agents_db [None req-510e7a32-d747-4f2e-a6e9-6fa8a0fbcc4c None None] Agent healthcheck: found 0 active agents {{(pid=104436) agent_health_check /opt/stack/neutron/neutron/db/agents_db.py:317}}
Mar 25 19:15:28.541452 np0000160634 neutron-periodic-workers[104436]: DEBUG oslo.service.backend._threading.loopingcall [None req-510e7a32-d747-4f2e-a6e9-6fa8a0fbcc4c None None] Fixed interval looping call 'neutron.plugins.ml2.plugin.AgentDbMixin.agent_health_check' sleeping for 36.99 seconds {{(pid=104436) _run_loop /opt/stack/data/venv/lib/python3.12/site-packages/oslo_service/backend/_threading/loopingcall.py:125}}
Mar 25 19:15:38.538609 np0000160634 neutron-periodic-workers[104436]: DEBUG dbcounter [-] [104436] Writing DB stats neutron:SELECT=1 {{(pid=104436) stat_writer /opt/stack/data/venv/lib/python3.12/site-packages/dbcounter.py:115}}
Mar 25 19:15:50.545717 np0000160634 neutron-periodic-workers[104424]: DEBUG oslo.service.backend._threading.loopingcall [None req-8f0ea39a-fe9c-4643-83d3-fd741d7111a8 None None] Fixed interval looping call 'neutron.plugins.ml2.plugin.DhcpAgentSchedulerDbMixin.remove_networks_from_down_agents' sleeping for 36.99 seconds {{(pid=104424) _run_loop /opt/stack/data/venv/lib/python3.12/site-packages/oslo_service/backend/_threading/loopingcall.py:125}}
Mar 25 19:16:00.544629 np0000160634 neutron-periodic-workers[104424]: DEBUG dbcounter [-] [104424] Writing DB stats neutron:SELECT=3 {{(pid=104424) stat_writer /opt/stack/data/venv/lib/python3.12/site-packages/dbcounter.py:115}}
Mar 25 19:16:05.543434 np0000160634 neutron-periodic-workers[104436]: DEBUG neutron.db.agents_db [None req-510e7a32-d747-4f2e-a6e9-6fa8a0fbcc4c None None] Agent healthcheck: found 0 active agents {{(pid=104436) agent_health_check /opt/stack/neutron/neutron/db/agents_db.py:317}}
Mar 25 19:16:05.543434 np0000160634 neutron-periodic-workers[104436]: DEBUG oslo.service.backend._threading.loopingcall [None req-510e7a32-d747-4f2e-a6e9-6fa8a0fbcc4c None None] Fixed interval looping call 'neutron.plugins.ml2.plugin.AgentDbMixin.agent_health_check' sleeping for 36.99 seconds {{(pid=104436) _run_loop /opt/stack/data/venv/lib/python3.12/site-packages/oslo_service/backend/_threading/loopingcall.py:125}}
Mar 25 19:16:15.539069 np0000160634 neutron-periodic-workers[104436]: DEBUG dbcounter [-] [104436] Writing DB stats neutron:SELECT=1 {{(pid=104436) stat_writer /opt/stack/data/venv/lib/python3.12/site-packages/dbcounter.py:115}}
Mar 25 19:16:27.546851 np0000160634 neutron-periodic-workers[104424]: DEBUG oslo.service.backend._threading.loopingcall [None req-8f0ea39a-fe9c-4643-83d3-fd741d7111a8 None None] Fixed interval looping call 'neutron.plugins.ml2.plugin.DhcpAgentSchedulerDbMixin.remove_networks_from_down_agents' sleeping for 36.99 seconds {{(pid=104424) _run_loop /opt/stack/data/venv/lib/python3.12/site-packages/oslo_service/backend/_threading/loopingcall.py:125}}
Mar 25 19:16:37.545667 np0000160634 neutron-periodic-workers[104424]: DEBUG dbcounter [-] [104424] Writing DB stats neutron:SELECT=3 {{(pid=104424) stat_writer /opt/stack/data/venv/lib/python3.12/site-packages/dbcounter.py:115}}
Mar 25 19:16:42.539931 np0000160634 neutron-periodic-workers[104436]: DEBUG neutron.db.agents_db [None req-510e7a32-d747-4f2e-a6e9-6fa8a0fbcc4c None None] Agent healthcheck: found 0 active agents {{(pid=104436) agent_health_check /opt/stack/neutron/neutron/db/agents_db.py:317}}
Mar 25 19:16:42.540519 np0000160634 neutron-periodic-workers[104436]: DEBUG oslo.service.backend._threading.loopingcall [None req-510e7a32-d747-4f2e-a6e9-6fa8a0fbcc4c None None] Fixed interval looping call 'neutron.plugins.ml2.plugin.AgentDbMixin.agent_health_check' sleeping for 36.99 seconds {{(pid=104436) _run_loop /opt/stack/data/venv/lib/python3.12/site-packages/oslo_service/backend/_threading/loopingcall.py:125}}
Mar 25 19:16:52.538035 np0000160634 neutron-periodic-workers[104436]: DEBUG dbcounter [-] [104436] Writing DB stats neutron:SELECT=1 {{(pid=104436) stat_writer /opt/stack/data/venv/lib/python3.12/site-packages/dbcounter.py:115}}
Mar 25 19:16:55.571598 np0000160634 neutron-periodic-workers[104447]: DEBUG oslo.service.backend._threading.loopingcall [None req-923c88c7-18f1-446a-be0e-ce965c2fc9f6 None None] Fixed interval looping call 'neutron.db.quota.driver_nolock.DbQuotaNoLockDriver._remove_expired_reservations' sleeping for 119.99 seconds {{(pid=104447) _run_loop /opt/stack/data/venv/lib/python3.12/site-packages/oslo_service/backend/_threading/loopingcall.py:125}}
Mar 25 19:17:04.548685 np0000160634 neutron-periodic-workers[104424]: DEBUG oslo.service.backend._threading.loopingcall [None req-8f0ea39a-fe9c-4643-83d3-fd741d7111a8 None None] Fixed interval looping call 'neutron.plugins.ml2.plugin.DhcpAgentSchedulerDbMixin.remove_networks_from_down_agents' sleeping for 36.99 seconds {{(pid=104424) _run_loop /opt/stack/data/venv/lib/python3.12/site-packages/oslo_service/backend/_threading/loopingcall.py:125}}
Mar 25 19:17:05.569837 np0000160634 neutron-periodic-workers[104447]: DEBUG dbcounter [-] [104447] Writing DB stats neutron:DELETE=1 {{(pid=104447) stat_writer /opt/stack/data/venv/lib/python3.12/site-packages/dbcounter.py:115}}
Mar 25 19:17:14.546780 np0000160634 neutron-periodic-workers[104424]: DEBUG dbcounter [-] [104424] Writing DB stats neutron:SELECT=3 {{(pid=104424) stat_writer /opt/stack/data/venv/lib/python3.12/site-packages/dbcounter.py:115}}
Mar 25 19:17:19.535471 np0000160634 neutron-periodic-workers[104436]: DEBUG neutron.db.agents_db [None req-510e7a32-d747-4f2e-a6e9-6fa8a0fbcc4c None None] Agent healthcheck: found 0 active agents {{(pid=104436) agent_health_check /opt/stack/neutron/neutron/db/agents_db.py:317}}
Mar 25 19:17:19.535967 np0000160634 neutron-periodic-workers[104436]: DEBUG oslo.service.backend._threading.loopingcall [None req-510e7a32-d747-4f2e-a6e9-6fa8a0fbcc4c None None] Fixed interval looping call 'neutron.plugins.ml2.plugin.AgentDbMixin.agent_health_check' sleeping for 36.99 seconds {{(pid=104436) _run_loop /opt/stack/data/venv/lib/python3.12/site-packages/oslo_service/backend/_threading/loopingcall.py:125}}
Mar 25 19:17:29.534156 np0000160634 neutron-periodic-workers[104436]: DEBUG dbcounter [-] [104436] Writing DB stats neutron:SELECT=1 {{(pid=104436) stat_writer /opt/stack/data/venv/lib/python3.12/site-packages/dbcounter.py:115}}
Mar 25 19:17:41.557071 np0000160634 neutron-periodic-workers[104424]: DEBUG oslo.service.backend._threading.loopingcall [None req-8f0ea39a-fe9c-4643-83d3-fd741d7111a8 None None] Fixed interval looping call 'neutron.plugins.ml2.plugin.DhcpAgentSchedulerDbMixin.remove_networks_from_down_agents' sleeping for 36.98 seconds {{(pid=104424) _run_loop /opt/stack/data/venv/lib/python3.12/site-packages/oslo_service/backend/_threading/loopingcall.py:125}}
Mar 25 19:17:51.560824 np0000160634 neutron-periodic-workers[104424]: DEBUG dbcounter [-] [104424] Writing DB stats neutron:SELECT=3 {{(pid=104424) stat_writer /opt/stack/data/venv/lib/python3.12/site-packages/dbcounter.py:115}}
Mar 25 19:17:56.531954 np0000160634 neutron-periodic-workers[104436]: DEBUG neutron.db.agents_db [None req-510e7a32-d747-4f2e-a6e9-6fa8a0fbcc4c None None] Agent healthcheck: found 0 active agents {{(pid=104436) agent_health_check /opt/stack/neutron/neutron/db/agents_db.py:317}}
Mar 25 19:17:56.532692 np0000160634 neutron-periodic-workers[104436]: DEBUG oslo.service.backend._threading.loopingcall [None req-510e7a32-d747-4f2e-a6e9-6fa8a0fbcc4c None None] Fixed interval looping call 'neutron.plugins.ml2.plugin.AgentDbMixin.agent_health_check' sleeping for 36.99 seconds {{(pid=104436) _run_loop /opt/stack/data/venv/lib/python3.12/site-packages/oslo_service/backend/_threading/loopingcall.py:125}}
Mar 25 19:18:02.503333 np0000160634 neutron-periodic-workers[104415]: DEBUG oslo.service.backend._threading.loopingcall [None req-06cc6992-f956-4dda-9c7c-5863a5a2dd3c None None] Fixed interval looping call 'neutron.services.ovn_l3.plugin.L3_NAT_dbonly_mixin._clean_garbage' sleeping for 299.99 seconds {{(pid=104415) _run_loop /opt/stack/data/venv/lib/python3.12/site-packages/oslo_service/backend/_threading/loopingcall.py:125}}
Mar 25 19:18:06.529890 np0000160634 neutron-periodic-workers[104436]: DEBUG dbcounter [-] [104436] Writing DB stats neutron:SELECT=1 {{(pid=104436) stat_writer /opt/stack/data/venv/lib/python3.12/site-packages/dbcounter.py:115}}
Mar 25 19:18:12.496123 np0000160634 neutron-periodic-workers[104415]: DEBUG dbcounter [-] [104415] Writing DB stats neutron:SELECT=1 {{(pid=104415) stat_writer /opt/stack/data/venv/lib/python3.12/site-packages/dbcounter.py:115}}
Mar 25 19:18:18.546918 np0000160634 neutron-periodic-workers[104424]: DEBUG oslo.service.backend._threading.loopingcall [None req-8f0ea39a-fe9c-4643-83d3-fd741d7111a8 None None] Fixed interval looping call 'neutron.plugins.ml2.plugin.DhcpAgentSchedulerDbMixin.remove_networks_from_down_agents' sleeping for 36.99 seconds {{(pid=104424) _run_loop /opt/stack/data/venv/lib/python3.12/site-packages/oslo_service/backend/_threading/loopingcall.py:125}}
Mar 25 19:18:28.547390 np0000160634 neutron-periodic-workers[104424]: DEBUG dbcounter [-] [104424] Writing DB stats neutron:SELECT=3 {{(pid=104424) stat_writer /opt/stack/data/venv/lib/python3.12/site-packages/dbcounter.py:115}}
Mar 25 19:18:33.528152 np0000160634 neutron-periodic-workers[104436]: DEBUG neutron.db.agents_db [None req-510e7a32-d747-4f2e-a6e9-6fa8a0fbcc4c None None] Agent healthcheck: found 0 active agents {{(pid=104436) agent_health_check /opt/stack/neutron/neutron/db/agents_db.py:317}}
Mar 25 19:18:33.528643 np0000160634 neutron-periodic-workers[104436]: DEBUG oslo.service.backend._threading.loopingcall [None req-510e7a32-d747-4f2e-a6e9-6fa8a0fbcc4c None None] Fixed interval looping call 'neutron.plugins.ml2.plugin.AgentDbMixin.agent_health_check' sleeping for 36.99 seconds {{(pid=104436) _run_loop /opt/stack/data/venv/lib/python3.12/site-packages/oslo_service/backend/_threading/loopingcall.py:125}}
Mar 25 19:18:43.526347 np0000160634 neutron-periodic-workers[104436]: DEBUG dbcounter [-] [104436] Writing DB stats neutron:SELECT=1 {{(pid=104436) stat_writer /opt/stack/data/venv/lib/python3.12/site-packages/dbcounter.py:115}}
Mar 25 19:18:55.547853 np0000160634 neutron-periodic-workers[104424]: DEBUG oslo.service.backend._threading.loopingcall [None req-8f0ea39a-fe9c-4643-83d3-fd741d7111a8 None None] Fixed interval looping call 'neutron.plugins.ml2.plugin.DhcpAgentSchedulerDbMixin.remove_networks_from_down_agents' sleeping for 36.99 seconds {{(pid=104424) _run_loop /opt/stack/data/venv/lib/python3.12/site-packages/oslo_service/backend/_threading/loopingcall.py:125}}
Mar 25 19:18:55.567264 np0000160634 neutron-periodic-workers[104447]: DEBUG oslo.service.backend._threading.loopingcall [None req-923c88c7-18f1-446a-be0e-ce965c2fc9f6 None None] Fixed interval looping call 'neutron.db.quota.driver_nolock.DbQuotaNoLockDriver._remove_expired_reservations' sleeping for 119.99 seconds {{(pid=104447) _run_loop /opt/stack/data/venv/lib/python3.12/site-packages/oslo_service/backend/_threading/loopingcall.py:125}}
Mar 25 19:19:05.546511 np0000160634 neutron-periodic-workers[104424]: DEBUG dbcounter [-] [104424] Writing DB stats neutron:SELECT=3 {{(pid=104424) stat_writer /opt/stack/data/venv/lib/python3.12/site-packages/dbcounter.py:115}}
Mar 25 19:19:05.566382 np0000160634 neutron-periodic-workers[104447]: DEBUG dbcounter [-] [104447] Writing DB stats neutron:DELETE=1 {{(pid=104447) stat_writer /opt/stack/data/venv/lib/python3.12/site-packages/dbcounter.py:115}}
Mar 25 19:19:10.524981 np0000160634 neutron-periodic-workers[104436]: DEBUG neutron.db.agents_db [None req-510e7a32-d747-4f2e-a6e9-6fa8a0fbcc4c None None] Agent healthcheck: found 0 active agents {{(pid=104436) agent_health_check /opt/stack/neutron/neutron/db/agents_db.py:317}}
Mar 25 19:19:10.525490 np0000160634 neutron-periodic-workers[104436]: DEBUG oslo.service.backend._threading.loopingcall [None req-510e7a32-d747-4f2e-a6e9-6fa8a0fbcc4c None None] Fixed interval looping call 'neutron.plugins.ml2.plugin.AgentDbMixin.agent_health_check' sleeping for 36.99 seconds {{(pid=104436) _run_loop /opt/stack/data/venv/lib/python3.12/site-packages/oslo_service/backend/_threading/loopingcall.py:125}}
Mar 25 19:19:20.521940 np0000160634 neutron-periodic-workers[104436]: DEBUG dbcounter [-] [104436] Writing DB stats neutron:SELECT=1 {{(pid=104436) stat_writer /opt/stack/data/venv/lib/python3.12/site-packages/dbcounter.py:115}}
Mar 25 19:19:32.546123 np0000160634 neutron-periodic-workers[104424]: DEBUG oslo.service.backend._threading.loopingcall [None req-8f0ea39a-fe9c-4643-83d3-fd741d7111a8 None None] Fixed interval looping call 'neutron.plugins.ml2.plugin.DhcpAgentSchedulerDbMixin.remove_networks_from_down_agents' sleeping for 36.99 seconds {{(pid=104424) _run_loop /opt/stack/data/venv/lib/python3.12/site-packages/oslo_service/backend/_threading/loopingcall.py:125}}
Mar 25 19:19:42.546923 np0000160634 neutron-periodic-workers[104424]: DEBUG dbcounter [-] [104424] Writing DB stats neutron:SELECT=3 {{(pid=104424) stat_writer /opt/stack/data/venv/lib/python3.12/site-packages/dbcounter.py:115}}
Mar 25 19:19:47.521569 np0000160634 neutron-periodic-workers[104436]: DEBUG neutron.db.agents_db [None req-510e7a32-d747-4f2e-a6e9-6fa8a0fbcc4c None None] Agent healthcheck: found 0 active agents {{(pid=104436) agent_health_check /opt/stack/neutron/neutron/db/agents_db.py:317}}
Mar 25 19:19:47.521960 np0000160634 neutron-periodic-workers[104436]: DEBUG oslo.service.backend._threading.loopingcall [None req-510e7a32-d747-4f2e-a6e9-6fa8a0fbcc4c None None] Fixed interval looping call 'neutron.plugins.ml2.plugin.AgentDbMixin.agent_health_check' sleeping for 36.99 seconds {{(pid=104436) _run_loop /opt/stack/data/venv/lib/python3.12/site-packages/oslo_service/backend/_threading/loopingcall.py:125}}
Mar 25 19:19:57.519623 np0000160634 neutron-periodic-workers[104436]: DEBUG dbcounter [-] [104436] Writing DB stats neutron:SELECT=1 {{(pid=104436) stat_writer /opt/stack/data/venv/lib/python3.12/site-packages/dbcounter.py:115}}
Mar 25 19:20:09.548719 np0000160634 neutron-periodic-workers[104424]: DEBUG oslo.service.backend._threading.loopingcall [None req-8f0ea39a-fe9c-4643-83d3-fd741d7111a8 None None] Fixed interval looping call 'neutron.plugins.ml2.plugin.DhcpAgentSchedulerDbMixin.remove_networks_from_down_agents' sleeping for 36.99 seconds {{(pid=104424) _run_loop /opt/stack/data/venv/lib/python3.12/site-packages/oslo_service/backend/_threading/loopingcall.py:125}}
Mar 25 19:20:19.546460 np0000160634 neutron-periodic-workers[104424]: DEBUG dbcounter [-] [104424] Writing DB stats neutron:SELECT=3 {{(pid=104424) stat_writer /opt/stack/data/venv/lib/python3.12/site-packages/dbcounter.py:115}}
Mar 25 19:20:24.517991 np0000160634 neutron-periodic-workers[104436]: DEBUG neutron.db.agents_db [None req-510e7a32-d747-4f2e-a6e9-6fa8a0fbcc4c None None] Agent healthcheck: found 0 active agents {{(pid=104436) agent_health_check /opt/stack/neutron/neutron/db/agents_db.py:317}}
Mar 25 19:20:24.518691 np0000160634 neutron-periodic-workers[104436]: DEBUG oslo.service.backend._threading.loopingcall [None req-510e7a32-d747-4f2e-a6e9-6fa8a0fbcc4c None None] Fixed interval looping call 'neutron.plugins.ml2.plugin.AgentDbMixin.agent_health_check' sleeping for 36.99 seconds {{(pid=104436) _run_loop /opt/stack/data/venv/lib/python3.12/site-packages/oslo_service/backend/_threading/loopingcall.py:125}}
Mar 25 19:20:34.516247 np0000160634 neutron-periodic-workers[104436]: DEBUG dbcounter [-] [104436] Writing DB stats neutron:SELECT=1 {{(pid=104436) stat_writer /opt/stack/data/venv/lib/python3.12/site-packages/dbcounter.py:115}}
Mar 25 19:20:46.549672 np0000160634 neutron-periodic-workers[104424]: DEBUG oslo.service.backend._threading.loopingcall [None req-8f0ea39a-fe9c-4643-83d3-fd741d7111a8 None None] Fixed interval looping call 'neutron.plugins.ml2.plugin.DhcpAgentSchedulerDbMixin.remove_networks_from_down_agents' sleeping for 36.99 seconds {{(pid=104424) _run_loop /opt/stack/data/venv/lib/python3.12/site-packages/oslo_service/backend/_threading/loopingcall.py:125}}
Mar 25 19:20:55.561903 np0000160634 neutron-periodic-workers[104447]: DEBUG oslo.service.backend._threading.loopingcall [None req-923c88c7-18f1-446a-be0e-ce965c2fc9f6 None None] Fixed interval looping call 'neutron.db.quota.driver_nolock.DbQuotaNoLockDriver._remove_expired_reservations' sleeping for 120.00 seconds {{(pid=104447) _run_loop /opt/stack/data/venv/lib/python3.12/site-packages/oslo_service/backend/_threading/loopingcall.py:125}}
Mar 25 19:20:56.548328 np0000160634 neutron-periodic-workers[104424]: DEBUG dbcounter [-] [104424] Writing DB stats neutron:SELECT=3 {{(pid=104424) stat_writer /opt/stack/data/venv/lib/python3.12/site-packages/dbcounter.py:115}}
Mar 25 19:21:01.515389 np0000160634 neutron-periodic-workers[104436]: DEBUG neutron.db.agents_db [None req-510e7a32-d747-4f2e-a6e9-6fa8a0fbcc4c None None] Agent healthcheck: found 0 active agents {{(pid=104436) agent_health_check /opt/stack/neutron/neutron/db/agents_db.py:317}}
