2026-04-21 18:16:51.605 9 INFO neutron.db.ovn_revision_numbers_db [None req-97a10a80-1553-4d6f-8044-93a9e63aedfa 335d0c3471b04450a8ee9042d1229672 534bb253f1c847668fe5069647ed9f1e - - default default] Successfully bumped revision number for resource 8d384922-c8e7-49a3-b807-5fd162dfb41f (type: ports) to 1
2026-04-21 18:16:51.626 9 INFO neutron.wsgi [None req-97a10a80-1553-4d6f-8044-93a9e63aedfa 335d0c3471b04450a8ee9042d1229672 534bb253f1c847668fe5069647ed9f1e - - default default] 10.0.0.198 "POST /v2.0/networks HTTP/1.1" status: 201 len: 950 time: 0.8671138
2026-04-21 18:16:51.696 10 WARNING neutron.scheduler.dhcp_agent_scheduler [None req-eb6a249a-fe5b-4b7d-8476-dbb78a26c24b 335d0c3471b04450a8ee9042d1229672 534bb253f1c847668fe5069647ed9f1e - - default default] No more DHCP agents
2026-04-21 18:16:51.707 10 WARNING neutron.api.rpc.agentnotifiers.dhcp_rpc_agent_api [None req-eb6a249a-fe5b-4b7d-8476-dbb78a26c24b 335d0c3471b04450a8ee9042d1229672 534bb253f1c847668fe5069647ed9f1e - - default default] Unable to schedule network 6bc26a74-0102-4f01-849f-92e4811a6100: no agents available; will retry on subsequent port and subnet creation events.
2026-04-21 18:16:51.783 9 WARNING neutron.scheduler.dhcp_agent_scheduler [None req-62b61490-c98b-4383-a79c-62d36e2e6666 335d0c3471b04450a8ee9042d1229672 534bb253f1c847668fe5069647ed9f1e - - default default] No more DHCP agents
2026-04-21 18:16:51.786 9 WARNING neutron.api.rpc.agentnotifiers.dhcp_rpc_agent_api [None req-62b61490-c98b-4383-a79c-62d36e2e6666 335d0c3471b04450a8ee9042d1229672 534bb253f1c847668fe5069647ed9f1e - - default default] Unable to schedule network 32308bb4-2ab6-4012-be31-a4276b4744ee: no agents available; will retry on subsequent port and subnet creation events.
2026-04-21 18:16:51.909 10 INFO neutron.db.ovn_revision_numbers_db [None req-48fa25b1-77fc-4bd3-953a-21f27875d49e 335d0c3471b04450a8ee9042d1229672 534bb253f1c847668fe5069647ed9f1e - - default default] Successfully bumped revision number for resource f77f4002-2be2-4f90-808e-4ea96c38ebf5 (type: security_groups) to 1
2026-04-21 18:16:51.924 10 INFO neutron.db.ovn_revision_numbers_db [None req-d62c9a83-d430-4e7e-b278-683a131d971d 335d0c3471b04450a8ee9042d1229672 534bb253f1c847668fe5069647ed9f1e - - default default] Successfully bumped revision number for resource 692772fa-8941-44fd-a92e-942b35393fb3 (type: security_groups) to 1
2026-04-21 18:16:51.934 10 INFO neutron.db.ovn_revision_numbers_db [None req-48fa25b1-77fc-4bd3-953a-21f27875d49e 335d0c3471b04450a8ee9042d1229672 534bb253f1c847668fe5069647ed9f1e - - default default] Successfully bumped revision number for resource 0ed2b3a7-8a54-4d0f-ad35-fe94b9add645 (type: security_group_rules) to 0
2026-04-21 18:16:51.952 10 INFO neutron.db.ovn_revision_numbers_db [None req-d62c9a83-d430-4e7e-b278-683a131d971d 335d0c3471b04450a8ee9042d1229672 534bb253f1c847668fe5069647ed9f1e - - default default] Successfully bumped revision number for resource 1f0a4571-686f-42eb-ae70-f768f5dafdda (type: security_group_rules) to 0
2026-04-21 18:16:51.962 10 INFO neutron.db.ovn_revision_numbers_db [None req-48fa25b1-77fc-4bd3-953a-21f27875d49e 335d0c3471b04450a8ee9042d1229672 534bb253f1c847668fe5069647ed9f1e - - default default] Successfully bumped revision number for resource 9b3197d5-de59-4394-bd7d-5706fc2b16cb (type: security_group_rules) to 0
2026-04-21 18:16:51.996 10 INFO neutron.db.ovn_revision_numbers_db [None req-d62c9a83-d430-4e7e-b278-683a131d971d 335d0c3471b04450a8ee9042d1229672 534bb253f1c847668fe5069647ed9f1e - - default default] Successfully bumped revision number for resource 307deaaa-2cd4-4049-8864-f6dfc6143c8b (type: security_group_rules) to 0
2026-04-21 18:16:52.005 10 INFO neutron.db.ovn_revision_numbers_db [None req-48fa25b1-77fc-4bd3-953a-21f27875d49e 335d0c3471b04450a8ee9042d1229672 534bb253f1c847668fe5069647ed9f1e - - default default] Successfully bumped revision number for resource a85f24e1-edbb-464e-8434-80e7e094885a (type: security_group_rules) to 0
2026-04-21 18:16:52.018 10 INFO neutron.db.ovn_revision_numbers_db [None req-d62c9a83-d430-4e7e-b278-683a131d971d 335d0c3471b04450a8ee9042d1229672 534bb253f1c847668fe5069647ed9f1e - - default default] Successfully bumped revision number for resource a426762f-5623-4dc1-82c3-0661069c5fc0 (type: security_group_rules) to 0
2026-04-21 18:16:52.024 10 INFO neutron.db.ovn_revision_numbers_db [None req-48fa25b1-77fc-4bd3-953a-21f27875d49e 335d0c3471b04450a8ee9042d1229672 534bb253f1c847668fe5069647ed9f1e - - default default] Successfully bumped revision number for resource cc6b40e7-978a-4774-9904-641173d42393 (type: security_group_rules) to 0
2026-04-21 18:16:52.050 10 INFO neutron.db.ovn_revision_numbers_db [None req-d62c9a83-d430-4e7e-b278-683a131d971d 335d0c3471b04450a8ee9042d1229672 534bb253f1c847668fe5069647ed9f1e - - default default] Successfully bumped revision number for resource d4ea8799-8955-4fa8-89a8-d202ee89a6e3 (type: security_group_rules) to 0
2026-04-21 18:16:52.061 10 INFO neutron.wsgi [None req-48fa25b1-77fc-4bd3-953a-21f27875d49e 335d0c3471b04450a8ee9042d1229672 534bb253f1c847668fe5069647ed9f1e - - default default] 10.0.0.198 "GET /v2.0/security-groups?tenant_id=6ffd5a192a9546f4b67911e055c81152&name=default HTTP/1.1" status: 200 len: 2992 time: 0.4745445
2026-04-21 18:16:52.087 10 INFO neutron.wsgi [None req-d62c9a83-d430-4e7e-b278-683a131d971d 335d0c3471b04450a8ee9042d1229672 534bb253f1c847668fe5069647ed9f1e - - default default] 10.0.0.198 "GET /v2.0/security-groups?tenant_id=95c8345c75344d84879b78a17dcf93d0&name=default HTTP/1.1" status: 200 len: 2992 time: 0.5815821
2026-04-21 18:16:52.354 10 INFO neutron.db.ovn_revision_numbers_db [None req-eb6a249a-fe5b-4b7d-8476-dbb78a26c24b 335d0c3471b04450a8ee9042d1229672 534bb253f1c847668fe5069647ed9f1e - - default default] Successfully bumped revision number for resource 9c9620e4-15b5-4ceb-ae0d-03a2a09b28ea (type: ports) to 2
2026-04-21 18:16:52.409 10 INFO neutron.db.ovn_revision_numbers_db [None req-eb6a249a-fe5b-4b7d-8476-dbb78a26c24b 335d0c3471b04450a8ee9042d1229672 534bb253f1c847668fe5069647ed9f1e - - default default] Successfully bumped revision number for resource 246a0667-12fc-4649-b4ed-b722572da61a (type: subnets) to 0
2026-04-21 18:16:52.427 10 INFO neutron.wsgi [None req-81f1c5c2-2156-4416-a06d-8ecd0a6b6f5f 335d0c3471b04450a8ee9042d1229672 534bb253f1c847668fe5069647ed9f1e - - default default] 10.0.0.198 "DELETE /v2.0/security-groups/692772fa-8941-44fd-a92e-942b35393fb3 HTTP/1.1" status: 204 len: 168 time: 0.3283486
2026-04-21 18:16:52.447 9 INFO neutron.db.ovn_revision_numbers_db [None req-62b61490-c98b-4383-a79c-62d36e2e6666 335d0c3471b04450a8ee9042d1229672 534bb253f1c847668fe5069647ed9f1e - - default default] Successfully bumped revision number for resource 8d384922-c8e7-49a3-b807-5fd162dfb41f (type: ports) to 2
2026-04-21 18:16:52.449 10 INFO neutron.wsgi [None req-eb6a249a-fe5b-4b7d-8476-dbb78a26c24b 335d0c3471b04450a8ee9042d1229672 534bb253f1c847668fe5069647ed9f1e - - default default] 10.0.0.198 "POST /v2.0/subnets HTTP/1.1" status: 201 len: 864 time: 0.9307914
2026-04-21 18:16:52.477 9 INFO neutron.wsgi [None req-5a22daa5-190a-4631-b27e-ae193f24ffd5 335d0c3471b04450a8ee9042d1229672 534bb253f1c847668fe5069647ed9f1e - - default default] 10.0.0.198 "DELETE /v2.0/security-groups/f77f4002-2be2-4f90-808e-4ea96c38ebf5 HTTP/1.1" status: 204 len: 168 time: 0.4094911
2026-04-21 18:16:52.489 9 INFO neutron.db.ovn_revision_numbers_db [None req-62b61490-c98b-4383-a79c-62d36e2e6666 335d0c3471b04450a8ee9042d1229672 534bb253f1c847668fe5069647ed9f1e - - default default] Successfully bumped revision number for resource 3b8ddd0b-879b-4402-9c12-d892261b6448 (type: subnets) to 0
2026-04-21 18:16:52.504 9 INFO neutron.wsgi [None req-62b61490-c98b-4383-a79c-62d36e2e6666 335d0c3471b04450a8ee9042d1229672 534bb253f1c847668fe5069647ed9f1e - - default default] 10.0.0.198 "POST /v2.0/subnets HTTP/1.1" status: 201 len: 871 time: 0.8737314
2026-04-21 18:16:53.056 9 WARNING neutron.scheduler.dhcp_agent_scheduler [None req-e9437122-383a-4e99-9b79-37dcfefc19c3 335d0c3471b04450a8ee9042d1229672 534bb253f1c847668fe5069647ed9f1e - - default default] No more DHCP agents
2026-04-21 18:16:53.058 9 WARNING neutron.api.rpc.agentnotifiers.dhcp_rpc_agent_api [None req-e9437122-383a-4e99-9b79-37dcfefc19c3 335d0c3471b04450a8ee9042d1229672 534bb253f1c847668fe5069647ed9f1e - - default default] Unable to schedule network 4e6ca672-4ef0-4cea-af03-c4e4d382f64c: no agents available; will retry on subsequent port and subnet creation events.
2026-04-21 18:16:53.060 10 WARNING neutron.scheduler.dhcp_agent_scheduler [None req-e859aed8-0a0c-4899-9cc7-7ee5ab5a9717 335d0c3471b04450a8ee9042d1229672 534bb253f1c847668fe5069647ed9f1e - - default default] No more DHCP agents
2026-04-21 18:16:53.063 10 WARNING neutron.api.rpc.agentnotifiers.dhcp_rpc_agent_api [None req-e859aed8-0a0c-4899-9cc7-7ee5ab5a9717 335d0c3471b04450a8ee9042d1229672 534bb253f1c847668fe5069647ed9f1e - - default default] Unable to schedule network 4e6ca672-4ef0-4cea-af03-c4e4d382f64c: no agents available; will retry on subsequent port and subnet creation events.
2026-04-21 18:16:53.218 9 INFO neutron.db.ovn_revision_numbers_db [None req-e9437122-383a-4e99-9b79-37dcfefc19c3 335d0c3471b04450a8ee9042d1229672 534bb253f1c847668fe5069647ed9f1e - - default default] Successfully bumped revision number for resource 104acbfd-e943-4428-a324-d3d207b45bd0 (type: ports) to 1
2026-04-21 18:16:53.238 10 INFO neutron.db.ovn_revision_numbers_db [None req-e859aed8-0a0c-4899-9cc7-7ee5ab5a9717 335d0c3471b04450a8ee9042d1229672 534bb253f1c847668fe5069647ed9f1e - - default default] Successfully bumped revision number for resource 1f2389df-ac2d-4bb7-805e-523fdb7f3921 (type: ports) to 1
2026-04-21 18:16:53.649 10 INFO neutron.plugins.ml2.drivers.ovn.mech_driver.ovsdb.extensions.qos [None req-e859aed8-0a0c-4899-9cc7-7ee5ab5a9717 335d0c3471b04450a8ee9042d1229672 534bb253f1c847668fe5069647ed9f1e - - default default] Starting OVNClientQosExtension
2026-04-21 18:16:53.733 9 INFO neutron.plugins.ml2.drivers.ovn.mech_driver.ovsdb.extensions.qos [None req-e9437122-383a-4e99-9b79-37dcfefc19c3 335d0c3471b04450a8ee9042d1229672 534bb253f1c847668fe5069647ed9f1e - - default default] Starting OVNClientQosExtension
2026-04-21 18:16:53.960 10 INFO neutron.plugins.ml2.drivers.ovn.mech_driver.mech_driver [-] OVN reports status up for port: 1f2389df-ac2d-4bb7-805e-523fdb7f3921
2026-04-21 18:16:53.981 9 INFO neutron.plugins.ml2.drivers.ovn.mech_driver.ovsdb.ovsdb_monitor [-] Router 1137911b-5701-4364-97dd-a31869b6da63 is bound to host instance
2026-04-21 18:16:53.983 10 INFO neutron.plugins.ml2.plugin [None req-addf92fb-e432-4d94-b969-7e471586b076 - - - - - -] Attempt 1 to provision port 1f2389df-ac2d-4bb7-805e-523fdb7f3921
2026-04-21 18:16:54.013 10 INFO neutron.db.ovn_revision_numbers_db [None req-e859aed8-0a0c-4899-9cc7-7ee5ab5a9717 335d0c3471b04450a8ee9042d1229672 534bb253f1c847668fe5069647ed9f1e - - default default] Successfully bumped revision number for resource 1f2389df-ac2d-4bb7-805e-523fdb7f3921 (type: router_ports) to 1
2026-04-21 18:16:54.034 9 INFO neutron.plugins.ml2.drivers.ovn.mech_driver.mech_driver [None req-82a10772-c472-498d-82e5-634118138e5b - - - - - -] OVN reports status up for port: 104acbfd-e943-4428-a324-d3d207b45bd0
2026-04-21 18:16:54.060 9 INFO neutron.plugins.ml2.plugin [None req-82a10772-c472-498d-82e5-634118138e5b - - - - - -] Attempt 1 to provision port 104acbfd-e943-4428-a324-d3d207b45bd0
2026-04-21 18:16:54.068 10 INFO neutron.plugins.ml2.drivers.ovn.mech_driver.ovsdb.ovsdb_monitor [-] Router 6c19d83b-99b7-4c26-a62f-8d357083fafb is bound to host instance
2026-04-21 18:16:54.089 9 INFO neutron.db.ovn_revision_numbers_db [None req-e9437122-383a-4e99-9b79-37dcfefc19c3 335d0c3471b04450a8ee9042d1229672 534bb253f1c847668fe5069647ed9f1e - - default default] Successfully bumped revision number for resource 104acbfd-e943-4428-a324-d3d207b45bd0 (type: router_ports) to 1
2026-04-21 18:16:54.160 10 INFO neutron.db.ovn_revision_numbers_db [None req-e859aed8-0a0c-4899-9cc7-7ee5ab5a9717 335d0c3471b04450a8ee9042d1229672 534bb253f1c847668fe5069647ed9f1e - - default default] Successfully bumped revision number for resource 1137911b-5701-4364-97dd-a31869b6da63 (type: routers) to 2
2026-04-21 18:16:54.182 10 INFO neutron.wsgi [None req-e859aed8-0a0c-4899-9cc7-7ee5ab5a9717 335d0c3471b04450a8ee9042d1229672 534bb253f1c847668fe5069647ed9f1e - - default default] 10.0.0.198 "POST /v2.0/routers HTTP/1.1" status: 201 len: 875 time: 1.7291548
2026-04-21 18:16:54.194 9 INFO neutron.db.ovn_revision_numbers_db [None req-e9437122-383a-4e99-9b79-37dcfefc19c3 335d0c3471b04450a8ee9042d1229672 534bb253f1c847668fe5069647ed9f1e - - default default] Successfully bumped revision number for resource 6c19d83b-99b7-4c26-a62f-8d357083fafb (type: routers) to 2
2026-04-21 18:16:54.237 9 INFO neutron.wsgi [None req-e9437122-383a-4e99-9b79-37dcfefc19c3 335d0c3471b04450a8ee9042d1229672 534bb253f1c847668fe5069647ed9f1e - - default default] 10.0.0.198 "POST /v2.0/routers HTTP/1.1" status: 201 len: 882 time: 1.7290428
2026-04-21 18:16:54.523 10 INFO neutron.db.ovn_revision_numbers_db [None req-78875b47-8bdb-414e-a0c7-1bfe8bc328cf 335d0c3471b04450a8ee9042d1229672 534bb253f1c847668fe5069647ed9f1e - - default default] Successfully bumped revision number for resource f799d8da-1980-4435-bab9-9d54891dd73c (type: security_groups) to 1
2026-04-21 18:16:54.546 10 INFO neutron.db.ovn_revision_numbers_db [None req-78875b47-8bdb-414e-a0c7-1bfe8bc328cf 335d0c3471b04450a8ee9042d1229672 534bb253f1c847668fe5069647ed9f1e - - default default] Successfully bumped revision number for resource 059ce634-58f3-424a-bbc1-a9a3e13e66c6 (type: security_group_rules) to 0
2026-04-21 18:16:54.571 10 INFO neutron.db.ovn_revision_numbers_db [None req-78875b47-8bdb-414e-a0c7-1bfe8bc328cf 335d0c3471b04450a8ee9042d1229672 534bb253f1c847668fe5069647ed9f1e - - default default] Successfully bumped revision number for resource 4eafb720-35c5-406b-9de3-9dcfd70c031b (type: security_group_rules) to 0
2026-04-21 18:16:54.586 10 INFO neutron.db.ovn_revision_numbers_db [None req-e0e1b152-7ad1-4eba-a5c1-c53e0f6add0c - - - - - -] Successfully bumped revision number for resource 104acbfd-e943-4428-a324-d3d207b45bd0 (type: ports) to 1
2026-04-21 18:16:54.600 10 INFO neutron.db.ovn_revision_numbers_db [None req-78875b47-8bdb-414e-a0c7-1bfe8bc328cf 335d0c3471b04450a8ee9042d1229672 534bb253f1c847668fe5069647ed9f1e - - default default] Successfully bumped revision number for resource e0e93ab9-2b66-43c2-944e-8a30e055c57d (type: security_group_rules) to 0
2026-04-21 18:16:54.623 10 INFO neutron.db.ovn_revision_numbers_db [None req-78875b47-8bdb-414e-a0c7-1bfe8bc328cf 335d0c3471b04450a8ee9042d1229672 534bb253f1c847668fe5069647ed9f1e - - default default] Successfully bumped revision number for resource f54da73c-4a46-4fd3-b371-d7f8531f0188 (type: security_group_rules) to 0
2026-04-21 18:16:54.705 10 INFO neutron.db.segments_db [None req-78875b47-8bdb-414e-a0c7-1bfe8bc328cf 335d0c3471b04450a8ee9042d1229672 534bb253f1c847668fe5069647ed9f1e - - default default] Added segment bdaa962f-a35e-482f-aacd-eb13093cb327 of type geneve for network 60e75668-93ac-45d1-9493-45ca34df86ae
2026-04-21 18:16:54.934 9 INFO neutron.db.ovn_revision_numbers_db [None req-1d4be84b-8343-476a-8585-7fa4fb849e78 - - - - - -] Successfully bumped revision number for resource 1f2389df-ac2d-4bb7-805e-523fdb7f3921 (type: ports) to 1
2026-04-21 18:16:54.965 10 INFO neutron.db.ovn_revision_numbers_db [None req-e0e1b152-7ad1-4eba-a5c1-c53e0f6add0c - - - - - -] Successfully bumped revision number for resource 104acbfd-e943-4428-a324-d3d207b45bd0 (type: router_ports) to 3
2026-04-21 18:16:55.001 10 INFO neutron.db.ovn_revision_numbers_db [None req-78875b47-8bdb-414e-a0c7-1bfe8bc328cf 335d0c3471b04450a8ee9042d1229672 534bb253f1c847668fe5069647ed9f1e - - default default] Successfully bumped revision number for resource 60e75668-93ac-45d1-9493-45ca34df86ae (type: networks) to 1
2026-04-21 18:16:55.068 9 WARNING neutron.scheduler.dhcp_agent_scheduler [None req-16cfc62b-fb94-4187-b48a-0990095b238c 335d0c3471b04450a8ee9042d1229672 534bb253f1c847668fe5069647ed9f1e - - default default] No more DHCP agents
2026-04-21 18:16:55.072 9 WARNING neutron.api.rpc.agentnotifiers.dhcp_rpc_agent_api [None req-16cfc62b-fb94-4187-b48a-0990095b238c 335d0c3471b04450a8ee9042d1229672 534bb253f1c847668fe5069647ed9f1e - - default default] Unable to schedule network 6bc26a74-0102-4f01-849f-92e4811a6100: no agents available; will retry on subsequent port and subnet creation events.
2026-04-21 18:16:55.073 9 WARNING neutron.scheduler.dhcp_agent_scheduler [None req-48b1339b-0890-4dcd-97aa-983d70fa2a68 335d0c3471b04450a8ee9042d1229672 534bb253f1c847668fe5069647ed9f1e - - default default] No more DHCP agents
2026-04-21 18:16:55.077 9 WARNING neutron.api.rpc.agentnotifiers.dhcp_rpc_agent_api [None req-48b1339b-0890-4dcd-97aa-983d70fa2a68 335d0c3471b04450a8ee9042d1229672 534bb253f1c847668fe5069647ed9f1e - - default default] Unable to schedule network 32308bb4-2ab6-4012-be31-a4276b4744ee: no agents available; will retry on subsequent port and subnet creation events.
2026-04-21 18:16:55.150 10 INFO neutron.db.ovn_revision_numbers_db [None req-e0e1b152-7ad1-4eba-a5c1-c53e0f6add0c - - - - - -] Successfully bumped revision number for resource 104acbfd-e943-4428-a324-d3d207b45bd0 (type: ports) to 2
2026-04-21 18:16:55.189 10 WARNING neutron.scheduler.dhcp_agent_scheduler [None req-78875b47-8bdb-414e-a0c7-1bfe8bc328cf 335d0c3471b04450a8ee9042d1229672 534bb253f1c847668fe5069647ed9f1e - - default default] No more DHCP agents
2026-04-21 18:16:55.199 10 WARNING neutron.api.rpc.agentnotifiers.dhcp_rpc_agent_api [None req-78875b47-8bdb-414e-a0c7-1bfe8bc328cf 335d0c3471b04450a8ee9042d1229672 534bb253f1c847668fe5069647ed9f1e - - default default] Unable to schedule network 60e75668-93ac-45d1-9493-45ca34df86ae: no agents available; will retry on subsequent port and subnet creation events.
2026-04-21 18:16:55.335 10 INFO neutron.db.ovn_revision_numbers_db [None req-78875b47-8bdb-414e-a0c7-1bfe8bc328cf 335d0c3471b04450a8ee9042d1229672 534bb253f1c847668fe5069647ed9f1e - - default default] Successfully bumped revision number for resource a1bda192-0cd4-432b-84f8-a774180551b5 (type: ports) to 1
2026-04-21 18:16:55.368 10 INFO neutron.wsgi [None req-78875b47-8bdb-414e-a0c7-1bfe8bc328cf 335d0c3471b04450a8ee9042d1229672 534bb253f1c847668fe5069647ed9f1e - - default default] 10.0.0.198 "POST /v2.0/networks HTTP/1.1" status: 201 len: 950 time: 1.2306554
2026-04-21 18:16:55.394 9 INFO neutron.db.ovn_revision_numbers_db [None req-1d4be84b-8343-476a-8585-7fa4fb849e78 - - - - - -] Successfully bumped revision number for resource 1f2389df-ac2d-4bb7-805e-523fdb7f3921 (type: router_ports) to 3
2026-04-21 18:16:55.401 9 INFO neutron.db.ovn_revision_numbers_db [None req-16cfc62b-fb94-4187-b48a-0990095b238c 335d0c3471b04450a8ee9042d1229672 534bb253f1c847668fe5069647ed9f1e - - default default] Successfully bumped revision number for resource 3e4d1077-1017-4a29-b3fc-cb22f070b4af (type: ports) to 1
2026-04-21 18:16:55.437 9 INFO neutron.db.ovn_revision_numbers_db [None req-48b1339b-0890-4dcd-97aa-983d70fa2a68 335d0c3471b04450a8ee9042d1229672 534bb253f1c847668fe5069647ed9f1e - - default default] Successfully bumped revision number for resource 18f74d8f-e2c5-4381-aadb-eb4cd914dbec (type: ports) to 1
2026-04-21 18:16:55.495 10 INFO neutron.db.ovn_revision_numbers_db [None req-e0e1b152-7ad1-4eba-a5c1-c53e0f6add0c - - - - - -] Successfully bumped revision number for resource 104acbfd-e943-4428-a324-d3d207b45bd0 (type: ports) to 4
2026-04-21 18:16:55.655 10 INFO neutron.db.ovn_revision_numbers_db [None req-e0e1b152-7ad1-4eba-a5c1-c53e0f6add0c - - - - - -] Successfully bumped revision number for resource 104acbfd-e943-4428-a324-d3d207b45bd0 (type: router_ports) to 4
2026-04-21 18:16:55.911 9 WARNING neutron.scheduler.dhcp_agent_scheduler [None req-516f1d9b-9487-4584-bcd3-db9fb2985347 335d0c3471b04450a8ee9042d1229672 534bb253f1c847668fe5069647ed9f1e - - default default] No more DHCP agents
2026-04-21 18:16:55.918 9 WARNING neutron.api.rpc.agentnotifiers.dhcp_rpc_agent_api [None req-516f1d9b-9487-4584-bcd3-db9fb2985347 335d0c3471b04450a8ee9042d1229672 534bb253f1c847668fe5069647ed9f1e - - default default] Unable to schedule network 60e75668-93ac-45d1-9493-45ca34df86ae: no agents available; will retry on subsequent port and subnet creation events.
2026-04-21 18:16:55.919 9 INFO neutron.db.ovn_revision_numbers_db [None req-1d4be84b-8343-476a-8585-7fa4fb849e78 - - - - - -] Successfully bumped revision number for resource 1f2389df-ac2d-4bb7-805e-523fdb7f3921 (type: ports) to 2
2026-04-21 18:16:56.689 9 INFO neutron.plugins.ml2.drivers.ovn.mech_driver.mech_driver [None req-82a10772-c472-498d-82e5-634118138e5b - - - - - -] OVN reports status up for port: 18f74d8f-e2c5-4381-aadb-eb4cd914dbec
2026-04-21 18:16:56.690 9 INFO neutron.db.ovn_revision_numbers_db [None req-16cfc62b-fb94-4187-b48a-0990095b238c 335d0c3471b04450a8ee9042d1229672 534bb253f1c847668fe5069647ed9f1e - - default default] Successfully bumped revision number for resource 3e4d1077-1017-4a29-b3fc-cb22f070b4af (type: router_ports) to 1
2026-04-21 18:16:56.731 9 INFO neutron.plugins.ml2.plugin [None req-82a10772-c472-498d-82e5-634118138e5b - - - - - -] Attempt 1 to provision port 18f74d8f-e2c5-4381-aadb-eb4cd914dbec
2026-04-21 18:16:56.755 9 INFO neutron.db.ovn_revision_numbers_db [None req-1d4be84b-8343-476a-8585-7fa4fb849e78 - - - - - -] Successfully bumped revision number for resource 1f2389df-ac2d-4bb7-805e-523fdb7f3921 (type: ports) to 4
2026-04-21 18:16:56.761 9 INFO neutron.db.ovn_revision_numbers_db [None req-48b1339b-0890-4dcd-97aa-983d70fa2a68 335d0c3471b04450a8ee9042d1229672 534bb253f1c847668fe5069647ed9f1e - - default default] Successfully bumped revision number for resource 18f74d8f-e2c5-4381-aadb-eb4cd914dbec (type: router_ports) to 1
2026-04-21 18:16:57.060 10 INFO neutron.plugins.ml2.drivers.ovn.mech_driver.mech_driver [None req-addf92fb-e432-4d94-b969-7e471586b076 - - - - - -] OVN reports status up for port: 3e4d1077-1017-4a29-b3fc-cb22f070b4af
2026-04-21 18:16:57.066 10 INFO neutron.plugins.ml2.plugin [None req-addf92fb-e432-4d94-b969-7e471586b076 - - - - - -] Attempt 1 to provision port 3e4d1077-1017-4a29-b3fc-cb22f070b4af
2026-04-21 18:16:57.130 9 INFO neutron.db.ovn_revision_numbers_db [None req-16cfc62b-fb94-4187-b48a-0990095b238c 335d0c3471b04450a8ee9042d1229672 534bb253f1c847668fe5069647ed9f1e - - default default] Successfully bumped revision number for resource 3e4d1077-1017-4a29-b3fc-cb22f070b4af (type: ports) to 1
2026-04-21 18:16:57.192 9 INFO neutron.db.ovn_revision_numbers_db [None req-48b1339b-0890-4dcd-97aa-983d70fa2a68 335d0c3471b04450a8ee9042d1229672 534bb253f1c847668fe5069647ed9f1e - - default default] Successfully bumped revision number for resource 18f74d8f-e2c5-4381-aadb-eb4cd914dbec (type: ports) to 1
2026-04-21 18:16:57.355 10 INFO neutron.db.ovn_revision_numbers_db [None req-addf92fb-e432-4d94-b969-7e471586b076 - - - - - -] Successfully bumped revision number for resource 3e4d1077-1017-4a29-b3fc-cb22f070b4af (type: ports) to 2
2026-04-21 18:16:57.437 10 INFO neutron.db.ovn_revision_numbers_db [None req-addf92fb-e432-4d94-b969-7e471586b076 - - - - - -] Successfully bumped revision number for resource 3e4d1077-1017-4a29-b3fc-cb22f070b4af (type: router_ports) to 2
2026-04-21 18:16:57.517 9 INFO neutron.db.ovn_revision_numbers_db [None req-516f1d9b-9487-4584-bcd3-db9fb2985347 335d0c3471b04450a8ee9042d1229672 534bb253f1c847668fe5069647ed9f1e - - default default] Successfully bumped revision number for resource a1bda192-0cd4-432b-84f8-a774180551b5 (type: ports) to 2
2026-04-21 18:16:57.560 9 WARNING neutron.scheduler.dhcp_agent_scheduler [None req-16cfc62b-fb94-4187-b48a-0990095b238c 335d0c3471b04450a8ee9042d1229672 534bb253f1c847668fe5069647ed9f1e - - default default] No more DHCP agents
2026-04-21 18:16:57.567 9 WARNING neutron.scheduler.dhcp_agent_scheduler [None req-48b1339b-0890-4dcd-97aa-983d70fa2a68 335d0c3471b04450a8ee9042d1229672 534bb253f1c847668fe5069647ed9f1e - - default default] No more DHCP agents
2026-04-21 18:16:57.568 9 WARNING neutron.api.rpc.agentnotifiers.dhcp_rpc_agent_api [None req-16cfc62b-fb94-4187-b48a-0990095b238c 335d0c3471b04450a8ee9042d1229672 534bb253f1c847668fe5069647ed9f1e - - default default] Unable to schedule network 6bc26a74-0102-4f01-849f-92e4811a6100: no agents available; will retry on subsequent port and subnet creation events.
2026-04-21 18:16:57.571 9 INFO neutron.db.ovn_revision_numbers_db [None req-1d4be84b-8343-476a-8585-7fa4fb849e78 - - - - - -] Successfully bumped revision number for resource 1f2389df-ac2d-4bb7-805e-523fdb7f3921 (type: router_ports) to 4
2026-04-21 18:16:57.577 9 WARNING neutron.api.rpc.agentnotifiers.dhcp_rpc_agent_api [None req-48b1339b-0890-4dcd-97aa-983d70fa2a68 335d0c3471b04450a8ee9042d1229672 534bb253f1c847668fe5069647ed9f1e - - default default] Unable to schedule network 32308bb4-2ab6-4012-be31-a4276b4744ee: no agents available; will retry on subsequent port and subnet creation events.
2026-04-21 18:16:57.631 9 INFO neutron.db.ovn_revision_numbers_db [None req-516f1d9b-9487-4584-bcd3-db9fb2985347 335d0c3471b04450a8ee9042d1229672 534bb253f1c847668fe5069647ed9f1e - - default default] Successfully bumped revision number for resource f8410a87-d35d-40a1-a674-2abd669f21e7 (type: subnets) to 0
2026-04-21 18:16:57.677 9 INFO neutron.wsgi [None req-516f1d9b-9487-4584-bcd3-db9fb2985347 335d0c3471b04450a8ee9042d1229672 534bb253f1c847668fe5069647ed9f1e - - default default] 10.0.0.198 "POST /v2.0/subnets HTTP/1.1" status: 201 len: 870 time: 2.2989657
2026-04-21 18:16:57.749 9 INFO neutron.db.ovn_revision_numbers_db [None req-82a10772-c472-498d-82e5-634118138e5b - - - - - -] Successfully bumped revision number for resource 18f74d8f-e2c5-4381-aadb-eb4cd914dbec (type: ports) to 2
2026-04-21 18:16:57.795 10 INFO neutron.wsgi [-] 10.0.0.37 "GET / HTTP/1.1" status: 200 len: 247 time: 0.0013456
2026-04-21 18:16:57.798 10 INFO neutron.wsgi [-] 10.0.0.37 "GET / HTTP/1.1" status: 200 len: 247 time: 0.0019703
2026-04-21 18:16:57.891 9 INFO neutron.db.ovn_revision_numbers_db [None req-82a10772-c472-498d-82e5-634118138e5b - - - - - -] Successfully bumped revision number for resource 18f74d8f-e2c5-4381-aadb-eb4cd914dbec (type: router_ports) to 2
2026-04-21 18:16:58.168 10 WARNING neutron.scheduler.dhcp_agent_scheduler [None req-e61d050d-2e87-4ebd-af28-699e18162cc2 335d0c3471b04450a8ee9042d1229672 534bb253f1c847668fe5069647ed9f1e - - default default] No more DHCP agents
2026-04-21 18:16:58.172 10 WARNING neutron.api.rpc.agentnotifiers.dhcp_rpc_agent_api [None req-e61d050d-2e87-4ebd-af28-699e18162cc2 335d0c3471b04450a8ee9042d1229672 534bb253f1c847668fe5069647ed9f1e - - default default] Unable to schedule network 4e6ca672-4ef0-4cea-af03-c4e4d382f64c: no agents available; will retry on subsequent port and subnet creation events.
2026-04-21 18:16:58.335 10 INFO neutron.db.ovn_revision_numbers_db [None req-e61d050d-2e87-4ebd-af28-699e18162cc2 335d0c3471b04450a8ee9042d1229672 534bb253f1c847668fe5069647ed9f1e - - default default] Successfully bumped revision number for resource 712864d6-4ac7-48f1-a489-53469f995b19 (type: ports) to 1
2026-04-21 18:16:58.539 9 INFO neutron.db.ovn_revision_numbers_db [None req-16cfc62b-fb94-4187-b48a-0990095b238c 335d0c3471b04450a8ee9042d1229672 534bb253f1c847668fe5069647ed9f1e - - default default] Successfully bumped revision number for resource 3e4d1077-1017-4a29-b3fc-cb22f070b4af (type: router_ports) to 2
2026-04-21 18:16:58.541 9 INFO neutron.wsgi [None req-16cfc62b-fb94-4187-b48a-0990095b238c 335d0c3471b04450a8ee9042d1229672 534bb253f1c847668fe5069647ed9f1e - - default default] 10.0.0.198 "PUT /v2.0/routers/1137911b-5701-4364-97dd-a31869b6da63/add_router_interface HTTP/1.1" status: 200 len: 503 time: 4.3537331
2026-04-21 18:16:58.543 9 INFO neutron.db.ovn_revision_numbers_db [None req-48b1339b-0890-4dcd-97aa-983d70fa2a68 335d0c3471b04450a8ee9042d1229672 534bb253f1c847668fe5069647ed9f1e - - default default] Successfully bumped revision number for resource 18f74d8f-e2c5-4381-aadb-eb4cd914dbec (type: router_ports) to 2
2026-04-21 18:16:58.545 9 INFO neutron.wsgi [None req-48b1339b-0890-4dcd-97aa-983d70fa2a68 335d0c3471b04450a8ee9042d1229672 534bb253f1c847668fe5069647ed9f1e - - default default] 10.0.0.198 "PUT /v2.0/routers/6c19d83b-99b7-4c26-a62f-8d357083fafb/add_router_interface HTTP/1.1" status: 200 len: 503 time: 4.3005624
2026-04-21 18:16:59.032 9 INFO neutron.plugins.ml2.drivers.ovn.mech_driver.ovsdb.ovsdb_monitor [None req-1d4be84b-8343-476a-8585-7fa4fb849e78 - - - - - -] Router 4e4985c0-4e30-4bad-bd7a-590287f59d62 is bound to host instance
2026-04-21 18:16:59.062 10 INFO neutron.db.ovn_revision_numbers_db [None req-e61d050d-2e87-4ebd-af28-699e18162cc2 335d0c3471b04450a8ee9042d1229672 534bb253f1c847668fe5069647ed9f1e - - default default] Successfully bumped revision number for resource 712864d6-4ac7-48f1-a489-53469f995b19 (type: router_ports) to 1
2026-04-21 18:16:59.140 10 WARNING neutron_lib.context [None req-e93fd83e-5538-4da4-a2f2-c5fea0a412a8 2679ace59e3740ff9d9693b9fd31eb87 c3446aab0426491d87f2b30f6c3e0eda - - default default] Method 'is_advsvc' is deprecated since 2023.2 release (neutron-lib 3.8.0) and will be removed once support for the old RBAC API policies will be removed from Neutron. Please use method 'is_service_role' instead.
2026-04-21 18:16:59.146 10 INFO neutron.db.ovn_revision_numbers_db [None req-e61d050d-2e87-4ebd-af28-699e18162cc2 335d0c3471b04450a8ee9042d1229672 534bb253f1c847668fe5069647ed9f1e - - default default] Successfully bumped revision number for resource 4e4985c0-4e30-4bad-bd7a-590287f59d62 (type: routers) to 2
2026-04-21 18:16:59.167 10 INFO neutron.wsgi [None req-e61d050d-2e87-4ebd-af28-699e18162cc2 335d0c3471b04450a8ee9042d1229672 534bb253f1c847668fe5069647ed9f1e - - default default] 10.0.0.198 "POST /v2.0/routers HTTP/1.1" status: 201 len: 881 time: 1.4851296
2026-04-21 18:16:59.265 10 INFO neutron.db.ovn_revision_numbers_db [None req-e93fd83e-5538-4da4-a2f2-c5fea0a412a8 2679ace59e3740ff9d9693b9fd31eb87 c3446aab0426491d87f2b30f6c3e0eda - - default default] Successfully bumped revision number for resource a4789715-0278-4c02-85fd-61fdd4928279 (type: security_groups) to 1
2026-04-21 18:16:59.279 10 INFO neutron.db.ovn_revision_numbers_db [None req-e93fd83e-5538-4da4-a2f2-c5fea0a412a8 2679ace59e3740ff9d9693b9fd31eb87 c3446aab0426491d87f2b30f6c3e0eda - - default default] Successfully bumped revision number for resource 32b12516-65b9-4e0a-bc9a-f27de0c52ef2 (type: security_group_rules) to 0
2026-04-21 18:16:59.293 10 INFO neutron.db.ovn_revision_numbers_db [None req-e93fd83e-5538-4da4-a2f2-c5fea0a412a8 2679ace59e3740ff9d9693b9fd31eb87 c3446aab0426491d87f2b30f6c3e0eda - - default default] Successfully bumped revision number for resource 3fe8190c-228b-47b9-bfcb-ee5813b906a8 (type: security_group_rules) to 0
2026-04-21 18:16:59.317 10 INFO neutron.wsgi [None req-e93fd83e-5538-4da4-a2f2-c5fea0a412a8 2679ace59e3740ff9d9693b9fd31eb87 c3446aab0426491d87f2b30f6c3e0eda - - default default] 10.0.0.198 "POST /v2.0/security-groups HTTP/1.1" status: 201 len: 1794 time: 0.1937101
2026-04-21 18:16:59.328 10 WARNING neutron_lib.context [None req-55ee2a76-5ddf-4721-8e20-676687ddced4 2679ace59e3740ff9d9693b9fd31eb87 c3446aab0426491d87f2b30f6c3e0eda - - default default] Method 'is_advsvc' is deprecated since 2023.2 release (neutron-lib 3.8.0) and will be removed once support for the old RBAC API policies will be removed from Neutron. Please use method 'is_service_role' instead.
2026-04-21 18:16:59.491 10 INFO neutron.db.ovn_revision_numbers_db [None req-55ee2a76-5ddf-4721-8e20-676687ddced4 2679ace59e3740ff9d9693b9fd31eb87 c3446aab0426491d87f2b30f6c3e0eda - - default default] Successfully bumped revision number for resource f99d4fe0-1db1-46a2-90b5-ac496bd7ea7b (type: security_group_rules) to 0
2026-04-21 18:16:59.507 10 INFO neutron.db.ovn_revision_numbers_db [None req-4b3d66d3-3975-45b7-a224-616ed8f75384 335d0c3471b04450a8ee9042d1229672 534bb253f1c847668fe5069647ed9f1e - - default default] Successfully bumped revision number for resource dc0f6c8c-70d1-48b5-a859-d75f56d7a0b2 (type: security_groups) to 1
2026-04-21 18:16:59.516 10 WARNING neutron_lib.context [req-48d6d1cd-eace-4a79-946a-8c88657a00e1 req-d7f4b97d-3d6f-4ab0-bdb6-a359497c27ae 0730daa0df9542a3ac38e063a8b49201 fde5f31aa690477689f5042876f4ad67 - - default default] Method 'is_advsvc' is deprecated since 2023.2 release (neutron-lib 3.8.0) and will be removed once support for the old RBAC API policies will be removed from Neutron. Please use method 'is_service_role' instead.
2026-04-21 18:16:59.537 10 INFO neutron.wsgi [None req-55ee2a76-5ddf-4721-8e20-676687ddced4 2679ace59e3740ff9d9693b9fd31eb87 c3446aab0426491d87f2b30f6c3e0eda - - default default] 10.0.0.198 "POST /v2.0/security-group-rules HTTP/1.1" status: 201 len: 764 time: 0.2136745
2026-04-21 18:16:59.539 10 INFO neutron.db.ovn_revision_numbers_db [None req-4b3d66d3-3975-45b7-a224-616ed8f75384 335d0c3471b04450a8ee9042d1229672 534bb253f1c847668fe5069647ed9f1e - - default default] Successfully bumped revision number for resource 1c272679-b7df-4bc3-ab85-865fd7301350 (type: security_group_rules) to 0
2026-04-21 18:16:59.546 10 WARNING neutron_lib.context [None req-425d5308-2b8a-4dbb-a1e2-5795fd20318d 2679ace59e3740ff9d9693b9fd31eb87 c3446aab0426491d87f2b30f6c3e0eda - - default default] Method 'is_advsvc' is deprecated since 2023.2 release (neutron-lib 3.8.0) and will be removed once support for the old RBAC API policies will be removed from Neutron. Please use method 'is_service_role' instead.
2026-04-21 18:16:59.576 10 INFO neutron.db.ovn_revision_numbers_db [None req-4b3d66d3-3975-45b7-a224-616ed8f75384 335d0c3471b04450a8ee9042d1229672 534bb253f1c847668fe5069647ed9f1e - - default default] Successfully bumped revision number for resource 2f94968a-c546-42fd-bae7-7841bbc030ee (type: security_group_rules) to 0
2026-04-21 18:16:59.597 10 INFO neutron.db.ovn_revision_numbers_db [None req-4b3d66d3-3975-45b7-a224-616ed8f75384 335d0c3471b04450a8ee9042d1229672 534bb253f1c847668fe5069647ed9f1e - - default default] Successfully bumped revision number for resource 44ed9c4f-c8f2-4dac-b0aa-82f283f42b39 (type: security_group_rules) to 0
2026-04-21 18:16:59.627 10 INFO neutron.db.ovn_revision_numbers_db [None req-4b3d66d3-3975-45b7-a224-616ed8f75384 335d0c3471b04450a8ee9042d1229672 534bb253f1c847668fe5069647ed9f1e - - default default] Successfully bumped revision number for resource 521be27f-3299-4713-a7cd-da14fe5de5fb (type: security_group_rules) to 0
2026-04-21 18:16:59.676 10 INFO neutron.wsgi [None req-4b3d66d3-3975-45b7-a224-616ed8f75384 335d0c3471b04450a8ee9042d1229672 534bb253f1c847668fe5069647ed9f1e - - default default] 10.0.0.198 "GET /v2.0/security-groups?tenant_id=b6b91ec58e58432ba767341661c9f4f4&name=default HTTP/1.1" status: 200 len: 2994 time: 0.4451106
2026-04-21 18:16:59.692 9 INFO neutron.db.ovn_revision_numbers_db [None req-1d4be84b-8343-476a-8585-7fa4fb849e78 - - - - - -] Successfully bumped revision number for resource 712864d6-4ac7-48f1-a489-53469f995b19 (type: ports) to 1
2026-04-21 18:16:59.735 10 INFO neutron.db.ovn_revision_numbers_db [req-48d6d1cd-eace-4a79-946a-8c88657a00e1 req-d7f4b97d-3d6f-4ab0-bdb6-a359497c27ae 0730daa0df9542a3ac38e063a8b49201 fde5f31aa690477689f5042876f4ad67 - - default default] Successfully bumped revision number for resource 2a5828c1-543e-4539-819d-013fef276d6e (type: security_groups) to 1
2026-04-21 18:16:59.757 10 INFO neutron.db.ovn_revision_numbers_db [req-48d6d1cd-eace-4a79-946a-8c88657a00e1 req-d7f4b97d-3d6f-4ab0-bdb6-a359497c27ae 0730daa0df9542a3ac38e063a8b49201 fde5f31aa690477689f5042876f4ad67 - - default default] Successfully bumped revision number for resource adb8a604-40bc-408d-b2b8-691e30311511 (type: security_group_rules) to 0
2026-04-21 18:16:59.774 9 WARNING neutron.scheduler.dhcp_agent_scheduler [None req-b52306e6-afa2-42df-8132-5608671539c7 335d0c3471b04450a8ee9042d1229672 534bb253f1c847668fe5069647ed9f1e - - default default] No more DHCP agents
2026-04-21 18:16:59.775 10 INFO neutron.db.ovn_revision_numbers_db [None req-425d5308-2b8a-4dbb-a1e2-5795fd20318d 2679ace59e3740ff9d9693b9fd31eb87 c3446aab0426491d87f2b30f6c3e0eda - - default default] Successfully bumped revision number for resource 13b844c5-3144-40cb-817b-429d8b733bea (type: security_group_rules) to 0
2026-04-21 18:16:59.778 9 WARNING neutron.api.rpc.agentnotifiers.dhcp_rpc_agent_api [None req-b52306e6-afa2-42df-8132-5608671539c7 335d0c3471b04450a8ee9042d1229672 534bb253f1c847668fe5069647ed9f1e - - default default] Unable to schedule network 60e75668-93ac-45d1-9493-45ca34df86ae: no agents available; will retry on subsequent port and subnet creation events.
2026-04-21 18:16:59.783 10 INFO neutron.db.ovn_revision_numbers_db [req-48d6d1cd-eace-4a79-946a-8c88657a00e1 req-d7f4b97d-3d6f-4ab0-bdb6-a359497c27ae 0730daa0df9542a3ac38e063a8b49201 fde5f31aa690477689f5042876f4ad67 - - default default] Successfully bumped revision number for resource d95c8aed-96fd-4d4b-bee5-3895726aebca (type: security_group_rules) to 0
2026-04-21 18:16:59.819 10 INFO neutron.wsgi [req-48d6d1cd-eace-4a79-946a-8c88657a00e1 req-d7f4b97d-3d6f-4ab0-bdb6-a359497c27ae 0730daa0df9542a3ac38e063a8b49201 fde5f31aa690477689f5042876f4ad67 - - default default] 10.0.0.69 "POST /v2.0/security-groups HTTP/1.1" status: 201 len: 1826 time: 0.3553548
2026-04-21 18:16:59.827 10 INFO neutron.wsgi [None req-425d5308-2b8a-4dbb-a1e2-5795fd20318d 2679ace59e3740ff9d9693b9fd31eb87 c3446aab0426491d87f2b30f6c3e0eda - - default default] 10.0.0.198 "POST /v2.0/security-group-rules HTTP/1.1" status: 201 len: 769 time: 0.2853394
2026-04-21 18:16:59.839 10 WARNING neutron_lib.context [None req-39964652-87c2-43e8-90ac-e8a02beda92f 2679ace59e3740ff9d9693b9fd31eb87 c3446aab0426491d87f2b30f6c3e0eda - - default default] Method 'is_advsvc' is deprecated since 2023.2 release (neutron-lib 3.8.0) and will be removed once support for the old RBAC API policies will be removed from Neutron. Please use method 'is_service_role' instead.
2026-04-21 18:16:59.968 9 INFO neutron.db.ovn_revision_numbers_db [None req-1d4be84b-8343-476a-8585-7fa4fb849e78 - - - - - -] Successfully bumped revision number for resource 712864d6-4ac7-48f1-a489-53469f995b19 (type: router_ports) to 3
2026-04-21 18:17:00.042 10 INFO neutron.wsgi [None req-e1261a26-3cba-4c3e-85bf-3d5b79dd0f77 335d0c3471b04450a8ee9042d1229672 534bb253f1c847668fe5069647ed9f1e - - default default] 10.0.0.198 "DELETE /v2.0/security-groups/dc0f6c8c-70d1-48b5-a859-d75f56d7a0b2 HTTP/1.1" status: 204 len: 168 time: 0.3576539
2026-04-21 18:17:00.081 9 INFO neutron.db.ovn_revision_numbers_db [None req-b52306e6-afa2-42df-8132-5608671539c7 335d0c3471b04450a8ee9042d1229672 534bb253f1c847668fe5069647ed9f1e - - default default] Successfully bumped revision number for resource acd5fbc2-9caa-47fa-a4ad-cc0fe520fe7f (type: ports) to 1
2026-04-21 18:17:00.166 10 WARNING neutron.scheduler.dhcp_agent_scheduler [None req-39964652-87c2-43e8-90ac-e8a02beda92f 2679ace59e3740ff9d9693b9fd31eb87 c3446aab0426491d87f2b30f6c3e0eda - - default default] No more DHCP agents
2026-04-21 18:17:00.169 10 WARNING neutron.api.rpc.agentnotifiers.dhcp_rpc_agent_api [None req-39964652-87c2-43e8-90ac-e8a02beda92f 2679ace59e3740ff9d9693b9fd31eb87 c3446aab0426491d87f2b30f6c3e0eda - - default default] Unable to schedule network 4e6ca672-4ef0-4cea-af03-c4e4d382f64c: no agents available; will retry on subsequent port and subnet creation events.
2026-04-21 18:17:00.271 9 INFO neutron.db.ovn_revision_numbers_db [None req-1d4be84b-8343-476a-8585-7fa4fb849e78 - - - - - -] Successfully bumped revision number for resource 712864d6-4ac7-48f1-a489-53469f995b19 (type: ports) to 2
2026-04-21 18:17:00.342 9 INFO neutron.db.ovn_revision_numbers_db [None req-8627697d-6c9b-4ae9-9b86-aeeece45a0cb 335d0c3471b04450a8ee9042d1229672 534bb253f1c847668fe5069647ed9f1e - - default default] Successfully bumped revision number for resource b73c0735-d0bb-47ef-b617-16c2d976fc3a (type: security_groups) to 1
2026-04-21 18:17:00.379 9 INFO neutron.db.ovn_revision_numbers_db [None req-8627697d-6c9b-4ae9-9b86-aeeece45a0cb 335d0c3471b04450a8ee9042d1229672 534bb253f1c847668fe5069647ed9f1e - - default default] Successfully bumped revision number for resource 597b79bd-da6e-47bb-8527-ef5ef0d8743b (type: security_group_rules) to 0
2026-04-21 18:17:00.421 9 INFO neutron.db.ovn_revision_numbers_db [None req-8627697d-6c9b-4ae9-9b86-aeeece45a0cb 335d0c3471b04450a8ee9042d1229672 534bb253f1c847668fe5069647ed9f1e - - default default] Successfully bumped revision number for resource 954c3164-7488-4a6b-a69a-d055d2ad25b9 (type: security_group_rules) to 0
2026-04-21 18:17:00.451 9 INFO neutron.wsgi [req-0c6e4af8-8105-44b7-81ca-03ecfb2f54d7 req-b9394f11-b8da-49e8-a8dd-3f05ed642cbc 0730daa0df9542a3ac38e063a8b49201 fde5f31aa690477689f5042876f4ad67 - - default default] 10.0.0.69 "GET /v2.0/security-groups/2a5828c1-543e-4539-819d-013fef276d6e HTTP/1.1" status: 200 len: 1821 time: 0.2315283
2026-04-21 18:17:00.459 9 INFO neutron.db.ovn_revision_numbers_db [None req-8627697d-6c9b-4ae9-9b86-aeeece45a0cb 335d0c3471b04450a8ee9042d1229672 534bb253f1c847668fe5069647ed9f1e - - default default] Successfully bumped revision number for resource a878ea1b-3d83-4a28-99b8-831b7006721d (type: security_group_rules) to 0
2026-04-21 18:17:00.470 9 WARNING neutron_lib.context [req-0c6e4af8-8105-44b7-81ca-03ecfb2f54d7 req-07d73bdb-95ed-44ca-8814-fb5bba7ea175 0730daa0df9542a3ac38e063a8b49201 fde5f31aa690477689f5042876f4ad67 - - default default] Method 'is_advsvc' is deprecated since 2023.2 release (neutron-lib 3.8.0) and will be removed once support for the old RBAC API policies will be removed from Neutron. Please use method 'is_service_role' instead.
2026-04-21 18:17:00.522 9 INFO neutron.db.ovn_revision_numbers_db [None req-8627697d-6c9b-4ae9-9b86-aeeece45a0cb 335d0c3471b04450a8ee9042d1229672 534bb253f1c847668fe5069647ed9f1e - - default default] Successfully bumped revision number for resource c290b531-81ae-4fc7-a9aa-9b24ca90702e (type: security_group_rules) to 0
2026-04-21 18:17:00.568 10 INFO neutron.db.ovn_revision_numbers_db [None req-39964652-87c2-43e8-90ac-e8a02beda92f 2679ace59e3740ff9d9693b9fd31eb87 c3446aab0426491d87f2b30f6c3e0eda - - default default] Successfully bumped revision number for resource 3bc8c102-46a1-4230-b5b5-f7e89b26beb7 (type: floatingips) to 0
2026-04-21 18:17:00.582 10 INFO neutron.wsgi [None req-39964652-87c2-43e8-90ac-e8a02beda92f 2679ace59e3740ff9d9693b9fd31eb87 c3446aab0426491d87f2b30f6c3e0eda - - default default] 10.0.0.198 "POST /v2.0/floatingips HTTP/1.1" status: 201 len: 751 time: 0.7485919
2026-04-21 18:17:00.584 9 INFO neutron.wsgi [None req-8627697d-6c9b-4ae9-9b86-aeeece45a0cb 335d0c3471b04450a8ee9042d1229672 534bb253f1c847668fe5069647ed9f1e - - default default] 10.0.0.198 "GET /v2.0/security-groups?tenant_id=d61a5fd2ee97405a8f731fe55a46cad9&name=default HTTP/1.1" status: 200 len: 2996 time: 0.4457023
2026-04-21 18:17:00.765 9 INFO neutron.db.ovn_revision_numbers_db [None req-b52306e6-afa2-42df-8132-5608671539c7 335d0c3471b04450a8ee9042d1229672 534bb253f1c847668fe5069647ed9f1e - - default default] Successfully bumped revision number for resource acd5fbc2-9caa-47fa-a4ad-cc0fe520fe7f (type: router_ports) to 1
2026-04-21 18:17:00.767 9 INFO neutron.db.ovn_revision_numbers_db [None req-1d4be84b-8343-476a-8585-7fa4fb849e78 - - - - - -] Successfully bumped revision number for resource 712864d6-4ac7-48f1-a489-53469f995b19 (type: ports) to 4
2026-04-21 18:17:00.793 9 INFO neutron.db.ovn_revision_numbers_db [req-0c6e4af8-8105-44b7-81ca-03ecfb2f54d7 req-07d73bdb-95ed-44ca-8814-fb5bba7ea175 0730daa0df9542a3ac38e063a8b49201 fde5f31aa690477689f5042876f4ad67 - - default default] Successfully bumped revision number for resource 4e67aca4-ea90-4579-8c61-636e63702215 (type: security_group_rules) to 0
2026-04-21 18:17:00.807 10 INFO neutron.wsgi [None req-82693fc9-cd3e-452b-8d61-d2e8076e919d 335d0c3471b04450a8ee9042d1229672 534bb253f1c847668fe5069647ed9f1e - - default default] 10.0.0.198 "DELETE /v2.0/security-groups/b73c0735-d0bb-47ef-b617-16c2d976fc3a HTTP/1.1" status: 204 len: 168 time: 0.2149999
2026-04-21 18:17:00.851 9 INFO neutron.wsgi [req-0c6e4af8-8105-44b7-81ca-03ecfb2f54d7 req-07d73bdb-95ed-44ca-8814-fb5bba7ea175 0730daa0df9542a3ac38e063a8b49201 fde5f31aa690477689f5042876f4ad67 - - default default] 10.0.0.69 "POST /v2.0/security-group-rules HTTP/1.1" status: 201 len: 786 time: 0.3928521
2026-04-21 18:17:00.890 10 WARNING neutron_lib.context [req-122fd81e-25a6-49bd-8830-c999004b9408 req-d207e545-e488-44bf-b114-f3d8a9e32569 0730daa0df9542a3ac38e063a8b49201 fde5f31aa690477689f5042876f4ad67 - - default default] Method 'is_advsvc' is deprecated since 2023.2 release (neutron-lib 3.8.0) and will be removed once support for the old RBAC API policies will be removed from Neutron. Please use method 'is_service_role' instead.
2026-04-21 18:17:00.987 9 INFO neutron.db.ovn_revision_numbers_db [None req-b52306e6-afa2-42df-8132-5608671539c7 335d0c3471b04450a8ee9042d1229672 534bb253f1c847668fe5069647ed9f1e - - default default] Successfully bumped revision number for resource acd5fbc2-9caa-47fa-a4ad-cc0fe520fe7f (type: ports) to 1
2026-04-21 18:17:01.022 10 INFO neutron.db.ovn_revision_numbers_db [req-122fd81e-25a6-49bd-8830-c999004b9408 req-d207e545-e488-44bf-b114-f3d8a9e32569 0730daa0df9542a3ac38e063a8b49201 fde5f31aa690477689f5042876f4ad67 - - default default] Successfully bumped revision number for resource 256dcc3f-949f-4415-8866-9c28ff205e3e (type: security_groups) to 1
2026-04-21 18:17:01.038 10 INFO neutron.db.ovn_revision_numbers_db [req-122fd81e-25a6-49bd-8830-c999004b9408 req-d207e545-e488-44bf-b114-f3d8a9e32569 0730daa0df9542a3ac38e063a8b49201 fde5f31aa690477689f5042876f4ad67 - - default default] Successfully bumped revision number for resource 6bbfe0ce-e744-4ab0-9bbf-e6596f02cd85 (type: security_group_rules) to 0
2026-04-21 18:17:01.054 10 INFO neutron.db.ovn_revision_numbers_db [req-122fd81e-25a6-49bd-8830-c999004b9408 req-d207e545-e488-44bf-b114-f3d8a9e32569 0730daa0df9542a3ac38e063a8b49201 fde5f31aa690477689f5042876f4ad67 - - default default] Successfully bumped revision number for resource 6e0ce6b8-5607-436b-97b6-1441110ffe80 (type: security_group_rules) to 0
2026-04-21 18:17:01.067 9 INFO neutron.db.ovn_revision_numbers_db [None req-1d4be84b-8343-476a-8585-7fa4fb849e78 - - - - - -] Successfully bumped revision number for resource 712864d6-4ac7-48f1-a489-53469f995b19 (type: router_ports) to 4
2026-04-21 18:17:01.076 10 INFO neutron.wsgi [req-122fd81e-25a6-49bd-8830-c999004b9408 req-d207e545-e488-44bf-b114-f3d8a9e32569 0730daa0df9542a3ac38e063a8b49201 fde5f31aa690477689f5042876f4ad67 - - default default] 10.0.0.69 "POST /v2.0/security-groups HTTP/1.1" status: 201 len: 1825 time: 0.1943135
2026-04-21 18:17:01.120 9 WARNING neutron.scheduler.dhcp_agent_scheduler [None req-b52306e6-afa2-42df-8132-5608671539c7 335d0c3471b04450a8ee9042d1229672 534bb253f1c847668fe5069647ed9f1e - - default default] No more DHCP agents
2026-04-21 18:17:01.123 9 WARNING neutron.api.rpc.agentnotifiers.dhcp_rpc_agent_api [None req-b52306e6-afa2-42df-8132-5608671539c7 335d0c3471b04450a8ee9042d1229672 534bb253f1c847668fe5069647ed9f1e - - default default] Unable to schedule network 60e75668-93ac-45d1-9493-45ca34df86ae: no agents available; will retry on subsequent port and subnet creation events.
2026-04-21 18:17:01.132 10 INFO neutron.wsgi [req-4d3a5ab3-c21a-4f9c-8f54-d08e18ea6203 req-67e7886d-a5b1-4fb6-a9a0-c2241dd4c597 0730daa0df9542a3ac38e063a8b49201 fde5f31aa690477689f5042876f4ad67 - - default default] 10.0.0.69 "GET /v2.0/security-groups/256dcc3f-949f-4415-8866-9c28ff205e3e HTTP/1.1" status: 200 len: 1820 time: 0.0315042
2026-04-21 18:17:01.138 9 INFO neutron.wsgi [req-9c566568-fcd6-4946-bfa4-a77ef6a5e498 req-9b8d5263-8a3b-4bf2-b263-df34f02a1ecd 2679ace59e3740ff9d9693b9fd31eb87 c3446aab0426491d87f2b30f6c3e0eda - - default default] 10.0.0.69 "GET /v2.0/security-groups?name=tempest-securitygroup--300510300&fields=id&tenant_id=c3446aab0426491d87f2b30f6c3e0eda HTTP/1.1" status: 200 len: 267 time: 0.0552552
2026-04-21 18:17:01.151 10 WARNING neutron_lib.context [req-4d3a5ab3-c21a-4f9c-8f54-d08e18ea6203 req-872a82bf-4cb5-46b3-b7e1-dd771db8ef6c 0730daa0df9542a3ac38e063a8b49201 fde5f31aa690477689f5042876f4ad67 - - default default] Method 'is_advsvc' is deprecated since 2023.2 release (neutron-lib 3.8.0) and will be removed once support for the old RBAC API policies will be removed from Neutron. Please use method 'is_service_role' instead.
2026-04-21 18:17:01.261 10 INFO neutron.db.ovn_revision_numbers_db [req-4d3a5ab3-c21a-4f9c-8f54-d08e18ea6203 req-872a82bf-4cb5-46b3-b7e1-dd771db8ef6c 0730daa0df9542a3ac38e063a8b49201 fde5f31aa690477689f5042876f4ad67 - - default default] Successfully bumped revision number for resource fadb6a11-7b1f-4c56-92a8-fe5c3b26da77 (type: security_group_rules) to 0
2026-04-21 18:17:01.282 10 INFO neutron.wsgi [req-4d3a5ab3-c21a-4f9c-8f54-d08e18ea6203 req-872a82bf-4cb5-46b3-b7e1-dd771db8ef6c 0730daa0df9542a3ac38e063a8b49201 fde5f31aa690477689f5042876f4ad67 - - default default] 10.0.0.69 "POST /v2.0/security-group-rules HTTP/1.1" status: 201 len: 786 time: 0.1376021
2026-04-21 18:17:01.335 10 INFO neutron.wsgi [req-abf3c022-57d5-40cc-b8da-b8a58621334a req-5f912415-7d7b-44ca-82ec-c4a9ae03529b 0730daa0df9542a3ac38e063a8b49201 fde5f31aa690477689f5042876f4ad67 - - default default] 10.0.0.69 "GET /v2.0/security-groups/256dcc3f-949f-4415-8866-9c28ff205e3e HTTP/1.1" status: 200 len: 2413 time: 0.0306745
