2026-04-21 18:18:47.597 10 INFO neutron.wsgi [None req-cb0f33f1-f0ea-48eb-9045-941fbea5ba68 ca3ed98809ae464887c309a15a113657 d64072668d9644b5a7103757dff81120 - - default default] 10.0.0.198 "GET /v2.0/networks HTTP/1.1" status: 200 len: 1493 time: 0.2019036
2026-04-21 18:18:47.615 9 INFO neutron.db.ovn_revision_numbers_db [None req-1d4be84b-8343-476a-8585-7fa4fb849e78 - - - - - -] Successfully bumped revision number for resource 532519f9-461e-48f2-bb5f-c42c19fb3669 (type: ports) to 2
2026-04-21 18:18:47.668 9 INFO neutron.db.ovn_revision_numbers_db [None req-04b72181-7e05-4274-bcf0-b2777fa89c6a 8d1f5f8a2b554f0ea701daf83ad557bc ae16905b06694fafb520dd998ff3eedc - - default default] Successfully bumped revision number for resource 8bf88f61-ef56-4b2a-9f17-ee8ff3d6a9cf (type: floatingips) to 0
2026-04-21 18:18:47.682 9 INFO neutron.wsgi [None req-04b72181-7e05-4274-bcf0-b2777fa89c6a 8d1f5f8a2b554f0ea701daf83ad557bc ae16905b06694fafb520dd998ff3eedc - - default default] 10.0.0.198 "POST /v2.0/floatingips HTTP/1.1" status: 201 len: 751 time: 1.2199042
2026-04-21 18:18:47.733 10 INFO neutron.db.ovn_revision_numbers_db [None req-006327a9-d260-4fd7-a64e-7f40444f3f53 335d0c3471b04450a8ee9042d1229672 534bb253f1c847668fe5069647ed9f1e - - default default] Successfully bumped revision number for resource 6808d8b9-e27b-4886-bf39-868b322cdf34 (type: ports) to 1
2026-04-21 18:18:47.849 9 INFO neutron.wsgi [req-af822ab5-7747-4cff-9833-4215ff6f8b1d req-6a6c7358-1921-4792-a79c-13b1e8aa288d ca3ed98809ae464887c309a15a113657 d64072668d9644b5a7103757dff81120 - - default default] 10.0.0.69 "GET /v2.0/security-groups?name=tempest-secgroup-smoke-709355832&fields=id&tenant_id=d64072668d9644b5a7103757dff81120 HTTP/1.1" status: 200 len: 267 time: 0.0527341
2026-04-21 18:18:47.909 9 INFO neutron.db.ovn_revision_numbers_db [None req-1d4be84b-8343-476a-8585-7fa4fb849e78 - - - - - -] Successfully bumped revision number for resource 532519f9-461e-48f2-bb5f-c42c19fb3669 (type: ports) to 4
2026-04-21 18:18:47.936 9 INFO neutron.wsgi [req-af822ab5-7747-4cff-9833-4215ff6f8b1d req-e152c9ce-2ef9-4961-a240-901a20cdd37c ca3ed98809ae464887c309a15a113657 d64072668d9644b5a7103757dff81120 - - default default] 10.0.0.69 "GET /v2.0/networks?id=64cd1b1e-cd10-4c8a-a4e5-cf550eb617ff HTTP/1.1" status: 200 len: 860 time: 0.0786750
2026-04-21 18:18:47.964 9 INFO neutron.wsgi [req-af822ab5-7747-4cff-9833-4215ff6f8b1d req-20b8c3ba-acb2-458a-ac40-7f510cc4008e ca3ed98809ae464887c309a15a113657 d64072668d9644b5a7103757dff81120 - - default default] 10.0.0.69 "GET /v2.0/quotas/d64072668d9644b5a7103757dff81120 HTTP/1.1" status: 200 len: 386 time: 0.0150146
2026-04-21 18:18:48.036 10 WARNING neutron.scheduler.dhcp_agent_scheduler [None req-006327a9-d260-4fd7-a64e-7f40444f3f53 335d0c3471b04450a8ee9042d1229672 534bb253f1c847668fe5069647ed9f1e - - default default] No more DHCP agents
2026-04-21 18:18:48.040 10 WARNING neutron.api.rpc.agentnotifiers.dhcp_rpc_agent_api [None req-006327a9-d260-4fd7-a64e-7f40444f3f53 335d0c3471b04450a8ee9042d1229672 534bb253f1c847668fe5069647ed9f1e - - default default] Unable to schedule network 6a0980e4-c128-4193-b7b8-58c457d38231: no agents available; will retry on subsequent port and subnet creation events.
2026-04-21 18:18:48.103 9 INFO neutron.wsgi [req-af822ab5-7747-4cff-9833-4215ff6f8b1d req-a71f3870-cce4-4f85-9416-5f34e6585d14 ca3ed98809ae464887c309a15a113657 d64072668d9644b5a7103757dff81120 - - default default] 10.0.0.69 "GET /v2.0/ports?tenant_id=d64072668d9644b5a7103757dff81120&fields=id HTTP/1.1" status: 200 len: 302 time: 0.1318610
2026-04-21 18:18:48.151 10 INFO neutron.wsgi [req-baecbf2f-2a50-4459-8123-2a639207acb1 req-44144f39-e41c-41bc-bfd2-b337977a3edb 8d1f5f8a2b554f0ea701daf83ad557bc ae16905b06694fafb520dd998ff3eedc - - default default] 10.0.0.69 "GET /v2.0/security-groups?name=tempest-securitygroup--1426032245&fields=id&tenant_id=ae16905b06694fafb520dd998ff3eedc HTTP/1.1" status: 200 len: 267 time: 0.0800204
2026-04-21 18:18:48.175 9 INFO neutron.db.ovn_revision_numbers_db [None req-1d4be84b-8343-476a-8585-7fa4fb849e78 - - - - - -] Successfully bumped revision number for resource 532519f9-461e-48f2-bb5f-c42c19fb3669 (type: router_ports) to 4
2026-04-21 18:18:48.200 9 INFO neutron.wsgi [req-af822ab5-7747-4cff-9833-4215ff6f8b1d req-873734dd-d27c-4dcd-aca0-5faa7b7f218c df629591f36c475bb2e96a22ae0f6ed7 678127e3b3fd415ea1800b78d3dad404 - - 90a4dea5f2464fd78b906d65f1cfbe6e 90a4dea5f2464fd78b906d65f1cfbe6e] 10.0.0.69 "GET /v2.0/networks/64cd1b1e-cd10-4c8a-a4e5-cf550eb617ff?fields=segments HTTP/1.1" status: 200 len: 212 time: 0.0850372
2026-04-21 18:18:48.261 10 INFO neutron.wsgi [req-baecbf2f-2a50-4459-8123-2a639207acb1 req-c7279c5b-dd6f-414b-968d-56647d9bf85b 8d1f5f8a2b554f0ea701daf83ad557bc ae16905b06694fafb520dd998ff3eedc - - default default] 10.0.0.69 "GET /v2.0/networks?id=713a65b3-4e59-4b13-9e4a-9d1963dbe2f8 HTTP/1.1" status: 200 len: 875 time: 0.1023510
2026-04-21 18:18:48.290 9 INFO neutron.wsgi [req-af822ab5-7747-4cff-9833-4215ff6f8b1d req-6020eb3a-7c77-4078-a149-df2832291d3c df629591f36c475bb2e96a22ae0f6ed7 678127e3b3fd415ea1800b78d3dad404 - - 90a4dea5f2464fd78b906d65f1cfbe6e 90a4dea5f2464fd78b906d65f1cfbe6e] 10.0.0.69 "GET /v2.0/networks/64cd1b1e-cd10-4c8a-a4e5-cf550eb617ff?fields=provider%3Aphysical_network&fields=provider%3Anetwork_type HTTP/1.1" status: 200 len: 277 time: 0.0788999
2026-04-21 18:18:48.301 10 INFO neutron.wsgi [req-baecbf2f-2a50-4459-8123-2a639207acb1 req-06dc7fa9-ba40-44ea-9050-46a982dd253e 8d1f5f8a2b554f0ea701daf83ad557bc ae16905b06694fafb520dd998ff3eedc - - default default] 10.0.0.69 "GET /v2.0/quotas/ae16905b06694fafb520dd998ff3eedc HTTP/1.1" status: 200 len: 386 time: 0.0324750
2026-04-21 18:18:48.449 9 INFO neutron.wsgi [req-e13862e9-ee85-4bb5-a9bd-934356da29a0 req-26a07b99-4942-493a-abee-c25eb6bc431d ca3ed98809ae464887c309a15a113657 d64072668d9644b5a7103757dff81120 - - default default] 10.0.0.69 "GET /v2.0/ports?device_id=4964b73e-d460-4415-ae5f-2dbe90ebdfb1 HTTP/1.1" status: 200 len: 210 time: 0.0405822
2026-04-21 18:18:48.499 10 INFO neutron.wsgi [req-baecbf2f-2a50-4459-8123-2a639207acb1 req-5fd08c01-8c70-41c4-8f2d-b31b072161b8 8d1f5f8a2b554f0ea701daf83ad557bc ae16905b06694fafb520dd998ff3eedc - - default default] 10.0.0.69 "GET /v2.0/ports?tenant_id=ae16905b06694fafb520dd998ff3eedc&fields=id HTTP/1.1" status: 200 len: 302 time: 0.1845961
2026-04-21 18:18:48.672 10 INFO neutron.wsgi [req-baecbf2f-2a50-4459-8123-2a639207acb1 req-ea61cc6f-8d02-423a-8b4c-03906096daa0 df629591f36c475bb2e96a22ae0f6ed7 678127e3b3fd415ea1800b78d3dad404 - - 90a4dea5f2464fd78b906d65f1cfbe6e 90a4dea5f2464fd78b906d65f1cfbe6e] 10.0.0.69 "GET /v2.0/networks/713a65b3-4e59-4b13-9e4a-9d1963dbe2f8?fields=segments HTTP/1.1" status: 200 len: 212 time: 0.1591587
2026-04-21 18:18:48.844 10 INFO neutron.wsgi [req-baecbf2f-2a50-4459-8123-2a639207acb1 req-6b7d0df8-ab28-4fd3-8bb5-86020725e99b df629591f36c475bb2e96a22ae0f6ed7 678127e3b3fd415ea1800b78d3dad404 - - 90a4dea5f2464fd78b906d65f1cfbe6e 90a4dea5f2464fd78b906d65f1cfbe6e] 10.0.0.69 "GET /v2.0/networks/713a65b3-4e59-4b13-9e4a-9d1963dbe2f8?fields=provider%3Aphysical_network&fields=provider%3Anetwork_type HTTP/1.1" status: 200 len: 277 time: 0.1642475
2026-04-21 18:18:48.931 10 INFO neutron.db.ovn_revision_numbers_db [None req-ad9abec3-42b5-4128-afde-948652059cba 239fcf6903c543f3870803b7a8eb937c 524c52c039bd45c1985ad797375e9106 - - default default] Successfully bumped revision number for resource 894cab2b-7a95-4732-b977-a81998ace3d2 (type: ports) to 2
2026-04-21 18:18:49.024 10 INFO neutron.db.ovn_revision_numbers_db [None req-ad9abec3-42b5-4128-afde-948652059cba 239fcf6903c543f3870803b7a8eb937c 524c52c039bd45c1985ad797375e9106 - - default default] Successfully bumped revision number for resource fd597022-97a9-4885-b4fe-74162b9053c8 (type: subnets) to 1
2026-04-21 18:18:49.027 10 INFO neutron.wsgi [None req-ad9abec3-42b5-4128-afde-948652059cba 239fcf6903c543f3870803b7a8eb937c 524c52c039bd45c1985ad797375e9106 - - default default] 10.0.0.198 "PUT /v2.0/subnets/fd597022-97a9-4885-b4fe-74162b9053c8 HTTP/1.1" status: 200 len: 826 time: 1.6328473
2026-04-21 18:18:49.042 9 INFO neutron.wsgi [req-18a99d76-31f4-4f99-9449-3846f802e497 req-369f6b10-59f6-43b2-b724-cc601dc8f457 8d1f5f8a2b554f0ea701daf83ad557bc ae16905b06694fafb520dd998ff3eedc - - default default] 10.0.0.69 "GET /v2.0/ports?device_id=d1f953f9-b61f-4762-84ff-8b77cd0e6073 HTTP/1.1" status: 200 len: 210 time: 0.0287743
2026-04-21 18:18:49.167 10 INFO neutron.db.ovn_revision_numbers_db [None req-006327a9-d260-4fd7-a64e-7f40444f3f53 335d0c3471b04450a8ee9042d1229672 534bb253f1c847668fe5069647ed9f1e - - default default] Successfully bumped revision number for resource 6808d8b9-e27b-4886-bf39-868b322cdf34 (type: router_ports) to 1
2026-04-21 18:18:49.170 10 INFO neutron.wsgi [None req-006327a9-d260-4fd7-a64e-7f40444f3f53 335d0c3471b04450a8ee9042d1229672 534bb253f1c847668fe5069647ed9f1e - - default default] 10.0.0.198 "PUT /v2.0/routers/9b0eab91-101a-4662-9595-1f2309023466/add_router_interface HTTP/1.1" status: 200 len: 503 time: 3.1654463
2026-04-21 18:18:49.230 9 WARNING neutron.plugins.ml2.drivers.ovn.mech_driver.ovsdb.ovn_client [None req-82a10772-c472-498d-82e5-634118138e5b - - - - - -] No hosting information found for port e1363c59-d31b-47f9-8e11-5bff435fb89d: RuntimeError: No hosting information found for port e1363c59-d31b-47f9-8e11-5bff435fb89d
2026-04-21 18:18:49.231 9 INFO neutron.plugins.ml2.drivers.ovn.mech_driver.mech_driver [None req-82a10772-c472-498d-82e5-634118138e5b - - - - - -] OVN reports status up for port: 4ecd0427-a8f1-41b7-9cf4-47ce2e3e3ae8
2026-04-21 18:18:49.246 9 INFO neutron.plugins.ml2.plugin [None req-82a10772-c472-498d-82e5-634118138e5b - - - - - -] Attempt 1 to provision port 4ecd0427-a8f1-41b7-9cf4-47ce2e3e3ae8
2026-04-21 18:18:49.398 10 INFO neutron.wsgi [req-af822ab5-7747-4cff-9833-4215ff6f8b1d req-0b012a57-ac9b-4fcb-a6d5-e20f4e498cce ca3ed98809ae464887c309a15a113657 d64072668d9644b5a7103757dff81120 - - default default] 199.19.213.151 "GET /v2.0/networks?id=64cd1b1e-cd10-4c8a-a4e5-cf550eb617ff HTTP/1.1" status: 200 len: 860 time: 0.0947757
2026-04-21 18:18:49.460 10 INFO neutron.wsgi [req-af822ab5-7747-4cff-9833-4215ff6f8b1d req-06f06bcd-effb-4742-a99c-d61df155b88a ca3ed98809ae464887c309a15a113657 d64072668d9644b5a7103757dff81120 - - default default] 199.19.213.151 "GET /v2.0/security-groups?fields=id&fields=name&tenant_id=d64072668d9644b5a7103757dff81120 HTTP/1.1" status: 200 len: 379 time: 0.0578475
2026-04-21 18:18:49.489 10 WARNING neutron_lib.context [req-af822ab5-7747-4cff-9833-4215ff6f8b1d req-cd7e44db-7671-4780-87ae-1f0d744fdf15 ca3ed98809ae464887c309a15a113657 d64072668d9644b5a7103757dff81120 - - default default] Method 'is_advsvc' is deprecated since 2023.2 release (neutron-lib 3.8.0) and will be removed once support for the old RBAC API policies will be removed from Neutron. Please use method 'is_service_role' instead.
2026-04-21 18:18:49.566 10 INFO neutron.wsgi [req-a7fd8e0c-ffb3-4ab9-bd24-404f1ae4412e req-99e4d2b5-b70e-42e4-838e-3b315002c002 ca3ed98809ae464887c309a15a113657 d64072668d9644b5a7103757dff81120 - - default default] 10.0.0.69 "GET /v2.0/ports?device_id=4964b73e-d460-4415-ae5f-2dbe90ebdfb1 HTTP/1.1" status: 200 len: 210 time: 0.0352190
2026-04-21 18:18:49.757 9 INFO neutron.db.ovn_revision_numbers_db [None req-82a10772-c472-498d-82e5-634118138e5b - - - - - -] Successfully bumped revision number for resource 4ecd0427-a8f1-41b7-9cf4-47ce2e3e3ae8 (type: ports) to 2
2026-04-21 18:18:49.768 9 INFO neutron.services.segments.plugin [-] Segment 7306fbbe-2a55-495f-ad20-e4da77d118ad resource provider aggregate not found
2026-04-21 18:18:49.774 9 INFO neutron.services.segments.plugin [-] Segment 7306fbbe-2a55-495f-ad20-e4da77d118ad resource provider aggregate not found
2026-04-21 18:18:49.796 9 INFO neutron.services.segments.plugin [-] Segment 7306fbbe-2a55-495f-ad20-e4da77d118ad resource provider not found; error: Placement Client Error (4xx): {"errors": [{"status": 404, "title": "Not Found", "detail": "The resource could not be found.\n\n No resource provider with uuid 7306fbbe-2a55-495f-ad20-e4da77d118ad found for delete ", "request_id": "req-c3a36a40-064e-4ad3-b115-99d3a16b261a"}]}
2026-04-21 18:18:49.797 9 INFO neutron.services.segments.plugin [-] Segment 7306fbbe-2a55-495f-ad20-e4da77d118ad resource provider not found; error: Placement Client Error (4xx): {"errors": [{"status": 404, "title": "Not Found", "detail": "The resource could not be found.\n\n No resource provider with uuid 7306fbbe-2a55-495f-ad20-e4da77d118ad found for delete ", "request_id": "req-d9b9a484-c2c7-4cc9-bb44-790522a21963"}]}
2026-04-21 18:18:49.833 9 INFO neutron.wsgi [None req-b04530fa-73f7-4cc7-9a95-4f72784ba752 239fcf6903c543f3870803b7a8eb937c 524c52c039bd45c1985ad797375e9106 - - default default] 10.0.0.198 "DELETE /v2.0/networks/bc5eaf38-59ac-4744-a0b3-30f6a6405f86 HTTP/1.1" status: 204 len: 168 time: 0.7994411
2026-04-21 18:18:49.862 10 INFO neutron.pecan_wsgi.hooks.translation [None req-7aacbefb-c1bf-4d4f-832b-f1bece204f68 239fcf6903c543f3870803b7a8eb937c 524c52c039bd45c1985ad797375e9106 - - default default] DELETE failed (client error): The resource could not be found.
2026-04-21 18:18:49.865 10 INFO neutron.wsgi [None req-7aacbefb-c1bf-4d4f-832b-f1bece204f68 239fcf6903c543f3870803b7a8eb937c 524c52c039bd45c1985ad797375e9106 - - default default] 10.0.0.198 "DELETE /v2.0/networks/bc5eaf38-59ac-4744-a0b3-30f6a6405f86 HTTP/1.1" status: 404 len: 339 time: 0.0234277
2026-04-21 18:18:49.901 9 INFO neutron.db.ovn_revision_numbers_db [None req-82a10772-c472-498d-82e5-634118138e5b - - - - - -] Successfully bumped revision number for resource 4ecd0427-a8f1-41b7-9cf4-47ce2e3e3ae8 (type: router_ports) to 2
2026-04-21 18:18:49.935 9 INFO neutron.wsgi [req-baecbf2f-2a50-4459-8123-2a639207acb1 req-186cf78c-4aaf-4f1f-a2c9-35cbc162eb28 8d1f5f8a2b554f0ea701daf83ad557bc ae16905b06694fafb520dd998ff3eedc - - default default] 199.19.213.151 "GET /v2.0/networks?id=713a65b3-4e59-4b13-9e4a-9d1963dbe2f8 HTTP/1.1" status: 200 len: 875 time: 0.1075852
2026-04-21 18:18:49.989 10 WARNING neutron.scheduler.dhcp_agent_scheduler [req-af822ab5-7747-4cff-9833-4215ff6f8b1d req-cd7e44db-7671-4780-87ae-1f0d744fdf15 ca3ed98809ae464887c309a15a113657 d64072668d9644b5a7103757dff81120 - - default default] No more DHCP agents
2026-04-21 18:18:49.994 10 WARNING neutron.api.rpc.agentnotifiers.dhcp_rpc_agent_api [req-af822ab5-7747-4cff-9833-4215ff6f8b1d req-cd7e44db-7671-4780-87ae-1f0d744fdf15 ca3ed98809ae464887c309a15a113657 d64072668d9644b5a7103757dff81120 - - default default] Unable to schedule network 64cd1b1e-cd10-4c8a-a4e5-cf550eb617ff: no agents available; will retry on subsequent port and subnet creation events.
2026-04-21 18:18:50.009 9 INFO neutron.wsgi [req-baecbf2f-2a50-4459-8123-2a639207acb1 req-2053e3aa-c45a-42f6-97a5-63a3c8ee8892 8d1f5f8a2b554f0ea701daf83ad557bc ae16905b06694fafb520dd998ff3eedc - - default default] 199.19.213.151 "GET /v2.0/security-groups?fields=id&fields=name&tenant_id=ae16905b06694fafb520dd998ff3eedc HTTP/1.1" status: 200 len: 380 time: 0.0683279
2026-04-21 18:18:50.014 10 INFO neutron.wsgi [None req-cc99c4d3-4ef1-4b53-a2a8-2bd464f60e05 239fcf6903c543f3870803b7a8eb937c 524c52c039bd45c1985ad797375e9106 - - default default] 10.0.0.198 "GET /v2.0/networks?router%3Aexternal=True HTTP/1.1" status: 200 len: 845 time: 0.1439614 /var/lib/openstack/lib/python3.10/site-packages/pycadf/identifier.py:71: UserWarning: Invalid uuid: neutron. To ensure interoperability, identifiers should be a valid uuid. warnings.warn(('Invalid uuid: %s. To ensure interoperability, '
2026-04-21 18:18:50.023 9 WARNING neutron_lib.context [req-baecbf2f-2a50-4459-8123-2a639207acb1 req-1b852f2c-682a-46cf-8536-eb5b74489100 8d1f5f8a2b554f0ea701daf83ad557bc ae16905b06694fafb520dd998ff3eedc - - default default] Method 'is_advsvc' is deprecated since 2023.2 release (neutron-lib 3.8.0) and will be removed once support for the old RBAC API policies will be removed from Neutron. Please use method 'is_service_role' instead.
2026-04-21 18:18:50.139 9 INFO neutron.wsgi [req-1216bd92-5028-4d70-ac02-839b7033725f req-7916ba6e-3a8e-4124-896f-8d7062b0026e 8d1f5f8a2b554f0ea701daf83ad557bc ae16905b06694fafb520dd998ff3eedc - - default default] 10.0.0.69 "GET /v2.0/ports?device_id=d1f953f9-b61f-4762-84ff-8b77cd0e6073 HTTP/1.1" status: 200 len: 210 time: 0.0269721
2026-04-21 18:18:50.319 10 INFO neutron.wsgi [None req-445d4f30-a971-4d8d-9b32-14222e8a57b8 239fcf6903c543f3870803b7a8eb937c 524c52c039bd45c1985ad797375e9106 - - default default] 10.0.0.198 "GET /v2.0/subnets?network_id=4e6ca672-4ef0-4cea-af03-c4e4d382f64c HTTP/1.1" status: 200 len: 820 time: 0.3000093
2026-04-21 18:18:50.331 10 INFO neutron.wsgi [None req-25375bb2-4f2c-459e-b00b-a242c849e96f 239fcf6903c543f3870803b7a8eb937c 524c52c039bd45c1985ad797375e9106 - - default default] 10.0.0.198 "GET /v2.0/extensions HTTP/1.1" status: 200 len: 16975 time: 0.0066390
2026-04-21 18:18:50.391 9 WARNING neutron.scheduler.dhcp_agent_scheduler [req-baecbf2f-2a50-4459-8123-2a639207acb1 req-1b852f2c-682a-46cf-8536-eb5b74489100 8d1f5f8a2b554f0ea701daf83ad557bc ae16905b06694fafb520dd998ff3eedc - - default default] No more DHCP agents
2026-04-21 18:18:50.393 9 WARNING neutron.api.rpc.agentnotifiers.dhcp_rpc_agent_api [req-baecbf2f-2a50-4459-8123-2a639207acb1 req-1b852f2c-682a-46cf-8536-eb5b74489100 8d1f5f8a2b554f0ea701daf83ad557bc ae16905b06694fafb520dd998ff3eedc - - default default] Unable to schedule network 713a65b3-4e59-4b13-9e4a-9d1963dbe2f8: no agents available; will retry on subsequent port and subnet creation events.
2026-04-21 18:18:50.427 10 INFO neutron.wsgi [None req-835717cc-72e1-4f98-b2dc-1fac1c0a8e99 239fcf6903c543f3870803b7a8eb937c 524c52c039bd45c1985ad797375e9106 - - default default] 10.0.0.198 "GET /v2.0/networks HTTP/1.1" status: 200 len: 1507 time: 0.0884905 /var/lib/openstack/lib/python3.10/site-packages/pycadf/identifier.py:71: UserWarning: Invalid uuid: neutron. To ensure interoperability, identifiers should be a valid uuid. warnings.warn(('Invalid uuid: %s. To ensure interoperability, '
2026-04-21 18:18:50.487 9 INFO neutron.wsgi [None req-716fa254-f2d0-434c-b60e-142bf15cb4cd 239fcf6903c543f3870803b7a8eb937c 524c52c039bd45c1985ad797375e9106 - - default default] 10.0.0.198 "GET /v2.0/subnets HTTP/1.1" status: 200 len: 1460 time: 0.0532990
2026-04-21 18:18:50.502 10 INFO neutron.db.ovn_revision_numbers_db [req-af822ab5-7747-4cff-9833-4215ff6f8b1d req-cd7e44db-7671-4780-87ae-1f0d744fdf15 ca3ed98809ae464887c309a15a113657 d64072668d9644b5a7103757dff81120 - - default default] Successfully bumped revision number for resource 7c31fae2-dc48-4ef0-86f6-2f3a59c2cbc4 (type: ports) to 1
2026-04-21 18:18:50.530 10 INFO neutron.wsgi [req-af822ab5-7747-4cff-9833-4215ff6f8b1d req-cd7e44db-7671-4780-87ae-1f0d744fdf15 ca3ed98809ae464887c309a15a113657 d64072668d9644b5a7103757dff81120 - - default default] 199.19.213.151 "POST /v2.0/ports HTTP/1.1" status: 201 len: 1162 time: 1.0519521
2026-04-21 18:18:50.573 9 INFO neutron.wsgi [None req-779bc876-851a-46b3-b2b3-5a6130210404 239fcf6903c543f3870803b7a8eb937c 524c52c039bd45c1985ad797375e9106 - - default default] 10.0.0.198 "GET /v2.0/networks/61e3a0e1-7275-439c-8b63-08589691f7d5 HTTP/1.1" status: 200 len: 866 time: 0.0781486
2026-04-21 18:18:50.614 9 INFO neutron.db.ovn_revision_numbers_db [req-baecbf2f-2a50-4459-8123-2a639207acb1 req-1b852f2c-682a-46cf-8536-eb5b74489100 8d1f5f8a2b554f0ea701daf83ad557bc ae16905b06694fafb520dd998ff3eedc - - default default] Successfully bumped revision number for resource 48232e41-922f-4458-a81d-224a2f970933 (type: ports) to 1
2026-04-21 18:18:50.643 10 INFO neutron.wsgi [None req-601f54e5-a680-4348-a598-83f3930dc622 239fcf6903c543f3870803b7a8eb937c 524c52c039bd45c1985ad797375e9106 - - default default] 10.0.0.198 "GET /v2.0/subnets/cc1b5d15-4858-4b93-85e2-ce150c6fafa9 HTTP/1.1" status: 200 len: 843 time: 0.0629692
2026-04-21 18:18:50.659 10 INFO neutron.db.ovn_revision_numbers_db [None req-51e45ecc-b0af-4b2a-88b8-5ab098b1665f 335d0c3471b04450a8ee9042d1229672 534bb253f1c847668fe5069647ed9f1e - - default default] Successfully bumped revision number for resource 7279c8e8-7f75-4b15-aa7c-18a5d500942f (type: security_groups) to 1
2026-04-21 18:18:50.666 9 INFO neutron.wsgi [req-baecbf2f-2a50-4459-8123-2a639207acb1 req-1b852f2c-682a-46cf-8536-eb5b74489100 8d1f5f8a2b554f0ea701daf83ad557bc ae16905b06694fafb520dd998ff3eedc - - default default] 199.19.213.151 "POST /v2.0/ports HTTP/1.1" status: 201 len: 1158 time: 0.6485422
2026-04-21 18:18:50.667 9 INFO neutron.pecan_wsgi.hooks.translation [None req-5789da18-adad-4d67-b4b6-b73f26dd62da 239fcf6903c543f3870803b7a8eb937c 524c52c039bd45c1985ad797375e9106 - - default default] DELETE failed (client error): The resource could not be found.
2026-04-21 18:18:50.669 9 INFO neutron.wsgi [None req-5789da18-adad-4d67-b4b6-b73f26dd62da 239fcf6903c543f3870803b7a8eb937c 524c52c039bd45c1985ad797375e9106 - - default default] 10.0.0.198 "DELETE /v2.0/subnets/fd597022-97a9-4885-b4fe-74162b9053c8 HTTP/1.1" status: 404 len: 337 time: 0.0205979
2026-04-21 18:18:50.701 10 INFO neutron.db.ovn_revision_numbers_db [None req-51e45ecc-b0af-4b2a-88b8-5ab098b1665f 335d0c3471b04450a8ee9042d1229672 534bb253f1c847668fe5069647ed9f1e - - default default] Successfully bumped revision number for resource 58279d33-2579-478c-a840-795ebb85d8ef (type: security_group_rules) to 0
2026-04-21 18:18:50.703 10 INFO neutron.pecan_wsgi.hooks.translation [None req-6948fd09-ae41-4956-9685-791e424a6417 239fcf6903c543f3870803b7a8eb937c 524c52c039bd45c1985ad797375e9106 - - default default] DELETE failed (client error): The resource could not be found.
2026-04-21 18:18:50.705 10 INFO neutron.wsgi [None req-6948fd09-ae41-4956-9685-791e424a6417 239fcf6903c543f3870803b7a8eb937c 524c52c039bd45c1985ad797375e9106 - - default default] 10.0.0.198 "DELETE /v2.0/networks/bc5eaf38-59ac-4744-a0b3-30f6a6405f86 HTTP/1.1" status: 404 len: 339 time: 0.0264795
2026-04-21 18:18:50.765 10 INFO neutron.db.ovn_revision_numbers_db [None req-51e45ecc-b0af-4b2a-88b8-5ab098b1665f 335d0c3471b04450a8ee9042d1229672 534bb253f1c847668fe5069647ed9f1e - - default default] Successfully bumped revision number for resource 696b3f25-8f45-4fb1-8e55-a302dc8ea310 (type: security_group_rules) to 0
2026-04-21 18:18:50.813 10 INFO neutron.db.ovn_revision_numbers_db [None req-51e45ecc-b0af-4b2a-88b8-5ab098b1665f 335d0c3471b04450a8ee9042d1229672 534bb253f1c847668fe5069647ed9f1e - - default default] Successfully bumped revision number for resource b943ec2c-ed3b-4055-a823-fae6ff961a5b (type: security_group_rules) to 0
2026-04-21 18:18:50.846 10 INFO neutron.db.ovn_revision_numbers_db [None req-51e45ecc-b0af-4b2a-88b8-5ab098b1665f 335d0c3471b04450a8ee9042d1229672 534bb253f1c847668fe5069647ed9f1e - - default default] Successfully bumped revision number for resource d30f4953-8de3-4e48-83b1-94d55592c55b (type: security_group_rules) to 0
2026-04-21 18:18:50.883 10 INFO neutron.wsgi [req-7861a006-0c5f-4109-a799-6cc7d2a4dabb req-0aee1694-1f1a-43a1-b525-a30c3df98d86 ca3ed98809ae464887c309a15a113657 d64072668d9644b5a7103757dff81120 - - default default] 10.0.0.69 "GET /v2.0/ports?device_id=4964b73e-d460-4415-ae5f-2dbe90ebdfb1 HTTP/1.1" status: 200 len: 1160 time: 0.2340872
2026-04-21 18:18:50.952 10 INFO neutron.db.segments_db [None req-51e45ecc-b0af-4b2a-88b8-5ab098b1665f 335d0c3471b04450a8ee9042d1229672 534bb253f1c847668fe5069647ed9f1e - - default default] Added segment 198ce8e0-bf55-4685-ac16-30972bf8889c of type geneve for network 31462791-9be5-4844-8be5-ccb9f5bd3317
2026-04-21 18:18:51.038 10 INFO neutron.wsgi [req-7861a006-0c5f-4109-a799-6cc7d2a4dabb req-4e700cfa-1ffd-46a8-8c7e-75f9981cf698 ca3ed98809ae464887c309a15a113657 d64072668d9644b5a7103757dff81120 - - default default] 10.0.0.69 "GET /v2.0/security-groups?id=de0d130e-6421-4239-a320-fec46e027efb&fields=id&fields=name HTTP/1.1" status: 200 len: 312 time: 0.1455424
2026-04-21 18:18:51.172 10 INFO neutron.wsgi [None req-8a27eb3d-9712-4653-ae75-967b16715ed6 239fcf6903c543f3870803b7a8eb937c 524c52c039bd45c1985ad797375e9106 - - default default] 10.0.0.198 "DELETE /v2.0/subnets/cc1b5d15-4858-4b93-85e2-ce150c6fafa9 HTTP/1.1" status: 204 len: 168 time: 0.4593947
2026-04-21 18:18:51.223 10 INFO neutron.db.ovn_revision_numbers_db [None req-51e45ecc-b0af-4b2a-88b8-5ab098b1665f 335d0c3471b04450a8ee9042d1229672 534bb253f1c847668fe5069647ed9f1e - - default default] Successfully bumped revision number for resource 31462791-9be5-4844-8be5-ccb9f5bd3317 (type: networks) to 1
2026-04-21 18:18:51.373 9 INFO neutron.wsgi [req-c49eb998-da19-4640-81b1-36b90c7d5e37 req-6407ab50-5f46-4227-9e2f-fbafa062403e 8d1f5f8a2b554f0ea701daf83ad557bc ae16905b06694fafb520dd998ff3eedc - - default default] 10.0.0.69 "GET /v2.0/ports?device_id=d1f953f9-b61f-4762-84ff-8b77cd0e6073 HTTP/1.1" status: 200 len: 1156 time: 0.1660886 /var/lib/openstack/lib/python3.10/site-packages/pycadf/identifier.py:71: UserWarning: Invalid uuid: neutron. To ensure interoperability, identifiers should be a valid uuid. warnings.warn(('Invalid uuid: %s. To ensure interoperability, '
2026-04-21 18:18:51.392 10 INFO neutron.db.ovn_revision_numbers_db [req-af822ab5-7747-4cff-9833-4215ff6f8b1d req-46bc5047-ce00-43d0-bdcc-9ec70c9a8096 df629591f36c475bb2e96a22ae0f6ed7 678127e3b3fd415ea1800b78d3dad404 - - 90a4dea5f2464fd78b906d65f1cfbe6e 90a4dea5f2464fd78b906d65f1cfbe6e] Successfully bumped revision number for resource 7c31fae2-dc48-4ef0-86f6-2f3a59c2cbc4 (type: ports) to 2
2026-04-21 18:18:51.426 10 WARNING neutron.scheduler.dhcp_agent_scheduler [None req-51e45ecc-b0af-4b2a-88b8-5ab098b1665f 335d0c3471b04450a8ee9042d1229672 534bb253f1c847668fe5069647ed9f1e - - default default] No more DHCP agents
2026-04-21 18:18:51.429 10 WARNING neutron.api.rpc.agentnotifiers.dhcp_rpc_agent_api [None req-51e45ecc-b0af-4b2a-88b8-5ab098b1665f 335d0c3471b04450a8ee9042d1229672 534bb253f1c847668fe5069647ed9f1e - - default default] Unable to schedule network 31462791-9be5-4844-8be5-ccb9f5bd3317: no agents available; will retry on subsequent port and subnet creation events.
2026-04-21 18:18:51.467 9 INFO neutron.wsgi [req-c49eb998-da19-4640-81b1-36b90c7d5e37 req-15c30d1d-35de-42f9-beba-036f253771db 8d1f5f8a2b554f0ea701daf83ad557bc ae16905b06694fafb520dd998ff3eedc - - default default] 10.0.0.69 "GET /v2.0/security-groups?id=c14492d4-2470-43ff-9543-fb4d613f42fe&fields=id&fields=name HTTP/1.1" status: 200 len: 313 time: 0.0806479
2026-04-21 18:18:51.545 10 INFO neutron.db.ovn_revision_numbers_db [None req-51e45ecc-b0af-4b2a-88b8-5ab098b1665f 335d0c3471b04450a8ee9042d1229672 534bb253f1c847668fe5069647ed9f1e - - default default] Successfully bumped revision number for resource 6c6c2f38-1bc1-43c7-a85b-d3502291b3cb (type: ports) to 1
2026-04-21 18:18:51.550 9 INFO neutron.db.ovn_revision_numbers_db [req-baecbf2f-2a50-4459-8123-2a639207acb1 req-0eaa3afb-f2a2-416f-a010-58c582bf027f df629591f36c475bb2e96a22ae0f6ed7 678127e3b3fd415ea1800b78d3dad404 - - 90a4dea5f2464fd78b906d65f1cfbe6e 90a4dea5f2464fd78b906d65f1cfbe6e] Successfully bumped revision number for resource 48232e41-922f-4458-a81d-224a2f970933 (type: ports) to 2
2026-04-21 18:18:51.583 10 INFO neutron.wsgi [None req-51e45ecc-b0af-4b2a-88b8-5ab098b1665f 335d0c3471b04450a8ee9042d1229672 534bb253f1c847668fe5069647ed9f1e - - default default] 10.0.0.198 "POST /v2.0/networks HTTP/1.1" status: 201 len: 943 time: 1.1436393 /var/lib/openstack/lib/python3.10/site-packages/pycadf/identifier.py:71: UserWarning: Invalid uuid: neutron. To ensure interoperability, identifiers should be a valid uuid. warnings.warn(('Invalid uuid: %s. To ensure interoperability, '
2026-04-21 18:18:51.667 10 INFO neutron.db.ovn_revision_numbers_db [req-af822ab5-7747-4cff-9833-4215ff6f8b1d req-46bc5047-ce00-43d0-bdcc-9ec70c9a8096 df629591f36c475bb2e96a22ae0f6ed7 678127e3b3fd415ea1800b78d3dad404 - - 90a4dea5f2464fd78b906d65f1cfbe6e 90a4dea5f2464fd78b906d65f1cfbe6e] Successfully bumped revision number for resource 7c31fae2-dc48-4ef0-86f6-2f3a59c2cbc4 (type: ports) to 2
2026-04-21 18:18:51.691 10 INFO neutron.wsgi [req-af822ab5-7747-4cff-9833-4215ff6f8b1d req-46bc5047-ce00-43d0-bdcc-9ec70c9a8096 df629591f36c475bb2e96a22ae0f6ed7 678127e3b3fd415ea1800b78d3dad404 - - 90a4dea5f2464fd78b906d65f1cfbe6e 90a4dea5f2464fd78b906d65f1cfbe6e] 199.19.213.151 "PUT /v2.0/ports/7c31fae2-dc48-4ef0-86f6-2f3a59c2cbc4 HTTP/1.1" status: 200 len: 1380 time: 1.1545956
2026-04-21 18:18:51.737 10 INFO neutron.notifiers.nova [-] Nova event matching ['req-779e184a-4377-4a23-a220-327573bfac46'] response: {'name': 'network-changed', 'server_uuid': '4964b73e-d460-4415-ae5f-2dbe90ebdfb1', 'tag': '7c31fae2-dc48-4ef0-86f6-2f3a59c2cbc4', 'status': 'completed', 'code': 200}
2026-04-21 18:18:51.772 10 INFO neutron.wsgi [req-af822ab5-7747-4cff-9833-4215ff6f8b1d req-db6c2159-60e2-462e-9b8e-a5d322a8c0d0 df629591f36c475bb2e96a22ae0f6ed7 678127e3b3fd415ea1800b78d3dad404 - - 90a4dea5f2464fd78b906d65f1cfbe6e 90a4dea5f2464fd78b906d65f1cfbe6e] 199.19.213.151 "GET /v2.0/ports?tenant_id=d64072668d9644b5a7103757dff81120&device_id=4964b73e-d460-4415-ae5f-2dbe90ebdfb1 HTTP/1.1" status: 200 len: 1411 time: 0.0464854
2026-04-21 18:18:51.818 9 INFO neutron.wsgi [None req-c06d423c-0e67-40ea-8af8-b953ff2a3953 239fcf6903c543f3870803b7a8eb937c 524c52c039bd45c1985ad797375e9106 - - default default] 10.0.0.198 "DELETE /v2.0/networks/61e3a0e1-7275-439c-8b63-08589691f7d5 HTTP/1.1" status: 204 len: 168 time: 0.6400297
2026-04-21 18:18:51.819 10 INFO neutron.wsgi [req-af822ab5-7747-4cff-9833-4215ff6f8b1d req-9a74fe80-41d8-411c-a5f5-380580cea31c df629591f36c475bb2e96a22ae0f6ed7 678127e3b3fd415ea1800b78d3dad404 - - 90a4dea5f2464fd78b906d65f1cfbe6e 90a4dea5f2464fd78b906d65f1cfbe6e] 199.19.213.151 "GET /v2.0/floatingips?fixed_ip_address=10.100.0.10&port_id=7c31fae2-dc48-4ef0-86f6-2f3a59c2cbc4 HTTP/1.1" status: 200 len: 217 time: 0.0377247
2026-04-21 18:18:51.824 10 WARNING neutron.scheduler.dhcp_agent_scheduler [None req-90cf450d-9f7b-4e88-80c6-f7b3ebd43a09 335d0c3471b04450a8ee9042d1229672 534bb253f1c847668fe5069647ed9f1e - - default default] No more DHCP agents
2026-04-21 18:18:51.828 9 INFO neutron.services.segments.plugin [-] Segment 5c5e3613-50ea-4350-9228-1b7863fcc856 resource provider aggregate not found
2026-04-21 18:18:51.831 9 INFO neutron.services.segments.plugin [-] Segment 5c5e3613-50ea-4350-9228-1b7863fcc856 resource provider aggregate not found
2026-04-21 18:18:51.834 10 WARNING neutron.api.rpc.agentnotifiers.dhcp_rpc_agent_api [None req-90cf450d-9f7b-4e88-80c6-f7b3ebd43a09 335d0c3471b04450a8ee9042d1229672 534bb253f1c847668fe5069647ed9f1e - - default default] Unable to schedule network 31462791-9be5-4844-8be5-ccb9f5bd3317: no agents available; will retry on subsequent port and subnet creation events.
2026-04-21 18:18:51.850 9 INFO neutron.services.segments.plugin [-] Segment 5c5e3613-50ea-4350-9228-1b7863fcc856 resource provider not found; error: Placement Client Error (4xx): {"errors": [{"status": 404, "title": "Not Found", "detail": "The resource could not be found.\n\n No resource provider with uuid 5c5e3613-50ea-4350-9228-1b7863fcc856 found for delete ", "request_id": "req-35563eec-7df9-4b7a-aa88-4c953aaafbc7"}]}
2026-04-21 18:18:51.851 9 INFO neutron.db.ovn_revision_numbers_db [req-baecbf2f-2a50-4459-8123-2a639207acb1 req-0eaa3afb-f2a2-416f-a010-58c582bf027f df629591f36c475bb2e96a22ae0f6ed7 678127e3b3fd415ea1800b78d3dad404 - - 90a4dea5f2464fd78b906d65f1cfbe6e 90a4dea5f2464fd78b906d65f1cfbe6e] Successfully bumped revision number for resource 48232e41-922f-4458-a81d-224a2f970933 (type: ports) to 2
2026-04-21 18:18:51.860 9 INFO neutron.services.segments.plugin [-] Segment 5c5e3613-50ea-4350-9228-1b7863fcc856 resource provider not found; error: Placement Client Error (4xx): {"errors": [{"status": 404, "title": "Not Found", "detail": "The resource could not be found.\n\n No resource provider with uuid 5c5e3613-50ea-4350-9228-1b7863fcc856 found for delete ", "request_id": "req-1fbf6f3d-f6c7-4884-97d8-759ce4b0d5c7"}]}
2026-04-21 18:18:51.865 10 INFO neutron.wsgi [req-af822ab5-7747-4cff-9833-4215ff6f8b1d req-5d8107e6-9eb0-4681-a829-08ad026a1f38 df629591f36c475bb2e96a22ae0f6ed7 678127e3b3fd415ea1800b78d3dad404 - - 90a4dea5f2464fd78b906d65f1cfbe6e 90a4dea5f2464fd78b906d65f1cfbe6e] 199.19.213.151 "GET /v2.0/subnets?id=2a413d67-2e9e-49b8-b71c-c29ac3529932 HTTP/1.1" status: 200 len: 853 time: 0.0389893
2026-04-21 18:18:51.877 9 INFO neutron.wsgi [req-baecbf2f-2a50-4459-8123-2a639207acb1 req-0eaa3afb-f2a2-416f-a010-58c582bf027f df629591f36c475bb2e96a22ae0f6ed7 678127e3b3fd415ea1800b78d3dad404 - - 90a4dea5f2464fd78b906d65f1cfbe6e 90a4dea5f2464fd78b906d65f1cfbe6e] 199.19.213.151 "PUT /v2.0/ports/48232e41-922f-4458-a81d-224a2f970933 HTTP/1.1" status: 200 len: 1376 time: 1.2044556
2026-04-21 18:18:51.897 10 INFO neutron.wsgi [req-af822ab5-7747-4cff-9833-4215ff6f8b1d req-ce90e2e7-9d76-47df-911d-c84d68e0233b df629591f36c475bb2e96a22ae0f6ed7 678127e3b3fd415ea1800b78d3dad404 - - 90a4dea5f2464fd78b906d65f1cfbe6e 90a4dea5f2464fd78b906d65f1cfbe6e] 199.19.213.151 "GET /v2.0/ports?network_id=64cd1b1e-cd10-4c8a-a4e5-cf550eb617ff&device_owner=network%3Adhcp HTTP/1.1" status: 200 len: 210 time: 0.0225730 /var/lib/openstack/lib/python3.10/site-packages/pycadf/identifier.py:71: UserWarning: Invalid uuid: neutron. To ensure interoperability, identifiers should be a valid uuid. warnings.warn(('Invalid uuid: %s. To ensure interoperability, '
2026-04-21 18:18:51.920 9 INFO neutron.notifiers.nova [-] Nova event matching ['req-3084fed2-647e-4465-8cdd-c75e4d891d88'] response: {'name': 'network-changed', 'server_uuid': 'd1f953f9-b61f-4762-84ff-8b77cd0e6073', 'tag': '48232e41-922f-4458-a81d-224a2f970933', 'status': 'completed', 'code': 200}
2026-04-21 18:18:51.964 9 INFO neutron.wsgi [req-baecbf2f-2a50-4459-8123-2a639207acb1 req-efb05713-739a-46dd-b21d-57c88ba0cdfa df629591f36c475bb2e96a22ae0f6ed7 678127e3b3fd415ea1800b78d3dad404 - - 90a4dea5f2464fd78b906d65f1cfbe6e 90a4dea5f2464fd78b906d65f1cfbe6e] 199.19.213.151 "GET /v2.0/ports?tenant_id=ae16905b06694fafb520dd998ff3eedc&device_id=d1f953f9-b61f-4762-84ff-8b77cd0e6073 HTTP/1.1" status: 200 len: 1407 time: 0.0560870
2026-04-21 18:18:51.986 10 INFO neutron.wsgi [req-af822ab5-7747-4cff-9833-4215ff6f8b1d req-6ed8a3db-e4fa-4b01-b08b-6a61dc4403dc df629591f36c475bb2e96a22ae0f6ed7 678127e3b3fd415ea1800b78d3dad404 - - 90a4dea5f2464fd78b906d65f1cfbe6e 90a4dea5f2464fd78b906d65f1cfbe6e] 199.19.213.151 "GET /v2.0/networks/64cd1b1e-cd10-4c8a-a4e5-cf550eb617ff?fields=segments HTTP/1.1" status: 200 len: 212 time: 0.0823884
2026-04-21 18:18:52.001 9 INFO neutron.wsgi [req-baecbf2f-2a50-4459-8123-2a639207acb1 req-98d97fa1-6de4-4992-9c98-39a781c64205 df629591f36c475bb2e96a22ae0f6ed7 678127e3b3fd415ea1800b78d3dad404 - - 90a4dea5f2464fd78b906d65f1cfbe6e 90a4dea5f2464fd78b906d65f1cfbe6e] 199.19.213.151 "GET /v2.0/floatingips?fixed_ip_address=10.100.0.3&port_id=48232e41-922f-4458-a81d-224a2f970933 HTTP/1.1" status: 200 len: 217 time: 0.0316985
2026-04-21 18:18:52.041 9 INFO neutron.wsgi [req-baecbf2f-2a50-4459-8123-2a639207acb1 req-0307420c-b899-423c-af55-2f2c82efcd14 df629591f36c475bb2e96a22ae0f6ed7 678127e3b3fd415ea1800b78d3dad404 - - 90a4dea5f2464fd78b906d65f1cfbe6e 90a4dea5f2464fd78b906d65f1cfbe6e] 199.19.213.151 "GET /v2.0/subnets?id=63559da8-4277-4861-aa1a-93f8c2ff7aee HTTP/1.1" status: 200 len: 869 time: 0.0336566
2026-04-21 18:18:52.075 10 INFO neutron.wsgi [req-af822ab5-7747-4cff-9833-4215ff6f8b1d req-7b6197f8-fd62-4a30-be87-aeb25677c199 df629591f36c475bb2e96a22ae0f6ed7 678127e3b3fd415ea1800b78d3dad404 - - 90a4dea5f2464fd78b906d65f1cfbe6e 90a4dea5f2464fd78b906d65f1cfbe6e] 199.19.213.151 "GET /v2.0/networks/64cd1b1e-cd10-4c8a-a4e5-cf550eb617ff?fields=provider%3Aphysical_network&fields=provider%3Anetwork_type HTTP/1.1" status: 200 len: 277 time: 0.0771646
2026-04-21 18:18:52.077 9 INFO neutron.wsgi [req-baecbf2f-2a50-4459-8123-2a639207acb1 req-21ec0360-858d-4721-b931-82b671805aa6 df629591f36c475bb2e96a22ae0f6ed7 678127e3b3fd415ea1800b78d3dad404 - - 90a4dea5f2464fd78b906d65f1cfbe6e 90a4dea5f2464fd78b906d65f1cfbe6e] 199.19.213.151 "GET /v2.0/ports?network_id=713a65b3-4e59-4b13-9e4a-9d1963dbe2f8&device_owner=network%3Adhcp HTTP/1.1" status: 200 len: 210 time: 0.0280123
2026-04-21 18:18:52.143 9 INFO neutron.wsgi [req-baecbf2f-2a50-4459-8123-2a639207acb1 req-2be14ed9-7ae1-4db9-a35c-da14a2789700 df629591f36c475bb2e96a22ae0f6ed7 678127e3b3fd415ea1800b78d3dad404 - - 90a4dea5f2464fd78b906d65f1cfbe6e 90a4dea5f2464fd78b906d65f1cfbe6e] 199.19.213.151 "GET /v2.0/networks/713a65b3-4e59-4b13-9e4a-9d1963dbe2f8?fields=segments HTTP/1.1" status: 200 len: 212 time: 0.0590761
2026-04-21 18:18:52.176 10 INFO neutron.wsgi [req-30c16b3e-26fe-4309-acbc-72c511fb08a2 req-052ceaa6-0d9a-40f2-a788-88bb5b8ec03c ca3ed98809ae464887c309a15a113657 d64072668d9644b5a7103757dff81120 - - default default] 10.0.0.69 "GET /v2.0/ports?device_id=4964b73e-d460-4415-ae5f-2dbe90ebdfb1 HTTP/1.1" status: 200 len: 1172 time: 0.0660055
2026-04-21 18:18:52.182 10 INFO neutron.wsgi [req-59c47411-1956-479c-8844-b33235f3665f req-726abd45-b887-4093-b373-81429be4f6bd df629591f36c475bb2e96a22ae0f6ed7 678127e3b3fd415ea1800b78d3dad404 - - 90a4dea5f2464fd78b906d65f1cfbe6e 90a4dea5f2464fd78b906d65f1cfbe6e] 199.19.213.151 "GET /v2.0/ports?tenant_id=d64072668d9644b5a7103757dff81120&device_id=4964b73e-d460-4415-ae5f-2dbe90ebdfb1 HTTP/1.1" status: 200 len: 1411 time: 0.0693328
2026-04-21 18:18:52.225 9 INFO neutron.wsgi [req-baecbf2f-2a50-4459-8123-2a639207acb1 req-f2f77554-6605-416f-a41a-368f2eaf8175 df629591f36c475bb2e96a22ae0f6ed7 678127e3b3fd415ea1800b78d3dad404 - - 90a4dea5f2464fd78b906d65f1cfbe6e 90a4dea5f2464fd78b906d65f1cfbe6e] 199.19.213.151 "GET /v2.0/networks/713a65b3-4e59-4b13-9e4a-9d1963dbe2f8?fields=provider%3Aphysical_network&fields=provider%3Anetwork_type HTTP/1.1" status: 200 len: 277 time: 0.0737779
2026-04-21 18:18:52.248 10 INFO neutron.wsgi [req-30c16b3e-26fe-4309-acbc-72c511fb08a2 req-43034712-819f-4096-8469-71309137fc5e ca3ed98809ae464887c309a15a113657 d64072668d9644b5a7103757dff81120 - - default default] 10.0.0.69 "GET /v2.0/security-groups?id=de0d130e-6421-4239-a320-fec46e027efb&fields=id&fields=name HTTP/1.1" status: 200 len: 312 time: 0.0655422
2026-04-21 18:18:52.315 10 INFO neutron.wsgi [req-59c47411-1956-479c-8844-b33235f3665f req-f7aae46f-400f-4f2f-bd37-337afab8ca1e df629591f36c475bb2e96a22ae0f6ed7 678127e3b3fd415ea1800b78d3dad404 - - 90a4dea5f2464fd78b906d65f1cfbe6e 90a4dea5f2464fd78b906d65f1cfbe6e] 199.19.213.151 "GET /v2.0/networks?id=64cd1b1e-cd10-4c8a-a4e5-cf550eb617ff HTTP/1.1" status: 200 len: 959 time: 0.1248550
2026-04-21 18:18:52.326 9 INFO neutron.wsgi [req-9f301c97-4f38-4f1d-91c4-4d0e2d339ace req-2fd1b41a-f69d-42a5-ba01-9ea83e609303 df629591f36c475bb2e96a22ae0f6ed7 678127e3b3fd415ea1800b78d3dad404 - - 90a4dea5f2464fd78b906d65f1cfbe6e 90a4dea5f2464fd78b906d65f1cfbe6e] 199.19.213.151 "GET /v2.0/ports?tenant_id=ae16905b06694fafb520dd998ff3eedc&device_id=d1f953f9-b61f-4762-84ff-8b77cd0e6073 HTTP/1.1" status: 200 len: 1407 time: 0.0465627
2026-04-21 18:18:52.363 10 INFO neutron.wsgi [req-59c47411-1956-479c-8844-b33235f3665f req-cf269203-10ca-44ca-b7d2-ec5d21ae2ded df629591f36c475bb2e96a22ae0f6ed7 678127e3b3fd415ea1800b78d3dad404 - - 90a4dea5f2464fd78b906d65f1cfbe6e 90a4dea5f2464fd78b906d65f1cfbe6e] 199.19.213.151 "GET /v2.0/floatingips?fixed_ip_address=10.100.0.10&port_id=7c31fae2-dc48-4ef0-86f6-2f3a59c2cbc4 HTTP/1.1" status: 200 len: 217 time: 0.0426865
2026-04-21 18:18:52.398 9 INFO neutron.wsgi [req-9f301c97-4f38-4f1d-91c4-4d0e2d339ace req-406a2888-efc7-4f2b-84fb-d347342a5817 df629591f36c475bb2e96a22ae0f6ed7 678127e3b3fd415ea1800b78d3dad404 - - 90a4dea5f2464fd78b906d65f1cfbe6e 90a4dea5f2464fd78b906d65f1cfbe6e] 199.19.213.151 "GET /v2.0/networks?id=713a65b3-4e59-4b13-9e4a-9d1963dbe2f8 HTTP/1.1" status: 200 len: 974 time: 0.0690176
2026-04-21 18:18:52.412 10 INFO neutron.wsgi [req-59c47411-1956-479c-8844-b33235f3665f req-8c139faf-addd-4a6c-8d60-4f7b5e4cec3d df629591f36c475bb2e96a22ae0f6ed7 678127e3b3fd415ea1800b78d3dad404 - - 90a4dea5f2464fd78b906d65f1cfbe6e 90a4dea5f2464fd78b906d65f1cfbe6e] 199.19.213.151 "GET /v2.0/subnets?id=2a413d67-2e9e-49b8-b71c-c29ac3529932 HTTP/1.1" status: 200 len: 853 time: 0.0418897
2026-04-21 18:18:52.431 9 INFO neutron.wsgi [req-9f301c97-4f38-4f1d-91c4-4d0e2d339ace req-17bbc90c-c081-42fb-8764-5e45d685f13a df629591f36c475bb2e96a22ae0f6ed7 678127e3b3fd415ea1800b78d3dad404 - - 90a4dea5f2464fd78b906d65f1cfbe6e 90a4dea5f2464fd78b906d65f1cfbe6e] 199.19.213.151 "GET /v2.0/floatingips?fixed_ip_address=10.100.0.3&port_id=48232e41-922f-4458-a81d-224a2f970933 HTTP/1.1" status: 200 len: 217 time: 0.0266840
2026-04-21 18:18:52.450 10 INFO neutron.wsgi [req-59c47411-1956-479c-8844-b33235f3665f req-df7501a7-b652-4858-b1c5-b41c938be0b0 df629591f36c475bb2e96a22ae0f6ed7 678127e3b3fd415ea1800b78d3dad404 - - 90a4dea5f2464fd78b906d65f1cfbe6e 90a4dea5f2464fd78b906d65f1cfbe6e] 199.19.213.151 "GET /v2.0/ports?network_id=64cd1b1e-cd10-4c8a-a4e5-cf550eb617ff&device_owner=network%3Adhcp HTTP/1.1" status: 200 len: 210 time: 0.0262034
2026-04-21 18:18:52.479 9 INFO neutron.wsgi [req-9f301c97-4f38-4f1d-91c4-4d0e2d339ace req-fcebdcf0-28ee-4ff4-b02e-0edd118581eb df629591f36c475bb2e96a22ae0f6ed7 678127e3b3fd415ea1800b78d3dad404 - - 90a4dea5f2464fd78b906d65f1cfbe6e 90a4dea5f2464fd78b906d65f1cfbe6e] 199.19.213.151 "GET /v2.0/subnets?id=63559da8-4277-4861-aa1a-93f8c2ff7aee HTTP/1.1" status: 200 len: 869 time: 0.0421257
2026-04-21 18:18:52.496 10 INFO neutron.plugins.ml2.drivers.ovn.mech_driver.mech_driver [None req-addf92fb-e432-4d94-b969-7e471586b076 - - - - - -] OVN reports status up for port: 48232e41-922f-4458-a81d-224a2f970933
2026-04-21 18:18:52.520 9 INFO neutron.wsgi [req-9f301c97-4f38-4f1d-91c4-4d0e2d339ace req-4cc410a4-e124-4b4e-a47a-c8cb8ddee9f6 df629591f36c475bb2e96a22ae0f6ed7 678127e3b3fd415ea1800b78d3dad404 - - 90a4dea5f2464fd78b906d65f1cfbe6e 90a4dea5f2464fd78b906d65f1cfbe6e] 199.19.213.151 "GET /v2.0/ports?network_id=713a65b3-4e59-4b13-9e4a-9d1963dbe2f8&device_owner=network%3Adhcp HTTP/1.1" status: 200 len: 210 time: 0.0309403
2026-04-21 18:18:52.536 10 INFO neutron.plugins.ml2.plugin [None req-addf92fb-e432-4d94-b969-7e471586b076 - - - - - -] Attempt 1 to provision port 48232e41-922f-4458-a81d-224a2f970933
2026-04-21 18:18:52.579 10 INFO neutron.wsgi [req-59c47411-1956-479c-8844-b33235f3665f req-9ef3a3e7-3316-4ecb-aa65-af35408a08b2 df629591f36c475bb2e96a22ae0f6ed7 678127e3b3fd415ea1800b78d3dad404 - - 90a4dea5f2464fd78b906d65f1cfbe6e 90a4dea5f2464fd78b906d65f1cfbe6e] 199.19.213.151 "GET /v2.0/networks/64cd1b1e-cd10-4c8a-a4e5-cf550eb617ff?fields=segments HTTP/1.1" status: 200 len: 212 time: 0.1175697
2026-04-21 18:18:52.612 9 INFO neutron.wsgi [req-1234efed-faa2-4717-a88d-05d23160cb73 req-eff37f1e-4383-45ca-b363-07c1e5121114 8d1f5f8a2b554f0ea701daf83ad557bc ae16905b06694fafb520dd998ff3eedc - - default default] 10.0.0.69 "GET /v2.0/ports?device_id=d1f953f9-b61f-4762-84ff-8b77cd0e6073 HTTP/1.1" status: 200 len: 1168 time: 0.0586472
2026-04-21 18:18:52.638 9 INFO neutron.wsgi [req-9f301c97-4f38-4f1d-91c4-4d0e2d339ace req-9b47d2a6-0be9-4ab0-bbcb-ee397b12a0c1 df629591f36c475bb2e96a22ae0f6ed7 678127e3b3fd415ea1800b78d3dad404 - - 90a4dea5f2464fd78b906d65f1cfbe6e 90a4dea5f2464fd78b906d65f1cfbe6e] 199.19.213.151 "GET /v2.0/networks/713a65b3-4e59-4b13-9e4a-9d1963dbe2f8?fields=segments HTTP/1.1" status: 200 len: 212 time: 0.1089139
2026-04-21 18:18:52.687 9 INFO neutron.wsgi [req-1234efed-faa2-4717-a88d-05d23160cb73 req-1b983c00-8b08-4737-a13c-da8a5fa56b39 8d1f5f8a2b554f0ea701daf83ad557bc ae16905b06694fafb520dd998ff3eedc - - default default] 10.0.0.69 "GET /v2.0/security-groups?id=c14492d4-2470-43ff-9543-fb4d613f42fe&fields=id&fields=name HTTP/1.1" status: 200 len: 313 time: 0.0668428
2026-04-21 18:18:52.703 10 INFO neutron.wsgi [None req-636e2a84-32b7-42a8-bfe7-4c6b53ed2260 335d0c3471b04450a8ee9042d1229672 534bb253f1c847668fe5069647ed9f1e - - default default] 10.0.0.198 "GET /v2.0/security-groups?tenant_id=524c52c039bd45c1985ad797375e9106&name=default HTTP/1.1" status: 200 len: 2996 time: 0.3108649
2026-04-21 18:18:52.731 9 INFO neutron.wsgi [req-9f301c97-4f38-4f1d-91c4-4d0e2d339ace req-87957111-9832-4875-a654-44fdd90edcbf df629591f36c475bb2e96a22ae0f6ed7 678127e3b3fd415ea1800b78d3dad404 - - 90a4dea5f2464fd78b906d65f1cfbe6e 90a4dea5f2464fd78b906d65f1cfbe6e] 199.19.213.151 "GET /v2.0/networks/713a65b3-4e59-4b13-9e4a-9d1963dbe2f8?fields=provider%3Aphysical_network&fields=provider%3Anetwork_type HTTP/1.1" status: 200 len: 277 time: 0.0872211
2026-04-21 18:18:52.749 10 INFO neutron.wsgi [req-59c47411-1956-479c-8844-b33235f3665f req-ac12718e-d444-4562-9323-bfcd98e2c071 df629591f36c475bb2e96a22ae0f6ed7 678127e3b3fd415ea1800b78d3dad404 - - 90a4dea5f2464fd78b906d65f1cfbe6e 90a4dea5f2464fd78b906d65f1cfbe6e] 199.19.213.151 "GET /v2.0/networks/64cd1b1e-cd10-4c8a-a4e5-cf550eb617ff?fields=provider%3Aphysical_network&fields=provider%3Anetwork_type HTTP/1.1" status: 200 len: 277 time: 0.1557877
2026-04-21 18:18:52.763 10 INFO neutron.db.ovn_revision_numbers_db [None req-90cf450d-9f7b-4e88-80c6-f7b3ebd43a09 335d0c3471b04450a8ee9042d1229672 534bb253f1c847668fe5069647ed9f1e - - default default] Successfully bumped revision number for resource 6c6c2f38-1bc1-43c7-a85b-d3502291b3cb (type: ports) to 2
2026-04-21 18:18:52.834 10 INFO neutron.db.ovn_revision_numbers_db [None req-90cf450d-9f7b-4e88-80c6-f7b3ebd43a09 335d0c3471b04450a8ee9042d1229672 534bb253f1c847668fe5069647ed9f1e - - default default] Successfully bumped revision number for resource 68a2c10d-a47d-4390-943c-982b2a0e5ecd (type: subnets) to 0
2026-04-21 18:18:52.859 10 INFO neutron.wsgi [None req-90cf450d-9f7b-4e88-80c6-f7b3ebd43a09 335d0c3471b04450a8ee9042d1229672 534bb253f1c847668fe5069647ed9f1e - - default default] 10.0.0.198 "POST /v2.0/subnets HTTP/1.1" status: 201 len: 863 time: 1.2718012
2026-04-21 18:18:52.979 9 INFO neutron.wsgi [None req-2723ffe2-17a7-411c-8b07-9406efb8c7f0 335d0c3471b04450a8ee9042d1229672 534bb253f1c847668fe5069647ed9f1e - - default default] 10.0.0.198 "DELETE /v2.0/security-groups/7c65a853-f8b1-4d1a-82fa-1191b3a159a9 HTTP/1.1" status: 204 len: 168 time: 0.2706082
2026-04-21 18:18:53.282 10 INFO neutron.db.ovn_revision_numbers_db [None req-addf92fb-e432-4d94-b969-7e471586b076 - - - - - -] Successfully bumped revision number for resource 48232e41-922f-4458-a81d-224a2f970933 (type: ports) to 4
2026-04-21 18:18:53.386 10 INFO neutron.wsgi [req-73eb70f8-d873-4afe-ac1e-f6e45b7265e7 req-5e8980f4-27c9-422a-9448-36f4f99ef7f7 ca3ed98809ae464887c309a15a113657 d64072668d9644b5a7103757dff81120 - - default default] 10.0.0.69 "GET /v2.0/ports?device_id=4964b73e-d460-4415-ae5f-2dbe90ebdfb1 HTTP/1.1" status: 200 len: 1172 time: 0.0652337 /var/lib/openstack/lib/python3.10/site-packages/pycadf/identifier.py:71: UserWarning: Invalid uuid: neutron. To ensure interoperability, identifiers should be a valid uuid. warnings.warn(('Invalid uuid: %s. To ensure interoperability, '
2026-04-21 18:18:53.458 10 INFO neutron.wsgi [req-73eb70f8-d873-4afe-ac1e-f6e45b7265e7 req-ab070515-f60a-4891-940a-3010e6e9943a ca3ed98809ae464887c309a15a113657 d64072668d9644b5a7103757dff81120 - - default default] 10.0.0.69 "GET /v2.0/security-groups?id=de0d130e-6421-4239-a320-fec46e027efb&fields=id&fields=name HTTP/1.1" status: 200 len: 312 time: 0.0586479
2026-04-21 18:18:53.625 10 WARNING neutron.scheduler.dhcp_agent_scheduler [None req-c3285aa8-f57b-40c8-9fd1-d7b6138a669b 335d0c3471b04450a8ee9042d1229672 534bb253f1c847668fe5069647ed9f1e - - default default] No more DHCP agents
2026-04-21 18:18:53.626 10 WARNING neutron.api.rpc.agentnotifiers.dhcp_rpc_agent_api [None req-c3285aa8-f57b-40c8-9fd1-d7b6138a669b 335d0c3471b04450a8ee9042d1229672 534bb253f1c847668fe5069647ed9f1e - - default default] Unable to schedule network 4e6ca672-4ef0-4cea-af03-c4e4d382f64c: no agents available; will retry on subsequent port and subnet creation events.
2026-04-21 18:18:53.777 10 INFO neutron.notifiers.nova [-] Nova event matching ['req-7025a2d9-a9fc-44eb-a3a7-1ea4d2abc1b8'] response: {'server_uuid': 'd1f953f9-b61f-4762-84ff-8b77cd0e6073', 'name': 'network-vif-plugged', 'status': 'completed', 'tag': '48232e41-922f-4458-a81d-224a2f970933', 'code': 200}
2026-04-21 18:18:53.777 10 INFO neutron.notifiers.nova [-] Nova event matching ['req-7025a2d9-a9fc-44eb-a3a7-1ea4d2abc1b8'] response: {'server_uuid': 'd1f953f9-b61f-4762-84ff-8b77cd0e6073', 'name': 'network-vif-plugged', 'status': 'completed', 'tag': '48232e41-922f-4458-a81d-224a2f970933', 'code': 200}
2026-04-21 18:18:53.783 10 INFO neutron.db.ovn_revision_numbers_db [None req-c3285aa8-f57b-40c8-9fd1-d7b6138a669b 335d0c3471b04450a8ee9042d1229672 534bb253f1c847668fe5069647ed9f1e - - default default] Successfully bumped revision number for resource 084b3102-86d9-409d-ac08-69da9dab0ac1 (type: ports) to 1
2026-04-21 18:18:53.807 9 INFO neutron.wsgi [req-943d459e-fac4-410e-b761-538071819890 req-8231fb9c-b7d2-4bc7-a404-09ff9680aa91 8d1f5f8a2b554f0ea701daf83ad557bc ae16905b06694fafb520dd998ff3eedc - - default default] 10.0.0.69 "GET /v2.0/ports?device_id=d1f953f9-b61f-4762-84ff-8b77cd0e6073 HTTP/1.1" status: 200 len: 1170 time: 0.0445335
2026-04-21 18:18:53.845 9 INFO neutron.wsgi [req-943d459e-fac4-410e-b761-538071819890 req-bfdc16d2-4a3b-4010-8dbb-9970e535096c 8d1f5f8a2b554f0ea701daf83ad557bc ae16905b06694fafb520dd998ff3eedc - - default default] 10.0.0.69 "GET /v2.0/security-groups?id=c14492d4-2470-43ff-9543-fb4d613f42fe&fields=id&fields=name HTTP/1.1" status: 200 len: 313 time: 0.0339947
2026-04-21 18:18:54.361 10 INFO neutron.plugins.ml2.drivers.ovn.mech_driver.mech_driver [None req-addf92fb-e432-4d94-b969-7e471586b076 - - - - - -] OVN reports status up for port: 084b3102-86d9-409d-ac08-69da9dab0ac1
2026-04-21 18:18:54.376 10 INFO neutron.plugins.ml2.plugin [None req-addf92fb-e432-4d94-b969-7e471586b076 - - - - - -] Attempt 1 to provision port 084b3102-86d9-409d-ac08-69da9dab0ac1
