2026-04-21 18:19:00.969 10 WARNING neutron_lib.context [None req-5b7affe2-6a11-4a30-b550-6ee958f0e9fe 796a92e9256a415abc1774e21846241f afe0505543bb46cf8a52938fe49ff8ec - - default default] Method 'is_advsvc' is deprecated since 2023.2 release (neutron-lib 3.8.0) and will be removed once support for the old RBAC API policies will be removed from Neutron. Please use method 'is_service_role' instead.
2026-04-21 18:19:01.102 9 INFO neutron.db.ovn_revision_numbers_db [None req-340e1032-796d-49c3-a00b-1d8fed3c8e9d f9285f096b944e9b9ea99a98e6152bbd e8a44ee4ea8942149174a504eff59050 - - default default] Successfully bumped revision number for resource 395b60af-fa54-4b6a-bcd2-35f3034fac50 (type: networks) to 1
2026-04-21 18:19:01.156 10 INFO neutron.db.ovn_revision_numbers_db [None req-5b7affe2-6a11-4a30-b550-6ee958f0e9fe 796a92e9256a415abc1774e21846241f afe0505543bb46cf8a52938fe49ff8ec - - default default] Successfully bumped revision number for resource 3bd19210-e416-4d0c-8639-7b44e4ef3927 (type: security_groups) to 1
2026-04-21 18:19:01.165 9 WARNING neutron.plugins.ml2.drivers.ovn.mech_driver.ovsdb.ovn_client [None req-82a10772-c472-498d-82e5-634118138e5b - - - - - -] No hosting information found for port 6808d8b9-e27b-4886-bf39-868b322cdf34: RuntimeError: No hosting information found for port 6808d8b9-e27b-4886-bf39-868b322cdf34
2026-04-21 18:19:01.165 9 INFO neutron.plugins.ml2.drivers.ovn.mech_driver.mech_driver [None req-82a10772-c472-498d-82e5-634118138e5b - - - - - -] OVN reports status up for port: 7c31fae2-dc48-4ef0-86f6-2f3a59c2cbc4
2026-04-21 18:19:01.177 10 INFO neutron.db.ovn_revision_numbers_db [None req-5b7affe2-6a11-4a30-b550-6ee958f0e9fe 796a92e9256a415abc1774e21846241f afe0505543bb46cf8a52938fe49ff8ec - - default default] Successfully bumped revision number for resource 6e2bd16d-6673-4757-90e5-11b17e33edbb (type: security_group_rules) to 0
2026-04-21 18:19:01.219 9 INFO neutron.plugins.ml2.plugin [None req-82a10772-c472-498d-82e5-634118138e5b - - - - - -] Attempt 1 to provision port 7c31fae2-dc48-4ef0-86f6-2f3a59c2cbc4
2026-04-21 18:19:01.221 10 INFO neutron.db.ovn_revision_numbers_db [None req-5b7affe2-6a11-4a30-b550-6ee958f0e9fe 796a92e9256a415abc1774e21846241f afe0505543bb46cf8a52938fe49ff8ec - - default default] Successfully bumped revision number for resource d6f9b46e-4872-4f99-8243-a229916d4e32 (type: security_group_rules) to 0
2026-04-21 18:19:01.263 10 INFO neutron.wsgi [None req-5b7affe2-6a11-4a30-b550-6ee958f0e9fe 796a92e9256a415abc1774e21846241f afe0505543bb46cf8a52938fe49ff8ec - - default default] 10.0.0.198 "POST /v2.0/security-groups HTTP/1.1" status: 201 len: 1796 time: 0.3006737
2026-04-21 18:19:01.281 9 WARNING neutron_lib.context [None req-9afadb85-0db6-4363-a1d3-85e767b7ead5 796a92e9256a415abc1774e21846241f afe0505543bb46cf8a52938fe49ff8ec - - default default] Method 'is_advsvc' is deprecated since 2023.2 release (neutron-lib 3.8.0) and will be removed once support for the old RBAC API policies will be removed from Neutron. Please use method 'is_service_role' instead.
2026-04-21 18:19:01.386 9 INFO neutron.wsgi [req-288a80b4-69bf-420a-8bc0-610c5127de39 req-e232fd26-c998-4ba5-ab5e-fcd27d526bf4 ca3ed98809ae464887c309a15a113657 d64072668d9644b5a7103757dff81120 - - default default] 10.0.0.69 "GET /v2.0/ports?device_id=4964b73e-d460-4415-ae5f-2dbe90ebdfb1 HTTP/1.1" status: 200 len: 1172 time: 0.2098558
2026-04-21 18:19:01.493 9 WARNING neutron.scheduler.dhcp_agent_scheduler [None req-340e1032-796d-49c3-a00b-1d8fed3c8e9d f9285f096b944e9b9ea99a98e6152bbd e8a44ee4ea8942149174a504eff59050 - - default default] No more DHCP agents
2026-04-21 18:19:01.498 9 INFO neutron.notifiers.nova [-] Nova event matching ['req-f2f891ac-e643-48c9-8f93-6f0b48055a1f'] response: {'server_uuid': '4964b73e-d460-4415-ae5f-2dbe90ebdfb1', 'name': 'network-vif-plugged', 'status': 'completed', 'tag': '7c31fae2-dc48-4ef0-86f6-2f3a59c2cbc4', 'code': 200}
2026-04-21 18:19:01.499 9 WARNING neutron.api.rpc.agentnotifiers.dhcp_rpc_agent_api [None req-340e1032-796d-49c3-a00b-1d8fed3c8e9d f9285f096b944e9b9ea99a98e6152bbd e8a44ee4ea8942149174a504eff59050 - - default default] Unable to schedule network 395b60af-fa54-4b6a-bcd2-35f3034fac50: no agents available; will retry on subsequent port and subnet creation events.
2026-04-21 18:19:01.530 9 INFO neutron.wsgi [req-288a80b4-69bf-420a-8bc0-610c5127de39 req-1a969128-f15a-48c2-8c17-595e89f928fc ca3ed98809ae464887c309a15a113657 d64072668d9644b5a7103757dff81120 - - default default] 10.0.0.69 "GET /v2.0/security-groups?id=de0d130e-6421-4239-a320-fec46e027efb&fields=id&fields=name HTTP/1.1" status: 200 len: 312 time: 0.1375926
2026-04-21 18:19:01.641 9 INFO neutron.db.ovn_revision_numbers_db [None req-340e1032-796d-49c3-a00b-1d8fed3c8e9d f9285f096b944e9b9ea99a98e6152bbd e8a44ee4ea8942149174a504eff59050 - - default default] Successfully bumped revision number for resource 4b7a41f1-6ec7-4740-b1e9-e5e02f3887f4 (type: ports) to 1
2026-04-21 18:19:01.703 9 INFO neutron.wsgi [None req-340e1032-796d-49c3-a00b-1d8fed3c8e9d f9285f096b944e9b9ea99a98e6152bbd e8a44ee4ea8942149174a504eff59050 - - default default] 10.0.0.198 "POST /v2.0/networks HTTP/1.1" status: 201 len: 831 time: 0.8848252
2026-04-21 18:19:01.714 10 WARNING neutron_lib.context [None req-edfe21ef-2a6c-40b3-bd97-50cbfd630682 f9285f096b944e9b9ea99a98e6152bbd e8a44ee4ea8942149174a504eff59050 - - default default] Method 'is_advsvc' is deprecated since 2023.2 release (neutron-lib 3.8.0) and will be removed once support for the old RBAC API policies will be removed from Neutron. Please use method 'is_service_role' instead.
2026-04-21 18:19:01.733 9 INFO neutron.db.ovn_revision_numbers_db [None req-9afadb85-0db6-4363-a1d3-85e767b7ead5 796a92e9256a415abc1774e21846241f afe0505543bb46cf8a52938fe49ff8ec - - default default] Successfully bumped revision number for resource ac589763-5164-4c02-b6f2-95a138d5ce18 (type: security_group_rules) to 0
2026-04-21 18:19:01.779 9 INFO neutron.wsgi [None req-9afadb85-0db6-4363-a1d3-85e767b7ead5 796a92e9256a415abc1774e21846241f afe0505543bb46cf8a52938fe49ff8ec - - default default] 10.0.0.198 "POST /v2.0/security-group-rules HTTP/1.1" status: 201 len: 764 time: 0.5059500
2026-04-21 18:19:01.784 10 INFO neutron.wsgi [None req-99be70ea-5bca-415f-ac42-3c67248f19f7 335d0c3471b04450a8ee9042d1229672 534bb253f1c847668fe5069647ed9f1e - - default default] 10.0.0.198 "PUT /v2.0/routers/a1f01fd1-8b6f-469a-a895-22049ad9787a/remove_router_interface HTTP/1.1" status: 200 len: 503 time: 1.7797463 /var/lib/openstack/lib/python3.10/site-packages/pycadf/identifier.py:71: UserWarning: Invalid uuid: neutron. To ensure interoperability, identifiers should be a valid uuid. warnings.warn(('Invalid uuid: %s. To ensure interoperability, '
2026-04-21 18:19:01.793 10 WARNING neutron_lib.context [None req-e4e4b46c-071d-445f-b434-196e728d9c0d 796a92e9256a415abc1774e21846241f afe0505543bb46cf8a52938fe49ff8ec - - default default] Method 'is_advsvc' is deprecated since 2023.2 release (neutron-lib 3.8.0) and will be removed once support for the old RBAC API policies will be removed from Neutron. Please use method 'is_service_role' instead.
2026-04-21 18:19:01.833 9 INFO neutron.db.ovn_revision_numbers_db [None req-82a10772-c472-498d-82e5-634118138e5b - - - - - -] Successfully bumped revision number for resource 7c31fae2-dc48-4ef0-86f6-2f3a59c2cbc4 (type: ports) to 4
2026-04-21 18:19:01.921 9 INFO neutron.plugins.ml2.drivers.ovn.mech_driver.mech_driver [None req-82a10772-c472-498d-82e5-634118138e5b - - - - - -] OVN reports status up for port: 3a22a5d4-43aa-45c2-bd36-21225ae8f3b4
2026-04-21 18:19:01.941 9 INFO neutron.plugins.ml2.plugin [None req-82a10772-c472-498d-82e5-634118138e5b - - - - - -] Attempt 1 to provision port 3a22a5d4-43aa-45c2-bd36-21225ae8f3b4
2026-04-21 18:19:02.002 10 INFO neutron.db.ovn_revision_numbers_db [None req-e4e4b46c-071d-445f-b434-196e728d9c0d 796a92e9256a415abc1774e21846241f afe0505543bb46cf8a52938fe49ff8ec - - default default] Successfully bumped revision number for resource 9b7dae16-d580-4fd9-a4d8-9bdb2720f5a3 (type: security_group_rules) to 0
2026-04-21 18:19:02.039 10 INFO neutron.wsgi [None req-e4e4b46c-071d-445f-b434-196e728d9c0d 796a92e9256a415abc1774e21846241f afe0505543bb46cf8a52938fe49ff8ec - - default default] 10.0.0.198 "POST /v2.0/security-group-rules HTTP/1.1" status: 201 len: 769 time: 0.2529073
2026-04-21 18:19:02.047 10 WARNING neutron.scheduler.dhcp_agent_scheduler [None req-edfe21ef-2a6c-40b3-bd97-50cbfd630682 f9285f096b944e9b9ea99a98e6152bbd e8a44ee4ea8942149174a504eff59050 - - default default] No more DHCP agents
2026-04-21 18:19:02.054 10 WARNING neutron_lib.context [None req-8cb00aec-6b58-4114-be03-75bc3cde9f90 796a92e9256a415abc1774e21846241f afe0505543bb46cf8a52938fe49ff8ec - - default default] Method 'is_advsvc' is deprecated since 2023.2 release (neutron-lib 3.8.0) and will be removed once support for the old RBAC API policies will be removed from Neutron. Please use method 'is_service_role' instead.
2026-04-21 18:19:02.057 10 WARNING neutron.api.rpc.agentnotifiers.dhcp_rpc_agent_api [None req-edfe21ef-2a6c-40b3-bd97-50cbfd630682 f9285f096b944e9b9ea99a98e6152bbd e8a44ee4ea8942149174a504eff59050 - - default default] Unable to schedule network 395b60af-fa54-4b6a-bcd2-35f3034fac50: no agents available; will retry on subsequent port and subnet creation events.
2026-04-21 18:19:02.399 10 WARNING neutron.scheduler.dhcp_agent_scheduler [None req-8cb00aec-6b58-4114-be03-75bc3cde9f90 796a92e9256a415abc1774e21846241f afe0505543bb46cf8a52938fe49ff8ec - - default default] No more DHCP agents
2026-04-21 18:19:02.405 10 WARNING neutron.api.rpc.agentnotifiers.dhcp_rpc_agent_api [None req-8cb00aec-6b58-4114-be03-75bc3cde9f90 796a92e9256a415abc1774e21846241f afe0505543bb46cf8a52938fe49ff8ec - - default default] Unable to schedule network 4e6ca672-4ef0-4cea-af03-c4e4d382f64c: no agents available; will retry on subsequent port and subnet creation events.
2026-04-21 18:19:02.592 9 INFO neutron.db.ovn_revision_numbers_db [None req-82a10772-c472-498d-82e5-634118138e5b - - - - - -] Successfully bumped revision number for resource 3a22a5d4-43aa-45c2-bd36-21225ae8f3b4 (type: ports) to 2
2026-04-21 18:19:02.697 9 INFO neutron.db.ovn_revision_numbers_db [None req-82a10772-c472-498d-82e5-634118138e5b - - - - - -] Successfully bumped revision number for resource 3a22a5d4-43aa-45c2-bd36-21225ae8f3b4 (type: router_ports) to 2
2026-04-21 18:19:02.757 10 INFO neutron.wsgi [req-afc05237-bbec-47f0-b149-6024e374b499 req-92ff5c04-3d9e-426b-8647-24d23f1d0828 ca3ed98809ae464887c309a15a113657 d64072668d9644b5a7103757dff81120 - - default default] 10.0.0.69 "GET /v2.0/ports?device_id=4964b73e-d460-4415-ae5f-2dbe90ebdfb1 HTTP/1.1" status: 200 len: 1174 time: 0.1581042
2026-04-21 18:19:02.813 10 INFO neutron.db.ovn_revision_numbers_db [None req-edfe21ef-2a6c-40b3-bd97-50cbfd630682 f9285f096b944e9b9ea99a98e6152bbd e8a44ee4ea8942149174a504eff59050 - - default default] Successfully bumped revision number for resource 4b7a41f1-6ec7-4740-b1e9-e5e02f3887f4 (type: ports) to 2
2026-04-21 18:19:02.839 10 INFO neutron.wsgi [req-afc05237-bbec-47f0-b149-6024e374b499 req-1384c296-6a3d-4149-8c59-50f0031fcea6 ca3ed98809ae464887c309a15a113657 d64072668d9644b5a7103757dff81120 - - default default] 10.0.0.69 "GET /v2.0/security-groups?id=de0d130e-6421-4239-a320-fec46e027efb&fields=id&fields=name HTTP/1.1" status: 200 len: 312 time: 0.0738432
2026-04-21 18:19:02.892 10 INFO neutron.db.ovn_revision_numbers_db [None req-edfe21ef-2a6c-40b3-bd97-50cbfd630682 f9285f096b944e9b9ea99a98e6152bbd e8a44ee4ea8942149174a504eff59050 - - default default] Successfully bumped revision number for resource 90c63f8b-e307-422d-bf17-d9240637808c (type: subnets) to 0
2026-04-21 18:19:02.911 10 INFO neutron.wsgi [None req-edfe21ef-2a6c-40b3-bd97-50cbfd630682 f9285f096b944e9b9ea99a98e6152bbd e8a44ee4ea8942149174a504eff59050 - - default default] 10.0.0.198 "POST /v2.0/subnets HTTP/1.1" status: 201 len: 801 time: 1.2036417 /var/lib/openstack/lib/python3.10/site-packages/pycadf/identifier.py:71: UserWarning: Invalid uuid: neutron. To ensure interoperability, identifiers should be a valid uuid. warnings.warn(('Invalid uuid: %s. To ensure interoperability, '
2026-04-21 18:19:02.931 10 WARNING neutron_lib.context [None req-0ecf1d9c-2d49-4beb-826f-092801085e1b f9285f096b944e9b9ea99a98e6152bbd e8a44ee4ea8942149174a504eff59050 - - default default] Method 'is_advsvc' is deprecated since 2023.2 release (neutron-lib 3.8.0) and will be removed once support for the old RBAC API policies will be removed from Neutron. Please use method 'is_service_role' instead.
2026-04-21 18:19:02.961 10 INFO neutron.db.ovn_revision_numbers_db [None req-8cb00aec-6b58-4114-be03-75bc3cde9f90 796a92e9256a415abc1774e21846241f afe0505543bb46cf8a52938fe49ff8ec - - default default] Successfully bumped revision number for resource e20cbd8f-038b-424d-aa60-b9300d4625e9 (type: floatingips) to 0
2026-04-21 18:19:02.967 9 INFO neutron.wsgi [req-e9892b32-fa64-4ae2-a895-7de7d9944fe7 req-8b119c75-ea6b-4a64-a340-9209e1bdb4e6 ca3ed98809ae464887c309a15a113657 d64072668d9644b5a7103757dff81120 - - default default] 10.0.0.69 "GET /v2.0/ports?device_id=4964b73e-d460-4415-ae5f-2dbe90ebdfb1 HTTP/1.1" status: 200 len: 1174 time: 0.0582154
2026-04-21 18:19:02.976 10 INFO neutron.wsgi [None req-8cb00aec-6b58-4114-be03-75bc3cde9f90 796a92e9256a415abc1774e21846241f afe0505543bb46cf8a52938fe49ff8ec - - default default] 10.0.0.198 "POST /v2.0/floatingips HTTP/1.1" status: 201 len: 751 time: 0.9326630
2026-04-21 18:19:03.053 9 INFO neutron.wsgi [req-e9892b32-fa64-4ae2-a895-7de7d9944fe7 req-f6dce82d-5b5c-4d06-9020-71c3e79e7cf8 ca3ed98809ae464887c309a15a113657 d64072668d9644b5a7103757dff81120 - - default default] 10.0.0.69 "GET /v2.0/security-groups?id=de0d130e-6421-4239-a320-fec46e027efb&fields=id&fields=name HTTP/1.1" status: 200 len: 312 time: 0.0741997
2026-04-21 18:19:03.115 9 INFO neutron.wsgi [None req-20465ea5-dacf-46ff-8916-80956462f4bc 335d0c3471b04450a8ee9042d1229672 534bb253f1c847668fe5069647ed9f1e - - default default] 10.0.0.198 "DELETE /v2.0/routers/a1f01fd1-8b6f-469a-a895-22049ad9787a HTTP/1.1" status: 204 len: 168 time: 1.3266153
2026-04-21 18:19:03.127 10 INFO neutron.wsgi [req-5b0fc6b3-730f-487b-b5d1-e48a1a9ad27d req-825d65d5-e5e3-4535-a977-3b846dcbae60 796a92e9256a415abc1774e21846241f afe0505543bb46cf8a52938fe49ff8ec - - default default] 10.0.0.69 "GET /v2.0/security-groups?name=tempest-securitygroup--160726251&fields=id&tenant_id=afe0505543bb46cf8a52938fe49ff8ec HTTP/1.1" status: 200 len: 267 time: 0.0776408
2026-04-21 18:19:03.161 10 INFO neutron.wsgi [None req-09c80599-a9ca-4940-8f70-ce765ba252e9 39f2bd6905f146de80864fa0acd66c3a 676a8c555fa34417a07f7b68151c3fbf - - default default] 10.0.0.198 "GET /v2.0/ports?device_id=4964b73e-d460-4415-ae5f-2dbe90ebdfb1 HTTP/1.1" status: 200 len: 1408 time: 0.0768151
2026-04-21 18:19:03.173 9 WARNING neutron_lib.context [None req-4742c65b-b4e4-4d05-b6cd-56bc310dd0b0 ca3ed98809ae464887c309a15a113657 d64072668d9644b5a7103757dff81120 - - default default] Method 'is_advsvc' is deprecated since 2023.2 release (neutron-lib 3.8.0) and will be removed once support for the old RBAC API policies will be removed from Neutron. Please use method 'is_service_role' instead.
2026-04-21 18:19:03.204 10 INFO neutron.wsgi [req-5b0fc6b3-730f-487b-b5d1-e48a1a9ad27d req-8afa7f09-da91-4b65-9825-b9db51ff3db7 796a92e9256a415abc1774e21846241f afe0505543bb46cf8a52938fe49ff8ec - - default default] 10.0.0.69 "GET /v2.0/security-groups?name=tempest-secgroup-smoke-2128553493&fields=id&tenant_id=afe0505543bb46cf8a52938fe49ff8ec HTTP/1.1" status: 200 len: 267 time: 0.0686259
2026-04-21 18:19:03.307 10 INFO neutron.wsgi [req-5b0fc6b3-730f-487b-b5d1-e48a1a9ad27d req-7fd642da-4e7b-4d02-847c-e5d7e3d0a57b 796a92e9256a415abc1774e21846241f afe0505543bb46cf8a52938fe49ff8ec - - default default] 10.0.0.69 "GET /v2.0/networks?id=6a0980e4-c128-4193-b7b8-58c457d38231 HTTP/1.1" status: 200 len: 872 time: 0.0951104
2026-04-21 18:19:03.334 10 INFO neutron.wsgi [req-5b0fc6b3-730f-487b-b5d1-e48a1a9ad27d req-5496ed16-2b8e-4583-8a67-5af392868548 796a92e9256a415abc1774e21846241f afe0505543bb46cf8a52938fe49ff8ec - - default default] 10.0.0.69 "GET /v2.0/quotas/afe0505543bb46cf8a52938fe49ff8ec HTTP/1.1" status: 200 len: 386 time: 0.0164144
2026-04-21 18:19:03.406 10 WARNING neutron.scheduler.dhcp_agent_scheduler [None req-0ecf1d9c-2d49-4beb-826f-092801085e1b f9285f096b944e9b9ea99a98e6152bbd e8a44ee4ea8942149174a504eff59050 - - default default] No more DHCP agents
2026-04-21 18:19:03.410 9 INFO neutron.wsgi [None req-c1a0617b-70da-4029-88ae-14eb3804fc2d 335d0c3471b04450a8ee9042d1229672 534bb253f1c847668fe5069647ed9f1e - - default default] 10.0.0.198 "DELETE /v2.0/subnets/63559da8-4277-4861-aa1a-93f8c2ff7aee HTTP/1.1" status: 204 len: 168 time: 0.2913647
2026-04-21 18:19:03.411 10 WARNING neutron.api.rpc.agentnotifiers.dhcp_rpc_agent_api [None req-0ecf1d9c-2d49-4beb-826f-092801085e1b f9285f096b944e9b9ea99a98e6152bbd e8a44ee4ea8942149174a504eff59050 - - default default] Unable to schedule network 395b60af-fa54-4b6a-bcd2-35f3034fac50: no agents available; will retry on subsequent port and subnet creation events.
2026-04-21 18:19:03.478 10 INFO neutron.wsgi [req-5b0fc6b3-730f-487b-b5d1-e48a1a9ad27d req-5e5631da-d24f-42a9-a63e-14e0c816e4de 796a92e9256a415abc1774e21846241f afe0505543bb46cf8a52938fe49ff8ec - - default default] 10.0.0.69 "GET /v2.0/ports?tenant_id=afe0505543bb46cf8a52938fe49ff8ec&fields=id HTTP/1.1" status: 200 len: 302 time: 0.1352029
2026-04-21 18:19:03.483 9 WARNING neutron.scheduler.dhcp_agent_scheduler [None req-4742c65b-b4e4-4d05-b6cd-56bc310dd0b0 ca3ed98809ae464887c309a15a113657 d64072668d9644b5a7103757dff81120 - - default default] No more DHCP agents
2026-04-21 18:19:03.487 9 WARNING neutron.api.rpc.agentnotifiers.dhcp_rpc_agent_api [None req-4742c65b-b4e4-4d05-b6cd-56bc310dd0b0 ca3ed98809ae464887c309a15a113657 d64072668d9644b5a7103757dff81120 - - default default] Unable to schedule network 4e6ca672-4ef0-4cea-af03-c4e4d382f64c: no agents available; will retry on subsequent port and subnet creation events.
2026-04-21 18:19:03.539 9 INFO neutron.notifiers.nova [-] Nova event matching ['req-1ad653e1-be11-400e-8625-4b4cf9a66164'] response: {'server_uuid': '4964b73e-d460-4415-ae5f-2dbe90ebdfb1', 'name': 'network-vif-plugged', 'status': 'completed', 'tag': '7c31fae2-dc48-4ef0-86f6-2f3a59c2cbc4', 'code': 200}
2026-04-21 18:19:03.818 10 INFO neutron.wsgi [req-5b0fc6b3-730f-487b-b5d1-e48a1a9ad27d req-2be5af6e-8405-49ea-8df2-8f07f92575c8 df629591f36c475bb2e96a22ae0f6ed7 678127e3b3fd415ea1800b78d3dad404 - - 90a4dea5f2464fd78b906d65f1cfbe6e 90a4dea5f2464fd78b906d65f1cfbe6e] 10.0.0.69 "GET /v2.0/networks/6a0980e4-c128-4193-b7b8-58c457d38231?fields=segments HTTP/1.1" status: 200 len: 212 time: 0.3240609
2026-04-21 18:19:03.879 9 INFO neutron.services.segments.plugin [-] Segment a2a8eab1-7ccf-42d7-8d57-53dc6647c584 resource provider aggregate not found
2026-04-21 18:19:03.882 10 INFO neutron.db.ovn_revision_numbers_db [None req-0ecf1d9c-2d49-4beb-826f-092801085e1b f9285f096b944e9b9ea99a98e6152bbd e8a44ee4ea8942149174a504eff59050 - - default default] Successfully bumped revision number for resource e546f3cb-4282-4a56-b2b5-1074fee99943 (type: ports) to 1
2026-04-21 18:19:03.884 9 INFO neutron.services.segments.plugin [-] Segment a2a8eab1-7ccf-42d7-8d57-53dc6647c584 resource provider aggregate not found
2026-04-21 18:19:03.903 10 INFO neutron.wsgi [req-5b0fc6b3-730f-487b-b5d1-e48a1a9ad27d req-8b951831-1e88-455e-b5ec-017c8a0eb871 df629591f36c475bb2e96a22ae0f6ed7 678127e3b3fd415ea1800b78d3dad404 - - 90a4dea5f2464fd78b906d65f1cfbe6e 90a4dea5f2464fd78b906d65f1cfbe6e] 10.0.0.69 "GET /v2.0/networks/6a0980e4-c128-4193-b7b8-58c457d38231?fields=provider%3Aphysical_network&fields=provider%3Anetwork_type HTTP/1.1" status: 200 len: 277 time: 0.0753503
2026-04-21 18:19:03.903 9 INFO neutron.services.segments.plugin [-] Segment a2a8eab1-7ccf-42d7-8d57-53dc6647c584 resource provider not found; error: Placement Client Error (4xx): {"errors": [{"status": 404, "title": "Not Found", "detail": "The resource could not be found.\n\n No resource provider with uuid a2a8eab1-7ccf-42d7-8d57-53dc6647c584 found for delete ", "request_id": "req-1c183dc0-3734-477d-9fc4-6da30c77f470"}]}
2026-04-21 18:19:03.905 9 INFO neutron.services.segments.plugin [-] Segment a2a8eab1-7ccf-42d7-8d57-53dc6647c584 resource provider not found; error: Placement Client Error (4xx): {"errors": [{"status": 404, "title": "Not Found", "detail": "The resource could not be found.\n\n No resource provider with uuid a2a8eab1-7ccf-42d7-8d57-53dc6647c584 found for delete ", "request_id": "req-126f2c21-b471-411c-adb7-cf06b21c460a"}]}
2026-04-21 18:19:03.909 10 INFO neutron.wsgi [None req-0ecf1d9c-2d49-4beb-826f-092801085e1b f9285f096b944e9b9ea99a98e6152bbd e8a44ee4ea8942149174a504eff59050 - - default default] 10.0.0.198 "POST /v2.0/ports HTTP/1.1" status: 201 len: 1114 time: 0.9930677
2026-04-21 18:19:03.937 9 INFO neutron.wsgi [None req-8a2c5565-3cf9-4780-b1cb-836e920f7e2b 335d0c3471b04450a8ee9042d1229672 534bb253f1c847668fe5069647ed9f1e - - default default] 10.0.0.198 "DELETE /v2.0/networks/713a65b3-4e59-4b13-9e4a-9d1963dbe2f8 HTTP/1.1" status: 204 len: 168 time: 0.5169721
2026-04-21 18:19:04.037 9 INFO neutron.db.l3_db [None req-4742c65b-b4e4-4d05-b6cd-56bc310dd0b0 ca3ed98809ae464887c309a15a113657 d64072668d9644b5a7103757dff81120 - - default default] Floating IP 733dda6e-cb3e-4f20-b23d-e013d249ddb7 associated. External IP: 10.96.250.219, port: 7c31fae2-dc48-4ef0-86f6-2f3a59c2cbc4.
2026-04-21 18:19:04.091 9 INFO neutron.wsgi [req-19d06389-2d94-4da2-a416-d92ff2ca7cc5 req-2630153b-543c-4e7f-be09-df6b016cdc08 796a92e9256a415abc1774e21846241f afe0505543bb46cf8a52938fe49ff8ec - - default default] 10.0.0.69 "GET /v2.0/ports?device_id=3e413a9d-c466-49a4-b996-9b3d70358de3 HTTP/1.1" status: 200 len: 210 time: 0.0289578
2026-04-21 18:19:04.196 10 INFO neutron.wsgi [None req-f66f5d44-f112-4839-8cb6-053789196808 335d0c3471b04450a8ee9042d1229672 534bb253f1c847668fe5069647ed9f1e - - default default] 10.0.0.198 "GET /v2.0/security-groups?tenant_id=ae16905b06694fafb520dd998ff3eedc&name=default HTTP/1.1" status: 200 len: 2996 time: 0.0433369
2026-04-21 18:19:04.287 10 INFO neutron.wsgi [None req-97f9c7ea-7e99-4528-8733-507b31060915 f9285f096b944e9b9ea99a98e6152bbd e8a44ee4ea8942149174a504eff59050 - - default default] 10.0.0.198 "DELETE /v2.0/ports/e546f3cb-4282-4a56-b2b5-1074fee99943 HTTP/1.1" status: 204 len: 168 time: 0.3718417
2026-04-21 18:19:04.344 10 INFO neutron.pecan_wsgi.hooks.translation [None req-34f71106-f6f1-4fee-a49f-e11a6fd510cd f9285f096b944e9b9ea99a98e6152bbd e8a44ee4ea8942149174a504eff59050 - - default default] GET failed (client error): The resource could not be found.
2026-04-21 18:19:04.346 10 INFO neutron.wsgi [None req-34f71106-f6f1-4fee-a49f-e11a6fd510cd f9285f096b944e9b9ea99a98e6152bbd e8a44ee4ea8942149174a504eff59050 - - default default] 10.0.0.198 "GET /v2.0/ports/e546f3cb-4282-4a56-b2b5-1074fee99943 HTTP/1.1" status: 404 len: 333 time: 0.0440102
2026-04-21 18:19:04.357 9 INFO neutron.db.ovn_revision_numbers_db [None req-4742c65b-b4e4-4d05-b6cd-56bc310dd0b0 ca3ed98809ae464887c309a15a113657 d64072668d9644b5a7103757dff81120 - - default default] Successfully bumped revision number for resource 733dda6e-cb3e-4f20-b23d-e013d249ddb7 (type: floatingips) to 0
2026-04-21 18:19:04.503 9 INFO neutron.db.ovn_revision_numbers_db [None req-4742c65b-b4e4-4d05-b6cd-56bc310dd0b0 ca3ed98809ae464887c309a15a113657 d64072668d9644b5a7103757dff81120 - - default default] Successfully bumped revision number for resource 733dda6e-cb3e-4f20-b23d-e013d249ddb7 (type: floatingips) to 1
2026-04-21 18:19:04.550 9 INFO neutron.wsgi [None req-ae8da2bd-2675-431d-bc74-69d2422ba74d 335d0c3471b04450a8ee9042d1229672 534bb253f1c847668fe5069647ed9f1e - - default default] 10.0.0.198 "DELETE /v2.0/security-groups/5a45e520-4d2f-472c-8c68-89de51f4e920 HTTP/1.1" status: 204 len: 168 time: 0.3475795
2026-04-21 18:19:04.554 9 INFO neutron.wsgi [None req-4742c65b-b4e4-4d05-b6cd-56bc310dd0b0 ca3ed98809ae464887c309a15a113657 d64072668d9644b5a7103757dff81120 - - default default] 10.0.0.198 "POST /v2.0/floatingips HTTP/1.1" status: 201 len: 1055 time: 1.3873620
2026-04-21 18:19:04.567 10 INFO neutron.wsgi [None req-e9353a26-12b9-4b9f-9b96-8bb26320d315 f9285f096b944e9b9ea99a98e6152bbd e8a44ee4ea8942149174a504eff59050 - - default default] 10.0.0.198 "DELETE /v2.0/subnets/90c63f8b-e307-422d-bf17-d9240637808c HTTP/1.1" status: 204 len: 168 time: 0.2167792
2026-04-21 18:19:04.602 9 INFO neutron.wsgi [None req-1bc48516-5177-4391-9389-fa8ba9143228 ca3ed98809ae464887c309a15a113657 d64072668d9644b5a7103757dff81120 - - default default] 10.0.0.198 "GET /v2.0/floatingips/733dda6e-cb3e-4f20-b23d-e013d249ddb7 HTTP/1.1" status: 200 len: 1052 time: 0.0426338
2026-04-21 18:19:04.907 10 INFO neutron.wsgi [req-5b0fc6b3-730f-487b-b5d1-e48a1a9ad27d req-1da8bf6a-5029-41e3-80af-a714e95fe755 796a92e9256a415abc1774e21846241f afe0505543bb46cf8a52938fe49ff8ec - - default default] 199.19.213.151 "GET /v2.0/networks?id=6a0980e4-c128-4193-b7b8-58c457d38231 HTTP/1.1" status: 200 len: 872 time: 0.1186709
2026-04-21 18:19:05.008 10 INFO neutron.services.segments.plugin [-] Segment a099acad-d34f-4242-8fa5-27740d995f10 resource provider aggregate not found
2026-04-21 18:19:05.012 10 INFO neutron.services.segments.plugin [-] Segment a099acad-d34f-4242-8fa5-27740d995f10 resource provider aggregate not found
2026-04-21 18:19:05.020 10 INFO neutron.wsgi [req-5b0fc6b3-730f-487b-b5d1-e48a1a9ad27d req-9efd89e0-2e69-49cb-bcab-44035f8c477e 796a92e9256a415abc1774e21846241f afe0505543bb46cf8a52938fe49ff8ec - - default default] 199.19.213.151 "GET /v2.0/security-groups?fields=id&fields=name&tenant_id=afe0505543bb46cf8a52938fe49ff8ec HTTP/1.1" status: 200 len: 472 time: 0.1067367
2026-04-21 18:19:05.034 10 INFO neutron.services.segments.plugin [-] Segment a099acad-d34f-4242-8fa5-27740d995f10 resource provider not found; error: Placement Client Error (4xx): {"errors": [{"status": 404, "title": "Not Found", "detail": "The resource could not be found.\n\n No resource provider with uuid a099acad-d34f-4242-8fa5-27740d995f10 found for delete ", "request_id": "req-33695ccd-0649-400c-899a-ad53ac5139d0"}]}
2026-04-21 18:19:05.045 10 WARNING neutron_lib.context [req-5b0fc6b3-730f-487b-b5d1-e48a1a9ad27d req-7246ecc7-96dd-42f2-9ed0-3e80d6e8c4d8 796a92e9256a415abc1774e21846241f afe0505543bb46cf8a52938fe49ff8ec - - default default] Method 'is_advsvc' is deprecated since 2023.2 release (neutron-lib 3.8.0) and will be removed once support for the old RBAC API policies will be removed from Neutron. Please use method 'is_service_role' instead.
2026-04-21 18:19:05.048 10 INFO neutron.services.segments.plugin [-] Segment a099acad-d34f-4242-8fa5-27740d995f10 resource provider not found; error: Placement Client Error (4xx): {"errors": [{"status": 404, "title": "Not Found", "detail": "The resource could not be found.\n\n No resource provider with uuid a099acad-d34f-4242-8fa5-27740d995f10 found for delete ", "request_id": "req-a6e88893-bd22-4f85-86b8-ca8df7d8217a"}]}
2026-04-21 18:19:05.065 10 INFO neutron.wsgi [None req-7876b85e-122d-4018-ad71-e88f4db57b7b f9285f096b944e9b9ea99a98e6152bbd e8a44ee4ea8942149174a504eff59050 - - default default] 10.0.0.198 "DELETE /v2.0/networks/395b60af-fa54-4b6a-bcd2-35f3034fac50 HTTP/1.1" status: 204 len: 168 time: 0.4932449
2026-04-21 18:19:05.078 9 WARNING neutron_lib.context [None req-75b71553-e341-4e1d-b341-0bd38751c6f9 f9285f096b944e9b9ea99a98e6152bbd e8a44ee4ea8942149174a504eff59050 - - default default] Method 'is_advsvc' is deprecated since 2023.2 release (neutron-lib 3.8.0) and will be removed once support for the old RBAC API policies will be removed from Neutron. Please use method 'is_service_role' instead.
2026-04-21 18:19:05.201 10 INFO neutron.wsgi [req-7d450bb4-28d5-4742-8669-9dfcfc685dac req-88c9aa6d-ee4d-413b-8213-8383d172a960 796a92e9256a415abc1774e21846241f afe0505543bb46cf8a52938fe49ff8ec - - default default] 10.0.0.69 "GET /v2.0/ports?device_id=3e413a9d-c466-49a4-b996-9b3d70358de3 HTTP/1.1" status: 200 len: 210 time: 0.0311339
2026-04-21 18:19:05.352 9 WARNING neutron.scheduler.dhcp_agent_scheduler [None req-75b71553-e341-4e1d-b341-0bd38751c6f9 f9285f096b944e9b9ea99a98e6152bbd e8a44ee4ea8942149174a504eff59050 - - default default] No more DHCP agents
2026-04-21 18:19:05.353 9 WARNING neutron.api.rpc.agentnotifiers.dhcp_rpc_agent_api [None req-75b71553-e341-4e1d-b341-0bd38751c6f9 f9285f096b944e9b9ea99a98e6152bbd e8a44ee4ea8942149174a504eff59050 - - default default] Unable to schedule network afbcd39e-f020-43cc-9253-6c79a5a2dd3c: no agents available; will retry on subsequent port and subnet creation events.
2026-04-21 18:19:05.442 9 INFO neutron.db.ovn_revision_numbers_db [None req-75b71553-e341-4e1d-b341-0bd38751c6f9 f9285f096b944e9b9ea99a98e6152bbd e8a44ee4ea8942149174a504eff59050 - - default default] Successfully bumped revision number for resource a79e9b64-d8da-4fc7-80ab-a47ddc043145 (type: ports) to 1
2026-04-21 18:19:05.449 10 WARNING neutron.scheduler.dhcp_agent_scheduler [req-5b0fc6b3-730f-487b-b5d1-e48a1a9ad27d req-7246ecc7-96dd-42f2-9ed0-3e80d6e8c4d8 796a92e9256a415abc1774e21846241f afe0505543bb46cf8a52938fe49ff8ec - - default default] No more DHCP agents
2026-04-21 18:19:05.452 10 WARNING neutron.api.rpc.agentnotifiers.dhcp_rpc_agent_api [req-5b0fc6b3-730f-487b-b5d1-e48a1a9ad27d req-7246ecc7-96dd-42f2-9ed0-3e80d6e8c4d8 796a92e9256a415abc1774e21846241f afe0505543bb46cf8a52938fe49ff8ec - - default default] Unable to schedule network 6a0980e4-c128-4193-b7b8-58c457d38231: no agents available; will retry on subsequent port and subnet creation events.
2026-04-21 18:19:05.466 9 INFO neutron.wsgi [None req-75b71553-e341-4e1d-b341-0bd38751c6f9 f9285f096b944e9b9ea99a98e6152bbd e8a44ee4ea8942149174a504eff59050 - - default default] 10.0.0.198 "POST /v2.0/ports HTTP/1.1" status: 201 len: 974 time: 0.3950996 /var/lib/openstack/lib/python3.10/site-packages/pycadf/identifier.py:71: UserWarning: Invalid uuid: neutron. To ensure interoperability, identifiers should be a valid uuid. warnings.warn(('Invalid uuid: %s. To ensure interoperability, '
2026-04-21 18:19:05.586 9 INFO neutron.notifiers.nova [-] Nova event matching ['req-01988d30-21ac-4354-9fec-7d133da6d036'] response: {'name': 'network-changed', 'server_uuid': '4964b73e-d460-4415-ae5f-2dbe90ebdfb1', 'tag': '7c31fae2-dc48-4ef0-86f6-2f3a59c2cbc4', 'status': 'completed', 'code': 200}
2026-04-21 18:19:05.660 10 INFO neutron.db.ovn_revision_numbers_db [req-5b0fc6b3-730f-487b-b5d1-e48a1a9ad27d req-7246ecc7-96dd-42f2-9ed0-3e80d6e8c4d8 796a92e9256a415abc1774e21846241f afe0505543bb46cf8a52938fe49ff8ec - - default default] Successfully bumped revision number for resource 5fbaf15c-ca34-443a-afa8-f686db7cb446 (type: ports) to 1
2026-04-21 18:19:05.682 9 INFO neutron.wsgi [req-e52e98ed-284f-4214-b527-e19166aec2dc req-90683389-c5e2-4be8-827c-82ad11758ef7 df629591f36c475bb2e96a22ae0f6ed7 678127e3b3fd415ea1800b78d3dad404 - - 90a4dea5f2464fd78b906d65f1cfbe6e 90a4dea5f2464fd78b906d65f1cfbe6e] 199.19.213.151 "GET /v2.0/ports?tenant_id=d64072668d9644b5a7103757dff81120&device_id=4964b73e-d460-4415-ae5f-2dbe90ebdfb1 HTTP/1.1" status: 200 len: 1413 time: 0.0729666
2026-04-21 18:19:05.688 10 INFO neutron.wsgi [req-5b0fc6b3-730f-487b-b5d1-e48a1a9ad27d req-7246ecc7-96dd-42f2-9ed0-3e80d6e8c4d8 796a92e9256a415abc1774e21846241f afe0505543bb46cf8a52938fe49ff8ec - - default default] 199.19.213.151 "POST /v2.0/ports HTTP/1.1" status: 201 len: 1201 time: 0.6503801 /var/lib/openstack/lib/python3.10/site-packages/pycadf/identifier.py:71: UserWarning: Invalid uuid: neutron. To ensure interoperability, identifiers should be a valid uuid. warnings.warn(('Invalid uuid: %s. To ensure interoperability, '
2026-04-21 18:19:05.806 9 INFO neutron.wsgi [req-e52e98ed-284f-4214-b527-e19166aec2dc req-d140d968-20c0-4f48-964d-61a8d4f33a23 df629591f36c475bb2e96a22ae0f6ed7 678127e3b3fd415ea1800b78d3dad404 - - 90a4dea5f2464fd78b906d65f1cfbe6e 90a4dea5f2464fd78b906d65f1cfbe6e] 199.19.213.151 "GET /v2.0/networks?id=64cd1b1e-cd10-4c8a-a4e5-cf550eb617ff HTTP/1.1" status: 200 len: 959 time: 0.1117735
2026-04-21 18:19:05.818 10 INFO neutron.plugins.ml2.drivers.ovn.mech_driver.mech_driver [None req-addf92fb-e432-4d94-b969-7e471586b076 - - - - - -] OVN reports status down for port: a79e9b64-d8da-4fc7-80ab-a47ddc043145 /var/lib/openstack/lib/python3.10/site-packages/pycadf/identifier.py:71: UserWarning: Invalid uuid: neutron. To ensure interoperability, identifiers should be a valid uuid. warnings.warn(('Invalid uuid: %s. To ensure interoperability, '
2026-04-21 18:19:05.885 9 INFO neutron.wsgi [req-e52e98ed-284f-4214-b527-e19166aec2dc req-2cf103d4-b012-4088-b797-e9f6d04df0e6 df629591f36c475bb2e96a22ae0f6ed7 678127e3b3fd415ea1800b78d3dad404 - - 90a4dea5f2464fd78b906d65f1cfbe6e 90a4dea5f2464fd78b906d65f1cfbe6e] 199.19.213.151 "GET /v2.0/floatingips?fixed_ip_address=10.100.0.10&port_id=7c31fae2-dc48-4ef0-86f6-2f3a59c2cbc4 HTTP/1.1" status: 200 len: 1060 time: 0.0705791
2026-04-21 18:19:05.887 9 INFO neutron.db.ovn_revision_numbers_db [None req-fdec5ba0-90e5-44a9-bd6e-879b98567a9d f9285f096b944e9b9ea99a98e6152bbd e8a44ee4ea8942149174a504eff59050 - - default default] Successfully bumped revision number for resource a79e9b64-d8da-4fc7-80ab-a47ddc043145 (type: ports) to 2
2026-04-21 18:19:05.921 9 INFO neutron.wsgi [None req-fdec5ba0-90e5-44a9-bd6e-879b98567a9d f9285f096b944e9b9ea99a98e6152bbd e8a44ee4ea8942149174a504eff59050 - - default default] 10.0.0.198 "PUT /v2.0/ports/a79e9b64-d8da-4fc7-80ab-a47ddc043145 HTTP/1.1" status: 200 len: 946 time: 0.4503210
2026-04-21 18:19:05.943 9 INFO neutron.wsgi [req-e52e98ed-284f-4214-b527-e19166aec2dc req-7cd00039-2c8a-4463-a2d1-0b5861942cdb df629591f36c475bb2e96a22ae0f6ed7 678127e3b3fd415ea1800b78d3dad404 - - 90a4dea5f2464fd78b906d65f1cfbe6e 90a4dea5f2464fd78b906d65f1cfbe6e] 199.19.213.151 "GET /v2.0/subnets?id=2a413d67-2e9e-49b8-b71c-c29ac3529932 HTTP/1.1" status: 200 len: 853 time: 0.0521312
2026-04-21 18:19:05.986 9 INFO neutron.wsgi [req-e52e98ed-284f-4214-b527-e19166aec2dc req-4771b468-210d-41bd-8a23-8ce90295f823 df629591f36c475bb2e96a22ae0f6ed7 678127e3b3fd415ea1800b78d3dad404 - - 90a4dea5f2464fd78b906d65f1cfbe6e 90a4dea5f2464fd78b906d65f1cfbe6e] 199.19.213.151 "GET /v2.0/ports?network_id=64cd1b1e-cd10-4c8a-a4e5-cf550eb617ff&device_owner=network%3Adhcp HTTP/1.1" status: 200 len: 210 time: 0.0351744
2026-04-21 18:19:06.142 10 INFO neutron.db.ovn_revision_numbers_db [req-5b0fc6b3-730f-487b-b5d1-e48a1a9ad27d req-c020d03c-3e21-40d8-b0bf-c9c2ad1282a7 df629591f36c475bb2e96a22ae0f6ed7 678127e3b3fd415ea1800b78d3dad404 - - 90a4dea5f2464fd78b906d65f1cfbe6e 90a4dea5f2464fd78b906d65f1cfbe6e] Successfully bumped revision number for resource 5fbaf15c-ca34-443a-afa8-f686db7cb446 (type: ports) to 2 /var/lib/openstack/lib/python3.10/site-packages/pycadf/identifier.py:71: UserWarning: Invalid uuid: neutron. To ensure interoperability, identifiers should be a valid uuid. warnings.warn(('Invalid uuid: %s. To ensure interoperability, '
2026-04-21 18:19:06.359 10 INFO neutron.wsgi [req-a0e20017-8167-4e25-ba91-2dd52c7095a8 req-f278d128-f744-4d9e-ad06-6858c0b6ef94 796a92e9256a415abc1774e21846241f afe0505543bb46cf8a52938fe49ff8ec - - default default] 10.0.0.69 "GET /v2.0/ports?device_id=3e413a9d-c466-49a4-b996-9b3d70358de3 HTTP/1.1" status: 200 len: 1212 time: 0.0825901
2026-04-21 18:19:06.367 9 INFO neutron.wsgi [req-e52e98ed-284f-4214-b527-e19166aec2dc req-82caadf9-f64d-4e22-ab46-183da6e35eb5 df629591f36c475bb2e96a22ae0f6ed7 678127e3b3fd415ea1800b78d3dad404 - - 90a4dea5f2464fd78b906d65f1cfbe6e 90a4dea5f2464fd78b906d65f1cfbe6e] 199.19.213.151 "GET /v2.0/networks/64cd1b1e-cd10-4c8a-a4e5-cf550eb617ff?fields=segments HTTP/1.1" status: 200 len: 212 time: 0.3733430 /var/lib/openstack/lib/python3.10/site-packages/pycadf/identifier.py:71: UserWarning: Invalid uuid: neutron. To ensure interoperability, identifiers should be a valid uuid. warnings.warn(('Invalid uuid: %s. To ensure interoperability, '
2026-04-21 18:19:06.404 10 INFO neutron.db.ovn_revision_numbers_db [req-5b0fc6b3-730f-487b-b5d1-e48a1a9ad27d req-c020d03c-3e21-40d8-b0bf-c9c2ad1282a7 df629591f36c475bb2e96a22ae0f6ed7 678127e3b3fd415ea1800b78d3dad404 - - 90a4dea5f2464fd78b906d65f1cfbe6e 90a4dea5f2464fd78b906d65f1cfbe6e] Successfully bumped revision number for resource 5fbaf15c-ca34-443a-afa8-f686db7cb446 (type: ports) to 2
2026-04-21 18:19:06.414 10 INFO neutron.wsgi [req-a0e20017-8167-4e25-ba91-2dd52c7095a8 req-119bfbcf-08e9-4295-b191-3fa00159fe7d 796a92e9256a415abc1774e21846241f afe0505543bb46cf8a52938fe49ff8ec - - default default] 10.0.0.69 "GET /v2.0/security-groups?id=3bd19210-e416-4d0c-8639-7b44e4ef3927&id=7a30b671-f5fa-4112-a299-863e118eee3f&fields=id&fields=name HTTP/1.1" status: 200 len: 405 time: 0.0497527
2026-04-21 18:19:06.425 10 INFO neutron.wsgi [req-5b0fc6b3-730f-487b-b5d1-e48a1a9ad27d req-c020d03c-3e21-40d8-b0bf-c9c2ad1282a7 df629591f36c475bb2e96a22ae0f6ed7 678127e3b3fd415ea1800b78d3dad404 - - 90a4dea5f2464fd78b906d65f1cfbe6e 90a4dea5f2464fd78b906d65f1cfbe6e] 199.19.213.151 "PUT /v2.0/ports/5fbaf15c-ca34-443a-afa8-f686db7cb446 HTTP/1.1" status: 200 len: 1419 time: 0.7317498
2026-04-21 18:19:06.464 10 INFO neutron.notifiers.nova [-] Nova event matching ['req-37c350cf-38ab-4c00-b3c6-adf4fd17da77'] response: {'name': 'network-changed', 'server_uuid': '3e413a9d-c466-49a4-b996-9b3d70358de3', 'tag': '5fbaf15c-ca34-443a-afa8-f686db7cb446', 'status': 'completed', 'code': 200}
2026-04-21 18:19:06.468 9 INFO neutron.wsgi [req-e52e98ed-284f-4214-b527-e19166aec2dc req-e4b74992-b8c7-495b-8f7b-c21b8d99aeb6 df629591f36c475bb2e96a22ae0f6ed7 678127e3b3fd415ea1800b78d3dad404 - - 90a4dea5f2464fd78b906d65f1cfbe6e 90a4dea5f2464fd78b906d65f1cfbe6e] 199.19.213.151 "GET /v2.0/networks/64cd1b1e-cd10-4c8a-a4e5-cf550eb617ff?fields=provider%3Aphysical_network&fields=provider%3Anetwork_type HTTP/1.1" status: 200 len: 277 time: 0.0969551
2026-04-21 18:19:06.505 10 INFO neutron.wsgi [req-5b0fc6b3-730f-487b-b5d1-e48a1a9ad27d req-241050aa-2939-48c2-a165-890fe3082a55 df629591f36c475bb2e96a22ae0f6ed7 678127e3b3fd415ea1800b78d3dad404 - - 90a4dea5f2464fd78b906d65f1cfbe6e 90a4dea5f2464fd78b906d65f1cfbe6e] 199.19.213.151 "GET /v2.0/ports?tenant_id=afe0505543bb46cf8a52938fe49ff8ec&device_id=3e413a9d-c466-49a4-b996-9b3d70358de3 HTTP/1.1" status: 200 len: 1450 time: 0.0391607
2026-04-21 18:19:06.538 10 INFO neutron.wsgi [req-5b0fc6b3-730f-487b-b5d1-e48a1a9ad27d req-ca737c55-5f07-459f-9190-d39408eae9fb df629591f36c475bb2e96a22ae0f6ed7 678127e3b3fd415ea1800b78d3dad404 - - 90a4dea5f2464fd78b906d65f1cfbe6e 90a4dea5f2464fd78b906d65f1cfbe6e] 199.19.213.151 "GET /v2.0/floatingips?fixed_ip_address=10.100.0.11&port_id=5fbaf15c-ca34-443a-afa8-f686db7cb446 HTTP/1.1" status: 200 len: 217 time: 0.0274088
2026-04-21 18:19:06.549 9 INFO neutron.wsgi [None req-ffbddf57-3ec3-47fa-8e59-407db718d93f f9285f096b944e9b9ea99a98e6152bbd e8a44ee4ea8942149174a504eff59050 - - default default] 10.0.0.198 "DELETE /v2.0/ports/a79e9b64-d8da-4fc7-80ab-a47ddc043145 HTTP/1.1" status: 204 len: 168 time: 0.6235063
2026-04-21 18:19:06.574 10 INFO neutron.wsgi [req-5b0fc6b3-730f-487b-b5d1-e48a1a9ad27d req-dfcccc8a-5c30-49f3-b390-d03836d92907 df629591f36c475bb2e96a22ae0f6ed7 678127e3b3fd415ea1800b78d3dad404 - - 90a4dea5f2464fd78b906d65f1cfbe6e 90a4dea5f2464fd78b906d65f1cfbe6e] 199.19.213.151 "GET /v2.0/subnets?id=ae7ba218-08ca-4e74-9976-f96a1e7e28a1 HTTP/1.1" status: 200 len: 866 time: 0.0310135
2026-04-21 18:19:06.603 10 INFO neutron.wsgi [req-5b0fc6b3-730f-487b-b5d1-e48a1a9ad27d req-c1f0dae8-1a5e-4bba-a9f4-b70bf8157cc6 df629591f36c475bb2e96a22ae0f6ed7 678127e3b3fd415ea1800b78d3dad404 - - 90a4dea5f2464fd78b906d65f1cfbe6e 90a4dea5f2464fd78b906d65f1cfbe6e] 199.19.213.151 "GET /v2.0/ports?network_id=6a0980e4-c128-4193-b7b8-58c457d38231&device_owner=network%3Adhcp HTTP/1.1" status: 200 len: 210 time: 0.0219643
2026-04-21 18:19:06.637 9 INFO neutron.wsgi [None req-40f542b0-b7a7-4932-a9a9-e9c57ac0c08e f9285f096b944e9b9ea99a98e6152bbd e8a44ee4ea8942149174a504eff59050 - - default default] 10.0.0.198 "GET /v2.0/ports HTTP/1.1" status: 200 len: 1728 time: 0.0833774
2026-04-21 18:19:06.660 9 INFO neutron.pecan_wsgi.hooks.translation [None req-b42402ae-3f0b-4a41-91ed-4933ae8d60cc f9285f096b944e9b9ea99a98e6152bbd e8a44ee4ea8942149174a504eff59050 - - default default] GET failed (client error): The resource could not be found.
2026-04-21 18:19:06.663 9 INFO neutron.wsgi [None req-b42402ae-3f0b-4a41-91ed-4933ae8d60cc f9285f096b944e9b9ea99a98e6152bbd e8a44ee4ea8942149174a504eff59050 - - default default] 10.0.0.198 "GET /v2.0/ports/a79e9b64-d8da-4fc7-80ab-a47ddc043145 HTTP/1.1" status: 404 len: 333 time: 0.0213881
2026-04-21 18:19:06.668 10 INFO neutron.wsgi [req-5b0fc6b3-730f-487b-b5d1-e48a1a9ad27d req-1c781f56-c13b-407c-9b4d-310d830d36bc df629591f36c475bb2e96a22ae0f6ed7 678127e3b3fd415ea1800b78d3dad404 - - 90a4dea5f2464fd78b906d65f1cfbe6e 90a4dea5f2464fd78b906d65f1cfbe6e] 199.19.213.151 "GET /v2.0/networks/6a0980e4-c128-4193-b7b8-58c457d38231?fields=segments HTTP/1.1" status: 200 len: 212 time: 0.0586619
2026-04-21 18:19:06.780 10 INFO neutron.wsgi [req-5b0fc6b3-730f-487b-b5d1-e48a1a9ad27d req-03f60460-fb99-47af-8098-5365360ebcb6 df629591f36c475bb2e96a22ae0f6ed7 678127e3b3fd415ea1800b78d3dad404 - - 90a4dea5f2464fd78b906d65f1cfbe6e 90a4dea5f2464fd78b906d65f1cfbe6e] 199.19.213.151 "GET /v2.0/networks/6a0980e4-c128-4193-b7b8-58c457d38231?fields=provider%3Aphysical_network&fields=provider%3Anetwork_type HTTP/1.1" status: 200 len: 277 time: 0.1022477
2026-04-21 18:19:06.788 10 INFO neutron.wsgi [None req-b57ce015-7794-46b6-95a5-82e8da155baf f9285f096b944e9b9ea99a98e6152bbd e8a44ee4ea8942149174a504eff59050 - - default default] 10.0.0.198 "GET /v2.0/ports HTTP/1.1" status: 200 len: 1728 time: 0.1178489
2026-04-21 18:19:06.850 10 INFO neutron.wsgi [None req-4cd325b3-fa29-48a2-a19c-4b8307a598f9 f9285f096b944e9b9ea99a98e6152bbd e8a44ee4ea8942149174a504eff59050 - - default default] 10.0.0.198 "GET /v2.0/ports/8fd3730e-b085-40de-9cce-2c47afb4ebad HTTP/1.1" status: 200 len: 968 time: 0.0558331
2026-04-21 18:19:06.864 10 INFO neutron.wsgi [req-32e4516a-5797-4f16-9fcd-b582919f8fa0 req-29aea7dd-0640-4d50-8cb0-71a41967df39 df629591f36c475bb2e96a22ae0f6ed7 678127e3b3fd415ea1800b78d3dad404 - - 90a4dea5f2464fd78b906d65f1cfbe6e 90a4dea5f2464fd78b906d65f1cfbe6e] 199.19.213.151 "GET /v2.0/ports?tenant_id=afe0505543bb46cf8a52938fe49ff8ec&device_id=3e413a9d-c466-49a4-b996-9b3d70358de3 HTTP/1.1" status: 200 len: 1450 time: 0.0463939
2026-04-21 18:19:06.879 9 INFO neutron.pecan_wsgi.hooks.translation [None req-cbabfe31-783e-4207-9095-f9e4133553b3 f9285f096b944e9b9ea99a98e6152bbd e8a44ee4ea8942149174a504eff59050 - - default default] DELETE failed (client error): The resource could not be found.
2026-04-21 18:19:06.882 9 INFO neutron.wsgi [None req-cbabfe31-783e-4207-9095-f9e4133553b3 f9285f096b944e9b9ea99a98e6152bbd e8a44ee4ea8942149174a504eff59050 - - default default] 10.0.0.198 "DELETE /v2.0/ports/e546f3cb-4282-4a56-b2b5-1074fee99943 HTTP/1.1" status: 404 len: 333 time: 0.0247805
2026-04-21 18:19:06.904 9 INFO neutron.pecan_wsgi.hooks.translation [None req-a7337066-c707-4d6d-b872-126d2fb73a41 f9285f096b944e9b9ea99a98e6152bbd e8a44ee4ea8942149174a504eff59050 - - default default] DELETE failed (client error): The resource could not be found.
2026-04-21 18:19:06.906 9 INFO neutron.wsgi [None req-a7337066-c707-4d6d-b872-126d2fb73a41 f9285f096b944e9b9ea99a98e6152bbd e8a44ee4ea8942149174a504eff59050 - - default default] 10.0.0.198 "DELETE /v2.0/subnets/90c63f8b-e307-422d-bf17-d9240637808c HTTP/1.1" status: 404 len: 337 time: 0.0201848
2026-04-21 18:19:06.933 9 INFO neutron.pecan_wsgi.hooks.translation [None req-316520c8-219e-4471-bf8b-9c645b164582 f9285f096b944e9b9ea99a98e6152bbd e8a44ee4ea8942149174a504eff59050 - - default default] DELETE failed (client error): The resource could not be found.
2026-04-21 18:19:06.936 9 INFO neutron.wsgi [None req-316520c8-219e-4471-bf8b-9c645b164582 f9285f096b944e9b9ea99a98e6152bbd e8a44ee4ea8942149174a504eff59050 - - default default] 10.0.0.198 "DELETE /v2.0/subnets/2853d25a-cc06-4bc3-85df-d33b9931f43b HTTP/1.1" status: 404 len: 337 time: 0.0252457
2026-04-21 18:19:06.943 10 INFO neutron.wsgi [req-32e4516a-5797-4f16-9fcd-b582919f8fa0 req-9dc3bea3-2056-45c7-b439-6febbd92234f df629591f36c475bb2e96a22ae0f6ed7 678127e3b3fd415ea1800b78d3dad404 - - 90a4dea5f2464fd78b906d65f1cfbe6e 90a4dea5f2464fd78b906d65f1cfbe6e] 199.19.213.151 "GET /v2.0/networks?id=6a0980e4-c128-4193-b7b8-58c457d38231 HTTP/1.1" status: 200 len: 971 time: 0.0712194
2026-04-21 18:19:06.969 10 INFO neutron.wsgi [req-32e4516a-5797-4f16-9fcd-b582919f8fa0 req-5575e007-11ff-4689-9711-3e7fd0209b53 df629591f36c475bb2e96a22ae0f6ed7 678127e3b3fd415ea1800b78d3dad404 - - 90a4dea5f2464fd78b906d65f1cfbe6e 90a4dea5f2464fd78b906d65f1cfbe6e] 199.19.213.151 "GET /v2.0/floatingips?fixed_ip_address=10.100.0.11&port_id=5fbaf15c-ca34-443a-afa8-f686db7cb446 HTTP/1.1" status: 200 len: 217 time: 0.0226240
2026-04-21 18:19:07.008 10 INFO neutron.wsgi [req-32e4516a-5797-4f16-9fcd-b582919f8fa0 req-91e005ae-4f7a-4b42-abbe-c9193d8d7be2 df629591f36c475bb2e96a22ae0f6ed7 678127e3b3fd415ea1800b78d3dad404 - - 90a4dea5f2464fd78b906d65f1cfbe6e 90a4dea5f2464fd78b906d65f1cfbe6e] 199.19.213.151 "GET /v2.0/subnets?id=ae7ba218-08ca-4e74-9976-f96a1e7e28a1 HTTP/1.1" status: 200 len: 866 time: 0.0343523
2026-04-21 18:19:07.015 9 INFO neutron.wsgi [req-0b915ebc-3e80-4739-8884-ea3ef77a5329 req-aabd4fd4-f32e-4c4a-947f-9c070bf4606a df629591f36c475bb2e96a22ae0f6ed7 678127e3b3fd415ea1800b78d3dad404 - - 90a4dea5f2464fd78b906d65f1cfbe6e 90a4dea5f2464fd78b906d65f1cfbe6e] 199.19.213.151 "GET /v2.0/ports?device_id=3e413a9d-c466-49a4-b996-9b3d70358de3 HTTP/1.1" status: 200 len: 1450 time: 0.0647452
2026-04-21 18:19:07.040 10 INFO neutron.wsgi [req-32e4516a-5797-4f16-9fcd-b582919f8fa0 req-b4e9422e-8d0c-4f88-b74c-9644b96895f4 df629591f36c475bb2e96a22ae0f6ed7 678127e3b3fd415ea1800b78d3dad404 - - 90a4dea5f2464fd78b906d65f1cfbe6e 90a4dea5f2464fd78b906d65f1cfbe6e] 199.19.213.151 "GET /v2.0/ports?network_id=6a0980e4-c128-4193-b7b8-58c457d38231&device_owner=network%3Adhcp HTTP/1.1" status: 200 len: 210 time: 0.0248129
2026-04-21 18:19:07.085 9 INFO neutron.wsgi [req-0b915ebc-3e80-4739-8884-ea3ef77a5329 req-4ae601c7-1675-4de1-94f3-f539c968e2a9 df629591f36c475bb2e96a22ae0f6ed7 678127e3b3fd415ea1800b78d3dad404 - - 90a4dea5f2464fd78b906d65f1cfbe6e 90a4dea5f2464fd78b906d65f1cfbe6e] 199.19.213.151 "GET /v2.0/security-groups?id=7a30b671-f5fa-4112-a299-863e118eee3f&id=3bd19210-e416-4d0c-8639-7b44e4ef3927&fields=id&fields=name HTTP/1.1" status: 200 len: 405 time: 0.0645645
2026-04-21 18:19:07.117 10 INFO neutron.wsgi [req-32e4516a-5797-4f16-9fcd-b582919f8fa0 req-f829f8b3-009c-47ce-b6f6-57f3b4a5670c df629591f36c475bb2e96a22ae0f6ed7 678127e3b3fd415ea1800b78d3dad404 - - 90a4dea5f2464fd78b906d65f1cfbe6e 90a4dea5f2464fd78b906d65f1cfbe6e] 199.19.213.151 "GET /v2.0/networks/6a0980e4-c128-4193-b7b8-58c457d38231?fields=segments HTTP/1.1" status: 200 len: 212 time: 0.0690236
2026-04-21 18:19:07.221 10 INFO neutron.wsgi [req-32e4516a-5797-4f16-9fcd-b582919f8fa0 req-3c88554e-f3f0-428d-af69-97cb7d6e00f2 df629591f36c475bb2e96a22ae0f6ed7 678127e3b3fd415ea1800b78d3dad404 - - 90a4dea5f2464fd78b906d65f1cfbe6e 90a4dea5f2464fd78b906d65f1cfbe6e] 199.19.213.151 "GET /v2.0/networks/6a0980e4-c128-4193-b7b8-58c457d38231?fields=provider%3Aphysical_network&fields=provider%3Anetwork_type HTTP/1.1" status: 200 len: 277 time: 0.0930092
2026-04-21 18:19:07.272 9 INFO neutron.wsgi [None req-5d3fb181-6ed7-43d6-904a-e233a8af259c f9285f096b944e9b9ea99a98e6152bbd e8a44ee4ea8942149174a504eff59050 - - default default] 10.0.0.198 "DELETE /v2.0/ports/8fd3730e-b085-40de-9cce-2c47afb4ebad HTTP/1.1" status: 204 len: 168 time: 0.3302395
2026-04-21 18:19:07.547 10 INFO neutron.wsgi [req-7007312b-e7cf-4e14-a601-b80c2c35a49e req-1ebdb48b-ffe1-4787-b22f-0736d408a2e2 796a92e9256a415abc1774e21846241f afe0505543bb46cf8a52938fe49ff8ec - - default default] 10.0.0.69 "GET /v2.0/ports?device_id=3e413a9d-c466-49a4-b996-9b3d70358de3 HTTP/1.1" status: 200 len: 1212 time: 0.0475757
2026-04-21 18:19:07.594 10 INFO neutron.wsgi [req-7007312b-e7cf-4e14-a601-b80c2c35a49e req-60d36d49-1942-42c3-9844-25ade4c70aef 796a92e9256a415abc1774e21846241f afe0505543bb46cf8a52938fe49ff8ec - - default default] 10.0.0.69 "GET /v2.0/security-groups?id=3bd19210-e416-4d0c-8639-7b44e4ef3927&id=7a30b671-f5fa-4112-a299-863e118eee3f&fields=id&fields=name HTTP/1.1" status: 200 len: 405 time: 0.0419497
2026-04-21 18:19:07.658 9 INFO neutron.services.segments.plugin [-] Segment a0bcfbae-78d6-4ddd-9787-bbf81115472e resource provider aggregate not found
2026-04-21 18:19:07.663 9 INFO neutron.services.segments.plugin [-] Segment a0bcfbae-78d6-4ddd-9787-bbf81115472e resource provider aggregate not found
2026-04-21 18:19:07.678 9 INFO neutron.services.segments.plugin [-] Segment a0bcfbae-78d6-4ddd-9787-bbf81115472e resource provider not found; error: Placement Client Error (4xx): {"errors": [{"status": 404, "title": "Not Found", "detail": "The resource could not be found.\n\n No resource provider with uuid a0bcfbae-78d6-4ddd-9787-bbf81115472e found for delete ", "request_id": "req-ae087412-7154-4091-b720-fbaaf2c26ebb"}]}
2026-04-21 18:19:07.688 9 INFO neutron.services.segments.plugin [-] Segment a0bcfbae-78d6-4ddd-9787-bbf81115472e resource provider not found; error: Placement Client Error (4xx): {"errors": [{"status": 404, "title": "Not Found", "detail": "The resource could not be found.\n\n No resource provider with uuid a0bcfbae-78d6-4ddd-9787-bbf81115472e found for delete ", "request_id": "req-b8428ba7-39c4-461e-b3f8-0f1436ea1ae7"}]}
