2026-04-21 18:21:01.652 9 INFO neutron.wsgi [None req-17d8f6ba-3bee-42a5-a4e2-5e3baad3684f c8b6fac7d5ac400cb7fea23e33a000eb 51763f3480a542019960146324148102 - - default default] 10.0.0.198 "GET /v2.0/floatingips/f8aec620-47e1-4874-9772-b8a686c0575a/tags HTTP/1.1" status: 200 len: 223 time: 0.0354216
2026-04-21 18:21:01.660 10 INFO neutron.db.ovn_revision_numbers_db [None req-5ceb3c53-a2ef-4712-93b6-5c45023b9f15 335d0c3471b04450a8ee9042d1229672 534bb253f1c847668fe5069647ed9f1e - - default default] Successfully bumped revision number for resource 9e92328f-e7e1-474c-b1ff-00a1f0de9189 (type: security_group_rules) to 0
2026-04-21 18:21:01.677 10 INFO neutron.db.ovn_revision_numbers_db [None req-5ceb3c53-a2ef-4712-93b6-5c45023b9f15 335d0c3471b04450a8ee9042d1229672 534bb253f1c847668fe5069647ed9f1e - - default default] Successfully bumped revision number for resource e320f736-7235-407b-999b-c4226b9d7480 (type: security_group_rules) to 0
2026-04-21 18:21:01.687 10 INFO neutron.db.ovn_revision_numbers_db [None req-7e34ea8f-3c25-441d-b83e-5cb1a7978b80 28ba8ff74e764a6d8242b8241a0bda70 cfd698e7711f427985c50d0da993e155 - - default default] Successfully bumped revision number for resource 6b335e01-67a1-47a1-ba6c-08ae346053e6 (type: security_group_rules) to 0
2026-04-21 18:21:01.696 9 INFO neutron.api.v2.resource [None req-59f7874d-17d1-43e9-9496-264a2ee3a08e c8b6fac7d5ac400cb7fea23e33a000eb 51763f3480a542019960146324148102 - - default default] delete failed (client error): The resource could not be found.
2026-04-21 18:21:01.697 9 INFO neutron.wsgi [None req-59f7874d-17d1-43e9-9496-264a2ee3a08e c8b6fac7d5ac400cb7fea23e33a000eb 51763f3480a542019960146324148102 - - default default] 10.0.0.198 "DELETE /v2.0/floatingips/f8aec620-47e1-4874-9772-b8a686c0575a/tags/green HTTP/1.1" status: 404 len: 299 time: 0.0403690
2026-04-21 18:21:01.707 10 INFO neutron.wsgi [None req-5ceb3c53-a2ef-4712-93b6-5c45023b9f15 335d0c3471b04450a8ee9042d1229672 534bb253f1c847668fe5069647ed9f1e - - default default] 10.0.0.198 "GET /v2.0/security-groups?tenant_id=b6762e8e448b41f0be45246d6d9afc19&name=default HTTP/1.1" status: 200 len: 3000 time: 0.4696856
2026-04-21 18:21:01.728 10 INFO neutron.wsgi [None req-7e34ea8f-3c25-441d-b83e-5cb1a7978b80 28ba8ff74e764a6d8242b8241a0bda70 cfd698e7711f427985c50d0da993e155 - - default default] 10.0.0.198 "POST /v2.0/security-group-rules HTTP/1.1" status: 201 len: 766 time: 0.2065599
2026-04-21 18:21:01.740 10 WARNING neutron_lib.context [None req-04e29d57-c83d-40be-8869-316db6ebb1d5 28ba8ff74e764a6d8242b8241a0bda70 cfd698e7711f427985c50d0da993e155 - - default default] Method 'is_advsvc' is deprecated since 2023.2 release (neutron-lib 3.8.0) and will be removed once support for the old RBAC API policies will be removed from Neutron. Please use method 'is_service_role' instead.
2026-04-21 18:21:01.783 9 INFO neutron.wsgi [None req-d6e0f08f-4d8e-47e2-a948-1888119e45b8 c8b6fac7d5ac400cb7fea23e33a000eb 51763f3480a542019960146324148102 - - default default] 10.0.0.198 "DELETE /v2.0/floatingips/f8aec620-47e1-4874-9772-b8a686c0575a/tags HTTP/1.1" status: 204 len: 168 time: 0.0808928
2026-04-21 18:21:01.786 9 WARNING neutron.plugins.ml2.drivers.ovn.mech_driver.ovsdb.ovn_client [None req-82a10772-c472-498d-82e5-634118138e5b - - - - - -] No hosting information found for port 7d4c9b35-d54a-459a-bad9-e5c32beea6fa: RuntimeError: No hosting information found for port 7d4c9b35-d54a-459a-bad9-e5c32beea6fa
2026-04-21 18:21:01.823 9 INFO neutron.wsgi [None req-42ccdd14-0403-4354-a31a-deca40ddbd14 c8b6fac7d5ac400cb7fea23e33a000eb 51763f3480a542019960146324148102 - - default default] 10.0.0.198 "GET /v2.0/floatingips/f8aec620-47e1-4874-9772-b8a686c0575a/tags HTTP/1.1" status: 200 len: 205 time: 0.0335333
2026-04-21 18:21:01.894 10 INFO neutron.db.ovn_revision_numbers_db [None req-04e29d57-c83d-40be-8869-316db6ebb1d5 28ba8ff74e764a6d8242b8241a0bda70 cfd698e7711f427985c50d0da993e155 - - default default] Successfully bumped revision number for resource 4b9cfb43-b30a-4e86-a956-4a5576771924 (type: security_group_rules) to 0
2026-04-21 18:21:01.937 10 INFO neutron.wsgi [None req-04e29d57-c83d-40be-8869-316db6ebb1d5 28ba8ff74e764a6d8242b8241a0bda70 cfd698e7711f427985c50d0da993e155 - - default default] 10.0.0.198 "POST /v2.0/security-group-rules HTTP/1.1" status: 201 len: 768 time: 0.2029963
2026-04-21 18:21:01.946 10 WARNING neutron_lib.context [None req-e614adc5-4772-4ec7-adb4-28975320f5d1 28ba8ff74e764a6d8242b8241a0bda70 cfd698e7711f427985c50d0da993e155 - - default default] Method 'is_advsvc' is deprecated since 2023.2 release (neutron-lib 3.8.0) and will be removed once support for the old RBAC API policies will be removed from Neutron. Please use method 'is_service_role' instead.
2026-04-21 18:21:01.974 9 INFO neutron.wsgi [None req-7f3ec257-21c3-41fc-b87f-3799780c5c9b 335d0c3471b04450a8ee9042d1229672 534bb253f1c847668fe5069647ed9f1e - - default default] 10.0.0.198 "DELETE /v2.0/security-groups/9e5d5483-6749-422b-ac26-408ff31ffe5e HTTP/1.1" status: 204 len: 168 time: 0.2636580
2026-04-21 18:21:02.124 10 INFO neutron.wsgi [None req-2d728b52-aff3-4107-8481-f5776d022e0e 335d0c3471b04450a8ee9042d1229672 534bb253f1c847668fe5069647ed9f1e - - default default] 10.0.0.198 "GET /v2.0/security-groups?tenant_id=0dc95b239a994b6dbf1ae2e2d45a9bfa&name=default HTTP/1.1" status: 200 len: 3000 time: 0.0547025
2026-04-21 18:21:02.165 10 INFO neutron.db.ovn_revision_numbers_db [None req-e614adc5-4772-4ec7-adb4-28975320f5d1 28ba8ff74e764a6d8242b8241a0bda70 cfd698e7711f427985c50d0da993e155 - - default default] Successfully bumped revision number for resource 9d93d911-8fff-4dec-b0c9-75dd27bfa708 (type: security_group_rules) to 0
2026-04-21 18:21:02.223 10 INFO neutron.services.segments.plugin [-] Segment f82ee8b7-8a4e-45e0-bed8-221afd7ccd8a resource provider aggregate not found
2026-04-21 18:21:02.230 10 INFO neutron.wsgi [None req-e614adc5-4772-4ec7-adb4-28975320f5d1 28ba8ff74e764a6d8242b8241a0bda70 cfd698e7711f427985c50d0da993e155 - - default default] 10.0.0.198 "POST /v2.0/security-group-rules HTTP/1.1" status: 201 len: 764 time: 0.2884774
2026-04-21 18:21:02.231 10 INFO neutron.services.segments.plugin [-] Segment f82ee8b7-8a4e-45e0-bed8-221afd7ccd8a resource provider aggregate not found
2026-04-21 18:21:02.250 10 INFO neutron.services.segments.plugin [-] Segment f82ee8b7-8a4e-45e0-bed8-221afd7ccd8a resource provider not found; error: Placement Client Error (4xx): {"errors": [{"status": 404, "title": "Not Found", "detail": "The resource could not be found.\n\n No resource provider with uuid f82ee8b7-8a4e-45e0-bed8-221afd7ccd8a found for delete ", "request_id": "req-f61e13f0-b477-423a-b3c5-f98febbc18bc"}]}
2026-04-21 18:21:02.255 10 INFO neutron.services.segments.plugin [-] Segment f82ee8b7-8a4e-45e0-bed8-221afd7ccd8a resource provider not found; error: Placement Client Error (4xx): {"errors": [{"status": 404, "title": "Not Found", "detail": "The resource could not be found.\n\n No resource provider with uuid f82ee8b7-8a4e-45e0-bed8-221afd7ccd8a found for delete ", "request_id": "req-be0ad38a-4a5b-4dd0-8715-1de091a5d65c"}]}
2026-04-21 18:21:02.309 10 INFO neutron.wsgi [None req-4a8ac464-0b5b-448f-88f2-d2213d45802d c8b6fac7d5ac400cb7fea23e33a000eb 51763f3480a542019960146324148102 - - default default] 10.0.0.198 "DELETE /v2.0/floatingips/f8aec620-47e1-4874-9772-b8a686c0575a HTTP/1.1" status: 204 len: 168 time: 0.4788327
2026-04-21 18:21:02.393 10 INFO neutron.wsgi [None req-a6af8133-a1fe-4df0-b824-0ee05fd4a545 335d0c3471b04450a8ee9042d1229672 534bb253f1c847668fe5069647ed9f1e - - default default] 10.0.0.198 "DELETE /v2.0/security-groups/76db4ce8-a7b8-4840-b373-d52e923cccf5 HTTP/1.1" status: 204 len: 168 time: 0.2639570
2026-04-21 18:21:02.440 10 INFO neutron.wsgi [req-efe648d0-3076-4900-9ef2-e2c14964676e req-6cbc367f-5385-4ffe-bb58-0d34bf794d74 28ba8ff74e764a6d8242b8241a0bda70 cfd698e7711f427985c50d0da993e155 - - default default] 10.0.0.69 "GET /v2.0/security-groups?name=tempest-lb_member_SG-553324541&fields=id&tenant_id=cfd698e7711f427985c50d0da993e155 HTTP/1.1" status: 200 len: 267 time: 0.0422819
2026-04-21 18:21:02.557 10 INFO neutron.wsgi [req-efe648d0-3076-4900-9ef2-e2c14964676e req-7ac6aae6-7b6e-4825-80df-e5e24858a9ef 28ba8ff74e764a6d8242b8241a0bda70 cfd698e7711f427985c50d0da993e155 - - default default] 10.0.0.69 "GET /v2.0/networks?id=9367b365-601d-451a-be5c-a5a8aa526372 HTTP/1.1" status: 200 len: 903 time: 0.1110451
2026-04-21 18:21:02.579 10 INFO neutron.wsgi [req-efe648d0-3076-4900-9ef2-e2c14964676e req-d7e9ef2d-456f-4623-bd11-4e9d881ba937 28ba8ff74e764a6d8242b8241a0bda70 cfd698e7711f427985c50d0da993e155 - - default default] 10.0.0.69 "GET /v2.0/quotas/cfd698e7711f427985c50d0da993e155 HTTP/1.1" status: 200 len: 386 time: 0.0133829
2026-04-21 18:21:02.637 9 INFO neutron.db.ovn_revision_numbers_db [None req-f2097256-8061-4a8e-8a4d-ca4a995a8b4a 335d0c3471b04450a8ee9042d1229672 534bb253f1c847668fe5069647ed9f1e - - default default] Successfully bumped revision number for resource 216b5260-f2db-4ac2-8906-268a5dbfc968 (type: security_groups) to 1
2026-04-21 18:21:02.655 9 INFO neutron.db.ovn_revision_numbers_db [None req-f2097256-8061-4a8e-8a4d-ca4a995a8b4a 335d0c3471b04450a8ee9042d1229672 534bb253f1c847668fe5069647ed9f1e - - default default] Successfully bumped revision number for resource 427d4089-a02d-41a7-91c0-2d5abf43fcf2 (type: security_group_rules) to 0
2026-04-21 18:21:02.672 9 INFO neutron.db.ovn_revision_numbers_db [None req-f2097256-8061-4a8e-8a4d-ca4a995a8b4a 335d0c3471b04450a8ee9042d1229672 534bb253f1c847668fe5069647ed9f1e - - default default] Successfully bumped revision number for resource 9e93ee9f-944a-4d78-bbec-ce523a9c9407 (type: security_group_rules) to 0
2026-04-21 18:21:02.689 9 INFO neutron.db.ovn_revision_numbers_db [None req-f2097256-8061-4a8e-8a4d-ca4a995a8b4a 335d0c3471b04450a8ee9042d1229672 534bb253f1c847668fe5069647ed9f1e - - default default] Successfully bumped revision number for resource e9433daa-3586-4ea5-aab7-37816df4b9db (type: security_group_rules) to 0
2026-04-21 18:21:02.709 9 INFO neutron.db.ovn_revision_numbers_db [None req-f2097256-8061-4a8e-8a4d-ca4a995a8b4a 335d0c3471b04450a8ee9042d1229672 534bb253f1c847668fe5069647ed9f1e - - default default] Successfully bumped revision number for resource f9f420d6-ee35-4364-a233-2ab1b06d7693 (type: security_group_rules) to 0
2026-04-21 18:21:02.732 9 INFO neutron.wsgi [None req-f2097256-8061-4a8e-8a4d-ca4a995a8b4a 335d0c3471b04450a8ee9042d1229672 534bb253f1c847668fe5069647ed9f1e - - default default] 10.0.0.198 "GET /v2.0/security-groups?tenant_id=4186dbf01dba4dccbaf6f4930ac48ad6&name=default HTTP/1.1" status: 200 len: 3000 time: 0.2297125
2026-04-21 18:21:02.822 10 INFO neutron.wsgi [req-efe648d0-3076-4900-9ef2-e2c14964676e req-5891efcf-ff38-42a7-9bf2-2014d7d92903 28ba8ff74e764a6d8242b8241a0bda70 cfd698e7711f427985c50d0da993e155 - - default default] 10.0.0.69 "GET /v2.0/ports?tenant_id=cfd698e7711f427985c50d0da993e155&fields=id HTTP/1.1" status: 200 len: 486 time: 0.2355366
2026-04-21 18:21:02.908 10 INFO neutron.wsgi [req-efe648d0-3076-4900-9ef2-e2c14964676e req-260b1f07-8ca3-4ed9-9064-d5740af43fd1 df629591f36c475bb2e96a22ae0f6ed7 678127e3b3fd415ea1800b78d3dad404 - - 90a4dea5f2464fd78b906d65f1cfbe6e 90a4dea5f2464fd78b906d65f1cfbe6e] 10.0.0.69 "GET /v2.0/networks/9367b365-601d-451a-be5c-a5a8aa526372?fields=segments HTTP/1.1" status: 200 len: 212 time: 0.0665636
2026-04-21 18:21:02.956 9 INFO neutron.wsgi [None req-091fcce7-3991-4a75-af93-0689916daddb 335d0c3471b04450a8ee9042d1229672 534bb253f1c847668fe5069647ed9f1e - - default default] 10.0.0.198 "DELETE /v2.0/security-groups/216b5260-f2db-4ac2-8906-268a5dbfc968 HTTP/1.1" status: 204 len: 168 time: 0.2190654
2026-04-21 18:21:02.983 10 INFO neutron.wsgi [req-efe648d0-3076-4900-9ef2-e2c14964676e req-6c7330b7-729f-45f6-ba2c-c255af1f0aa0 df629591f36c475bb2e96a22ae0f6ed7 678127e3b3fd415ea1800b78d3dad404 - - 90a4dea5f2464fd78b906d65f1cfbe6e 90a4dea5f2464fd78b906d65f1cfbe6e] 10.0.0.69 "GET /v2.0/networks/9367b365-601d-451a-be5c-a5a8aa526372?fields=provider%3Aphysical_network&fields=provider%3Anetwork_type HTTP/1.1" status: 200 len: 277 time: 0.0669863
2026-04-21 18:21:03.131 9 INFO neutron.wsgi [req-82dd70be-03da-42ec-96dd-ae122f9bedf6 req-94c077f9-248f-4fc5-8c5c-a7822713cfeb 28ba8ff74e764a6d8242b8241a0bda70 cfd698e7711f427985c50d0da993e155 - - default default] 10.0.0.69 "GET /v2.0/ports?device_id=0886975b-16f6-4fa4-9465-9685ab6c6f4d HTTP/1.1" status: 200 len: 210 time: 0.0390944
2026-04-21 18:21:03.519 10 INFO neutron.db.ovn_revision_numbers_db [None req-aef3ff06-d55e-4422-b32a-68e0effe3b40 335d0c3471b04450a8ee9042d1229672 534bb253f1c847668fe5069647ed9f1e - - default default] Successfully bumped revision number for resource 5b6056e2-480f-4d68-b074-9d637ddeaa8a (type: security_groups) to 1
2026-04-21 18:21:03.533 10 INFO neutron.db.ovn_revision_numbers_db [None req-aef3ff06-d55e-4422-b32a-68e0effe3b40 335d0c3471b04450a8ee9042d1229672 534bb253f1c847668fe5069647ed9f1e - - default default] Successfully bumped revision number for resource 06e095db-998f-4a57-9659-cad14687a043 (type: security_group_rules) to 0
2026-04-21 18:21:03.550 10 INFO neutron.db.ovn_revision_numbers_db [None req-aef3ff06-d55e-4422-b32a-68e0effe3b40 335d0c3471b04450a8ee9042d1229672 534bb253f1c847668fe5069647ed9f1e - - default default] Successfully bumped revision number for resource 3d0af333-4491-4a45-9126-eb4648cfdd96 (type: security_group_rules) to 0
2026-04-21 18:21:03.565 10 INFO neutron.db.ovn_revision_numbers_db [None req-aef3ff06-d55e-4422-b32a-68e0effe3b40 335d0c3471b04450a8ee9042d1229672 534bb253f1c847668fe5069647ed9f1e - - default default] Successfully bumped revision number for resource 80b98bea-e0b3-44ed-b9c3-cbcf672ef3f8 (type: security_group_rules) to 0
2026-04-21 18:21:03.582 10 INFO neutron.db.ovn_revision_numbers_db [None req-aef3ff06-d55e-4422-b32a-68e0effe3b40 335d0c3471b04450a8ee9042d1229672 534bb253f1c847668fe5069647ed9f1e - - default default] Successfully bumped revision number for resource a00d65f4-5098-47fc-9b67-7452a1fe3d39 (type: security_group_rules) to 0
2026-04-21 18:21:03.615 10 INFO neutron.wsgi [None req-aef3ff06-d55e-4422-b32a-68e0effe3b40 335d0c3471b04450a8ee9042d1229672 534bb253f1c847668fe5069647ed9f1e - - default default] 10.0.0.198 "GET /v2.0/security-groups?tenant_id=51763f3480a542019960146324148102&name=default HTTP/1.1" status: 200 len: 3000 time: 0.5877383
2026-04-21 18:21:03.861 9 INFO neutron.wsgi [None req-8f109b1f-4d63-4cbf-9ccf-ac0d2327b6fd 335d0c3471b04450a8ee9042d1229672 534bb253f1c847668fe5069647ed9f1e - - default default] 10.0.0.198 "DELETE /v2.0/security-groups/5b6056e2-480f-4d68-b074-9d637ddeaa8a HTTP/1.1" status: 204 len: 168 time: 0.2382638
2026-04-21 18:21:03.886 10 INFO neutron.wsgi [req-efe648d0-3076-4900-9ef2-e2c14964676e req-60ed1e01-23fc-4a9f-b613-8bbde7544fb1 28ba8ff74e764a6d8242b8241a0bda70 cfd698e7711f427985c50d0da993e155 - - default default] 199.19.213.151 "GET /v2.0/networks?id=9367b365-601d-451a-be5c-a5a8aa526372 HTTP/1.1" status: 200 len: 903 time: 0.0771494
2026-04-21 18:21:03.954 10 INFO neutron.wsgi [req-efe648d0-3076-4900-9ef2-e2c14964676e req-169ec8ef-b98d-49a2-aa07-997e5b8b40d1 28ba8ff74e764a6d8242b8241a0bda70 cfd698e7711f427985c50d0da993e155 - - default default] 199.19.213.151 "GET /v2.0/security-groups?fields=id&fields=name&tenant_id=cfd698e7711f427985c50d0da993e155 HTTP/1.1" status: 200 len: 377 time: 0.0618889
2026-04-21 18:21:03.969 10 WARNING neutron_lib.context [req-efe648d0-3076-4900-9ef2-e2c14964676e req-6caade71-fe10-4eae-9c36-7d40486a07ea 28ba8ff74e764a6d8242b8241a0bda70 cfd698e7711f427985c50d0da993e155 - - default default] Method 'is_advsvc' is deprecated since 2023.2 release (neutron-lib 3.8.0) and will be removed once support for the old RBAC API policies will be removed from Neutron. Please use method 'is_service_role' instead.
2026-04-21 18:21:04.175 9 INFO neutron.db.ovn_revision_numbers_db [None req-fdba95d5-ab0a-4d3e-afd7-bb46537adf76 335d0c3471b04450a8ee9042d1229672 534bb253f1c847668fe5069647ed9f1e - - default default] Successfully bumped revision number for resource 86a591e9-2ed9-40de-9898-aadc4cfac601 (type: security_groups) to 1
2026-04-21 18:21:04.196 9 INFO neutron.db.ovn_revision_numbers_db [None req-fdba95d5-ab0a-4d3e-afd7-bb46537adf76 335d0c3471b04450a8ee9042d1229672 534bb253f1c847668fe5069647ed9f1e - - default default] Successfully bumped revision number for resource 02fa4f46-cc21-46c2-8685-dbc9c0a70fba (type: security_group_rules) to 0
2026-04-21 18:21:04.212 9 INFO neutron.db.ovn_revision_numbers_db [None req-fdba95d5-ab0a-4d3e-afd7-bb46537adf76 335d0c3471b04450a8ee9042d1229672 534bb253f1c847668fe5069647ed9f1e - - default default] Successfully bumped revision number for resource 9004c196-c9d4-4a36-9788-e5abdf19bc5b (type: security_group_rules) to 0
2026-04-21 18:21:04.231 9 INFO neutron.db.ovn_revision_numbers_db [None req-fdba95d5-ab0a-4d3e-afd7-bb46537adf76 335d0c3471b04450a8ee9042d1229672 534bb253f1c847668fe5069647ed9f1e - - default default] Successfully bumped revision number for resource dec75c4c-5df3-4fe5-a07e-ee5ef3b5722d (type: security_group_rules) to 0
2026-04-21 18:21:04.246 9 INFO neutron.db.ovn_revision_numbers_db [None req-fdba95d5-ab0a-4d3e-afd7-bb46537adf76 335d0c3471b04450a8ee9042d1229672 534bb253f1c847668fe5069647ed9f1e - - default default] Successfully bumped revision number for resource f54496ba-df3d-4ce4-902d-543fbfa121a2 (type: security_group_rules) to 0
2026-04-21 18:21:04.275 9 INFO neutron.wsgi [None req-fdba95d5-ab0a-4d3e-afd7-bb46537adf76 335d0c3471b04450a8ee9042d1229672 534bb253f1c847668fe5069647ed9f1e - - default default] 10.0.0.198 "GET /v2.0/security-groups?tenant_id=558c0366e57e46d7a8b3667bd6dc7986&name=default HTTP/1.1" status: 200 len: 3000 time: 0.2176046
2026-04-21 18:21:04.413 10 WARNING neutron.scheduler.dhcp_agent_scheduler [req-efe648d0-3076-4900-9ef2-e2c14964676e req-6caade71-fe10-4eae-9c36-7d40486a07ea 28ba8ff74e764a6d8242b8241a0bda70 cfd698e7711f427985c50d0da993e155 - - default default] No more DHCP agents
2026-04-21 18:21:04.418 10 WARNING neutron.api.rpc.agentnotifiers.dhcp_rpc_agent_api [req-efe648d0-3076-4900-9ef2-e2c14964676e req-6caade71-fe10-4eae-9c36-7d40486a07ea 28ba8ff74e764a6d8242b8241a0bda70 cfd698e7711f427985c50d0da993e155 - - default default] Unable to schedule network 9367b365-601d-451a-be5c-a5a8aa526372: no agents available; will retry on subsequent port and subnet creation events.
2026-04-21 18:21:04.586 10 INFO neutron.wsgi [None req-276b2f64-0be7-4a91-a123-5130514dabf1 335d0c3471b04450a8ee9042d1229672 534bb253f1c847668fe5069647ed9f1e - - default default] 10.0.0.198 "DELETE /v2.0/security-groups/86a591e9-2ed9-40de-9898-aadc4cfac601 HTTP/1.1" status: 204 len: 168 time: 0.3067019
2026-04-21 18:21:04.596 10 INFO neutron.db.ovn_revision_numbers_db [req-efe648d0-3076-4900-9ef2-e2c14964676e req-6caade71-fe10-4eae-9c36-7d40486a07ea 28ba8ff74e764a6d8242b8241a0bda70 cfd698e7711f427985c50d0da993e155 - - default default] Successfully bumped revision number for resource 5b6da58c-eda3-4027-b69b-e4c6556b1764 (type: ports) to 1
2026-04-21 18:21:04.618 10 INFO neutron.wsgi [req-efe648d0-3076-4900-9ef2-e2c14964676e req-6caade71-fe10-4eae-9c36-7d40486a07ea 28ba8ff74e764a6d8242b8241a0bda70 cfd698e7711f427985c50d0da993e155 - - default default] 199.19.213.151 "POST /v2.0/ports HTTP/1.1" status: 201 len: 1384 time: 0.6587210 /var/lib/openstack/lib/python3.10/site-packages/pycadf/identifier.py:71: UserWarning: Invalid uuid: neutron. To ensure interoperability, identifiers should be a valid uuid. warnings.warn(('Invalid uuid: %s. To ensure interoperability, '
2026-04-21 18:21:05.309 10 INFO neutron.db.ovn_revision_numbers_db [req-efe648d0-3076-4900-9ef2-e2c14964676e req-d8e28439-fcd5-4736-87ca-b0d48cfb2dca df629591f36c475bb2e96a22ae0f6ed7 678127e3b3fd415ea1800b78d3dad404 - - 90a4dea5f2464fd78b906d65f1cfbe6e 90a4dea5f2464fd78b906d65f1cfbe6e] Successfully bumped revision number for resource 5b6da58c-eda3-4027-b69b-e4c6556b1764 (type: ports) to 2
2026-04-21 18:21:05.525 10 INFO neutron.db.ovn_revision_numbers_db [req-efe648d0-3076-4900-9ef2-e2c14964676e req-d8e28439-fcd5-4736-87ca-b0d48cfb2dca df629591f36c475bb2e96a22ae0f6ed7 678127e3b3fd415ea1800b78d3dad404 - - 90a4dea5f2464fd78b906d65f1cfbe6e 90a4dea5f2464fd78b906d65f1cfbe6e] Successfully bumped revision number for resource 5b6da58c-eda3-4027-b69b-e4c6556b1764 (type: ports) to 2
2026-04-21 18:21:05.550 10 INFO neutron.wsgi [req-efe648d0-3076-4900-9ef2-e2c14964676e req-d8e28439-fcd5-4736-87ca-b0d48cfb2dca df629591f36c475bb2e96a22ae0f6ed7 678127e3b3fd415ea1800b78d3dad404 - - 90a4dea5f2464fd78b906d65f1cfbe6e 90a4dea5f2464fd78b906d65f1cfbe6e] 199.19.213.151 "PUT /v2.0/ports/5b6da58c-eda3-4027-b69b-e4c6556b1764 HTTP/1.1" status: 200 len: 1601 time: 0.9193871
2026-04-21 18:21:05.586 10 INFO neutron.notifiers.nova [-] Nova event matching ['req-2f8deacc-b40d-4819-a83f-6fa635fc682d'] response: {'name': 'network-changed', 'server_uuid': '0886975b-16f6-4fa4-9465-9685ab6c6f4d', 'tag': '5b6da58c-eda3-4027-b69b-e4c6556b1764', 'status': 'completed', 'code': 200} /var/lib/openstack/lib/python3.10/site-packages/pycadf/identifier.py:71: UserWarning: Invalid uuid: neutron. To ensure interoperability, identifiers should be a valid uuid. warnings.warn(('Invalid uuid: %s. To ensure interoperability, '
2026-04-21 18:21:05.640 10 INFO neutron.wsgi [req-efe648d0-3076-4900-9ef2-e2c14964676e req-7c50f40f-4cb9-45a6-8a1d-099098de966b df629591f36c475bb2e96a22ae0f6ed7 678127e3b3fd415ea1800b78d3dad404 - - 90a4dea5f2464fd78b906d65f1cfbe6e 90a4dea5f2464fd78b906d65f1cfbe6e] 199.19.213.151 "GET /v2.0/ports?tenant_id=cfd698e7711f427985c50d0da993e155&device_id=0886975b-16f6-4fa4-9465-9685ab6c6f4d HTTP/1.1" status: 200 len: 1632 time: 0.0508409
2026-04-21 18:21:05.675 10 INFO neutron.wsgi [req-efe648d0-3076-4900-9ef2-e2c14964676e req-1ea2ed40-196c-4c19-8c57-5c5b2065ab55 df629591f36c475bb2e96a22ae0f6ed7 678127e3b3fd415ea1800b78d3dad404 - - 90a4dea5f2464fd78b906d65f1cfbe6e 90a4dea5f2464fd78b906d65f1cfbe6e] 199.19.213.151 "GET /v2.0/floatingips?fixed_ip_address=10.2.1.38&port_id=5b6da58c-eda3-4027-b69b-e4c6556b1764 HTTP/1.1" status: 200 len: 217 time: 0.0310371
2026-04-21 18:21:05.706 10 INFO neutron.wsgi [req-efe648d0-3076-4900-9ef2-e2c14964676e req-d563e126-cd2d-4fca-b95a-c35a027179b9 df629591f36c475bb2e96a22ae0f6ed7 678127e3b3fd415ea1800b78d3dad404 - - 90a4dea5f2464fd78b906d65f1cfbe6e 90a4dea5f2464fd78b906d65f1cfbe6e] 199.19.213.151 "GET /v2.0/floatingips?fixed_ip_address=fd7b%3Af9f7%3Afff%3A4eca%3A%3A2ea&port_id=5b6da58c-eda3-4027-b69b-e4c6556b1764 HTTP/1.1" status: 200 len: 217 time: 0.0263853
2026-04-21 18:21:05.766 10 INFO neutron.wsgi [req-efe648d0-3076-4900-9ef2-e2c14964676e req-093f9a04-b2d4-4b40-919e-884ed5a0cf01 df629591f36c475bb2e96a22ae0f6ed7 678127e3b3fd415ea1800b78d3dad404 - - 90a4dea5f2464fd78b906d65f1cfbe6e 90a4dea5f2464fd78b906d65f1cfbe6e] 199.19.213.151 "GET /v2.0/subnets?id=1322e943-bcd0-45f9-bfa3-c95755fe6cec&id=3dda4a43-a00c-4362-8bb3-12207caa7f11 HTTP/1.1" status: 200 len: 1560 time: 0.0510368
2026-04-21 18:21:05.808 10 INFO neutron.wsgi [req-efe648d0-3076-4900-9ef2-e2c14964676e req-41fe57f0-ba34-4a16-9d17-861c19cfd1df df629591f36c475bb2e96a22ae0f6ed7 678127e3b3fd415ea1800b78d3dad404 - - 90a4dea5f2464fd78b906d65f1cfbe6e 90a4dea5f2464fd78b906d65f1cfbe6e] 199.19.213.151 "GET /v2.0/ports?network_id=9367b365-601d-451a-be5c-a5a8aa526372&device_owner=network%3Adhcp HTTP/1.1" status: 200 len: 210 time: 0.0340877
2026-04-21 18:21:05.841 10 INFO neutron.wsgi [req-efe648d0-3076-4900-9ef2-e2c14964676e req-1450992a-3e10-4c73-a071-5c8d0a0ff540 df629591f36c475bb2e96a22ae0f6ed7 678127e3b3fd415ea1800b78d3dad404 - - 90a4dea5f2464fd78b906d65f1cfbe6e 90a4dea5f2464fd78b906d65f1cfbe6e] 199.19.213.151 "GET /v2.0/ports?network_id=9367b365-601d-451a-be5c-a5a8aa526372&device_owner=network%3Adhcp HTTP/1.1" status: 200 len: 210 time: 0.0238793
2026-04-21 18:21:05.912 10 INFO neutron.wsgi [req-efe648d0-3076-4900-9ef2-e2c14964676e req-6c1e5726-c999-455f-8c40-6a38953e036e df629591f36c475bb2e96a22ae0f6ed7 678127e3b3fd415ea1800b78d3dad404 - - 90a4dea5f2464fd78b906d65f1cfbe6e 90a4dea5f2464fd78b906d65f1cfbe6e] 199.19.213.151 "GET /v2.0/networks/9367b365-601d-451a-be5c-a5a8aa526372?fields=segments HTTP/1.1" status: 200 len: 212 time: 0.0617912
2026-04-21 18:21:05.990 10 INFO neutron.wsgi [req-efe648d0-3076-4900-9ef2-e2c14964676e req-41073e68-0802-4add-a169-69d1925ee9c4 df629591f36c475bb2e96a22ae0f6ed7 678127e3b3fd415ea1800b78d3dad404 - - 90a4dea5f2464fd78b906d65f1cfbe6e 90a4dea5f2464fd78b906d65f1cfbe6e] 199.19.213.151 "GET /v2.0/networks/9367b365-601d-451a-be5c-a5a8aa526372?fields=provider%3Aphysical_network&fields=provider%3Anetwork_type HTTP/1.1" status: 200 len: 277 time: 0.0698490
2026-04-21 18:21:06.073 10 INFO neutron.wsgi [req-48159678-8ce5-4352-9e9e-a92e0fd6b97a req-17730b48-caa5-422e-84e4-55dd6a5bf413 df629591f36c475bb2e96a22ae0f6ed7 678127e3b3fd415ea1800b78d3dad404 - - 90a4dea5f2464fd78b906d65f1cfbe6e 90a4dea5f2464fd78b906d65f1cfbe6e] 199.19.213.151 "GET /v2.0/ports?tenant_id=cfd698e7711f427985c50d0da993e155&device_id=0886975b-16f6-4fa4-9465-9685ab6c6f4d HTTP/1.1" status: 200 len: 1632 time: 0.0460336
2026-04-21 18:21:06.192 10 INFO neutron.wsgi [req-48159678-8ce5-4352-9e9e-a92e0fd6b97a req-1da4ecba-e343-4340-9534-ba1f81f59975 df629591f36c475bb2e96a22ae0f6ed7 678127e3b3fd415ea1800b78d3dad404 - - 90a4dea5f2464fd78b906d65f1cfbe6e 90a4dea5f2464fd78b906d65f1cfbe6e] 199.19.213.151 "GET /v2.0/networks?id=9367b365-601d-451a-be5c-a5a8aa526372 HTTP/1.1" status: 200 len: 1002 time: 0.1115391
2026-04-21 18:21:06.223 9 INFO neutron.plugins.ml2.drivers.ovn.mech_driver.mech_driver [None req-82a10772-c472-498d-82e5-634118138e5b - - - - - -] OVN reports status up for port: 5b6da58c-eda3-4027-b69b-e4c6556b1764
2026-04-21 18:21:06.230 10 INFO neutron.wsgi [req-48159678-8ce5-4352-9e9e-a92e0fd6b97a req-a2c79ddb-57b0-44a0-abfe-a092c583fa3d df629591f36c475bb2e96a22ae0f6ed7 678127e3b3fd415ea1800b78d3dad404 - - 90a4dea5f2464fd78b906d65f1cfbe6e 90a4dea5f2464fd78b906d65f1cfbe6e] 199.19.213.151 "GET /v2.0/floatingips?fixed_ip_address=10.2.1.38&port_id=5b6da58c-eda3-4027-b69b-e4c6556b1764 HTTP/1.1" status: 200 len: 217 time: 0.0320945
2026-04-21 18:21:06.241 9 INFO neutron.plugins.ml2.plugin [None req-82a10772-c472-498d-82e5-634118138e5b - - - - - -] Attempt 1 to provision port 5b6da58c-eda3-4027-b69b-e4c6556b1764
2026-04-21 18:21:06.297 10 INFO neutron.wsgi [req-48159678-8ce5-4352-9e9e-a92e0fd6b97a req-138b1ae2-107f-4bcc-9dda-be648a3bf636 df629591f36c475bb2e96a22ae0f6ed7 678127e3b3fd415ea1800b78d3dad404 - - 90a4dea5f2464fd78b906d65f1cfbe6e 90a4dea5f2464fd78b906d65f1cfbe6e] 199.19.213.151 "GET /v2.0/floatingips?fixed_ip_address=fd7b%3Af9f7%3Afff%3A4eca%3A%3A2ea&port_id=5b6da58c-eda3-4027-b69b-e4c6556b1764 HTTP/1.1" status: 200 len: 217 time: 0.0581152
2026-04-21 18:21:06.340 10 WARNING neutron.plugins.ml2.drivers.ovn.mech_driver.ovsdb.ovn_client [None req-addf92fb-e432-4d94-b969-7e471586b076 - - - - - -] No hosting information found for port 5dca8d39-0e93-4d12-9b70-49e4f57e9109: RuntimeError: No hosting information found for port 5dca8d39-0e93-4d12-9b70-49e4f57e9109
2026-04-21 18:21:06.359 10 INFO neutron.wsgi [req-48159678-8ce5-4352-9e9e-a92e0fd6b97a req-c5d7963a-16eb-41e2-b58b-8ce115d300f4 df629591f36c475bb2e96a22ae0f6ed7 678127e3b3fd415ea1800b78d3dad404 - - 90a4dea5f2464fd78b906d65f1cfbe6e 90a4dea5f2464fd78b906d65f1cfbe6e] 199.19.213.151 "GET /v2.0/subnets?id=1322e943-bcd0-45f9-bfa3-c95755fe6cec&id=3dda4a43-a00c-4362-8bb3-12207caa7f11 HTTP/1.1" status: 200 len: 1560 time: 0.0576451
2026-04-21 18:21:06.391 10 INFO neutron.wsgi [req-48159678-8ce5-4352-9e9e-a92e0fd6b97a req-ed4ac89c-c5b5-4271-bd6b-fc328e0860f0 df629591f36c475bb2e96a22ae0f6ed7 678127e3b3fd415ea1800b78d3dad404 - - 90a4dea5f2464fd78b906d65f1cfbe6e 90a4dea5f2464fd78b906d65f1cfbe6e] 199.19.213.151 "GET /v2.0/ports?network_id=9367b365-601d-451a-be5c-a5a8aa526372&device_owner=network%3Adhcp HTTP/1.1" status: 200 len: 210 time: 0.0251887
2026-04-21 18:21:06.398 9 INFO neutron.notifiers.nova [-] Nova event matching ['req-3a2c38dd-b74c-4069-a832-b9d17b4035e0'] response: {'server_uuid': '0886975b-16f6-4fa4-9465-9685ab6c6f4d', 'name': 'network-vif-plugged', 'status': 'completed', 'tag': '5b6da58c-eda3-4027-b69b-e4c6556b1764', 'code': 200}
2026-04-21 18:21:06.424 10 INFO neutron.wsgi [req-48159678-8ce5-4352-9e9e-a92e0fd6b97a req-c1cc65ab-e980-4219-b4b1-4ea03088d423 df629591f36c475bb2e96a22ae0f6ed7 678127e3b3fd415ea1800b78d3dad404 - - 90a4dea5f2464fd78b906d65f1cfbe6e 90a4dea5f2464fd78b906d65f1cfbe6e] 199.19.213.151 "GET /v2.0/ports?network_id=9367b365-601d-451a-be5c-a5a8aa526372&device_owner=network%3Adhcp HTTP/1.1" status: 200 len: 210 time: 0.0222077
2026-04-21 18:21:06.487 10 INFO neutron.wsgi [req-48159678-8ce5-4352-9e9e-a92e0fd6b97a req-e9b98f68-c833-440c-908b-f9181a14fea8 df629591f36c475bb2e96a22ae0f6ed7 678127e3b3fd415ea1800b78d3dad404 - - 90a4dea5f2464fd78b906d65f1cfbe6e 90a4dea5f2464fd78b906d65f1cfbe6e] 199.19.213.151 "GET /v2.0/networks/9367b365-601d-451a-be5c-a5a8aa526372?fields=segments HTTP/1.1" status: 200 len: 212 time: 0.0554020
2026-04-21 18:21:06.567 10 INFO neutron.wsgi [req-48159678-8ce5-4352-9e9e-a92e0fd6b97a req-488702a2-2231-4039-a8f9-a17e3a23a4d9 df629591f36c475bb2e96a22ae0f6ed7 678127e3b3fd415ea1800b78d3dad404 - - 90a4dea5f2464fd78b906d65f1cfbe6e 90a4dea5f2464fd78b906d65f1cfbe6e] 199.19.213.151 "GET /v2.0/networks/9367b365-601d-451a-be5c-a5a8aa526372?fields=provider%3Aphysical_network&fields=provider%3Anetwork_type HTTP/1.1" status: 200 len: 277 time: 0.0693402
2026-04-21 18:21:06.591 9 INFO neutron.db.ovn_revision_numbers_db [None req-82a10772-c472-498d-82e5-634118138e5b - - - - - -] Successfully bumped revision number for resource 5b6da58c-eda3-4027-b69b-e4c6556b1764 (type: ports) to 4
2026-04-21 18:21:07.382 10 WARNING neutron_lib.context [None req-85cac990-08c2-4ce1-8090-b2393add21ad 596e9f50681944479fd58beeac2ba7df a5cc8f10297742dc9639a0743841de6d - - default default] Method 'is_advsvc' is deprecated since 2023.2 release (neutron-lib 3.8.0) and will be removed once support for the old RBAC API policies will be removed from Neutron. Please use method 'is_service_role' instead.
2026-04-21 18:21:07.528 10 INFO neutron.db.ovn_revision_numbers_db [None req-85cac990-08c2-4ce1-8090-b2393add21ad 596e9f50681944479fd58beeac2ba7df a5cc8f10297742dc9639a0743841de6d - - default default] Successfully bumped revision number for resource 26ad9875-63fc-4e86-bf41-7153cef0302b (type: security_groups) to 1
2026-04-21 18:21:07.542 10 INFO neutron.db.ovn_revision_numbers_db [None req-85cac990-08c2-4ce1-8090-b2393add21ad 596e9f50681944479fd58beeac2ba7df a5cc8f10297742dc9639a0743841de6d - - default default] Successfully bumped revision number for resource 407f6477-b1a3-4a4b-9509-9fa0e1bd3b16 (type: security_group_rules) to 0
2026-04-21 18:21:07.555 10 INFO neutron.db.ovn_revision_numbers_db [None req-85cac990-08c2-4ce1-8090-b2393add21ad 596e9f50681944479fd58beeac2ba7df a5cc8f10297742dc9639a0743841de6d - - default default] Successfully bumped revision number for resource 57d27548-1dee-4dde-9774-656c29669b11 (type: security_group_rules) to 0
2026-04-21 18:21:07.569 10 INFO neutron.db.ovn_revision_numbers_db [None req-85cac990-08c2-4ce1-8090-b2393add21ad 596e9f50681944479fd58beeac2ba7df a5cc8f10297742dc9639a0743841de6d - - default default] Successfully bumped revision number for resource 7e1741ce-0c00-4ee0-b6f2-7120c8610a02 (type: security_group_rules) to 0
2026-04-21 18:21:07.582 10 INFO neutron.db.ovn_revision_numbers_db [None req-85cac990-08c2-4ce1-8090-b2393add21ad 596e9f50681944479fd58beeac2ba7df a5cc8f10297742dc9639a0743841de6d - - default default] Successfully bumped revision number for resource a941076b-4142-4a0a-9a51-009ec6ce2fcc (type: security_group_rules) to 0
2026-04-21 18:21:07.634 10 INFO neutron.db.segments_db [None req-85cac990-08c2-4ce1-8090-b2393add21ad 596e9f50681944479fd58beeac2ba7df a5cc8f10297742dc9639a0743841de6d - - default default] Added segment 99f1e912-0bd8-4774-80cb-94b39817a481 of type geneve for network 6406016e-a7f8-46b9-b555-ba34bc237bce
2026-04-21 18:21:07.785 10 INFO neutron.db.ovn_revision_numbers_db [None req-85cac990-08c2-4ce1-8090-b2393add21ad 596e9f50681944479fd58beeac2ba7df a5cc8f10297742dc9639a0743841de6d - - default default] Successfully bumped revision number for resource 6406016e-a7f8-46b9-b555-ba34bc237bce (type: networks) to 1 /var/lib/openstack/lib/python3.10/site-packages/pycadf/identifier.py:71: UserWarning: Invalid uuid: neutron. To ensure interoperability, identifiers should be a valid uuid. warnings.warn(('Invalid uuid: %s. To ensure interoperability, '
2026-04-21 18:21:07.889 9 WARNING neutron_lib.context [None req-3393e738-e2b5-4768-a137-4cd2ee84634c 0b1035b463aa4691b8b0a0767b6d7949 b431eec9e8014f71a625ff6d517e771f - - default default] Method 'is_advsvc' is deprecated since 2023.2 release (neutron-lib 3.8.0) and will be removed once support for the old RBAC API policies will be removed from Neutron. Please use method 'is_service_role' instead.
2026-04-21 18:21:07.968 10 WARNING neutron.scheduler.dhcp_agent_scheduler [None req-85cac990-08c2-4ce1-8090-b2393add21ad 596e9f50681944479fd58beeac2ba7df a5cc8f10297742dc9639a0743841de6d - - default default] No more DHCP agents
2026-04-21 18:21:07.970 10 WARNING neutron.api.rpc.agentnotifiers.dhcp_rpc_agent_api [None req-85cac990-08c2-4ce1-8090-b2393add21ad 596e9f50681944479fd58beeac2ba7df a5cc8f10297742dc9639a0743841de6d - - default default] Unable to schedule network 6406016e-a7f8-46b9-b555-ba34bc237bce: no agents available; will retry on subsequent port and subnet creation events.
2026-04-21 18:21:08.047 9 INFO neutron.db.ovn_revision_numbers_db [None req-3393e738-e2b5-4768-a137-4cd2ee84634c 0b1035b463aa4691b8b0a0767b6d7949 b431eec9e8014f71a625ff6d517e771f - - default default] Successfully bumped revision number for resource 5605b94b-a3bf-4311-8025-ac497d704a64 (type: routers) to 1
2026-04-21 18:21:08.058 10 INFO neutron.db.ovn_revision_numbers_db [None req-85cac990-08c2-4ce1-8090-b2393add21ad 596e9f50681944479fd58beeac2ba7df a5cc8f10297742dc9639a0743841de6d - - default default] Successfully bumped revision number for resource 5c2538d8-8c22-4638-994a-aa8cef1040a2 (type: ports) to 1
2026-04-21 18:21:08.063 9 INFO neutron.wsgi [None req-3393e738-e2b5-4768-a137-4cd2ee84634c 0b1035b463aa4691b8b0a0767b6d7949 b431eec9e8014f71a625ff6d517e771f - - default default] 10.0.0.198 "POST /v2.0/routers HTTP/1.1" status: 201 len: 654 time: 0.2428310
2026-04-21 18:21:08.103 10 INFO neutron.wsgi [None req-85cac990-08c2-4ce1-8090-b2393add21ad 596e9f50681944479fd58beeac2ba7df a5cc8f10297742dc9639a0743841de6d - - default default] 10.0.0.198 "POST /v2.0/networks HTTP/1.1" status: 201 len: 830 time: 0.8983736
2026-04-21 18:21:08.114 9 WARNING neutron_lib.context [None req-b8773d54-3450-4afd-ac51-7332b0c306b1 596e9f50681944479fd58beeac2ba7df a5cc8f10297742dc9639a0743841de6d - - default default] Method 'is_advsvc' is deprecated since 2023.2 release (neutron-lib 3.8.0) and will be removed once support for the old RBAC API policies will be removed from Neutron. Please use method 'is_service_role' instead.
2026-04-21 18:21:08.158 10 INFO neutron.wsgi [None req-981e3cc0-9744-46a6-aea0-178be1b7e8e4 0b1035b463aa4691b8b0a0767b6d7949 b431eec9e8014f71a625ff6d517e771f - - default default] 10.0.0.198 "PUT /v2.0/routers/5605b94b-a3bf-4311-8025-ac497d704a64/tags HTTP/1.1" status: 200 len: 218 time: 0.0893703
2026-04-21 18:21:08.221 10 INFO neutron.wsgi [None req-a49a413d-01a8-4d49-be98-27b219c45891 0b1035b463aa4691b8b0a0767b6d7949 b431eec9e8014f71a625ff6d517e771f - - default default] 10.0.0.198 "GET /v2.0/routers/5605b94b-a3bf-4311-8025-ac497d704a64/tags HTTP/1.1" status: 200 len: 218 time: 0.0587018
2026-04-21 18:21:08.286 10 INFO neutron.wsgi [None req-9a5e8b42-f87c-4a62-b46f-3cc91d1b1e28 0b1035b463aa4691b8b0a0767b6d7949 b431eec9e8014f71a625ff6d517e771f - - default default] 10.0.0.198 "PUT /v2.0/routers/5605b94b-a3bf-4311-8025-ac497d704a64/tags/green HTTP/1.1" status: 201 len: 201 time: 0.0596921
2026-04-21 18:21:08.344 10 INFO neutron.wsgi [None req-67b7466c-422e-40db-9db9-37a737667bb7 0b1035b463aa4691b8b0a0767b6d7949 b431eec9e8014f71a625ff6d517e771f - - default default] 10.0.0.198 "GET /v2.0/routers/5605b94b-a3bf-4311-8025-ac497d704a64/tags HTTP/1.1" status: 200 len: 227 time: 0.0527961
2026-04-21 18:21:08.401 10 INFO neutron.wsgi [None req-c92ba29f-3e70-4aec-b60f-028db416c8f7 0b1035b463aa4691b8b0a0767b6d7949 b431eec9e8014f71a625ff6d517e771f - - default default] 10.0.0.198 "PUT /v2.0/routers/5605b94b-a3bf-4311-8025-ac497d704a64/tags/red HTTP/1.1" status: 201 len: 201 time: 0.0526984
2026-04-21 18:21:08.445 9 INFO neutron.notifiers.nova [-] Nova event matching ['req-5ff1b9af-3b0e-4558-ba1f-b304914a0621'] response: {'server_uuid': '0886975b-16f6-4fa4-9465-9685ab6c6f4d', 'name': 'network-vif-plugged', 'status': 'completed', 'tag': '5b6da58c-eda3-4027-b69b-e4c6556b1764', 'code': 200}
2026-04-21 18:21:08.460 10 INFO neutron.wsgi [None req-b2c17076-8143-47d0-81b1-329750addb36 0b1035b463aa4691b8b0a0767b6d7949 b431eec9e8014f71a625ff6d517e771f - - default default] 10.0.0.198 "GET /v2.0/routers/5605b94b-a3bf-4311-8025-ac497d704a64/tags HTTP/1.1" status: 200 len: 227 time: 0.0535917
2026-04-21 18:21:08.468 9 INFO neutron.wsgi [req-51d27c87-b11d-4312-939d-cde5d5bb0ef3 req-2990995b-e491-4e48-a31c-46b77dc09fd3 28ba8ff74e764a6d8242b8241a0bda70 cfd698e7711f427985c50d0da993e155 - - default default] 10.0.0.69 "GET /v2.0/ports?device_id=0886975b-16f6-4fa4-9465-9685ab6c6f4d HTTP/1.1" status: 200 len: 1396 time: 0.1391714
2026-04-21 18:21:08.533 10 INFO neutron.wsgi [None req-40fb9047-9179-47b5-8a09-1a62fef5a87c 0b1035b463aa4691b8b0a0767b6d7949 b431eec9e8014f71a625ff6d517e771f - - default default] 10.0.0.198 "PUT /v2.0/routers/5605b94b-a3bf-4311-8025-ac497d704a64/tags/black.or.white HTTP/1.1" status: 201 len: 201 time: 0.0680950
2026-04-21 18:21:08.534 9 INFO neutron.wsgi [req-51d27c87-b11d-4312-939d-cde5d5bb0ef3 req-9a899804-4d54-4c98-9fd9-36f19e2b7608 28ba8ff74e764a6d8242b8241a0bda70 cfd698e7711f427985c50d0da993e155 - - default default] 10.0.0.69 "GET /v2.0/security-groups?id=fbf5ecf3-ebd4-4818-b864-de1fbe504f53&fields=id&fields=name HTTP/1.1" status: 200 len: 310 time: 0.0614917
2026-04-21 18:21:08.620 10 INFO neutron.wsgi [None req-d1f9bfb6-35f8-4fae-950c-128dc558c1f7 0b1035b463aa4691b8b0a0767b6d7949 b431eec9e8014f71a625ff6d517e771f - - default default] 10.0.0.198 "GET /v2.0/routers/5605b94b-a3bf-4311-8025-ac497d704a64/tags HTTP/1.1" status: 200 len: 245 time: 0.0800819
2026-04-21 18:21:08.635 9 WARNING neutron.scheduler.dhcp_agent_scheduler [None req-b8773d54-3450-4afd-ac51-7332b0c306b1 596e9f50681944479fd58beeac2ba7df a5cc8f10297742dc9639a0743841de6d - - default default] No more DHCP agents
2026-04-21 18:21:08.637 9 WARNING neutron.api.rpc.agentnotifiers.dhcp_rpc_agent_api [None req-b8773d54-3450-4afd-ac51-7332b0c306b1 596e9f50681944479fd58beeac2ba7df a5cc8f10297742dc9639a0743841de6d - - default default] Unable to schedule network 6406016e-a7f8-46b9-b555-ba34bc237bce: no agents available; will retry on subsequent port and subnet creation events.
2026-04-21 18:21:08.704 10 INFO neutron.wsgi [None req-cacfbe83-e916-489b-a170-787bfd980dd1 0b1035b463aa4691b8b0a0767b6d7949 b431eec9e8014f71a625ff6d517e771f - - default default] 10.0.0.198 "PUT /v2.0/routers/5605b94b-a3bf-4311-8025-ac497d704a64/tags HTTP/1.1" status: 200 len: 230 time: 0.0788295
2026-04-21 18:21:08.712 10 INFO neutron.wsgi [None req-53ec9647-448f-440a-a434-c154c46b4bd6 28ba8ff74e764a6d8242b8241a0bda70 cfd698e7711f427985c50d0da993e155 - - default default] 10.0.0.198 "GET /v2.0/ports?network_id=9367b365-601d-451a-be5c-a5a8aa526372&mac_address=fa%3A16%3A3e%3A48%3A6d%3Aee HTTP/1.1" status: 200 len: 1391 time: 0.1403022
2026-04-21 18:21:08.721 10 WARNING neutron_lib.context [None req-69776309-6913-4863-a18e-92f0a5d93c49 28ba8ff74e764a6d8242b8241a0bda70 cfd698e7711f427985c50d0da993e155 - - default default] Method 'is_advsvc' is deprecated since 2023.2 release (neutron-lib 3.8.0) and will be removed once support for the old RBAC API policies will be removed from Neutron. Please use method 'is_service_role' instead.
2026-04-21 18:21:08.763 10 INFO neutron.wsgi [None req-b9d408d7-d416-48ba-b94d-51bb22ef5925 0b1035b463aa4691b8b0a0767b6d7949 b431eec9e8014f71a625ff6d517e771f - - default default] 10.0.0.198 "GET /v2.0/routers/5605b94b-a3bf-4311-8025-ac497d704a64/tags HTTP/1.1" status: 200 len: 230 time: 0.0507708
2026-04-21 18:21:08.832 10 INFO neutron.wsgi [None req-5338ee6a-6f52-46cc-9ecb-4ca34c76d504 0b1035b463aa4691b8b0a0767b6d7949 b431eec9e8014f71a625ff6d517e771f - - default default] 10.0.0.198 "GET /v2.0/routers/5605b94b-a3bf-4311-8025-ac497d704a64/tags/red HTTP/1.1" status: 204 len: 168 time: 0.0619845
2026-04-21 18:21:08.893 10 INFO neutron.api.v2.resource [None req-37a6ceb0-af75-45b4-81fd-2ecdc1cadd0e 0b1035b463aa4691b8b0a0767b6d7949 b431eec9e8014f71a625ff6d517e771f - - default default] show failed (client error): The resource could not be found.
2026-04-21 18:21:08.894 10 INFO neutron.wsgi [None req-37a6ceb0-af75-45b4-81fd-2ecdc1cadd0e 0b1035b463aa4691b8b0a0767b6d7949 b431eec9e8014f71a625ff6d517e771f - - default default] 10.0.0.198 "GET /v2.0/routers/5605b94b-a3bf-4311-8025-ac497d704a64/tags/green HTTP/1.1" status: 404 len: 299 time: 0.0570753
2026-04-21 18:21:08.978 10 INFO neutron.wsgi [None req-ed5f7785-897d-4702-8733-815ad5f6508c 0b1035b463aa4691b8b0a0767b6d7949 b431eec9e8014f71a625ff6d517e771f - - default default] 10.0.0.198 "DELETE /v2.0/routers/5605b94b-a3bf-4311-8025-ac497d704a64/tags/red HTTP/1.1" status: 204 len: 168 time: 0.0788064
2026-04-21 18:21:09.055 9 INFO neutron.wsgi [None req-c73dd00a-699c-4d3b-a61b-d5a3924baa06 0b1035b463aa4691b8b0a0767b6d7949 b431eec9e8014f71a625ff6d517e771f - - default default] 10.0.0.198 "GET /v2.0/routers/5605b94b-a3bf-4311-8025-ac497d704a64/tags HTTP/1.1" status: 200 len: 223 time: 0.0708294
2026-04-21 18:21:09.108 10 WARNING neutron.scheduler.dhcp_agent_scheduler [None req-69776309-6913-4863-a18e-92f0a5d93c49 28ba8ff74e764a6d8242b8241a0bda70 cfd698e7711f427985c50d0da993e155 - - default default] No more DHCP agents
2026-04-21 18:21:09.110 10 WARNING neutron.api.rpc.agentnotifiers.dhcp_rpc_agent_api [None req-69776309-6913-4863-a18e-92f0a5d93c49 28ba8ff74e764a6d8242b8241a0bda70 cfd698e7711f427985c50d0da993e155 - - default default] Unable to schedule network 4e6ca672-4ef0-4cea-af03-c4e4d382f64c: no agents available; will retry on subsequent port and subnet creation events.
2026-04-21 18:21:09.157 9 INFO neutron.api.v2.resource [None req-444222f9-4f78-4d3b-9ebc-d4c65f7364ab 0b1035b463aa4691b8b0a0767b6d7949 b431eec9e8014f71a625ff6d517e771f - - default default] delete failed (client error): The resource could not be found.
2026-04-21 18:21:09.158 9 INFO neutron.wsgi [None req-444222f9-4f78-4d3b-9ebc-d4c65f7364ab 0b1035b463aa4691b8b0a0767b6d7949 b431eec9e8014f71a625ff6d517e771f - - default default] 10.0.0.198 "DELETE /v2.0/routers/5605b94b-a3bf-4311-8025-ac497d704a64/tags/green HTTP/1.1" status: 404 len: 299 time: 0.0959854
2026-04-21 18:21:09.259 9 INFO neutron.wsgi [None req-45832494-1d94-4a29-bc21-2cd440c95ebc 0b1035b463aa4691b8b0a0767b6d7949 b431eec9e8014f71a625ff6d517e771f - - default default] 10.0.0.198 "DELETE /v2.0/routers/5605b94b-a3bf-4311-8025-ac497d704a64/tags HTTP/1.1" status: 204 len: 168 time: 0.0960801
2026-04-21 18:21:09.269 9 INFO neutron.db.ovn_revision_numbers_db [None req-b8773d54-3450-4afd-ac51-7332b0c306b1 596e9f50681944479fd58beeac2ba7df a5cc8f10297742dc9639a0743841de6d - - default default] Successfully bumped revision number for resource 5c2538d8-8c22-4638-994a-aa8cef1040a2 (type: ports) to 2
2026-04-21 18:21:09.302 9 INFO neutron.db.ovn_revision_numbers_db [None req-b8773d54-3450-4afd-ac51-7332b0c306b1 596e9f50681944479fd58beeac2ba7df a5cc8f10297742dc9639a0743841de6d - - default default] Successfully bumped revision number for resource 86929453-1df4-4c25-b7e1-54fefd1173eb (type: subnets) to 0
2026-04-21 18:21:09.317 9 INFO neutron.wsgi [None req-b8773d54-3450-4afd-ac51-7332b0c306b1 596e9f50681944479fd58beeac2ba7df a5cc8f10297742dc9639a0743841de6d - - default default] 10.0.0.198 "POST /v2.0/subnets HTTP/1.1" status: 201 len: 801 time: 1.2091377
2026-04-21 18:21:09.326 9 WARNING neutron_lib.context [None req-6a699651-9d52-422b-a9a9-19e570265713 596e9f50681944479fd58beeac2ba7df a5cc8f10297742dc9639a0743841de6d - - default default] Method 'is_advsvc' is deprecated since 2023.2 release (neutron-lib 3.8.0) and will be removed once support for the old RBAC API policies will be removed from Neutron. Please use method 'is_service_role' instead.
2026-04-21 18:21:09.406 9 INFO neutron.db.segments_db [None req-6a699651-9d52-422b-a9a9-19e570265713 596e9f50681944479fd58beeac2ba7df a5cc8f10297742dc9639a0743841de6d - - default default] Added segment 64ea0978-6b85-4b67-b9ff-b0767ed71e7b of type geneve for network b239223d-34fa-4623-b645-a3884ac47aac
2026-04-21 18:21:09.548 9 INFO neutron.db.ovn_revision_numbers_db [None req-6a699651-9d52-422b-a9a9-19e570265713 596e9f50681944479fd58beeac2ba7df a5cc8f10297742dc9639a0743841de6d - - default default] Successfully bumped revision number for resource b239223d-34fa-4623-b645-a3884ac47aac (type: networks) to 1
2026-04-21 18:21:09.635 10 INFO neutron.wsgi [None req-fd424ffb-ab76-46c3-b031-708baa13bb13 0b1035b463aa4691b8b0a0767b6d7949 b431eec9e8014f71a625ff6d517e771f - - default default] 10.0.0.198 "GET /v2.0/routers/5605b94b-a3bf-4311-8025-ac497d704a64/tags HTTP/1.1" status: 200 len: 205 time: 0.3696980
2026-04-21 18:21:09.710 10 INFO neutron.wsgi [None req-4473dffc-0d35-4f35-85aa-59a31d007157 0b1035b463aa4691b8b0a0767b6d7949 b431eec9e8014f71a625ff6d517e771f - - default default] 10.0.0.198 "GET /v2.0/routers/5605b94b-a3bf-4311-8025-ac497d704a64 HTTP/1.1" status: 200 len: 655 time: 0.0687339
2026-04-21 18:21:09.802 9 WARNING neutron.scheduler.dhcp_agent_scheduler [None req-6a699651-9d52-422b-a9a9-19e570265713 596e9f50681944479fd58beeac2ba7df a5cc8f10297742dc9639a0743841de6d - - default default] No more DHCP agents
2026-04-21 18:21:09.818 9 WARNING neutron.api.rpc.agentnotifiers.dhcp_rpc_agent_api [None req-6a699651-9d52-422b-a9a9-19e570265713 596e9f50681944479fd58beeac2ba7df a5cc8f10297742dc9639a0743841de6d - - default default] Unable to schedule network b239223d-34fa-4623-b645-a3884ac47aac: no agents available; will retry on subsequent port and subnet creation events.
2026-04-21 18:21:09.968 10 INFO neutron.db.l3_db [None req-69776309-6913-4863-a18e-92f0a5d93c49 28ba8ff74e764a6d8242b8241a0bda70 cfd698e7711f427985c50d0da993e155 - - default default] Floating IP 0f8ea1ae-6013-400d-a4c9-795dab27564f associated. External IP: 10.96.250.201, port: 5b6da58c-eda3-4027-b69b-e4c6556b1764.
2026-04-21 18:21:09.998 9 INFO neutron.db.ovn_revision_numbers_db [None req-6a699651-9d52-422b-a9a9-19e570265713 596e9f50681944479fd58beeac2ba7df a5cc8f10297742dc9639a0743841de6d - - default default] Successfully bumped revision number for resource cce676f5-2cd4-4c33-88cc-af2dde81fd57 (type: ports) to 1
2026-04-21 18:21:10.044 9 INFO neutron.wsgi [None req-6a699651-9d52-422b-a9a9-19e570265713 596e9f50681944479fd58beeac2ba7df a5cc8f10297742dc9639a0743841de6d - - default default] 10.0.0.198 "POST /v2.0/networks HTTP/1.1" status: 201 len: 831 time: 0.7231667
2026-04-21 18:21:10.055 10 WARNING neutron_lib.context [None req-dac0b077-a0a1-4cd4-a12a-86d70a05a594 596e9f50681944479fd58beeac2ba7df a5cc8f10297742dc9639a0743841de6d - - default default] Method 'is_advsvc' is deprecated since 2023.2 release (neutron-lib 3.8.0) and will be removed once support for the old RBAC API policies will be removed from Neutron. Please use method 'is_service_role' instead.
2026-04-21 18:21:10.254 10 INFO neutron.db.ovn_revision_numbers_db [None req-69776309-6913-4863-a18e-92f0a5d93c49 28ba8ff74e764a6d8242b8241a0bda70 cfd698e7711f427985c50d0da993e155 - - default default] Successfully bumped revision number for resource 0f8ea1ae-6013-400d-a4c9-795dab27564f (type: floatingips) to 0
2026-04-21 18:21:10.423 10 WARNING neutron.scheduler.dhcp_agent_scheduler [None req-dac0b077-a0a1-4cd4-a12a-86d70a05a594 596e9f50681944479fd58beeac2ba7df a5cc8f10297742dc9639a0743841de6d - - default default] No more DHCP agents
2026-04-21 18:21:10.433 10 WARNING neutron.api.rpc.agentnotifiers.dhcp_rpc_agent_api [None req-dac0b077-a0a1-4cd4-a12a-86d70a05a594 596e9f50681944479fd58beeac2ba7df a5cc8f10297742dc9639a0743841de6d - - default default] Unable to schedule network b239223d-34fa-4623-b645-a3884ac47aac: no agents available; will retry on subsequent port and subnet creation events.
2026-04-21 18:21:10.438 10 INFO neutron.db.ovn_revision_numbers_db [None req-69776309-6913-4863-a18e-92f0a5d93c49 28ba8ff74e764a6d8242b8241a0bda70 cfd698e7711f427985c50d0da993e155 - - default default] Successfully bumped revision number for resource 0f8ea1ae-6013-400d-a4c9-795dab27564f (type: floatingips) to 1
2026-04-21 18:21:10.509 10 INFO neutron.wsgi [None req-69776309-6913-4863-a18e-92f0a5d93c49 28ba8ff74e764a6d8242b8241a0bda70 cfd698e7711f427985c50d0da993e155 - - default default] 10.0.0.198 "POST /v2.0/floatingips HTTP/1.1" status: 201 len: 1053 time: 1.7918534
2026-04-21 18:21:10.528 9 INFO neutron.db.ovn_revision_numbers_db [None req-f18cc05b-1274-498b-b105-cd2ccc336cd7 0b1035b463aa4691b8b0a0767b6d7949 b431eec9e8014f71a625ff6d517e771f - - default default] Successfully bumped revision number for resource 5605b94b-a3bf-4311-8025-ac497d704a64 (type: routers) to 7
