2026-04-21 18:18:23.269 9 WARNING neutron_lib.context [None req-9422d212-ce38-42de-83f1-aa9838656d52 5d9be5ca53d844b2b96e0f52c10de35a 55c3b8a8f80849cda0b8f2982bf88ea5 - - default default] Method 'is_advsvc' is deprecated since 2023.2 release (neutron-lib 3.8.0) and will be removed once support for the old RBAC API policies will be removed from Neutron. Please use method 'is_service_role' instead.
2026-04-21 18:18:23.378 10 INFO neutron.wsgi [req-2c9e925e-2062-42d0-9e98-9995286aa520 req-74c9aff7-a7e3-4861-9e5e-765df3987f2d 71f754003bfa4d9d844c79e9e04edbb3 0c68ebf788794f0e8f955ac22a70dbb3 - - default default] 199.19.213.151 "GET /v2.0/networks?id=7b479976-2e4b-4b5a-9f17-dec6ce44b01a HTTP/1.1" status: 200 len: 868 time: 0.0985222
2026-04-21 18:18:23.416 9 INFO neutron.db.ovn_revision_numbers_db [None req-9422d212-ce38-42de-83f1-aa9838656d52 5d9be5ca53d844b2b96e0f52c10de35a 55c3b8a8f80849cda0b8f2982bf88ea5 - - default default] Successfully bumped revision number for resource 3d21aa81-3a5c-44e9-8ef8-5baa5db1f76b (type: security_groups) to 1
2026-04-21 18:18:23.436 9 INFO neutron.db.ovn_revision_numbers_db [None req-9422d212-ce38-42de-83f1-aa9838656d52 5d9be5ca53d844b2b96e0f52c10de35a 55c3b8a8f80849cda0b8f2982bf88ea5 - - default default] Successfully bumped revision number for resource c52e8bb8-8e8b-4edd-ad44-c4a4ff2e51a1 (type: security_group_rules) to 0
2026-04-21 18:18:23.439 10 INFO neutron.wsgi [req-2c9e925e-2062-42d0-9e98-9995286aa520 req-7b361af1-695c-428b-8dd4-9aa851ce6c7e 71f754003bfa4d9d844c79e9e04edbb3 0c68ebf788794f0e8f955ac22a70dbb3 - - default default] 199.19.213.151 "GET /v2.0/security-groups?fields=id&fields=name&tenant_id=0c68ebf788794f0e8f955ac22a70dbb3 HTTP/1.1" status: 200 len: 380 time: 0.0507505
2026-04-21 18:18:23.448 10 WARNING neutron_lib.context [req-2c9e925e-2062-42d0-9e98-9995286aa520 req-c44d248b-a4c8-4d32-aa2c-174a550ea9eb 71f754003bfa4d9d844c79e9e04edbb3 0c68ebf788794f0e8f955ac22a70dbb3 - - default default] Method 'is_advsvc' is deprecated since 2023.2 release (neutron-lib 3.8.0) and will be removed once support for the old RBAC API policies will be removed from Neutron. Please use method 'is_service_role' instead.
2026-04-21 18:18:23.457 9 INFO neutron.db.ovn_revision_numbers_db [None req-9422d212-ce38-42de-83f1-aa9838656d52 5d9be5ca53d844b2b96e0f52c10de35a 55c3b8a8f80849cda0b8f2982bf88ea5 - - default default] Successfully bumped revision number for resource ce51dd84-9a9e-4ce2-8604-5192b68ddf51 (type: security_group_rules) to 0
2026-04-21 18:18:23.485 9 INFO neutron.wsgi [None req-9422d212-ce38-42de-83f1-aa9838656d52 5d9be5ca53d844b2b96e0f52c10de35a 55c3b8a8f80849cda0b8f2982bf88ea5 - - default default] 10.0.0.198 "POST /v2.0/security-groups HTTP/1.1" status: 201 len: 1761 time: 0.2229946
2026-04-21 18:18:23.499 9 WARNING neutron_lib.context [None req-1d89c950-6e29-4905-9dc3-6b4f5dccc7ce 5d9be5ca53d844b2b96e0f52c10de35a 55c3b8a8f80849cda0b8f2982bf88ea5 - - default default] Method 'is_advsvc' is deprecated since 2023.2 release (neutron-lib 3.8.0) and will be removed once support for the old RBAC API policies will be removed from Neutron. Please use method 'is_service_role' instead.
2026-04-21 18:18:23.633 9 INFO neutron.db.ovn_revision_numbers_db [None req-1d89c950-6e29-4905-9dc3-6b4f5dccc7ce 5d9be5ca53d844b2b96e0f52c10de35a 55c3b8a8f80849cda0b8f2982bf88ea5 - - default default] Successfully bumped revision number for resource b719069c-ad62-4164-a1de-71b6b72b92b2 (type: security_group_rules) to 0
2026-04-21 18:18:23.666 9 INFO neutron.wsgi [None req-1d89c950-6e29-4905-9dc3-6b4f5dccc7ce 5d9be5ca53d844b2b96e0f52c10de35a 55c3b8a8f80849cda0b8f2982bf88ea5 - - default default] 10.0.0.198 "POST /v2.0/security-group-rules HTTP/1.1" status: 201 len: 768 time: 0.1759856
2026-04-21 18:18:23.697 9 INFO neutron.wsgi [None req-6056d5cd-80ff-4b48-a9f3-4c225428de25 5d9be5ca53d844b2b96e0f52c10de35a 55c3b8a8f80849cda0b8f2982bf88ea5 - - default default] 10.0.0.198 "GET /v2.0/security-group-rules/b719069c-ad62-4164-a1de-71b6b72b92b2 HTTP/1.1" status: 200 len: 763 time: 0.0203643
2026-04-21 18:18:23.756 9 INFO neutron.wsgi [req-66bcc37a-8037-4ee3-9edb-53001b47d0c2 req-f6f1ddd3-05e3-469b-a79f-97b7d8b4e8fc 71f754003bfa4d9d844c79e9e04edbb3 0c68ebf788794f0e8f955ac22a70dbb3 - - default default] 10.0.0.69 "GET /v2.0/ports?device_id=e22815ce-345c-4a06-bd4a-e514e1ec2972 HTTP/1.1" status: 200 len: 210 time: 0.0249879
2026-04-21 18:18:23.782 9 INFO neutron.wsgi [None req-afe19ffc-6625-4f73-9447-1f0e3ebc236d 5d9be5ca53d844b2b96e0f52c10de35a 55c3b8a8f80849cda0b8f2982bf88ea5 - - default default] 10.0.0.198 "GET /v2.0/security-group-rules HTTP/1.1" status: 200 len: 4113 time: 0.0786817
2026-04-21 18:18:23.844 10 WARNING neutron.scheduler.dhcp_agent_scheduler [req-2c9e925e-2062-42d0-9e98-9995286aa520 req-c44d248b-a4c8-4d32-aa2c-174a550ea9eb 71f754003bfa4d9d844c79e9e04edbb3 0c68ebf788794f0e8f955ac22a70dbb3 - - default default] No more DHCP agents
2026-04-21 18:18:23.847 10 WARNING neutron.api.rpc.agentnotifiers.dhcp_rpc_agent_api [req-2c9e925e-2062-42d0-9e98-9995286aa520 req-c44d248b-a4c8-4d32-aa2c-174a550ea9eb 71f754003bfa4d9d844c79e9e04edbb3 0c68ebf788794f0e8f955ac22a70dbb3 - - default default] Unable to schedule network 7b479976-2e4b-4b5a-9f17-dec6ce44b01a: no agents available; will retry on subsequent port and subnet creation events.
2026-04-21 18:18:23.955 9 INFO neutron.wsgi [None req-54a96858-1484-41d8-b875-a5463feee4e7 5d9be5ca53d844b2b96e0f52c10de35a 55c3b8a8f80849cda0b8f2982bf88ea5 - - default default] 10.0.0.198 "DELETE /v2.0/security-group-rules/b719069c-ad62-4164-a1de-71b6b72b92b2 HTTP/1.1" status: 204 len: 168 time: 0.1693738
2026-04-21 18:18:24.005 9 INFO neutron.wsgi [None req-f4c17a3c-ad30-4bb5-8826-167e0acbeb04 5d9be5ca53d844b2b96e0f52c10de35a 55c3b8a8f80849cda0b8f2982bf88ea5 - - default default] 10.0.0.198 "GET /v2.0/security-group-rules HTTP/1.1" status: 200 len: 3567 time: 0.0454764 /var/lib/openstack/lib/python3.10/site-packages/pycadf/identifier.py:71: UserWarning: Invalid uuid: neutron. To ensure interoperability, identifiers should be a valid uuid. warnings.warn(('Invalid uuid: %s. To ensure interoperability, '
2026-04-21 18:18:24.024 10 WARNING neutron_lib.context [None req-90ae77a4-ced1-490f-9c52-ed80ef814456 5d9be5ca53d844b2b96e0f52c10de35a 55c3b8a8f80849cda0b8f2982bf88ea5 - - default default] Method 'is_advsvc' is deprecated since 2023.2 release (neutron-lib 3.8.0) and will be removed once support for the old RBAC API policies will be removed from Neutron. Please use method 'is_service_role' instead.
2026-04-21 18:18:24.074 10 WARNING neutron.plugins.ml2.drivers.ovn.mech_driver.ovsdb.ovn_client [None req-addf92fb-e432-4d94-b969-7e471586b076 - - - - - -] No hosting information found for port 42066f87-ebf9-45ef-ba97-ab75bd4c2547: RuntimeError: No hosting information found for port 42066f87-ebf9-45ef-ba97-ab75bd4c2547
2026-04-21 18:18:24.079 10 INFO neutron.db.ovn_revision_numbers_db [req-2c9e925e-2062-42d0-9e98-9995286aa520 req-c44d248b-a4c8-4d32-aa2c-174a550ea9eb 71f754003bfa4d9d844c79e9e04edbb3 0c68ebf788794f0e8f955ac22a70dbb3 - - default default] Successfully bumped revision number for resource ee071d5e-48ea-434d-ad51-8b1aa554edc9 (type: ports) to 1
2026-04-21 18:18:24.098 10 INFO neutron.wsgi [req-2c9e925e-2062-42d0-9e98-9995286aa520 req-c44d248b-a4c8-4d32-aa2c-174a550ea9eb 71f754003bfa4d9d844c79e9e04edbb3 0c68ebf788794f0e8f955ac22a70dbb3 - - default default] 199.19.213.151 "POST /v2.0/ports HTTP/1.1" status: 201 len: 1162 time: 0.6546481
2026-04-21 18:18:24.270 10 INFO neutron.db.ovn_revision_numbers_db [None req-90ae77a4-ced1-490f-9c52-ed80ef814456 5d9be5ca53d844b2b96e0f52c10de35a 55c3b8a8f80849cda0b8f2982bf88ea5 - - default default] Successfully bumped revision number for resource 78a45dc5-0738-4fd2-b5aa-ef910d2592b2 (type: security_group_rules) to 0
2026-04-21 18:18:24.305 10 INFO neutron.wsgi [None req-90ae77a4-ced1-490f-9c52-ed80ef814456 5d9be5ca53d844b2b96e0f52c10de35a 55c3b8a8f80849cda0b8f2982bf88ea5 - - default default] 10.0.0.198 "POST /v2.0/security-group-rules HTTP/1.1" status: 201 len: 768 time: 0.2921667
2026-04-21 18:18:24.328 9 INFO neutron.wsgi [None req-a0665af0-47bc-4226-acfc-aaadc50ac90e 5d9be5ca53d844b2b96e0f52c10de35a 55c3b8a8f80849cda0b8f2982bf88ea5 - - default default] 10.0.0.198 "GET /v2.0/security-group-rules/78a45dc5-0738-4fd2-b5aa-ef910d2592b2 HTTP/1.1" status: 200 len: 763 time: 0.0178509
2026-04-21 18:18:24.378 9 INFO neutron.wsgi [None req-18fd730c-14b4-48f9-a37e-4eedc72d57a7 5d9be5ca53d844b2b96e0f52c10de35a 55c3b8a8f80849cda0b8f2982bf88ea5 - - default default] 10.0.0.198 "GET /v2.0/security-group-rules HTTP/1.1" status: 200 len: 4113 time: 0.0402346
2026-04-21 18:18:24.500 9 INFO neutron.wsgi [None req-58bdb104-26b4-4dab-8fc1-52046e4e90c9 5d9be5ca53d844b2b96e0f52c10de35a 55c3b8a8f80849cda0b8f2982bf88ea5 - - default default] 10.0.0.198 "DELETE /v2.0/security-group-rules/78a45dc5-0738-4fd2-b5aa-ef910d2592b2 HTTP/1.1" status: 204 len: 168 time: 0.1176887
2026-04-21 18:18:24.538 9 INFO neutron.wsgi [None req-2c9ea3a1-f3ed-44f4-87cc-db2eb85a7081 5d9be5ca53d844b2b96e0f52c10de35a 55c3b8a8f80849cda0b8f2982bf88ea5 - - default default] 10.0.0.198 "GET /v2.0/security-group-rules HTTP/1.1" status: 200 len: 3567 time: 0.0329807
2026-04-21 18:18:24.547 9 WARNING neutron_lib.context [None req-83e7006d-3d5e-4513-90f1-cce46074cf70 5d9be5ca53d844b2b96e0f52c10de35a 55c3b8a8f80849cda0b8f2982bf88ea5 - - default default] Method 'is_advsvc' is deprecated since 2023.2 release (neutron-lib 3.8.0) and will be removed once support for the old RBAC API policies will be removed from Neutron. Please use method 'is_service_role' instead.
2026-04-21 18:18:24.566 9 INFO neutron.db.securitygroups_db [None req-83e7006d-3d5e-4513-90f1-cce46074cf70 5d9be5ca53d844b2b96e0f52c10de35a 55c3b8a8f80849cda0b8f2982bf88ea5 - - default default] Project 55c3b8a8f80849cda0b8f2982bf88ea5 added a security group rule with legacy IPv6 ICMP protocol name icmp, ipv6-icmp should be used instead. It was automatically converted.
2026-04-21 18:18:24.577 10 INFO neutron.db.ovn_revision_numbers_db [req-2c9e925e-2062-42d0-9e98-9995286aa520 req-029783fa-7af1-435e-a9a8-07931a07b0b1 df629591f36c475bb2e96a22ae0f6ed7 678127e3b3fd415ea1800b78d3dad404 - - 90a4dea5f2464fd78b906d65f1cfbe6e 90a4dea5f2464fd78b906d65f1cfbe6e] Successfully bumped revision number for resource ee071d5e-48ea-434d-ad51-8b1aa554edc9 (type: ports) to 2
2026-04-21 18:18:24.648 9 INFO neutron.db.ovn_revision_numbers_db [None req-83e7006d-3d5e-4513-90f1-cce46074cf70 5d9be5ca53d844b2b96e0f52c10de35a 55c3b8a8f80849cda0b8f2982bf88ea5 - - default default] Successfully bumped revision number for resource cbfa7049-9cf2-43fd-b964-cfb4c3ed94e5 (type: security_group_rules) to 0
2026-04-21 18:18:24.672 9 INFO neutron.wsgi [None req-83e7006d-3d5e-4513-90f1-cce46074cf70 5d9be5ca53d844b2b96e0f52c10de35a 55c3b8a8f80849cda0b8f2982bf88ea5 - - default default] 10.0.0.198 "POST /v2.0/security-group-rules HTTP/1.1" status: 201 len: 774 time: 0.1289771
2026-04-21 18:18:24.692 9 INFO neutron.wsgi [None req-15ea977b-6558-4a8a-8f52-d42117d4348a 5d9be5ca53d844b2b96e0f52c10de35a 55c3b8a8f80849cda0b8f2982bf88ea5 - - default default] 10.0.0.198 "GET /v2.0/security-group-rules/cbfa7049-9cf2-43fd-b964-cfb4c3ed94e5 HTTP/1.1" status: 200 len: 769 time: 0.0149083
2026-04-21 18:18:24.729 9 INFO neutron.wsgi [None req-d8835944-7746-4796-802e-5c796a56e37a 5d9be5ca53d844b2b96e0f52c10de35a 55c3b8a8f80849cda0b8f2982bf88ea5 - - default default] 10.0.0.198 "GET /v2.0/security-group-rules HTTP/1.1" status: 200 len: 4119 time: 0.0324938
2026-04-21 18:18:24.784 10 INFO neutron.db.ovn_revision_numbers_db [req-2c9e925e-2062-42d0-9e98-9995286aa520 req-029783fa-7af1-435e-a9a8-07931a07b0b1 df629591f36c475bb2e96a22ae0f6ed7 678127e3b3fd415ea1800b78d3dad404 - - 90a4dea5f2464fd78b906d65f1cfbe6e 90a4dea5f2464fd78b906d65f1cfbe6e] Successfully bumped revision number for resource ee071d5e-48ea-434d-ad51-8b1aa554edc9 (type: ports) to 2
2026-04-21 18:18:24.804 10 INFO neutron.wsgi [req-2c9e925e-2062-42d0-9e98-9995286aa520 req-029783fa-7af1-435e-a9a8-07931a07b0b1 df629591f36c475bb2e96a22ae0f6ed7 678127e3b3fd415ea1800b78d3dad404 - - 90a4dea5f2464fd78b906d65f1cfbe6e 90a4dea5f2464fd78b906d65f1cfbe6e] 199.19.213.151 "PUT /v2.0/ports/ee071d5e-48ea-434d-ad51-8b1aa554edc9 HTTP/1.1" status: 200 len: 1380 time: 0.6951532 /var/lib/openstack/lib/python3.10/site-packages/pycadf/identifier.py:71: UserWarning: Invalid uuid: neutron. To ensure interoperability, identifiers should be a valid uuid. warnings.warn(('Invalid uuid: %s. To ensure interoperability, '
2026-04-21 18:18:24.839 9 INFO neutron.wsgi [None req-bde6823d-6bc6-4596-af16-dd370e47ca9b 5d9be5ca53d844b2b96e0f52c10de35a 55c3b8a8f80849cda0b8f2982bf88ea5 - - default default] 10.0.0.198 "DELETE /v2.0/security-group-rules/cbfa7049-9cf2-43fd-b964-cfb4c3ed94e5 HTTP/1.1" status: 204 len: 168 time: 0.1039462
2026-04-21 18:18:24.840 10 INFO neutron.notifiers.nova [-] Nova event matching ['req-33152c2a-1fc8-4414-977f-1c884c219113'] response: {'name': 'network-changed', 'server_uuid': 'e22815ce-345c-4a06-bd4a-e514e1ec2972', 'tag': 'ee071d5e-48ea-434d-ad51-8b1aa554edc9', 'status': 'completed', 'code': 200}
2026-04-21 18:18:24.875 9 INFO neutron.wsgi [None req-8496b732-c21f-4764-bea0-c36f91339794 5d9be5ca53d844b2b96e0f52c10de35a 55c3b8a8f80849cda0b8f2982bf88ea5 - - default default] 10.0.0.198 "GET /v2.0/security-group-rules HTTP/1.1" status: 200 len: 3567 time: 0.0322311
2026-04-21 18:18:24.889 10 INFO neutron.wsgi [req-2c9e925e-2062-42d0-9e98-9995286aa520 req-299b5d83-de69-48dc-b62b-6a0e0ac9fc9e df629591f36c475bb2e96a22ae0f6ed7 678127e3b3fd415ea1800b78d3dad404 - - 90a4dea5f2464fd78b906d65f1cfbe6e 90a4dea5f2464fd78b906d65f1cfbe6e] 199.19.213.151 "GET /v2.0/ports?tenant_id=0c68ebf788794f0e8f955ac22a70dbb3&device_id=e22815ce-345c-4a06-bd4a-e514e1ec2972 HTTP/1.1" status: 200 len: 1411 time: 0.0426068
2026-04-21 18:18:25.015 9 INFO neutron.wsgi [None req-4b6883d0-2cd4-46b7-90ea-a5996a8dd3dc 5d9be5ca53d844b2b96e0f52c10de35a 55c3b8a8f80849cda0b8f2982bf88ea5 - - default default] 10.0.0.198 "DELETE /v2.0/security-groups/3d21aa81-3a5c-44e9-8ef8-5baa5db1f76b HTTP/1.1" status: 204 len: 168 time: 0.1350861
2026-04-21 18:18:25.056 9 INFO neutron.wsgi [None req-a6023dbf-d274-4b93-b524-180f495a1bb1 5d9be5ca53d844b2b96e0f52c10de35a 55c3b8a8f80849cda0b8f2982bf88ea5 - - default default] 10.0.0.198 "GET /v2.0/security-groups HTTP/1.1" status: 200 len: 2996 time: 0.0350113
2026-04-21 18:18:25.103 9 INFO neutron.wsgi [None req-1a61a2b4-05cf-4541-ace2-5f5a4740545c 5d9be5ca53d844b2b96e0f52c10de35a 55c3b8a8f80849cda0b8f2982bf88ea5 - - default default] 10.0.0.198 "GET /v2.0/security-groups HTTP/1.1" status: 200 len: 2996 time: 0.0359919
2026-04-21 18:18:25.140 10 INFO neutron.wsgi [req-2c9e925e-2062-42d0-9e98-9995286aa520 req-1a58e4a7-ede2-45be-80a9-eafa8effe7f1 df629591f36c475bb2e96a22ae0f6ed7 678127e3b3fd415ea1800b78d3dad404 - - 90a4dea5f2464fd78b906d65f1cfbe6e 90a4dea5f2464fd78b906d65f1cfbe6e] 199.19.213.151 "GET /v2.0/floatingips?fixed_ip_address=10.100.0.14&port_id=ee071d5e-48ea-434d-ad51-8b1aa554edc9 HTTP/1.1" status: 200 len: 217 time: 0.2416306
2026-04-21 18:18:25.180 10 INFO neutron.wsgi [req-d7943a22-ef36-450d-91f0-9837ef193599 req-03c44d1b-0c60-4cc6-9d0d-fa79756c66fc 71f754003bfa4d9d844c79e9e04edbb3 0c68ebf788794f0e8f955ac22a70dbb3 - - default default] 10.0.0.69 "GET /v2.0/ports?device_id=e22815ce-345c-4a06-bd4a-e514e1ec2972 HTTP/1.1" status: 200 len: 1172 time: 0.3619215
2026-04-21 18:18:25.193 10 INFO neutron.wsgi [req-2c9e925e-2062-42d0-9e98-9995286aa520 req-586cb020-3cb5-453f-9230-65c216774a57 df629591f36c475bb2e96a22ae0f6ed7 678127e3b3fd415ea1800b78d3dad404 - - 90a4dea5f2464fd78b906d65f1cfbe6e 90a4dea5f2464fd78b906d65f1cfbe6e] 199.19.213.151 "GET /v2.0/subnets?id=dc734719-220e-4c02-9784-cbfed7823683 HTTP/1.1" status: 200 len: 862 time: 0.0464151
2026-04-21 18:18:25.229 10 INFO neutron.wsgi [req-2c9e925e-2062-42d0-9e98-9995286aa520 req-bb6dc162-e67d-4d29-8029-19c9c0beb72e df629591f36c475bb2e96a22ae0f6ed7 678127e3b3fd415ea1800b78d3dad404 - - 90a4dea5f2464fd78b906d65f1cfbe6e 90a4dea5f2464fd78b906d65f1cfbe6e] 199.19.213.151 "GET /v2.0/ports?network_id=7b479976-2e4b-4b5a-9f17-dec6ce44b01a&device_owner=network%3Adhcp HTTP/1.1" status: 200 len: 210 time: 0.0285161
2026-04-21 18:18:25.288 10 INFO neutron.wsgi [req-d7943a22-ef36-450d-91f0-9837ef193599 req-65b8f2ff-7be2-49d0-8078-6d7c6af13b0d 71f754003bfa4d9d844c79e9e04edbb3 0c68ebf788794f0e8f955ac22a70dbb3 - - default default] 10.0.0.69 "GET /v2.0/security-groups?id=b6eb80e2-25c3-4916-8c40-ff05e196902d&fields=id&fields=name HTTP/1.1" status: 200 len: 313 time: 0.0993936
2026-04-21 18:18:25.330 10 INFO neutron.wsgi [req-2c9e925e-2062-42d0-9e98-9995286aa520 req-ca630319-02dc-4bcb-a322-12b158d5b95c df629591f36c475bb2e96a22ae0f6ed7 678127e3b3fd415ea1800b78d3dad404 - - 90a4dea5f2464fd78b906d65f1cfbe6e 90a4dea5f2464fd78b906d65f1cfbe6e] 199.19.213.151 "GET /v2.0/networks/7b479976-2e4b-4b5a-9f17-dec6ce44b01a?fields=segments HTTP/1.1" status: 200 len: 212 time: 0.0923274
2026-04-21 18:18:25.335 10 INFO neutron.db.ovn_revision_numbers_db [None req-ec6b76e0-b3c1-48ed-9ea9-09d32512ae45 335d0c3471b04450a8ee9042d1229672 534bb253f1c847668fe5069647ed9f1e - - default default] Successfully bumped revision number for resource cbe40eb0-235b-48af-b512-4b1bf44077d9 (type: security_groups) to 1
2026-04-21 18:18:25.365 10 INFO neutron.db.ovn_revision_numbers_db [None req-ec6b76e0-b3c1-48ed-9ea9-09d32512ae45 335d0c3471b04450a8ee9042d1229672 534bb253f1c847668fe5069647ed9f1e - - default default] Successfully bumped revision number for resource 1f654ef1-25aa-4ee6-a448-36dd253a3a31 (type: security_group_rules) to 0
2026-04-21 18:18:25.395 10 INFO neutron.db.ovn_revision_numbers_db [None req-ec6b76e0-b3c1-48ed-9ea9-09d32512ae45 335d0c3471b04450a8ee9042d1229672 534bb253f1c847668fe5069647ed9f1e - - default default] Successfully bumped revision number for resource beb17e06-4696-4da1-b3b2-082a9113973f (type: security_group_rules) to 0
2026-04-21 18:18:25.412 10 INFO neutron.wsgi [req-2c9e925e-2062-42d0-9e98-9995286aa520 req-d59201dc-9eec-49c1-bde2-f01e8b157abf df629591f36c475bb2e96a22ae0f6ed7 678127e3b3fd415ea1800b78d3dad404 - - 90a4dea5f2464fd78b906d65f1cfbe6e 90a4dea5f2464fd78b906d65f1cfbe6e] 199.19.213.151 "GET /v2.0/networks/7b479976-2e4b-4b5a-9f17-dec6ce44b01a?fields=provider%3Aphysical_network&fields=provider%3Anetwork_type HTTP/1.1" status: 200 len: 277 time: 0.0701635
2026-04-21 18:18:25.417 10 INFO neutron.db.ovn_revision_numbers_db [None req-ec6b76e0-b3c1-48ed-9ea9-09d32512ae45 335d0c3471b04450a8ee9042d1229672 534bb253f1c847668fe5069647ed9f1e - - default default] Successfully bumped revision number for resource dd7922ca-3495-409a-b7f6-0a1f50cb2539 (type: security_group_rules) to 0
2026-04-21 18:18:25.433 10 INFO neutron.db.ovn_revision_numbers_db [None req-ec6b76e0-b3c1-48ed-9ea9-09d32512ae45 335d0c3471b04450a8ee9042d1229672 534bb253f1c847668fe5069647ed9f1e - - default default] Successfully bumped revision number for resource f3d507c4-b3c0-46da-a97e-3b6491287fe8 (type: security_group_rules) to 0
2026-04-21 18:18:25.455 10 INFO neutron.wsgi [None req-ec6b76e0-b3c1-48ed-9ea9-09d32512ae45 335d0c3471b04450a8ee9042d1229672 534bb253f1c847668fe5069647ed9f1e - - default default] 10.0.0.198 "GET /v2.0/security-groups?tenant_id=40e470610d1d457c9863400435d544bc&name=default HTTP/1.1" status: 200 len: 2996 time: 0.6388338
2026-04-21 18:18:25.499 10 INFO neutron.wsgi [req-f79244b7-4038-4530-b943-403007dae2f5 req-e1d8a525-7c2a-45a7-939b-6a48e22e44ec df629591f36c475bb2e96a22ae0f6ed7 678127e3b3fd415ea1800b78d3dad404 - - 90a4dea5f2464fd78b906d65f1cfbe6e 90a4dea5f2464fd78b906d65f1cfbe6e] 199.19.213.151 "GET /v2.0/ports?tenant_id=0c68ebf788794f0e8f955ac22a70dbb3&device_id=e22815ce-345c-4a06-bd4a-e514e1ec2972 HTTP/1.1" status: 200 len: 1411 time: 0.0481577
2026-04-21 18:18:25.572 10 INFO neutron.wsgi [req-f79244b7-4038-4530-b943-403007dae2f5 req-8fec28a5-6c87-416f-9195-8f53a336b6a5 df629591f36c475bb2e96a22ae0f6ed7 678127e3b3fd415ea1800b78d3dad404 - - 90a4dea5f2464fd78b906d65f1cfbe6e 90a4dea5f2464fd78b906d65f1cfbe6e] 199.19.213.151 "GET /v2.0/networks?id=7b479976-2e4b-4b5a-9f17-dec6ce44b01a HTTP/1.1" status: 200 len: 967 time: 0.0655580
2026-04-21 18:18:25.613 10 INFO neutron.wsgi [req-f79244b7-4038-4530-b943-403007dae2f5 req-78fb257b-4ae8-4bb9-9c2c-773490ba06cf df629591f36c475bb2e96a22ae0f6ed7 678127e3b3fd415ea1800b78d3dad404 - - 90a4dea5f2464fd78b906d65f1cfbe6e 90a4dea5f2464fd78b906d65f1cfbe6e] 199.19.213.151 "GET /v2.0/floatingips?fixed_ip_address=10.100.0.14&port_id=ee071d5e-48ea-434d-ad51-8b1aa554edc9 HTTP/1.1" status: 200 len: 217 time: 0.0290003
2026-04-21 18:18:25.622 10 INFO neutron.plugins.ml2.drivers.ovn.mech_driver.mech_driver [None req-addf92fb-e432-4d94-b969-7e471586b076 - - - - - -] OVN reports status up for port: ee071d5e-48ea-434d-ad51-8b1aa554edc9
2026-04-21 18:18:25.675 10 INFO neutron.plugins.ml2.plugin [None req-addf92fb-e432-4d94-b969-7e471586b076 - - - - - -] Attempt 1 to provision port ee071d5e-48ea-434d-ad51-8b1aa554edc9
2026-04-21 18:18:25.681 10 INFO neutron.wsgi [req-f79244b7-4038-4530-b943-403007dae2f5 req-20b07026-f1f0-4945-98a0-d66fb2e89dca df629591f36c475bb2e96a22ae0f6ed7 678127e3b3fd415ea1800b78d3dad404 - - 90a4dea5f2464fd78b906d65f1cfbe6e 90a4dea5f2464fd78b906d65f1cfbe6e] 199.19.213.151 "GET /v2.0/subnets?id=dc734719-220e-4c02-9784-cbfed7823683 HTTP/1.1" status: 200 len: 862 time: 0.0595999
2026-04-21 18:18:25.703 9 INFO neutron.wsgi [None req-3152af55-9b52-477c-8f1e-d5fcfcba4544 335d0c3471b04450a8ee9042d1229672 534bb253f1c847668fe5069647ed9f1e - - default default] 10.0.0.198 "DELETE /v2.0/security-groups/cbe40eb0-235b-48af-b512-4b1bf44077d9 HTTP/1.1" status: 204 len: 168 time: 0.2421904
2026-04-21 18:18:25.722 10 INFO neutron.wsgi [req-f79244b7-4038-4530-b943-403007dae2f5 req-5a24ff7e-fc98-4adc-9989-6547e788bd7a df629591f36c475bb2e96a22ae0f6ed7 678127e3b3fd415ea1800b78d3dad404 - - 90a4dea5f2464fd78b906d65f1cfbe6e 90a4dea5f2464fd78b906d65f1cfbe6e] 199.19.213.151 "GET /v2.0/ports?network_id=7b479976-2e4b-4b5a-9f17-dec6ce44b01a&device_owner=network%3Adhcp HTTP/1.1" status: 200 len: 210 time: 0.0348945
2026-04-21 18:18:25.799 10 INFO neutron.wsgi [req-f79244b7-4038-4530-b943-403007dae2f5 req-3a604698-efdb-4820-8881-06556e5abc02 df629591f36c475bb2e96a22ae0f6ed7 678127e3b3fd415ea1800b78d3dad404 - - 90a4dea5f2464fd78b906d65f1cfbe6e 90a4dea5f2464fd78b906d65f1cfbe6e] 199.19.213.151 "GET /v2.0/networks/7b479976-2e4b-4b5a-9f17-dec6ce44b01a?fields=segments HTTP/1.1" status: 200 len: 212 time: 0.0695419
2026-04-21 18:18:25.912 10 INFO neutron.wsgi [None req-e326029c-b8a8-49e9-92c6-0959137f7e6c 335d0c3471b04450a8ee9042d1229672 534bb253f1c847668fe5069647ed9f1e - - default default] 10.0.0.198 "GET /v2.0/security-groups?tenant_id=55c3b8a8f80849cda0b8f2982bf88ea5&name=default HTTP/1.1" status: 200 len: 2996 time: 0.2966282
2026-04-21 18:18:25.944 10 INFO neutron.wsgi [req-f79244b7-4038-4530-b943-403007dae2f5 req-bf7e5376-3aac-4ae3-acdd-33335c49e35c df629591f36c475bb2e96a22ae0f6ed7 678127e3b3fd415ea1800b78d3dad404 - - 90a4dea5f2464fd78b906d65f1cfbe6e 90a4dea5f2464fd78b906d65f1cfbe6e] 199.19.213.151 "GET /v2.0/networks/7b479976-2e4b-4b5a-9f17-dec6ce44b01a?fields=provider%3Aphysical_network&fields=provider%3Anetwork_type HTTP/1.1" status: 200 len: 277 time: 0.1373675
2026-04-21 18:18:25.996 9 INFO neutron.db.ovn_revision_numbers_db [None req-8a2ce6fb-dd7f-4517-92e4-feefd1bd2f03 335d0c3471b04450a8ee9042d1229672 534bb253f1c847668fe5069647ed9f1e - - default default] Successfully bumped revision number for resource 2cd9431b-23c1-456e-a620-1fe14920e5fa (type: security_groups) to 1
2026-04-21 18:18:26.013 9 INFO neutron.db.ovn_revision_numbers_db [None req-8a2ce6fb-dd7f-4517-92e4-feefd1bd2f03 335d0c3471b04450a8ee9042d1229672 534bb253f1c847668fe5069647ed9f1e - - default default] Successfully bumped revision number for resource 3d75bbf5-9629-4b33-8ae3-5c11a5727099 (type: security_group_rules) to 0
2026-04-21 18:18:26.028 9 INFO neutron.db.ovn_revision_numbers_db [None req-8a2ce6fb-dd7f-4517-92e4-feefd1bd2f03 335d0c3471b04450a8ee9042d1229672 534bb253f1c847668fe5069647ed9f1e - - default default] Successfully bumped revision number for resource 93f03d44-fcb1-408a-a5fd-13d1003b16f1 (type: security_group_rules) to 0
2026-04-21 18:18:26.046 9 INFO neutron.db.ovn_revision_numbers_db [None req-8a2ce6fb-dd7f-4517-92e4-feefd1bd2f03 335d0c3471b04450a8ee9042d1229672 534bb253f1c847668fe5069647ed9f1e - - default default] Successfully bumped revision number for resource c1595e40-6e90-43d4-b7ca-a6ef43ed7a67 (type: security_group_rules) to 0
2026-04-21 18:18:26.060 9 INFO neutron.db.ovn_revision_numbers_db [None req-8a2ce6fb-dd7f-4517-92e4-feefd1bd2f03 335d0c3471b04450a8ee9042d1229672 534bb253f1c847668fe5069647ed9f1e - - default default] Successfully bumped revision number for resource ec605a83-932b-4ed0-87ea-59dae7b3a716 (type: security_group_rules) to 0
2026-04-21 18:18:26.083 9 INFO neutron.wsgi [None req-8a2ce6fb-dd7f-4517-92e4-feefd1bd2f03 335d0c3471b04450a8ee9042d1229672 534bb253f1c847668fe5069647ed9f1e - - default default] 10.0.0.198 "GET /v2.0/security-groups?tenant_id=878db9a8296944989df42a7338ee3469&name=default HTTP/1.1" status: 200 len: 2996 time: 0.2113612
2026-04-21 18:18:26.108 10 INFO neutron.db.ovn_revision_numbers_db [None req-addf92fb-e432-4d94-b969-7e471586b076 - - - - - -] Successfully bumped revision number for resource ee071d5e-48ea-434d-ad51-8b1aa554edc9 (type: ports) to 4
2026-04-21 18:18:26.188 10 INFO neutron.wsgi [None req-12c94e2b-c7c2-48da-8376-ed3980254b86 335d0c3471b04450a8ee9042d1229672 534bb253f1c847668fe5069647ed9f1e - - default default] 10.0.0.198 "DELETE /v2.0/security-groups/26a94b16-1a89-40d4-8787-94443d332514 HTTP/1.1" status: 204 len: 168 time: 0.2690907
2026-04-21 18:18:26.294 9 INFO neutron.wsgi [None req-4d707bc2-3a17-41de-98f9-17b379c4891c 335d0c3471b04450a8ee9042d1229672 534bb253f1c847668fe5069647ed9f1e - - default default] 10.0.0.198 "DELETE /v2.0/security-groups/2cd9431b-23c1-456e-a620-1fe14920e5fa HTTP/1.1" status: 204 len: 168 time: 0.2061052
2026-04-21 18:18:26.394 9 INFO neutron.wsgi [req-e89c3983-b818-4ab4-be2e-f914ac7e8917 req-de34d7d9-c678-4033-b502-2270a108da1f 71f754003bfa4d9d844c79e9e04edbb3 0c68ebf788794f0e8f955ac22a70dbb3 - - default default] 10.0.0.69 "GET /v2.0/ports?device_id=e22815ce-345c-4a06-bd4a-e514e1ec2972 HTTP/1.1" status: 200 len: 1174 time: 0.0471017
2026-04-21 18:18:26.439 9 INFO neutron.wsgi [req-e89c3983-b818-4ab4-be2e-f914ac7e8917 req-f6984219-8b45-4bad-83ea-b868a7c20270 71f754003bfa4d9d844c79e9e04edbb3 0c68ebf788794f0e8f955ac22a70dbb3 - - default default] 10.0.0.69 "GET /v2.0/security-groups?id=b6eb80e2-25c3-4916-8c40-ff05e196902d&fields=id&fields=name HTTP/1.1" status: 200 len: 313 time: 0.0373785
2026-04-21 18:18:26.877 10 INFO neutron.notifiers.nova [-] Nova event matching ['req-9c3ffaae-70af-4340-b1a1-dbfedb651b06'] response: {'server_uuid': 'e22815ce-345c-4a06-bd4a-e514e1ec2972', 'name': 'network-vif-plugged', 'status': 'completed', 'tag': 'ee071d5e-48ea-434d-ad51-8b1aa554edc9', 'code': 200}
2026-04-21 18:18:26.878 10 INFO neutron.notifiers.nova [-] Nova event matching ['req-9c3ffaae-70af-4340-b1a1-dbfedb651b06'] response: {'server_uuid': 'e22815ce-345c-4a06-bd4a-e514e1ec2972', 'name': 'network-vif-plugged', 'status': 'completed', 'tag': 'ee071d5e-48ea-434d-ad51-8b1aa554edc9', 'code': 200}
2026-04-21 18:18:27.076 9 INFO neutron.db.ovn_revision_numbers_db [None req-44830dd4-055c-4350-9086-033f32b879ca 335d0c3471b04450a8ee9042d1229672 534bb253f1c847668fe5069647ed9f1e - - default default] Successfully bumped revision number for resource 9f1c5e61-02af-4551-825c-f5e5f4c79bcd (type: security_groups) to 1
2026-04-21 18:18:27.094 9 INFO neutron.db.ovn_revision_numbers_db [None req-44830dd4-055c-4350-9086-033f32b879ca 335d0c3471b04450a8ee9042d1229672 534bb253f1c847668fe5069647ed9f1e - - default default] Successfully bumped revision number for resource 2e886134-ccb6-43f0-a481-abec01c156f8 (type: security_group_rules) to 0
2026-04-21 18:18:27.116 9 INFO neutron.db.ovn_revision_numbers_db [None req-44830dd4-055c-4350-9086-033f32b879ca 335d0c3471b04450a8ee9042d1229672 534bb253f1c847668fe5069647ed9f1e - - default default] Successfully bumped revision number for resource 93510734-6721-41d2-841b-6302da275505 (type: security_group_rules) to 0
2026-04-21 18:18:27.133 9 INFO neutron.db.ovn_revision_numbers_db [None req-44830dd4-055c-4350-9086-033f32b879ca 335d0c3471b04450a8ee9042d1229672 534bb253f1c847668fe5069647ed9f1e - - default default] Successfully bumped revision number for resource d2b1535e-f7a1-41e8-a48f-0274246294c3 (type: security_group_rules) to 0
2026-04-21 18:18:27.151 9 INFO neutron.db.ovn_revision_numbers_db [None req-44830dd4-055c-4350-9086-033f32b879ca 335d0c3471b04450a8ee9042d1229672 534bb253f1c847668fe5069647ed9f1e - - default default] Successfully bumped revision number for resource fe5647f7-7cce-475d-8e14-179e0b0de7b1 (type: security_group_rules) to 0
2026-04-21 18:18:27.175 9 INFO neutron.wsgi [None req-44830dd4-055c-4350-9086-033f32b879ca 335d0c3471b04450a8ee9042d1229672 534bb253f1c847668fe5069647ed9f1e - - default default] 10.0.0.198 "GET /v2.0/security-groups?tenant_id=468227e278594d188de8386f8a352fde&name=default HTTP/1.1" status: 200 len: 2996 time: 0.3488708
2026-04-21 18:18:27.405 9 INFO neutron.wsgi [None req-5fcfd470-cb90-4749-87c4-4ea1d849ca16 335d0c3471b04450a8ee9042d1229672 534bb253f1c847668fe5069647ed9f1e - - default default] 10.0.0.198 "DELETE /v2.0/security-groups/9f1c5e61-02af-4551-825c-f5e5f4c79bcd HTTP/1.1" status: 204 len: 168 time: 0.2242620 /var/lib/openstack/lib/python3.10/site-packages/pycadf/identifier.py:71: UserWarning: Invalid uuid: neutron. To ensure interoperability, identifiers should be a valid uuid. warnings.warn(('Invalid uuid: %s. To ensure interoperability, '
2026-04-21 18:18:27.616 9 INFO neutron.wsgi [req-c5674687-792e-401b-93e7-a02e38c14594 req-e0a61f4b-9f38-4146-be89-9997df163d7c 71f754003bfa4d9d844c79e9e04edbb3 0c68ebf788794f0e8f955ac22a70dbb3 - - default default] 10.0.0.69 "GET /v2.0/ports?device_id=e22815ce-345c-4a06-bd4a-e514e1ec2972 HTTP/1.1" status: 200 len: 1174 time: 0.1065753
2026-04-21 18:18:27.624 10 INFO neutron.db.ovn_revision_numbers_db [None req-ba139c9f-c661-462d-878b-6f5605ddbd67 335d0c3471b04450a8ee9042d1229672 534bb253f1c847668fe5069647ed9f1e - - default default] Successfully bumped revision number for resource cec53375-0c82-4b89-b6fa-8310756b2592 (type: security_groups) to 1
2026-04-21 18:18:27.639 10 INFO neutron.db.ovn_revision_numbers_db [None req-ba139c9f-c661-462d-878b-6f5605ddbd67 335d0c3471b04450a8ee9042d1229672 534bb253f1c847668fe5069647ed9f1e - - default default] Successfully bumped revision number for resource 7180982c-7f67-4a91-a0c5-9ddbcf2ec8be (type: security_group_rules) to 0
2026-04-21 18:18:27.652 10 INFO neutron.db.ovn_revision_numbers_db [None req-ba139c9f-c661-462d-878b-6f5605ddbd67 335d0c3471b04450a8ee9042d1229672 534bb253f1c847668fe5069647ed9f1e - - default default] Successfully bumped revision number for resource 86b53827-8dc1-491e-b506-0bba2e06e7ba (type: security_group_rules) to 0
2026-04-21 18:18:27.667 9 INFO neutron.wsgi [req-c5674687-792e-401b-93e7-a02e38c14594 req-ca167941-7bf7-411a-9604-c3d9114b3f9d 71f754003bfa4d9d844c79e9e04edbb3 0c68ebf788794f0e8f955ac22a70dbb3 - - default default] 10.0.0.69 "GET /v2.0/security-groups?id=b6eb80e2-25c3-4916-8c40-ff05e196902d&fields=id&fields=name HTTP/1.1" status: 200 len: 313 time: 0.0417700
2026-04-21 18:18:27.669 10 INFO neutron.db.ovn_revision_numbers_db [None req-ba139c9f-c661-462d-878b-6f5605ddbd67 335d0c3471b04450a8ee9042d1229672 534bb253f1c847668fe5069647ed9f1e - - default default] Successfully bumped revision number for resource abc76fb2-7841-42ca-b05e-9f0899a6f52f (type: security_group_rules) to 0
2026-04-21 18:18:27.688 10 INFO neutron.db.ovn_revision_numbers_db [None req-ba139c9f-c661-462d-878b-6f5605ddbd67 335d0c3471b04450a8ee9042d1229672 534bb253f1c847668fe5069647ed9f1e - - default default] Successfully bumped revision number for resource fd32410a-02b7-411a-a8c0-5a3edcc0dc1a (type: security_group_rules) to 0
2026-04-21 18:18:27.714 10 INFO neutron.wsgi [None req-ba139c9f-c661-462d-878b-6f5605ddbd67 335d0c3471b04450a8ee9042d1229672 534bb253f1c847668fe5069647ed9f1e - - default default] 10.0.0.198 "GET /v2.0/security-groups?tenant_id=eaf60b43f3bc43ed92b5dfe0d80950c0&name=default HTTP/1.1" status: 200 len: 2996 time: 0.2110991
2026-04-21 18:18:27.776 10 INFO neutron.wsgi [req-c6f1b312-04c9-4426-b3e7-9d1264f9bf28 req-7f4c4d79-853e-454c-bbd9-8129bc5f28ac 71f754003bfa4d9d844c79e9e04edbb3 0c68ebf788794f0e8f955ac22a70dbb3 - - default default] 10.0.0.69 "GET /v2.0/ports?device_id=e22815ce-345c-4a06-bd4a-e514e1ec2972 HTTP/1.1" status: 200 len: 1174 time: 0.0464842
2026-04-21 18:18:27.795 10 INFO neutron.wsgi [-] 10.0.0.37 "GET / HTTP/1.1" status: 200 len: 247 time: 0.0016437
2026-04-21 18:18:27.797 10 INFO neutron.wsgi [-] 10.0.0.37 "GET / HTTP/1.1" status: 200 len: 247 time: 0.0009792
2026-04-21 18:18:27.984 10 INFO neutron.wsgi [None req-b2d604aa-db05-449d-b7e1-7de4342f648e 335d0c3471b04450a8ee9042d1229672 534bb253f1c847668fe5069647ed9f1e - - default default] 10.0.0.198 "DELETE /v2.0/security-groups/cec53375-0c82-4b89-b6fa-8310756b2592 HTTP/1.1" status: 204 len: 168 time: 0.2657523
2026-04-21 18:18:28.131 9 INFO neutron.db.l3_db [None req-9e60c187-08e7-4fae-9200-fe8d51d090d3 71f754003bfa4d9d844c79e9e04edbb3 0c68ebf788794f0e8f955ac22a70dbb3 - - default default] Floating IP f8142944-0363-45d8-a07d-9a17c4540560 associated. External IP: 10.96.250.213, port: ee071d5e-48ea-434d-ad51-8b1aa554edc9.
2026-04-21 18:18:28.300 10 WARNING neutron_lib.context [None req-46461289-7ea9-4fad-9308-bdf6f01ec75b 11651020b4ad48b581e87eded12e1072 39d7a1eb940c4cf9aaf00b0a76a54247 - - default default] Method 'is_advsvc' is deprecated since 2023.2 release (neutron-lib 3.8.0) and will be removed once support for the old RBAC API policies will be removed from Neutron. Please use method 'is_service_role' instead.
2026-04-21 18:18:28.359 10 INFO neutron.wsgi [None req-46461289-7ea9-4fad-9308-bdf6f01ec75b 11651020b4ad48b581e87eded12e1072 39d7a1eb940c4cf9aaf00b0a76a54247 - - default default] 10.0.0.198 "POST /v2.0/subnetpools HTTP/1.1" status: 201 len: 746 time: 0.2203362
2026-04-21 18:18:28.389 10 INFO neutron.wsgi [None req-cb98f509-785d-475d-a9b9-d6d97f12304b 11651020b4ad48b581e87eded12e1072 39d7a1eb940c4cf9aaf00b0a76a54247 - - default default] 10.0.0.198 "GET /v2.0/subnetpools/d2d81fdc-1057-4805-8473-a43d2e5e8172 HTTP/1.1" status: 200 len: 741 time: 0.0249076
2026-04-21 18:18:28.460 10 INFO neutron.wsgi [None req-664dfdd3-2d0b-4ca6-b377-e0c7f5eff84a 11651020b4ad48b581e87eded12e1072 39d7a1eb940c4cf9aaf00b0a76a54247 - - default default] 10.0.0.198 "PUT /v2.0/subnetpools/d2d81fdc-1057-4805-8473-a43d2e5e8172 HTTP/1.1" status: 200 len: 694 time: 0.0657609
2026-04-21 18:18:28.571 9 INFO neutron.wsgi [None req-33d7deae-28f7-4403-9c8a-d483b69ff183 11651020b4ad48b581e87eded12e1072 39d7a1eb940c4cf9aaf00b0a76a54247 - - default default] 10.0.0.198 "DELETE /v2.0/subnetpools/d2d81fdc-1057-4805-8473-a43d2e5e8172 HTTP/1.1" status: 204 len: 168 time: 0.1038823
2026-04-21 18:18:28.612 10 INFO neutron.api.v2.resource [None req-b2452cfe-e656-4afa-894f-f899eec4b5bc 11651020b4ad48b581e87eded12e1072 39d7a1eb940c4cf9aaf00b0a76a54247 - - default default] show failed (client error): The resource could not be found.
2026-04-21 18:18:28.615 10 INFO neutron.wsgi [None req-b2452cfe-e656-4afa-894f-f899eec4b5bc 11651020b4ad48b581e87eded12e1072 39d7a1eb940c4cf9aaf00b0a76a54247 - - default default] 10.0.0.198 "GET /v2.0/subnetpools/d2d81fdc-1057-4805-8473-a43d2e5e8172 HTTP/1.1" status: 404 len: 346 time: 0.0377736 /var/lib/openstack/lib/python3.10/site-packages/pycadf/identifier.py:71: UserWarning: Invalid uuid: neutron. To ensure interoperability, identifiers should be a valid uuid. warnings.warn(('Invalid uuid: %s. To ensure interoperability, '
2026-04-21 18:18:28.635 10 INFO neutron.api.v2.resource [None req-d10e05d7-1cec-42ce-8aca-0d4244fa83ad 11651020b4ad48b581e87eded12e1072 39d7a1eb940c4cf9aaf00b0a76a54247 - - default default] delete failed (client error): The resource could not be found.
2026-04-21 18:18:28.637 10 INFO neutron.wsgi [None req-d10e05d7-1cec-42ce-8aca-0d4244fa83ad 11651020b4ad48b581e87eded12e1072 39d7a1eb940c4cf9aaf00b0a76a54247 - - default default] 10.0.0.198 "DELETE /v2.0/subnetpools/d2d81fdc-1057-4805-8473-a43d2e5e8172 HTTP/1.1" status: 404 len: 346 time: 0.0157123
2026-04-21 18:18:28.653 9 INFO neutron.db.ovn_revision_numbers_db [None req-9e60c187-08e7-4fae-9200-fe8d51d090d3 71f754003bfa4d9d844c79e9e04edbb3 0c68ebf788794f0e8f955ac22a70dbb3 - - default default] Successfully bumped revision number for resource f8142944-0363-45d8-a07d-9a17c4540560 (type: floatingips) to 1
2026-04-21 18:18:28.801 9 INFO neutron.db.ovn_revision_numbers_db [None req-9e60c187-08e7-4fae-9200-fe8d51d090d3 71f754003bfa4d9d844c79e9e04edbb3 0c68ebf788794f0e8f955ac22a70dbb3 - - default default] Successfully bumped revision number for resource f8142944-0363-45d8-a07d-9a17c4540560 (type: floatingips) to 2
2026-04-21 18:18:28.837 9 INFO neutron.wsgi [None req-9e60c187-08e7-4fae-9200-fe8d51d090d3 71f754003bfa4d9d844c79e9e04edbb3 0c68ebf788794f0e8f955ac22a70dbb3 - - default default] 10.0.0.198 "PUT /v2.0/floatingips/f8142944-0363-45d8-a07d-9a17c4540560 HTTP/1.1" status: 200 len: 1050 time: 1.0490463
2026-04-21 18:18:28.876 9 INFO neutron.notifiers.nova [-] Nova event matching ['req-f441cd3d-da9a-463a-b229-c5daa57972f2'] response: {'name': 'network-changed', 'server_uuid': 'e22815ce-345c-4a06-bd4a-e514e1ec2972', 'tag': 'ee071d5e-48ea-434d-ad51-8b1aa554edc9', 'status': 'completed', 'code': 200}
2026-04-21 18:18:28.938 9 INFO neutron.wsgi [req-a57007e6-3948-4986-97da-5f5a82f14d96 req-cb9c464e-9652-412f-9608-2278bf436791 71f754003bfa4d9d844c79e9e04edbb3 0c68ebf788794f0e8f955ac22a70dbb3 - - default default] 10.0.0.69 "GET /v2.0/ports?device_id=e22815ce-345c-4a06-bd4a-e514e1ec2972 HTTP/1.1" status: 200 len: 1174 time: 0.0552647
2026-04-21 18:18:28.960 10 INFO neutron.wsgi [req-cab2c8fb-3e81-4b09-aa6e-c73557a4b11e req-4322eeb5-433e-4dcb-957b-6d5fb44ae279 df629591f36c475bb2e96a22ae0f6ed7 678127e3b3fd415ea1800b78d3dad404 - - 90a4dea5f2464fd78b906d65f1cfbe6e 90a4dea5f2464fd78b906d65f1cfbe6e] 199.19.213.151 "GET /v2.0/ports?tenant_id=0c68ebf788794f0e8f955ac22a70dbb3&device_id=e22815ce-345c-4a06-bd4a-e514e1ec2972 HTTP/1.1" status: 200 len: 1413 time: 0.0682476
2026-04-21 18:18:29.014 9 INFO neutron.wsgi [req-a57007e6-3948-4986-97da-5f5a82f14d96 req-5567dba3-caaf-427a-8048-626a71ce8af7 71f754003bfa4d9d844c79e9e04edbb3 0c68ebf788794f0e8f955ac22a70dbb3 - - default default] 10.0.0.69 "GET /v2.0/security-groups?id=b6eb80e2-25c3-4916-8c40-ff05e196902d&fields=id&fields=name HTTP/1.1" status: 200 len: 313 time: 0.0647941
2026-04-21 18:18:29.096 10 INFO neutron.wsgi [req-cab2c8fb-3e81-4b09-aa6e-c73557a4b11e req-b2c25ae5-ab8e-4b2e-a535-016fb4d57287 df629591f36c475bb2e96a22ae0f6ed7 678127e3b3fd415ea1800b78d3dad404 - - 90a4dea5f2464fd78b906d65f1cfbe6e 90a4dea5f2464fd78b906d65f1cfbe6e] 199.19.213.151 "GET /v2.0/networks?id=7b479976-2e4b-4b5a-9f17-dec6ce44b01a HTTP/1.1" status: 200 len: 967 time: 0.1246307
2026-04-21 18:18:29.157 10 INFO neutron.wsgi [req-cab2c8fb-3e81-4b09-aa6e-c73557a4b11e req-dccf871f-696a-48c4-bc1d-c9bfba134f34 df629591f36c475bb2e96a22ae0f6ed7 678127e3b3fd415ea1800b78d3dad404 - - 90a4dea5f2464fd78b906d65f1cfbe6e 90a4dea5f2464fd78b906d65f1cfbe6e] 199.19.213.151 "GET /v2.0/floatingips?fixed_ip_address=10.100.0.14&port_id=ee071d5e-48ea-434d-ad51-8b1aa554edc9 HTTP/1.1" status: 200 len: 1060 time: 0.0535021
2026-04-21 18:18:29.206 10 INFO neutron.wsgi [req-cab2c8fb-3e81-4b09-aa6e-c73557a4b11e req-8a7cecb6-c4d0-4854-a700-dde89a092a85 df629591f36c475bb2e96a22ae0f6ed7 678127e3b3fd415ea1800b78d3dad404 - - 90a4dea5f2464fd78b906d65f1cfbe6e 90a4dea5f2464fd78b906d65f1cfbe6e] 199.19.213.151 "GET /v2.0/subnets?id=dc734719-220e-4c02-9784-cbfed7823683 HTTP/1.1" status: 200 len: 862 time: 0.0418434
2026-04-21 18:18:29.234 10 INFO neutron.wsgi [req-cab2c8fb-3e81-4b09-aa6e-c73557a4b11e req-97eb8a2c-15f7-4dd2-8364-85e22327f4d2 df629591f36c475bb2e96a22ae0f6ed7 678127e3b3fd415ea1800b78d3dad404 - - 90a4dea5f2464fd78b906d65f1cfbe6e 90a4dea5f2464fd78b906d65f1cfbe6e] 199.19.213.151 "GET /v2.0/ports?network_id=7b479976-2e4b-4b5a-9f17-dec6ce44b01a&device_owner=network%3Adhcp HTTP/1.1" status: 200 len: 210 time: 0.0216668
2026-04-21 18:18:29.310 10 INFO neutron.wsgi [req-cab2c8fb-3e81-4b09-aa6e-c73557a4b11e req-1d5c0a51-a791-42f8-a6ba-91d63da6cd69 df629591f36c475bb2e96a22ae0f6ed7 678127e3b3fd415ea1800b78d3dad404 - - 90a4dea5f2464fd78b906d65f1cfbe6e 90a4dea5f2464fd78b906d65f1cfbe6e] 199.19.213.151 "GET /v2.0/networks/7b479976-2e4b-4b5a-9f17-dec6ce44b01a?fields=segments HTTP/1.1" status: 200 len: 212 time: 0.0697765
2026-04-21 18:18:29.412 10 INFO neutron.plugins.ml2.drivers.ovn.mech_driver.mech_driver [None req-addf92fb-e432-4d94-b969-7e471586b076 - - - - - -] OVN reports status down for port: ee071d5e-48ea-434d-ad51-8b1aa554edc9
2026-04-21 18:18:29.452 10 INFO neutron.wsgi [req-4f7909f6-d933-4177-9cb6-16799f37031e req-d02c369c-ac88-4235-836c-aecd2e76e061 71f754003bfa4d9d844c79e9e04edbb3 0c68ebf788794f0e8f955ac22a70dbb3 - - default default] 10.0.0.69 "GET /v2.0/ports?device_id=e22815ce-345c-4a06-bd4a-e514e1ec2972 HTTP/1.1" status: 200 len: 1174 time: 0.0795009
2026-04-21 18:18:29.458 9 INFO neutron.db.ovn_revision_numbers_db [None req-4d7d6030-05fb-41b1-9011-9f5c75b9ba8b 335d0c3471b04450a8ee9042d1229672 534bb253f1c847668fe5069647ed9f1e - - default default] Successfully bumped revision number for resource 0fa97e5e-9b65-4ae7-9920-fa8304ae9d77 (type: security_groups) to 1
2026-04-21 18:18:29.479 10 INFO neutron.wsgi [req-cab2c8fb-3e81-4b09-aa6e-c73557a4b11e req-df7345ea-1a52-4d57-94ef-b057b3936ef4 df629591f36c475bb2e96a22ae0f6ed7 678127e3b3fd415ea1800b78d3dad404 - - 90a4dea5f2464fd78b906d65f1cfbe6e 90a4dea5f2464fd78b906d65f1cfbe6e] 199.19.213.151 "GET /v2.0/networks/7b479976-2e4b-4b5a-9f17-dec6ce44b01a?fields=provider%3Aphysical_network&fields=provider%3Anetwork_type HTTP/1.1" status: 200 len: 277 time: 0.1600888
2026-04-21 18:18:29.484 9 INFO neutron.db.ovn_revision_numbers_db [None req-4d7d6030-05fb-41b1-9011-9f5c75b9ba8b 335d0c3471b04450a8ee9042d1229672 534bb253f1c847668fe5069647ed9f1e - - default default] Successfully bumped revision number for resource 879aed1e-c969-4630-a94a-7772af65c71f (type: security_group_rules) to 0
2026-04-21 18:18:29.500 9 INFO neutron.db.ovn_revision_numbers_db [None req-4d7d6030-05fb-41b1-9011-9f5c75b9ba8b 335d0c3471b04450a8ee9042d1229672 534bb253f1c847668fe5069647ed9f1e - - default default] Successfully bumped revision number for resource cc62e6b3-5cf5-494d-bf81-645f71d8427c (type: security_group_rules) to 0
2026-04-21 18:18:29.516 10 INFO neutron.wsgi [req-4f7909f6-d933-4177-9cb6-16799f37031e req-5ff492e0-21ff-4f21-aa3b-c5bc87e87a8c 71f754003bfa4d9d844c79e9e04edbb3 0c68ebf788794f0e8f955ac22a70dbb3 - - default default] 10.0.0.69 "GET /v2.0/security-groups?id=b6eb80e2-25c3-4916-8c40-ff05e196902d&fields=id&fields=name HTTP/1.1" status: 200 len: 313 time: 0.0543907
2026-04-21 18:18:29.521 9 INFO neutron.db.ovn_revision_numbers_db [None req-4d7d6030-05fb-41b1-9011-9f5c75b9ba8b 335d0c3471b04450a8ee9042d1229672 534bb253f1c847668fe5069647ed9f1e - - default default] Successfully bumped revision number for resource d866823f-e0a6-4b48-b8ef-88b21495ac28 (type: security_group_rules) to 0
2026-04-21 18:18:29.539 9 INFO neutron.db.ovn_revision_numbers_db [None req-4d7d6030-05fb-41b1-9011-9f5c75b9ba8b 335d0c3471b04450a8ee9042d1229672 534bb253f1c847668fe5069647ed9f1e - - default default] Successfully bumped revision number for resource e38748c4-b0a2-463b-aaa9-dbfb848d6e69 (type: security_group_rules) to 0
2026-04-21 18:18:29.573 9 INFO neutron.wsgi [None req-4d7d6030-05fb-41b1-9011-9f5c75b9ba8b 335d0c3471b04450a8ee9042d1229672 534bb253f1c847668fe5069647ed9f1e - - default default] 10.0.0.198 "GET /v2.0/security-groups?tenant_id=39d7a1eb940c4cf9aaf00b0a76a54247&name=default HTTP/1.1" status: 200 len: 2996 time: 0.4217074
2026-04-21 18:18:29.607 10 INFO neutron.notifiers.nova [-] Nova event matching ['req-614bfbab-13b0-4b0d-bac0-506824bbd88d'] response: {'server_uuid': 'e22815ce-345c-4a06-bd4a-e514e1ec2972', 'name': 'network-vif-unplugged', 'status': 'completed', 'tag': 'ee071d5e-48ea-434d-ad51-8b1aa554edc9', 'code': 200}
2026-04-21 18:18:29.730 10 INFO neutron.wsgi [req-e0c5dbda-f554-473c-b792-2c723351df48 req-2240bd75-e469-4e6f-9aa1-d80428c19e58 71f754003bfa4d9d844c79e9e04edbb3 0c68ebf788794f0e8f955ac22a70dbb3 - - default default] 199.19.213.151 "GET /v2.0/ports?device_id=e22815ce-345c-4a06-bd4a-e514e1ec2972 HTTP/1.1" status: 200 len: 1172 time: 0.0422325
2026-04-21 18:18:29.788 10 INFO neutron.db.ovn_revision_numbers_db [None req-addf92fb-e432-4d94-b969-7e471586b076 - - - - - -] Successfully bumped revision number for resource ee071d5e-48ea-434d-ad51-8b1aa554edc9 (type: ports) to 5
2026-04-21 18:18:29.790 9 INFO neutron.wsgi [None req-eee07698-48dc-4d24-aaab-08c55f0abb6b 335d0c3471b04450a8ee9042d1229672 534bb253f1c847668fe5069647ed9f1e - - default default] 10.0.0.198 "DELETE /v2.0/security-groups/0fa97e5e-9b65-4ae7-9920-fa8304ae9d77 HTTP/1.1" status: 204 len: 168 time: 0.2128689
2026-04-21 18:18:30.133 10 INFO neutron.db.l3_db [req-e0c5dbda-f554-473c-b792-2c723351df48 req-e9780ccb-4ee0-4045-b108-7990427aac13 71f754003bfa4d9d844c79e9e04edbb3 0c68ebf788794f0e8f955ac22a70dbb3 - - default default] Floating IP f8142944-0363-45d8-a07d-9a17c4540560 disassociated. External IP: 10.96.250.213, port: ee071d5e-48ea-434d-ad51-8b1aa554edc9. /var/lib/openstack/lib/python3.10/site-packages/pycadf/identifier.py:71: UserWarning: Invalid uuid: neutron. To ensure interoperability, identifiers should be a valid uuid. warnings.warn(('Invalid uuid: %s. To ensure interoperability, '
2026-04-21 18:18:30.360 10 INFO neutron.db.ovn_revision_numbers_db [None req-d47c349f-e32e-4320-b5ad-b547e2dbed08 335d0c3471b04450a8ee9042d1229672 534bb253f1c847668fe5069647ed9f1e - - default default] Successfully bumped revision number for resource a8e1fd81-aedb-4452-b4e8-d8208a743374 (type: security_groups) to 1
2026-04-21 18:18:30.376 10 INFO neutron.wsgi [req-e0c5dbda-f554-473c-b792-2c723351df48 req-e9780ccb-4ee0-4045-b108-7990427aac13 71f754003bfa4d9d844c79e9e04edbb3 0c68ebf788794f0e8f955ac22a70dbb3 - - default default] 199.19.213.151 "DELETE /v2.0/ports/ee071d5e-48ea-434d-ad51-8b1aa554edc9 HTTP/1.1" status: 204 len: 173 time: 0.6411638
2026-04-21 18:18:30.383 10 INFO neutron.db.ovn_revision_numbers_db [None req-d47c349f-e32e-4320-b5ad-b547e2dbed08 335d0c3471b04450a8ee9042d1229672 534bb253f1c847668fe5069647ed9f1e - - default default] Successfully bumped revision number for resource 2a276bf8-9cc8-49f4-b26c-2f14b6db8b10 (type: security_group_rules) to 0
2026-04-21 18:18:30.413 10 INFO neutron.db.ovn_revision_numbers_db [None req-d47c349f-e32e-4320-b5ad-b547e2dbed08 335d0c3471b04450a8ee9042d1229672 534bb253f1c847668fe5069647ed9f1e - - default default] Successfully bumped revision number for resource 3618d0b6-6b5b-4484-9fb2-8e107cdb7f36 (type: security_group_rules) to 0
2026-04-21 18:18:30.427 10 INFO neutron.db.ovn_revision_numbers_db [None req-d47c349f-e32e-4320-b5ad-b547e2dbed08 335d0c3471b04450a8ee9042d1229672 534bb253f1c847668fe5069647ed9f1e - - default default] Successfully bumped revision number for resource e08968a5-4633-416e-b7f4-c489611112e0 (type: security_group_rules) to 0
2026-04-21 18:18:30.460 10 INFO neutron.db.ovn_revision_numbers_db [None req-d47c349f-e32e-4320-b5ad-b547e2dbed08 335d0c3471b04450a8ee9042d1229672 534bb253f1c847668fe5069647ed9f1e - - default default] Successfully bumped revision number for resource eee9c8e0-9e4f-413d-b8c8-86be3cb4c778 (type: security_group_rules) to 0
2026-04-21 18:18:30.488 10 INFO neutron.wsgi [None req-d47c349f-e32e-4320-b5ad-b547e2dbed08 335d0c3471b04450a8ee9042d1229672 534bb253f1c847668fe5069647ed9f1e - - default default] 10.0.0.198 "GET /v2.0/security-groups?tenant_id=530577ce8384466fb1a0fbfbf26d79c3&name=default HTTP/1.1" status: 200 len: 2996 time: 0.5120451
2026-04-21 18:18:30.636 10 INFO neutron.wsgi [req-41368acf-10c1-4c6f-af89-f2b855b702cf req-0b5c81b3-a7e1-4e39-994e-1e17bc0e7740 71f754003bfa4d9d844c79e9e04edbb3 0c68ebf788794f0e8f955ac22a70dbb3 - - default default] 10.0.0.69 "GET /v2.0/ports?device_id=e22815ce-345c-4a06-bd4a-e514e1ec2972 HTTP/1.1" status: 200 len: 210 time: 0.0227339
2026-04-21 18:18:30.712 10 INFO neutron.wsgi [None req-f5f16d7a-b6c8-426b-a522-d1cbd658c4dd 335d0c3471b04450a8ee9042d1229672 534bb253f1c847668fe5069647ed9f1e - - default default] 10.0.0.198 "DELETE /v2.0/security-groups/a8e1fd81-aedb-4452-b4e8-d8208a743374 HTTP/1.1" status: 204 len: 168 time: 0.2170401
2026-04-21 18:18:31.646 10 INFO neutron.notifiers.nova [-] Nova event matching ['req-ecac5d0a-bc43-4ed4-be86-57626943db78'] response: {'server_uuid': 'e22815ce-345c-4a06-bd4a-e514e1ec2972', 'name': 'network-vif-plugged', 'status': 'completed', 'tag': 'ee071d5e-48ea-434d-ad51-8b1aa554edc9', 'code': 200}
2026-04-21 18:18:31.646 10 INFO neutron.notifiers.nova [-] Nova event matching ['req-ecac5d0a-bc43-4ed4-be86-57626943db78'] response: {'server_uuid': 'e22815ce-345c-4a06-bd4a-e514e1ec2972', 'name': 'network-vif-deleted', 'tag': 'ee071d5e-48ea-434d-ad51-8b1aa554edc9', 'status': 'completed', 'code': 200}
2026-04-21 18:18:31.886 10 INFO neutron.wsgi [None req-add6ec39-e7e1-424a-a9df-01e9da364a60 71f754003bfa4d9d844c79e9e04edbb3 0c68ebf788794f0e8f955ac22a70dbb3 - - default default] 10.0.0.198 "DELETE /v2.0/security-groups/b6eb80e2-25c3-4916-8c40-ff05e196902d HTTP/1.1" status: 204 len: 168 time: 0.1417081
