2026-04-21 18:19:28.350 10 INFO neutron.wsgi [req-fb8eac2b-e1d5-43eb-b212-54bc81375846 req-8d15d7b5-f7c2-400b-87e9-99ea73cfef84 796a92e9256a415abc1774e21846241f afe0505543bb46cf8a52938fe49ff8ec - - default default] 10.0.0.69 "GET /v2.0/ports?device_id=3e413a9d-c466-49a4-b996-9b3d70358de3 HTTP/1.1" status: 200 len: 1214 time: 0.1581283 /var/lib/openstack/lib/python3.10/site-packages/pycadf/identifier.py:71: UserWarning: Invalid uuid: neutron. To ensure interoperability, identifiers should be a valid uuid. warnings.warn(('Invalid uuid: %s. To ensure interoperability, '
2026-04-21 18:19:28.401 9 INFO neutron.wsgi [req-7d9c86a1-0534-4336-95d3-9e37cd71f620 req-b40db2dd-d941-4a46-8805-a76a407fce2c 974b4f23127f452a9fd03c2b7397d8ac e0ce06fa0fd64684abddf65da62e7179 - - default default] 10.0.0.69 "GET /v2.0/security-groups?id=f44c509c-80c1-4fdf-a8ca-eb15163eab8a&fields=id&fields=name HTTP/1.1" status: 200 len: 286 time: 0.0936129
2026-04-21 18:19:28.412 10 INFO neutron.wsgi [req-fb8eac2b-e1d5-43eb-b212-54bc81375846 req-e4d13683-87b7-45f7-82ae-84629b9c5a23 796a92e9256a415abc1774e21846241f afe0505543bb46cf8a52938fe49ff8ec - - default default] 10.0.0.69 "GET /v2.0/security-groups?id=3bd19210-e416-4d0c-8639-7b44e4ef3927&id=7a30b671-f5fa-4112-a299-863e118eee3f&fields=id&fields=name HTTP/1.1" status: 200 len: 405 time: 0.0497289
2026-04-21 18:19:28.435 10 INFO neutron.db.ovn_revision_numbers_db [req-af103b23-4d16-45e5-960f-61411d2cfa25 req-8be6e253-03db-4846-87f8-5ea474617890 df629591f36c475bb2e96a22ae0f6ed7 678127e3b3fd415ea1800b78d3dad404 - - 90a4dea5f2464fd78b906d65f1cfbe6e 90a4dea5f2464fd78b906d65f1cfbe6e] Successfully bumped revision number for resource f6ef58a5-c900-4e60-8ac9-80314fc82d39 (type: ports) to 2
2026-04-21 18:19:28.456 10 INFO neutron.wsgi [req-af103b23-4d16-45e5-960f-61411d2cfa25 req-8be6e253-03db-4846-87f8-5ea474617890 df629591f36c475bb2e96a22ae0f6ed7 678127e3b3fd415ea1800b78d3dad404 - - 90a4dea5f2464fd78b906d65f1cfbe6e 90a4dea5f2464fd78b906d65f1cfbe6e] 199.19.213.151 "PUT /v2.0/ports/f6ef58a5-c900-4e60-8ac9-80314fc82d39 HTTP/1.1" status: 200 len: 1376 time: 0.9862556
2026-04-21 18:19:28.491 9 INFO neutron.notifiers.nova [-] Nova event matching ['req-6730071e-3445-45d6-a8da-4f1c82a1ba28'] response: {'server_uuid': '3e413a9d-c466-49a4-b996-9b3d70358de3', 'name': 'network-vif-unplugged', 'status': 'completed', 'tag': '5fbaf15c-ca34-443a-afa8-f686db7cb446', 'code': 200}
2026-04-21 18:19:28.545 10 INFO neutron.wsgi [req-af103b23-4d16-45e5-960f-61411d2cfa25 req-5a1078f2-82c9-45b0-b969-1bff919cdd27 df629591f36c475bb2e96a22ae0f6ed7 678127e3b3fd415ea1800b78d3dad404 - - 90a4dea5f2464fd78b906d65f1cfbe6e 90a4dea5f2464fd78b906d65f1cfbe6e] 199.19.213.151 "GET /v2.0/ports?tenant_id=e0ce06fa0fd64684abddf65da62e7179&device_id=9529afbf-8ae4-439a-97c2-18ea737dcabe HTTP/1.1" status: 200 len: 1407 time: 0.0447645
2026-04-21 18:19:28.551 9 INFO neutron.wsgi [req-6535b1a7-b28c-4100-924e-ea943b299733 req-4faa3f44-f249-47a2-a16e-4ccb0cb57227 796a92e9256a415abc1774e21846241f afe0505543bb46cf8a52938fe49ff8ec - - default default] 199.19.213.151 "GET /v2.0/ports?device_id=3e413a9d-c466-49a4-b996-9b3d70358de3 HTTP/1.1" status: 200 len: 1212 time: 0.1105928
2026-04-21 18:19:28.586 10 INFO neutron.wsgi [req-af103b23-4d16-45e5-960f-61411d2cfa25 req-e4206949-8ea0-418c-a715-e5d728def77f df629591f36c475bb2e96a22ae0f6ed7 678127e3b3fd415ea1800b78d3dad404 - - 90a4dea5f2464fd78b906d65f1cfbe6e 90a4dea5f2464fd78b906d65f1cfbe6e] 199.19.213.151 "GET /v2.0/floatingips?fixed_ip_address=10.100.0.6&port_id=f6ef58a5-c900-4e60-8ac9-80314fc82d39 HTTP/1.1" status: 200 len: 217 time: 0.0275111
2026-04-21 18:19:28.636 10 INFO neutron.wsgi [req-af103b23-4d16-45e5-960f-61411d2cfa25 req-f900b107-6228-460d-99a1-fd0bbd19cd97 df629591f36c475bb2e96a22ae0f6ed7 678127e3b3fd415ea1800b78d3dad404 - - 90a4dea5f2464fd78b906d65f1cfbe6e 90a4dea5f2464fd78b906d65f1cfbe6e] 199.19.213.151 "GET /v2.0/subnets?id=de2f21b4-94ea-4c56-8bce-04f905ebf8c7 HTTP/1.1" status: 200 len: 865 time: 0.0422935
2026-04-21 18:19:28.665 10 INFO neutron.wsgi [req-af103b23-4d16-45e5-960f-61411d2cfa25 req-01cefcd7-a692-403e-9175-c2a05321cbf5 df629591f36c475bb2e96a22ae0f6ed7 678127e3b3fd415ea1800b78d3dad404 - - 90a4dea5f2464fd78b906d65f1cfbe6e 90a4dea5f2464fd78b906d65f1cfbe6e] 199.19.213.151 "GET /v2.0/ports?network_id=5657cd9b-f94e-4061-abef-416ccfd71402&device_owner=network%3Adhcp HTTP/1.1" status: 200 len: 210 time: 0.0228615
2026-04-21 18:19:28.741 10 INFO neutron.wsgi [req-af103b23-4d16-45e5-960f-61411d2cfa25 req-1c6b9591-f009-4b08-b933-dd94d1d0f650 df629591f36c475bb2e96a22ae0f6ed7 678127e3b3fd415ea1800b78d3dad404 - - 90a4dea5f2464fd78b906d65f1cfbe6e 90a4dea5f2464fd78b906d65f1cfbe6e] 199.19.213.151 "GET /v2.0/networks/5657cd9b-f94e-4061-abef-416ccfd71402?fields=segments HTTP/1.1" status: 200 len: 212 time: 0.0709553
2026-04-21 18:19:28.849 10 INFO neutron.wsgi [req-af103b23-4d16-45e5-960f-61411d2cfa25 req-12fd5983-118b-4759-abda-d3397e7434cd df629591f36c475bb2e96a22ae0f6ed7 678127e3b3fd415ea1800b78d3dad404 - - 90a4dea5f2464fd78b906d65f1cfbe6e 90a4dea5f2464fd78b906d65f1cfbe6e] 199.19.213.151 "GET /v2.0/networks/5657cd9b-f94e-4061-abef-416ccfd71402?fields=provider%3Aphysical_network&fields=provider%3Anetwork_type HTTP/1.1" status: 200 len: 277 time: 0.0999062
2026-04-21 18:19:28.947 9 INFO neutron.wsgi [req-0755ed56-3fe2-4fc1-85fa-5e66756d4db1 req-eaebdf7f-c8d7-4c26-963d-4fc04a418fca ca3ed98809ae464887c309a15a113657 d64072668d9644b5a7103757dff81120 - - default default] 10.0.0.69 "GET /v2.0/ports?device_id=3fe6e907-8e67-4b0e-8abe-fc198863d2cd HTTP/1.1" status: 200 len: 1170 time: 0.4916668
2026-04-21 18:19:29.072 9 INFO neutron.wsgi [req-0755ed56-3fe2-4fc1-85fa-5e66756d4db1 req-6f757738-4b75-4760-a886-bf335f862610 ca3ed98809ae464887c309a15a113657 d64072668d9644b5a7103757dff81120 - - default default] 10.0.0.69 "GET /v2.0/security-groups?id=80b6b169-714f-4510-aaa7-afd88b67f102&fields=id&fields=name HTTP/1.1" status: 200 len: 312 time: 0.1157362
2026-04-21 18:19:29.161 10 INFO neutron.wsgi [None req-71abd918-18f2-46fe-b169-7ea1bbb256da 39f2bd6905f146de80864fa0acd66c3a 676a8c555fa34417a07f7b68151c3fbf - - default default] 10.0.0.198 "GET /v2.0/ports?device_id=3fe6e907-8e67-4b0e-8abe-fc198863d2cd HTTP/1.1" status: 200 len: 1404 time: 0.0522287
2026-04-21 18:19:29.207 9 INFO neutron.db.ovn_revision_numbers_db [None req-82a10772-c472-498d-82e5-634118138e5b - - - - - -] Successfully bumped revision number for resource 5fbaf15c-ca34-443a-afa8-f686db7cb446 (type: ports) to 5
2026-04-21 18:19:29.307 9 INFO neutron.plugins.ml2.drivers.ovn.mech_driver.mech_driver [None req-82a10772-c472-498d-82e5-634118138e5b - - - - - -] OVN reports status up for port: f6ef58a5-c900-4e60-8ac9-80314fc82d39
2026-04-21 18:19:29.361 9 INFO neutron.plugins.ml2.plugin [None req-82a10772-c472-498d-82e5-634118138e5b - - - - - -] Attempt 1 to provision port f6ef58a5-c900-4e60-8ac9-80314fc82d39
2026-04-21 18:19:29.498 10 INFO neutron.db.l3_db [None req-2fcad9ee-aa20-4850-bca3-257811e14195 ca3ed98809ae464887c309a15a113657 d64072668d9644b5a7103757dff81120 - - default default] Floating IP 733dda6e-cb3e-4f20-b23d-e013d249ddb7 associated. External IP: 10.96.250.219, port: 78674a79-647d-4cd5-a900-e7ced1540870. /var/lib/openstack/lib/python3.10/site-packages/pycadf/identifier.py:71: UserWarning: Invalid uuid: neutron. To ensure interoperability, identifiers should be a valid uuid. warnings.warn(('Invalid uuid: %s. To ensure interoperability, '
2026-04-21 18:19:29.527 10 INFO neutron.wsgi [req-8bcaaab3-9dbc-4084-9031-3a9ea489efb2 req-49f2f2e0-ff64-4460-be4f-beac4e072fd2 974b4f23127f452a9fd03c2b7397d8ac e0ce06fa0fd64684abddf65da62e7179 - - default default] 10.0.0.69 "GET /v2.0/ports?device_id=9529afbf-8ae4-439a-97c2-18ea737dcabe HTTP/1.1" status: 200 len: 1168 time: 0.0552912
2026-04-21 18:19:29.537 9 INFO neutron.db.l3_db [req-6535b1a7-b28c-4100-924e-ea943b299733 req-23a30bfb-ab38-47e2-9ae0-5924a9a065d5 796a92e9256a415abc1774e21846241f afe0505543bb46cf8a52938fe49ff8ec - - default default] Floating IP e20cbd8f-038b-424d-aa60-b9300d4625e9 disassociated. External IP: 10.96.250.203, port: 5fbaf15c-ca34-443a-afa8-f686db7cb446.
2026-04-21 18:19:29.585 9 INFO neutron.wsgi [req-0a5b82bd-4be8-4749-8db9-dcb4ef0f4955 req-2b54aac2-198c-4bdd-b11b-08fb6a9ec066 796a92e9256a415abc1774e21846241f afe0505543bb46cf8a52938fe49ff8ec - - default default] 10.0.0.69 "GET /v2.0/ports?device_id=3e413a9d-c466-49a4-b996-9b3d70358de3 HTTP/1.1" status: 200 len: 1212 time: 0.0930059
2026-04-21 18:19:29.601 10 INFO neutron.wsgi [req-8bcaaab3-9dbc-4084-9031-3a9ea489efb2 req-ec8ddc26-b1e3-4009-9204-7a3562b1810a 974b4f23127f452a9fd03c2b7397d8ac e0ce06fa0fd64684abddf65da62e7179 - - default default] 10.0.0.69 "GET /v2.0/security-groups?id=f44c509c-80c1-4fdf-a8ca-eb15163eab8a&fields=id&fields=name HTTP/1.1" status: 200 len: 286 time: 0.0631309
2026-04-21 18:19:29.643 10 INFO neutron.notifiers.nova [-] Nova event matching ['req-54278fff-2a3e-46f5-a1f5-9b4181c68964'] response: {'server_uuid': '3fe6e907-8e67-4b0e-8abe-fc198863d2cd', 'name': 'network-vif-plugged', 'status': 'completed', 'tag': '78674a79-647d-4cd5-a900-e7ced1540870', 'code': 200}
2026-04-21 18:19:29.644 10 INFO neutron.notifiers.nova [-] Nova event matching ['req-54278fff-2a3e-46f5-a1f5-9b4181c68964'] response: {'name': 'network-changed', 'server_uuid': '9529afbf-8ae4-439a-97c2-18ea737dcabe', 'tag': 'f6ef58a5-c900-4e60-8ac9-80314fc82d39', 'status': 'completed', 'code': 200}
2026-04-21 18:19:29.776 9 INFO neutron.wsgi [req-0a5b82bd-4be8-4749-8db9-dcb4ef0f4955 req-d2395065-a2a8-4af2-ac2d-c1acece0004f 796a92e9256a415abc1774e21846241f afe0505543bb46cf8a52938fe49ff8ec - - default default] 10.0.0.69 "GET /v2.0/security-groups?id=3bd19210-e416-4d0c-8639-7b44e4ef3927&id=7a30b671-f5fa-4112-a299-863e118eee3f&fields=id&fields=name HTTP/1.1" status: 200 len: 405 time: 0.1821268
2026-04-21 18:19:29.885 9 INFO neutron.wsgi [None req-897a11fc-29a3-4419-8102-4b79127bd977 76702b981c5c4db68a45351150dc09db 6b877958389643f0a1cccc5fe5d57e57 - - default default] 10.0.0.198 "DELETE /v2.0/routers/e4c8064f-59ff-4fbf-8fc5-96d65ab25163 HTTP/1.1" status: 204 len: 168 time: 1.9827671
2026-04-21 18:19:29.960 9 INFO neutron.wsgi [req-6535b1a7-b28c-4100-924e-ea943b299733 req-23a30bfb-ab38-47e2-9ae0-5924a9a065d5 796a92e9256a415abc1774e21846241f afe0505543bb46cf8a52938fe49ff8ec - - default default] 199.19.213.151 "DELETE /v2.0/ports/5fbaf15c-ca34-443a-afa8-f686db7cb446 HTTP/1.1" status: 204 len: 173 time: 1.4012096
2026-04-21 18:19:29.972 10 INFO neutron.wsgi [req-31f4bdbe-18ad-4005-8ad7-f06c41568a67 req-3ede7510-9e26-4bee-b4c8-475ef9e36468 df629591f36c475bb2e96a22ae0f6ed7 678127e3b3fd415ea1800b78d3dad404 - - 90a4dea5f2464fd78b906d65f1cfbe6e 90a4dea5f2464fd78b906d65f1cfbe6e] 199.19.213.151 "GET /v2.0/ports?tenant_id=e0ce06fa0fd64684abddf65da62e7179&device_id=9529afbf-8ae4-439a-97c2-18ea737dcabe HTTP/1.1" status: 200 len: 1409 time: 0.3018031
2026-04-21 18:19:30.000 10 INFO neutron.db.ovn_revision_numbers_db [None req-2fcad9ee-aa20-4850-bca3-257811e14195 ca3ed98809ae464887c309a15a113657 d64072668d9644b5a7103757dff81120 - - default default] Successfully bumped revision number for resource 733dda6e-cb3e-4f20-b23d-e013d249ddb7 (type: floatingips) to 4
2026-04-21 18:19:30.008 9 INFO neutron.db.ovn_revision_numbers_db [None req-82a10772-c472-498d-82e5-634118138e5b - - - - - -] Successfully bumped revision number for resource f6ef58a5-c900-4e60-8ac9-80314fc82d39 (type: ports) to 4
2026-04-21 18:19:30.068 10 INFO neutron.wsgi [req-31f4bdbe-18ad-4005-8ad7-f06c41568a67 req-f16fabb7-d92c-4d91-b661-071fc01e15f6 df629591f36c475bb2e96a22ae0f6ed7 678127e3b3fd415ea1800b78d3dad404 - - 90a4dea5f2464fd78b906d65f1cfbe6e 90a4dea5f2464fd78b906d65f1cfbe6e] 199.19.213.151 "GET /v2.0/networks?id=5657cd9b-f94e-4061-abef-416ccfd71402 HTTP/1.1" status: 200 len: 970 time: 0.0873218
2026-04-21 18:19:30.097 10 INFO neutron.wsgi [req-31f4bdbe-18ad-4005-8ad7-f06c41568a67 req-fce68368-9b5c-4eae-8925-33684fd708e2 df629591f36c475bb2e96a22ae0f6ed7 678127e3b3fd415ea1800b78d3dad404 - - 90a4dea5f2464fd78b906d65f1cfbe6e 90a4dea5f2464fd78b906d65f1cfbe6e] 199.19.213.151 "GET /v2.0/floatingips?fixed_ip_address=10.100.0.6&port_id=f6ef58a5-c900-4e60-8ac9-80314fc82d39 HTTP/1.1" status: 200 len: 217 time: 0.0228622
2026-04-21 18:19:30.153 10 INFO neutron.wsgi [req-31f4bdbe-18ad-4005-8ad7-f06c41568a67 req-bf2bfdfa-50bb-47d9-9848-b41ce739c54b df629591f36c475bb2e96a22ae0f6ed7 678127e3b3fd415ea1800b78d3dad404 - - 90a4dea5f2464fd78b906d65f1cfbe6e 90a4dea5f2464fd78b906d65f1cfbe6e] 199.19.213.151 "GET /v2.0/subnets?id=de2f21b4-94ea-4c56-8bce-04f905ebf8c7 HTTP/1.1" status: 200 len: 865 time: 0.0495777
2026-04-21 18:19:30.164 10 INFO neutron.db.ovn_revision_numbers_db [None req-2fcad9ee-aa20-4850-bca3-257811e14195 ca3ed98809ae464887c309a15a113657 d64072668d9644b5a7103757dff81120 - - default default] Successfully bumped revision number for resource 733dda6e-cb3e-4f20-b23d-e013d249ddb7 (type: floatingips) to 5
2026-04-21 18:19:30.209 10 INFO neutron.wsgi [req-31f4bdbe-18ad-4005-8ad7-f06c41568a67 req-381a9ea0-a265-4666-81fb-ab3d7e543870 df629591f36c475bb2e96a22ae0f6ed7 678127e3b3fd415ea1800b78d3dad404 - - 90a4dea5f2464fd78b906d65f1cfbe6e 90a4dea5f2464fd78b906d65f1cfbe6e] 199.19.213.151 "GET /v2.0/ports?network_id=5657cd9b-f94e-4061-abef-416ccfd71402&device_owner=network%3Adhcp HTTP/1.1" status: 200 len: 210 time: 0.0451965
2026-04-21 18:19:30.226 10 INFO neutron.wsgi [None req-2fcad9ee-aa20-4850-bca3-257811e14195 ca3ed98809ae464887c309a15a113657 d64072668d9644b5a7103757dff81120 - - default default] 10.0.0.198 "PUT /v2.0/floatingips/733dda6e-cb3e-4f20-b23d-e013d249ddb7 HTTP/1.1" status: 200 len: 1049 time: 1.0606782
2026-04-21 18:19:30.308 10 INFO neutron.wsgi [None req-640d9184-e958-4ef8-a75b-14959377b01a ca3ed98809ae464887c309a15a113657 d64072668d9644b5a7103757dff81120 - - default default] 10.0.0.198 "GET /v2.0/floatingips/733dda6e-cb3e-4f20-b23d-e013d249ddb7 HTTP/1.1" status: 200 len: 1051 time: 0.0705268
2026-04-21 18:19:30.319 10 INFO neutron.wsgi [req-31f4bdbe-18ad-4005-8ad7-f06c41568a67 req-ad757c33-6dee-4904-a273-5f1b89b9e0d7 df629591f36c475bb2e96a22ae0f6ed7 678127e3b3fd415ea1800b78d3dad404 - - 90a4dea5f2464fd78b906d65f1cfbe6e 90a4dea5f2464fd78b906d65f1cfbe6e] 199.19.213.151 "GET /v2.0/networks/5657cd9b-f94e-4061-abef-416ccfd71402?fields=segments HTTP/1.1" status: 200 len: 212 time: 0.1037419
2026-04-21 18:19:30.401 10 INFO neutron.wsgi [req-31f4bdbe-18ad-4005-8ad7-f06c41568a67 req-c228884f-5a9f-4c5d-93b0-594be106c68c df629591f36c475bb2e96a22ae0f6ed7 678127e3b3fd415ea1800b78d3dad404 - - 90a4dea5f2464fd78b906d65f1cfbe6e 90a4dea5f2464fd78b906d65f1cfbe6e] 199.19.213.151 "GET /v2.0/networks/5657cd9b-f94e-4061-abef-416ccfd71402?fields=provider%3Aphysical_network&fields=provider%3Anetwork_type HTTP/1.1" status: 200 len: 277 time: 0.0758922
2026-04-21 18:19:30.418 9 INFO neutron.wsgi [None req-04b505fa-d5a5-44c9-8dca-8df8f95f1355 76702b981c5c4db68a45351150dc09db 6b877958389643f0a1cccc5fe5d57e57 - - default default] 10.0.0.198 "DELETE /v2.0/subnets/e027c758-c31e-4828-933d-cdaad9ad456a HTTP/1.1" status: 204 len: 168 time: 0.5172889 /var/lib/openstack/lib/python3.10/site-packages/pycadf/identifier.py:71: UserWarning: Invalid uuid: neutron. To ensure interoperability, identifiers should be a valid uuid. warnings.warn(('Invalid uuid: %s. To ensure interoperability, '
2026-04-21 18:19:30.544 9 INFO neutron.notifiers.nova [-] Nova event matching ['req-3ffa357a-8ac5-473b-94de-f69928252fd0'] response: {'server_uuid': '3e413a9d-c466-49a4-b996-9b3d70358de3', 'name': 'network-vif-plugged', 'status': 'completed', 'tag': '5fbaf15c-ca34-443a-afa8-f686db7cb446', 'code': 200}
2026-04-21 18:19:30.544 9 INFO neutron.notifiers.nova [-] Nova event matching ['req-3ffa357a-8ac5-473b-94de-f69928252fd0'] response: {'server_uuid': '9529afbf-8ae4-439a-97c2-18ea737dcabe', 'name': 'network-vif-plugged', 'status': 'completed', 'tag': 'f6ef58a5-c900-4e60-8ac9-80314fc82d39', 'code': 200}
2026-04-21 18:19:30.544 9 INFO neutron.notifiers.nova [-] Nova event matching ['req-3ffa357a-8ac5-473b-94de-f69928252fd0'] response: {'server_uuid': '3e413a9d-c466-49a4-b996-9b3d70358de3', 'name': 'network-vif-deleted', 'tag': '5fbaf15c-ca34-443a-afa8-f686db7cb446', 'status': 'completed', 'code': 200}
2026-04-21 18:19:30.545 9 INFO neutron.notifiers.nova [-] Nova event matching ['req-3ffa357a-8ac5-473b-94de-f69928252fd0'] response: {'server_uuid': '9529afbf-8ae4-439a-97c2-18ea737dcabe', 'name': 'network-vif-plugged', 'status': 'completed', 'tag': 'f6ef58a5-c900-4e60-8ac9-80314fc82d39', 'code': 200}
2026-04-21 18:19:30.743 9 INFO neutron.wsgi [req-1192d90b-c32c-4546-86fa-9562c11ea608 req-f64634ba-3ba2-41d1-a1ea-111d59a298a5 974b4f23127f452a9fd03c2b7397d8ac e0ce06fa0fd64684abddf65da62e7179 - - default default] 10.0.0.69 "GET /v2.0/ports?device_id=9529afbf-8ae4-439a-97c2-18ea737dcabe HTTP/1.1" status: 200 len: 1170 time: 0.0562801
2026-04-21 18:19:30.821 9 INFO neutron.wsgi [req-1192d90b-c32c-4546-86fa-9562c11ea608 req-0bd0f9ba-74a0-47bd-8cdb-f64dae1e0923 974b4f23127f452a9fd03c2b7397d8ac e0ce06fa0fd64684abddf65da62e7179 - - default default] 10.0.0.69 "GET /v2.0/security-groups?id=f44c509c-80c1-4fdf-a8ca-eb15163eab8a&fields=id&fields=name HTTP/1.1" status: 200 len: 286 time: 0.0705855
2026-04-21 18:19:31.007 9 INFO neutron.services.segments.plugin [-] Segment ea28be77-299b-4aab-98e3-5e935dcadb2a resource provider aggregate not found
2026-04-21 18:19:31.012 9 INFO neutron.services.segments.plugin [-] Segment ea28be77-299b-4aab-98e3-5e935dcadb2a resource provider aggregate not found
2026-04-21 18:19:31.029 9 INFO neutron.services.segments.plugin [-] Segment ea28be77-299b-4aab-98e3-5e935dcadb2a resource provider not found; error: Placement Client Error (4xx): {"errors": [{"status": 404, "title": "Not Found", "detail": "The resource could not be found.\n\n No resource provider with uuid ea28be77-299b-4aab-98e3-5e935dcadb2a found for delete ", "request_id": "req-449f075d-7661-4b7c-84b7-1fb03ac4b259"}]}
2026-04-21 18:19:31.033 9 INFO neutron.services.segments.plugin [-] Segment ea28be77-299b-4aab-98e3-5e935dcadb2a resource provider not found; error: Placement Client Error (4xx): {"errors": [{"status": 404, "title": "Not Found", "detail": "The resource could not be found.\n\n No resource provider with uuid ea28be77-299b-4aab-98e3-5e935dcadb2a found for delete ", "request_id": "req-c51a6639-ceb6-4c84-9750-6684fa005d53"}]}
2026-04-21 18:19:31.079 9 INFO neutron.wsgi [None req-3e6ec26a-8a2e-45ec-857a-e6b63cb79515 76702b981c5c4db68a45351150dc09db 6b877958389643f0a1cccc5fe5d57e57 - - default default] 10.0.0.198 "DELETE /v2.0/networks/87c53734-fa5e-4ed7-9f9e-2e53739865a7 HTTP/1.1" status: 204 len: 168 time: 0.6539950
2026-04-21 18:19:31.129 9 INFO neutron.wsgi [None req-5f445855-7371-400a-b50b-8b54dcffbd0e 796a92e9256a415abc1774e21846241f afe0505543bb46cf8a52938fe49ff8ec - - default default] 10.0.0.198 "DELETE /v2.0/security-groups/3bd19210-e416-4d0c-8639-7b44e4ef3927 HTTP/1.1" status: 204 len: 168 time: 0.2040784
2026-04-21 18:19:31.145 9 INFO neutron.api.v2.resource [None req-570aa78a-c559-4161-981b-bfe40ed9e3be 796a92e9256a415abc1774e21846241f afe0505543bb46cf8a52938fe49ff8ec - - default default] show failed (client error): The resource could not be found.
2026-04-21 18:19:31.146 9 INFO neutron.wsgi [None req-570aa78a-c559-4161-981b-bfe40ed9e3be 796a92e9256a415abc1774e21846241f afe0505543bb46cf8a52938fe49ff8ec - - default default] 10.0.0.198 "GET /v2.0/security-groups/3bd19210-e416-4d0c-8639-7b44e4ef3927 HTTP/1.1" status: 404 len: 347 time: 0.0115495
2026-04-21 18:19:31.495 9 INFO neutron.wsgi [None req-715410d0-6304-47ad-b778-032825019d8f 796a92e9256a415abc1774e21846241f afe0505543bb46cf8a52938fe49ff8ec - - default default] 10.0.0.198 "DELETE /v2.0/floatingips/e20cbd8f-038b-424d-aa60-b9300d4625e9 HTTP/1.1" status: 204 len: 168 time: 0.3448162
2026-04-21 18:19:31.652 9 INFO neutron.wsgi [None req-53b8379b-5ade-4723-8486-0fa8d0fa57d3 796a92e9256a415abc1774e21846241f afe0505543bb46cf8a52938fe49ff8ec - - default default] 10.0.0.198 "DELETE /v2.0/security-groups/7a30b671-f5fa-4112-a299-863e118eee3f HTTP/1.1" status: 204 len: 168 time: 0.1522243
2026-04-21 18:19:31.691 10 INFO neutron.notifiers.nova [-] Nova event matching ['req-6878ec5a-de2b-4e02-a698-69a1b5219a8f'] response: {'name': 'network-changed', 'server_uuid': '3fe6e907-8e67-4b0e-8abe-fc198863d2cd', 'tag': '78674a79-647d-4cd5-a900-e7ced1540870', 'status': 'completed', 'code': 200}
2026-04-21 18:19:31.768 10 INFO neutron.wsgi [req-dbe48451-e8f8-46f3-ad10-6953c82f4c49 req-a9fb0d0b-1dc3-4c33-859c-8aeae380adb3 df629591f36c475bb2e96a22ae0f6ed7 678127e3b3fd415ea1800b78d3dad404 - - 90a4dea5f2464fd78b906d65f1cfbe6e 90a4dea5f2464fd78b906d65f1cfbe6e] 199.19.213.151 "GET /v2.0/ports?tenant_id=d64072668d9644b5a7103757dff81120&device_id=3fe6e907-8e67-4b0e-8abe-fc198863d2cd HTTP/1.1" status: 200 len: 1409 time: 0.0545261
2026-04-21 18:19:31.810 9 INFO neutron.wsgi [None req-1b10db58-915f-469f-924a-1169974dc3bb 335d0c3471b04450a8ee9042d1229672 534bb253f1c847668fe5069647ed9f1e - - default default] 10.0.0.198 "GET /v2.0/security-groups?tenant_id=6b877958389643f0a1cccc5fe5d57e57&name=default HTTP/1.1" status: 200 len: 2996 time: 0.2187366
2026-04-21 18:19:31.882 10 INFO neutron.wsgi [req-dbe48451-e8f8-46f3-ad10-6953c82f4c49 req-03be1923-eaf8-474f-88b2-c37e72fc1259 df629591f36c475bb2e96a22ae0f6ed7 678127e3b3fd415ea1800b78d3dad404 - - 90a4dea5f2464fd78b906d65f1cfbe6e 90a4dea5f2464fd78b906d65f1cfbe6e] 199.19.213.151 "GET /v2.0/networks?id=64cd1b1e-cd10-4c8a-a4e5-cf550eb617ff HTTP/1.1" status: 200 len: 959 time: 0.1050074
2026-04-21 18:19:31.987 10 INFO neutron.wsgi [req-dbe48451-e8f8-46f3-ad10-6953c82f4c49 req-c31161e5-4e6f-4a85-8937-4886e2345cf8 df629591f36c475bb2e96a22ae0f6ed7 678127e3b3fd415ea1800b78d3dad404 - - 90a4dea5f2464fd78b906d65f1cfbe6e 90a4dea5f2464fd78b906d65f1cfbe6e] 199.19.213.151 "GET /v2.0/floatingips?fixed_ip_address=10.100.0.4&port_id=78674a79-647d-4cd5-a900-e7ced1540870 HTTP/1.1" status: 200 len: 1059 time: 0.0940773
2026-04-21 18:19:32.001 9 INFO neutron.wsgi [None req-8deaa2f5-7ab4-40fe-8d84-ebf484f3fa2f 335d0c3471b04450a8ee9042d1229672 534bb253f1c847668fe5069647ed9f1e - - default default] 10.0.0.198 "DELETE /v2.0/security-groups/96553acc-7fa9-48b7-a3f4-3ae2526020ac HTTP/1.1" status: 204 len: 168 time: 0.1835818
2026-04-21 18:19:32.051 10 INFO neutron.wsgi [req-dbe48451-e8f8-46f3-ad10-6953c82f4c49 req-f06eb062-8ca4-43af-b199-92457fb65233 df629591f36c475bb2e96a22ae0f6ed7 678127e3b3fd415ea1800b78d3dad404 - - 90a4dea5f2464fd78b906d65f1cfbe6e 90a4dea5f2464fd78b906d65f1cfbe6e] 199.19.213.151 "GET /v2.0/subnets?id=2a413d67-2e9e-49b8-b71c-c29ac3529932 HTTP/1.1" status: 200 len: 853 time: 0.0571446
2026-04-21 18:19:32.072 10 INFO neutron.wsgi [req-3030a5d4-bca5-43e8-bca0-42d67be71c0d req-caffe515-e21d-4d57-8d96-11dec394d14d 974b4f23127f452a9fd03c2b7397d8ac e0ce06fa0fd64684abddf65da62e7179 - - default default] 10.0.0.69 "GET /v2.0/ports?device_id=9529afbf-8ae4-439a-97c2-18ea737dcabe HTTP/1.1" status: 200 len: 1170 time: 0.1810000
2026-04-21 18:19:32.082 10 INFO neutron.wsgi [req-dbe48451-e8f8-46f3-ad10-6953c82f4c49 req-10df35f9-6442-4a46-903d-2d360b9d5625 df629591f36c475bb2e96a22ae0f6ed7 678127e3b3fd415ea1800b78d3dad404 - - 90a4dea5f2464fd78b906d65f1cfbe6e 90a4dea5f2464fd78b906d65f1cfbe6e] 199.19.213.151 "GET /v2.0/ports?network_id=64cd1b1e-cd10-4c8a-a4e5-cf550eb617ff&device_owner=network%3Adhcp HTTP/1.1" status: 200 len: 210 time: 0.0255756
2026-04-21 18:19:32.152 10 INFO neutron.wsgi [req-3030a5d4-bca5-43e8-bca0-42d67be71c0d req-f2a7664d-f2a7-4302-8248-9b256bb1b134 974b4f23127f452a9fd03c2b7397d8ac e0ce06fa0fd64684abddf65da62e7179 - - default default] 10.0.0.69 "GET /v2.0/security-groups?id=f44c509c-80c1-4fdf-a8ca-eb15163eab8a&fields=id&fields=name HTTP/1.1" status: 200 len: 286 time: 0.0697119
2026-04-21 18:19:32.174 10 INFO neutron.wsgi [req-dbe48451-e8f8-46f3-ad10-6953c82f4c49 req-ac1429d4-42c5-4364-bfa0-34c11076480a df629591f36c475bb2e96a22ae0f6ed7 678127e3b3fd415ea1800b78d3dad404 - - 90a4dea5f2464fd78b906d65f1cfbe6e 90a4dea5f2464fd78b906d65f1cfbe6e] 199.19.213.151 "GET /v2.0/networks/64cd1b1e-cd10-4c8a-a4e5-cf550eb617ff?fields=segments HTTP/1.1" status: 200 len: 212 time: 0.0753517
2026-04-21 18:19:32.266 10 INFO neutron.wsgi [req-dbe48451-e8f8-46f3-ad10-6953c82f4c49 req-f08ec23d-ec63-409d-b24d-560c5974eb99 df629591f36c475bb2e96a22ae0f6ed7 678127e3b3fd415ea1800b78d3dad404 - - 90a4dea5f2464fd78b906d65f1cfbe6e 90a4dea5f2464fd78b906d65f1cfbe6e] 199.19.213.151 "GET /v2.0/networks/64cd1b1e-cd10-4c8a-a4e5-cf550eb617ff?fields=provider%3Aphysical_network&fields=provider%3Anetwork_type HTTP/1.1" status: 200 len: 277 time: 0.0779769
2026-04-21 18:19:32.651 9 INFO neutron.plugins.ml2.drivers.ovn.mech_driver.mech_driver [None req-82a10772-c472-498d-82e5-634118138e5b - - - - - -] OVN reports status down for port: f6ef58a5-c900-4e60-8ac9-80314fc82d39
2026-04-21 18:19:32.697 10 INFO neutron.wsgi [req-d1fb244e-db1b-4be3-bf29-1f77364f86d8 req-7923e5e6-6b3f-4d0a-b722-08c53e8c6207 974b4f23127f452a9fd03c2b7397d8ac e0ce06fa0fd64684abddf65da62e7179 - - default default] 10.0.0.69 "GET /v2.0/ports?device_id=9529afbf-8ae4-439a-97c2-18ea737dcabe HTTP/1.1" status: 200 len: 1170 time: 0.0547202
2026-04-21 18:19:32.758 10 INFO neutron.wsgi [req-d1fb244e-db1b-4be3-bf29-1f77364f86d8 req-67093578-7301-48f6-b974-9e4888029875 974b4f23127f452a9fd03c2b7397d8ac e0ce06fa0fd64684abddf65da62e7179 - - default default] 10.0.0.69 "GET /v2.0/security-groups?id=f44c509c-80c1-4fdf-a8ca-eb15163eab8a&fields=id&fields=name HTTP/1.1" status: 200 len: 286 time: 0.0506585
2026-04-21 18:19:32.816 9 INFO neutron.notifiers.nova [-] Nova event matching ['req-7e6a8c7b-bad8-4ece-8b8f-2cad36283c6e'] response: {'server_uuid': '9529afbf-8ae4-439a-97c2-18ea737dcabe', 'name': 'network-vif-unplugged', 'status': 'completed', 'tag': 'f6ef58a5-c900-4e60-8ac9-80314fc82d39', 'code': 200}
2026-04-21 18:19:32.983 9 INFO neutron.db.ovn_revision_numbers_db [None req-82a10772-c472-498d-82e5-634118138e5b - - - - - -] Successfully bumped revision number for resource f6ef58a5-c900-4e60-8ac9-80314fc82d39 (type: ports) to 5
2026-04-21 18:19:33.010 10 INFO neutron.wsgi [req-1ff1c072-d7f4-4c99-8a78-57765494d50e req-35bb1b9d-0ceb-47d5-a602-5f9e47c7b1f4 974b4f23127f452a9fd03c2b7397d8ac e0ce06fa0fd64684abddf65da62e7179 - - default default] 199.19.213.151 "GET /v2.0/ports?device_id=9529afbf-8ae4-439a-97c2-18ea737dcabe HTTP/1.1" status: 200 len: 1168 time: 0.0669446
2026-04-21 18:19:33.396 10 INFO neutron.wsgi [req-1ff1c072-d7f4-4c99-8a78-57765494d50e req-37403e0c-604b-4ead-8fcb-1ccc0dc33eff 974b4f23127f452a9fd03c2b7397d8ac e0ce06fa0fd64684abddf65da62e7179 - - default default] 199.19.213.151 "DELETE /v2.0/ports/f6ef58a5-c900-4e60-8ac9-80314fc82d39 HTTP/1.1" status: 204 len: 173 time: 0.3805428
2026-04-21 18:19:33.455 10 INFO neutron.wsgi [None req-d7184d0b-52d3-49e4-80df-de759fe1ec44 335d0c3471b04450a8ee9042d1229672 534bb253f1c847668fe5069647ed9f1e - - default default] 10.0.0.198 "PUT /v2.0/routers/9b0eab91-101a-4662-9595-1f2309023466/remove_router_interface HTTP/1.1" status: 200 len: 503 time: 1.7505875 /var/lib/openstack/lib/python3.10/site-packages/pycadf/identifier.py:71: UserWarning: Invalid uuid: neutron. To ensure interoperability, identifiers should be a valid uuid. warnings.warn(('Invalid uuid: %s. To ensure interoperability, '
2026-04-21 18:19:33.906 10 INFO neutron.notifiers.nova [-] Nova event matching ['req-1f644d7d-b742-4a11-9bd0-3921d81878df'] response: {'server_uuid': '9529afbf-8ae4-439a-97c2-18ea737dcabe', 'name': 'network-vif-deleted', 'tag': 'f6ef58a5-c900-4e60-8ac9-80314fc82d39', 'status': 'completed', 'code': 200} /var/lib/openstack/lib/python3.10/site-packages/pycadf/identifier.py:71: UserWarning: Invalid uuid: neutron. To ensure interoperability, identifiers should be a valid uuid. warnings.warn(('Invalid uuid: %s. To ensure interoperability, '
2026-04-21 18:19:33.999 9 WARNING neutron_lib.context [None req-ce8cedbd-c70d-460b-aa01-182be9fa7eb8 8cabafb6986840b6b2d10edd3dedd348 643d5ab1be844d2daddc4bcf228250a1 - - default default] Method 'is_advsvc' is deprecated since 2023.2 release (neutron-lib 3.8.0) and will be removed once support for the old RBAC API policies will be removed from Neutron. Please use method 'is_service_role' instead.
2026-04-21 18:19:34.000 9 WARNING neutron_lib.context [None req-ce8cedbd-c70d-460b-aa01-182be9fa7eb8 8cabafb6986840b6b2d10edd3dedd348 643d5ab1be844d2daddc4bcf228250a1 - - default default] Method 'is_advsvc' is deprecated since 2023.2 release (neutron-lib 3.8.0) and will be removed once support for the old RBAC API policies will be removed from Neutron. Please use method 'is_service_role' instead.
2026-04-21 18:19:34.156 9 INFO neutron.db.ovn_revision_numbers_db [None req-ce8cedbd-c70d-460b-aa01-182be9fa7eb8 8cabafb6986840b6b2d10edd3dedd348 643d5ab1be844d2daddc4bcf228250a1 - - default default] Successfully bumped revision number for resource 7f80d231-d669-4f34-bc59-d53de0bd2355 (type: security_groups) to 1
2026-04-21 18:19:34.174 9 INFO neutron.db.ovn_revision_numbers_db [None req-ce8cedbd-c70d-460b-aa01-182be9fa7eb8 8cabafb6986840b6b2d10edd3dedd348 643d5ab1be844d2daddc4bcf228250a1 - - default default] Successfully bumped revision number for resource 1d2fbcbe-d9df-4e14-b5bb-53bb36108cd6 (type: security_group_rules) to 0
2026-04-21 18:19:34.191 9 INFO neutron.db.ovn_revision_numbers_db [None req-ce8cedbd-c70d-460b-aa01-182be9fa7eb8 8cabafb6986840b6b2d10edd3dedd348 643d5ab1be844d2daddc4bcf228250a1 - - default default] Successfully bumped revision number for resource 64082fe0-67a0-4d4f-9ecf-0a6d8b9d2f6d (type: security_group_rules) to 0
2026-04-21 18:19:34.207 9 INFO neutron.db.ovn_revision_numbers_db [None req-ce8cedbd-c70d-460b-aa01-182be9fa7eb8 8cabafb6986840b6b2d10edd3dedd348 643d5ab1be844d2daddc4bcf228250a1 - - default default] Successfully bumped revision number for resource 6837c11c-b3e0-4739-a4b0-475d143b64b7 (type: security_group_rules) to 0
2026-04-21 18:19:34.227 9 INFO neutron.db.ovn_revision_numbers_db [None req-ce8cedbd-c70d-460b-aa01-182be9fa7eb8 8cabafb6986840b6b2d10edd3dedd348 643d5ab1be844d2daddc4bcf228250a1 - - default default] Successfully bumped revision number for resource c4ec1e0c-7f38-4621-bf01-3ed96a8dd4dc (type: security_group_rules) to 0
2026-04-21 18:19:34.299 9 INFO neutron.db.segments_db [None req-ce8cedbd-c70d-460b-aa01-182be9fa7eb8 8cabafb6986840b6b2d10edd3dedd348 643d5ab1be844d2daddc4bcf228250a1 - - default default] Added segment 2060c2c4-c71d-4a5e-9e19-0a40f69d3485 of type geneve for network c3e64fa2-1afd-4c20-be5f-ae956ee1bc37
2026-04-21 18:19:34.443 9 INFO neutron.db.segments_db [None req-ce8cedbd-c70d-460b-aa01-182be9fa7eb8 8cabafb6986840b6b2d10edd3dedd348 643d5ab1be844d2daddc4bcf228250a1 - - default default] Added segment cf6994ee-791c-4fe2-92d8-3172554c7be9 of type geneve for network 08892669-df9e-4481-ad77-accd5542b908
2026-04-21 18:19:34.600 9 INFO neutron.db.ovn_revision_numbers_db [None req-ce8cedbd-c70d-460b-aa01-182be9fa7eb8 8cabafb6986840b6b2d10edd3dedd348 643d5ab1be844d2daddc4bcf228250a1 - - default default] Successfully bumped revision number for resource c3e64fa2-1afd-4c20-be5f-ae956ee1bc37 (type: networks) to 1
2026-04-21 18:19:34.692 10 INFO neutron.wsgi [None req-1bef7907-369a-4091-8cb4-7b076040a838 335d0c3471b04450a8ee9042d1229672 534bb253f1c847668fe5069647ed9f1e - - default default] 10.0.0.198 "DELETE /v2.0/routers/9b0eab91-101a-4662-9595-1f2309023466 HTTP/1.1" status: 204 len: 168 time: 1.2316310
2026-04-21 18:19:34.814 9 WARNING neutron.scheduler.dhcp_agent_scheduler [None req-ce8cedbd-c70d-460b-aa01-182be9fa7eb8 8cabafb6986840b6b2d10edd3dedd348 643d5ab1be844d2daddc4bcf228250a1 - - default default] No more DHCP agents
2026-04-21 18:19:34.828 9 WARNING neutron.api.rpc.agentnotifiers.dhcp_rpc_agent_api [None req-ce8cedbd-c70d-460b-aa01-182be9fa7eb8 8cabafb6986840b6b2d10edd3dedd348 643d5ab1be844d2daddc4bcf228250a1 - - default default] Unable to schedule network c3e64fa2-1afd-4c20-be5f-ae956ee1bc37: no agents available; will retry on subsequent port and subnet creation events.
2026-04-21 18:19:34.859 9 INFO neutron.notifiers.nova [-] Nova event matching ['req-96a26c85-cd77-44a7-a56a-80f2be19c634'] response: {'server_uuid': '9529afbf-8ae4-439a-97c2-18ea737dcabe', 'name': 'network-vif-plugged', 'status': 'completed', 'tag': 'f6ef58a5-c900-4e60-8ac9-80314fc82d39', 'code': 200}
2026-04-21 18:19:34.913 10 INFO neutron.wsgi [None req-3f7d788a-4471-4622-af97-19d1e0ac1160 335d0c3471b04450a8ee9042d1229672 534bb253f1c847668fe5069647ed9f1e - - default default] 10.0.0.198 "DELETE /v2.0/subnets/ae7ba218-08ca-4e74-9976-f96a1e7e28a1 HTTP/1.1" status: 204 len: 168 time: 0.2162051
2026-04-21 18:19:34.929 9 INFO neutron.db.ovn_revision_numbers_db [None req-ce8cedbd-c70d-460b-aa01-182be9fa7eb8 8cabafb6986840b6b2d10edd3dedd348 643d5ab1be844d2daddc4bcf228250a1 - - default default] Successfully bumped revision number for resource 09009e9d-3df4-4cdf-8cfb-6d79e92aa6e3 (type: ports) to 1
2026-04-21 18:19:35.034 9 INFO neutron.db.ovn_revision_numbers_db [None req-ce8cedbd-c70d-460b-aa01-182be9fa7eb8 8cabafb6986840b6b2d10edd3dedd348 643d5ab1be844d2daddc4bcf228250a1 - - default default] Successfully bumped revision number for resource 08892669-df9e-4481-ad77-accd5542b908 (type: networks) to 1
2026-04-21 18:19:35.285 9 WARNING neutron.scheduler.dhcp_agent_scheduler [None req-ce8cedbd-c70d-460b-aa01-182be9fa7eb8 8cabafb6986840b6b2d10edd3dedd348 643d5ab1be844d2daddc4bcf228250a1 - - default default] No more DHCP agents
2026-04-21 18:19:35.291 9 WARNING neutron.api.rpc.agentnotifiers.dhcp_rpc_agent_api [None req-ce8cedbd-c70d-460b-aa01-182be9fa7eb8 8cabafb6986840b6b2d10edd3dedd348 643d5ab1be844d2daddc4bcf228250a1 - - default default] Unable to schedule network 08892669-df9e-4481-ad77-accd5542b908: no agents available; will retry on subsequent port and subnet creation events.
2026-04-21 18:19:35.296 10 INFO neutron.services.segments.plugin [-] Segment d0ed6670-cf51-429e-998c-90eff93b94b7 resource provider aggregate not found
2026-04-21 18:19:35.303 10 INFO neutron.services.segments.plugin [-] Segment d0ed6670-cf51-429e-998c-90eff93b94b7 resource provider aggregate not found
2026-04-21 18:19:35.322 10 INFO neutron.services.segments.plugin [-] Segment d0ed6670-cf51-429e-998c-90eff93b94b7 resource provider not found; error: Placement Client Error (4xx): {"errors": [{"status": 404, "title": "Not Found", "detail": "The resource could not be found.\n\n No resource provider with uuid d0ed6670-cf51-429e-998c-90eff93b94b7 found for delete ", "request_id": "req-e68fb2df-c8ec-4bd9-8113-a5ae1569c204"}]}
2026-04-21 18:19:35.323 10 INFO neutron.services.segments.plugin [-] Segment d0ed6670-cf51-429e-998c-90eff93b94b7 resource provider not found; error: Placement Client Error (4xx): {"errors": [{"status": 404, "title": "Not Found", "detail": "The resource could not be found.\n\n No resource provider with uuid d0ed6670-cf51-429e-998c-90eff93b94b7 found for delete ", "request_id": "req-936da031-240d-4bea-a4e7-c366b65b3001"}]}
2026-04-21 18:19:35.381 10 INFO neutron.wsgi [None req-6b1c74b4-0be6-45d5-a88f-cdbcd4c9a212 335d0c3471b04450a8ee9042d1229672 534bb253f1c847668fe5069647ed9f1e - - default default] 10.0.0.198 "DELETE /v2.0/networks/6a0980e4-c128-4193-b7b8-58c457d38231 HTTP/1.1" status: 204 len: 168 time: 0.4624925
2026-04-21 18:19:35.409 9 INFO neutron.db.ovn_revision_numbers_db [None req-ce8cedbd-c70d-460b-aa01-182be9fa7eb8 8cabafb6986840b6b2d10edd3dedd348 643d5ab1be844d2daddc4bcf228250a1 - - default default] Successfully bumped revision number for resource bc217f9c-6ad5-4308-89f1-807d1b2464b8 (type: ports) to 1
2026-04-21 18:19:35.435 9 INFO neutron.wsgi [None req-ce8cedbd-c70d-460b-aa01-182be9fa7eb8 8cabafb6986840b6b2d10edd3dedd348 643d5ab1be844d2daddc4bcf228250a1 - - default default] 10.0.0.198 "POST /v2.0/networks HTTP/1.1" status: 201 len: 1444 time: 1.6497211
2026-04-21 18:19:35.543 10 INFO neutron.wsgi [None req-8da11814-fe5f-453d-829d-50666e10e434 8cabafb6986840b6b2d10edd3dedd348 643d5ab1be844d2daddc4bcf228250a1 - - default default] 10.0.0.198 "GET /v2.0/networks HTTP/1.1" status: 200 len: 2050 time: 0.1023211
2026-04-21 18:19:36.135 10 INFO neutron.wsgi [None req-5f4e3842-99b0-4a84-b812-b6b433e82054 8cabafb6986840b6b2d10edd3dedd348 643d5ab1be844d2daddc4bcf228250a1 - - default default] 10.0.0.198 "DELETE /v2.0/networks/c3e64fa2-1afd-4c20-be5f-ae956ee1bc37 HTTP/1.1" status: 204 len: 168 time: 0.5876317
2026-04-21 18:19:36.677 9 INFO neutron.wsgi [None req-99cd8124-5187-409c-a67c-955d87af9aee 335d0c3471b04450a8ee9042d1229672 534bb253f1c847668fe5069647ed9f1e - - default default] 10.0.0.198 "PUT /v2.0/routers/a6928b97-aee2-43ae-b76d-48bfe89147f7/remove_router_interface HTTP/1.1" status: 200 len: 503 time: 1.6817060 /var/lib/openstack/lib/python3.10/site-packages/pycadf/identifier.py:71: UserWarning: Invalid uuid: neutron. To ensure interoperability, identifiers should be a valid uuid. warnings.warn(('Invalid uuid: %s. To ensure interoperability, '
2026-04-21 18:19:37.012 10 INFO neutron.wsgi [None req-1af589cd-0fcd-4056-a4ad-843830b1789b 8cabafb6986840b6b2d10edd3dedd348 643d5ab1be844d2daddc4bcf228250a1 - - default default] 10.0.0.198 "DELETE /v2.0/networks/08892669-df9e-4481-ad77-accd5542b908 HTTP/1.1" status: 204 len: 168 time: 0.8692291
2026-04-21 18:19:37.090 9 INFO neutron.wsgi [None req-189beb2b-1648-4e00-85ae-2f776a18194f 8cabafb6986840b6b2d10edd3dedd348 643d5ab1be844d2daddc4bcf228250a1 - - default default] 10.0.0.198 "GET /v2.0/networks HTTP/1.1" status: 200 len: 845 time: 0.0701003
2026-04-21 18:19:37.108 10 WARNING neutron_lib.context [None req-4ef5dc98-dcab-48c1-a1d8-81d7b8512e8c 8cabafb6986840b6b2d10edd3dedd348 643d5ab1be844d2daddc4bcf228250a1 - - default default] Method 'is_advsvc' is deprecated since 2023.2 release (neutron-lib 3.8.0) and will be removed once support for the old RBAC API policies will be removed from Neutron. Please use method 'is_service_role' instead.
2026-04-21 18:19:37.221 10 INFO neutron.db.segments_db [None req-4ef5dc98-dcab-48c1-a1d8-81d7b8512e8c 8cabafb6986840b6b2d10edd3dedd348 643d5ab1be844d2daddc4bcf228250a1 - - default default] Added segment 9eeb2c60-f3e0-412e-9c27-504ab31d310f of type geneve for network d45a7d16-1e7c-487b-a39b-552361397eb0
2026-04-21 18:19:37.286 10 INFO neutron.wsgi [None req-8f5350ba-b873-4eb1-88ec-2217c186cece 335d0c3471b04450a8ee9042d1229672 534bb253f1c847668fe5069647ed9f1e - - default default] 10.0.0.198 "PUT /v2.0/routers/9295dca9-2b4f-4fdd-bcc5-b6a56a70744b/remove_router_interface HTTP/1.1" status: 200 len: 503 time: 1.8984089
2026-04-21 18:19:37.351 10 INFO neutron.services.segments.plugin [-] Segment 2060c2c4-c71d-4a5e-9e19-0a40f69d3485 resource provider aggregate not found
2026-04-21 18:19:37.357 10 INFO neutron.services.segments.plugin [-] Segment 2060c2c4-c71d-4a5e-9e19-0a40f69d3485 resource provider aggregate not found
2026-04-21 18:19:37.380 10 INFO neutron.services.segments.plugin [-] Segment 2060c2c4-c71d-4a5e-9e19-0a40f69d3485 resource provider not found; error: Placement Client Error (4xx): {"errors": [{"status": 404, "title": "Not Found", "detail": "The resource could not be found.\n\n No resource provider with uuid 2060c2c4-c71d-4a5e-9e19-0a40f69d3485 found for delete ", "request_id": "req-52ae8aeb-b565-432a-8980-d5d5657498f0"}]}
2026-04-21 18:19:37.388 10 INFO neutron.services.segments.plugin [-] Segment 2060c2c4-c71d-4a5e-9e19-0a40f69d3485 resource provider not found; error: Placement Client Error (4xx): {"errors": [{"status": 404, "title": "Not Found", "detail": "The resource could not be found.\n\n No resource provider with uuid 2060c2c4-c71d-4a5e-9e19-0a40f69d3485 found for delete ", "request_id": "req-2e437eb8-3c21-4adc-93c4-bc29bcc1b1f3"}]}
2026-04-21 18:19:37.416 10 INFO neutron.services.segments.plugin [-] Segment cf6994ee-791c-4fe2-92d8-3172554c7be9 resource provider aggregate not found
2026-04-21 18:19:37.422 10 INFO neutron.services.segments.plugin [-] Segment cf6994ee-791c-4fe2-92d8-3172554c7be9 resource provider aggregate not found
2026-04-21 18:19:37.445 10 INFO neutron.services.segments.plugin [-] Segment cf6994ee-791c-4fe2-92d8-3172554c7be9 resource provider not found; error: Placement Client Error (4xx): {"errors": [{"status": 404, "title": "Not Found", "detail": "The resource could not be found.\n\n No resource provider with uuid cf6994ee-791c-4fe2-92d8-3172554c7be9 found for delete ", "request_id": "req-69c3e2b1-b327-4011-b65b-7993cd49b90f"}]}
2026-04-21 18:19:37.447 10 INFO neutron.services.segments.plugin [-] Segment cf6994ee-791c-4fe2-92d8-3172554c7be9 resource provider not found; error: Placement Client Error (4xx): {"errors": [{"status": 404, "title": "Not Found", "detail": "The resource could not be found.\n\n No resource provider with uuid cf6994ee-791c-4fe2-92d8-3172554c7be9 found for delete ", "request_id": "req-cae42a08-b360-4729-987a-758766dc20ff"}]}
2026-04-21 18:19:37.472 10 INFO neutron.db.ovn_revision_numbers_db [None req-4ef5dc98-dcab-48c1-a1d8-81d7b8512e8c 8cabafb6986840b6b2d10edd3dedd348 643d5ab1be844d2daddc4bcf228250a1 - - default default] Successfully bumped revision number for resource d45a7d16-1e7c-487b-a39b-552361397eb0 (type: networks) to 1
2026-04-21 18:19:37.684 10 WARNING neutron.scheduler.dhcp_agent_scheduler [None req-4ef5dc98-dcab-48c1-a1d8-81d7b8512e8c 8cabafb6986840b6b2d10edd3dedd348 643d5ab1be844d2daddc4bcf228250a1 - - default default] No more DHCP agents
2026-04-21 18:19:37.686 10 WARNING neutron.api.rpc.agentnotifiers.dhcp_rpc_agent_api [None req-4ef5dc98-dcab-48c1-a1d8-81d7b8512e8c 8cabafb6986840b6b2d10edd3dedd348 643d5ab1be844d2daddc4bcf228250a1 - - default default] Unable to schedule network d45a7d16-1e7c-487b-a39b-552361397eb0: no agents available; will retry on subsequent port and subnet creation events.
2026-04-21 18:19:37.785 10 INFO neutron.db.ovn_revision_numbers_db [None req-4ef5dc98-dcab-48c1-a1d8-81d7b8512e8c 8cabafb6986840b6b2d10edd3dedd348 643d5ab1be844d2daddc4bcf228250a1 - - default default] Successfully bumped revision number for resource 9e95adb9-ad69-4a50-bb0e-45977b542c1c (type: ports) to 1
2026-04-21 18:19:37.818 10 INFO neutron.wsgi [None req-4ef5dc98-dcab-48c1-a1d8-81d7b8512e8c 8cabafb6986840b6b2d10edd3dedd348 643d5ab1be844d2daddc4bcf228250a1 - - default default] 10.0.0.198 "POST /v2.0/networks HTTP/1.1" status: 201 len: 852 time: 0.7179959
2026-04-21 18:19:37.825 9 INFO neutron.wsgi [None req-474a1553-49dd-4dd2-9266-3759704a74b4 335d0c3471b04450a8ee9042d1229672 534bb253f1c847668fe5069647ed9f1e - - default default] 10.0.0.198 "DELETE /v2.0/routers/a6928b97-aee2-43ae-b76d-48bfe89147f7 HTTP/1.1" status: 204 len: 168 time: 1.1412811 /var/lib/openstack/lib/python3.10/site-packages/pycadf/identifier.py:71: UserWarning: Invalid uuid: neutron. To ensure interoperability, identifiers should be a valid uuid. warnings.warn(('Invalid uuid: %s. To ensure interoperability, '
2026-04-21 18:19:37.831 10 WARNING neutron_lib.context [None req-e8fb1661-fa80-46fb-9cef-311891b0de8d 8cabafb6986840b6b2d10edd3dedd348 643d5ab1be844d2daddc4bcf228250a1 - - default default] Method 'is_advsvc' is deprecated since 2023.2 release (neutron-lib 3.8.0) and will be removed once support for the old RBAC API policies will be removed from Neutron. Please use method 'is_service_role' instead.
2026-04-21 18:19:37.927 10 INFO neutron.db.segments_db [None req-e8fb1661-fa80-46fb-9cef-311891b0de8d 8cabafb6986840b6b2d10edd3dedd348 643d5ab1be844d2daddc4bcf228250a1 - - default default] Added segment 0cf72806-d75c-4fb3-aeff-fba74795352f of type geneve for network f7797414-3c4d-4ed3-9fd1-1f4ffe7d01c4
2026-04-21 18:19:38.098 10 INFO neutron.db.ovn_revision_numbers_db [None req-e8fb1661-fa80-46fb-9cef-311891b0de8d 8cabafb6986840b6b2d10edd3dedd348 643d5ab1be844d2daddc4bcf228250a1 - - default default] Successfully bumped revision number for resource f7797414-3c4d-4ed3-9fd1-1f4ffe7d01c4 (type: networks) to 1
2026-04-21 18:19:38.336 10 WARNING neutron.scheduler.dhcp_agent_scheduler [None req-e8fb1661-fa80-46fb-9cef-311891b0de8d 8cabafb6986840b6b2d10edd3dedd348 643d5ab1be844d2daddc4bcf228250a1 - - default default] No more DHCP agents
2026-04-21 18:19:38.339 10 WARNING neutron.api.rpc.agentnotifiers.dhcp_rpc_agent_api [None req-e8fb1661-fa80-46fb-9cef-311891b0de8d 8cabafb6986840b6b2d10edd3dedd348 643d5ab1be844d2daddc4bcf228250a1 - - default default] Unable to schedule network f7797414-3c4d-4ed3-9fd1-1f4ffe7d01c4: no agents available; will retry on subsequent port and subnet creation events.
2026-04-21 18:19:38.355 9 INFO neutron.wsgi [req-c64291c0-41ec-4642-9cb5-09efd6948d89 req-8c153797-f411-4abf-a270-8a2b0c76c350 df629591f36c475bb2e96a22ae0f6ed7 678127e3b3fd415ea1800b78d3dad404 - - 90a4dea5f2464fd78b906d65f1cfbe6e 90a4dea5f2464fd78b906d65f1cfbe6e] 10.0.0.135 "GET /v2.0/ports?device_id=3fe6e907-8e67-4b0e-8abe-fc198863d2cd HTTP/1.1" status: 200 len: 1409 time: 0.3739653
2026-04-21 18:19:38.434 10 INFO neutron.db.ovn_revision_numbers_db [None req-e8fb1661-fa80-46fb-9cef-311891b0de8d 8cabafb6986840b6b2d10edd3dedd348 643d5ab1be844d2daddc4bcf228250a1 - - default default] Successfully bumped revision number for resource 6ccc0d3e-087b-4f11-a0b6-a79c87b963a9 (type: ports) to 1
2026-04-21 18:19:38.458 10 INFO neutron.wsgi [None req-e8fb1661-fa80-46fb-9cef-311891b0de8d 8cabafb6986840b6b2d10edd3dedd348 643d5ab1be844d2daddc4bcf228250a1 - - default default] 10.0.0.198 "POST /v2.0/networks HTTP/1.1" status: 201 len: 853 time: 0.6338320
2026-04-21 18:19:38.462 9 INFO neutron.wsgi [req-c64291c0-41ec-4642-9cb5-09efd6948d89 req-840197a0-bde9-4f82-b34c-4dc42993e9d1 df629591f36c475bb2e96a22ae0f6ed7 678127e3b3fd415ea1800b78d3dad404 - - 90a4dea5f2464fd78b906d65f1cfbe6e 90a4dea5f2464fd78b906d65f1cfbe6e] 10.0.0.135 "GET /v2.0/security-groups?id=80b6b169-714f-4510-aaa7-afd88b67f102&fields=id&fields=name HTTP/1.1" status: 200 len: 312 time: 0.0999134
2026-04-21 18:19:38.469 10 WARNING neutron_lib.context [None req-22dce63a-6197-44de-8185-5cf5a35e1020 8cabafb6986840b6b2d10edd3dedd348 643d5ab1be844d2daddc4bcf228250a1 - - default default] Method 'is_advsvc' is deprecated since 2023.2 release (neutron-lib 3.8.0) and will be removed once support for the old RBAC API policies will be removed from Neutron. Please use method 'is_service_role' instead.
2026-04-21 18:19:38.510 9 INFO neutron.wsgi [None req-199407f2-344b-4a66-8c4e-efd9e09e75a1 335d0c3471b04450a8ee9042d1229672 534bb253f1c847668fe5069647ed9f1e - - default default] 10.0.0.198 "DELETE /v2.0/subnets/de2f21b4-94ea-4c56-8bce-04f905ebf8c7 HTTP/1.1" status: 204 len: 168 time: 0.6802919
2026-04-21 18:19:38.545 10 WARNING neutron_lib.context [None req-22dce63a-6197-44de-8185-5cf5a35e1020 8cabafb6986840b6b2d10edd3dedd348 643d5ab1be844d2daddc4bcf228250a1 - - default default] Method 'is_advsvc' is deprecated since 2023.2 release (neutron-lib 3.8.0) and will be removed once support for the old RBAC API policies will be removed from Neutron. Please use method 'is_service_role' instead.
2026-04-21 18:19:38.846 9 INFO neutron.wsgi [None req-1dc4b178-e047-4b18-a8f8-b7d1d13af4f9 335d0c3471b04450a8ee9042d1229672 534bb253f1c847668fe5069647ed9f1e - - default default] 10.0.0.198 "DELETE /v2.0/routers/9295dca9-2b4f-4fdd-bcc5-b6a56a70744b HTTP/1.1" status: 204 len: 168 time: 1.5554724
2026-04-21 18:19:39.069 9 INFO neutron.wsgi [None req-a03f9f1b-7e49-4ee7-a921-f87e14e47695 335d0c3471b04450a8ee9042d1229672 534bb253f1c847668fe5069647ed9f1e - - default default] 10.0.0.198 "DELETE /v2.0/subnets/68a2c10d-a47d-4390-943c-982b2a0e5ecd HTTP/1.1" status: 204 len: 168 time: 0.2198479
2026-04-21 18:19:39.086 10 INFO neutron.wsgi [None req-fbb27fca-8d9c-4931-9322-6ce5cdd5bb13 335d0c3471b04450a8ee9042d1229672 534bb253f1c847668fe5069647ed9f1e - - default default] 10.0.0.198 "DELETE /v2.0/networks/5657cd9b-f94e-4061-abef-416ccfd71402 HTTP/1.1" status: 204 len: 168 time: 0.5667050
2026-04-21 18:19:39.173 10 WARNING neutron.scheduler.dhcp_agent_scheduler [None req-22dce63a-6197-44de-8185-5cf5a35e1020 8cabafb6986840b6b2d10edd3dedd348 643d5ab1be844d2daddc4bcf228250a1 - - default default] No more DHCP agents
2026-04-21 18:19:39.175 10 WARNING neutron.api.rpc.agentnotifiers.dhcp_rpc_agent_api [None req-22dce63a-6197-44de-8185-5cf5a35e1020 8cabafb6986840b6b2d10edd3dedd348 643d5ab1be844d2daddc4bcf228250a1 - - default default] Unable to schedule network d45a7d16-1e7c-487b-a39b-552361397eb0: no agents available; will retry on subsequent port and subnet creation events.
2026-04-21 18:19:39.283 10 INFO neutron.db.ovn_revision_numbers_db [None req-22dce63a-6197-44de-8185-5cf5a35e1020 8cabafb6986840b6b2d10edd3dedd348 643d5ab1be844d2daddc4bcf228250a1 - - default default] Successfully bumped revision number for resource bf83832a-c4c7-4e41-ae2b-a3d9618cd14c (type: ports) to 1
2026-04-21 18:19:39.315 10 WARNING neutron.scheduler.dhcp_agent_scheduler [None req-22dce63a-6197-44de-8185-5cf5a35e1020 8cabafb6986840b6b2d10edd3dedd348 643d5ab1be844d2daddc4bcf228250a1 - - default default] No more DHCP agents
2026-04-21 18:19:39.317 10 WARNING neutron.api.rpc.agentnotifiers.dhcp_rpc_agent_api [None req-22dce63a-6197-44de-8185-5cf5a35e1020 8cabafb6986840b6b2d10edd3dedd348 643d5ab1be844d2daddc4bcf228250a1 - - default default] Unable to schedule network f7797414-3c4d-4ed3-9fd1-1f4ffe7d01c4: no agents available; will retry on subsequent port and subnet creation events.
2026-04-21 18:19:39.347 9 INFO neutron.wsgi [None req-25f9268a-00c5-401f-b3f6-2787f7268bb4 335d0c3471b04450a8ee9042d1229672 534bb253f1c847668fe5069647ed9f1e - - default default] 10.0.0.198 "GET /v2.0/security-groups?tenant_id=e0ce06fa0fd64684abddf65da62e7179&name=default HTTP/1.1" status: 200 len: 2996 time: 0.0640311
2026-04-21 18:19:39.411 10 INFO neutron.db.ovn_revision_numbers_db [None req-22dce63a-6197-44de-8185-5cf5a35e1020 8cabafb6986840b6b2d10edd3dedd348 643d5ab1be844d2daddc4bcf228250a1 - - default default] Successfully bumped revision number for resource 73187fac-5cb6-4e81-8b2d-583ffd27840b (type: ports) to 1
