2026-04-21 18:21:17.674 10 INFO neutron.wsgi [None req-5bfd2367-6b2e-4509-a421-682e80087fa8 596e9f50681944479fd58beeac2ba7df a5cc8f10297742dc9639a0743841de6d - - default default] 10.0.0.198 "GET /v2.0/subnets?tags=red HTTP/1.1" status: 200 len: 2027 time: 0.0609295
2026-04-21 18:21:17.705 9 WARNING neutron.scheduler.dhcp_agent_scheduler [None req-d657ccbb-de64-4f39-a2c9-71b1a078d86f 28ba8ff74e764a6d8242b8241a0bda70 cfd698e7711f427985c50d0da993e155 - - default default] No more DHCP agents
2026-04-21 18:21:17.708 9 WARNING neutron.api.rpc.agentnotifiers.dhcp_rpc_agent_api [None req-d657ccbb-de64-4f39-a2c9-71b1a078d86f 28ba8ff74e764a6d8242b8241a0bda70 cfd698e7711f427985c50d0da993e155 - - default default] Unable to schedule network 4e6ca672-4ef0-4cea-af03-c4e4d382f64c: no agents available; will retry on subsequent port and subnet creation events.
2026-04-21 18:21:17.738 10 INFO neutron.wsgi [None req-1218d184-ce04-4d5d-b8cd-109c1134ce55 596e9f50681944479fd58beeac2ba7df a5cc8f10297742dc9639a0743841de6d - - default default] 10.0.0.198 "GET /v2.0/subnets?tags=red%2Cblue HTTP/1.1" status: 200 len: 1430 time: 0.0563295
2026-04-21 18:21:17.798 10 INFO neutron.wsgi [None req-09bce6b2-70c3-4117-a8a8-0399588a79bc 596e9f50681944479fd58beeac2ba7df a5cc8f10297742dc9639a0743841de6d - - default default] 10.0.0.198 "GET /v2.0/subnets?tags-any=blue HTTP/1.1" status: 200 len: 1430 time: 0.0544870
2026-04-21 18:21:17.887 9 INFO neutron.wsgi [None req-c6245a28-aa2c-4dbe-8f94-e79e6103042c 596e9f50681944479fd58beeac2ba7df a5cc8f10297742dc9639a0743841de6d - - default default] 10.0.0.198 "GET /v2.0/subnets?tags-any=red%2Cblue HTTP/1.1" status: 200 len: 2027 time: 0.0836313
2026-04-21 18:21:17.947 9 INFO neutron.wsgi [None req-4dbf401b-3b19-4e1b-9bad-367ffb38055f 77418a2f1b0e40c4ad65e8f43d896e85 2472a0619d2d406895e1b9d81907843b - - default default] 10.0.0.198 "POST /v2.0/trunks HTTP/1.1" status: 201 len: 608 time: 0.3489871
2026-04-21 18:21:17.973 10 INFO neutron.wsgi [None req-1e7b14ea-72f8-4b94-973d-6d6dc634c49f 596e9f50681944479fd58beeac2ba7df a5cc8f10297742dc9639a0743841de6d - - default default] 10.0.0.198 "GET /v2.0/subnets?not-tags=red HTTP/1.1" status: 200 len: 2018 time: 0.0768230
2026-04-21 18:21:18.023 10 INFO neutron.wsgi [None req-7fa9f657-a44c-4b3d-afdf-ac413310beaf 77418a2f1b0e40c4ad65e8f43d896e85 2472a0619d2d406895e1b9d81907843b - - default default] 10.0.0.198 "PUT /v2.0/trunks/ce2be229-196f-4d3e-a961-01f469b034ce/tags HTTP/1.1" status: 200 len: 218 time: 0.0690193
2026-04-21 18:21:18.050 10 INFO neutron.wsgi [None req-27d2d4a2-8c5d-457c-ac6e-f9aff2684808 596e9f50681944479fd58beeac2ba7df a5cc8f10297742dc9639a0743841de6d - - default default] 10.0.0.198 "GET /v2.0/subnets?not-tags=red%2Cblue HTTP/1.1" status: 200 len: 2615 time: 0.0728922
2026-04-21 18:21:18.058 9 INFO neutron.wsgi [None req-76a3aca0-318d-4b62-89fb-c678ebceafb2 77418a2f1b0e40c4ad65e8f43d896e85 2472a0619d2d406895e1b9d81907843b - - default default] 10.0.0.198 "GET /v2.0/trunks/ce2be229-196f-4d3e-a961-01f469b034ce/tags HTTP/1.1" status: 200 len: 218 time: 0.0303538
2026-04-21 18:21:18.127 10 INFO neutron.wsgi [None req-b99c8961-9f46-4fe5-aebd-c15a6219098b 596e9f50681944479fd58beeac2ba7df a5cc8f10297742dc9639a0743841de6d - - default default] 10.0.0.198 "GET /v2.0/subnets?not-tags-any=blue HTTP/1.1" status: 200 len: 2615 time: 0.0723293
2026-04-21 18:21:18.136 10 INFO neutron.wsgi [None req-e5adee01-5cb6-4144-915d-caf2e0bf20dd 77418a2f1b0e40c4ad65e8f43d896e85 2472a0619d2d406895e1b9d81907843b - - default default] 10.0.0.198 "PUT /v2.0/trunks/ce2be229-196f-4d3e-a961-01f469b034ce/tags/green HTTP/1.1" status: 201 len: 201 time: 0.0718765
2026-04-21 18:21:18.173 10 INFO neutron.wsgi [None req-ac09e115-e49e-4fb9-aa7f-e9452dd49354 77418a2f1b0e40c4ad65e8f43d896e85 2472a0619d2d406895e1b9d81907843b - - default default] 10.0.0.198 "GET /v2.0/trunks/ce2be229-196f-4d3e-a961-01f469b034ce/tags HTTP/1.1" status: 200 len: 227 time: 0.0283918
2026-04-21 18:21:18.193 10 INFO neutron.wsgi [None req-d20283f4-b84b-4f41-b200-315120e2f274 596e9f50681944479fd58beeac2ba7df a5cc8f10297742dc9639a0743841de6d - - default default] 10.0.0.198 "GET /v2.0/subnets?not-tags-any=red%2Cblue HTTP/1.1" status: 200 len: 2018 time: 0.0587063
2026-04-21 18:21:18.216 10 INFO neutron.wsgi [None req-ed288c7f-2bcd-476c-8b25-bab8a56a87c8 77418a2f1b0e40c4ad65e8f43d896e85 2472a0619d2d406895e1b9d81907843b - - default default] 10.0.0.198 "PUT /v2.0/trunks/ce2be229-196f-4d3e-a961-01f469b034ce/tags/red HTTP/1.1" status: 201 len: 201 time: 0.0367432
2026-04-21 18:21:18.254 10 INFO neutron.wsgi [None req-37986010-4e62-4d88-8f6e-6dcf63a739ec 77418a2f1b0e40c4ad65e8f43d896e85 2472a0619d2d406895e1b9d81907843b - - default default] 10.0.0.198 "GET /v2.0/trunks/ce2be229-196f-4d3e-a961-01f469b034ce/tags HTTP/1.1" status: 200 len: 227 time: 0.0305974
2026-04-21 18:21:18.310 10 INFO neutron.wsgi [None req-b58b2f45-8194-4937-82c9-35a46ee3db36 77418a2f1b0e40c4ad65e8f43d896e85 2472a0619d2d406895e1b9d81907843b - - default default] 10.0.0.198 "PUT /v2.0/trunks/ce2be229-196f-4d3e-a961-01f469b034ce/tags/black.or.white HTTP/1.1" status: 201 len: 201 time: 0.0518630
2026-04-21 18:21:18.349 9 INFO neutron.wsgi [None req-3b96210e-5d17-411f-9e72-9d5b0c60e38e 77418a2f1b0e40c4ad65e8f43d896e85 2472a0619d2d406895e1b9d81907843b - - default default] 10.0.0.198 "GET /v2.0/trunks/ce2be229-196f-4d3e-a961-01f469b034ce/tags HTTP/1.1" status: 200 len: 245 time: 0.0328202
2026-04-21 18:21:18.415 9 INFO neutron.wsgi [None req-84e0e725-9ad3-4033-8555-a365c6cb3ec3 77418a2f1b0e40c4ad65e8f43d896e85 2472a0619d2d406895e1b9d81907843b - - default default] 10.0.0.198 "PUT /v2.0/trunks/ce2be229-196f-4d3e-a961-01f469b034ce/tags HTTP/1.1" status: 200 len: 230 time: 0.0618813
2026-04-21 18:21:18.435 10 INFO neutron.wsgi [None req-b42736e2-e762-4ca2-9dae-fc78a2e455be 596e9f50681944479fd58beeac2ba7df a5cc8f10297742dc9639a0743841de6d - - default default] 10.0.0.198 "DELETE /v2.0/subnets/86929453-1df4-4c25-b7e1-54fefd1173eb HTTP/1.1" status: 204 len: 168 time: 0.2311521
2026-04-21 18:21:18.450 9 INFO neutron.wsgi [None req-341954b1-1749-47ec-a803-8b8ea655ca3b 77418a2f1b0e40c4ad65e8f43d896e85 2472a0619d2d406895e1b9d81907843b - - default default] 10.0.0.198 "GET /v2.0/trunks/ce2be229-196f-4d3e-a961-01f469b034ce/tags HTTP/1.1" status: 200 len: 230 time: 0.0290115
2026-04-21 18:21:18.500 9 INFO neutron.wsgi [None req-90282c02-e443-4bd7-9bf3-2a3f76da0ab3 77418a2f1b0e40c4ad65e8f43d896e85 2472a0619d2d406895e1b9d81907843b - - default default] 10.0.0.198 "GET /v2.0/trunks/ce2be229-196f-4d3e-a961-01f469b034ce/tags/red HTTP/1.1" status: 204 len: 168 time: 0.0446265
2026-04-21 18:21:18.542 9 INFO neutron.api.v2.resource [None req-ca48216d-6677-4bce-8650-195cb2520ff8 77418a2f1b0e40c4ad65e8f43d896e85 2472a0619d2d406895e1b9d81907843b - - default default] show failed (client error): The resource could not be found.
2026-04-21 18:21:18.543 9 INFO neutron.wsgi [None req-ca48216d-6677-4bce-8650-195cb2520ff8 77418a2f1b0e40c4ad65e8f43d896e85 2472a0619d2d406895e1b9d81907843b - - default default] 10.0.0.198 "GET /v2.0/trunks/ce2be229-196f-4d3e-a961-01f469b034ce/tags/green HTTP/1.1" status: 404 len: 299 time: 0.0375612
2026-04-21 18:21:18.561 9 INFO neutron.db.l3_db [None req-d657ccbb-de64-4f39-a2c9-71b1a078d86f 28ba8ff74e764a6d8242b8241a0bda70 cfd698e7711f427985c50d0da993e155 - - default default] Floating IP 3df78208-e63a-4e78-a771-cb5a349c2863 associated. External IP: 10.96.250.219, port: 034af9ed-6cea-4bd6-9182-7f9dc50a7447.
2026-04-21 18:21:18.618 9 INFO neutron.wsgi [None req-0c953f8d-28c3-4d43-82c5-9826369ef1fb 77418a2f1b0e40c4ad65e8f43d896e85 2472a0619d2d406895e1b9d81907843b - - default default] 10.0.0.198 "DELETE /v2.0/trunks/ce2be229-196f-4d3e-a961-01f469b034ce/tags/red HTTP/1.1" status: 204 len: 168 time: 0.0682943
2026-04-21 18:21:18.649 9 INFO neutron.wsgi [None req-205dda78-da74-4726-ad9c-a03d41153da0 77418a2f1b0e40c4ad65e8f43d896e85 2472a0619d2d406895e1b9d81907843b - - default default] 10.0.0.198 "GET /v2.0/trunks/ce2be229-196f-4d3e-a961-01f469b034ce/tags HTTP/1.1" status: 200 len: 223 time: 0.0260041
2026-04-21 18:21:18.700 9 INFO neutron.api.v2.resource [None req-d20a5ca6-a3c8-4c3d-9dfa-cde1ca7ef437 77418a2f1b0e40c4ad65e8f43d896e85 2472a0619d2d406895e1b9d81907843b - - default default] delete failed (client error): The resource could not be found.
2026-04-21 18:21:18.702 9 INFO neutron.wsgi [None req-d20a5ca6-a3c8-4c3d-9dfa-cde1ca7ef437 77418a2f1b0e40c4ad65e8f43d896e85 2472a0619d2d406895e1b9d81907843b - - default default] 10.0.0.198 "DELETE /v2.0/trunks/ce2be229-196f-4d3e-a961-01f469b034ce/tags/green HTTP/1.1" status: 404 len: 299 time: 0.0470037
2026-04-21 18:21:18.758 9 INFO neutron.wsgi [None req-7685724b-8be0-41a9-8336-4baabdaaaa32 77418a2f1b0e40c4ad65e8f43d896e85 2472a0619d2d406895e1b9d81907843b - - default default] 10.0.0.198 "DELETE /v2.0/trunks/ce2be229-196f-4d3e-a961-01f469b034ce/tags HTTP/1.1" status: 204 len: 168 time: 0.0497251
2026-04-21 18:21:18.822 9 INFO neutron.wsgi [None req-aeaa528a-ec4b-43e4-a682-256969964cf0 77418a2f1b0e40c4ad65e8f43d896e85 2472a0619d2d406895e1b9d81907843b - - default default] 10.0.0.198 "GET /v2.0/trunks/ce2be229-196f-4d3e-a961-01f469b034ce/tags HTTP/1.1" status: 200 len: 205 time: 0.0586023
2026-04-21 18:21:18.870 10 INFO neutron.wsgi [req-99e13df1-fbce-4ea8-9d8f-1969a8791bd5 req-0d346b0f-2900-454f-bcab-94b1501a99d4 df629591f36c475bb2e96a22ae0f6ed7 678127e3b3fd415ea1800b78d3dad404 - - 90a4dea5f2464fd78b906d65f1cfbe6e 90a4dea5f2464fd78b906d65f1cfbe6e] 10.0.0.135 "GET /v2.0/ports?device_id=0886975b-16f6-4fa4-9465-9685ab6c6f4d HTTP/1.1" status: 200 len: 1634 time: 0.1092951
2026-04-21 18:21:18.879 9 INFO neutron.wsgi [None req-46e6e980-eea4-4cae-8473-60f47f9998ed 77418a2f1b0e40c4ad65e8f43d896e85 2472a0619d2d406895e1b9d81907843b - - default default] 10.0.0.198 "GET /v2.0/trunks/ce2be229-196f-4d3e-a961-01f469b034ce HTTP/1.1" status: 200 len: 603 time: 0.0261743 /var/lib/openstack/lib/python3.10/site-packages/pycadf/identifier.py:71: UserWarning: Invalid uuid: neutron. To ensure interoperability, identifiers should be a valid uuid. warnings.warn(('Invalid uuid: %s. To ensure interoperability, '
2026-04-21 18:21:18.891 9 INFO neutron.db.ovn_revision_numbers_db [None req-d657ccbb-de64-4f39-a2c9-71b1a078d86f 28ba8ff74e764a6d8242b8241a0bda70 cfd698e7711f427985c50d0da993e155 - - default default] Successfully bumped revision number for resource 3df78208-e63a-4e78-a771-cb5a349c2863 (type: floatingips) to 0
2026-04-21 18:21:18.949 10 INFO neutron.wsgi [req-99e13df1-fbce-4ea8-9d8f-1969a8791bd5 req-cae17f80-70b9-47ee-afa1-82e577598edd df629591f36c475bb2e96a22ae0f6ed7 678127e3b3fd415ea1800b78d3dad404 - - 90a4dea5f2464fd78b906d65f1cfbe6e 90a4dea5f2464fd78b906d65f1cfbe6e] 10.0.0.135 "GET /v2.0/security-groups?id=fbf5ecf3-ebd4-4818-b864-de1fbe504f53&fields=id&fields=name HTTP/1.1" status: 200 len: 310 time: 0.0727010
2026-04-21 18:21:19.005 10 INFO neutron.wsgi [None req-fbfac49b-6bdf-49a8-a37e-760adaa08dcc 596e9f50681944479fd58beeac2ba7df a5cc8f10297742dc9639a0743841de6d - - default default] 10.0.0.198 "DELETE /v2.0/subnets/568bb4e0-6ba1-40b7-b0f5-c553b7ccefb1 HTTP/1.1" status: 204 len: 168 time: 0.5649540
2026-04-21 18:21:19.049 9 INFO neutron.wsgi [None req-e384bffd-d7e0-4afa-b8be-899b5b3d0066 77418a2f1b0e40c4ad65e8f43d896e85 2472a0619d2d406895e1b9d81907843b - - default default] 10.0.0.198 "GET /v2.0/ports/2ce1e5a3-284a-4cba-9f72-907d4f76c250 HTTP/1.1" status: 200 len: 1020 time: 0.1649654
2026-04-21 18:21:19.087 9 INFO neutron.db.ovn_revision_numbers_db [None req-d657ccbb-de64-4f39-a2c9-71b1a078d86f 28ba8ff74e764a6d8242b8241a0bda70 cfd698e7711f427985c50d0da993e155 - - default default] Successfully bumped revision number for resource 3df78208-e63a-4e78-a771-cb5a349c2863 (type: floatingips) to 1
2026-04-21 18:21:19.144 9 INFO neutron.wsgi [None req-d657ccbb-de64-4f39-a2c9-71b1a078d86f 28ba8ff74e764a6d8242b8241a0bda70 cfd698e7711f427985c50d0da993e155 - - default default] 10.0.0.198 "POST /v2.0/floatingips HTTP/1.1" status: 201 len: 1053 time: 1.7891538
2026-04-21 18:21:19.156 9 INFO neutron.wsgi [None req-fae22d24-32e5-4672-843c-acb61f631c1f 77418a2f1b0e40c4ad65e8f43d896e85 2472a0619d2d406895e1b9d81907843b - - default default] 10.0.0.198 "DELETE /v2.0/trunks/ce2be229-196f-4d3e-a961-01f469b034ce HTTP/1.1" status: 204 len: 168 time: 0.1035349
2026-04-21 18:21:19.181 9 INFO neutron.notifiers.nova [-] Nova event matching ['req-d0b8c5bd-3b41-46ec-aa95-96085d2dedee'] response: {'name': 'network-changed', 'server_uuid': 'b78b5a5c-68f7-4364-8799-b098cd3340f1', 'tag': '034af9ed-6cea-4bd6-9182-7f9dc50a7447', 'status': 'completed', 'code': 200}
2026-04-21 18:21:19.257 10 INFO neutron.wsgi [None req-917780ca-763b-44de-952f-92e46c20fcf8 596e9f50681944479fd58beeac2ba7df a5cc8f10297742dc9639a0743841de6d - - default default] 10.0.0.198 "DELETE /v2.0/subnets/0ba046c3-5f4e-469c-90bb-352acd2ad0a0 HTTP/1.1" status: 204 len: 168 time: 0.2467723
2026-04-21 18:21:19.268 10 INFO neutron.wsgi [req-c1c4a7be-2a80-475c-a6aa-a906aa2df307 req-3ac49a73-9fc5-4225-8c03-9340d495a5df df629591f36c475bb2e96a22ae0f6ed7 678127e3b3fd415ea1800b78d3dad404 - - 90a4dea5f2464fd78b906d65f1cfbe6e 90a4dea5f2464fd78b906d65f1cfbe6e] 199.19.213.151 "GET /v2.0/ports?tenant_id=cfd698e7711f427985c50d0da993e155&device_id=b78b5a5c-68f7-4364-8799-b098cd3340f1 HTTP/1.1" status: 200 len: 1638 time: 0.0651307
2026-04-21 18:21:19.351 10 INFO neutron.wsgi [req-c1c4a7be-2a80-475c-a6aa-a906aa2df307 req-fefdd564-a0d4-4496-ad0f-a1ba8bddb798 df629591f36c475bb2e96a22ae0f6ed7 678127e3b3fd415ea1800b78d3dad404 - - 90a4dea5f2464fd78b906d65f1cfbe6e 90a4dea5f2464fd78b906d65f1cfbe6e] 199.19.213.151 "GET /v2.0/networks?id=ade42b02-9c18-40bb-b1b7-ac6cf18d6087 HTTP/1.1" status: 200 len: 1003 time: 0.0703664
2026-04-21 18:21:19.403 10 INFO neutron.wsgi [req-c1c4a7be-2a80-475c-a6aa-a906aa2df307 req-43a02666-ee69-4f7f-9913-173c4d2b9893 df629591f36c475bb2e96a22ae0f6ed7 678127e3b3fd415ea1800b78d3dad404 - - 90a4dea5f2464fd78b906d65f1cfbe6e 90a4dea5f2464fd78b906d65f1cfbe6e] 199.19.213.151 "GET /v2.0/floatingips?fixed_ip_address=10.2.2.51&port_id=034af9ed-6cea-4bd6-9182-7f9dc50a7447 HTTP/1.1" status: 200 len: 1058 time: 0.0465205
2026-04-21 18:21:19.434 10 INFO neutron.wsgi [req-c1c4a7be-2a80-475c-a6aa-a906aa2df307 req-eeb83e07-b88c-45f9-a11e-f9fd795a0ae2 df629591f36c475bb2e96a22ae0f6ed7 678127e3b3fd415ea1800b78d3dad404 - - 90a4dea5f2464fd78b906d65f1cfbe6e 90a4dea5f2464fd78b906d65f1cfbe6e] 199.19.213.151 "GET /v2.0/floatingips?fixed_ip_address=fd77%3A1457%3A4cf0%3A26a8%3A%3A2b9&port_id=034af9ed-6cea-4bd6-9182-7f9dc50a7447 HTTP/1.1" status: 200 len: 217 time: 0.0232418
2026-04-21 18:21:19.479 10 INFO neutron.wsgi [req-c1c4a7be-2a80-475c-a6aa-a906aa2df307 req-52c1c438-f78a-4e92-aac5-d0b582b7c461 df629591f36c475bb2e96a22ae0f6ed7 678127e3b3fd415ea1800b78d3dad404 - - 90a4dea5f2464fd78b906d65f1cfbe6e 90a4dea5f2464fd78b906d65f1cfbe6e] 199.19.213.151 "GET /v2.0/subnets?id=ed7e4483-9171-4940-a3a3-2116224dfcda&id=d457e578-d02c-4ccf-8670-f9b40091403d HTTP/1.1" status: 200 len: 1566 time: 0.0391672
2026-04-21 18:21:19.507 10 INFO neutron.wsgi [req-c1c4a7be-2a80-475c-a6aa-a906aa2df307 req-ecfc981b-460b-4917-aed2-8fa4c04a1abf df629591f36c475bb2e96a22ae0f6ed7 678127e3b3fd415ea1800b78d3dad404 - - 90a4dea5f2464fd78b906d65f1cfbe6e 90a4dea5f2464fd78b906d65f1cfbe6e] 199.19.213.151 "GET /v2.0/ports?network_id=ade42b02-9c18-40bb-b1b7-ac6cf18d6087&device_owner=network%3Adhcp HTTP/1.1" status: 200 len: 210 time: 0.0203142
2026-04-21 18:21:19.532 9 INFO neutron.wsgi [None req-962145a2-2bce-421f-b3ff-336854d547db 77418a2f1b0e40c4ad65e8f43d896e85 2472a0619d2d406895e1b9d81907843b - - default default] 10.0.0.198 "DELETE /v2.0/ports/2ce1e5a3-284a-4cba-9f72-907d4f76c250 HTTP/1.1" status: 204 len: 168 time: 0.3710058
2026-04-21 18:21:19.538 10 INFO neutron.wsgi [req-c1c4a7be-2a80-475c-a6aa-a906aa2df307 req-8df0e281-6698-46d6-b695-1e58dd9494f6 df629591f36c475bb2e96a22ae0f6ed7 678127e3b3fd415ea1800b78d3dad404 - - 90a4dea5f2464fd78b906d65f1cfbe6e 90a4dea5f2464fd78b906d65f1cfbe6e] 199.19.213.151 "GET /v2.0/ports?network_id=ade42b02-9c18-40bb-b1b7-ac6cf18d6087&device_owner=network%3Adhcp HTTP/1.1" status: 200 len: 210 time: 0.0259883
2026-04-21 18:21:19.594 9 INFO neutron.wsgi [None req-e808bfab-29a8-4f00-9c5d-a18b1f6c12ee 596e9f50681944479fd58beeac2ba7df a5cc8f10297742dc9639a0743841de6d - - default default] 10.0.0.198 "DELETE /v2.0/subnets/453af44e-21db-4c78-b15e-6d1dd9b53d59 HTTP/1.1" status: 204 len: 168 time: 0.3306611
2026-04-21 18:21:19.614 10 INFO neutron.wsgi [req-c1c4a7be-2a80-475c-a6aa-a906aa2df307 req-49b88e99-95ac-4562-9116-568f7c01faec df629591f36c475bb2e96a22ae0f6ed7 678127e3b3fd415ea1800b78d3dad404 - - 90a4dea5f2464fd78b906d65f1cfbe6e 90a4dea5f2464fd78b906d65f1cfbe6e] 199.19.213.151 "GET /v2.0/networks/ade42b02-9c18-40bb-b1b7-ac6cf18d6087?fields=segments HTTP/1.1" status: 200 len: 212 time: 0.0700002
2026-04-21 18:21:19.681 10 INFO neutron.wsgi [req-c1c4a7be-2a80-475c-a6aa-a906aa2df307 req-d3ecb3d1-0c9a-41fc-8785-dcf7b49dd7f6 df629591f36c475bb2e96a22ae0f6ed7 678127e3b3fd415ea1800b78d3dad404 - - 90a4dea5f2464fd78b906d65f1cfbe6e 90a4dea5f2464fd78b906d65f1cfbe6e] 199.19.213.151 "GET /v2.0/networks/ade42b02-9c18-40bb-b1b7-ac6cf18d6087?fields=provider%3Aphysical_network&fields=provider%3Anetwork_type HTTP/1.1" status: 200 len: 277 time: 0.0582340
2026-04-21 18:21:19.858 9 INFO neutron.wsgi [None req-3af49cb6-9714-423d-b035-5fb03d46b3ea 596e9f50681944479fd58beeac2ba7df a5cc8f10297742dc9639a0743841de6d - - default default] 10.0.0.198 "DELETE /v2.0/subnets/7f1a4fb7-7902-4fe3-9915-964718997c0d HTTP/1.1" status: 204 len: 168 time: 0.2594657
2026-04-21 18:21:19.890 10 INFO neutron.wsgi [req-abfe8613-40bf-45c2-95a1-e1eb8193effb req-d1862026-424b-40a9-99e6-e2496beff42e df629591f36c475bb2e96a22ae0f6ed7 678127e3b3fd415ea1800b78d3dad404 - - 90a4dea5f2464fd78b906d65f1cfbe6e 90a4dea5f2464fd78b906d65f1cfbe6e] 199.19.213.151 "GET /v2.0/ports?device_id=0886975b-16f6-4fa4-9465-9685ab6c6f4d&fields=binding%3Ahost_id&fields=binding%3Avif_type HTTP/1.1" status: 200 len: 265 time: 0.0453420
2026-04-21 18:21:19.987 10 INFO neutron.wsgi [req-abfe8613-40bf-45c2-95a1-e1eb8193effb req-4758e459-a2a1-4359-bbcc-f201047cc566 df629591f36c475bb2e96a22ae0f6ed7 678127e3b3fd415ea1800b78d3dad404 - - 90a4dea5f2464fd78b906d65f1cfbe6e 90a4dea5f2464fd78b906d65f1cfbe6e] 199.19.213.151 "GET /v2.0/ports?tenant_id=cfd698e7711f427985c50d0da993e155&device_id=0886975b-16f6-4fa4-9465-9685ab6c6f4d HTTP/1.1" status: 200 len: 1634 time: 0.0425506
2026-04-21 18:21:19.998 9 INFO neutron.services.segments.plugin [-] Segment 85a89f92-f6bf-46c0-b767-fe7ad387e709 resource provider aggregate not found
2026-04-21 18:21:20.006 9 INFO neutron.services.segments.plugin [-] Segment 85a89f92-f6bf-46c0-b767-fe7ad387e709 resource provider aggregate not found
2026-04-21 18:21:20.036 9 INFO neutron.services.segments.plugin [-] Segment 85a89f92-f6bf-46c0-b767-fe7ad387e709 resource provider not found; error: Placement Client Error (4xx): {"errors": [{"status": 404, "title": "Not Found", "detail": "The resource could not be found.\n\n No resource provider with uuid 85a89f92-f6bf-46c0-b767-fe7ad387e709 found for delete ", "request_id": "req-06cedb3f-25d3-43d7-8783-668eeb0bdc12"}]}
2026-04-21 18:21:20.040 9 INFO neutron.services.segments.plugin [-] Segment 85a89f92-f6bf-46c0-b767-fe7ad387e709 resource provider not found; error: Placement Client Error (4xx): {"errors": [{"status": 404, "title": "Not Found", "detail": "The resource could not be found.\n\n No resource provider with uuid 85a89f92-f6bf-46c0-b767-fe7ad387e709 found for delete ", "request_id": "req-a61d7090-ac42-45c2-a94f-1dbd4fdcb43b"}]}
2026-04-21 18:21:20.059 9 INFO neutron.wsgi [None req-d063fe71-b19d-41ff-aa9a-000b8825403d 77418a2f1b0e40c4ad65e8f43d896e85 2472a0619d2d406895e1b9d81907843b - - default default] 10.0.0.198 "DELETE /v2.0/networks/1b4da316-c503-4f20-a8aa-641765bc1242 HTTP/1.1" status: 204 len: 168 time: 0.5225890
2026-04-21 18:21:20.092 10 INFO neutron.wsgi [req-abfe8613-40bf-45c2-95a1-e1eb8193effb req-392d90a5-b163-4e94-b601-f5019eb6b734 df629591f36c475bb2e96a22ae0f6ed7 678127e3b3fd415ea1800b78d3dad404 - - 90a4dea5f2464fd78b906d65f1cfbe6e 90a4dea5f2464fd78b906d65f1cfbe6e] 199.19.213.151 "GET /v2.0/networks?id=9367b365-601d-451a-be5c-a5a8aa526372 HTTP/1.1" status: 200 len: 1002 time: 0.0852590
2026-04-21 18:21:20.149 10 INFO neutron.wsgi [req-abfe8613-40bf-45c2-95a1-e1eb8193effb req-e2ed79d1-f80f-495a-a076-00743ffecd38 df629591f36c475bb2e96a22ae0f6ed7 678127e3b3fd415ea1800b78d3dad404 - - 90a4dea5f2464fd78b906d65f1cfbe6e 90a4dea5f2464fd78b906d65f1cfbe6e] 199.19.213.151 "GET /v2.0/floatingips?fixed_ip_address=10.2.1.38&port_id=5b6da58c-eda3-4027-b69b-e4c6556b1764 HTTP/1.1" status: 200 len: 1058 time: 0.0442305
2026-04-21 18:21:20.181 10 INFO neutron.wsgi [req-abfe8613-40bf-45c2-95a1-e1eb8193effb req-932d3419-77c4-4c11-8582-642ac22e57da df629591f36c475bb2e96a22ae0f6ed7 678127e3b3fd415ea1800b78d3dad404 - - 90a4dea5f2464fd78b906d65f1cfbe6e 90a4dea5f2464fd78b906d65f1cfbe6e] 199.19.213.151 "GET /v2.0/floatingips?fixed_ip_address=fd7b%3Af9f7%3Afff%3A4eca%3A%3A2ea&port_id=5b6da58c-eda3-4027-b69b-e4c6556b1764 HTTP/1.1" status: 200 len: 217 time: 0.0250053
2026-04-21 18:21:20.220 10 INFO neutron.wsgi [req-abfe8613-40bf-45c2-95a1-e1eb8193effb req-0269481d-35e0-4475-9050-00b19963fb91 df629591f36c475bb2e96a22ae0f6ed7 678127e3b3fd415ea1800b78d3dad404 - - 90a4dea5f2464fd78b906d65f1cfbe6e 90a4dea5f2464fd78b906d65f1cfbe6e] 199.19.213.151 "GET /v2.0/subnets?id=1322e943-bcd0-45f9-bfa3-c95755fe6cec&id=3dda4a43-a00c-4362-8bb3-12207caa7f11 HTTP/1.1" status: 200 len: 1560 time: 0.0322182
2026-04-21 18:21:20.262 10 INFO neutron.wsgi [req-abfe8613-40bf-45c2-95a1-e1eb8193effb req-73ffeb50-cbff-4a18-9c5a-aef110790388 df629591f36c475bb2e96a22ae0f6ed7 678127e3b3fd415ea1800b78d3dad404 - - 90a4dea5f2464fd78b906d65f1cfbe6e 90a4dea5f2464fd78b906d65f1cfbe6e] 199.19.213.151 "GET /v2.0/ports?network_id=9367b365-601d-451a-be5c-a5a8aa526372&device_owner=network%3Adhcp HTTP/1.1" status: 200 len: 210 time: 0.0359178
2026-04-21 18:21:20.301 10 INFO neutron.wsgi [req-abfe8613-40bf-45c2-95a1-e1eb8193effb req-c6b19b27-b099-487e-b4d7-ee17ae11a4bc df629591f36c475bb2e96a22ae0f6ed7 678127e3b3fd415ea1800b78d3dad404 - - 90a4dea5f2464fd78b906d65f1cfbe6e 90a4dea5f2464fd78b906d65f1cfbe6e] 199.19.213.151 "GET /v2.0/ports?network_id=9367b365-601d-451a-be5c-a5a8aa526372&device_owner=network%3Adhcp HTTP/1.1" status: 200 len: 210 time: 0.0272825
2026-04-21 18:21:20.386 10 INFO neutron.wsgi [req-abfe8613-40bf-45c2-95a1-e1eb8193effb req-42592a86-51e0-4f45-9d20-443c3ab94ea2 df629591f36c475bb2e96a22ae0f6ed7 678127e3b3fd415ea1800b78d3dad404 - - 90a4dea5f2464fd78b906d65f1cfbe6e 90a4dea5f2464fd78b906d65f1cfbe6e] 199.19.213.151 "GET /v2.0/networks/9367b365-601d-451a-be5c-a5a8aa526372?fields=segments HTTP/1.1" status: 200 len: 212 time: 0.0795188
2026-04-21 18:21:20.424 9 INFO neutron.wsgi [None req-2bf88620-336f-43d0-b2c0-89d7f0bd15b1 596e9f50681944479fd58beeac2ba7df a5cc8f10297742dc9639a0743841de6d - - default default] 10.0.0.198 "DELETE /v2.0/networks/6406016e-a7f8-46b9-b555-ba34bc237bce HTTP/1.1" status: 204 len: 168 time: 0.5580816
2026-04-21 18:21:20.488 10 INFO neutron.wsgi [req-abfe8613-40bf-45c2-95a1-e1eb8193effb req-33e483f2-b4e1-4b7f-93cd-b1a5d5503530 df629591f36c475bb2e96a22ae0f6ed7 678127e3b3fd415ea1800b78d3dad404 - - 90a4dea5f2464fd78b906d65f1cfbe6e 90a4dea5f2464fd78b906d65f1cfbe6e] 199.19.213.151 "GET /v2.0/networks/9367b365-601d-451a-be5c-a5a8aa526372?fields=provider%3Aphysical_network&fields=provider%3Anetwork_type HTTP/1.1" status: 200 len: 277 time: 0.0961928
2026-04-21 18:21:20.809 10 INFO neutron.services.segments.plugin [-] Segment 64ea0978-6b85-4b67-b9ff-b0767ed71e7b resource provider aggregate not found
2026-04-21 18:21:20.813 10 INFO neutron.services.segments.plugin [-] Segment 64ea0978-6b85-4b67-b9ff-b0767ed71e7b resource provider aggregate not found
2026-04-21 18:21:20.827 10 INFO neutron.services.segments.plugin [-] Segment 64ea0978-6b85-4b67-b9ff-b0767ed71e7b resource provider not found; error: Placement Client Error (4xx): {"errors": [{"status": 404, "title": "Not Found", "detail": "The resource could not be found.\n\n No resource provider with uuid 64ea0978-6b85-4b67-b9ff-b0767ed71e7b found for delete ", "request_id": "req-3487f23c-865f-4e41-800c-2944fa5c201f"}]}
2026-04-21 18:21:20.828 10 INFO neutron.services.segments.plugin [-] Segment 64ea0978-6b85-4b67-b9ff-b0767ed71e7b resource provider not found; error: Placement Client Error (4xx): {"errors": [{"status": 404, "title": "Not Found", "detail": "The resource could not be found.\n\n No resource provider with uuid 64ea0978-6b85-4b67-b9ff-b0767ed71e7b found for delete ", "request_id": "req-59aaa4f9-0cc3-4b10-9967-c2eb97b07582"}]}
2026-04-21 18:21:20.853 10 INFO neutron.wsgi [None req-cf520c2f-c4ce-4888-b8dc-649972cc4dc9 596e9f50681944479fd58beeac2ba7df a5cc8f10297742dc9639a0743841de6d - - default default] 10.0.0.198 "DELETE /v2.0/networks/b239223d-34fa-4623-b645-a3884ac47aac HTTP/1.1" status: 204 len: 168 time: 0.4214137
2026-04-21 18:21:21.034 10 INFO neutron.wsgi [None req-339daa6c-4cf9-40e9-ae93-504a79a0bcd3 335d0c3471b04450a8ee9042d1229672 534bb253f1c847668fe5069647ed9f1e - - default default] 10.0.0.198 "GET /v2.0/security-groups?tenant_id=2472a0619d2d406895e1b9d81907843b&name=default HTTP/1.1" status: 200 len: 3000 time: 0.1636608
2026-04-21 18:21:21.236 10 INFO neutron.wsgi [None req-16bf2825-644f-4cf6-90f8-27ec43bdba67 335d0c3471b04450a8ee9042d1229672 534bb253f1c847668fe5069647ed9f1e - - default default] 10.0.0.198 "DELETE /v2.0/security-groups/0e7e19f2-3062-4f2d-b448-51311ed7d6c4 HTTP/1.1" status: 204 len: 168 time: 0.1959288
2026-04-21 18:21:21.292 9 INFO neutron.wsgi [None req-606b2125-f17b-48f3-a00f-fc1e31d635e8 596e9f50681944479fd58beeac2ba7df a5cc8f10297742dc9639a0743841de6d - - default default] 10.0.0.198 "DELETE /v2.0/networks/7dca58ce-5514-46f7-b4e4-5ae47529223e HTTP/1.1" status: 204 len: 168 time: 0.4338841
2026-04-21 18:21:21.475 9 INFO neutron.db.ovn_revision_numbers_db [None req-75546cb9-b1af-4c02-8cc3-cc3f0ba45884 335d0c3471b04450a8ee9042d1229672 534bb253f1c847668fe5069647ed9f1e - - default default] Successfully bumped revision number for resource 35c2a2f4-02f4-46a9-984b-94b94e1923c3 (type: security_groups) to 1
2026-04-21 18:21:21.490 9 INFO neutron.db.ovn_revision_numbers_db [None req-75546cb9-b1af-4c02-8cc3-cc3f0ba45884 335d0c3471b04450a8ee9042d1229672 534bb253f1c847668fe5069647ed9f1e - - default default] Successfully bumped revision number for resource 3d647cfa-192a-4a63-af5c-f0b5163ff134 (type: security_group_rules) to 0
2026-04-21 18:21:21.511 9 INFO neutron.db.ovn_revision_numbers_db [None req-75546cb9-b1af-4c02-8cc3-cc3f0ba45884 335d0c3471b04450a8ee9042d1229672 534bb253f1c847668fe5069647ed9f1e - - default default] Successfully bumped revision number for resource 751bf597-3a78-4556-9f49-c62c573b6795 (type: security_group_rules) to 0
2026-04-21 18:21:21.531 9 INFO neutron.db.ovn_revision_numbers_db [None req-75546cb9-b1af-4c02-8cc3-cc3f0ba45884 335d0c3471b04450a8ee9042d1229672 534bb253f1c847668fe5069647ed9f1e - - default default] Successfully bumped revision number for resource a8eaa23e-3cf3-43e8-bb82-bbecc6bf196a (type: security_group_rules) to 0
2026-04-21 18:21:21.544 9 INFO neutron.db.ovn_revision_numbers_db [None req-75546cb9-b1af-4c02-8cc3-cc3f0ba45884 335d0c3471b04450a8ee9042d1229672 534bb253f1c847668fe5069647ed9f1e - - default default] Successfully bumped revision number for resource ab789416-4f96-4c6f-8351-9cfc921969af (type: security_group_rules) to 0
2026-04-21 18:21:21.570 9 INFO neutron.wsgi [None req-75546cb9-b1af-4c02-8cc3-cc3f0ba45884 335d0c3471b04450a8ee9042d1229672 534bb253f1c847668fe5069647ed9f1e - - default default] 10.0.0.198 "GET /v2.0/security-groups?tenant_id=d77868de1cca49928054071d9193d2e9&name=default HTTP/1.1" status: 200 len: 3000 time: 0.2136478
2026-04-21 18:21:21.697 10 INFO neutron.wsgi [None req-3c85da8c-aa89-4054-84de-8e79da5b20c0 596e9f50681944479fd58beeac2ba7df a5cc8f10297742dc9639a0743841de6d - - default default] 10.0.0.198 "DELETE /v2.0/networks/2fec395c-d7c9-4391-86a1-f244cb8d11d0 HTTP/1.1" status: 204 len: 168 time: 0.4008734
2026-04-21 18:21:21.841 9 INFO neutron.wsgi [None req-2dc415b8-a241-4a30-a69f-527a2bcb876d 335d0c3471b04450a8ee9042d1229672 534bb253f1c847668fe5069647ed9f1e - - default default] 10.0.0.198 "DELETE /v2.0/security-groups/35c2a2f4-02f4-46a9-984b-94b94e1923c3 HTTP/1.1" status: 204 len: 168 time: 0.2650726
2026-04-21 18:21:22.062 9 INFO neutron.services.segments.plugin [-] Segment 99f1e912-0bd8-4774-80cb-94b39817a481 resource provider aggregate not found
2026-04-21 18:21:22.077 9 INFO neutron.services.segments.plugin [-] Segment 99f1e912-0bd8-4774-80cb-94b39817a481 resource provider not found; error: Placement Client Error (4xx): {"errors": [{"status": 404, "title": "Not Found", "detail": "The resource could not be found.\n\n No resource provider with uuid 99f1e912-0bd8-4774-80cb-94b39817a481 found for delete ", "request_id": "req-373a3a55-9f24-4828-8eb7-db59e86537b0"}]}
2026-04-21 18:21:22.082 9 INFO neutron.services.segments.plugin [-] Segment 99f1e912-0bd8-4774-80cb-94b39817a481 resource provider aggregate not found
2026-04-21 18:21:22.091 9 INFO neutron.services.segments.plugin [-] Segment 232fb43f-9b03-44c5-8875-c3a7a04d9950 resource provider aggregate not found
2026-04-21 18:21:22.101 9 INFO neutron.services.segments.plugin [-] Segment 99f1e912-0bd8-4774-80cb-94b39817a481 resource provider not found; error: Placement Client Error (4xx): {"errors": [{"status": 404, "title": "Not Found", "detail": "The resource could not be found.\n\n No resource provider with uuid 99f1e912-0bd8-4774-80cb-94b39817a481 found for delete ", "request_id": "req-e9369a76-ee28-4995-8553-9b64b79633c3"}]}
2026-04-21 18:21:22.106 9 INFO neutron.services.segments.plugin [-] Segment 232fb43f-9b03-44c5-8875-c3a7a04d9950 resource provider not found; error: Placement Client Error (4xx): {"errors": [{"status": 404, "title": "Not Found", "detail": "The resource could not be found.\n\n No resource provider with uuid 232fb43f-9b03-44c5-8875-c3a7a04d9950 found for delete ", "request_id": "req-60d87208-8573-404c-a209-4fead5feaa6e"}]}
2026-04-21 18:21:22.128 9 INFO neutron.wsgi [None req-cdb3804e-bc2f-4ce1-9e53-a270aa26c67a 596e9f50681944479fd58beeac2ba7df a5cc8f10297742dc9639a0743841de6d - - default default] 10.0.0.198 "DELETE /v2.0/networks/50c06680-5117-4ac6-ad1c-b145774180a4 HTTP/1.1" status: 204 len: 168 time: 0.4258749
2026-04-21 18:21:22.139 9 INFO neutron.services.segments.plugin [-] Segment 232fb43f-9b03-44c5-8875-c3a7a04d9950 resource provider aggregate not found
2026-04-21 18:21:22.144 9 INFO neutron.services.segments.plugin [-] Segment 97c39bd8-3950-4c04-a80e-c590a4345dfb resource provider aggregate not found
2026-04-21 18:21:22.158 9 INFO neutron.services.segments.plugin [-] Segment 232fb43f-9b03-44c5-8875-c3a7a04d9950 resource provider not found; error: Placement Client Error (4xx): {"errors": [{"status": 404, "title": "Not Found", "detail": "The resource could not be found.\n\n No resource provider with uuid 232fb43f-9b03-44c5-8875-c3a7a04d9950 found for delete ", "request_id": "req-6f274d27-30f2-4314-840e-cdee4c84c84e"}]}
2026-04-21 18:21:22.165 9 INFO neutron.services.segments.plugin [-] Segment 97c39bd8-3950-4c04-a80e-c590a4345dfb resource provider not found; error: Placement Client Error (4xx): {"errors": [{"status": 404, "title": "Not Found", "detail": "The resource could not be found.\n\n No resource provider with uuid 97c39bd8-3950-4c04-a80e-c590a4345dfb found for delete ", "request_id": "req-093465b9-3962-4eb5-8cb8-57178eedb7f8"}]}
2026-04-21 18:21:22.178 9 INFO neutron.services.segments.plugin [-] Segment 97c39bd8-3950-4c04-a80e-c590a4345dfb resource provider aggregate not found
2026-04-21 18:21:22.195 9 INFO neutron.services.segments.plugin [-] Segment 97c39bd8-3950-4c04-a80e-c590a4345dfb resource provider not found; error: Placement Client Error (4xx): {"errors": [{"status": 404, "title": "Not Found", "detail": "The resource could not be found.\n\n No resource provider with uuid 97c39bd8-3950-4c04-a80e-c590a4345dfb found for delete ", "request_id": "req-93d5b4f9-d2ed-43db-a7b4-0d849ab00ef1"}]}
2026-04-21 18:21:22.852 10 INFO neutron.services.segments.plugin [-] Segment 81d989f5-67e2-4cea-ab58-9d73aad2bc7f resource provider aggregate not found
2026-04-21 18:21:22.857 10 INFO neutron.services.segments.plugin [-] Segment 81d989f5-67e2-4cea-ab58-9d73aad2bc7f resource provider aggregate not found
2026-04-21 18:21:22.873 10 INFO neutron.services.segments.plugin [-] Segment 81d989f5-67e2-4cea-ab58-9d73aad2bc7f resource provider not found; error: Placement Client Error (4xx): {"errors": [{"status": 404, "title": "Not Found", "detail": "The resource could not be found.\n\n No resource provider with uuid 81d989f5-67e2-4cea-ab58-9d73aad2bc7f found for delete ", "request_id": "req-bd24bb32-a9b1-4a6a-97d8-47ad8f27f5b5"}]}
2026-04-21 18:21:22.875 10 INFO neutron.services.segments.plugin [-] Segment 81d989f5-67e2-4cea-ab58-9d73aad2bc7f resource provider not found; error: Placement Client Error (4xx): {"errors": [{"status": 404, "title": "Not Found", "detail": "The resource could not be found.\n\n No resource provider with uuid 81d989f5-67e2-4cea-ab58-9d73aad2bc7f found for delete ", "request_id": "req-772ad8bd-4284-4eb5-beeb-027dd0490b3f"}]}
2026-04-21 18:21:23.248 9 INFO neutron.db.ovn_revision_numbers_db [None req-14c861f3-669e-4dae-bc44-f33f22c2c416 335d0c3471b04450a8ee9042d1229672 534bb253f1c847668fe5069647ed9f1e - - default default] Successfully bumped revision number for resource df5295ba-ba3f-4cdd-bab2-f6dc33d120a8 (type: security_groups) to 1
2026-04-21 18:21:23.263 9 INFO neutron.db.ovn_revision_numbers_db [None req-14c861f3-669e-4dae-bc44-f33f22c2c416 335d0c3471b04450a8ee9042d1229672 534bb253f1c847668fe5069647ed9f1e - - default default] Successfully bumped revision number for resource 45a64088-2d9c-41ca-aeac-137203808a19 (type: security_group_rules) to 0
2026-04-21 18:21:23.277 9 INFO neutron.db.ovn_revision_numbers_db [None req-14c861f3-669e-4dae-bc44-f33f22c2c416 335d0c3471b04450a8ee9042d1229672 534bb253f1c847668fe5069647ed9f1e - - default default] Successfully bumped revision number for resource 9b5af8a2-f34a-457e-be17-133fdf7283fe (type: security_group_rules) to 0
2026-04-21 18:21:23.291 9 INFO neutron.db.ovn_revision_numbers_db [None req-14c861f3-669e-4dae-bc44-f33f22c2c416 335d0c3471b04450a8ee9042d1229672 534bb253f1c847668fe5069647ed9f1e - - default default] Successfully bumped revision number for resource b868cbfd-7e13-422b-91bc-012e704e040a (type: security_group_rules) to 0
2026-04-21 18:21:23.305 9 INFO neutron.db.ovn_revision_numbers_db [None req-14c861f3-669e-4dae-bc44-f33f22c2c416 335d0c3471b04450a8ee9042d1229672 534bb253f1c847668fe5069647ed9f1e - - default default] Successfully bumped revision number for resource d6a22c7a-f097-4cac-b66f-74a043ebd90d (type: security_group_rules) to 0
2026-04-21 18:21:23.327 9 INFO neutron.wsgi [None req-14c861f3-669e-4dae-bc44-f33f22c2c416 335d0c3471b04450a8ee9042d1229672 534bb253f1c847668fe5069647ed9f1e - - default default] 10.0.0.198 "GET /v2.0/security-groups?tenant_id=0bae7535988b44819a092d554e08a6f7&name=default HTTP/1.1" status: 200 len: 3000 time: 0.3584225
2026-04-21 18:21:23.537 9 INFO neutron.wsgi [None req-779d555b-a575-4293-a834-24e018ce00b2 335d0c3471b04450a8ee9042d1229672 534bb253f1c847668fe5069647ed9f1e - - default default] 10.0.0.198 "DELETE /v2.0/security-groups/df5295ba-ba3f-4cdd-bab2-f6dc33d120a8 HTTP/1.1" status: 204 len: 168 time: 0.2062035
2026-04-21 18:21:23.754 10 INFO neutron.db.ovn_revision_numbers_db [None req-acfeea33-8df0-4cf7-8759-e7fa541d3254 335d0c3471b04450a8ee9042d1229672 534bb253f1c847668fe5069647ed9f1e - - default default] Successfully bumped revision number for resource 542574cd-a201-4162-9cff-d95d3306324e (type: security_groups) to 1
2026-04-21 18:21:23.767 10 INFO neutron.db.ovn_revision_numbers_db [None req-acfeea33-8df0-4cf7-8759-e7fa541d3254 335d0c3471b04450a8ee9042d1229672 534bb253f1c847668fe5069647ed9f1e - - default default] Successfully bumped revision number for resource 4498a4a1-caa9-489f-b8d7-0a0dedfdabd8 (type: security_group_rules) to 0
2026-04-21 18:21:23.781 10 INFO neutron.db.ovn_revision_numbers_db [None req-acfeea33-8df0-4cf7-8759-e7fa541d3254 335d0c3471b04450a8ee9042d1229672 534bb253f1c847668fe5069647ed9f1e - - default default] Successfully bumped revision number for resource d22c866f-a720-4f9e-85d9-60c417f190af (type: security_group_rules) to 0
2026-04-21 18:21:23.795 10 INFO neutron.db.ovn_revision_numbers_db [None req-acfeea33-8df0-4cf7-8759-e7fa541d3254 335d0c3471b04450a8ee9042d1229672 534bb253f1c847668fe5069647ed9f1e - - default default] Successfully bumped revision number for resource ee0d9664-d4e3-4ceb-bc11-718e693eff8c (type: security_group_rules) to 0
2026-04-21 18:21:23.809 10 INFO neutron.db.ovn_revision_numbers_db [None req-acfeea33-8df0-4cf7-8759-e7fa541d3254 335d0c3471b04450a8ee9042d1229672 534bb253f1c847668fe5069647ed9f1e - - default default] Successfully bumped revision number for resource f1c6a13f-7f54-44cf-b6e7-9cb198d7fac9 (type: security_group_rules) to 0
2026-04-21 18:21:23.834 10 INFO neutron.wsgi [None req-acfeea33-8df0-4cf7-8759-e7fa541d3254 335d0c3471b04450a8ee9042d1229672 534bb253f1c847668fe5069647ed9f1e - - default default] 10.0.0.198 "GET /v2.0/security-groups?tenant_id=c7dff300f4af476eab873bb86f53bca7&name=default HTTP/1.1" status: 200 len: 3000 time: 0.1963718
2026-04-21 18:21:24.031 10 INFO neutron.wsgi [None req-e63e5c34-148a-42be-bf6f-6fa45cd8f37b 335d0c3471b04450a8ee9042d1229672 534bb253f1c847668fe5069647ed9f1e - - default default] 10.0.0.198 "DELETE /v2.0/security-groups/542574cd-a201-4162-9cff-d95d3306324e HTTP/1.1" status: 204 len: 168 time: 0.1918690
2026-04-21 18:21:24.218 10 INFO neutron.wsgi [None req-4cb09092-1c1b-4e0d-a9ea-981afae6ee34 335d0c3471b04450a8ee9042d1229672 534bb253f1c847668fe5069647ed9f1e - - default default] 10.0.0.198 "GET /v2.0/security-groups?tenant_id=a5cc8f10297742dc9639a0743841de6d&name=default HTTP/1.1" status: 200 len: 3000 time: 0.0419238
2026-04-21 18:21:24.434 10 INFO neutron.wsgi [None req-d1b436f9-9a2c-4c08-a694-1c1aee31cfd6 335d0c3471b04450a8ee9042d1229672 534bb253f1c847668fe5069647ed9f1e - - default default] 10.0.0.198 "DELETE /v2.0/security-groups/26ad9875-63fc-4e86-bf41-7153cef0302b HTTP/1.1" status: 204 len: 168 time: 0.2108524
2026-04-21 18:21:27.737 9 WARNING neutron_lib.context [None req-fa7e1dca-1ade-49eb-a710-6e32fff9ec9b 2a725433fccf48a09f0e0b6770da1f8e 356c3e60f9d94c2a82969eff9ad48278 - - default default] Method 'is_advsvc' is deprecated since 2023.2 release (neutron-lib 3.8.0) and will be removed once support for the old RBAC API policies will be removed from Neutron. Please use method 'is_service_role' instead.
2026-04-21 18:21:27.797 10 INFO neutron.wsgi [-] 10.0.0.37 "GET / HTTP/1.1" status: 200 len: 247 time: 0.0027676
2026-04-21 18:21:27.800 10 INFO neutron.wsgi [-] 10.0.0.37 "GET / HTTP/1.1" status: 200 len: 247 time: 0.0021069
2026-04-21 18:21:27.885 9 INFO neutron.db.ovn_revision_numbers_db [None req-fa7e1dca-1ade-49eb-a710-6e32fff9ec9b 2a725433fccf48a09f0e0b6770da1f8e 356c3e60f9d94c2a82969eff9ad48278 - - default default] Successfully bumped revision number for resource 4945fec1-a385-4021-965f-781dae639aff (type: security_groups) to 1
2026-04-21 18:21:27.899 9 INFO neutron.db.ovn_revision_numbers_db [None req-fa7e1dca-1ade-49eb-a710-6e32fff9ec9b 2a725433fccf48a09f0e0b6770da1f8e 356c3e60f9d94c2a82969eff9ad48278 - - default default] Successfully bumped revision number for resource 89bafa3e-c072-4e44-af54-e6836588f57c (type: security_group_rules) to 0
2026-04-21 18:21:27.915 9 INFO neutron.db.ovn_revision_numbers_db [None req-fa7e1dca-1ade-49eb-a710-6e32fff9ec9b 2a725433fccf48a09f0e0b6770da1f8e 356c3e60f9d94c2a82969eff9ad48278 - - default default] Successfully bumped revision number for resource c5cbc514-5c33-4690-b3f0-e0868c8f3df3 (type: security_group_rules) to 0
2026-04-21 18:21:27.932 9 INFO neutron.db.ovn_revision_numbers_db [None req-fa7e1dca-1ade-49eb-a710-6e32fff9ec9b 2a725433fccf48a09f0e0b6770da1f8e 356c3e60f9d94c2a82969eff9ad48278 - - default default] Successfully bumped revision number for resource c7f5412c-6837-408f-83d9-0cc9fbe6c30f (type: security_group_rules) to 0
2026-04-21 18:21:27.946 9 INFO neutron.db.ovn_revision_numbers_db [None req-fa7e1dca-1ade-49eb-a710-6e32fff9ec9b 2a725433fccf48a09f0e0b6770da1f8e 356c3e60f9d94c2a82969eff9ad48278 - - default default] Successfully bumped revision number for resource c895754c-24d1-4e7c-83e4-82261c5a1ae0 (type: security_group_rules) to 0
2026-04-21 18:21:28.005 9 INFO neutron.db.segments_db [None req-fa7e1dca-1ade-49eb-a710-6e32fff9ec9b 2a725433fccf48a09f0e0b6770da1f8e 356c3e60f9d94c2a82969eff9ad48278 - - default default] Added segment 968d96bf-7c7d-40ed-814c-91435dc21c56 of type geneve for network f44cb82f-fa0c-4e2d-8eef-f6a46810ab09
2026-04-21 18:21:28.154 9 INFO neutron.db.ovn_revision_numbers_db [None req-fa7e1dca-1ade-49eb-a710-6e32fff9ec9b 2a725433fccf48a09f0e0b6770da1f8e 356c3e60f9d94c2a82969eff9ad48278 - - default default] Successfully bumped revision number for resource f44cb82f-fa0c-4e2d-8eef-f6a46810ab09 (type: networks) to 1
2026-04-21 18:21:28.333 9 WARNING neutron.scheduler.dhcp_agent_scheduler [None req-fa7e1dca-1ade-49eb-a710-6e32fff9ec9b 2a725433fccf48a09f0e0b6770da1f8e 356c3e60f9d94c2a82969eff9ad48278 - - default default] No more DHCP agents
2026-04-21 18:21:28.336 9 WARNING neutron.api.rpc.agentnotifiers.dhcp_rpc_agent_api [None req-fa7e1dca-1ade-49eb-a710-6e32fff9ec9b 2a725433fccf48a09f0e0b6770da1f8e 356c3e60f9d94c2a82969eff9ad48278 - - default default] Unable to schedule network f44cb82f-fa0c-4e2d-8eef-f6a46810ab09: no agents available; will retry on subsequent port and subnet creation events.
2026-04-21 18:21:28.420 9 INFO neutron.db.ovn_revision_numbers_db [None req-fa7e1dca-1ade-49eb-a710-6e32fff9ec9b 2a725433fccf48a09f0e0b6770da1f8e 356c3e60f9d94c2a82969eff9ad48278 - - default default] Successfully bumped revision number for resource da293d83-430c-4e36-b960-d6e5389b9193 (type: ports) to 1
2026-04-21 18:21:28.443 9 INFO neutron.wsgi [None req-fa7e1dca-1ade-49eb-a710-6e32fff9ec9b 2a725433fccf48a09f0e0b6770da1f8e 356c3e60f9d94c2a82969eff9ad48278 - - default default] 10.0.0.198 "POST /v2.0/networks HTTP/1.1" status: 201 len: 831 time: 0.8786726
2026-04-21 18:21:28.456 10 WARNING neutron_lib.context [None req-6f6a73da-cec7-4e38-8b2b-a94505562077 2a725433fccf48a09f0e0b6770da1f8e 356c3e60f9d94c2a82969eff9ad48278 - - default default] Method 'is_advsvc' is deprecated since 2023.2 release (neutron-lib 3.8.0) and will be removed once support for the old RBAC API policies will be removed from Neutron. Please use method 'is_service_role' instead.
2026-04-21 18:21:28.683 10 WARNING neutron.scheduler.dhcp_agent_scheduler [None req-6f6a73da-cec7-4e38-8b2b-a94505562077 2a725433fccf48a09f0e0b6770da1f8e 356c3e60f9d94c2a82969eff9ad48278 - - default default] No more DHCP agents
2026-04-21 18:21:28.685 10 WARNING neutron.api.rpc.agentnotifiers.dhcp_rpc_agent_api [None req-6f6a73da-cec7-4e38-8b2b-a94505562077 2a725433fccf48a09f0e0b6770da1f8e 356c3e60f9d94c2a82969eff9ad48278 - - default default] Unable to schedule network f44cb82f-fa0c-4e2d-8eef-f6a46810ab09: no agents available; will retry on subsequent port and subnet creation events.
2026-04-21 18:21:28.768 10 INFO neutron.db.ovn_revision_numbers_db [None req-6f6a73da-cec7-4e38-8b2b-a94505562077 2a725433fccf48a09f0e0b6770da1f8e 356c3e60f9d94c2a82969eff9ad48278 - - default default] Successfully bumped revision number for resource 6a3226ea-7f45-40d7-bcea-78e9e9b366bb (type: ports) to 1
2026-04-21 18:21:28.789 10 INFO neutron.wsgi [None req-6f6a73da-cec7-4e38-8b2b-a94505562077 2a725433fccf48a09f0e0b6770da1f8e 356c3e60f9d94c2a82969eff9ad48278 - - default default] 10.0.0.198 "POST /v2.0/ports HTTP/1.1" status: 201 len: 942 time: 0.3408947 /var/lib/openstack/lib/python3.10/site-packages/pycadf/identifier.py:71: UserWarning: Invalid uuid: neutron. To ensure interoperability, identifiers should be a valid uuid. warnings.warn(('Invalid uuid: %s. To ensure interoperability, '
2026-04-21 18:21:28.837 10 INFO neutron.wsgi [None req-ca3a89fc-1f3b-4088-8297-b8a1c9324df8 2a725433fccf48a09f0e0b6770da1f8e 356c3e60f9d94c2a82969eff9ad48278 - - default default] 10.0.0.198 "PUT /v2.0/ports/6a3226ea-7f45-40d7-bcea-78e9e9b366bb/tags HTTP/1.1" status: 200 len: 218 time: 0.0394850
2026-04-21 18:21:28.874 10 INFO neutron.wsgi [None req-45f1e641-3700-4008-88a7-ac3b79e28473 2a725433fccf48a09f0e0b6770da1f8e 356c3e60f9d94c2a82969eff9ad48278 - - default default] 10.0.0.198 "GET /v2.0/ports/6a3226ea-7f45-40d7-bcea-78e9e9b366bb/tags HTTP/1.1" status: 200 len: 218 time: 0.0318563
2026-04-21 18:21:28.930 10 INFO neutron.wsgi [None req-dae51cfc-c56e-46e6-801a-fa067ad228fd 2a725433fccf48a09f0e0b6770da1f8e 356c3e60f9d94c2a82969eff9ad48278 - - default default] 10.0.0.198 "PUT /v2.0/ports/6a3226ea-7f45-40d7-bcea-78e9e9b366bb/tags/green HTTP/1.1" status: 201 len: 201 time: 0.0425704
2026-04-21 18:21:28.968 10 INFO neutron.wsgi [None req-e6175f88-b96d-4d54-bd45-9f225c4c2690 2a725433fccf48a09f0e0b6770da1f8e 356c3e60f9d94c2a82969eff9ad48278 - - default default] 10.0.0.198 "GET /v2.0/ports/6a3226ea-7f45-40d7-bcea-78e9e9b366bb/tags HTTP/1.1" status: 200 len: 227 time: 0.0337510
2026-04-21 18:21:28.976 9 INFO neutron.wsgi [req-5048d1cf-0e86-410c-8f08-3aa437e9e26d req-26749596-c086-47af-8092-fb50db09f2ba df629591f36c475bb2e96a22ae0f6ed7 678127e3b3fd415ea1800b78d3dad404 - - 90a4dea5f2464fd78b906d65f1cfbe6e 90a4dea5f2464fd78b906d65f1cfbe6e] 10.0.0.135 "GET /v2.0/ports?device_id=b78b5a5c-68f7-4364-8799-b098cd3340f1 HTTP/1.1" status: 200 len: 1638 time: 0.0630989
2026-04-21 18:21:29.010 10 INFO neutron.wsgi [None req-dbcb95a4-b3d7-4da0-a350-6ba93b07faa2 2a725433fccf48a09f0e0b6770da1f8e 356c3e60f9d94c2a82969eff9ad48278 - - default default] 10.0.0.198 "PUT /v2.0/ports/6a3226ea-7f45-40d7-bcea-78e9e9b366bb/tags/red HTTP/1.1" status: 201 len: 201 time: 0.0380466
2026-04-21 18:21:29.036 9 INFO neutron.wsgi [req-5048d1cf-0e86-410c-8f08-3aa437e9e26d req-b3904f83-06b3-4c3a-82ac-2aef93336dc7 df629591f36c475bb2e96a22ae0f6ed7 678127e3b3fd415ea1800b78d3dad404 - - 90a4dea5f2464fd78b906d65f1cfbe6e 90a4dea5f2464fd78b906d65f1cfbe6e] 10.0.0.135 "GET /v2.0/security-groups?id=fbf5ecf3-ebd4-4818-b864-de1fbe504f53&fields=id&fields=name HTTP/1.1" status: 200 len: 310 time: 0.0542972
2026-04-21 18:21:29.051 10 INFO neutron.wsgi [None req-b8ec97b8-6d67-4163-a996-2eb8ec5cbae7 2a725433fccf48a09f0e0b6770da1f8e 356c3e60f9d94c2a82969eff9ad48278 - - default default] 10.0.0.198 "GET /v2.0/ports/6a3226ea-7f45-40d7-bcea-78e9e9b366bb/tags HTTP/1.1" status: 200 len: 227 time: 0.0359113
2026-04-21 18:21:29.108 10 INFO neutron.wsgi [None req-32eecc18-f914-4e8d-99b2-af700f6c45b0 2a725433fccf48a09f0e0b6770da1f8e 356c3e60f9d94c2a82969eff9ad48278 - - default default] 10.0.0.198 "PUT /v2.0/ports/6a3226ea-7f45-40d7-bcea-78e9e9b366bb/tags/black.or.white HTTP/1.1" status: 201 len: 201 time: 0.0516672
2026-04-21 18:21:29.164 9 INFO neutron.wsgi [None req-9c63102e-da58-4ca2-a11c-7b5ec984ff24 2a725433fccf48a09f0e0b6770da1f8e 356c3e60f9d94c2a82969eff9ad48278 - - default default] 10.0.0.198 "GET /v2.0/ports/6a3226ea-7f45-40d7-bcea-78e9e9b366bb/tags HTTP/1.1" status: 200 len: 245 time: 0.0488534
2026-04-21 18:21:29.495 9 INFO neutron.wsgi [None req-d9328fea-32bd-43d0-95d8-34f86c873a8f 2a725433fccf48a09f0e0b6770da1f8e 356c3e60f9d94c2a82969eff9ad48278 - - default default] 10.0.0.198 "PUT /v2.0/ports/6a3226ea-7f45-40d7-bcea-78e9e9b366bb/tags HTTP/1.1" status: 200 len: 230 time: 0.3256602
2026-04-21 18:21:29.537 9 INFO neutron.wsgi [None req-9c38087f-721d-4c2f-8e41-6c47eff81f35 2a725433fccf48a09f0e0b6770da1f8e 356c3e60f9d94c2a82969eff9ad48278 - - default default] 10.0.0.198 "GET /v2.0/ports/6a3226ea-7f45-40d7-bcea-78e9e9b366bb/tags HTTP/1.1" status: 200 len: 230 time: 0.0354018
2026-04-21 18:21:29.596 9 INFO neutron.wsgi [None req-c4e216c9-3274-4dca-953a-5caeadb8fc06 2a725433fccf48a09f0e0b6770da1f8e 356c3e60f9d94c2a82969eff9ad48278 - - default default] 10.0.0.198 "GET /v2.0/ports/6a3226ea-7f45-40d7-bcea-78e9e9b366bb/tags/red HTTP/1.1" status: 204 len: 168 time: 0.0520318
2026-04-21 18:21:29.640 9 INFO neutron.api.v2.resource [None req-11fb72fd-50e2-414c-a84e-ec8719beb519 2a725433fccf48a09f0e0b6770da1f8e 356c3e60f9d94c2a82969eff9ad48278 - - default default] show failed (client error): The resource could not be found.
2026-04-21 18:21:29.641 9 INFO neutron.wsgi [None req-11fb72fd-50e2-414c-a84e-ec8719beb519 2a725433fccf48a09f0e0b6770da1f8e 356c3e60f9d94c2a82969eff9ad48278 - - default default] 10.0.0.198 "GET /v2.0/ports/6a3226ea-7f45-40d7-bcea-78e9e9b366bb/tags/green HTTP/1.1" status: 404 len: 299 time: 0.0394101
2026-04-21 18:21:29.686 9 INFO neutron.wsgi [None req-bb8bf140-6360-4c8c-834a-2146d3f01b88 2a725433fccf48a09f0e0b6770da1f8e 356c3e60f9d94c2a82969eff9ad48278 - - default default] 10.0.0.198 "DELETE /v2.0/ports/6a3226ea-7f45-40d7-bcea-78e9e9b366bb/tags/red HTTP/1.1" status: 204 len: 168 time: 0.0402999
2026-04-21 18:21:29.727 9 INFO neutron.wsgi [None req-9c9dcf46-f329-4bf1-bbc0-89c2dd68662f 2a725433fccf48a09f0e0b6770da1f8e 356c3e60f9d94c2a82969eff9ad48278 - - default default] 10.0.0.198 "GET /v2.0/ports/6a3226ea-7f45-40d7-bcea-78e9e9b366bb/tags HTTP/1.1" status: 200 len: 223 time: 0.0363715
2026-04-21 18:21:29.771 9 INFO neutron.api.v2.resource [None req-e3b43c98-cb78-46ad-8222-4c6c7fe7c587 2a725433fccf48a09f0e0b6770da1f8e 356c3e60f9d94c2a82969eff9ad48278 - - default default] delete failed (client error): The resource could not be found.
