2026-04-21 18:20:53.567 10 INFO neutron.wsgi [None req-95279083-a269-42ea-a0ac-462e49a546ee 335d0c3471b04450a8ee9042d1229672 534bb253f1c847668fe5069647ed9f1e - - default default] 10.0.0.198 "GET /v2.0/security-groups?tenant_id=ede02ad3804840cf858f6d5c67efaa41&name=default HTTP/1.1" status: 200 len: 2996 time: 0.2181072
2026-04-21 18:20:53.650 9 INFO neutron.db.ovn_revision_numbers_db [None req-1d4be84b-8343-476a-8585-7fa4fb849e78 - - - - - -] Successfully bumped revision number for resource 9be563c1-08a5-4ad4-9f9b-270695cb0e7a (type: router_ports) to 4
2026-04-21 18:20:53.656 10 WARNING neutron.scheduler.dhcp_agent_scheduler [None req-c92728dc-906d-4750-83da-a5c0782e6c6e 28ba8ff74e764a6d8242b8241a0bda70 cfd698e7711f427985c50d0da993e155 - - default default] No more DHCP agents
2026-04-21 18:20:53.657 10 WARNING neutron.api.rpc.agentnotifiers.dhcp_rpc_agent_api [None req-c92728dc-906d-4750-83da-a5c0782e6c6e 28ba8ff74e764a6d8242b8241a0bda70 cfd698e7711f427985c50d0da993e155 - - default default] Unable to schedule network ab8b4fb3-aed4-436a-85fe-0c3bd0189dd7: no agents available; will retry on subsequent port and subnet creation events.
2026-04-21 18:20:53.694 10 INFO neutron.db.segments_db [None req-78ade338-46bb-40b1-9560-fe3c5eb89c64 71b9ce37a4e648e6832bcf01a4632ccd 0dc95b239a994b6dbf1ae2e2d45a9bfa - - default default] Added segment 949ebaa4-fb90-4504-8b21-0e468e85a3fe of type geneve for network c3aedd24-1bf3-45c8-8d77-03aa91ef8700
2026-04-21 18:20:53.996 10 INFO neutron.db.ovn_revision_numbers_db [None req-78ade338-46bb-40b1-9560-fe3c5eb89c64 71b9ce37a4e648e6832bcf01a4632ccd 0dc95b239a994b6dbf1ae2e2d45a9bfa - - default default] Successfully bumped revision number for resource c3aedd24-1bf3-45c8-8d77-03aa91ef8700 (type: networks) to 1
2026-04-21 18:20:54.154 10 INFO neutron.wsgi [None req-af1b2834-2d11-4d33-ac97-8d58eeb6bed6 335d0c3471b04450a8ee9042d1229672 534bb253f1c847668fe5069647ed9f1e - - default default] 10.0.0.198 "DELETE /v2.0/security-groups/0ad1554c-6e5d-4378-9c6c-30da1af66bfe HTTP/1.1" status: 204 len: 168 time: 0.5789833
2026-04-21 18:20:54.181 10 INFO neutron.db.ovn_revision_numbers_db [None req-c92728dc-906d-4750-83da-a5c0782e6c6e 28ba8ff74e764a6d8242b8241a0bda70 cfd698e7711f427985c50d0da993e155 - - default default] Successfully bumped revision number for resource 640b8987-d815-4980-a07a-0feb29dd67cb (type: router_ports) to 1
2026-04-21 18:20:54.183 10 INFO neutron.wsgi [None req-c92728dc-906d-4750-83da-a5c0782e6c6e 28ba8ff74e764a6d8242b8241a0bda70 cfd698e7711f427985c50d0da993e155 - - default default] 10.0.0.198 "PUT /v2.0/routers/e94b801b-eb68-4eb6-9b03-6e5121e9ceef/add_router_interface HTTP/1.1" status: 200 len: 503 time: 2.3374770
2026-04-21 18:20:54.213 10 INFO neutron.plugins.ml2.drivers.ovn.mech_driver.mech_driver [None req-addf92fb-e432-4d94-b969-7e471586b076 - - - - - -] OVN reports status up for port: 640b8987-d815-4980-a07a-0feb29dd67cb
2026-04-21 18:20:54.224 10 INFO neutron.plugins.ml2.plugin [None req-addf92fb-e432-4d94-b969-7e471586b076 - - - - - -] Attempt 1 to provision port 640b8987-d815-4980-a07a-0feb29dd67cb
2026-04-21 18:20:54.279 10 WARNING neutron.scheduler.dhcp_agent_scheduler [None req-78ade338-46bb-40b1-9560-fe3c5eb89c64 71b9ce37a4e648e6832bcf01a4632ccd 0dc95b239a994b6dbf1ae2e2d45a9bfa - - default default] No more DHCP agents
2026-04-21 18:20:54.284 10 WARNING neutron.api.rpc.agentnotifiers.dhcp_rpc_agent_api [None req-78ade338-46bb-40b1-9560-fe3c5eb89c64 71b9ce37a4e648e6832bcf01a4632ccd 0dc95b239a994b6dbf1ae2e2d45a9bfa - - default default] Unable to schedule network c3aedd24-1bf3-45c8-8d77-03aa91ef8700: no agents available; will retry on subsequent port and subnet creation events.
2026-04-21 18:20:54.424 10 INFO neutron.db.ovn_revision_numbers_db [None req-78ade338-46bb-40b1-9560-fe3c5eb89c64 71b9ce37a4e648e6832bcf01a4632ccd 0dc95b239a994b6dbf1ae2e2d45a9bfa - - default default] Successfully bumped revision number for resource 84afd194-94d4-416b-a867-4b1a6ba68b0b (type: ports) to 1
2026-04-21 18:20:54.434 9 INFO neutron.db.ovn_revision_numbers_db [None req-ec3d7c85-e755-4b0b-90c3-3c70879bf4d5 335d0c3471b04450a8ee9042d1229672 534bb253f1c847668fe5069647ed9f1e - - default default] Successfully bumped revision number for resource 9938c46b-23af-4b86-b1ef-c0f2a019fefa (type: security_groups) to 1
2026-04-21 18:20:54.450 9 INFO neutron.db.ovn_revision_numbers_db [None req-ec3d7c85-e755-4b0b-90c3-3c70879bf4d5 335d0c3471b04450a8ee9042d1229672 534bb253f1c847668fe5069647ed9f1e - - default default] Successfully bumped revision number for resource 552c9ccd-5b2f-4c48-bf07-e001be5d6d55 (type: security_group_rules) to 0
2026-04-21 18:20:54.451 10 INFO neutron.wsgi [None req-78ade338-46bb-40b1-9560-fe3c5eb89c64 71b9ce37a4e648e6832bcf01a4632ccd 0dc95b239a994b6dbf1ae2e2d45a9bfa - - default default] 10.0.0.198 "POST /v2.0/networks HTTP/1.1" status: 201 len: 831 time: 0.9006641
2026-04-21 18:20:54.460 10 WARNING neutron_lib.context [None req-bcb3f3ec-7676-4058-a969-49e0504d42a9 71b9ce37a4e648e6832bcf01a4632ccd 0dc95b239a994b6dbf1ae2e2d45a9bfa - - default default] Method 'is_advsvc' is deprecated since 2023.2 release (neutron-lib 3.8.0) and will be removed once support for the old RBAC API policies will be removed from Neutron. Please use method 'is_service_role' instead.
2026-04-21 18:20:54.482 9 INFO neutron.db.ovn_revision_numbers_db [None req-ec3d7c85-e755-4b0b-90c3-3c70879bf4d5 335d0c3471b04450a8ee9042d1229672 534bb253f1c847668fe5069647ed9f1e - - default default] Successfully bumped revision number for resource ce72cee5-6b99-4f8c-a03d-0a04196b1c86 (type: security_group_rules) to 0
2026-04-21 18:20:54.512 9 INFO neutron.db.ovn_revision_numbers_db [None req-ec3d7c85-e755-4b0b-90c3-3c70879bf4d5 335d0c3471b04450a8ee9042d1229672 534bb253f1c847668fe5069647ed9f1e - - default default] Successfully bumped revision number for resource e0023332-c857-42e9-a8db-b8150a1b0a3a (type: security_group_rules) to 0
2026-04-21 18:20:54.530 9 INFO neutron.db.ovn_revision_numbers_db [None req-ec3d7c85-e755-4b0b-90c3-3c70879bf4d5 335d0c3471b04450a8ee9042d1229672 534bb253f1c847668fe5069647ed9f1e - - default default] Successfully bumped revision number for resource ed6846cd-6815-406a-a7a6-252568a0921f (type: security_group_rules) to 0
2026-04-21 18:20:54.559 10 INFO neutron.db.ovn_revision_numbers_db [None req-addf92fb-e432-4d94-b969-7e471586b076 - - - - - -] Successfully bumped revision number for resource 640b8987-d815-4980-a07a-0feb29dd67cb (type: ports) to 2
2026-04-21 18:20:54.562 10 INFO neutron.db.segments_db [None req-bcb3f3ec-7676-4058-a969-49e0504d42a9 71b9ce37a4e648e6832bcf01a4632ccd 0dc95b239a994b6dbf1ae2e2d45a9bfa - - default default] Added segment 7fb00ac6-1a09-4bbf-a3ae-01d1e4e12c16 of type geneve for network 131bf09f-5ff7-47c0-896b-0ce6e3a7564b
2026-04-21 18:20:54.567 9 INFO neutron.wsgi [None req-ec3d7c85-e755-4b0b-90c3-3c70879bf4d5 335d0c3471b04450a8ee9042d1229672 534bb253f1c847668fe5069647ed9f1e - - default default] 10.0.0.198 "GET /v2.0/security-groups?tenant_id=75821683c732439bae161d2896b5bb94&name=default HTTP/1.1" status: 200 len: 3000 time: 0.3130038
2026-04-21 18:20:54.678 10 INFO neutron.db.ovn_revision_numbers_db [None req-addf92fb-e432-4d94-b969-7e471586b076 - - - - - -] Successfully bumped revision number for resource 640b8987-d815-4980-a07a-0feb29dd67cb (type: router_ports) to 2
2026-04-21 18:20:54.767 10 INFO neutron.db.ovn_revision_numbers_db [None req-bcb3f3ec-7676-4058-a969-49e0504d42a9 71b9ce37a4e648e6832bcf01a4632ccd 0dc95b239a994b6dbf1ae2e2d45a9bfa - - default default] Successfully bumped revision number for resource 131bf09f-5ff7-47c0-896b-0ce6e3a7564b (type: networks) to 1
2026-04-21 18:20:54.804 9 WARNING neutron.scheduler.dhcp_agent_scheduler [None req-334b026c-3fe9-45f7-86d9-e52eb67bf3d8 28ba8ff74e764a6d8242b8241a0bda70 cfd698e7711f427985c50d0da993e155 - - default default] No more DHCP agents
2026-04-21 18:20:54.806 9 WARNING neutron.api.rpc.agentnotifiers.dhcp_rpc_agent_api [None req-334b026c-3fe9-45f7-86d9-e52eb67bf3d8 28ba8ff74e764a6d8242b8241a0bda70 cfd698e7711f427985c50d0da993e155 - - default default] Unable to schedule network 9367b365-601d-451a-be5c-a5a8aa526372: no agents available; will retry on subsequent port and subnet creation events.
2026-04-21 18:20:54.858 9 INFO neutron.wsgi [None req-dcf6792c-902b-4cb5-a96e-b3ae86103f06 335d0c3471b04450a8ee9042d1229672 534bb253f1c847668fe5069647ed9f1e - - default default] 10.0.0.198 "DELETE /v2.0/security-groups/9938c46b-23af-4b86-b1ef-c0f2a019fefa HTTP/1.1" status: 204 len: 168 time: 0.2855477
2026-04-21 18:20:54.961 10 WARNING neutron.scheduler.dhcp_agent_scheduler [None req-bcb3f3ec-7676-4058-a969-49e0504d42a9 71b9ce37a4e648e6832bcf01a4632ccd 0dc95b239a994b6dbf1ae2e2d45a9bfa - - default default] No more DHCP agents
2026-04-21 18:20:54.965 10 WARNING neutron.api.rpc.agentnotifiers.dhcp_rpc_agent_api [None req-bcb3f3ec-7676-4058-a969-49e0504d42a9 71b9ce37a4e648e6832bcf01a4632ccd 0dc95b239a994b6dbf1ae2e2d45a9bfa - - default default] Unable to schedule network 131bf09f-5ff7-47c0-896b-0ce6e3a7564b: no agents available; will retry on subsequent port and subnet creation events.
2026-04-21 18:20:54.985 9 INFO neutron.db.ovn_revision_numbers_db [None req-334b026c-3fe9-45f7-86d9-e52eb67bf3d8 28ba8ff74e764a6d8242b8241a0bda70 cfd698e7711f427985c50d0da993e155 - - default default] Successfully bumped revision number for resource 7d4c9b35-d54a-459a-bad9-e5c32beea6fa (type: ports) to 1
2026-04-21 18:20:55.049 10 INFO neutron.db.ovn_revision_numbers_db [None req-bcb3f3ec-7676-4058-a969-49e0504d42a9 71b9ce37a4e648e6832bcf01a4632ccd 0dc95b239a994b6dbf1ae2e2d45a9bfa - - default default] Successfully bumped revision number for resource 7f6d0ef5-94dc-4253-9029-6c372864bd94 (type: ports) to 1
2026-04-21 18:20:55.067 10 INFO neutron.wsgi [None req-bcb3f3ec-7676-4058-a969-49e0504d42a9 71b9ce37a4e648e6832bcf01a4632ccd 0dc95b239a994b6dbf1ae2e2d45a9bfa - - default default] 10.0.0.198 "POST /v2.0/networks HTTP/1.1" status: 201 len: 831 time: 0.6119683
2026-04-21 18:20:55.077 10 WARNING neutron_lib.context [None req-0fa55c53-e10a-4eaa-b823-91e772aba0fb 71b9ce37a4e648e6832bcf01a4632ccd 0dc95b239a994b6dbf1ae2e2d45a9bfa - - default default] Method 'is_advsvc' is deprecated since 2023.2 release (neutron-lib 3.8.0) and will be removed once support for the old RBAC API policies will be removed from Neutron. Please use method 'is_service_role' instead.
2026-04-21 18:20:55.167 10 INFO neutron.db.segments_db [None req-0fa55c53-e10a-4eaa-b823-91e772aba0fb 71b9ce37a4e648e6832bcf01a4632ccd 0dc95b239a994b6dbf1ae2e2d45a9bfa - - default default] Added segment ed217168-586b-4696-bf4c-6b6014581184 of type geneve for network 76f5b573-10a2-40aa-88d6-282e1c106c4b
2026-04-21 18:20:55.316 10 INFO neutron.db.ovn_revision_numbers_db [None req-0fa55c53-e10a-4eaa-b823-91e772aba0fb 71b9ce37a4e648e6832bcf01a4632ccd 0dc95b239a994b6dbf1ae2e2d45a9bfa - - default default] Successfully bumped revision number for resource 76f5b573-10a2-40aa-88d6-282e1c106c4b (type: networks) to 1
2026-04-21 18:20:55.553 10 WARNING neutron.scheduler.dhcp_agent_scheduler [None req-0fa55c53-e10a-4eaa-b823-91e772aba0fb 71b9ce37a4e648e6832bcf01a4632ccd 0dc95b239a994b6dbf1ae2e2d45a9bfa - - default default] No more DHCP agents
2026-04-21 18:20:55.557 10 WARNING neutron.api.rpc.agentnotifiers.dhcp_rpc_agent_api [None req-0fa55c53-e10a-4eaa-b823-91e772aba0fb 71b9ce37a4e648e6832bcf01a4632ccd 0dc95b239a994b6dbf1ae2e2d45a9bfa - - default default] Unable to schedule network 76f5b573-10a2-40aa-88d6-282e1c106c4b: no agents available; will retry on subsequent port and subnet creation events.
2026-04-21 18:20:55.567 9 INFO neutron.db.ovn_revision_numbers_db [None req-7ccb7db8-c1e0-4955-a636-32456807bc88 335d0c3471b04450a8ee9042d1229672 534bb253f1c847668fe5069647ed9f1e - - default default] Successfully bumped revision number for resource dcf64c93-340c-48f1-9cd0-30fa5d9c78eb (type: security_groups) to 1
2026-04-21 18:20:55.588 9 INFO neutron.db.ovn_revision_numbers_db [None req-7ccb7db8-c1e0-4955-a636-32456807bc88 335d0c3471b04450a8ee9042d1229672 534bb253f1c847668fe5069647ed9f1e - - default default] Successfully bumped revision number for resource 2572b74b-8765-4344-9248-ad4c94fa5d64 (type: security_group_rules) to 0
2026-04-21 18:20:55.606 9 INFO neutron.db.ovn_revision_numbers_db [None req-7ccb7db8-c1e0-4955-a636-32456807bc88 335d0c3471b04450a8ee9042d1229672 534bb253f1c847668fe5069647ed9f1e - - default default] Successfully bumped revision number for resource 32bf5f8a-bb0d-4e8e-8170-f89e0d453ff9 (type: security_group_rules) to 0
2026-04-21 18:20:55.630 9 INFO neutron.db.ovn_revision_numbers_db [None req-7ccb7db8-c1e0-4955-a636-32456807bc88 335d0c3471b04450a8ee9042d1229672 534bb253f1c847668fe5069647ed9f1e - - default default] Successfully bumped revision number for resource 81cc9aa7-8829-45b4-9b71-21c3a93f2998 (type: security_group_rules) to 0
2026-04-21 18:20:55.649 10 INFO neutron.db.ovn_revision_numbers_db [None req-0fa55c53-e10a-4eaa-b823-91e772aba0fb 71b9ce37a4e648e6832bcf01a4632ccd 0dc95b239a994b6dbf1ae2e2d45a9bfa - - default default] Successfully bumped revision number for resource 82241bef-c1b9-4544-8340-71d55563fbbc (type: ports) to 1
2026-04-21 18:20:55.657 9 INFO neutron.db.ovn_revision_numbers_db [None req-7ccb7db8-c1e0-4955-a636-32456807bc88 335d0c3471b04450a8ee9042d1229672 534bb253f1c847668fe5069647ed9f1e - - default default] Successfully bumped revision number for resource a4d1d54b-9ef7-4945-af49-697c38064608 (type: security_group_rules) to 0
2026-04-21 18:20:55.673 10 INFO neutron.wsgi [None req-0fa55c53-e10a-4eaa-b823-91e772aba0fb 71b9ce37a4e648e6832bcf01a4632ccd 0dc95b239a994b6dbf1ae2e2d45a9bfa - - default default] 10.0.0.198 "POST /v2.0/networks HTTP/1.1" status: 201 len: 830 time: 0.6013052
2026-04-21 18:20:55.689 10 WARNING neutron_lib.context [None req-a804d16b-cf76-454d-b3b5-41d1f298f22c 71b9ce37a4e648e6832bcf01a4632ccd 0dc95b239a994b6dbf1ae2e2d45a9bfa - - default default] Method 'is_advsvc' is deprecated since 2023.2 release (neutron-lib 3.8.0) and will be removed once support for the old RBAC API policies will be removed from Neutron. Please use method 'is_service_role' instead.
2026-04-21 18:20:55.707 9 INFO neutron.wsgi [None req-7ccb7db8-c1e0-4955-a636-32456807bc88 335d0c3471b04450a8ee9042d1229672 534bb253f1c847668fe5069647ed9f1e - - default default] 10.0.0.198 "GET /v2.0/security-groups?tenant_id=fcdfd40faf6c4c0a9e3391fd928a9eff&name=default HTTP/1.1" status: 200 len: 3000 time: 0.6785684
2026-04-21 18:20:55.794 10 INFO neutron.db.segments_db [None req-a804d16b-cf76-454d-b3b5-41d1f298f22c 71b9ce37a4e648e6832bcf01a4632ccd 0dc95b239a994b6dbf1ae2e2d45a9bfa - - default default] Added segment f82ee8b7-8a4e-45e0-bed8-221afd7ccd8a of type geneve for network db317a6c-a00b-4f97-a1df-659521269808
2026-04-21 18:20:56.023 9 INFO neutron.plugins.ml2.drivers.ovn.mech_driver.mech_driver [None req-82a10772-c472-498d-82e5-634118138e5b - - - - - -] OVN reports status up for port: 7d4c9b35-d54a-459a-bad9-e5c32beea6fa
2026-04-21 18:20:56.043 9 INFO neutron.plugins.ml2.plugin [None req-82a10772-c472-498d-82e5-634118138e5b - - - - - -] Attempt 1 to provision port 7d4c9b35-d54a-459a-bad9-e5c32beea6fa
2026-04-21 18:20:56.069 9 INFO neutron.db.ovn_revision_numbers_db [None req-334b026c-3fe9-45f7-86d9-e52eb67bf3d8 28ba8ff74e764a6d8242b8241a0bda70 cfd698e7711f427985c50d0da993e155 - - default default] Successfully bumped revision number for resource 7d4c9b35-d54a-459a-bad9-e5c32beea6fa (type: router_ports) to 1
2026-04-21 18:20:56.115 9 INFO neutron.wsgi [None req-75ea99e6-0e5e-4179-8805-93e6bdda9c1a 335d0c3471b04450a8ee9042d1229672 534bb253f1c847668fe5069647ed9f1e - - default default] 10.0.0.198 "DELETE /v2.0/security-groups/dcf64c93-340c-48f1-9cd0-30fa5d9c78eb HTTP/1.1" status: 204 len: 168 time: 0.4002886
2026-04-21 18:20:56.184 10 INFO neutron.db.ovn_revision_numbers_db [None req-a804d16b-cf76-454d-b3b5-41d1f298f22c 71b9ce37a4e648e6832bcf01a4632ccd 0dc95b239a994b6dbf1ae2e2d45a9bfa - - default default] Successfully bumped revision number for resource db317a6c-a00b-4f97-a1df-659521269808 (type: networks) to 1
2026-04-21 18:20:56.359 9 INFO neutron.db.ovn_revision_numbers_db [None req-334b026c-3fe9-45f7-86d9-e52eb67bf3d8 28ba8ff74e764a6d8242b8241a0bda70 cfd698e7711f427985c50d0da993e155 - - default default] Successfully bumped revision number for resource 7d4c9b35-d54a-459a-bad9-e5c32beea6fa (type: ports) to 1
2026-04-21 18:20:56.398 10 WARNING neutron.scheduler.dhcp_agent_scheduler [None req-a804d16b-cf76-454d-b3b5-41d1f298f22c 71b9ce37a4e648e6832bcf01a4632ccd 0dc95b239a994b6dbf1ae2e2d45a9bfa - - default default] No more DHCP agents
2026-04-21 18:20:56.400 10 WARNING neutron.api.rpc.agentnotifiers.dhcp_rpc_agent_api [None req-a804d16b-cf76-454d-b3b5-41d1f298f22c 71b9ce37a4e648e6832bcf01a4632ccd 0dc95b239a994b6dbf1ae2e2d45a9bfa - - default default] Unable to schedule network db317a6c-a00b-4f97-a1df-659521269808: no agents available; will retry on subsequent port and subnet creation events.
2026-04-21 18:20:56.472 9 WARNING neutron.scheduler.dhcp_agent_scheduler [None req-334b026c-3fe9-45f7-86d9-e52eb67bf3d8 28ba8ff74e764a6d8242b8241a0bda70 cfd698e7711f427985c50d0da993e155 - - default default] No more DHCP agents
2026-04-21 18:20:56.473 9 INFO neutron.db.ovn_revision_numbers_db [None req-82a10772-c472-498d-82e5-634118138e5b - - - - - -] Successfully bumped revision number for resource 7d4c9b35-d54a-459a-bad9-e5c32beea6fa (type: ports) to 2
2026-04-21 18:20:56.475 9 WARNING neutron.api.rpc.agentnotifiers.dhcp_rpc_agent_api [None req-334b026c-3fe9-45f7-86d9-e52eb67bf3d8 28ba8ff74e764a6d8242b8241a0bda70 cfd698e7711f427985c50d0da993e155 - - default default] Unable to schedule network 9367b365-601d-451a-be5c-a5a8aa526372: no agents available; will retry on subsequent port and subnet creation events.
2026-04-21 18:20:56.488 10 INFO neutron.db.ovn_revision_numbers_db [None req-a804d16b-cf76-454d-b3b5-41d1f298f22c 71b9ce37a4e648e6832bcf01a4632ccd 0dc95b239a994b6dbf1ae2e2d45a9bfa - - default default] Successfully bumped revision number for resource c45377d9-901f-47d5-be5f-38e204da6a6d (type: ports) to 1
2026-04-21 18:20:56.510 10 INFO neutron.wsgi [None req-a804d16b-cf76-454d-b3b5-41d1f298f22c 71b9ce37a4e648e6832bcf01a4632ccd 0dc95b239a994b6dbf1ae2e2d45a9bfa - - default default] 10.0.0.198 "POST /v2.0/networks HTTP/1.1" status: 201 len: 831 time: 0.8291759
2026-04-21 18:20:56.575 10 INFO neutron.wsgi [None req-ff05ab22-cfcc-4687-9766-18431732d66d 71b9ce37a4e648e6832bcf01a4632ccd 0dc95b239a994b6dbf1ae2e2d45a9bfa - - default default] 10.0.0.198 "PUT /v2.0/networks/8ac8825e-6616-4c40-ab56-4a708f528088/tags HTTP/1.1" status: 200 len: 210 time: 0.0600765
2026-04-21 18:20:56.593 9 INFO neutron.db.ovn_revision_numbers_db [None req-82a10772-c472-498d-82e5-634118138e5b - - - - - -] Successfully bumped revision number for resource 7d4c9b35-d54a-459a-bad9-e5c32beea6fa (type: router_ports) to 2
2026-04-21 18:20:56.645 10 INFO neutron.wsgi [None req-2eb92551-cd98-434e-b100-38059e9ed884 71b9ce37a4e648e6832bcf01a4632ccd 0dc95b239a994b6dbf1ae2e2d45a9bfa - - default default] 10.0.0.198 "PUT /v2.0/networks/c3aedd24-1bf3-45c8-8d77-03aa91ef8700/tags HTTP/1.1" status: 200 len: 218 time: 0.0657759
2026-04-21 18:20:56.709 10 INFO neutron.wsgi [None req-1029b5df-ac0c-4006-8616-c1385a446c4b 71b9ce37a4e648e6832bcf01a4632ccd 0dc95b239a994b6dbf1ae2e2d45a9bfa - - default default] 10.0.0.198 "PUT /v2.0/networks/131bf09f-5ff7-47c0-896b-0ce6e3a7564b/tags HTTP/1.1" status: 200 len: 227 time: 0.0607741
2026-04-21 18:20:56.766 10 INFO neutron.wsgi [None req-d9bde3dc-4609-42bf-8f20-42e95e0c4dd1 71b9ce37a4e648e6832bcf01a4632ccd 0dc95b239a994b6dbf1ae2e2d45a9bfa - - default default] 10.0.0.198 "PUT /v2.0/networks/76f5b573-10a2-40aa-88d6-282e1c106c4b/tags HTTP/1.1" status: 200 len: 212 time: 0.0509963
2026-04-21 18:20:56.869 9 INFO neutron.wsgi [None req-ec6fee0e-c783-44b5-8b10-6017c92e1f01 71b9ce37a4e648e6832bcf01a4632ccd 0dc95b239a994b6dbf1ae2e2d45a9bfa - - default default] 10.0.0.198 "GET /v2.0/networks?tags=red HTTP/1.1" status: 200 len: 2070 time: 0.0963914
2026-04-21 18:20:56.880 9 INFO neutron.db.ovn_revision_numbers_db [None req-334b026c-3fe9-45f7-86d9-e52eb67bf3d8 28ba8ff74e764a6d8242b8241a0bda70 cfd698e7711f427985c50d0da993e155 - - default default] Successfully bumped revision number for resource 7d4c9b35-d54a-459a-bad9-e5c32beea6fa (type: router_ports) to 2
2026-04-21 18:20:56.883 9 INFO neutron.wsgi [None req-334b026c-3fe9-45f7-86d9-e52eb67bf3d8 28ba8ff74e764a6d8242b8241a0bda70 cfd698e7711f427985c50d0da993e155 - - default default] 10.0.0.198 "PUT /v2.0/routers/e94b801b-eb68-4eb6-9b03-6e5121e9ceef/add_router_interface HTTP/1.1" status: 200 len: 503 time: 2.6945148
2026-04-21 18:20:56.950 10 INFO neutron.wsgi [None req-65428480-9b27-484c-93ad-68d9444fdb90 71b9ce37a4e648e6832bcf01a4632ccd 0dc95b239a994b6dbf1ae2e2d45a9bfa - - default default] 10.0.0.198 "GET /v2.0/networks?tags=red%2Cblue HTTP/1.1" status: 200 len: 1457 time: 0.0767543
2026-04-21 18:20:57.029 10 INFO neutron.wsgi [None req-e9726db1-70f3-45bb-bfcc-42ea46c6024e 71b9ce37a4e648e6832bcf01a4632ccd 0dc95b239a994b6dbf1ae2e2d45a9bfa - - default default] 10.0.0.198 "GET /v2.0/networks?tags-any=blue HTTP/1.1" status: 200 len: 1457 time: 0.0747848
2026-04-21 18:20:57.100 10 INFO neutron.wsgi [None req-a33e44b6-b563-40a5-a421-70842a718dea 71b9ce37a4e648e6832bcf01a4632ccd 0dc95b239a994b6dbf1ae2e2d45a9bfa - - default default] 10.0.0.198 "GET /v2.0/networks?tags-any=red%2Cblue HTTP/1.1" status: 200 len: 2070 time: 0.0664146
2026-04-21 18:20:57.242 9 INFO neutron.wsgi [None req-bb772c8b-cd3a-4255-9fd5-66e1e9a772ba 71b9ce37a4e648e6832bcf01a4632ccd 0dc95b239a994b6dbf1ae2e2d45a9bfa - - default default] 10.0.0.198 "GET /v2.0/networks?not-tags=red HTTP/1.1" status: 200 len: 2068 time: 0.1361651
2026-04-21 18:20:57.379 10 INFO neutron.wsgi [None req-8b3c8ec9-5a94-400f-b9c3-d67d328f36d9 71b9ce37a4e648e6832bcf01a4632ccd 0dc95b239a994b6dbf1ae2e2d45a9bfa - - default default] 10.0.0.198 "GET /v2.0/networks?not-tags=red%2Cblue HTTP/1.1" status: 200 len: 2681 time: 0.1306801
2026-04-21 18:20:57.494 10 INFO neutron.wsgi [None req-9f0b8cfe-103f-44ea-a7d2-95f84374de88 71b9ce37a4e648e6832bcf01a4632ccd 0dc95b239a994b6dbf1ae2e2d45a9bfa - - default default] 10.0.0.198 "GET /v2.0/networks?not-tags-any=blue HTTP/1.1" status: 200 len: 2681 time: 0.1099155
2026-04-21 18:20:57.516 9 WARNING neutron.scheduler.dhcp_agent_scheduler [None req-175e6e00-365e-45b6-ac98-241a3d7cc818 28ba8ff74e764a6d8242b8241a0bda70 cfd698e7711f427985c50d0da993e155 - - default default] No more DHCP agents
2026-04-21 18:20:57.520 9 WARNING neutron.api.rpc.agentnotifiers.dhcp_rpc_agent_api [None req-175e6e00-365e-45b6-ac98-241a3d7cc818 28ba8ff74e764a6d8242b8241a0bda70 cfd698e7711f427985c50d0da993e155 - - default default] Unable to schedule network ade42b02-9c18-40bb-b1b7-ac6cf18d6087: no agents available; will retry on subsequent port and subnet creation events.
2026-04-21 18:20:57.573 10 INFO neutron.wsgi [None req-d12e979f-c723-41ae-b8a8-6d2e51c75890 71b9ce37a4e648e6832bcf01a4632ccd 0dc95b239a994b6dbf1ae2e2d45a9bfa - - default default] 10.0.0.198 "GET /v2.0/networks?not-tags-any=red%2Cblue HTTP/1.1" status: 200 len: 2068 time: 0.0751884
2026-04-21 18:20:57.690 9 INFO neutron.db.ovn_revision_numbers_db [None req-175e6e00-365e-45b6-ac98-241a3d7cc818 28ba8ff74e764a6d8242b8241a0bda70 cfd698e7711f427985c50d0da993e155 - - default default] Successfully bumped revision number for resource 5dca8d39-0e93-4d12-9b70-49e4f57e9109 (type: ports) to 1
2026-04-21 18:20:57.795 9 INFO neutron.wsgi [-] 10.0.0.37 "GET / HTTP/1.1" status: 200 len: 247 time: 0.0018244
2026-04-21 18:20:57.798 9 INFO neutron.wsgi [-] 10.0.0.37 "GET / HTTP/1.1" status: 200 len: 247 time: 0.0016050
2026-04-21 18:20:57.970 10 INFO neutron.services.segments.plugin [-] Segment aacd1da2-c58f-4f26-8fc3-e7e0f4d793e0 resource provider aggregate not found
2026-04-21 18:20:57.975 10 INFO neutron.services.segments.plugin [-] Segment aacd1da2-c58f-4f26-8fc3-e7e0f4d793e0 resource provider aggregate not found
2026-04-21 18:20:57.992 10 INFO neutron.services.segments.plugin [-] Segment aacd1da2-c58f-4f26-8fc3-e7e0f4d793e0 resource provider not found; error: Placement Client Error (4xx): {"errors": [{"status": 404, "title": "Not Found", "detail": "The resource could not be found.\n\n No resource provider with uuid aacd1da2-c58f-4f26-8fc3-e7e0f4d793e0 found for delete ", "request_id": "req-57b252a7-e0c6-4514-99c4-77e85329a753"}]}
2026-04-21 18:20:57.999 10 INFO neutron.services.segments.plugin [-] Segment aacd1da2-c58f-4f26-8fc3-e7e0f4d793e0 resource provider not found; error: Placement Client Error (4xx): {"errors": [{"status": 404, "title": "Not Found", "detail": "The resource could not be found.\n\n No resource provider with uuid aacd1da2-c58f-4f26-8fc3-e7e0f4d793e0 found for delete ", "request_id": "req-52fee972-bd3c-41b9-af3b-45eb7f797261"}]}
2026-04-21 18:20:58.024 10 INFO neutron.wsgi [None req-6b70dcc8-ab40-4541-828b-5ab9c3b543e2 71b9ce37a4e648e6832bcf01a4632ccd 0dc95b239a994b6dbf1ae2e2d45a9bfa - - default default] 10.0.0.198 "DELETE /v2.0/networks/8ac8825e-6616-4c40-ab56-4a708f528088 HTTP/1.1" status: 204 len: 168 time: 0.4440880
2026-04-21 18:20:58.436 10 INFO neutron.wsgi [None req-6df8452e-ea42-45f5-90e0-6217c1cd12e8 71b9ce37a4e648e6832bcf01a4632ccd 0dc95b239a994b6dbf1ae2e2d45a9bfa - - default default] 10.0.0.198 "DELETE /v2.0/networks/c3aedd24-1bf3-45c8-8d77-03aa91ef8700 HTTP/1.1" status: 204 len: 168 time: 0.4054067
2026-04-21 18:20:58.478 9 INFO neutron.db.ovn_revision_numbers_db [None req-175e6e00-365e-45b6-ac98-241a3d7cc818 28ba8ff74e764a6d8242b8241a0bda70 cfd698e7711f427985c50d0da993e155 - - default default] Successfully bumped revision number for resource 5dca8d39-0e93-4d12-9b70-49e4f57e9109 (type: router_ports) to 1
2026-04-21 18:20:58.650 9 INFO neutron.db.ovn_revision_numbers_db [None req-175e6e00-365e-45b6-ac98-241a3d7cc818 28ba8ff74e764a6d8242b8241a0bda70 cfd698e7711f427985c50d0da993e155 - - default default] Successfully bumped revision number for resource 5dca8d39-0e93-4d12-9b70-49e4f57e9109 (type: ports) to 1
2026-04-21 18:20:58.715 9 WARNING neutron.scheduler.dhcp_agent_scheduler [None req-175e6e00-365e-45b6-ac98-241a3d7cc818 28ba8ff74e764a6d8242b8241a0bda70 cfd698e7711f427985c50d0da993e155 - - default default] No more DHCP agents
2026-04-21 18:20:58.716 9 WARNING neutron.api.rpc.agentnotifiers.dhcp_rpc_agent_api [None req-175e6e00-365e-45b6-ac98-241a3d7cc818 28ba8ff74e764a6d8242b8241a0bda70 cfd698e7711f427985c50d0da993e155 - - default default] Unable to schedule network ade42b02-9c18-40bb-b1b7-ac6cf18d6087: no agents available; will retry on subsequent port and subnet creation events.
2026-04-21 18:20:58.834 10 INFO neutron.wsgi [None req-ad0bc663-575e-4a45-a695-67a60ca272f9 71b9ce37a4e648e6832bcf01a4632ccd 0dc95b239a994b6dbf1ae2e2d45a9bfa - - default default] 10.0.0.198 "DELETE /v2.0/networks/131bf09f-5ff7-47c0-896b-0ce6e3a7564b HTTP/1.1" status: 204 len: 168 time: 0.3924358
2026-04-21 18:20:59.110 9 INFO neutron.db.ovn_revision_numbers_db [None req-175e6e00-365e-45b6-ac98-241a3d7cc818 28ba8ff74e764a6d8242b8241a0bda70 cfd698e7711f427985c50d0da993e155 - - default default] Successfully bumped revision number for resource 5dca8d39-0e93-4d12-9b70-49e4f57e9109 (type: router_ports) to 1
2026-04-21 18:20:59.112 9 INFO neutron.wsgi [None req-175e6e00-365e-45b6-ac98-241a3d7cc818 28ba8ff74e764a6d8242b8241a0bda70 cfd698e7711f427985c50d0da993e155 - - default default] 10.0.0.198 "PUT /v2.0/routers/e94b801b-eb68-4eb6-9b03-6e5121e9ceef/add_router_interface HTTP/1.1" status: 200 len: 503 time: 2.2246807
2026-04-21 18:20:59.190 9 WARNING neutron_lib.context [None req-543cde5b-be19-4a15-b655-7438ad49c97e 28ba8ff74e764a6d8242b8241a0bda70 cfd698e7711f427985c50d0da993e155 - - default default] Method 'is_advsvc' is deprecated since 2023.2 release (neutron-lib 3.8.0) and will be removed once support for the old RBAC API policies will be removed from Neutron. Please use method 'is_service_role' instead.
2026-04-21 18:20:59.306 9 INFO neutron.services.segments.plugin [-] Segment ed217168-586b-4696-bf4c-6b6014581184 resource provider aggregate not found
2026-04-21 18:20:59.312 9 INFO neutron.services.segments.plugin [-] Segment ed217168-586b-4696-bf4c-6b6014581184 resource provider aggregate not found
2026-04-21 18:20:59.332 9 INFO neutron.services.segments.plugin [-] Segment ed217168-586b-4696-bf4c-6b6014581184 resource provider not found; error: Placement Client Error (4xx): {"errors": [{"status": 404, "title": "Not Found", "detail": "The resource could not be found.\n\n No resource provider with uuid ed217168-586b-4696-bf4c-6b6014581184 found for delete ", "request_id": "req-50ff78c1-bf89-4cac-899c-7c5f69caf89c"}]}
2026-04-21 18:20:59.336 9 INFO neutron.services.segments.plugin [-] Segment ed217168-586b-4696-bf4c-6b6014581184 resource provider not found; error: Placement Client Error (4xx): {"errors": [{"status": 404, "title": "Not Found", "detail": "The resource could not be found.\n\n No resource provider with uuid ed217168-586b-4696-bf4c-6b6014581184 found for delete ", "request_id": "req-dfc9b44d-fd2c-46ef-b853-f7404e359be5"}]}
2026-04-21 18:20:59.371 9 INFO neutron.wsgi [None req-0db573e8-3664-4cf0-889c-4cc04984fbb9 71b9ce37a4e648e6832bcf01a4632ccd 0dc95b239a994b6dbf1ae2e2d45a9bfa - - default default] 10.0.0.198 "DELETE /v2.0/networks/76f5b573-10a2-40aa-88d6-282e1c106c4b HTTP/1.1" status: 204 len: 168 time: 0.5312192
2026-04-21 18:20:59.382 9 INFO neutron.db.ovn_revision_numbers_db [None req-543cde5b-be19-4a15-b655-7438ad49c97e 28ba8ff74e764a6d8242b8241a0bda70 cfd698e7711f427985c50d0da993e155 - - default default] Successfully bumped revision number for resource fbf5ecf3-ebd4-4818-b864-de1fbe504f53 (type: security_groups) to 1
2026-04-21 18:20:59.399 9 INFO neutron.db.ovn_revision_numbers_db [None req-543cde5b-be19-4a15-b655-7438ad49c97e 28ba8ff74e764a6d8242b8241a0bda70 cfd698e7711f427985c50d0da993e155 - - default default] Successfully bumped revision number for resource 2692eeab-0b08-4f48-b583-4dcc4b9e7d90 (type: security_group_rules) to 0
2026-04-21 18:20:59.415 9 INFO neutron.db.ovn_revision_numbers_db [None req-543cde5b-be19-4a15-b655-7438ad49c97e 28ba8ff74e764a6d8242b8241a0bda70 cfd698e7711f427985c50d0da993e155 - - default default] Successfully bumped revision number for resource 56abb349-e100-4a35-9528-1bf94acd86e0 (type: security_group_rules) to 0
2026-04-21 18:20:59.448 9 INFO neutron.wsgi [None req-543cde5b-be19-4a15-b655-7438ad49c97e 28ba8ff74e764a6d8242b8241a0bda70 cfd698e7711f427985c50d0da993e155 - - default default] 10.0.0.198 "POST /v2.0/security-groups HTTP/1.1" status: 201 len: 1765 time: 0.2623219
2026-04-21 18:20:59.460 10 WARNING neutron_lib.context [None req-5ad38871-44fd-4670-9f85-799ffe24b0cc 28ba8ff74e764a6d8242b8241a0bda70 cfd698e7711f427985c50d0da993e155 - - default default] Method 'is_advsvc' is deprecated since 2023.2 release (neutron-lib 3.8.0) and will be removed once support for the old RBAC API policies will be removed from Neutron. Please use method 'is_service_role' instead.
2026-04-21 18:20:59.647 10 WARNING neutron.plugins.ml2.drivers.ovn.mech_driver.ovsdb.ovn_client [None req-addf92fb-e432-4d94-b969-7e471586b076 - - - - - -] No hosting information found for port 640b8987-d815-4980-a07a-0feb29dd67cb: RuntimeError: No hosting information found for port 640b8987-d815-4980-a07a-0feb29dd67cb
2026-04-21 18:20:59.647 10 INFO neutron.plugins.ml2.drivers.ovn.mech_driver.mech_driver [None req-addf92fb-e432-4d94-b969-7e471586b076 - - - - - -] OVN reports status up for port: 5dca8d39-0e93-4d12-9b70-49e4f57e9109
2026-04-21 18:20:59.657 10 INFO neutron.plugins.ml2.plugin [None req-addf92fb-e432-4d94-b969-7e471586b076 - - - - - -] Attempt 1 to provision port 5dca8d39-0e93-4d12-9b70-49e4f57e9109
2026-04-21 18:20:59.659 15 INFO neutron.plugins.ml2.drivers.ovn.mech_driver.ovsdb.maintenance [None req-a3f885b2-cfd1-4774-ad73-8f9775204995 - - - - - -] Maintenance task: Synchronization finished (took 2.36 seconds)
2026-04-21 18:20:59.696 10 INFO neutron.db.ovn_revision_numbers_db [None req-5ad38871-44fd-4670-9f85-799ffe24b0cc 28ba8ff74e764a6d8242b8241a0bda70 cfd698e7711f427985c50d0da993e155 - - default default] Successfully bumped revision number for resource a4fed82a-ac77-44a3-9027-ae8b95ac1743 (type: security_group_rules) to 0
2026-04-21 18:20:59.734 10 INFO neutron.wsgi [None req-5ad38871-44fd-4670-9f85-799ffe24b0cc 28ba8ff74e764a6d8242b8241a0bda70 cfd698e7711f427985c50d0da993e155 - - default default] 10.0.0.198 "POST /v2.0/security-group-rules HTTP/1.1" status: 201 len: 764 time: 0.2783318
2026-04-21 18:20:59.755 10 WARNING neutron_lib.context [None req-f901d218-7a81-4565-b2a1-6b18506693a6 28ba8ff74e764a6d8242b8241a0bda70 cfd698e7711f427985c50d0da993e155 - - default default] Method 'is_advsvc' is deprecated since 2023.2 release (neutron-lib 3.8.0) and will be removed once support for the old RBAC API policies will be removed from Neutron. Please use method 'is_service_role' instead.
2026-04-21 18:20:59.776 10 WARNING neutron_lib.context [None req-81b1849c-49b2-49b9-ba66-378808809164 c8b6fac7d5ac400cb7fea23e33a000eb 51763f3480a542019960146324148102 - - default default] Method 'is_advsvc' is deprecated since 2023.2 release (neutron-lib 3.8.0) and will be removed once support for the old RBAC API policies will be removed from Neutron. Please use method 'is_service_role' instead.
2026-04-21 18:21:00.108 10 INFO neutron.services.segments.plugin [-] Segment 949ebaa4-fb90-4504-8b21-0e468e85a3fe resource provider aggregate not found
2026-04-21 18:21:00.116 10 INFO neutron.services.segments.plugin [-] Segment 949ebaa4-fb90-4504-8b21-0e468e85a3fe resource provider aggregate not found
2026-04-21 18:21:00.139 10 INFO neutron.services.segments.plugin [-] Segment 949ebaa4-fb90-4504-8b21-0e468e85a3fe resource provider not found; error: Placement Client Error (4xx): {"errors": [{"status": 404, "title": "Not Found", "detail": "The resource could not be found.\n\n No resource provider with uuid 949ebaa4-fb90-4504-8b21-0e468e85a3fe found for delete ", "request_id": "req-e16cc812-70a2-4269-b3bf-fc6d78b63c53"}]}
2026-04-21 18:21:00.148 10 INFO neutron.services.segments.plugin [-] Segment 949ebaa4-fb90-4504-8b21-0e468e85a3fe resource provider not found; error: Placement Client Error (4xx): {"errors": [{"status": 404, "title": "Not Found", "detail": "The resource could not be found.\n\n No resource provider with uuid 949ebaa4-fb90-4504-8b21-0e468e85a3fe found for delete ", "request_id": "req-940ef56a-c02e-4edd-9a8b-77794fb0f6b2"}]}
2026-04-21 18:21:00.163 10 INFO neutron.services.segments.plugin [-] Segment 7fb00ac6-1a09-4bbf-a3ae-01d1e4e12c16 resource provider aggregate not found
2026-04-21 18:21:00.174 10 INFO neutron.services.segments.plugin [-] Segment 7fb00ac6-1a09-4bbf-a3ae-01d1e4e12c16 resource provider aggregate not found
2026-04-21 18:21:00.194 10 INFO neutron.services.segments.plugin [-] Segment 7fb00ac6-1a09-4bbf-a3ae-01d1e4e12c16 resource provider not found; error: Placement Client Error (4xx): {"errors": [{"status": 404, "title": "Not Found", "detail": "The resource could not be found.\n\n No resource provider with uuid 7fb00ac6-1a09-4bbf-a3ae-01d1e4e12c16 found for delete ", "request_id": "req-581c65b7-869d-4aa0-b410-56e19c420c10"}]}
2026-04-21 18:21:00.195 10 INFO neutron.services.segments.plugin [-] Segment 7fb00ac6-1a09-4bbf-a3ae-01d1e4e12c16 resource provider not found; error: Placement Client Error (4xx): {"errors": [{"status": 404, "title": "Not Found", "detail": "The resource could not be found.\n\n No resource provider with uuid 7fb00ac6-1a09-4bbf-a3ae-01d1e4e12c16 found for delete ", "request_id": "req-89942142-5a77-4b43-bf09-b45ff6163e08"}]}
2026-04-21 18:21:00.307 10 INFO neutron.wsgi [None req-5ea2a021-f529-4a4e-a6d9-c4e50b176781 71b9ce37a4e648e6832bcf01a4632ccd 0dc95b239a994b6dbf1ae2e2d45a9bfa - - default default] 10.0.0.198 "DELETE /v2.0/networks/db317a6c-a00b-4f97-a1df-659521269808 HTTP/1.1" status: 204 len: 168 time: 0.9297943
2026-04-21 18:21:00.351 10 INFO neutron.db.ovn_revision_numbers_db [None req-f901d218-7a81-4565-b2a1-6b18506693a6 28ba8ff74e764a6d8242b8241a0bda70 cfd698e7711f427985c50d0da993e155 - - default default] Successfully bumped revision number for resource 7960e795-9c8f-4192-8cc7-3ec5a8a6f634 (type: security_group_rules) to 0
2026-04-21 18:21:00.413 10 INFO neutron.wsgi [None req-f901d218-7a81-4565-b2a1-6b18506693a6 28ba8ff74e764a6d8242b8241a0bda70 cfd698e7711f427985c50d0da993e155 - - default default] 10.0.0.198 "POST /v2.0/security-group-rules HTTP/1.1" status: 201 len: 764 time: 0.6733963
2026-04-21 18:21:00.425 9 WARNING neutron_lib.context [None req-afe7da6a-c992-4783-8ff7-a584c468d880 28ba8ff74e764a6d8242b8241a0bda70 cfd698e7711f427985c50d0da993e155 - - default default] Method 'is_advsvc' is deprecated since 2023.2 release (neutron-lib 3.8.0) and will be removed once support for the old RBAC API policies will be removed from Neutron. Please use method 'is_service_role' instead.
2026-04-21 18:21:00.511 10 INFO neutron.db.ovn_revision_numbers_db [None req-addf92fb-e432-4d94-b969-7e471586b076 - - - - - -] Successfully bumped revision number for resource 5dca8d39-0e93-4d12-9b70-49e4f57e9109 (type: ports) to 2
2026-04-21 18:21:00.566 10 WARNING neutron.scheduler.dhcp_agent_scheduler [None req-81b1849c-49b2-49b9-ba66-378808809164 c8b6fac7d5ac400cb7fea23e33a000eb 51763f3480a542019960146324148102 - - default default] No more DHCP agents
2026-04-21 18:21:00.572 10 WARNING neutron.api.rpc.agentnotifiers.dhcp_rpc_agent_api [None req-81b1849c-49b2-49b9-ba66-378808809164 c8b6fac7d5ac400cb7fea23e33a000eb 51763f3480a542019960146324148102 - - default default] Unable to schedule network 4e6ca672-4ef0-4cea-af03-c4e4d382f64c: no agents available; will retry on subsequent port and subnet creation events.
2026-04-21 18:21:00.614 9 INFO neutron.db.ovn_revision_numbers_db [None req-afe7da6a-c992-4783-8ff7-a584c468d880 28ba8ff74e764a6d8242b8241a0bda70 cfd698e7711f427985c50d0da993e155 - - default default] Successfully bumped revision number for resource effb5c15-5848-47d6-9c45-aafe0945226e (type: security_group_rules) to 0
2026-04-21 18:21:00.628 10 INFO neutron.db.ovn_revision_numbers_db [None req-addf92fb-e432-4d94-b969-7e471586b076 - - - - - -] Successfully bumped revision number for resource 5dca8d39-0e93-4d12-9b70-49e4f57e9109 (type: router_ports) to 2
2026-04-21 18:21:00.643 9 INFO neutron.wsgi [None req-afe7da6a-c992-4783-8ff7-a584c468d880 28ba8ff74e764a6d8242b8241a0bda70 cfd698e7711f427985c50d0da993e155 - - default default] 10.0.0.198 "POST /v2.0/security-group-rules HTTP/1.1" status: 201 len: 766 time: 0.2234445
2026-04-21 18:21:00.653 9 WARNING neutron_lib.context [None req-fa451a7b-d912-463c-a2c8-bedf1ce8a01d 28ba8ff74e764a6d8242b8241a0bda70 cfd698e7711f427985c50d0da993e155 - - default default] Method 'is_advsvc' is deprecated since 2023.2 release (neutron-lib 3.8.0) and will be removed once support for the old RBAC API policies will be removed from Neutron. Please use method 'is_service_role' instead.
2026-04-21 18:21:00.768 9 INFO neutron.db.ovn_revision_numbers_db [None req-fa451a7b-d912-463c-a2c8-bedf1ce8a01d 28ba8ff74e764a6d8242b8241a0bda70 cfd698e7711f427985c50d0da993e155 - - default default] Successfully bumped revision number for resource ec33d3ec-4c8f-4e42-87e5-3b1df6be5ce0 (type: security_group_rules) to 0
2026-04-21 18:21:00.795 9 INFO neutron.wsgi [None req-fa451a7b-d912-463c-a2c8-bedf1ce8a01d 28ba8ff74e764a6d8242b8241a0bda70 cfd698e7711f427985c50d0da993e155 - - default default] 10.0.0.198 "POST /v2.0/security-group-rules HTTP/1.1" status: 201 len: 768 time: 0.1475070
2026-04-21 18:21:00.806 9 WARNING neutron_lib.context [None req-5f1d268a-62c4-4ec8-8dfd-ee29214d2c70 28ba8ff74e764a6d8242b8241a0bda70 cfd698e7711f427985c50d0da993e155 - - default default] Method 'is_advsvc' is deprecated since 2023.2 release (neutron-lib 3.8.0) and will be removed once support for the old RBAC API policies will be removed from Neutron. Please use method 'is_service_role' instead.
2026-04-21 18:21:00.927 9 INFO neutron.db.ovn_revision_numbers_db [None req-5f1d268a-62c4-4ec8-8dfd-ee29214d2c70 28ba8ff74e764a6d8242b8241a0bda70 cfd698e7711f427985c50d0da993e155 - - default default] Successfully bumped revision number for resource a9f0cd2d-5ca9-414f-a50a-a9c245d0df89 (type: security_group_rules) to 0
2026-04-21 18:21:00.944 10 INFO neutron.db.ovn_revision_numbers_db [None req-81b1849c-49b2-49b9-ba66-378808809164 c8b6fac7d5ac400cb7fea23e33a000eb 51763f3480a542019960146324148102 - - default default] Successfully bumped revision number for resource f8aec620-47e1-4874-9772-b8a686c0575a (type: floatingips) to 0
2026-04-21 18:21:00.948 9 INFO neutron.wsgi [None req-5f1d268a-62c4-4ec8-8dfd-ee29214d2c70 28ba8ff74e764a6d8242b8241a0bda70 cfd698e7711f427985c50d0da993e155 - - default default] 10.0.0.198 "POST /v2.0/security-group-rules HTTP/1.1" status: 201 len: 768 time: 0.1481066
2026-04-21 18:21:00.957 9 WARNING neutron_lib.context [None req-10493485-8513-4e4a-8580-2fa1a8bd44c7 28ba8ff74e764a6d8242b8241a0bda70 cfd698e7711f427985c50d0da993e155 - - default default] Method 'is_advsvc' is deprecated since 2023.2 release (neutron-lib 3.8.0) and will be removed once support for the old RBAC API policies will be removed from Neutron. Please use method 'is_service_role' instead.
2026-04-21 18:21:00.959 10 INFO neutron.wsgi [None req-81b1849c-49b2-49b9-ba66-378808809164 c8b6fac7d5ac400cb7fea23e33a000eb 51763f3480a542019960146324148102 - - default default] 10.0.0.198 "POST /v2.0/floatingips HTTP/1.1" status: 201 len: 751 time: 1.3698435
2026-04-21 18:21:01.025 10 INFO neutron.wsgi [None req-c6051f1f-5dfb-4335-b26e-9d22d715792a c8b6fac7d5ac400cb7fea23e33a000eb 51763f3480a542019960146324148102 - - default default] 10.0.0.198 "PUT /v2.0/floatingips/f8aec620-47e1-4874-9772-b8a686c0575a/tags HTTP/1.1" status: 200 len: 218 time: 0.0605686
2026-04-21 18:21:01.067 10 INFO neutron.wsgi [None req-2487da27-e5a6-4ab8-8d13-60086f3e9533 c8b6fac7d5ac400cb7fea23e33a000eb 51763f3480a542019960146324148102 - - default default] 10.0.0.198 "GET /v2.0/floatingips/f8aec620-47e1-4874-9772-b8a686c0575a/tags HTTP/1.1" status: 200 len: 218 time: 0.0374851
2026-04-21 18:21:01.096 9 INFO neutron.db.ovn_revision_numbers_db [None req-10493485-8513-4e4a-8580-2fa1a8bd44c7 28ba8ff74e764a6d8242b8241a0bda70 cfd698e7711f427985c50d0da993e155 - - default default] Successfully bumped revision number for resource 5a83322a-de55-4e8b-951c-932debccbf11 (type: security_group_rules) to 0
2026-04-21 18:21:01.122 9 INFO neutron.wsgi [None req-10493485-8513-4e4a-8580-2fa1a8bd44c7 28ba8ff74e764a6d8242b8241a0bda70 cfd698e7711f427985c50d0da993e155 - - default default] 10.0.0.198 "POST /v2.0/security-group-rules HTTP/1.1" status: 201 len: 764 time: 0.1690183
2026-04-21 18:21:01.124 10 INFO neutron.wsgi [None req-d21baa1b-285b-4e68-aad2-21d0ed56e1f5 c8b6fac7d5ac400cb7fea23e33a000eb 51763f3480a542019960146324148102 - - default default] 10.0.0.198 "PUT /v2.0/floatingips/f8aec620-47e1-4874-9772-b8a686c0575a/tags/green HTTP/1.1" status: 201 len: 201 time: 0.0518262
2026-04-21 18:21:01.142 10 WARNING neutron_lib.context [None req-45c8274c-c0eb-4ff7-a5e9-90eaa009562c 28ba8ff74e764a6d8242b8241a0bda70 cfd698e7711f427985c50d0da993e155 - - default default] Method 'is_advsvc' is deprecated since 2023.2 release (neutron-lib 3.8.0) and will be removed once support for the old RBAC API policies will be removed from Neutron. Please use method 'is_service_role' instead.
2026-04-21 18:21:01.177 9 INFO neutron.wsgi [None req-ee3d3f96-9f31-4d6f-bb12-2025b2788d66 c8b6fac7d5ac400cb7fea23e33a000eb 51763f3480a542019960146324148102 - - default default] 10.0.0.198 "GET /v2.0/floatingips/f8aec620-47e1-4874-9772-b8a686c0575a/tags HTTP/1.1" status: 200 len: 227 time: 0.0422161
2026-04-21 18:21:01.215 9 INFO neutron.wsgi [None req-8b8c295b-ce1d-4ed1-921e-b250a1549b97 c8b6fac7d5ac400cb7fea23e33a000eb 51763f3480a542019960146324148102 - - default default] 10.0.0.198 "PUT /v2.0/floatingips/f8aec620-47e1-4874-9772-b8a686c0575a/tags/red HTTP/1.1" status: 201 len: 201 time: 0.0327971
2026-04-21 18:21:01.263 9 INFO neutron.wsgi [None req-a587f685-0ada-4885-a1f0-50199c461270 c8b6fac7d5ac400cb7fea23e33a000eb 51763f3480a542019960146324148102 - - default default] 10.0.0.198 "GET /v2.0/floatingips/f8aec620-47e1-4874-9772-b8a686c0575a/tags HTTP/1.1" status: 200 len: 227 time: 0.0433822
2026-04-21 18:21:01.298 10 INFO neutron.db.ovn_revision_numbers_db [None req-45c8274c-c0eb-4ff7-a5e9-90eaa009562c 28ba8ff74e764a6d8242b8241a0bda70 cfd698e7711f427985c50d0da993e155 - - default default] Successfully bumped revision number for resource 2eeb294c-be60-4ac7-9e0b-76e0f61eb72a (type: security_group_rules) to 0
2026-04-21 18:21:01.315 10 INFO neutron.wsgi [None req-e33d7b8c-8b14-43c6-ac1b-9d1af2a080d4 c8b6fac7d5ac400cb7fea23e33a000eb 51763f3480a542019960146324148102 - - default default] 10.0.0.198 "PUT /v2.0/floatingips/f8aec620-47e1-4874-9772-b8a686c0575a/tags/black.or.white HTTP/1.1" status: 201 len: 201 time: 0.0463207
2026-04-21 18:21:01.327 10 INFO neutron.wsgi [None req-45c8274c-c0eb-4ff7-a5e9-90eaa009562c 28ba8ff74e764a6d8242b8241a0bda70 cfd698e7711f427985c50d0da993e155 - - default default] 10.0.0.198 "POST /v2.0/security-group-rules HTTP/1.1" status: 201 len: 764 time: 0.1924546
2026-04-21 18:21:01.338 10 WARNING neutron_lib.context [None req-09c01ac3-2b2e-460f-ab30-c4ac2b1b89ba 28ba8ff74e764a6d8242b8241a0bda70 cfd698e7711f427985c50d0da993e155 - - default default] Method 'is_advsvc' is deprecated since 2023.2 release (neutron-lib 3.8.0) and will be removed once support for the old RBAC API policies will be removed from Neutron. Please use method 'is_service_role' instead.
2026-04-21 18:21:01.363 10 INFO neutron.wsgi [None req-a89bfd9a-f3a0-4766-a2f6-03b9171f27f9 c8b6fac7d5ac400cb7fea23e33a000eb 51763f3480a542019960146324148102 - - default default] 10.0.0.198 "GET /v2.0/floatingips/f8aec620-47e1-4874-9772-b8a686c0575a/tags HTTP/1.1" status: 200 len: 245 time: 0.0431597
2026-04-21 18:21:01.428 9 INFO neutron.wsgi [None req-24e9c3c4-777c-4f95-874d-c19875aeeca9 c8b6fac7d5ac400cb7fea23e33a000eb 51763f3480a542019960146324148102 - - default default] 10.0.0.198 "PUT /v2.0/floatingips/f8aec620-47e1-4874-9772-b8a686c0575a/tags HTTP/1.1" status: 200 len: 230 time: 0.0556192
2026-04-21 18:21:01.473 10 INFO neutron.wsgi [None req-8b180f78-20a8-4bc7-a7a1-15b02ab30fa7 c8b6fac7d5ac400cb7fea23e33a000eb 51763f3480a542019960146324148102 - - default default] 10.0.0.198 "GET /v2.0/floatingips/f8aec620-47e1-4874-9772-b8a686c0575a/tags HTTP/1.1" status: 200 len: 230 time: 0.0412588
2026-04-21 18:21:01.494 10 INFO neutron.db.ovn_revision_numbers_db [None req-09c01ac3-2b2e-460f-ab30-c4ac2b1b89ba 28ba8ff74e764a6d8242b8241a0bda70 cfd698e7711f427985c50d0da993e155 - - default default] Successfully bumped revision number for resource c61b2d22-7fba-4375-9441-5ee1bb4b3e8d (type: security_group_rules) to 0
2026-04-21 18:21:01.515 9 INFO neutron.wsgi [None req-8d2ecfb6-0bac-4605-8893-f964a862bc4d c8b6fac7d5ac400cb7fea23e33a000eb 51763f3480a542019960146324148102 - - default default] 10.0.0.198 "GET /v2.0/floatingips/f8aec620-47e1-4874-9772-b8a686c0575a/tags/red HTTP/1.1" status: 204 len: 168 time: 0.0366485
2026-04-21 18:21:01.517 10 INFO neutron.wsgi [None req-09c01ac3-2b2e-460f-ab30-c4ac2b1b89ba 28ba8ff74e764a6d8242b8241a0bda70 cfd698e7711f427985c50d0da993e155 - - default default] 10.0.0.198 "POST /v2.0/security-group-rules HTTP/1.1" status: 201 len: 764 time: 0.1828310
2026-04-21 18:21:01.525 10 WARNING neutron_lib.context [None req-7e34ea8f-3c25-441d-b83e-5cb1a7978b80 28ba8ff74e764a6d8242b8241a0bda70 cfd698e7711f427985c50d0da993e155 - - default default] Method 'is_advsvc' is deprecated since 2023.2 release (neutron-lib 3.8.0) and will be removed once support for the old RBAC API policies will be removed from Neutron. Please use method 'is_service_role' instead.
2026-04-21 18:21:01.552 9 INFO neutron.api.v2.resource [None req-8a02e144-69d4-4365-a820-1463e768c28c c8b6fac7d5ac400cb7fea23e33a000eb 51763f3480a542019960146324148102 - - default default] show failed (client error): The resource could not be found.
2026-04-21 18:21:01.554 9 INFO neutron.wsgi [None req-8a02e144-69d4-4365-a820-1463e768c28c c8b6fac7d5ac400cb7fea23e33a000eb 51763f3480a542019960146324148102 - - default default] 10.0.0.198 "GET /v2.0/floatingips/f8aec620-47e1-4874-9772-b8a686c0575a/tags/green HTTP/1.1" status: 404 len: 299 time: 0.0319743
2026-04-21 18:21:01.607 10 INFO neutron.db.ovn_revision_numbers_db [None req-5ceb3c53-a2ef-4712-93b6-5c45023b9f15 335d0c3471b04450a8ee9042d1229672 534bb253f1c847668fe5069647ed9f1e - - default default] Successfully bumped revision number for resource 9e5d5483-6749-422b-ac26-408ff31ffe5e (type: security_groups) to 1
2026-04-21 18:21:01.613 9 INFO neutron.wsgi [None req-cfcb5604-dc6a-4551-a07c-8d1398d6a876 c8b6fac7d5ac400cb7fea23e33a000eb 51763f3480a542019960146324148102 - - default default] 10.0.0.198 "DELETE /v2.0/floatingips/f8aec620-47e1-4874-9772-b8a686c0575a/tags/red HTTP/1.1" status: 204 len: 168 time: 0.0531719
2026-04-21 18:21:01.626 10 INFO neutron.db.ovn_revision_numbers_db [None req-5ceb3c53-a2ef-4712-93b6-5c45023b9f15 335d0c3471b04450a8ee9042d1229672 534bb253f1c847668fe5069647ed9f1e - - default default] Successfully bumped revision number for resource 16585d43-7112-4f0e-9d65-32a24fd7c91b (type: security_group_rules) to 0
2026-04-21 18:21:01.642 10 INFO neutron.db.ovn_revision_numbers_db [None req-5ceb3c53-a2ef-4712-93b6-5c45023b9f15 335d0c3471b04450a8ee9042d1229672 534bb253f1c847668fe5069647ed9f1e - - default default] Successfully bumped revision number for resource 970962d0-e5e1-4731-b2a9-d22eaae2b9ea (type: security_group_rules) to 0
