2026-04-21 18:20:44.757 9 INFO neutron.wsgi [None req-002308e4-9063-4cf0-b65a-7be6d312b496 4796f0f4ef844eb88711c38a4a7af5ad ede02ad3804840cf858f6d5c67efaa41 - - default default] 10.0.0.198 "POST /v2.0/ports HTTP/1.1" status: 201 len: 942 time: 0.4188085 /var/lib/openstack/lib/python3.10/site-packages/pycadf/identifier.py:71: UserWarning: Invalid uuid: neutron. To ensure interoperability, identifiers should be a valid uuid. warnings.warn(('Invalid uuid: %s. To ensure interoperability, '
2026-04-21 18:20:44.767 9 WARNING neutron_lib.context [None req-929f38fe-c8d5-4f81-a720-497c2262803d 4796f0f4ef844eb88711c38a4a7af5ad ede02ad3804840cf858f6d5c67efaa41 - - default default] Method 'is_advsvc' is deprecated since 2023.2 release (neutron-lib 3.8.0) and will be removed once support for the old RBAC API policies will be removed from Neutron. Please use method 'is_service_role' instead.
2026-04-21 18:20:44.780 10 WARNING neutron.scheduler.dhcp_agent_scheduler [None req-07c439df-a7ac-48a1-ae98-83b8573c5554 28ba8ff74e764a6d8242b8241a0bda70 cfd698e7711f427985c50d0da993e155 - - default default] No more DHCP agents
2026-04-21 18:20:44.782 10 WARNING neutron.api.rpc.agentnotifiers.dhcp_rpc_agent_api [None req-07c439df-a7ac-48a1-ae98-83b8573c5554 28ba8ff74e764a6d8242b8241a0bda70 cfd698e7711f427985c50d0da993e155 - - default default] Unable to schedule network ab8b4fb3-aed4-436a-85fe-0c3bd0189dd7: no agents available; will retry on subsequent port and subnet creation events.
2026-04-21 18:20:44.884 10 INFO neutron.db.ovn_revision_numbers_db [None req-07c439df-a7ac-48a1-ae98-83b8573c5554 28ba8ff74e764a6d8242b8241a0bda70 cfd698e7711f427985c50d0da993e155 - - default default] Successfully bumped revision number for resource 71a3488d-1a38-49ab-84e0-ae158def6899 (type: ports) to 1
2026-04-21 18:20:44.906 10 INFO neutron.wsgi [None req-07c439df-a7ac-48a1-ae98-83b8573c5554 28ba8ff74e764a6d8242b8241a0bda70 cfd698e7711f427985c50d0da993e155 - - default default] 10.0.0.198 "POST /v2.0/networks HTTP/1.1" status: 201 len: 838 time: 1.0786433
2026-04-21 18:20:44.917 10 WARNING neutron_lib.context [None req-b3185c73-7827-4dc8-8f5d-12695a602123 28ba8ff74e764a6d8242b8241a0bda70 cfd698e7711f427985c50d0da993e155 - - default default] Method 'is_advsvc' is deprecated since 2023.2 release (neutron-lib 3.8.0) and will be removed once support for the old RBAC API policies will be removed from Neutron. Please use method 'is_service_role' instead.
2026-04-21 18:20:45.018 9 INFO neutron.wsgi [None req-929f38fe-c8d5-4f81-a720-497c2262803d 4796f0f4ef844eb88711c38a4a7af5ad ede02ad3804840cf858f6d5c67efaa41 - - default default] 10.0.0.198 "POST /v2.0/trunks HTTP/1.1" status: 201 len: 608 time: 0.2552731
2026-04-21 18:20:45.028 9 WARNING neutron_lib.context [None req-a01e4e1c-30d8-4c0d-b651-399e5bc95f3b 4796f0f4ef844eb88711c38a4a7af5ad ede02ad3804840cf858f6d5c67efaa41 - - default default] Method 'is_advsvc' is deprecated since 2023.2 release (neutron-lib 3.8.0) and will be removed once support for the old RBAC API policies will be removed from Neutron. Please use method 'is_service_role' instead.
2026-04-21 18:20:45.114 9 INFO neutron.db.segments_db [None req-a01e4e1c-30d8-4c0d-b651-399e5bc95f3b 4796f0f4ef844eb88711c38a4a7af5ad ede02ad3804840cf858f6d5c67efaa41 - - default default] Added segment d24808dd-8645-4e6b-9969-638fef740e10 of type geneve for network cd52d972-a1af-466a-a9cd-bc9303dfae91
2026-04-21 18:20:45.230 10 WARNING neutron.scheduler.dhcp_agent_scheduler [None req-b3185c73-7827-4dc8-8f5d-12695a602123 28ba8ff74e764a6d8242b8241a0bda70 cfd698e7711f427985c50d0da993e155 - - default default] No more DHCP agents
2026-04-21 18:20:45.232 10 WARNING neutron.api.rpc.agentnotifiers.dhcp_rpc_agent_api [None req-b3185c73-7827-4dc8-8f5d-12695a602123 28ba8ff74e764a6d8242b8241a0bda70 cfd698e7711f427985c50d0da993e155 - - default default] Unable to schedule network ab8b4fb3-aed4-436a-85fe-0c3bd0189dd7: no agents available; will retry on subsequent port and subnet creation events.
2026-04-21 18:20:45.274 9 INFO neutron.db.ovn_revision_numbers_db [None req-a01e4e1c-30d8-4c0d-b651-399e5bc95f3b 4796f0f4ef844eb88711c38a4a7af5ad ede02ad3804840cf858f6d5c67efaa41 - - default default] Successfully bumped revision number for resource cd52d972-a1af-466a-a9cd-bc9303dfae91 (type: networks) to 1
2026-04-21 18:20:45.487 9 WARNING neutron.scheduler.dhcp_agent_scheduler [None req-a01e4e1c-30d8-4c0d-b651-399e5bc95f3b 4796f0f4ef844eb88711c38a4a7af5ad ede02ad3804840cf858f6d5c67efaa41 - - default default] No more DHCP agents
2026-04-21 18:20:45.489 9 WARNING neutron.api.rpc.agentnotifiers.dhcp_rpc_agent_api [None req-a01e4e1c-30d8-4c0d-b651-399e5bc95f3b 4796f0f4ef844eb88711c38a4a7af5ad ede02ad3804840cf858f6d5c67efaa41 - - default default] Unable to schedule network cd52d972-a1af-466a-a9cd-bc9303dfae91: no agents available; will retry on subsequent port and subnet creation events.
2026-04-21 18:20:45.579 9 INFO neutron.db.ovn_revision_numbers_db [None req-a01e4e1c-30d8-4c0d-b651-399e5bc95f3b 4796f0f4ef844eb88711c38a4a7af5ad ede02ad3804840cf858f6d5c67efaa41 - - default default] Successfully bumped revision number for resource e2502d34-bd16-445b-8400-fb0453d2d44c (type: ports) to 1
2026-04-21 18:20:45.608 9 INFO neutron.wsgi [None req-a01e4e1c-30d8-4c0d-b651-399e5bc95f3b 4796f0f4ef844eb88711c38a4a7af5ad ede02ad3804840cf858f6d5c67efaa41 - - default default] 10.0.0.198 "POST /v2.0/networks HTTP/1.1" status: 201 len: 831 time: 0.5863984
2026-04-21 18:20:45.624 9 WARNING neutron_lib.context [None req-6049605d-4b6f-4afe-bc6b-0b80e13a3ff1 4796f0f4ef844eb88711c38a4a7af5ad ede02ad3804840cf858f6d5c67efaa41 - - default default] Method 'is_advsvc' is deprecated since 2023.2 release (neutron-lib 3.8.0) and will be removed once support for the old RBAC API policies will be removed from Neutron. Please use method 'is_service_role' instead.
2026-04-21 18:20:45.836 10 INFO neutron.db.ovn_revision_numbers_db [None req-b3185c73-7827-4dc8-8f5d-12695a602123 28ba8ff74e764a6d8242b8241a0bda70 cfd698e7711f427985c50d0da993e155 - - default default] Successfully bumped revision number for resource 71a3488d-1a38-49ab-84e0-ae158def6899 (type: ports) to 2
2026-04-21 18:20:45.877 10 INFO neutron.db.ovn_revision_numbers_db [None req-b3185c73-7827-4dc8-8f5d-12695a602123 28ba8ff74e764a6d8242b8241a0bda70 cfd698e7711f427985c50d0da993e155 - - default default] Successfully bumped revision number for resource c3c4d961-f282-4054-b2a9-2c9e949b23b8 (type: subnets) to 0
2026-04-21 18:20:45.900 10 INFO neutron.wsgi [None req-b3185c73-7827-4dc8-8f5d-12695a602123 28ba8ff74e764a6d8242b8241a0bda70 cfd698e7711f427985c50d0da993e155 - - default default] 10.0.0.198 "POST /v2.0/subnets HTTP/1.1" status: 201 len: 832 time: 0.9892678
2026-04-21 18:20:45.983 10 INFO neutron.wsgi [None req-40ff3db8-27a1-413a-99df-6311eee27ee3 e8b2edeb00b245819616561f4e1ee672 a5970ef46b514c3881f77f3042c4b09e - - default default] 10.0.0.198 "GET /v2.0/subnetpools?name=shared-default-subnetpool-v6 HTTP/1.1" status: 200 len: 212 time: 0.0783570
2026-04-21 18:20:45.994 10 WARNING neutron_lib.context [None req-0dae09bd-c31a-40f2-8cb2-08cc0eb8e02e 28ba8ff74e764a6d8242b8241a0bda70 cfd698e7711f427985c50d0da993e155 - - default default] Method 'is_advsvc' is deprecated since 2023.2 release (neutron-lib 3.8.0) and will be removed once support for the old RBAC API policies will be removed from Neutron. Please use method 'is_service_role' instead.
2026-04-21 18:20:46.159 9 WARNING neutron.scheduler.dhcp_agent_scheduler [None req-6049605d-4b6f-4afe-bc6b-0b80e13a3ff1 4796f0f4ef844eb88711c38a4a7af5ad ede02ad3804840cf858f6d5c67efaa41 - - default default] No more DHCP agents
2026-04-21 18:20:46.161 9 WARNING neutron.api.rpc.agentnotifiers.dhcp_rpc_agent_api [None req-6049605d-4b6f-4afe-bc6b-0b80e13a3ff1 4796f0f4ef844eb88711c38a4a7af5ad ede02ad3804840cf858f6d5c67efaa41 - - default default] Unable to schedule network cd52d972-a1af-466a-a9cd-bc9303dfae91: no agents available; will retry on subsequent port and subnet creation events.
2026-04-21 18:20:46.263 9 INFO neutron.db.ovn_revision_numbers_db [None req-6049605d-4b6f-4afe-bc6b-0b80e13a3ff1 4796f0f4ef844eb88711c38a4a7af5ad ede02ad3804840cf858f6d5c67efaa41 - - default default] Successfully bumped revision number for resource 400825fe-3065-43a2-b0f5-3eef203fc380 (type: ports) to 1
2026-04-21 18:20:46.284 9 INFO neutron.wsgi [None req-6049605d-4b6f-4afe-bc6b-0b80e13a3ff1 4796f0f4ef844eb88711c38a4a7af5ad ede02ad3804840cf858f6d5c67efaa41 - - default default] 10.0.0.198 "POST /v2.0/ports HTTP/1.1" status: 201 len: 942 time: 0.6661124
2026-04-21 18:20:46.287 10 WARNING neutron.scheduler.dhcp_agent_scheduler [None req-0dae09bd-c31a-40f2-8cb2-08cc0eb8e02e 28ba8ff74e764a6d8242b8241a0bda70 cfd698e7711f427985c50d0da993e155 - - default default] No more DHCP agents
2026-04-21 18:20:46.290 10 WARNING neutron.api.rpc.agentnotifiers.dhcp_rpc_agent_api [None req-0dae09bd-c31a-40f2-8cb2-08cc0eb8e02e 28ba8ff74e764a6d8242b8241a0bda70 cfd698e7711f427985c50d0da993e155 - - default default] Unable to schedule network ab8b4fb3-aed4-436a-85fe-0c3bd0189dd7: no agents available; will retry on subsequent port and subnet creation events. /var/lib/openstack/lib/python3.10/site-packages/pycadf/identifier.py:71: UserWarning: Invalid uuid: neutron. To ensure interoperability, identifiers should be a valid uuid. warnings.warn(('Invalid uuid: %s. To ensure interoperability, '
2026-04-21 18:20:46.302 9 WARNING neutron_lib.context [None req-365c4181-1bd7-418b-a85b-0cbaf8533010 4796f0f4ef844eb88711c38a4a7af5ad ede02ad3804840cf858f6d5c67efaa41 - - default default] Method 'is_advsvc' is deprecated since 2023.2 release (neutron-lib 3.8.0) and will be removed once support for the old RBAC API policies will be removed from Neutron. Please use method 'is_service_role' instead.
2026-04-21 18:20:46.328 10 INFO neutron.db.ovn_revision_numbers_db [None req-0dae09bd-c31a-40f2-8cb2-08cc0eb8e02e 28ba8ff74e764a6d8242b8241a0bda70 cfd698e7711f427985c50d0da993e155 - - default default] Successfully bumped revision number for resource 07826dfb-e087-437b-af6f-36378aa3b52a (type: subnets) to 0
2026-04-21 18:20:46.348 10 INFO neutron.wsgi [None req-0dae09bd-c31a-40f2-8cb2-08cc0eb8e02e 28ba8ff74e764a6d8242b8241a0bda70 cfd698e7711f427985c50d0da993e155 - - default default] 10.0.0.198 "POST /v2.0/subnets HTTP/1.1" status: 201 len: 907 time: 0.3596745
2026-04-21 18:20:46.358 9 WARNING neutron_lib.context [None req-e44ab993-79ed-4876-ac00-5cc0b9b3588c 28ba8ff74e764a6d8242b8241a0bda70 cfd698e7711f427985c50d0da993e155 - - default default] Method 'is_advsvc' is deprecated since 2023.2 release (neutron-lib 3.8.0) and will be removed once support for the old RBAC API policies will be removed from Neutron. Please use method 'is_service_role' instead.
2026-04-21 18:20:46.454 9 INFO neutron.db.segments_db [None req-e44ab993-79ed-4876-ac00-5cc0b9b3588c 28ba8ff74e764a6d8242b8241a0bda70 cfd698e7711f427985c50d0da993e155 - - default default] Added segment 349c29d5-086d-4c5f-98d7-09ac8a62fb36 of type geneve for network 9367b365-601d-451a-be5c-a5a8aa526372
2026-04-21 18:20:46.560 9 INFO neutron.wsgi [None req-365c4181-1bd7-418b-a85b-0cbaf8533010 4796f0f4ef844eb88711c38a4a7af5ad ede02ad3804840cf858f6d5c67efaa41 - - default default] 10.0.0.198 "POST /v2.0/trunks HTTP/1.1" status: 201 len: 608 time: 0.2680099
2026-04-21 18:20:46.620 9 INFO neutron.wsgi [None req-47c6137f-f537-428d-ae64-0ba97dd57eca 4796f0f4ef844eb88711c38a4a7af5ad ede02ad3804840cf858f6d5c67efaa41 - - default default] 10.0.0.198 "PUT /v2.0/trunks/f8b73b37-e4db-43e8-a46c-c9c5137a2f39/tags HTTP/1.1" status: 200 len: 210 time: 0.0533576
2026-04-21 18:20:46.621 9 INFO neutron.db.ovn_revision_numbers_db [None req-e44ab993-79ed-4876-ac00-5cc0b9b3588c 28ba8ff74e764a6d8242b8241a0bda70 cfd698e7711f427985c50d0da993e155 - - default default] Successfully bumped revision number for resource 9367b365-601d-451a-be5c-a5a8aa526372 (type: networks) to 1
2026-04-21 18:20:46.665 10 INFO neutron.wsgi [None req-c289a08c-e24e-492c-991b-1f8709d55a1a 4796f0f4ef844eb88711c38a4a7af5ad ede02ad3804840cf858f6d5c67efaa41 - - default default] 10.0.0.198 "PUT /v2.0/trunks/dd25294c-44e4-4566-a390-69c49edb0d59/tags HTTP/1.1" status: 200 len: 218 time: 0.0386827
2026-04-21 18:20:46.722 9 INFO neutron.wsgi [None req-24e468ec-1d6e-40e4-8290-9acbdaa41af2 4796f0f4ef844eb88711c38a4a7af5ad ede02ad3804840cf858f6d5c67efaa41 - - default default] 10.0.0.198 "PUT /v2.0/trunks/c687863c-56cc-4f55-8fa4-fe1c073e00c3/tags HTTP/1.1" status: 200 len: 227 time: 0.0508947
2026-04-21 18:20:46.766 10 INFO neutron.wsgi [None req-0f13066d-c15e-4826-8778-1ceac777c8fa 4796f0f4ef844eb88711c38a4a7af5ad ede02ad3804840cf858f6d5c67efaa41 - - default default] 10.0.0.198 "PUT /v2.0/trunks/d3e8b6bc-adcb-4127-9b5a-6513161ab3d8/tags HTTP/1.1" status: 200 len: 212 time: 0.0378983
2026-04-21 18:20:46.804 10 INFO neutron.wsgi [None req-9d48f5b1-2ee3-4375-8e90-351548855318 4796f0f4ef844eb88711c38a4a7af5ad ede02ad3804840cf858f6d5c67efaa41 - - default default] 10.0.0.198 "GET /v2.0/trunks?tags=red HTTP/1.1" status: 200 len: 1447 time: 0.0305040
2026-04-21 18:20:46.805 9 WARNING neutron.scheduler.dhcp_agent_scheduler [None req-e44ab993-79ed-4876-ac00-5cc0b9b3588c 28ba8ff74e764a6d8242b8241a0bda70 cfd698e7711f427985c50d0da993e155 - - default default] No more DHCP agents
2026-04-21 18:20:46.806 9 WARNING neutron.api.rpc.agentnotifiers.dhcp_rpc_agent_api [None req-e44ab993-79ed-4876-ac00-5cc0b9b3588c 28ba8ff74e764a6d8242b8241a0bda70 cfd698e7711f427985c50d0da993e155 - - default default] Unable to schedule network 9367b365-601d-451a-be5c-a5a8aa526372: no agents available; will retry on subsequent port and subnet creation events.
2026-04-21 18:20:46.829 10 INFO neutron.wsgi [None req-05ae1ce3-d565-4eed-a5df-978e885b64da 4796f0f4ef844eb88711c38a4a7af5ad ede02ad3804840cf858f6d5c67efaa41 - - default default] 10.0.0.198 "GET /v2.0/trunks?tags=red%2Cblue HTTP/1.1" status: 200 len: 1041 time: 0.0215704
2026-04-21 18:20:46.857 9 INFO neutron.wsgi [None req-b2dc1702-e17c-42cf-a06e-23a03ea434ce 4796f0f4ef844eb88711c38a4a7af5ad ede02ad3804840cf858f6d5c67efaa41 - - default default] 10.0.0.198 "GET /v2.0/trunks?tags-any=blue HTTP/1.1" status: 200 len: 1041 time: 0.0227766
2026-04-21 18:20:46.890 9 INFO neutron.wsgi [None req-d8ac7835-c87b-461b-b166-485d876d1d7e 4796f0f4ef844eb88711c38a4a7af5ad ede02ad3804840cf858f6d5c67efaa41 - - default default] 10.0.0.198 "GET /v2.0/trunks?tags-any=red%2Cblue HTTP/1.1" status: 200 len: 1447 time: 0.0280695
2026-04-21 18:20:46.911 9 INFO neutron.db.ovn_revision_numbers_db [None req-e44ab993-79ed-4876-ac00-5cc0b9b3588c 28ba8ff74e764a6d8242b8241a0bda70 cfd698e7711f427985c50d0da993e155 - - default default] Successfully bumped revision number for resource 9c18267d-0d47-445e-900d-b804d1721304 (type: ports) to 1
2026-04-21 18:20:46.916 9 INFO neutron.wsgi [None req-01232cdb-d067-4918-a9ec-2bb0077263ac 4796f0f4ef844eb88711c38a4a7af5ad ede02ad3804840cf858f6d5c67efaa41 - - default default] 10.0.0.198 "GET /v2.0/trunks?not-tags=red HTTP/1.1" status: 200 len: 1013 time: 0.0211258
2026-04-21 18:20:46.936 9 INFO neutron.wsgi [None req-e44ab993-79ed-4876-ac00-5cc0b9b3588c 28ba8ff74e764a6d8242b8241a0bda70 cfd698e7711f427985c50d0da993e155 - - default default] 10.0.0.198 "POST /v2.0/networks HTTP/1.1" status: 201 len: 836 time: 0.5817220
2026-04-21 18:20:46.947 10 WARNING neutron_lib.context [None req-5435cd45-d7dd-48ed-a463-1669c09b5568 28ba8ff74e764a6d8242b8241a0bda70 cfd698e7711f427985c50d0da993e155 - - default default] Method 'is_advsvc' is deprecated since 2023.2 release (neutron-lib 3.8.0) and will be removed once support for the old RBAC API policies will be removed from Neutron. Please use method 'is_service_role' instead.
2026-04-21 18:20:46.956 10 INFO neutron.wsgi [None req-0d4baa41-0539-4531-99de-69976b4c9298 4796f0f4ef844eb88711c38a4a7af5ad ede02ad3804840cf858f6d5c67efaa41 - - default default] 10.0.0.198 "GET /v2.0/trunks?not-tags=red%2Cblue HTTP/1.1" status: 200 len: 1419 time: 0.0343871
2026-04-21 18:20:46.999 10 INFO neutron.wsgi [None req-3961b416-7d44-4e51-8a7b-188212bb3231 4796f0f4ef844eb88711c38a4a7af5ad ede02ad3804840cf858f6d5c67efaa41 - - default default] 10.0.0.198 "GET /v2.0/trunks?not-tags-any=blue HTTP/1.1" status: 200 len: 1419 time: 0.0386217
2026-04-21 18:20:47.023 10 INFO neutron.wsgi [None req-ba41d36c-9689-4de8-b825-84471310dbc2 4796f0f4ef844eb88711c38a4a7af5ad ede02ad3804840cf858f6d5c67efaa41 - - default default] 10.0.0.198 "GET /v2.0/trunks?not-tags-any=red%2Cblue HTTP/1.1" status: 200 len: 1013 time: 0.0182116
2026-04-21 18:20:47.061 10 INFO neutron.wsgi [None req-00d5cf7f-6a62-4c40-ba38-a32383691dc3 4796f0f4ef844eb88711c38a4a7af5ad ede02ad3804840cf858f6d5c67efaa41 - - default default] 10.0.0.198 "GET /v2.0/trunks/f8b73b37-e4db-43e8-a46c-c9c5137a2f39 HTTP/1.1" status: 200 len: 608 time: 0.0279193
2026-04-21 18:20:47.180 9 INFO neutron.wsgi [None req-b79a88fc-24eb-4f27-9013-be786eaf6193 4796f0f4ef844eb88711c38a4a7af5ad ede02ad3804840cf858f6d5c67efaa41 - - default default] 10.0.0.198 "GET /v2.0/ports/910d22c4-0307-4b13-8283-fcfc09980e67 HTTP/1.1" status: 200 len: 1020 time: 0.1113756
2026-04-21 18:20:47.238 10 WARNING neutron.scheduler.dhcp_agent_scheduler [None req-5435cd45-d7dd-48ed-a463-1669c09b5568 28ba8ff74e764a6d8242b8241a0bda70 cfd698e7711f427985c50d0da993e155 - - default default] No more DHCP agents
2026-04-21 18:20:47.242 10 WARNING neutron.api.rpc.agentnotifiers.dhcp_rpc_agent_api [None req-5435cd45-d7dd-48ed-a463-1669c09b5568 28ba8ff74e764a6d8242b8241a0bda70 cfd698e7711f427985c50d0da993e155 - - default default] Unable to schedule network 9367b365-601d-451a-be5c-a5a8aa526372: no agents available; will retry on subsequent port and subnet creation events.
2026-04-21 18:20:47.281 9 INFO neutron.wsgi [None req-3eed8254-4963-415f-bf80-8df88dc4c34f 4796f0f4ef844eb88711c38a4a7af5ad ede02ad3804840cf858f6d5c67efaa41 - - default default] 10.0.0.198 "DELETE /v2.0/trunks/f8b73b37-e4db-43e8-a46c-c9c5137a2f39 HTTP/1.1" status: 204 len: 168 time: 0.0952768
2026-04-21 18:20:47.306 9 INFO neutron.wsgi [None req-7ce89f62-861c-4df6-b4be-0b24fbcbb450 4796f0f4ef844eb88711c38a4a7af5ad ede02ad3804840cf858f6d5c67efaa41 - - default default] 10.0.0.198 "GET /v2.0/trunks/dd25294c-44e4-4566-a390-69c49edb0d59 HTTP/1.1" status: 200 len: 616 time: 0.0208683
2026-04-21 18:20:47.403 9 INFO neutron.wsgi [None req-3241c581-9ed2-4572-be2f-248c58fa383d 4796f0f4ef844eb88711c38a4a7af5ad ede02ad3804840cf858f6d5c67efaa41 - - default default] 10.0.0.198 "GET /v2.0/ports/e33370a4-d64c-4407-a2fe-d4c991c39df2 HTTP/1.1" status: 200 len: 1020 time: 0.0921786
2026-04-21 18:20:47.484 9 INFO neutron.wsgi [None req-8210875c-339d-48e0-b65d-bccb5afd2b3a 4796f0f4ef844eb88711c38a4a7af5ad ede02ad3804840cf858f6d5c67efaa41 - - default default] 10.0.0.198 "DELETE /v2.0/trunks/dd25294c-44e4-4566-a390-69c49edb0d59 HTTP/1.1" status: 204 len: 168 time: 0.0766215
2026-04-21 18:20:47.507 9 INFO neutron.wsgi [None req-7f8dd4e5-cd18-40a5-ba4d-2d4c8d42dbf6 4796f0f4ef844eb88711c38a4a7af5ad ede02ad3804840cf858f6d5c67efaa41 - - default default] 10.0.0.198 "GET /v2.0/trunks/c687863c-56cc-4f55-8fa4-fe1c073e00c3 HTTP/1.1" status: 200 len: 625 time: 0.0176170
2026-04-21 18:20:47.680 10 INFO neutron.wsgi [None req-a7c45faa-360c-4376-a242-ef417704efeb 4796f0f4ef844eb88711c38a4a7af5ad ede02ad3804840cf858f6d5c67efaa41 - - default default] 10.0.0.198 "GET /v2.0/ports/e54968ca-7994-40cd-aa58-46c283243ccb HTTP/1.1" status: 200 len: 1020 time: 0.1687503
2026-04-21 18:20:47.774 9 INFO neutron.wsgi [None req-73e7ee3c-9e71-4831-b704-c183438a2deb 4796f0f4ef844eb88711c38a4a7af5ad ede02ad3804840cf858f6d5c67efaa41 - - default default] 10.0.0.198 "DELETE /v2.0/trunks/c687863c-56cc-4f55-8fa4-fe1c073e00c3 HTTP/1.1" status: 204 len: 168 time: 0.0878911
2026-04-21 18:20:47.777 10 INFO neutron.db.ovn_revision_numbers_db [None req-17862d56-5697-4229-ab74-e67041acda2b 335d0c3471b04450a8ee9042d1229672 534bb253f1c847668fe5069647ed9f1e - - default default] Successfully bumped revision number for resource 6822b27c-ecba-4640-b8fb-06d2f9424cfe (type: security_groups) to 1
2026-04-21 18:20:47.797 10 INFO neutron.db.ovn_revision_numbers_db [None req-17862d56-5697-4229-ab74-e67041acda2b 335d0c3471b04450a8ee9042d1229672 534bb253f1c847668fe5069647ed9f1e - - default default] Successfully bumped revision number for resource 05eeb76a-fc6a-45e0-923a-2102d2c46c22 (type: security_group_rules) to 0
2026-04-21 18:20:47.797 9 INFO neutron.wsgi [None req-a2076458-d108-475b-bbd5-202793665526 4796f0f4ef844eb88711c38a4a7af5ad ede02ad3804840cf858f6d5c67efaa41 - - default default] 10.0.0.198 "GET /v2.0/trunks/d3e8b6bc-adcb-4127-9b5a-6513161ab3d8 HTTP/1.1" status: 200 len: 610 time: 0.0177548
2026-04-21 18:20:47.816 10 INFO neutron.db.ovn_revision_numbers_db [None req-17862d56-5697-4229-ab74-e67041acda2b 335d0c3471b04450a8ee9042d1229672 534bb253f1c847668fe5069647ed9f1e - - default default] Successfully bumped revision number for resource 6a0b2253-4360-4ad3-8c65-8d2e6fd9e24e (type: security_group_rules) to 0
2026-04-21 18:20:47.842 10 INFO neutron.db.ovn_revision_numbers_db [None req-17862d56-5697-4229-ab74-e67041acda2b 335d0c3471b04450a8ee9042d1229672 534bb253f1c847668fe5069647ed9f1e - - default default] Successfully bumped revision number for resource b4e1729b-99c6-4317-9a3e-91559663fb6c (type: security_group_rules) to 0
2026-04-21 18:20:47.854 10 INFO neutron.db.ovn_revision_numbers_db [None req-5435cd45-d7dd-48ed-a463-1669c09b5568 28ba8ff74e764a6d8242b8241a0bda70 cfd698e7711f427985c50d0da993e155 - - default default] Successfully bumped revision number for resource 9c18267d-0d47-445e-900d-b804d1721304 (type: ports) to 2
2026-04-21 18:20:47.860 10 INFO neutron.db.ovn_revision_numbers_db [None req-17862d56-5697-4229-ab74-e67041acda2b 335d0c3471b04450a8ee9042d1229672 534bb253f1c847668fe5069647ed9f1e - - default default] Successfully bumped revision number for resource cea4b6e3-d78e-4381-9d14-b344f111bc38 (type: security_group_rules) to 0
2026-04-21 18:20:47.899 10 INFO neutron.wsgi [None req-17862d56-5697-4229-ab74-e67041acda2b 335d0c3471b04450a8ee9042d1229672 534bb253f1c847668fe5069647ed9f1e - - default default] 10.0.0.198 "GET /v2.0/security-groups?tenant_id=43b78ca9074646e1a74cc15aa0fa4d65&name=default HTTP/1.1" status: 200 len: 2996 time: 0.4477735
2026-04-21 18:20:47.899 9 INFO neutron.wsgi [None req-9910d4f2-5a0d-40fe-8760-16b54bbfd8a8 4796f0f4ef844eb88711c38a4a7af5ad ede02ad3804840cf858f6d5c67efaa41 - - default default] 10.0.0.198 "GET /v2.0/ports/d34ab057-6fdd-4160-b5de-3ecf515aef57 HTTP/1.1" status: 200 len: 1020 time: 0.0967951
2026-04-21 18:20:47.910 10 INFO neutron.db.ovn_revision_numbers_db [None req-5435cd45-d7dd-48ed-a463-1669c09b5568 28ba8ff74e764a6d8242b8241a0bda70 cfd698e7711f427985c50d0da993e155 - - default default] Successfully bumped revision number for resource 3dda4a43-a00c-4362-8bb3-12207caa7f11 (type: subnets) to 0
2026-04-21 18:20:47.933 10 INFO neutron.wsgi [None req-5435cd45-d7dd-48ed-a463-1669c09b5568 28ba8ff74e764a6d8242b8241a0bda70 cfd698e7711f427985c50d0da993e155 - - default default] 10.0.0.198 "POST /v2.0/subnets HTTP/1.1" status: 201 len: 830 time: 0.9918067
2026-04-21 18:20:47.948 9 WARNING neutron_lib.context [None req-c8ce3fc9-a0d3-4b6b-aa9e-0d716b0ddc5b 28ba8ff74e764a6d8242b8241a0bda70 cfd698e7711f427985c50d0da993e155 - - default default] Method 'is_advsvc' is deprecated since 2023.2 release (neutron-lib 3.8.0) and will be removed once support for the old RBAC API policies will be removed from Neutron. Please use method 'is_service_role' instead.
2026-04-21 18:20:47.981 10 INFO neutron.wsgi [None req-91385a75-a545-4746-b4a3-11e398509a24 4796f0f4ef844eb88711c38a4a7af5ad ede02ad3804840cf858f6d5c67efaa41 - - default default] 10.0.0.198 "DELETE /v2.0/trunks/d3e8b6bc-adcb-4127-9b5a-6513161ab3d8 HTTP/1.1" status: 204 len: 168 time: 0.0771232
2026-04-21 18:20:48.000 10 INFO neutron.wsgi [None req-496453ba-7f17-4bf7-a831-5a2b12ebc775 4796f0f4ef844eb88711c38a4a7af5ad ede02ad3804840cf858f6d5c67efaa41 - - default default] 10.0.0.198 "GET /v2.0/trunks/4c98fb26-8f17-463d-b136-a0a9da9baac2 HTTP/1.1" status: 200 len: 603 time: 0.0155780
2026-04-21 18:20:48.091 10 INFO neutron.wsgi [None req-e9074531-9adb-4d87-8598-4c2cef9ddf1b 4796f0f4ef844eb88711c38a4a7af5ad ede02ad3804840cf858f6d5c67efaa41 - - default default] 10.0.0.198 "GET /v2.0/ports/400825fe-3065-43a2-b0f5-3eef203fc380 HTTP/1.1" status: 200 len: 1020 time: 0.0867298
2026-04-21 18:20:48.177 10 INFO neutron.wsgi [None req-738e91be-2e56-4a91-80bc-305f6a75c653 4796f0f4ef844eb88711c38a4a7af5ad ede02ad3804840cf858f6d5c67efaa41 - - default default] 10.0.0.198 "DELETE /v2.0/trunks/4c98fb26-8f17-463d-b136-a0a9da9baac2 HTTP/1.1" status: 204 len: 168 time: 0.0799856
2026-04-21 18:20:48.187 9 INFO neutron.wsgi [None req-878e6cd8-713c-4b1a-9ea9-e3feb5d36548 335d0c3471b04450a8ee9042d1229672 534bb253f1c847668fe5069647ed9f1e - - default default] 10.0.0.198 "DELETE /v2.0/security-groups/6822b27c-ecba-4640-b8fb-06d2f9424cfe HTTP/1.1" status: 204 len: 168 time: 0.2839527
2026-04-21 18:20:48.283 9 WARNING neutron.scheduler.dhcp_agent_scheduler [None req-c8ce3fc9-a0d3-4b6b-aa9e-0d716b0ddc5b 28ba8ff74e764a6d8242b8241a0bda70 cfd698e7711f427985c50d0da993e155 - - default default] No more DHCP agents
2026-04-21 18:20:48.287 9 WARNING neutron.api.rpc.agentnotifiers.dhcp_rpc_agent_api [None req-c8ce3fc9-a0d3-4b6b-aa9e-0d716b0ddc5b 28ba8ff74e764a6d8242b8241a0bda70 cfd698e7711f427985c50d0da993e155 - - default default] Unable to schedule network 9367b365-601d-451a-be5c-a5a8aa526372: no agents available; will retry on subsequent port and subnet creation events.
2026-04-21 18:20:48.315 9 INFO neutron.db.ovn_revision_numbers_db [None req-c8ce3fc9-a0d3-4b6b-aa9e-0d716b0ddc5b 28ba8ff74e764a6d8242b8241a0bda70 cfd698e7711f427985c50d0da993e155 - - default default] Successfully bumped revision number for resource 1322e943-bcd0-45f9-bfa3-c95755fe6cec (type: subnets) to 0
2026-04-21 18:20:48.331 9 INFO neutron.wsgi [None req-c8ce3fc9-a0d3-4b6b-aa9e-0d716b0ddc5b 28ba8ff74e764a6d8242b8241a0bda70 cfd698e7711f427985c50d0da993e155 - - default default] 10.0.0.198 "POST /v2.0/subnets HTTP/1.1" status: 201 len: 899 time: 0.3912373
2026-04-21 18:20:48.341 9 WARNING neutron_lib.context [None req-3634afc0-45f0-487c-b6ab-5ee059009249 28ba8ff74e764a6d8242b8241a0bda70 cfd698e7711f427985c50d0da993e155 - - default default] Method 'is_advsvc' is deprecated since 2023.2 release (neutron-lib 3.8.0) and will be removed once support for the old RBAC API policies will be removed from Neutron. Please use method 'is_service_role' instead.
2026-04-21 18:20:48.423 9 INFO neutron.db.segments_db [None req-3634afc0-45f0-487c-b6ab-5ee059009249 28ba8ff74e764a6d8242b8241a0bda70 cfd698e7711f427985c50d0da993e155 - - default default] Added segment 353a61bb-5b6c-4f52-ba54-d0ae2889af10 of type geneve for network ade42b02-9c18-40bb-b1b7-ac6cf18d6087
2026-04-21 18:20:48.436 10 INFO neutron.wsgi [None req-211ee8cc-f3ea-458d-a2a6-21a48ff3358e 4796f0f4ef844eb88711c38a4a7af5ad ede02ad3804840cf858f6d5c67efaa41 - - default default] 10.0.0.198 "DELETE /v2.0/ports/910d22c4-0307-4b13-8283-fcfc09980e67 HTTP/1.1" status: 204 len: 168 time: 0.2540617
2026-04-21 18:20:48.580 9 INFO neutron.db.ovn_revision_numbers_db [None req-3634afc0-45f0-487c-b6ab-5ee059009249 28ba8ff74e764a6d8242b8241a0bda70 cfd698e7711f427985c50d0da993e155 - - default default] Successfully bumped revision number for resource ade42b02-9c18-40bb-b1b7-ac6cf18d6087 (type: networks) to 1
2026-04-21 18:20:48.691 10 INFO neutron.wsgi [None req-292f01e3-0cf0-45ad-afd7-744eabaa7b82 4796f0f4ef844eb88711c38a4a7af5ad ede02ad3804840cf858f6d5c67efaa41 - - default default] 10.0.0.198 "DELETE /v2.0/ports/e33370a4-d64c-4407-a2fe-d4c991c39df2 HTTP/1.1" status: 204 len: 168 time: 0.2496777
2026-04-21 18:20:48.847 9 WARNING neutron.scheduler.dhcp_agent_scheduler [None req-3634afc0-45f0-487c-b6ab-5ee059009249 28ba8ff74e764a6d8242b8241a0bda70 cfd698e7711f427985c50d0da993e155 - - default default] No more DHCP agents
2026-04-21 18:20:48.853 9 WARNING neutron.api.rpc.agentnotifiers.dhcp_rpc_agent_api [None req-3634afc0-45f0-487c-b6ab-5ee059009249 28ba8ff74e764a6d8242b8241a0bda70 cfd698e7711f427985c50d0da993e155 - - default default] Unable to schedule network ade42b02-9c18-40bb-b1b7-ac6cf18d6087: no agents available; will retry on subsequent port and subnet creation events.
2026-04-21 18:20:48.965 9 INFO neutron.db.ovn_revision_numbers_db [None req-3634afc0-45f0-487c-b6ab-5ee059009249 28ba8ff74e764a6d8242b8241a0bda70 cfd698e7711f427985c50d0da993e155 - - default default] Successfully bumped revision number for resource 5a03ef67-67a1-4b4f-ad02-f1abcc39a4fa (type: ports) to 1
2026-04-21 18:20:48.998 9 INFO neutron.wsgi [None req-3634afc0-45f0-487c-b6ab-5ee059009249 28ba8ff74e764a6d8242b8241a0bda70 cfd698e7711f427985c50d0da993e155 - - default default] 10.0.0.198 "POST /v2.0/networks HTTP/1.1" status: 201 len: 837 time: 0.6612945
2026-04-21 18:20:49.007 9 INFO neutron.wsgi [None req-9d6b16ef-43fe-4532-9292-2a66ca3a9872 4796f0f4ef844eb88711c38a4a7af5ad ede02ad3804840cf858f6d5c67efaa41 - - default default] 10.0.0.198 "DELETE /v2.0/ports/e54968ca-7994-40cd-aa58-46c283243ccb HTTP/1.1" status: 204 len: 168 time: 0.3108079
2026-04-21 18:20:49.011 9 WARNING neutron_lib.context [None req-f733e372-6f81-4a38-9b77-e32fa11032da 28ba8ff74e764a6d8242b8241a0bda70 cfd698e7711f427985c50d0da993e155 - - default default] Method 'is_advsvc' is deprecated since 2023.2 release (neutron-lib 3.8.0) and will be removed once support for the old RBAC API policies will be removed from Neutron. Please use method 'is_service_role' instead.
2026-04-21 18:20:49.279 9 WARNING neutron.scheduler.dhcp_agent_scheduler [None req-f733e372-6f81-4a38-9b77-e32fa11032da 28ba8ff74e764a6d8242b8241a0bda70 cfd698e7711f427985c50d0da993e155 - - default default] No more DHCP agents
2026-04-21 18:20:49.283 9 WARNING neutron.api.rpc.agentnotifiers.dhcp_rpc_agent_api [None req-f733e372-6f81-4a38-9b77-e32fa11032da 28ba8ff74e764a6d8242b8241a0bda70 cfd698e7711f427985c50d0da993e155 - - default default] Unable to schedule network ade42b02-9c18-40bb-b1b7-ac6cf18d6087: no agents available; will retry on subsequent port and subnet creation events.
2026-04-21 18:20:49.489 10 INFO neutron.wsgi [None req-a23a5167-edf7-4c84-9bd8-ac6a9a8f9817 4796f0f4ef844eb88711c38a4a7af5ad ede02ad3804840cf858f6d5c67efaa41 - - default default] 10.0.0.198 "DELETE /v2.0/ports/d34ab057-6fdd-4160-b5de-3ecf515aef57 HTTP/1.1" status: 204 len: 168 time: 0.4781020
2026-04-21 18:20:49.738 10 INFO neutron.wsgi [None req-5db1ed9d-3c16-46d1-b8ee-8f87364bae6a 4796f0f4ef844eb88711c38a4a7af5ad ede02ad3804840cf858f6d5c67efaa41 - - default default] 10.0.0.198 "DELETE /v2.0/ports/400825fe-3065-43a2-b0f5-3eef203fc380 HTTP/1.1" status: 204 len: 168 time: 0.2427485
2026-04-21 18:20:49.811 9 INFO neutron.db.ovn_revision_numbers_db [None req-f733e372-6f81-4a38-9b77-e32fa11032da 28ba8ff74e764a6d8242b8241a0bda70 cfd698e7711f427985c50d0da993e155 - - default default] Successfully bumped revision number for resource 5a03ef67-67a1-4b4f-ad02-f1abcc39a4fa (type: ports) to 2
2026-04-21 18:20:49.856 9 INFO neutron.db.ovn_revision_numbers_db [None req-f733e372-6f81-4a38-9b77-e32fa11032da 28ba8ff74e764a6d8242b8241a0bda70 cfd698e7711f427985c50d0da993e155 - - default default] Successfully bumped revision number for resource d457e578-d02c-4ccf-8670-f9b40091403d (type: subnets) to 0
2026-04-21 18:20:49.876 9 INFO neutron.wsgi [None req-f733e372-6f81-4a38-9b77-e32fa11032da 28ba8ff74e764a6d8242b8241a0bda70 cfd698e7711f427985c50d0da993e155 - - default default] 10.0.0.198 "POST /v2.0/subnets HTTP/1.1" status: 201 len: 831 time: 0.8739576
2026-04-21 18:20:49.893 9 WARNING neutron_lib.context [None req-06a8280b-03b4-479e-9cef-bd51ddaa936a 28ba8ff74e764a6d8242b8241a0bda70 cfd698e7711f427985c50d0da993e155 - - default default] Method 'is_advsvc' is deprecated since 2023.2 release (neutron-lib 3.8.0) and will be removed once support for the old RBAC API policies will be removed from Neutron. Please use method 'is_service_role' instead.
2026-04-21 18:20:50.119 10 INFO neutron.services.segments.plugin [-] Segment df9be99c-4ed4-464c-9a08-c6f2040aacba resource provider aggregate not found
2026-04-21 18:20:50.142 10 INFO neutron.services.segments.plugin [-] Segment df9be99c-4ed4-464c-9a08-c6f2040aacba resource provider not found; error: Placement Client Error (4xx): {"errors": [{"status": 404, "title": "Not Found", "detail": "The resource could not be found.\n\n No resource provider with uuid df9be99c-4ed4-464c-9a08-c6f2040aacba found for delete ", "request_id": "req-eea4bd87-a2b3-44ce-a39d-f244f050e4aa"}]}
2026-04-21 18:20:50.143 10 INFO neutron.services.segments.plugin [-] Segment df9be99c-4ed4-464c-9a08-c6f2040aacba resource provider aggregate not found
2026-04-21 18:20:50.148 9 WARNING neutron.scheduler.dhcp_agent_scheduler [None req-06a8280b-03b4-479e-9cef-bd51ddaa936a 28ba8ff74e764a6d8242b8241a0bda70 cfd698e7711f427985c50d0da993e155 - - default default] No more DHCP agents
2026-04-21 18:20:50.150 9 WARNING neutron.api.rpc.agentnotifiers.dhcp_rpc_agent_api [None req-06a8280b-03b4-479e-9cef-bd51ddaa936a 28ba8ff74e764a6d8242b8241a0bda70 cfd698e7711f427985c50d0da993e155 - - default default] Unable to schedule network ade42b02-9c18-40bb-b1b7-ac6cf18d6087: no agents available; will retry on subsequent port and subnet creation events.
2026-04-21 18:20:50.162 10 INFO neutron.services.segments.plugin [-] Segment df9be99c-4ed4-464c-9a08-c6f2040aacba resource provider not found; error: Placement Client Error (4xx): {"errors": [{"status": 404, "title": "Not Found", "detail": "The resource could not be found.\n\n No resource provider with uuid df9be99c-4ed4-464c-9a08-c6f2040aacba found for delete ", "request_id": "req-bbb70757-07c7-4f94-a953-58fda65563c8"}]}
2026-04-21 18:20:50.185 9 INFO neutron.db.ovn_revision_numbers_db [None req-06a8280b-03b4-479e-9cef-bd51ddaa936a 28ba8ff74e764a6d8242b8241a0bda70 cfd698e7711f427985c50d0da993e155 - - default default] Successfully bumped revision number for resource ed7e4483-9171-4940-a3a3-2116224dfcda (type: subnets) to 0
2026-04-21 18:20:50.187 10 INFO neutron.wsgi [None req-0badbd6a-90b4-4615-8970-77f96213886f 4796f0f4ef844eb88711c38a4a7af5ad ede02ad3804840cf858f6d5c67efaa41 - - default default] 10.0.0.198 "DELETE /v2.0/networks/6d7abe43-df89-4d88-ad56-61d21cfd8f2e HTTP/1.1" status: 204 len: 168 time: 0.4444270
2026-04-21 18:20:50.210 9 INFO neutron.wsgi [None req-06a8280b-03b4-479e-9cef-bd51ddaa936a 28ba8ff74e764a6d8242b8241a0bda70 cfd698e7711f427985c50d0da993e155 - - default default] 10.0.0.198 "POST /v2.0/subnets HTTP/1.1" status: 201 len: 904 time: 0.3255532
2026-04-21 18:20:50.224 10 WARNING neutron_lib.context [None req-465f1085-6026-4ac8-ac54-419b8582cde8 28ba8ff74e764a6d8242b8241a0bda70 cfd698e7711f427985c50d0da993e155 - - default default] Method 'is_advsvc' is deprecated since 2023.2 release (neutron-lib 3.8.0) and will be removed once support for the old RBAC API policies will be removed from Neutron. Please use method 'is_service_role' instead.
2026-04-21 18:20:50.558 9 INFO neutron.services.segments.plugin [-] Segment 8a1bd0a9-e82b-4c7b-89c1-a95daef3746c resource provider aggregate not found
2026-04-21 18:20:50.562 9 INFO neutron.services.segments.plugin [-] Segment 8a1bd0a9-e82b-4c7b-89c1-a95daef3746c resource provider aggregate not found
2026-04-21 18:20:50.582 9 INFO neutron.services.segments.plugin [-] Segment 8a1bd0a9-e82b-4c7b-89c1-a95daef3746c resource provider not found; error: Placement Client Error (4xx): {"errors": [{"status": 404, "title": "Not Found", "detail": "The resource could not be found.\n\n No resource provider with uuid 8a1bd0a9-e82b-4c7b-89c1-a95daef3746c found for delete ", "request_id": "req-7dccbe41-5292-4cf8-b8b0-5ac9221d2b48"}]}
2026-04-21 18:20:50.584 9 INFO neutron.services.segments.plugin [-] Segment 8a1bd0a9-e82b-4c7b-89c1-a95daef3746c resource provider not found; error: Placement Client Error (4xx): {"errors": [{"status": 404, "title": "Not Found", "detail": "The resource could not be found.\n\n No resource provider with uuid 8a1bd0a9-e82b-4c7b-89c1-a95daef3746c found for delete ", "request_id": "req-3e65ea8a-8ad8-4b31-9032-18d9f57fa943"}]}
2026-04-21 18:20:50.603 9 INFO neutron.wsgi [None req-751a4c1e-e61e-4128-9783-b53e5dea5e26 4796f0f4ef844eb88711c38a4a7af5ad ede02ad3804840cf858f6d5c67efaa41 - - default default] 10.0.0.198 "DELETE /v2.0/networks/c1b58d2a-fcd5-44a4-9fb1-d00ea90736e5 HTTP/1.1" status: 204 len: 168 time: 0.4105995
2026-04-21 18:20:50.750 10 WARNING neutron.scheduler.dhcp_agent_scheduler [None req-465f1085-6026-4ac8-ac54-419b8582cde8 28ba8ff74e764a6d8242b8241a0bda70 cfd698e7711f427985c50d0da993e155 - - default default] No more DHCP agents
2026-04-21 18:20:50.757 10 WARNING neutron.api.rpc.agentnotifiers.dhcp_rpc_agent_api [None req-465f1085-6026-4ac8-ac54-419b8582cde8 28ba8ff74e764a6d8242b8241a0bda70 cfd698e7711f427985c50d0da993e155 - - default default] Unable to schedule network 4e6ca672-4ef0-4cea-af03-c4e4d382f64c: no agents available; will retry on subsequent port and subnet creation events.
2026-04-21 18:20:51.007 10 INFO neutron.db.ovn_revision_numbers_db [None req-465f1085-6026-4ac8-ac54-419b8582cde8 28ba8ff74e764a6d8242b8241a0bda70 cfd698e7711f427985c50d0da993e155 - - default default] Successfully bumped revision number for resource 9be563c1-08a5-4ad4-9f9b-270695cb0e7a (type: ports) to 1
2026-04-21 18:20:51.212 10 INFO neutron.wsgi [None req-afcc6722-d337-4749-9405-52f1bc110ae3 4796f0f4ef844eb88711c38a4a7af5ad ede02ad3804840cf858f6d5c67efaa41 - - default default] 10.0.0.198 "DELETE /v2.0/networks/d96fd53d-f49c-45f2-8edc-ded3ca90a9b3 HTTP/1.1" status: 204 len: 168 time: 0.6038275
2026-04-21 18:20:51.609 9 INFO neutron.wsgi [None req-4264431b-0186-4ae1-9042-f69ff61f01ee 4796f0f4ef844eb88711c38a4a7af5ad ede02ad3804840cf858f6d5c67efaa41 - - default default] 10.0.0.198 "DELETE /v2.0/networks/29d75dab-f58f-431e-8f15-f6f43cb872ef HTTP/1.1" status: 204 len: 168 time: 0.3928535
2026-04-21 18:20:51.681 10 INFO neutron.plugins.ml2.drivers.ovn.mech_driver.mech_driver [None req-addf92fb-e432-4d94-b969-7e471586b076 - - - - - -] OVN reports status up for port: 9be563c1-08a5-4ad4-9f9b-270695cb0e7a
2026-04-21 18:20:51.691 9 INFO neutron.plugins.ml2.drivers.ovn.mech_driver.ovsdb.ovsdb_monitor [None req-1d4be84b-8343-476a-8585-7fa4fb849e78 - - - - - -] Router e94b801b-eb68-4eb6-9b03-6e5121e9ceef is bound to host instance
2026-04-21 18:20:51.702 10 INFO neutron.plugins.ml2.plugin [None req-addf92fb-e432-4d94-b969-7e471586b076 - - - - - -] Attempt 1 to provision port 9be563c1-08a5-4ad4-9f9b-270695cb0e7a
2026-04-21 18:20:51.727 10 INFO neutron.db.ovn_revision_numbers_db [None req-465f1085-6026-4ac8-ac54-419b8582cde8 28ba8ff74e764a6d8242b8241a0bda70 cfd698e7711f427985c50d0da993e155 - - default default] Successfully bumped revision number for resource 9be563c1-08a5-4ad4-9f9b-270695cb0e7a (type: router_ports) to 1
2026-04-21 18:20:51.819 10 INFO neutron.db.ovn_revision_numbers_db [None req-465f1085-6026-4ac8-ac54-419b8582cde8 28ba8ff74e764a6d8242b8241a0bda70 cfd698e7711f427985c50d0da993e155 - - default default] Successfully bumped revision number for resource e94b801b-eb68-4eb6-9b03-6e5121e9ceef (type: routers) to 2
2026-04-21 18:20:51.840 10 INFO neutron.wsgi [None req-465f1085-6026-4ac8-ac54-419b8582cde8 28ba8ff74e764a6d8242b8241a0bda70 cfd698e7711f427985c50d0da993e155 - - default default] 10.0.0.198 "POST /v2.0/routers HTTP/1.1" status: 201 len: 865 time: 1.6238217
2026-04-21 18:20:52.182 10 INFO neutron.services.segments.plugin [-] Segment 4a376300-b822-4ec0-8471-18d3c7d244ea resource provider aggregate not found
2026-04-21 18:20:52.202 10 INFO neutron.services.segments.plugin [-] Segment 4a376300-b822-4ec0-8471-18d3c7d244ea resource provider not found; error: Placement Client Error (4xx): {"errors": [{"status": 404, "title": "Not Found", "detail": "The resource could not be found.\n\n No resource provider with uuid 4a376300-b822-4ec0-8471-18d3c7d244ea found for delete ", "request_id": "req-fe654f93-cd98-4e52-8a3c-7a402509f766"}]}
2026-04-21 18:20:52.218 10 INFO neutron.services.segments.plugin [-] Segment 4a376300-b822-4ec0-8471-18d3c7d244ea resource provider aggregate not found
2026-04-21 18:20:52.241 10 INFO neutron.services.segments.plugin [-] Segment 4a376300-b822-4ec0-8471-18d3c7d244ea resource provider not found; error: Placement Client Error (4xx): {"errors": [{"status": 404, "title": "Not Found", "detail": "The resource could not be found.\n\n No resource provider with uuid 4a376300-b822-4ec0-8471-18d3c7d244ea found for delete ", "request_id": "req-d4062505-0241-4829-8528-ab62e4662b71"}]}
2026-04-21 18:20:52.429 9 INFO neutron.wsgi [None req-5784b178-4431-42ed-b480-0ca128826fc5 4796f0f4ef844eb88711c38a4a7af5ad ede02ad3804840cf858f6d5c67efaa41 - - default default] 10.0.0.198 "DELETE /v2.0/networks/cd52d972-a1af-466a-a9cd-bc9303dfae91 HTTP/1.1" status: 204 len: 168 time: 0.8074393
2026-04-21 18:20:52.580 9 WARNING neutron_lib.context [None req-233d4b57-a77f-4a25-a7d2-c7d2c7c0eeca 71b9ce37a4e648e6832bcf01a4632ccd 0dc95b239a994b6dbf1ae2e2d45a9bfa - - default default] Method 'is_advsvc' is deprecated since 2023.2 release (neutron-lib 3.8.0) and will be removed once support for the old RBAC API policies will be removed from Neutron. Please use method 'is_service_role' instead.
2026-04-21 18:20:52.587 9 INFO neutron.db.ovn_revision_numbers_db [None req-1d4be84b-8343-476a-8585-7fa4fb849e78 - - - - - -] Successfully bumped revision number for resource 9be563c1-08a5-4ad4-9f9b-270695cb0e7a (type: ports) to 1
2026-04-21 18:20:52.602 9 INFO neutron.services.segments.plugin [-] Segment fa28a31c-b10c-45d7-8459-6dea8245bd42 resource provider aggregate not found
2026-04-21 18:20:52.608 9 INFO neutron.services.segments.plugin [-] Segment fa28a31c-b10c-45d7-8459-6dea8245bd42 resource provider aggregate not found
2026-04-21 18:20:52.622 9 INFO neutron.services.segments.plugin [-] Segment fa28a31c-b10c-45d7-8459-6dea8245bd42 resource provider not found; error: Placement Client Error (4xx): {"errors": [{"status": 404, "title": "Not Found", "detail": "The resource could not be found.\n\n No resource provider with uuid fa28a31c-b10c-45d7-8459-6dea8245bd42 found for delete ", "request_id": "req-55162f0a-d832-49dd-93e2-39d7a0957f8e"}]}
2026-04-21 18:20:52.628 9 INFO neutron.services.segments.plugin [-] Segment fa28a31c-b10c-45d7-8459-6dea8245bd42 resource provider not found; error: Placement Client Error (4xx): {"errors": [{"status": 404, "title": "Not Found", "detail": "The resource could not be found.\n\n No resource provider with uuid fa28a31c-b10c-45d7-8459-6dea8245bd42 found for delete ", "request_id": "req-e7c0de35-b97a-454b-831b-9efc340c39ac"}]}
2026-04-21 18:20:52.644 9 INFO neutron.services.segments.plugin [-] Segment d24808dd-8645-4e6b-9969-638fef740e10 resource provider aggregate not found
2026-04-21 18:20:52.654 9 INFO neutron.services.segments.plugin [-] Segment d24808dd-8645-4e6b-9969-638fef740e10 resource provider aggregate not found
2026-04-21 18:20:52.668 9 INFO neutron.services.segments.plugin [-] Segment d24808dd-8645-4e6b-9969-638fef740e10 resource provider not found; error: Placement Client Error (4xx): {"errors": [{"status": 404, "title": "Not Found", "detail": "The resource could not be found.\n\n No resource provider with uuid d24808dd-8645-4e6b-9969-638fef740e10 found for delete ", "request_id": "req-2983831c-f919-4370-b925-14c7095eaac2"}]}
2026-04-21 18:20:52.671 9 INFO neutron.services.segments.plugin [-] Segment d24808dd-8645-4e6b-9969-638fef740e10 resource provider not found; error: Placement Client Error (4xx): {"errors": [{"status": 404, "title": "Not Found", "detail": "The resource could not be found.\n\n No resource provider with uuid d24808dd-8645-4e6b-9969-638fef740e10 found for delete ", "request_id": "req-c883b8c8-454f-40fe-b8e7-072f0729a761"}]}
2026-04-21 18:20:52.703 10 WARNING neutron.scheduler.dhcp_agent_scheduler [None req-c92728dc-906d-4750-83da-a5c0782e6c6e 28ba8ff74e764a6d8242b8241a0bda70 cfd698e7711f427985c50d0da993e155 - - default default] No more DHCP agents
2026-04-21 18:20:52.706 10 WARNING neutron.api.rpc.agentnotifiers.dhcp_rpc_agent_api [None req-c92728dc-906d-4750-83da-a5c0782e6c6e 28ba8ff74e764a6d8242b8241a0bda70 cfd698e7711f427985c50d0da993e155 - - default default] Unable to schedule network ab8b4fb3-aed4-436a-85fe-0c3bd0189dd7: no agents available; will retry on subsequent port and subnet creation events.
2026-04-21 18:20:52.812 9 INFO neutron.db.ovn_revision_numbers_db [None req-233d4b57-a77f-4a25-a7d2-c7d2c7c0eeca 71b9ce37a4e648e6832bcf01a4632ccd 0dc95b239a994b6dbf1ae2e2d45a9bfa - - default default] Successfully bumped revision number for resource 76db4ce8-a7b8-4840-b373-d52e923cccf5 (type: security_groups) to 1
2026-04-21 18:20:52.836 9 INFO neutron.db.ovn_revision_numbers_db [None req-233d4b57-a77f-4a25-a7d2-c7d2c7c0eeca 71b9ce37a4e648e6832bcf01a4632ccd 0dc95b239a994b6dbf1ae2e2d45a9bfa - - default default] Successfully bumped revision number for resource 173fb525-7cd7-4475-a945-26b647274c10 (type: security_group_rules) to 0
2026-04-21 18:20:52.859 10 INFO neutron.db.ovn_revision_numbers_db [None req-c92728dc-906d-4750-83da-a5c0782e6c6e 28ba8ff74e764a6d8242b8241a0bda70 cfd698e7711f427985c50d0da993e155 - - default default] Successfully bumped revision number for resource 640b8987-d815-4980-a07a-0feb29dd67cb (type: ports) to 1
2026-04-21 18:20:52.861 9 INFO neutron.db.ovn_revision_numbers_db [None req-233d4b57-a77f-4a25-a7d2-c7d2c7c0eeca 71b9ce37a4e648e6832bcf01a4632ccd 0dc95b239a994b6dbf1ae2e2d45a9bfa - - default default] Successfully bumped revision number for resource 30a52b9f-aa72-4939-8e21-defb802b0c2d (type: security_group_rules) to 0
2026-04-21 18:20:52.873 9 INFO neutron.db.ovn_revision_numbers_db [None req-1d4be84b-8343-476a-8585-7fa4fb849e78 - - - - - -] Successfully bumped revision number for resource 9be563c1-08a5-4ad4-9f9b-270695cb0e7a (type: router_ports) to 3
2026-04-21 18:20:52.876 9 INFO neutron.db.ovn_revision_numbers_db [None req-233d4b57-a77f-4a25-a7d2-c7d2c7c0eeca 71b9ce37a4e648e6832bcf01a4632ccd 0dc95b239a994b6dbf1ae2e2d45a9bfa - - default default] Successfully bumped revision number for resource 607c57a1-4440-4807-910c-6490bd10d473 (type: security_group_rules) to 0
2026-04-21 18:20:52.899 9 INFO neutron.db.ovn_revision_numbers_db [None req-233d4b57-a77f-4a25-a7d2-c7d2c7c0eeca 71b9ce37a4e648e6832bcf01a4632ccd 0dc95b239a994b6dbf1ae2e2d45a9bfa - - default default] Successfully bumped revision number for resource 651fa008-1a5a-4dda-ac05-b632eabaa838 (type: security_group_rules) to 0
2026-04-21 18:20:52.971 9 INFO neutron.db.segments_db [None req-233d4b57-a77f-4a25-a7d2-c7d2c7c0eeca 71b9ce37a4e648e6832bcf01a4632ccd 0dc95b239a994b6dbf1ae2e2d45a9bfa - - default default] Added segment aacd1da2-c58f-4f26-8fc3-e7e0f4d793e0 of type geneve for network 8ac8825e-6616-4c40-ab56-4a708f528088
2026-04-21 18:20:53.050 9 INFO neutron.db.ovn_revision_numbers_db [None req-1d4be84b-8343-476a-8585-7fa4fb849e78 - - - - - -] Successfully bumped revision number for resource 9be563c1-08a5-4ad4-9f9b-270695cb0e7a (type: ports) to 2
2026-04-21 18:20:53.155 9 INFO neutron.db.ovn_revision_numbers_db [None req-233d4b57-a77f-4a25-a7d2-c7d2c7c0eeca 71b9ce37a4e648e6832bcf01a4632ccd 0dc95b239a994b6dbf1ae2e2d45a9bfa - - default default] Successfully bumped revision number for resource 8ac8825e-6616-4c40-ab56-4a708f528088 (type: networks) to 1
2026-04-21 18:20:53.382 9 WARNING neutron.scheduler.dhcp_agent_scheduler [None req-233d4b57-a77f-4a25-a7d2-c7d2c7c0eeca 71b9ce37a4e648e6832bcf01a4632ccd 0dc95b239a994b6dbf1ae2e2d45a9bfa - - default default] No more DHCP agents
2026-04-21 18:20:53.385 9 WARNING neutron.api.rpc.agentnotifiers.dhcp_rpc_agent_api [None req-233d4b57-a77f-4a25-a7d2-c7d2c7c0eeca 71b9ce37a4e648e6832bcf01a4632ccd 0dc95b239a994b6dbf1ae2e2d45a9bfa - - default default] Unable to schedule network 8ac8825e-6616-4c40-ab56-4a708f528088: no agents available; will retry on subsequent port and subnet creation events.
2026-04-21 18:20:53.393 10 INFO neutron.db.ovn_revision_numbers_db [None req-c92728dc-906d-4750-83da-a5c0782e6c6e 28ba8ff74e764a6d8242b8241a0bda70 cfd698e7711f427985c50d0da993e155 - - default default] Successfully bumped revision number for resource 640b8987-d815-4980-a07a-0feb29dd67cb (type: router_ports) to 1
2026-04-21 18:20:53.403 9 INFO neutron.db.ovn_revision_numbers_db [None req-1d4be84b-8343-476a-8585-7fa4fb849e78 - - - - - -] Successfully bumped revision number for resource 9be563c1-08a5-4ad4-9f9b-270695cb0e7a (type: ports) to 4
2026-04-21 18:20:53.516 9 INFO neutron.db.ovn_revision_numbers_db [None req-233d4b57-a77f-4a25-a7d2-c7d2c7c0eeca 71b9ce37a4e648e6832bcf01a4632ccd 0dc95b239a994b6dbf1ae2e2d45a9bfa - - default default] Successfully bumped revision number for resource 307224a6-8489-4cbd-8971-2479a8c12d63 (type: ports) to 1
2026-04-21 18:20:53.540 10 INFO neutron.db.ovn_revision_numbers_db [None req-c92728dc-906d-4750-83da-a5c0782e6c6e 28ba8ff74e764a6d8242b8241a0bda70 cfd698e7711f427985c50d0da993e155 - - default default] Successfully bumped revision number for resource 640b8987-d815-4980-a07a-0feb29dd67cb (type: ports) to 1
2026-04-21 18:20:53.543 9 INFO neutron.wsgi [None req-233d4b57-a77f-4a25-a7d2-c7d2c7c0eeca 71b9ce37a4e648e6832bcf01a4632ccd 0dc95b239a994b6dbf1ae2e2d45a9bfa - - default default] 10.0.0.198 "POST /v2.0/networks HTTP/1.1" status: 201 len: 831 time: 1.0799446
2026-04-21 18:20:53.556 10 WARNING neutron_lib.context [None req-78ade338-46bb-40b1-9560-fe3c5eb89c64 71b9ce37a4e648e6832bcf01a4632ccd 0dc95b239a994b6dbf1ae2e2d45a9bfa - - default default] Method 'is_advsvc' is deprecated since 2023.2 release (neutron-lib 3.8.0) and will be removed once support for the old RBAC API policies will be removed from Neutron. Please use method 'is_service_role' instead.
