2026-04-21 18:11:13.750 9 INFO neutron.wsgi [None req-5cd3ab52-a341-4f6b-a36a-0cc77c9c2002 335d0c3471b04450a8ee9042d1229672 534bb253f1c847668fe5069647ed9f1e - - default default] 10.0.0.136 "GET /v2.0/agents?binary=ovn-controller HTTP/1.1" status: 200 len: 591 time: 0.0106452
2026-04-21 18:11:27.795 9 INFO neutron.wsgi [-] 10.0.0.37 "GET / HTTP/1.1" status: 200 len: 247 time: 0.0017023
2026-04-21 18:11:27.797 10 INFO neutron.wsgi [-] 10.0.0.37 "GET / HTTP/1.1" status: 200 len: 247 time: 0.0028787
2026-04-21 18:11:42.796 10 INFO neutron.wsgi [-] 10.0.0.37 "GET / HTTP/1.1" status: 200 len: 247 time: 0.0029750
2026-04-21 18:11:42.799 10 INFO neutron.wsgi [-] 10.0.0.37 "GET / HTTP/1.1" status: 200 len: 247 time: 0.0013480
2026-04-21 18:11:57.796 10 INFO neutron.wsgi [-] 10.0.0.37 "GET / HTTP/1.1" status: 200 len: 247 time: 0.0023749
2026-04-21 18:11:57.797 9 INFO neutron.wsgi [-] 10.0.0.37 "GET / HTTP/1.1" status: 200 len: 247 time: 0.0035222
2026-04-21 18:12:12.795 10 INFO neutron.wsgi [-] 10.0.0.37 "GET / HTTP/1.1" status: 200 len: 247 time: 0.0018537
2026-04-21 18:12:12.797 9 INFO neutron.wsgi [-] 10.0.0.37 "GET / HTTP/1.1" status: 200 len: 247 time: 0.0031364
2026-04-21 18:12:13.403 9 INFO neutron.wsgi [None req-c25429ec-133d-472e-a6f4-a893aac7248e 335d0c3471b04450a8ee9042d1229672 534bb253f1c847668fe5069647ed9f1e - - default default] 10.0.0.136 "GET /v2.0/routers HTTP/1.1" status: 200 len: 189 time: 0.1008048
2026-04-21 18:12:13.428 9 INFO neutron.wsgi [None req-167a50ab-8d3e-4739-80c5-3ea5d4971c9b 335d0c3471b04450a8ee9042d1229672 534bb253f1c847668fe5069647ed9f1e - - default default] 10.0.0.136 "GET /v2.0/agents?binary=ovn-controller HTTP/1.1" status: 200 len: 591 time: 0.0238721
2026-04-21 18:12:13.444 9 INFO neutron.wsgi [None req-3dc37e98-6b9a-4c3a-a9ab-5757a17cf83e 335d0c3471b04450a8ee9042d1229672 534bb253f1c847668fe5069647ed9f1e - - default default] 10.0.0.136 "GET /v2.0/agents HTTP/1.1" status: 200 len: 997 time: 0.0148618
2026-04-21 18:12:13.473 9 INFO neutron.wsgi [None req-9b17e1bb-500e-4848-8bc1-4512ed1b6610 335d0c3471b04450a8ee9042d1229672 534bb253f1c847668fe5069647ed9f1e - - default default] 10.0.0.136 "GET /v2.0/floatingips HTTP/1.1" status: 200 len: 193 time: 0.0282190
2026-04-21 18:12:13.511 9 INFO neutron.wsgi [None req-408882ea-f2e3-4b0b-b328-a3b0e0e9dd6f 335d0c3471b04450a8ee9042d1229672 534bb253f1c847668fe5069647ed9f1e - - default default] 10.0.0.136 "GET /v2.0/subnets HTTP/1.1" status: 200 len: 1437 time: 0.0369072
2026-04-21 18:12:13.523 9 INFO neutron.wsgi [None req-d63b6968-d106-4c9e-9a39-13cffbf6f9bd 335d0c3471b04450a8ee9042d1229672 534bb253f1c847668fe5069647ed9f1e - - default default] 10.0.0.136 "GET /v2.0/network-ip-availabilities HTTP/1.1" status: 200 len: 1280 time: 0.0112484
2026-04-21 18:12:13.561 9 INFO neutron.wsgi [None req-2a069c0f-e9e1-4049-9af1-0cf1047173cc 335d0c3471b04450a8ee9042d1229672 534bb253f1c847668fe5069647ed9f1e - - default default] 10.0.0.136 "GET /v2.0/subnets HTTP/1.1" status: 200 len: 1437 time: 0.0363998
2026-04-21 18:12:13.571 9 INFO neutron.wsgi [None req-7e0a6606-eb86-4925-8694-93be0a9a9980 335d0c3471b04450a8ee9042d1229672 534bb253f1c847668fe5069647ed9f1e - - default default] 10.0.0.136 "GET /v2.0/subnetpools HTTP/1.1" status: 200 len: 193 time: 0.0092237
2026-04-21 18:12:13.639 9 INFO neutron.wsgi [None req-c5db8266-e122-41c4-8e4d-670222a2a1ca 335d0c3471b04450a8ee9042d1229672 534bb253f1c847668fe5069647ed9f1e - - default default] 10.0.0.136 "GET /v2.0/networks HTTP/1.1" status: 200 len: 2350 time: 0.0675130
2026-04-21 18:12:13.697 9 INFO neutron.wsgi [None req-7bb035f2-872c-4888-b285-6a045822da64 335d0c3471b04450a8ee9042d1229672 534bb253f1c847668fe5069647ed9f1e - - default default] 10.0.0.136 "GET /v2.0/security-groups HTTP/1.1" status: 200 len: 16803 time: 0.0561860
2026-04-21 18:12:13.750 9 INFO neutron.wsgi [None req-66562675-47bb-4d99-9024-a7299761702b 335d0c3471b04450a8ee9042d1229672 534bb253f1c847668fe5069647ed9f1e - - default default] 10.0.0.136 "GET /v2.0/ports HTTP/1.1" status: 200 len: 5351 time: 0.0445588
2026-04-21 18:12:27.795 9 INFO neutron.wsgi [-] 10.0.0.37 "GET / HTTP/1.1" status: 200 len: 247 time: 0.0016859
2026-04-21 18:12:27.798 10 INFO neutron.wsgi [-] 10.0.0.37 "GET / HTTP/1.1" status: 200 len: 247 time: 0.0036192
2026-04-21 18:12:42.796 9 INFO neutron.wsgi [-] 10.0.0.37 "GET / HTTP/1.1" status: 200 len: 247 time: 0.0025213
2026-04-21 18:12:42.798 10 INFO neutron.wsgi [-] 10.0.0.37 "GET / HTTP/1.1" status: 200 len: 247 time: 0.0036483
2026-04-21 18:12:57.796 10 INFO neutron.wsgi [-] 10.0.0.37 "GET / HTTP/1.1" status: 200 len: 247 time: 0.0023906
2026-04-21 18:12:57.799 9 INFO neutron.wsgi [-] 10.0.0.37 "GET / HTTP/1.1" status: 200 len: 247 time: 0.0046515
2026-04-21 18:13:03.566 10 INFO neutron.pecan_wsgi.hooks.translation [None req-3865bdf9-ca1d-41b9-9174-51c4adbaa446 335d0c3471b04450a8ee9042d1229672 534bb253f1c847668fe5069647ed9f1e - - default default] GET failed (client error): The resource could not be found.
2026-04-21 18:13:03.568 10 INFO neutron.wsgi [None req-3865bdf9-ca1d-41b9-9174-51c4adbaa446 335d0c3471b04450a8ee9042d1229672 534bb253f1c847668fe5069647ed9f1e - - default default] 199.19.213.151,10.0.0.37 "GET /v2.0/networks/public HTTP/1.1" status: 404 len: 290 time: 0.0606120
2026-04-21 18:13:03.642 10 INFO neutron.wsgi [None req-fcf61adc-c536-44e6-9907-9a94d40d27b0 335d0c3471b04450a8ee9042d1229672 534bb253f1c847668fe5069647ed9f1e - - default default] 199.19.213.151,10.0.0.37 "GET /v2.0/networks?name=public HTTP/1.1" status: 200 len: 928 time: 0.0707786
2026-04-21 18:13:04.809 9 INFO neutron.pecan_wsgi.hooks.translation [None req-670e66c0-1511-42fc-8f23-fcabe422af07 335d0c3471b04450a8ee9042d1229672 534bb253f1c847668fe5069647ed9f1e - - default default] GET failed (client error): The resource could not be found.
2026-04-21 18:13:04.811 9 INFO neutron.wsgi [None req-670e66c0-1511-42fc-8f23-fcabe422af07 335d0c3471b04450a8ee9042d1229672 534bb253f1c847668fe5069647ed9f1e - - default default] 199.19.213.151,10.0.0.37 "GET /v2.0/networks/public HTTP/1.1" status: 404 len: 290 time: 0.0545952
2026-04-21 18:13:04.882 9 INFO neutron.wsgi [None req-28299236-602e-4a16-bcff-bfde1912733c 335d0c3471b04450a8ee9042d1229672 534bb253f1c847668fe5069647ed9f1e - - default default] 199.19.213.151,10.0.0.37 "GET /v2.0/networks?name=public HTTP/1.1" status: 200 len: 928 time: 0.0671895
2026-04-21 18:13:04.908 9 INFO neutron.pecan_wsgi.hooks.translation [None req-553f5516-27f6-4b3d-abb9-6d5dfd17651d 335d0c3471b04450a8ee9042d1229672 534bb253f1c847668fe5069647ed9f1e - - default default] GET failed (client error): The resource could not be found.
2026-04-21 18:13:04.909 9 INFO neutron.wsgi [None req-553f5516-27f6-4b3d-abb9-6d5dfd17651d 335d0c3471b04450a8ee9042d1229672 534bb253f1c847668fe5069647ed9f1e - - default default] 199.19.213.151,10.0.0.37 "GET /v2.0/subnets/public-subnet?network_id=4e6ca672-4ef0-4cea-af03-c4e4d382f64c HTTP/1.1" status: 404 len: 295 time: 0.0170403
2026-04-21 18:13:04.950 9 INFO neutron.wsgi [None req-764f2a22-c2cf-432a-9d41-90747eaf9a13 335d0c3471b04450a8ee9042d1229672 534bb253f1c847668fe5069647ed9f1e - - default default] 199.19.213.151,10.0.0.37 "GET /v2.0/subnets?name=public-subnet&network_id=4e6ca672-4ef0-4cea-af03-c4e4d382f64c HTTP/1.1" status: 200 len: 819 time: 0.0390756
2026-04-21 18:13:12.797 9 INFO neutron.wsgi [-] 10.0.0.37 "GET / HTTP/1.1" status: 200 len: 247 time: 0.0028136
2026-04-21 18:13:12.800 9 INFO neutron.wsgi [-] 10.0.0.37 "GET / HTTP/1.1" status: 200 len: 247 time: 0.0022554
2026-04-21 18:13:13.472 9 INFO neutron.wsgi [None req-c0f38c58-c385-4a1d-a599-be68330acd9c 335d0c3471b04450a8ee9042d1229672 534bb253f1c847668fe5069647ed9f1e - - default default] 10.0.0.136 "GET /v2.0/networks HTTP/1.1" status: 200 len: 2350 time: 0.1244266
2026-04-21 18:13:13.504 9 INFO neutron.wsgi [None req-740fb114-d361-4290-9f5e-11a846a62167 335d0c3471b04450a8ee9042d1229672 534bb253f1c847668fe5069647ed9f1e - - default default] 10.0.0.136 "GET /v2.0/agents HTTP/1.1" status: 200 len: 997 time: 0.0297518
2026-04-21 18:13:13.611 9 INFO neutron.wsgi [None req-6ea38376-6c91-4c72-9832-f46da9d56471 335d0c3471b04450a8ee9042d1229672 534bb253f1c847668fe5069647ed9f1e - - default default] 10.0.0.136 "GET /v2.0/subnets HTTP/1.1" status: 200 len: 1437 time: 0.1055307
2026-04-21 18:13:13.620 9 INFO neutron.wsgi [None req-593b2b3b-2680-4670-8512-4c006960c8d4 335d0c3471b04450a8ee9042d1229672 534bb253f1c847668fe5069647ed9f1e - - default default] 10.0.0.136 "GET /v2.0/subnetpools HTTP/1.1" status: 200 len: 193 time: 0.0081136
2026-04-21 18:13:13.668 9 INFO neutron.wsgi [None req-8d715764-2f2a-480a-970c-254e9699348e 335d0c3471b04450a8ee9042d1229672 534bb253f1c847668fe5069647ed9f1e - - default default] 10.0.0.136 "GET /v2.0/ports HTTP/1.1" status: 200 len: 5351 time: 0.0474799
2026-04-21 18:13:13.699 9 INFO neutron.wsgi [None req-64b98fa3-cd92-492d-98a5-be62ec317477 335d0c3471b04450a8ee9042d1229672 534bb253f1c847668fe5069647ed9f1e - - default default] 10.0.0.136 "GET /v2.0/routers HTTP/1.1" status: 200 len: 189 time: 0.0262370
2026-04-21 18:13:13.713 9 INFO neutron.wsgi [None req-4297b963-e393-4af8-b9c7-e25cbecb056e 335d0c3471b04450a8ee9042d1229672 534bb253f1c847668fe5069647ed9f1e - - default default] 10.0.0.136 "GET /v2.0/agents?binary=ovn-controller HTTP/1.1" status: 200 len: 591 time: 0.0126932
2026-04-21 18:13:13.728 9 INFO neutron.wsgi [None req-3167fc6c-1bf5-4964-85fb-549206d08168 335d0c3471b04450a8ee9042d1229672 534bb253f1c847668fe5069647ed9f1e - - default default] 10.0.0.136 "GET /v2.0/network-ip-availabilities HTTP/1.1" status: 200 len: 1280 time: 0.0143025
2026-04-21 18:13:13.775 9 INFO neutron.wsgi [None req-404cb92c-898b-49eb-8e86-bcd12f0c1634 335d0c3471b04450a8ee9042d1229672 534bb253f1c847668fe5069647ed9f1e - - default default] 10.0.0.136 "GET /v2.0/security-groups HTTP/1.1" status: 200 len: 16803 time: 0.0466809
2026-04-21 18:13:13.821 9 INFO neutron.wsgi [None req-cbf2f210-08dd-4c38-9e0b-d03b2d20a3b5 335d0c3471b04450a8ee9042d1229672 534bb253f1c847668fe5069647ed9f1e - - default default] 10.0.0.136 "GET /v2.0/subnets HTTP/1.1" status: 200 len: 1437 time: 0.0375917
2026-04-21 18:13:13.844 9 INFO neutron.wsgi [None req-ee88df89-4897-428f-8c4c-fd4c1bcd48d3 335d0c3471b04450a8ee9042d1229672 534bb253f1c847668fe5069647ed9f1e - - default default] 10.0.0.136 "GET /v2.0/floatingips HTTP/1.1" status: 200 len: 193 time: 0.0203714
2026-04-21 18:13:27.795 10 INFO neutron.wsgi [-] 10.0.0.37 "GET / HTTP/1.1" status: 200 len: 247 time: 0.0014997
2026-04-21 18:13:27.795 9 INFO neutron.wsgi [-] 10.0.0.37 "GET / HTTP/1.1" status: 200 len: 247 time: 0.0015972
2026-04-21 18:13:37.204 10 INFO neutron.pecan_wsgi.hooks.translation [None req-5fd453c2-5c7c-48c5-b792-22cbd8148c40 335d0c3471b04450a8ee9042d1229672 534bb253f1c847668fe5069647ed9f1e - - default default] GET failed (client error): The resource could not be found.
2026-04-21 18:13:37.206 10 INFO neutron.wsgi [None req-5fd453c2-5c7c-48c5-b792-22cbd8148c40 335d0c3471b04450a8ee9042d1229672 534bb253f1c847668fe5069647ed9f1e - - default default] 199.19.213.151,10.0.0.37 "GET /v2.0/networks/lb-mgmt-net HTTP/1.1" status: 404 len: 295 time: 0.0659728
2026-04-21 18:13:37.336 10 INFO neutron.wsgi [None req-be88e9c5-ec6e-4221-93c0-99bd2f05f116 335d0c3471b04450a8ee9042d1229672 534bb253f1c847668fe5069647ed9f1e - - default default] 199.19.213.151,10.0.0.37 "GET /v2.0/networks?name=lb-mgmt-net HTTP/1.1" status: 200 len: 913 time: 0.1265080
2026-04-21 18:13:38.287 10 INFO neutron.pecan_wsgi.hooks.translation [None req-7fc3e149-8a60-445b-b7c9-23d10cf569a6 335d0c3471b04450a8ee9042d1229672 534bb253f1c847668fe5069647ed9f1e - - default default] GET failed (client error): The resource could not be found.
2026-04-21 18:13:38.288 10 INFO neutron.wsgi [None req-7fc3e149-8a60-445b-b7c9-23d10cf569a6 335d0c3471b04450a8ee9042d1229672 534bb253f1c847668fe5069647ed9f1e - - default default] 199.19.213.151,10.0.0.37 "GET /v2.0/networks/lb-mgmt-net HTTP/1.1" status: 404 len: 295 time: 0.0511901
2026-04-21 18:13:38.347 10 INFO neutron.wsgi [None req-c3c0cc89-3a65-4806-ab1e-538fd2288855 335d0c3471b04450a8ee9042d1229672 534bb253f1c847668fe5069647ed9f1e - - default default] 199.19.213.151,10.0.0.37 "GET /v2.0/networks?name=lb-mgmt-net HTTP/1.1" status: 200 len: 913 time: 0.0561445
2026-04-21 18:13:38.376 10 INFO neutron.pecan_wsgi.hooks.translation [None req-b443a95d-9330-4cd3-bc50-3dba0fc82fd7 335d0c3471b04450a8ee9042d1229672 534bb253f1c847668fe5069647ed9f1e - - default default] GET failed (client error): The resource could not be found.
2026-04-21 18:13:38.378 10 INFO neutron.wsgi [None req-b443a95d-9330-4cd3-bc50-3dba0fc82fd7 335d0c3471b04450a8ee9042d1229672 534bb253f1c847668fe5069647ed9f1e - - default default] 199.19.213.151,10.0.0.37 "GET /v2.0/subnets/lb-mgmt-subnet?network_id=827fc0c2-b4dc-48bb-8046-bffb0101f211 HTTP/1.1" status: 404 len: 296 time: 0.0218716
2026-04-21 18:13:38.425 10 INFO neutron.wsgi [None req-af9e4bf6-e0cb-4260-a214-1c6cbe3285f3 335d0c3471b04450a8ee9042d1229672 534bb253f1c847668fe5069647ed9f1e - - default default] 199.19.213.151,10.0.0.37 "GET /v2.0/subnets?name=lb-mgmt-subnet&network_id=827fc0c2-b4dc-48bb-8046-bffb0101f211 HTTP/1.1" status: 200 len: 805 time: 0.0445344
2026-04-21 18:13:39.623 10 INFO neutron.api.v2.resource [None req-445e1107-43a9-4023-991a-75c350bab42a 335d0c3471b04450a8ee9042d1229672 534bb253f1c847668fe5069647ed9f1e - - default default] show failed (client error): The resource could not be found.
2026-04-21 18:13:39.624 10 INFO neutron.wsgi [None req-445e1107-43a9-4023-991a-75c350bab42a 335d0c3471b04450a8ee9042d1229672 534bb253f1c847668fe5069647ed9f1e - - default default] 199.19.213.151,10.0.0.37 "GET /v2.0/security-groups/lb-health-mgr-sec-grp HTTP/1.1" status: 404 len: 313 time: 0.0496490
2026-04-21 18:13:39.669 10 INFO neutron.wsgi [None req-09dc6656-4cad-400b-8554-9a28f1b81c82 335d0c3471b04450a8ee9042d1229672 534bb253f1c847668fe5069647ed9f1e - - default default] 199.19.213.151,10.0.0.37 "GET /v2.0/security-groups?name=lb-health-mgr-sec-grp HTTP/1.1" status: 200 len: 4649 time: 0.0401006
2026-04-21 18:13:40.762 9 INFO neutron.wsgi [None req-57db10f1-5fb2-4ece-8fda-922ff2d8449b 335d0c3471b04450a8ee9042d1229672 534bb253f1c847668fe5069647ed9f1e - - default default] 199.19.213.151,10.0.0.37 "GET /v2.0/security-groups/b474baca-bb13-4cca-86bf-91ceccc51819 HTTP/1.1" status: 200 len: 4646 time: 0.0755229
2026-04-21 18:13:40.800 9 INFO neutron.wsgi [None req-0d680026-c4ad-48bf-8060-20966d39372a 335d0c3471b04450a8ee9042d1229672 534bb253f1c847668fe5069647ed9f1e - - default default] 199.19.213.151,10.0.0.37 "GET /v2.0/security-groups/b474baca-bb13-4cca-86bf-91ceccc51819 HTTP/1.1" status: 200 len: 4646 time: 0.0303881
2026-04-21 18:13:40.824 9 INFO neutron.wsgi [None req-f9891af3-b4c0-4531-8f2f-d5e49d0f8566 335d0c3471b04450a8ee9042d1229672 534bb253f1c847668fe5069647ed9f1e - - default default] 199.19.213.151,10.0.0.37 "GET /v2.0/security-group-rules/e5057cb1-c6b6-43d4-8ea6-b54c85822b10 HTTP/1.1" status: 200 len: 744 time: 0.0152583
2026-04-21 18:13:41.702 10 INFO neutron.wsgi [None req-69398046-38b8-4dc1-86d2-1b30d3dc5ea2 335d0c3471b04450a8ee9042d1229672 534bb253f1c847668fe5069647ed9f1e - - default default] 199.19.213.151,10.0.0.37 "GET /v2.0/security-groups/b474baca-bb13-4cca-86bf-91ceccc51819 HTTP/1.1" status: 200 len: 4646 time: 0.0717838
2026-04-21 18:13:41.742 10 INFO neutron.wsgi [None req-dde9ebde-1565-488f-bb9d-5aeba5469531 335d0c3471b04450a8ee9042d1229672 534bb253f1c847668fe5069647ed9f1e - - default default] 199.19.213.151,10.0.0.37 "GET /v2.0/security-groups/b474baca-bb13-4cca-86bf-91ceccc51819 HTTP/1.1" status: 200 len: 4646 time: 0.0323334
2026-04-21 18:13:41.761 10 INFO neutron.wsgi [None req-467f1fbe-d80d-4297-b042-43f3b6241c37 335d0c3471b04450a8ee9042d1229672 534bb253f1c847668fe5069647ed9f1e - - default default] 199.19.213.151,10.0.0.37 "GET /v2.0/security-group-rules/ab18d51d-b95a-48e7-b09c-0018cbb4da2c HTTP/1.1" status: 200 len: 746 time: 0.0132325
2026-04-21 18:13:42.635 10 INFO neutron.wsgi [None req-6e7510fe-25dc-4387-a5c5-4b4569760c79 335d0c3471b04450a8ee9042d1229672 534bb253f1c847668fe5069647ed9f1e - - default default] 199.19.213.151,10.0.0.37 "GET /v2.0/security-groups/b474baca-bb13-4cca-86bf-91ceccc51819 HTTP/1.1" status: 200 len: 4646 time: 0.0744910
2026-04-21 18:13:42.671 10 INFO neutron.wsgi [None req-1cf70921-5264-41d5-bc96-065e1821d91a 335d0c3471b04450a8ee9042d1229672 534bb253f1c847668fe5069647ed9f1e - - default default] 199.19.213.151,10.0.0.37 "GET /v2.0/security-groups/b474baca-bb13-4cca-86bf-91ceccc51819 HTTP/1.1" status: 200 len: 4646 time: 0.0302763
2026-04-21 18:13:42.689 10 INFO neutron.wsgi [None req-7079a1d0-869c-4cc3-899b-195e3fd8f357 335d0c3471b04450a8ee9042d1229672 534bb253f1c847668fe5069647ed9f1e - - default default] 199.19.213.151,10.0.0.37 "GET /v2.0/security-group-rules/f42dae10-a911-4b42-b59f-a8fdbf4db122 HTTP/1.1" status: 200 len: 746 time: 0.0128901
2026-04-21 18:13:42.795 10 INFO neutron.wsgi [-] 10.0.0.37 "GET / HTTP/1.1" status: 200 len: 247 time: 0.0014906
2026-04-21 18:13:42.796 10 INFO neutron.wsgi [-] 10.0.0.37 "GET / HTTP/1.1" status: 200 len: 247 time: 0.0010712
2026-04-21 18:13:43.595 9 INFO neutron.wsgi [None req-f87f9bd6-3ee1-47a5-83db-6b33dc1ec652 335d0c3471b04450a8ee9042d1229672 534bb253f1c847668fe5069647ed9f1e - - default default] 199.19.213.151,10.0.0.37 "GET /v2.0/security-groups/b474baca-bb13-4cca-86bf-91ceccc51819 HTTP/1.1" status: 200 len: 4646 time: 0.0637887
2026-04-21 18:13:43.634 9 INFO neutron.wsgi [None req-9d8e7724-988a-411a-997c-0918ed1bf2fc 335d0c3471b04450a8ee9042d1229672 534bb253f1c847668fe5069647ed9f1e - - default default] 199.19.213.151,10.0.0.37 "GET /v2.0/security-groups/b474baca-bb13-4cca-86bf-91ceccc51819 HTTP/1.1" status: 200 len: 4646 time: 0.0337417
2026-04-21 18:13:43.654 9 INFO neutron.wsgi [None req-8fff5900-36ae-4b8f-b10a-2f63dfe47918 335d0c3471b04450a8ee9042d1229672 534bb253f1c847668fe5069647ed9f1e - - default default] 199.19.213.151,10.0.0.37 "GET /v2.0/security-group-rules/41705ac5-90c0-4fe8-bb05-81bcfc087cf9 HTTP/1.1" status: 200 len: 746 time: 0.0146306
2026-04-21 18:13:44.558 10 INFO neutron.wsgi [None req-db687522-ba8a-4bf8-a312-2398d1142f8a 335d0c3471b04450a8ee9042d1229672 534bb253f1c847668fe5069647ed9f1e - - default default] 199.19.213.151,10.0.0.37 "GET /v2.0/security-groups/b474baca-bb13-4cca-86bf-91ceccc51819 HTTP/1.1" status: 200 len: 4646 time: 0.0648072
2026-04-21 18:13:44.597 10 INFO neutron.wsgi [None req-7a47e64d-0305-431a-979a-fee277d1037c 335d0c3471b04450a8ee9042d1229672 534bb253f1c847668fe5069647ed9f1e - - default default] 199.19.213.151,10.0.0.37 "GET /v2.0/security-groups/b474baca-bb13-4cca-86bf-91ceccc51819 HTTP/1.1" status: 200 len: 4646 time: 0.0320060
2026-04-21 18:13:44.619 10 INFO neutron.wsgi [None req-91298167-f1ff-4580-bee3-84487b50d87e 335d0c3471b04450a8ee9042d1229672 534bb253f1c847668fe5069647ed9f1e - - default default] 199.19.213.151,10.0.0.37 "GET /v2.0/security-group-rules/3d3e8890-389c-49db-9b12-47f4f88dca0d HTTP/1.1" status: 200 len: 746 time: 0.0146143
2026-04-21 18:13:45.848 10 INFO neutron.wsgi [None req-974e7578-483c-448f-9c79-b7f337495dfe 335d0c3471b04450a8ee9042d1229672 534bb253f1c847668fe5069647ed9f1e - - default default] 199.19.213.151,10.0.0.37 "GET /v2.0/networks/827fc0c2-b4dc-48bb-8046-bffb0101f211 HTTP/1.1" status: 200 len: 910 time: 0.1340089
2026-04-21 18:13:45.870 10 INFO neutron.pecan_wsgi.hooks.translation [None req-909597fb-c228-49ec-b5bf-8080d53eef69 335d0c3471b04450a8ee9042d1229672 534bb253f1c847668fe5069647ed9f1e - - default default] GET failed (client error): The resource could not be found.
2026-04-21 18:13:45.872 10 INFO neutron.wsgi [None req-909597fb-c228-49ec-b5bf-8080d53eef69 335d0c3471b04450a8ee9042d1229672 534bb253f1c847668fe5069647ed9f1e - - default default] 199.19.213.151,10.0.0.37 "GET /v2.0/ports/octavia-health-manager-port-instance?network_id=827fc0c2-b4dc-48bb-8046-bffb0101f211 HTTP/1.1" status: 404 len: 314 time: 0.0180712
2026-04-21 18:13:45.925 10 INFO neutron.wsgi [None req-438521ac-19e8-4d18-9ab1-d495da0fe2b3 335d0c3471b04450a8ee9042d1229672 534bb253f1c847668fe5069647ed9f1e - - default default] 199.19.213.151,10.0.0.37 "GET /v2.0/ports?name=octavia-health-manager-port-instance&network_id=827fc0c2-b4dc-48bb-8046-bffb0101f211 HTTP/1.1" status: 200 len: 1399 time: 0.0487127
2026-04-21 18:13:45.972 10 INFO neutron.wsgi [None req-90dcbef7-ac09-4722-9b5e-7a51e17e3007 335d0c3471b04450a8ee9042d1229672 534bb253f1c847668fe5069647ed9f1e - - default default] 199.19.213.151,10.0.0.37 "GET /v2.0/security-groups/b474baca-bb13-4cca-86bf-91ceccc51819 HTTP/1.1" status: 200 len: 4646 time: 0.0371053
2026-04-21 18:13:52.448 9 INFO neutron.pecan_wsgi.hooks.translation [None req-84c03971-09f0-43f8-bc28-45a6d529b5e7 335d0c3471b04450a8ee9042d1229672 534bb253f1c847668fe5069647ed9f1e - - default default] GET failed (client error): The resource could not be found.
2026-04-21 18:13:52.450 9 INFO neutron.wsgi [None req-84c03971-09f0-43f8-bc28-45a6d529b5e7 335d0c3471b04450a8ee9042d1229672 534bb253f1c847668fe5069647ed9f1e - - default default] 199.19.213.151,10.0.0.37 "GET /v2.0/ports/octavia-health-manager-port-instance HTTP/1.1" status: 404 len: 314 time: 0.0518949
2026-04-21 18:13:52.489 9 INFO neutron.wsgi [None req-ef93c32b-a60f-4314-8b6c-c2f7ad3e3b84 335d0c3471b04450a8ee9042d1229672 534bb253f1c847668fe5069647ed9f1e - - default default] 199.19.213.151,10.0.0.37 "GET /v2.0/ports?name=octavia-health-manager-port-instance HTTP/1.1" status: 200 len: 1399 time: 0.0345304
2026-04-21 18:13:53.879 10 INFO neutron.wsgi [None req-60e79af9-76a5-4c46-a652-01b27f99c1f9 335d0c3471b04450a8ee9042d1229672 534bb253f1c847668fe5069647ed9f1e - - default default] 199.19.213.151,10.0.0.37 "GET /v2.0/ports HTTP/1.1" status: 200 len: 5351 time: 0.1064296
2026-04-21 18:13:54.964 10 INFO neutron.api.v2.resource [None req-d6e5b320-71f2-42b2-afcd-d5db376f1cc2 335d0c3471b04450a8ee9042d1229672 534bb253f1c847668fe5069647ed9f1e - - default default] show failed (client error): The resource could not be found.
2026-04-21 18:13:54.964 10 INFO neutron.wsgi [None req-d6e5b320-71f2-42b2-afcd-d5db376f1cc2 335d0c3471b04450a8ee9042d1229672 534bb253f1c847668fe5069647ed9f1e - - default default] 199.19.213.151,10.0.0.37 "GET /v2.0/security-groups/lb-mgmt-sec-grp HTTP/1.1" status: 404 len: 307 time: 0.0466635
2026-04-21 18:13:55.005 10 INFO neutron.wsgi [None req-6a4e2829-dc63-4348-9ef6-2d275537f4a5 335d0c3471b04450a8ee9042d1229672 534bb253f1c847668fe5069647ed9f1e - - default default] 199.19.213.151,10.0.0.37 "GET /v2.0/security-groups?name=lb-mgmt-sec-grp HTTP/1.1" status: 200 len: 2937 time: 0.0360787
2026-04-21 18:13:55.995 9 INFO neutron.wsgi [None req-1741cb23-f667-4449-80a4-5b8ea06f10d7 335d0c3471b04450a8ee9042d1229672 534bb253f1c847668fe5069647ed9f1e - - default default] 199.19.213.151,10.0.0.37 "GET /v2.0/security-groups/35de9a91-080b-40af-9b92-779b739c8efd HTTP/1.1" status: 200 len: 2934 time: 0.0632210
2026-04-21 18:13:56.031 9 INFO neutron.wsgi [None req-dfa410af-21cc-4ec6-8ee6-6db8ca2a359b 335d0c3471b04450a8ee9042d1229672 534bb253f1c847668fe5069647ed9f1e - - default default] 199.19.213.151,10.0.0.37 "GET /v2.0/security-groups/35de9a91-080b-40af-9b92-779b739c8efd HTTP/1.1" status: 200 len: 2934 time: 0.0284002
2026-04-21 18:13:56.051 9 INFO neutron.wsgi [None req-a75de5b7-4c44-462e-ac4f-0126ea44f3de 335d0c3471b04450a8ee9042d1229672 534bb253f1c847668fe5069647ed9f1e - - default default] 199.19.213.151,10.0.0.37 "GET /v2.0/security-group-rules/e9f6dd25-17b2-4ddd-b8f3-b82777e96043 HTTP/1.1" status: 200 len: 766 time: 0.0117254
2026-04-21 18:13:56.924 10 INFO neutron.wsgi [None req-d6102da4-fc76-4069-82a5-0e356ef7b966 335d0c3471b04450a8ee9042d1229672 534bb253f1c847668fe5069647ed9f1e - - default default] 199.19.213.151,10.0.0.37 "GET /v2.0/security-groups/35de9a91-080b-40af-9b92-779b739c8efd HTTP/1.1" status: 200 len: 2934 time: 0.0672941
2026-04-21 18:13:56.965 10 INFO neutron.wsgi [None req-d3e1edab-a26e-4195-bac8-7cc65a9d6ed1 335d0c3471b04450a8ee9042d1229672 534bb253f1c847668fe5069647ed9f1e - - default default] 199.19.213.151,10.0.0.37 "GET /v2.0/security-groups/35de9a91-080b-40af-9b92-779b739c8efd HTTP/1.1" status: 200 len: 2934 time: 0.0327008
2026-04-21 18:13:56.989 10 INFO neutron.wsgi [None req-ccbd7508-7ca5-474a-aab5-fbd44d6ec019 335d0c3471b04450a8ee9042d1229672 534bb253f1c847668fe5069647ed9f1e - - default default] 199.19.213.151,10.0.0.37 "GET /v2.0/security-group-rules/a3d39d49-0f2d-4bdb-bc2f-b924532e2de9 HTTP/1.1" status: 200 len: 770 time: 0.0178046
2026-04-21 18:13:57.795 9 INFO neutron.wsgi [-] 10.0.0.37 "GET / HTTP/1.1" status: 200 len: 247 time: 0.0013967
2026-04-21 18:13:57.796 10 INFO neutron.wsgi [-] 10.0.0.37 "GET / HTTP/1.1" status: 200 len: 247 time: 0.0021596
2026-04-21 18:14:08.366 10 INFO neutron.wsgi [None req-7249b3b5-dc6d-41e8-83cf-6d3a1bd88c32 335d0c3471b04450a8ee9042d1229672 534bb253f1c847668fe5069647ed9f1e - - default default] 199.19.213.151,10.0.0.37 "GET /v2.0/quotas/534bb253f1c847668fe5069647ed9f1e HTTP/1.1" status: 200 len: 361 time: 0.0162537
2026-04-21 18:14:12.796 10 INFO neutron.wsgi [-] 10.0.0.37 "GET / HTTP/1.1" status: 200 len: 247 time: 0.0016642
2026-04-21 18:14:12.799 10 INFO neutron.wsgi [-] 10.0.0.37 "GET / HTTP/1.1" status: 200 len: 247 time: 0.0018663
2026-04-21 18:14:13.490 9 INFO neutron.wsgi [None req-0038162c-211f-4daa-8283-98c9b0facd78 335d0c3471b04450a8ee9042d1229672 534bb253f1c847668fe5069647ed9f1e - - default default] 10.0.0.136 "GET /v2.0/networks HTTP/1.1" status: 200 len: 2350 time: 0.1401384
2026-04-21 18:14:13.559 9 INFO neutron.wsgi [None req-70c91113-a6b3-4ae7-a821-9856b9c5b92d 335d0c3471b04450a8ee9042d1229672 534bb253f1c847668fe5069647ed9f1e - - default default] 10.0.0.136 "GET /v2.0/security-groups HTTP/1.1" status: 200 len: 16803 time: 0.0671797
2026-04-21 18:14:13.606 9 INFO neutron.wsgi [None req-2186be89-3cc8-40d2-b2e6-6f6c382d987c 335d0c3471b04450a8ee9042d1229672 534bb253f1c847668fe5069647ed9f1e - - default default] 10.0.0.136 "GET /v2.0/subnets HTTP/1.1" status: 200 len: 1437 time: 0.0404165
2026-04-21 18:14:13.637 9 INFO neutron.wsgi [None req-e87a6223-1f80-4ca4-a214-535f991b2ee6 335d0c3471b04450a8ee9042d1229672 534bb253f1c847668fe5069647ed9f1e - - default default] 10.0.0.136 "GET /v2.0/routers HTTP/1.1" status: 200 len: 189 time: 0.0294349
2026-04-21 18:14:13.685 9 INFO neutron.wsgi [None req-97008138-900e-4e08-806e-28f5e50eee64 335d0c3471b04450a8ee9042d1229672 534bb253f1c847668fe5069647ed9f1e - - default default] 10.0.0.136 "GET /v2.0/agents?binary=ovn-controller HTTP/1.1" status: 200 len: 591 time: 0.0477262
2026-04-21 18:14:13.699 9 INFO neutron.wsgi [None req-13c074fd-82cc-4209-af36-124aa47894db 335d0c3471b04450a8ee9042d1229672 534bb253f1c847668fe5069647ed9f1e - - default default] 10.0.0.136 "GET /v2.0/agents HTTP/1.1" status: 200 len: 997 time: 0.0119078
2026-04-21 18:14:13.713 9 INFO neutron.wsgi [None req-e5675ccc-a12a-43a5-a0f3-bb85c51935c7 335d0c3471b04450a8ee9042d1229672 534bb253f1c847668fe5069647ed9f1e - - default default] 10.0.0.136 "GET /v2.0/network-ip-availabilities HTTP/1.1" status: 200 len: 1280 time: 0.0130036
2026-04-21 18:14:13.747 9 INFO neutron.wsgi [None req-e97ea735-c36e-4f95-a9e7-102acb2da87c 335d0c3471b04450a8ee9042d1229672 534bb253f1c847668fe5069647ed9f1e - - default default] 10.0.0.136 "GET /v2.0/floatingips HTTP/1.1" status: 200 len: 193 time: 0.0341146
2026-04-21 18:14:13.790 9 INFO neutron.wsgi [None req-b51b6fe9-3a64-41d7-b7ac-e3552a956c9f 335d0c3471b04450a8ee9042d1229672 534bb253f1c847668fe5069647ed9f1e - - default default] 10.0.0.136 "GET /v2.0/ports HTTP/1.1" status: 200 len: 5351 time: 0.0424082
2026-04-21 18:14:13.828 9 INFO neutron.wsgi [None req-b3db0fd2-6ade-40f8-85a0-78529457ddaf 335d0c3471b04450a8ee9042d1229672 534bb253f1c847668fe5069647ed9f1e - - default default] 10.0.0.136 "GET /v2.0/subnets HTTP/1.1" status: 200 len: 1437 time: 0.0341008
2026-04-21 18:14:13.838 9 INFO neutron.wsgi [None req-940314e0-b65d-4fc8-9c84-a80db9715b21 335d0c3471b04450a8ee9042d1229672 534bb253f1c847668fe5069647ed9f1e - - default default] 10.0.0.136 "GET /v2.0/subnetpools HTTP/1.1" status: 200 len: 193 time: 0.0091074
2026-04-21 18:14:27.796 9 INFO neutron.wsgi [-] 10.0.0.37 "GET / HTTP/1.1" status: 200 len: 247 time: 0.0023310
2026-04-21 18:14:27.797 10 INFO neutron.wsgi [-] 10.0.0.37 "GET / HTTP/1.1" status: 200 len: 247 time: 0.0031617
2026-04-21 18:14:42.797 9 INFO neutron.wsgi [-] 10.0.0.37 "GET / HTTP/1.1" status: 200 len: 247 time: 0.0033836
2026-04-21 18:14:42.800 9 INFO neutron.wsgi [-] 10.0.0.37 "GET / HTTP/1.1" status: 200 len: 247 time: 0.0018260
2026-04-21 18:14:56.165 9 INFO neutron.api.v2.resource [None req-64dddfc2-6df0-4866-984c-f21d3933eb83 335d0c3471b04450a8ee9042d1229672 534bb253f1c847668fe5069647ed9f1e - - default default] show failed (client error): The resource could not be found.
2026-04-21 18:14:56.166 9 INFO neutron.wsgi [None req-64dddfc2-6df0-4866-984c-f21d3933eb83 335d0c3471b04450a8ee9042d1229672 534bb253f1c847668fe5069647ed9f1e - - default default] 199.19.213.151,10.0.0.37 "GET /v2.0/security-groups/manila-service-security-group?project_id=678127e3b3fd415ea1800b78d3dad404 HTTP/1.1" status: 404 len: 321 time: 0.0584831
2026-04-21 18:14:56.204 9 INFO neutron.wsgi [None req-273f74be-4163-4f37-8bba-e582c9ae6aa8 335d0c3471b04450a8ee9042d1229672 534bb253f1c847668fe5069647ed9f1e - - default default] 199.19.213.151,10.0.0.37 "GET /v2.0/security-groups?name=manila-service-security-group&project_id=678127e3b3fd415ea1800b78d3dad404 HTTP/1.1" status: 200 len: 4062 time: 0.0331731
2026-04-21 18:14:57.243 9 INFO neutron.wsgi [None req-fccc2499-2f82-4a9e-9b4d-ac222f2d6d95 335d0c3471b04450a8ee9042d1229672 534bb253f1c847668fe5069647ed9f1e - - default default] 199.19.213.151,10.0.0.37 "GET /v2.0/security-groups/4ab34037-bf5c-4974-87ba-f11acc01f767?project_id=678127e3b3fd415ea1800b78d3dad404 HTTP/1.1" status: 200 len: 4059 time: 0.0822148
2026-04-21 18:14:57.301 9 INFO neutron.wsgi [None req-d23c471a-63e0-480f-b3a2-123a9d27aadf 335d0c3471b04450a8ee9042d1229672 534bb253f1c847668fe5069647ed9f1e - - default default] 199.19.213.151,10.0.0.37 "GET /v2.0/security-groups/4ab34037-bf5c-4974-87ba-f11acc01f767 HTTP/1.1" status: 200 len: 4059 time: 0.0498474
2026-04-21 18:14:57.327 9 INFO neutron.wsgi [None req-deb86d94-25be-4204-8b81-c1051c81d96d 335d0c3471b04450a8ee9042d1229672 534bb253f1c847668fe5069647ed9f1e - - default default] 199.19.213.151,10.0.0.37 "GET /v2.0/security-group-rules/3f8ce699-5140-48a0-b770-abd0b93a39cd HTTP/1.1" status: 200 len: 740 time: 0.0185356
2026-04-21 18:14:57.798 10 INFO neutron.wsgi [-] 10.0.0.37 "GET / HTTP/1.1" status: 200 len: 247 time: 0.0026722
2026-04-21 18:14:57.798 9 INFO neutron.wsgi [-] 10.0.0.37 "GET / HTTP/1.1" status: 200 len: 247 time: 0.0025823
2026-04-21 18:14:58.326 9 INFO neutron.wsgi [None req-5b7bca27-8bb5-49cd-a7d9-1154f423ea73 335d0c3471b04450a8ee9042d1229672 534bb253f1c847668fe5069647ed9f1e - - default default] 199.19.213.151,10.0.0.37 "GET /v2.0/security-groups/4ab34037-bf5c-4974-87ba-f11acc01f767?project_id=678127e3b3fd415ea1800b78d3dad404 HTTP/1.1" status: 200 len: 4059 time: 0.0836220
2026-04-21 18:14:58.366 9 INFO neutron.wsgi [None req-a8f32a27-034a-4d77-baf3-514290f692fd 335d0c3471b04450a8ee9042d1229672 534bb253f1c847668fe5069647ed9f1e - - default default] 199.19.213.151,10.0.0.37 "GET /v2.0/security-groups/4ab34037-bf5c-4974-87ba-f11acc01f767 HTTP/1.1" status: 200 len: 4059 time: 0.0313869
2026-04-21 18:14:58.390 9 INFO neutron.wsgi [None req-02ccffd2-ba68-47c2-a5ae-c348a5b32f72 335d0c3471b04450a8ee9042d1229672 534bb253f1c847668fe5069647ed9f1e - - default default] 199.19.213.151,10.0.0.37 "GET /v2.0/security-group-rules/dfe9e9c3-c3d4-4de8-9781-4e8ee3dced98 HTTP/1.1" status: 200 len: 742 time: 0.0170038
2026-04-21 18:14:59.402 9 INFO neutron.wsgi [None req-30d305f5-9056-45a6-9e37-2d35285fea5b 335d0c3471b04450a8ee9042d1229672 534bb253f1c847668fe5069647ed9f1e - - default default] 199.19.213.151,10.0.0.37 "GET /v2.0/security-groups/4ab34037-bf5c-4974-87ba-f11acc01f767?project_id=678127e3b3fd415ea1800b78d3dad404 HTTP/1.1" status: 200 len: 4059 time: 0.0806026
2026-04-21 18:14:59.440 9 INFO neutron.wsgi [None req-043e1708-8542-4fea-903c-cde235e17a08 335d0c3471b04450a8ee9042d1229672 534bb253f1c847668fe5069647ed9f1e - - default default] 199.19.213.151,10.0.0.37 "GET /v2.0/security-groups/4ab34037-bf5c-4974-87ba-f11acc01f767 HTTP/1.1" status: 200 len: 4059 time: 0.0315619
2026-04-21 18:14:59.463 9 INFO neutron.wsgi [None req-5f1e06f9-2962-47e0-a558-90b6078abe83 335d0c3471b04450a8ee9042d1229672 534bb253f1c847668fe5069647ed9f1e - - default default] 199.19.213.151,10.0.0.37 "GET /v2.0/security-group-rules/e164f626-318c-436a-9586-d03f47d3a97a HTTP/1.1" status: 200 len: 744 time: 0.0152547
2026-04-21 18:15:00.515 9 INFO neutron.wsgi [None req-d6e30e0c-6aac-4d86-b333-fa25b3e68e0d 335d0c3471b04450a8ee9042d1229672 534bb253f1c847668fe5069647ed9f1e - - default default] 199.19.213.151,10.0.0.37 "GET /v2.0/security-groups/4ab34037-bf5c-4974-87ba-f11acc01f767?project_id=678127e3b3fd415ea1800b78d3dad404 HTTP/1.1" status: 200 len: 4059 time: 0.0750704
2026-04-21 18:15:00.551 9 INFO neutron.wsgi [None req-102e69f4-c108-46d8-a655-7e2babee216a 335d0c3471b04450a8ee9042d1229672 534bb253f1c847668fe5069647ed9f1e - - default default] 199.19.213.151,10.0.0.37 "GET /v2.0/security-groups/4ab34037-bf5c-4974-87ba-f11acc01f767 HTTP/1.1" status: 200 len: 4059 time: 0.0309713
2026-04-21 18:15:00.573 9 INFO neutron.wsgi [None req-f99defee-3773-4efc-b30c-324eba114b22 335d0c3471b04450a8ee9042d1229672 534bb253f1c847668fe5069647ed9f1e - - default default] 199.19.213.151,10.0.0.37 "GET /v2.0/security-group-rules/1d17ec17-c609-4fc0-8e47-e3f48e0f54e3 HTTP/1.1" status: 200 len: 745 time: 0.0161817
2026-04-21 18:15:07.957 9 INFO neutron.wsgi [None req-38992a0d-62e6-4a0d-92f6-03423feb640e 335d0c3471b04450a8ee9042d1229672 534bb253f1c847668fe5069647ed9f1e - - default default] 199.19.213.151,10.0.0.37 "GET /v2.0/quotas/678127e3b3fd415ea1800b78d3dad404 HTTP/1.1" status: 200 len: 361 time: 0.0107222
2026-04-21 18:15:12.796 10 INFO neutron.wsgi [-] 10.0.0.37 "GET / HTTP/1.1" status: 200 len: 247 time: 0.0016518
2026-04-21 18:15:12.797 9 INFO neutron.wsgi [-] 10.0.0.37 "GET / HTTP/1.1" status: 200 len: 247 time: 0.0022013
2026-04-21 18:15:13.444 9 INFO neutron.wsgi [None req-805188c0-36cb-40c9-88e2-7fe1ffdd6d47 335d0c3471b04450a8ee9042d1229672 534bb253f1c847668fe5069647ed9f1e - - default default] 10.0.0.136 "GET /v2.0/networks HTTP/1.1" status: 200 len: 2350 time: 0.1195796
2026-04-21 18:15:13.488 9 INFO neutron.wsgi [None req-4a269ff5-4638-4e47-81ec-cb7bd89efebb 335d0c3471b04450a8ee9042d1229672 534bb253f1c847668fe5069647ed9f1e - - default default] 10.0.0.136 "GET /v2.0/subnets HTTP/1.1" status: 200 len: 1437 time: 0.0421696
2026-04-21 18:15:13.498 9 INFO neutron.wsgi [None req-8ca4f084-b3e4-4915-8679-19d4294c9374 335d0c3471b04450a8ee9042d1229672 534bb253f1c847668fe5069647ed9f1e - - default default] 10.0.0.136 "GET /v2.0/subnetpools HTTP/1.1" status: 200 len: 193 time: 0.0093040
2026-04-21 18:15:13.526 9 INFO neutron.wsgi [None req-4451bf8c-b1b5-4f88-8386-3d955a2fd1ad 335d0c3471b04450a8ee9042d1229672 534bb253f1c847668fe5069647ed9f1e - - default default] 10.0.0.136 "GET /v2.0/agents HTTP/1.1" status: 200 len: 997 time: 0.0273650
2026-04-21 18:15:13.587 9 INFO neutron.wsgi [None req-7def1d88-6324-497d-a07c-10c4d3799a5b 335d0c3471b04450a8ee9042d1229672 534bb253f1c847668fe5069647ed9f1e - - default default] 10.0.0.136 "GET /v2.0/security-groups HTTP/1.1" status: 200 len: 16803 time: 0.0604389
2026-04-21 18:15:13.618 9 INFO neutron.wsgi [None req-3173d753-fc19-41ab-8bea-316ffddcbf4e 335d0c3471b04450a8ee9042d1229672 534bb253f1c847668fe5069647ed9f1e - - default default] 10.0.0.136 "GET /v2.0/routers HTTP/1.1" status: 200 len: 189 time: 0.0232108
2026-04-21 18:15:13.628 9 INFO neutron.wsgi [None req-b84e5257-af0d-4871-af4c-9e79211ce8f4 335d0c3471b04450a8ee9042d1229672 534bb253f1c847668fe5069647ed9f1e - - default default] 10.0.0.136 "GET /v2.0/agents?binary=ovn-controller HTTP/1.1" status: 200 len: 591 time: 0.0092051
2026-04-21 18:15:13.642 9 INFO neutron.wsgi [None req-488caf8d-e8cb-4ef4-ad6b-82c280df27ee 335d0c3471b04450a8ee9042d1229672 534bb253f1c847668fe5069647ed9f1e - - default default] 10.0.0.136 "GET /v2.0/network-ip-availabilities HTTP/1.1" status: 200 len: 1280 time: 0.0134478
2026-04-21 18:15:13.671 9 INFO neutron.wsgi [None req-a5b82afd-778b-43ea-8d91-835e3a5483d4 335d0c3471b04450a8ee9042d1229672 534bb253f1c847668fe5069647ed9f1e - - default default] 10.0.0.136 "GET /v2.0/floatingips HTTP/1.1" status: 200 len: 193 time: 0.0278282
2026-04-21 18:15:13.710 9 INFO neutron.wsgi [None req-3dc92a5a-ddc9-4b25-ad80-d29bed1826a6 335d0c3471b04450a8ee9042d1229672 534bb253f1c847668fe5069647ed9f1e - - default default] 10.0.0.136 "GET /v2.0/subnets HTTP/1.1" status: 200 len: 1437 time: 0.0386858
2026-04-21 18:15:13.760 9 INFO neutron.wsgi [None req-edaebcc3-8fde-44d1-8590-9da216fd52c5 335d0c3471b04450a8ee9042d1229672 534bb253f1c847668fe5069647ed9f1e - - default default] 10.0.0.136 "GET /v2.0/ports HTTP/1.1" status: 200 len: 5351 time: 0.0487416
2026-04-21 18:15:27.796 9 INFO neutron.wsgi [-] 10.0.0.37 "GET / HTTP/1.1" status: 200 len: 247 time: 0.0018811
2026-04-21 18:15:27.796 10 INFO neutron.wsgi [-] 10.0.0.37 "GET / HTTP/1.1" status: 200 len: 247 time: 0.0018985
2026-04-21 18:15:42.796 10 INFO neutron.wsgi [-] 10.0.0.37 "GET / HTTP/1.1" status: 200 len: 247 time: 0.0023327
2026-04-21 18:15:42.796 9 INFO neutron.wsgi [-] 10.0.0.37 "GET / HTTP/1.1" status: 200 len: 247 time: 0.0022831
2026-04-21 18:15:57.798 9 INFO neutron.wsgi [-] 10.0.0.37 "GET / HTTP/1.1" status: 200 len: 247 time: 0.0033906
2026-04-21 18:15:57.799 10 INFO neutron.wsgi [-] 10.0.0.37 "GET / HTTP/1.1" status: 200 len: 247 time: 0.0043063
2026-04-21 18:15:59.220 9 INFO neutron.wsgi [None req-06519cd3-66e1-4fe4-ae5a-53705a570359 335d0c3471b04450a8ee9042d1229672 534bb253f1c847668fe5069647ed9f1e - - default default] 199.19.213.151,10.0.0.37 "GET /v2.0/networks?name=public HTTP/1.1" status: 200 len: 928 time: 0.1048093
2026-04-21 18:16:12.797 10 INFO neutron.wsgi [-] 10.0.0.37 "GET / HTTP/1.1" status: 200 len: 247 time: 0.0024607
2026-04-21 18:16:12.799 10 INFO neutron.wsgi [-] 10.0.0.37 "GET / HTTP/1.1" status: 200 len: 247 time: 0.0015972
2026-04-21 18:16:13.429 9 INFO neutron.wsgi [None req-adadf8b4-4b0d-43bc-8163-dad50462e61d 335d0c3471b04450a8ee9042d1229672 534bb253f1c847668fe5069647ed9f1e - - default default] 10.0.0.136 "GET /v2.0/security-groups HTTP/1.1" status: 200 len: 16803 time: 0.0965681
2026-04-21 18:16:13.468 9 INFO neutron.wsgi [None req-e5095ebc-3279-40ad-9eaf-d59ca22d6c09 335d0c3471b04450a8ee9042d1229672 534bb253f1c847668fe5069647ed9f1e - - default default] 10.0.0.136 "GET /v2.0/subnets HTTP/1.1" status: 200 len: 1437 time: 0.0314925
2026-04-21 18:16:13.506 9 INFO neutron.wsgi [None req-df8e60e0-4465-4313-9c4c-bbe9c165b49d 335d0c3471b04450a8ee9042d1229672 534bb253f1c847668fe5069647ed9f1e - - default default] 10.0.0.136 "GET /v2.0/subnets HTTP/1.1" status: 200 len: 1437 time: 0.0368233
2026-04-21 18:16:13.515 9 INFO neutron.wsgi [None req-a6455d32-9814-4fd7-88bb-4afe9e07200a 335d0c3471b04450a8ee9042d1229672 534bb253f1c847668fe5069647ed9f1e - - default default] 10.0.0.136 "GET /v2.0/subnetpools HTTP/1.1" status: 200 len: 193 time: 0.0077324
2026-04-21 18:16:13.588 9 INFO neutron.wsgi [None req-122f8fb5-7f33-439d-b667-7e09eb98f65d 335d0c3471b04450a8ee9042d1229672 534bb253f1c847668fe5069647ed9f1e - - default default] 10.0.0.136 "GET /v2.0/ports HTTP/1.1" status: 200 len: 5351 time: 0.0713050
2026-04-21 18:16:13.624 9 INFO neutron.wsgi [None req-8833266a-ad85-44fb-972a-607a5c772f61 335d0c3471b04450a8ee9042d1229672 534bb253f1c847668fe5069647ed9f1e - - default default] 10.0.0.136 "GET /v2.0/agents HTTP/1.1" status: 200 len: 997 time: 0.0325665
2026-04-21 18:16:13.635 9 INFO neutron.wsgi [None req-553e3ab9-2513-4eee-92a6-401beaab7159 335d0c3471b04450a8ee9042d1229672 534bb253f1c847668fe5069647ed9f1e - - default default] 10.0.0.136 "GET /v2.0/network-ip-availabilities HTTP/1.1" status: 200 len: 1280 time: 0.0096631
2026-04-21 18:16:13.706 9 INFO neutron.wsgi [None req-6db7141b-3ef5-40ed-91e4-fc70d08e815c 335d0c3471b04450a8ee9042d1229672 534bb253f1c847668fe5069647ed9f1e - - default default] 10.0.0.136 "GET /v2.0/networks HTTP/1.1" status: 200 len: 2350 time: 0.0705092
2026-04-21 18:16:13.729 9 INFO neutron.wsgi [None req-cb33c0c2-925d-4eda-b4c0-9dc94b205f67 335d0c3471b04450a8ee9042d1229672 534bb253f1c847668fe5069647ed9f1e - - default default] 10.0.0.136 "GET /v2.0/routers HTTP/1.1" status: 200 len: 189 time: 0.0216188
2026-04-21 18:16:13.739 9 INFO neutron.wsgi [None req-b4178a06-7c38-48ed-9149-5886cb6e8291 335d0c3471b04450a8ee9042d1229672 534bb253f1c847668fe5069647ed9f1e - - default default] 10.0.0.136 "GET /v2.0/agents?binary=ovn-controller HTTP/1.1" status: 200 len: 591 time: 0.0093243
2026-04-21 18:16:13.762 9 INFO neutron.wsgi [None req-e071206f-fe02-4134-a01b-dedf00f8ebf1 335d0c3471b04450a8ee9042d1229672 534bb253f1c847668fe5069647ed9f1e - - default default] 10.0.0.136 "GET /v2.0/floatingips HTTP/1.1" status: 200 len: 193 time: 0.0216739
2026-04-21 18:16:27.798 9 INFO neutron.wsgi [-] 10.0.0.37 "GET / HTTP/1.1" status: 200 len: 247 time: 0.0028956
2026-04-21 18:16:27.798 10 INFO neutron.wsgi [-] 10.0.0.37 "GET / HTTP/1.1" status: 200 len: 247 time: 0.0029976
2026-04-21 18:16:38.491 10 INFO neutron.wsgi [None req-57b0fb7a-dd00-47c8-b1af-073e9169218c 335d0c3471b04450a8ee9042d1229672 534bb253f1c847668fe5069647ed9f1e - - default default] 10.0.0.198 "GET /v2.0/networks HTTP/1.1" status: 200 len: 2369 time: 0.2760007
2026-04-21 18:16:39.651 10 INFO neutron.wsgi [None req-5e760b72-b100-4df8-add3-eb235143e47f 335d0c3471b04450a8ee9042d1229672 534bb253f1c847668fe5069647ed9f1e - - default default] 10.0.0.198 "GET /v2.0/floatingips HTTP/1.1" status: 200 len: 212 time: 0.0430613
2026-04-21 18:16:39.692 10 INFO neutron.wsgi [None req-60b0b67c-961b-46e6-9f2a-573356698497 335d0c3471b04450a8ee9042d1229672 534bb253f1c847668fe5069647ed9f1e - - default default] 10.0.0.198 "GET /v2.0/routers HTTP/1.1" status: 200 len: 208 time: 0.0369377
2026-04-21 18:16:39.744 10 INFO neutron.wsgi [None req-5a59a688-3936-4ed2-a072-7273ccf0fa06 335d0c3471b04450a8ee9042d1229672 534bb253f1c847668fe5069647ed9f1e - - default default] 10.0.0.198 "GET /v2.0/ports HTTP/1.1" status: 200 len: 5370 time: 0.0459213
2026-04-21 18:16:39.792 10 INFO neutron.wsgi [None req-1a21c904-71ed-412f-ad89-fbb5df4867ea 335d0c3471b04450a8ee9042d1229672 534bb253f1c847668fe5069647ed9f1e - - default default] 10.0.0.198 "GET /v2.0/subnets HTTP/1.1" status: 200 len: 1456 time: 0.0433197
2026-04-21 18:16:39.856 10 INFO neutron.wsgi [None req-81d41f05-72ef-48d3-9241-bba48093bd63 335d0c3471b04450a8ee9042d1229672 534bb253f1c847668fe5069647ed9f1e - - default default] 10.0.0.198 "GET /v2.0/networks HTTP/1.1" status: 200 len: 2369 time: 0.0597987
2026-04-21 18:16:39.912 10 INFO neutron.wsgi [None req-3948e446-d8ab-4861-9e14-d07c4147a631 335d0c3471b04450a8ee9042d1229672 534bb253f1c847668fe5069647ed9f1e - - default default] 10.0.0.198 "GET /v2.0/security-groups HTTP/1.1" status: 200 len: 16822 time: 0.0505369
2026-04-21 18:16:39.934 10 INFO neutron.wsgi [None req-b98ea8a1-84d4-4c53-9ce0-99bedd5b953a 335d0c3471b04450a8ee9042d1229672 534bb253f1c847668fe5069647ed9f1e - - default default] 10.0.0.198 "GET /v2.0/subnetpools HTTP/1.1" status: 200 len: 212 time: 0.0154538
2026-04-21 18:16:42.796 9 INFO neutron.wsgi [-] 10.0.0.37 "GET / HTTP/1.1" status: 200 len: 247 time: 0.0019050
2026-04-21 18:16:42.797 10 INFO neutron.wsgi [-] 10.0.0.37 "GET / HTTP/1.1" status: 200 len: 247 time: 0.0031550
2026-04-21 18:16:50.867 10 INFO neutron.db.ovn_revision_numbers_db [None req-6215e965-e99c-44a1-b0fe-f7a39808a950 335d0c3471b04450a8ee9042d1229672 534bb253f1c847668fe5069647ed9f1e - - default default] Successfully bumped revision number for resource ea2c3174-b9c6-454e-b220-66a60faf2670 (type: security_groups) to 1
2026-04-21 18:16:50.882 10 INFO neutron.db.ovn_revision_numbers_db [None req-6215e965-e99c-44a1-b0fe-f7a39808a950 335d0c3471b04450a8ee9042d1229672 534bb253f1c847668fe5069647ed9f1e - - default default] Successfully bumped revision number for resource 064676c4-04cb-4794-b73f-dff03265e5ff (type: security_group_rules) to 0
2026-04-21 18:16:50.901 10 INFO neutron.db.ovn_revision_numbers_db [None req-6215e965-e99c-44a1-b0fe-f7a39808a950 335d0c3471b04450a8ee9042d1229672 534bb253f1c847668fe5069647ed9f1e - - default default] Successfully bumped revision number for resource 09b5a23c-3110-404f-b01a-9e19c047555e (type: security_group_rules) to 0
2026-04-21 18:16:50.937 10 INFO neutron.db.ovn_revision_numbers_db [None req-6215e965-e99c-44a1-b0fe-f7a39808a950 335d0c3471b04450a8ee9042d1229672 534bb253f1c847668fe5069647ed9f1e - - default default] Successfully bumped revision number for resource 0c4bcd26-93d4-4d82-b6f3-e781415a0e94 (type: security_group_rules) to 0
2026-04-21 18:16:50.952 10 INFO neutron.db.ovn_revision_numbers_db [None req-6215e965-e99c-44a1-b0fe-f7a39808a950 335d0c3471b04450a8ee9042d1229672 534bb253f1c847668fe5069647ed9f1e - - default default] Successfully bumped revision number for resource 481e6b32-9984-4123-960e-ba7e10703427 (type: security_group_rules) to 0
2026-04-21 18:16:50.984 9 INFO neutron.db.ovn_revision_numbers_db [None req-97a10a80-1553-4d6f-8044-93a9e63aedfa 335d0c3471b04450a8ee9042d1229672 534bb253f1c847668fe5069647ed9f1e - - default default] Successfully bumped revision number for resource 60f91068-682d-4384-8d00-51b379e85639 (type: security_groups) to 1
2026-04-21 18:16:51.000 9 INFO neutron.db.ovn_revision_numbers_db [None req-97a10a80-1553-4d6f-8044-93a9e63aedfa 335d0c3471b04450a8ee9042d1229672 534bb253f1c847668fe5069647ed9f1e - - default default] Successfully bumped revision number for resource 04818e8f-d61c-45df-ac27-d2583e99e3a0 (type: security_group_rules) to 0
2026-04-21 18:16:51.005 10 INFO neutron.db.segments_db [None req-6215e965-e99c-44a1-b0fe-f7a39808a950 335d0c3471b04450a8ee9042d1229672 534bb253f1c847668fe5069647ed9f1e - - default default] Added segment e1aa5b0d-351b-4645-ac90-33d2b8396cd3 of type geneve for network 6bc26a74-0102-4f01-849f-92e4811a6100
2026-04-21 18:16:51.016 9 INFO neutron.db.ovn_revision_numbers_db [None req-97a10a80-1553-4d6f-8044-93a9e63aedfa 335d0c3471b04450a8ee9042d1229672 534bb253f1c847668fe5069647ed9f1e - - default default] Successfully bumped revision number for resource 83b2fcb9-59ba-4cc5-bca1-96a7623fe06b (type: security_group_rules) to 0
2026-04-21 18:16:51.057 9 INFO neutron.db.ovn_revision_numbers_db [None req-97a10a80-1553-4d6f-8044-93a9e63aedfa 335d0c3471b04450a8ee9042d1229672 534bb253f1c847668fe5069647ed9f1e - - default default] Successfully bumped revision number for resource d1f67461-5125-4a30-870a-6a7230cf3258 (type: security_group_rules) to 0
2026-04-21 18:16:51.083 9 INFO neutron.db.ovn_revision_numbers_db [None req-97a10a80-1553-4d6f-8044-93a9e63aedfa 335d0c3471b04450a8ee9042d1229672 534bb253f1c847668fe5069647ed9f1e - - default default] Successfully bumped revision number for resource f1d71a96-7b45-47ab-a521-df0163d3f197 (type: security_group_rules) to 0
2026-04-21 18:16:51.130 9 INFO neutron.db.segments_db [None req-97a10a80-1553-4d6f-8044-93a9e63aedfa 335d0c3471b04450a8ee9042d1229672 534bb253f1c847668fe5069647ed9f1e - - default default] Added segment c6c1f481-38b6-4af5-96cf-02b8270891ac of type geneve for network 32308bb4-2ab6-4012-be31-a4276b4744ee
2026-04-21 18:16:51.217 10 INFO neutron.db.ovn_revision_numbers_db [None req-6215e965-e99c-44a1-b0fe-f7a39808a950 335d0c3471b04450a8ee9042d1229672 534bb253f1c847668fe5069647ed9f1e - - default default] Successfully bumped revision number for resource 6bc26a74-0102-4f01-849f-92e4811a6100 (type: networks) to 1
2026-04-21 18:16:51.307 9 INFO neutron.db.ovn_revision_numbers_db [None req-97a10a80-1553-4d6f-8044-93a9e63aedfa 335d0c3471b04450a8ee9042d1229672 534bb253f1c847668fe5069647ed9f1e - - default default] Successfully bumped revision number for resource 32308bb4-2ab6-4012-be31-a4276b4744ee (type: networks) to 1
2026-04-21 18:16:51.374 10 WARNING neutron.scheduler.dhcp_agent_scheduler [None req-6215e965-e99c-44a1-b0fe-f7a39808a950 335d0c3471b04450a8ee9042d1229672 534bb253f1c847668fe5069647ed9f1e - - default default] No more DHCP agents
2026-04-21 18:16:51.376 10 WARNING neutron.api.rpc.agentnotifiers.dhcp_rpc_agent_api [None req-6215e965-e99c-44a1-b0fe-f7a39808a950 335d0c3471b04450a8ee9042d1229672 534bb253f1c847668fe5069647ed9f1e - - default default] Unable to schedule network 6bc26a74-0102-4f01-849f-92e4811a6100: no agents available; will retry on subsequent port and subnet creation events.
2026-04-21 18:16:51.459 10 INFO neutron.db.ovn_revision_numbers_db [None req-6215e965-e99c-44a1-b0fe-f7a39808a950 335d0c3471b04450a8ee9042d1229672 534bb253f1c847668fe5069647ed9f1e - - default default] Successfully bumped revision number for resource 9c9620e4-15b5-4ceb-ae0d-03a2a09b28ea (type: ports) to 1
2026-04-21 18:16:51.501 10 INFO neutron.wsgi [None req-6215e965-e99c-44a1-b0fe-f7a39808a950 335d0c3471b04450a8ee9042d1229672 534bb253f1c847668fe5069647ed9f1e - - default default] 10.0.0.198 "POST /v2.0/networks HTTP/1.1" status: 201 len: 944 time: 0.9240401
2026-04-21 18:16:51.510 9 WARNING neutron.scheduler.dhcp_agent_scheduler [None req-97a10a80-1553-4d6f-8044-93a9e63aedfa 335d0c3471b04450a8ee9042d1229672 534bb253f1c847668fe5069647ed9f1e - - default default] No more DHCP agents
2026-04-21 18:16:51.513 9 WARNING neutron.api.rpc.agentnotifiers.dhcp_rpc_agent_api [None req-97a10a80-1553-4d6f-8044-93a9e63aedfa 335d0c3471b04450a8ee9042d1229672 534bb253f1c847668fe5069647ed9f1e - - default default] Unable to schedule network 32308bb4-2ab6-4012-be31-a4276b4744ee: no agents available; will retry on subsequent port and subnet creation events.
