2026-04-21 18:19:50.478 10 INFO neutron.services.segments.plugin [-] Segment ab9d0787-8411-45c9-8c99-a37c7f25a95a resource provider not found; error: Placement Client Error (4xx): {"errors": [{"status": 404, "title": "Not Found", "detail": "The resource could not be found.\n\n No resource provider with uuid ab9d0787-8411-45c9-8c99-a37c7f25a95a found for delete ", "request_id": "req-b46325d9-74de-4cf8-b981-a3d77e2b53b4"}]}
2026-04-21 18:19:50.520 10 INFO neutron.wsgi [None req-ac4c7003-4192-4f0b-81ae-131fb1372105 ca3ed98809ae464887c309a15a113657 d64072668d9644b5a7103757dff81120 - - default default] 10.0.0.198 "DELETE /v2.0/networks/64cd1b1e-cd10-4c8a-a4e5-cf550eb617ff HTTP/1.1" status: 204 len: 168 time: 0.8579118
2026-04-21 18:19:50.592 10 INFO neutron.wsgi [None req-af421c3a-4a04-427c-a1d9-ba68eedcadf2 772542aef1c7437fb77e7abb6ce24fdf bc68777d121040fd99d7cf2d09365441 - - default default] 10.0.0.198 "DELETE /v2.0/floatingips/4a6361d7-4cf0-47f4-b3b4-94188064821f HTTP/1.1" status: 204 len: 168 time: 0.4816267
2026-04-21 18:19:50.817 9 INFO neutron.db.ovn_revision_numbers_db [None req-65d439d3-8376-4120-8f88-21be8106f320 335d0c3471b04450a8ee9042d1229672 534bb253f1c847668fe5069647ed9f1e - - default default] Successfully bumped revision number for resource 59e22382-3ddb-4d2c-968a-b01be43ab1e6 (type: security_groups) to 1
2026-04-21 18:19:50.843 9 INFO neutron.db.ovn_revision_numbers_db [None req-65d439d3-8376-4120-8f88-21be8106f320 335d0c3471b04450a8ee9042d1229672 534bb253f1c847668fe5069647ed9f1e - - default default] Successfully bumped revision number for resource 203e4ea3-bef5-4f07-815c-337b4f7fb967 (type: security_group_rules) to 0
2026-04-21 18:19:50.866 9 INFO neutron.db.ovn_revision_numbers_db [None req-65d439d3-8376-4120-8f88-21be8106f320 335d0c3471b04450a8ee9042d1229672 534bb253f1c847668fe5069647ed9f1e - - default default] Successfully bumped revision number for resource 6246a756-e64d-42d3-b76a-c5e8fde7bec1 (type: security_group_rules) to 0
2026-04-21 18:19:50.882 9 WARNING neutron.scheduler.dhcp_agent_scheduler [None req-a9e3b442-3ac4-413c-8aa3-364e2e84790a 090fe6425fcc40ad981812a6fe0da3ea a31d63691a9a4b12aa11abd69e9d4e1e - - default default] No more DHCP agents
2026-04-21 18:19:50.885 9 WARNING neutron.api.rpc.agentnotifiers.dhcp_rpc_agent_api [None req-a9e3b442-3ac4-413c-8aa3-364e2e84790a 090fe6425fcc40ad981812a6fe0da3ea a31d63691a9a4b12aa11abd69e9d4e1e - - default default] Unable to schedule network d3b0d11d-6165-424d-b4a9-3757546272b4: no agents available; will retry on subsequent port and subnet creation events.
2026-04-21 18:19:50.887 9 INFO neutron.db.ovn_revision_numbers_db [None req-65d439d3-8376-4120-8f88-21be8106f320 335d0c3471b04450a8ee9042d1229672 534bb253f1c847668fe5069647ed9f1e - - default default] Successfully bumped revision number for resource 65b7f57a-65ef-47c3-804d-71feb2207fb1 (type: security_group_rules) to 0
2026-04-21 18:19:50.914 9 INFO neutron.db.ovn_revision_numbers_db [None req-65d439d3-8376-4120-8f88-21be8106f320 335d0c3471b04450a8ee9042d1229672 534bb253f1c847668fe5069647ed9f1e - - default default] Successfully bumped revision number for resource d71df157-6e4c-4dd6-b526-a9c5436b8d0c (type: security_group_rules) to 0
2026-04-21 18:19:50.943 9 INFO neutron.wsgi [None req-65d439d3-8376-4120-8f88-21be8106f320 335d0c3471b04450a8ee9042d1229672 534bb253f1c847668fe5069647ed9f1e - - default default] 10.0.0.198 "GET /v2.0/security-groups?tenant_id=a2dad2ace6da48138a31eaf38176e26a&name=default HTTP/1.1" status: 200 len: 2996 time: 0.6956449
2026-04-21 18:19:50.948 9 INFO neutron.db.ovn_revision_numbers_db [None req-a9e3b442-3ac4-413c-8aa3-364e2e84790a 090fe6425fcc40ad981812a6fe0da3ea a31d63691a9a4b12aa11abd69e9d4e1e - - default default] Successfully bumped revision number for resource 676e14ac-31e9-44a1-8579-d9cbf9e642e7 (type: subnets) to 0
2026-04-21 18:19:50.969 9 INFO neutron.wsgi [None req-a9e3b442-3ac4-413c-8aa3-364e2e84790a 090fe6425fcc40ad981812a6fe0da3ea a31d63691a9a4b12aa11abd69e9d4e1e - - default default] 10.0.0.198 "POST /v2.0/subnets HTTP/1.1" status: 201 len: 830 time: 0.6512892
2026-04-21 18:19:50.983 9 WARNING neutron_lib.context [None req-17618968-3bd7-4687-bd23-488c7157fc15 090fe6425fcc40ad981812a6fe0da3ea a31d63691a9a4b12aa11abd69e9d4e1e - - default default] Method 'is_advsvc' is deprecated since 2023.2 release (neutron-lib 3.8.0) and will be removed once support for the old RBAC API policies will be removed from Neutron. Please use method 'is_service_role' instead.
2026-04-21 18:19:51.111 10 INFO neutron.wsgi [None req-a5baec22-19a9-4950-9aea-af894291aa4b 772542aef1c7437fb77e7abb6ce24fdf bc68777d121040fd99d7cf2d09365441 - - default default] 10.0.0.198 "DELETE /v2.0/floatingips/ad255de4-d5f0-48d8-be5f-25a6bdafb916 HTTP/1.1" status: 204 len: 168 time: 0.5143197
2026-04-21 18:19:51.167 9 INFO neutron.db.ovn_revision_numbers_db [None req-17618968-3bd7-4687-bd23-488c7157fc15 090fe6425fcc40ad981812a6fe0da3ea a31d63691a9a4b12aa11abd69e9d4e1e - - default default] Successfully bumped revision number for resource b27f6142-a0ea-4b62-86ca-f33d78912c0b (type: routers) to 1
2026-04-21 18:19:51.182 9 INFO neutron.wsgi [None req-17618968-3bd7-4687-bd23-488c7157fc15 090fe6425fcc40ad981812a6fe0da3ea a31d63691a9a4b12aa11abd69e9d4e1e - - default default] 10.0.0.198 "POST /v2.0/routers HTTP/1.1" status: 201 len: 690 time: 0.2075338
2026-04-21 18:19:51.362 10 INFO neutron.wsgi [None req-c598377d-af26-4e0e-b86c-a90e89a47312 335d0c3471b04450a8ee9042d1229672 534bb253f1c847668fe5069647ed9f1e - - default default] 10.0.0.198 "DELETE /v2.0/security-groups/59e22382-3ddb-4d2c-968a-b01be43ab1e6 HTTP/1.1" status: 204 len: 168 time: 0.4150596
2026-04-21 18:19:51.504 10 INFO neutron.wsgi [None req-17c55880-9e6f-40e3-9ac2-96f3e4cf1b02 772542aef1c7437fb77e7abb6ce24fdf bc68777d121040fd99d7cf2d09365441 - - default default] 10.0.0.198 "DELETE /v2.0/floatingips/11e7cc03-81e6-44fa-9a80-fa7203162bf9 HTTP/1.1" status: 204 len: 168 time: 0.3864324
2026-04-21 18:19:51.509 9 INFO neutron.wsgi [None req-db8c1b67-ab1a-4858-8b1a-83c54e1fbab3 335d0c3471b04450a8ee9042d1229672 534bb253f1c847668fe5069647ed9f1e - - default default] 10.0.0.198 "GET /v2.0/security-groups?tenant_id=d64072668d9644b5a7103757dff81120&name=default HTTP/1.1" status: 200 len: 2996 time: 0.2103024
2026-04-21 18:19:51.744 9 WARNING neutron.scheduler.dhcp_agent_scheduler [None req-4b81dd49-02bf-457b-a546-0f67e8a55a08 090fe6425fcc40ad981812a6fe0da3ea a31d63691a9a4b12aa11abd69e9d4e1e - - default default] No more DHCP agents
2026-04-21 18:19:51.746 9 WARNING neutron.api.rpc.agentnotifiers.dhcp_rpc_agent_api [None req-4b81dd49-02bf-457b-a546-0f67e8a55a08 090fe6425fcc40ad981812a6fe0da3ea a31d63691a9a4b12aa11abd69e9d4e1e - - default default] Unable to schedule network 100be98f-cbf2-4ab9-97e4-c8cb5ae84e0c: no agents available; will retry on subsequent port and subnet creation events.
2026-04-21 18:19:51.860 9 INFO neutron.wsgi [None req-14f47ba5-afdd-41e7-b62e-11b28ff3e485 335d0c3471b04450a8ee9042d1229672 534bb253f1c847668fe5069647ed9f1e - - default default] 10.0.0.198 "DELETE /v2.0/security-groups/da00fe5b-39f1-40eb-b7a9-f9a297a5974b HTTP/1.1" status: 204 len: 168 time: 0.3441877
2026-04-21 18:19:51.892 9 INFO neutron.db.ovn_revision_numbers_db [None req-4b81dd49-02bf-457b-a546-0f67e8a55a08 090fe6425fcc40ad981812a6fe0da3ea a31d63691a9a4b12aa11abd69e9d4e1e - - default default] Successfully bumped revision number for resource 9bbd0d9a-42b6-4cc4-a8ec-cdd3a34b64fe (type: ports) to 1
2026-04-21 18:19:51.909 10 INFO neutron.wsgi [None req-fb9f74c9-c3ec-4549-aa34-5fc1c46004fd 772542aef1c7437fb77e7abb6ce24fdf bc68777d121040fd99d7cf2d09365441 - - default default] 10.0.0.198 "DELETE /v2.0/floatingips/01384498-6145-423e-aeee-2b4af7d443f3 HTTP/1.1" status: 204 len: 168 time: 0.4001846
2026-04-21 18:19:52.143 10 INFO neutron.db.ovn_revision_numbers_db [None req-c97cd751-780b-4ea0-aa07-9137b2ca15bd 335d0c3471b04450a8ee9042d1229672 534bb253f1c847668fe5069647ed9f1e - - default default] Successfully bumped revision number for resource feed6d3f-0c9b-4eaa-be6b-29bb67b5390f (type: security_groups) to 1
2026-04-21 18:19:52.157 10 INFO neutron.db.ovn_revision_numbers_db [None req-c97cd751-780b-4ea0-aa07-9137b2ca15bd 335d0c3471b04450a8ee9042d1229672 534bb253f1c847668fe5069647ed9f1e - - default default] Successfully bumped revision number for resource 6262ffe6-1903-4928-8d5b-ec211d7309bd (type: security_group_rules) to 0
2026-04-21 18:19:52.170 10 INFO neutron.db.ovn_revision_numbers_db [None req-c97cd751-780b-4ea0-aa07-9137b2ca15bd 335d0c3471b04450a8ee9042d1229672 534bb253f1c847668fe5069647ed9f1e - - default default] Successfully bumped revision number for resource 7b8cfb76-fbad-48d3-b914-659c9626fe1a (type: security_group_rules) to 0
2026-04-21 18:19:52.193 10 INFO neutron.db.ovn_revision_numbers_db [None req-c97cd751-780b-4ea0-aa07-9137b2ca15bd 335d0c3471b04450a8ee9042d1229672 534bb253f1c847668fe5069647ed9f1e - - default default] Successfully bumped revision number for resource edcf1dcd-2724-4ba6-b64e-45b7eb75dd0a (type: security_group_rules) to 0
2026-04-21 18:19:52.233 10 INFO neutron.db.ovn_revision_numbers_db [None req-c97cd751-780b-4ea0-aa07-9137b2ca15bd 335d0c3471b04450a8ee9042d1229672 534bb253f1c847668fe5069647ed9f1e - - default default] Successfully bumped revision number for resource f74704ec-dc6d-4b7b-82e4-1def4c557ded (type: security_group_rules) to 0
2026-04-21 18:19:52.263 10 INFO neutron.wsgi [None req-c97cd751-780b-4ea0-aa07-9137b2ca15bd 335d0c3471b04450a8ee9042d1229672 534bb253f1c847668fe5069647ed9f1e - - default default] 10.0.0.198 "GET /v2.0/security-groups?tenant_id=676a8c555fa34417a07f7b68151c3fbf&name=default HTTP/1.1" status: 200 len: 2996 time: 0.3163662
2026-04-21 18:19:52.273 10 INFO neutron.plugins.ml2.drivers.ovn.mech_driver.mech_driver [None req-addf92fb-e432-4d94-b969-7e471586b076 - - - - - -] OVN reports status up for port: 9bbd0d9a-42b6-4cc4-a8ec-cdd3a34b64fe
2026-04-21 18:19:52.290 10 INFO neutron.plugins.ml2.plugin [None req-addf92fb-e432-4d94-b969-7e471586b076 - - - - - -] Attempt 1 to provision port 9bbd0d9a-42b6-4cc4-a8ec-cdd3a34b64fe
2026-04-21 18:19:52.297 9 INFO neutron.db.ovn_revision_numbers_db [None req-4b81dd49-02bf-457b-a546-0f67e8a55a08 090fe6425fcc40ad981812a6fe0da3ea a31d63691a9a4b12aa11abd69e9d4e1e - - default default] Successfully bumped revision number for resource 9bbd0d9a-42b6-4cc4-a8ec-cdd3a34b64fe (type: router_ports) to 1
2026-04-21 18:19:52.326 10 INFO neutron.wsgi [None req-c1ad6943-439c-40ec-a27d-b05df1cc01ab 772542aef1c7437fb77e7abb6ce24fdf bc68777d121040fd99d7cf2d09365441 - - default default] 10.0.0.198 "DELETE /v2.0/floatingips/59db43ee-0851-43c7-862c-d7e229f7aeae HTTP/1.1" status: 204 len: 168 time: 0.4119663
2026-04-21 18:19:52.403 9 INFO neutron.db.ovn_revision_numbers_db [None req-4b81dd49-02bf-457b-a546-0f67e8a55a08 090fe6425fcc40ad981812a6fe0da3ea a31d63691a9a4b12aa11abd69e9d4e1e - - default default] Successfully bumped revision number for resource 9bbd0d9a-42b6-4cc4-a8ec-cdd3a34b64fe (type: ports) to 1
2026-04-21 18:19:52.469 9 WARNING neutron.scheduler.dhcp_agent_scheduler [None req-4b81dd49-02bf-457b-a546-0f67e8a55a08 090fe6425fcc40ad981812a6fe0da3ea a31d63691a9a4b12aa11abd69e9d4e1e - - default default] No more DHCP agents
2026-04-21 18:19:52.470 9 WARNING neutron.api.rpc.agentnotifiers.dhcp_rpc_agent_api [None req-4b81dd49-02bf-457b-a546-0f67e8a55a08 090fe6425fcc40ad981812a6fe0da3ea a31d63691a9a4b12aa11abd69e9d4e1e - - default default] Unable to schedule network 100be98f-cbf2-4ab9-97e4-c8cb5ae84e0c: no agents available; will retry on subsequent port and subnet creation events.
2026-04-21 18:19:52.542 10 INFO neutron.wsgi [None req-ef922766-ceed-4dfa-ab2e-9a62ebb5c510 335d0c3471b04450a8ee9042d1229672 534bb253f1c847668fe5069647ed9f1e - - default default] 10.0.0.198 "DELETE /v2.0/security-groups/feed6d3f-0c9b-4eaa-be6b-29bb67b5390f HTTP/1.1" status: 204 len: 168 time: 0.2650135
2026-04-21 18:19:52.600 10 INFO neutron.db.ovn_revision_numbers_db [None req-addf92fb-e432-4d94-b969-7e471586b076 - - - - - -] Successfully bumped revision number for resource 9bbd0d9a-42b6-4cc4-a8ec-cdd3a34b64fe (type: ports) to 2
2026-04-21 18:19:52.610 9 INFO neutron.db.ovn_revision_numbers_db [None req-4b81dd49-02bf-457b-a546-0f67e8a55a08 090fe6425fcc40ad981812a6fe0da3ea a31d63691a9a4b12aa11abd69e9d4e1e - - default default] Successfully bumped revision number for resource 9bbd0d9a-42b6-4cc4-a8ec-cdd3a34b64fe (type: router_ports) to 2
2026-04-21 18:19:52.613 9 INFO neutron.wsgi [None req-4b81dd49-02bf-457b-a546-0f67e8a55a08 090fe6425fcc40ad981812a6fe0da3ea a31d63691a9a4b12aa11abd69e9d4e1e - - default default] 10.0.0.198 "PUT /v2.0/routers/b27f6142-a0ea-4b62-86ca-f33d78912c0b/add_router_interface HTTP/1.1" status: 200 len: 503 time: 1.4253559
2026-04-21 18:19:52.654 9 INFO neutron.wsgi [None req-7f8e3a9a-7446-4235-a2ed-f7d879958ee6 090fe6425fcc40ad981812a6fe0da3ea a31d63691a9a4b12aa11abd69e9d4e1e - - default default] 10.0.0.198 "GET /v2.0/ports/9bbd0d9a-42b6-4cc4-a8ec-cdd3a34b64fe HTTP/1.1" status: 200 len: 1141 time: 0.0376902
2026-04-21 18:19:53.117 10 WARNING neutron.scheduler.dhcp_agent_scheduler [None req-f0ccc0c1-221c-4f17-9b79-08d83e9fae61 090fe6425fcc40ad981812a6fe0da3ea a31d63691a9a4b12aa11abd69e9d4e1e - - default default] No more DHCP agents
2026-04-21 18:19:53.120 10 WARNING neutron.api.rpc.agentnotifiers.dhcp_rpc_agent_api [None req-f0ccc0c1-221c-4f17-9b79-08d83e9fae61 090fe6425fcc40ad981812a6fe0da3ea a31d63691a9a4b12aa11abd69e9d4e1e - - default default] Unable to schedule network d3b0d11d-6165-424d-b4a9-3757546272b4: no agents available; will retry on subsequent port and subnet creation events.
2026-04-21 18:19:53.250 10 INFO neutron.db.ovn_revision_numbers_db [None req-f0ccc0c1-221c-4f17-9b79-08d83e9fae61 090fe6425fcc40ad981812a6fe0da3ea a31d63691a9a4b12aa11abd69e9d4e1e - - default default] Successfully bumped revision number for resource c1b41701-d0da-4e69-b514-603a27e2cd43 (type: ports) to 1
2026-04-21 18:19:53.547 10 INFO neutron.db.ovn_revision_numbers_db [None req-15fd8479-4a77-4f2c-811e-a5f925fe8dda 335d0c3471b04450a8ee9042d1229672 534bb253f1c847668fe5069647ed9f1e - - default default] Successfully bumped revision number for resource 3fdf002a-b25d-46af-8112-5a992d285398 (type: security_groups) to 1
2026-04-21 18:19:53.570 10 INFO neutron.db.ovn_revision_numbers_db [None req-15fd8479-4a77-4f2c-811e-a5f925fe8dda 335d0c3471b04450a8ee9042d1229672 534bb253f1c847668fe5069647ed9f1e - - default default] Successfully bumped revision number for resource 5cb91792-a6c3-4f4b-9c37-f826114619da (type: security_group_rules) to 0
2026-04-21 18:19:53.594 10 INFO neutron.db.ovn_revision_numbers_db [None req-15fd8479-4a77-4f2c-811e-a5f925fe8dda 335d0c3471b04450a8ee9042d1229672 534bb253f1c847668fe5069647ed9f1e - - default default] Successfully bumped revision number for resource 99d75283-2249-4335-ba20-6321ce64145e (type: security_group_rules) to 0
2026-04-21 18:19:53.611 10 INFO neutron.db.ovn_revision_numbers_db [None req-15fd8479-4a77-4f2c-811e-a5f925fe8dda 335d0c3471b04450a8ee9042d1229672 534bb253f1c847668fe5069647ed9f1e - - default default] Successfully bumped revision number for resource b77cc0fc-2368-427c-8f7d-2793bffaeeec (type: security_group_rules) to 0
2026-04-21 18:19:53.628 10 INFO neutron.db.ovn_revision_numbers_db [None req-15fd8479-4a77-4f2c-811e-a5f925fe8dda 335d0c3471b04450a8ee9042d1229672 534bb253f1c847668fe5069647ed9f1e - - default default] Successfully bumped revision number for resource f6f4c6c2-ecd2-4809-b464-7ca3efa7c282 (type: security_group_rules) to 0
2026-04-21 18:19:53.663 10 INFO neutron.wsgi [None req-15fd8479-4a77-4f2c-811e-a5f925fe8dda 335d0c3471b04450a8ee9042d1229672 534bb253f1c847668fe5069647ed9f1e - - default default] 10.0.0.198 "GET /v2.0/security-groups?tenant_id=a16847efb00840bcbf8dcf2f12aa5781&name=default HTTP/1.1" status: 200 len: 2996 time: 0.4603741
2026-04-21 18:19:53.733 10 INFO neutron.db.ovn_revision_numbers_db [None req-f0ccc0c1-221c-4f17-9b79-08d83e9fae61 090fe6425fcc40ad981812a6fe0da3ea a31d63691a9a4b12aa11abd69e9d4e1e - - default default] Successfully bumped revision number for resource c1b41701-d0da-4e69-b514-603a27e2cd43 (type: router_ports) to 1
2026-04-21 18:19:53.826 10 INFO neutron.db.ovn_revision_numbers_db [None req-f0ccc0c1-221c-4f17-9b79-08d83e9fae61 090fe6425fcc40ad981812a6fe0da3ea a31d63691a9a4b12aa11abd69e9d4e1e - - default default] Successfully bumped revision number for resource c1b41701-d0da-4e69-b514-603a27e2cd43 (type: ports) to 1
2026-04-21 18:19:53.885 9 INFO neutron.wsgi [None req-4d23894f-86bc-4abd-8309-b07201a952a7 335d0c3471b04450a8ee9042d1229672 534bb253f1c847668fe5069647ed9f1e - - default default] 10.0.0.198 "DELETE /v2.0/security-groups/3fdf002a-b25d-46af-8112-5a992d285398 HTTP/1.1" status: 204 len: 168 time: 0.2181959
2026-04-21 18:19:53.897 10 WARNING neutron.scheduler.dhcp_agent_scheduler [None req-f0ccc0c1-221c-4f17-9b79-08d83e9fae61 090fe6425fcc40ad981812a6fe0da3ea a31d63691a9a4b12aa11abd69e9d4e1e - - default default] No more DHCP agents
2026-04-21 18:19:53.899 10 WARNING neutron.api.rpc.agentnotifiers.dhcp_rpc_agent_api [None req-f0ccc0c1-221c-4f17-9b79-08d83e9fae61 090fe6425fcc40ad981812a6fe0da3ea a31d63691a9a4b12aa11abd69e9d4e1e - - default default] Unable to schedule network d3b0d11d-6165-424d-b4a9-3757546272b4: no agents available; will retry on subsequent port and subnet creation events.
2026-04-21 18:19:54.038 10 INFO neutron.db.ovn_revision_numbers_db [None req-f0ccc0c1-221c-4f17-9b79-08d83e9fae61 090fe6425fcc40ad981812a6fe0da3ea a31d63691a9a4b12aa11abd69e9d4e1e - - default default] Successfully bumped revision number for resource c1b41701-d0da-4e69-b514-603a27e2cd43 (type: router_ports) to 1
2026-04-21 18:19:54.041 10 INFO neutron.wsgi [None req-f0ccc0c1-221c-4f17-9b79-08d83e9fae61 090fe6425fcc40ad981812a6fe0da3ea a31d63691a9a4b12aa11abd69e9d4e1e - - default default] 10.0.0.198 "PUT /v2.0/routers/b27f6142-a0ea-4b62-86ca-f33d78912c0b/add_router_interface HTTP/1.1" status: 200 len: 503 time: 1.3821766
2026-04-21 18:19:54.131 10 INFO neutron.wsgi [None req-937482c8-baff-47cc-87dd-05d7015ba722 090fe6425fcc40ad981812a6fe0da3ea a31d63691a9a4b12aa11abd69e9d4e1e - - default default] 10.0.0.198 "GET /v2.0/ports/c1b41701-d0da-4e69-b514-603a27e2cd43 HTTP/1.1" status: 200 len: 1147 time: 0.0861773
2026-04-21 18:19:54.175 10 INFO neutron.wsgi [None req-b6bfbcbc-1291-4310-9854-3fba3354cb2e 090fe6425fcc40ad981812a6fe0da3ea a31d63691a9a4b12aa11abd69e9d4e1e - - default default] 10.0.0.198 "GET /v2.0/ports/c1b41701-d0da-4e69-b514-603a27e2cd43 HTTP/1.1" status: 200 len: 1147 time: 0.0387323
2026-04-21 18:19:54.213 10 INFO neutron.db.ovn_revision_numbers_db [None req-4348deb9-0e1e-4048-9f44-c8c458209d08 335d0c3471b04450a8ee9042d1229672 534bb253f1c847668fe5069647ed9f1e - - default default] Successfully bumped revision number for resource 6b25b848-8e09-4063-bffa-3fe9a047e43b (type: security_groups) to 1
2026-04-21 18:19:54.227 10 INFO neutron.db.ovn_revision_numbers_db [None req-4348deb9-0e1e-4048-9f44-c8c458209d08 335d0c3471b04450a8ee9042d1229672 534bb253f1c847668fe5069647ed9f1e - - default default] Successfully bumped revision number for resource 0e78ada7-a282-4ca5-9492-c38edeecdaad (type: security_group_rules) to 0
2026-04-21 18:19:54.241 10 INFO neutron.db.ovn_revision_numbers_db [None req-4348deb9-0e1e-4048-9f44-c8c458209d08 335d0c3471b04450a8ee9042d1229672 534bb253f1c847668fe5069647ed9f1e - - default default] Successfully bumped revision number for resource 8874d220-09d8-427a-bb6b-5ce3b034f40d (type: security_group_rules) to 0
2026-04-21 18:19:54.254 10 INFO neutron.db.ovn_revision_numbers_db [None req-4348deb9-0e1e-4048-9f44-c8c458209d08 335d0c3471b04450a8ee9042d1229672 534bb253f1c847668fe5069647ed9f1e - - default default] Successfully bumped revision number for resource 90f48a52-49e6-4407-9599-f22b8f163628 (type: security_group_rules) to 0
2026-04-21 18:19:54.269 10 INFO neutron.db.ovn_revision_numbers_db [None req-4348deb9-0e1e-4048-9f44-c8c458209d08 335d0c3471b04450a8ee9042d1229672 534bb253f1c847668fe5069647ed9f1e - - default default] Successfully bumped revision number for resource f1004bd5-cf16-4459-a178-eb506306a5cb (type: security_group_rules) to 0
2026-04-21 18:19:54.291 10 INFO neutron.wsgi [None req-4348deb9-0e1e-4048-9f44-c8c458209d08 335d0c3471b04450a8ee9042d1229672 534bb253f1c847668fe5069647ed9f1e - - default default] 10.0.0.198 "GET /v2.0/security-groups?tenant_id=2d578d0c9c2b4098aace32c1e9665a84&name=default HTTP/1.1" status: 200 len: 2996 time: 0.2456143
2026-04-21 18:19:54.470 10 INFO neutron.wsgi [None req-bce0b75b-d532-41df-934c-b9def3895742 335d0c3471b04450a8ee9042d1229672 534bb253f1c847668fe5069647ed9f1e - - default default] 10.0.0.198 "DELETE /v2.0/security-groups/6b25b848-8e09-4063-bffa-3fe9a047e43b HTTP/1.1" status: 204 len: 168 time: 0.1753612
2026-04-21 18:19:54.871 10 INFO neutron.db.ovn_revision_numbers_db [None req-28424098-03d5-46f0-8064-9182d3abdd82 335d0c3471b04450a8ee9042d1229672 534bb253f1c847668fe5069647ed9f1e - - default default] Successfully bumped revision number for resource edab8c2c-c380-4c28-bd68-c78c32ba35ef (type: security_groups) to 1
2026-04-21 18:19:54.884 10 INFO neutron.db.ovn_revision_numbers_db [None req-28424098-03d5-46f0-8064-9182d3abdd82 335d0c3471b04450a8ee9042d1229672 534bb253f1c847668fe5069647ed9f1e - - default default] Successfully bumped revision number for resource 1db189e0-4bfd-4174-8360-f5f82d4a5c05 (type: security_group_rules) to 0
2026-04-21 18:19:54.897 10 INFO neutron.db.ovn_revision_numbers_db [None req-28424098-03d5-46f0-8064-9182d3abdd82 335d0c3471b04450a8ee9042d1229672 534bb253f1c847668fe5069647ed9f1e - - default default] Successfully bumped revision number for resource 676ff3d4-0964-43c4-84f4-9e1e252bb710 (type: security_group_rules) to 0
2026-04-21 18:19:54.910 10 INFO neutron.db.ovn_revision_numbers_db [None req-28424098-03d5-46f0-8064-9182d3abdd82 335d0c3471b04450a8ee9042d1229672 534bb253f1c847668fe5069647ed9f1e - - default default] Successfully bumped revision number for resource bfd18e6e-7db7-4504-af7c-b0424ce36c57 (type: security_group_rules) to 0
2026-04-21 18:19:54.924 10 INFO neutron.db.ovn_revision_numbers_db [None req-28424098-03d5-46f0-8064-9182d3abdd82 335d0c3471b04450a8ee9042d1229672 534bb253f1c847668fe5069647ed9f1e - - default default] Successfully bumped revision number for resource d518ebec-4169-410c-9771-9a6768704f32 (type: security_group_rules) to 0
2026-04-21 18:19:54.947 10 INFO neutron.wsgi [None req-28424098-03d5-46f0-8064-9182d3abdd82 335d0c3471b04450a8ee9042d1229672 534bb253f1c847668fe5069647ed9f1e - - default default] 10.0.0.198 "GET /v2.0/security-groups?tenant_id=bc68777d121040fd99d7cf2d09365441&name=default HTTP/1.1" status: 200 len: 2996 time: 0.3977704
2026-04-21 18:19:55.179 9 INFO neutron.wsgi [None req-d85b82a3-1c13-4d36-8432-de11619ae58e 335d0c3471b04450a8ee9042d1229672 534bb253f1c847668fe5069647ed9f1e - - default default] 10.0.0.198 "DELETE /v2.0/security-groups/edab8c2c-c380-4c28-bd68-c78c32ba35ef HTTP/1.1" status: 204 len: 168 time: 0.2241988
2026-04-21 18:19:55.220 10 INFO neutron.wsgi [None req-a60c73df-398f-4a5b-8e93-e56f8f8b9382 090fe6425fcc40ad981812a6fe0da3ea a31d63691a9a4b12aa11abd69e9d4e1e - - default default] 10.0.0.198 "GET /v2.0/ports/c1b41701-d0da-4e69-b514-603a27e2cd43 HTTP/1.1" status: 200 len: 1147 time: 0.0407202
2026-04-21 18:19:56.031 10 INFO neutron.db.ovn_revision_numbers_db [None req-ee9e2b35-fe9a-4bb5-858a-d44d8723d83a ca84629ad4654ff394ed5b05a461c188 2401444e491943cc8da9f50e88c0281c - - default default] Successfully bumped revision number for resource 47a556d0-13e7-4d4d-bd5d-845ac74f7f80 (type: security_groups) to 1
2026-04-21 18:19:56.046 10 INFO neutron.db.ovn_revision_numbers_db [None req-ee9e2b35-fe9a-4bb5-858a-d44d8723d83a ca84629ad4654ff394ed5b05a461c188 2401444e491943cc8da9f50e88c0281c - - default default] Successfully bumped revision number for resource 12178de9-8ae1-4ebf-9411-cb7cad800552 (type: security_group_rules) to 0
2026-04-21 18:19:56.073 10 INFO neutron.db.ovn_revision_numbers_db [None req-ee9e2b35-fe9a-4bb5-858a-d44d8723d83a ca84629ad4654ff394ed5b05a461c188 2401444e491943cc8da9f50e88c0281c - - default default] Successfully bumped revision number for resource 32805041-9f3e-425b-a05e-d0d8f569a2ef (type: security_group_rules) to 0
2026-04-21 18:19:56.098 10 INFO neutron.db.ovn_revision_numbers_db [None req-ee9e2b35-fe9a-4bb5-858a-d44d8723d83a ca84629ad4654ff394ed5b05a461c188 2401444e491943cc8da9f50e88c0281c - - default default] Successfully bumped revision number for resource c7e75ca7-858f-453a-bc6d-95172f00d216 (type: security_group_rules) to 0
2026-04-21 18:19:56.112 10 INFO neutron.db.ovn_revision_numbers_db [None req-ee9e2b35-fe9a-4bb5-858a-d44d8723d83a ca84629ad4654ff394ed5b05a461c188 2401444e491943cc8da9f50e88c0281c - - default default] Successfully bumped revision number for resource cb27b7b3-f7ca-4937-ae27-0a64ee1fb0e2 (type: security_group_rules) to 0
2026-04-21 18:19:56.163 10 INFO neutron.db.segments_db [None req-ee9e2b35-fe9a-4bb5-858a-d44d8723d83a ca84629ad4654ff394ed5b05a461c188 2401444e491943cc8da9f50e88c0281c - - default default] Added segment a142bcd3-2784-4b91-ba77-cba0924859b3 of type geneve for network d22a6f4c-a144-4b7e-b695-4013af62de3f
2026-04-21 18:19:56.317 10 INFO neutron.db.ovn_revision_numbers_db [None req-ee9e2b35-fe9a-4bb5-858a-d44d8723d83a ca84629ad4654ff394ed5b05a461c188 2401444e491943cc8da9f50e88c0281c - - default default] Successfully bumped revision number for resource d22a6f4c-a144-4b7e-b695-4013af62de3f (type: networks) to 1
2026-04-21 18:19:56.323 9 INFO neutron.wsgi [None req-1ccdf028-b925-4f4e-8a26-de56da754329 090fe6425fcc40ad981812a6fe0da3ea a31d63691a9a4b12aa11abd69e9d4e1e - - default default] 10.0.0.198 "GET /v2.0/ports/c1b41701-d0da-4e69-b514-603a27e2cd43 HTTP/1.1" status: 200 len: 1147 time: 0.0969410
2026-04-21 18:19:56.475 10 WARNING neutron.scheduler.dhcp_agent_scheduler [None req-ee9e2b35-fe9a-4bb5-858a-d44d8723d83a ca84629ad4654ff394ed5b05a461c188 2401444e491943cc8da9f50e88c0281c - - default default] No more DHCP agents
2026-04-21 18:19:56.480 10 WARNING neutron.api.rpc.agentnotifiers.dhcp_rpc_agent_api [None req-ee9e2b35-fe9a-4bb5-858a-d44d8723d83a ca84629ad4654ff394ed5b05a461c188 2401444e491943cc8da9f50e88c0281c - - default default] Unable to schedule network d22a6f4c-a144-4b7e-b695-4013af62de3f: no agents available; will retry on subsequent port and subnet creation events.
2026-04-21 18:19:56.575 10 INFO neutron.db.ovn_revision_numbers_db [None req-ee9e2b35-fe9a-4bb5-858a-d44d8723d83a ca84629ad4654ff394ed5b05a461c188 2401444e491943cc8da9f50e88c0281c - - default default] Successfully bumped revision number for resource 35d16e00-643b-497e-b2c6-d13158a0020c (type: ports) to 1
2026-04-21 18:19:56.599 10 INFO neutron.wsgi [None req-ee9e2b35-fe9a-4bb5-858a-d44d8723d83a ca84629ad4654ff394ed5b05a461c188 2401444e491943cc8da9f50e88c0281c - - default default] 10.0.0.198 "POST /v2.0/networks HTTP/1.1" status: 201 len: 929 time: 0.8145890
2026-04-21 18:19:56.783 10 WARNING neutron.scheduler.dhcp_agent_scheduler [None req-50635b27-2784-4f28-ab48-395064839f3d ca84629ad4654ff394ed5b05a461c188 2401444e491943cc8da9f50e88c0281c - - default default] No more DHCP agents
2026-04-21 18:19:56.786 10 WARNING neutron.api.rpc.agentnotifiers.dhcp_rpc_agent_api [None req-50635b27-2784-4f28-ab48-395064839f3d ca84629ad4654ff394ed5b05a461c188 2401444e491943cc8da9f50e88c0281c - - default default] Unable to schedule network d22a6f4c-a144-4b7e-b695-4013af62de3f: no agents available; will retry on subsequent port and subnet creation events.
2026-04-21 18:19:57.062 9 WARNING neutron_lib.context [None req-962b932c-99ae-4724-a7cb-e72c1f58d936 e3b9e3cca616452f9e9f8fcc82d77943 a3c4e60582aa478cba2f1ef6dd8bee1e - - default default] Method 'is_advsvc' is deprecated since 2023.2 release (neutron-lib 3.8.0) and will be removed once support for the old RBAC API policies will be removed from Neutron. Please use method 'is_service_role' instead.
2026-04-21 18:19:57.214 9 INFO neutron.db.ovn_revision_numbers_db [None req-962b932c-99ae-4724-a7cb-e72c1f58d936 e3b9e3cca616452f9e9f8fcc82d77943 a3c4e60582aa478cba2f1ef6dd8bee1e - - default default] Successfully bumped revision number for resource e3b72e33-da01-454f-aa50-a9903c7e58df (type: security_groups) to 1
2026-04-21 18:19:57.227 9 INFO neutron.db.ovn_revision_numbers_db [None req-962b932c-99ae-4724-a7cb-e72c1f58d936 e3b9e3cca616452f9e9f8fcc82d77943 a3c4e60582aa478cba2f1ef6dd8bee1e - - default default] Successfully bumped revision number for resource 1b0e434f-7891-4f9b-bcd7-025dad317616 (type: security_group_rules) to 0
2026-04-21 18:19:57.246 9 INFO neutron.db.ovn_revision_numbers_db [None req-962b932c-99ae-4724-a7cb-e72c1f58d936 e3b9e3cca616452f9e9f8fcc82d77943 a3c4e60582aa478cba2f1ef6dd8bee1e - - default default] Successfully bumped revision number for resource 2ca9509d-8f9e-4413-9974-7afc2d63c31e (type: security_group_rules) to 0
2026-04-21 18:19:57.259 9 INFO neutron.db.ovn_revision_numbers_db [None req-962b932c-99ae-4724-a7cb-e72c1f58d936 e3b9e3cca616452f9e9f8fcc82d77943 a3c4e60582aa478cba2f1ef6dd8bee1e - - default default] Successfully bumped revision number for resource 45df7b80-6bdc-4a12-9d5a-fa8afadb290a (type: security_group_rules) to 0
2026-04-21 18:19:57.273 9 INFO neutron.db.ovn_revision_numbers_db [None req-962b932c-99ae-4724-a7cb-e72c1f58d936 e3b9e3cca616452f9e9f8fcc82d77943 a3c4e60582aa478cba2f1ef6dd8bee1e - - default default] Successfully bumped revision number for resource 7537f41e-71f8-4129-8b22-c73dee40bf2e (type: security_group_rules) to 0
2026-04-21 18:19:57.283 10 INFO neutron.db.ovn_revision_numbers_db [None req-50635b27-2784-4f28-ab48-395064839f3d ca84629ad4654ff394ed5b05a461c188 2401444e491943cc8da9f50e88c0281c - - default default] Successfully bumped revision number for resource 35d16e00-643b-497e-b2c6-d13158a0020c (type: ports) to 2
2026-04-21 18:19:57.320 10 INFO neutron.db.ovn_revision_numbers_db [None req-50635b27-2784-4f28-ab48-395064839f3d ca84629ad4654ff394ed5b05a461c188 2401444e491943cc8da9f50e88c0281c - - default default] Successfully bumped revision number for resource 656e8d4e-abf8-4a01-9049-c46720eca28f (type: subnets) to 0
2026-04-21 18:19:57.328 9 INFO neutron.db.segments_db [None req-962b932c-99ae-4724-a7cb-e72c1f58d936 e3b9e3cca616452f9e9f8fcc82d77943 a3c4e60582aa478cba2f1ef6dd8bee1e - - default default] Added segment 36009fec-22c1-4e02-97b0-c6e18534e12c of type geneve for network 1931fcc0-5200-48f5-9096-520f48d4275d
2026-04-21 18:19:57.364 10 INFO neutron.wsgi [None req-50635b27-2784-4f28-ab48-395064839f3d ca84629ad4654ff394ed5b05a461c188 2401444e491943cc8da9f50e88c0281c - - default default] 10.0.0.198 "POST /v2.0/subnets HTTP/1.1" status: 201 len: 819 time: 0.7592831
2026-04-21 18:19:57.377 9 WARNING neutron.api.v2.base [None req-25aefbec-4728-4cdb-bcce-a34c140321c7 ca84629ad4654ff394ed5b05a461c188 2401444e491943cc8da9f50e88c0281c - - default default] An exception happened while processing the request body. The exception message is [Invalid input for target_tenant. Reason: 'None' is not a valid string.].: webob.exc.HTTPBadRequest: Invalid input for target_tenant. Reason: 'None' is not a valid string.
2026-04-21 18:19:57.378 9 INFO neutron.api.v2.resource [None req-25aefbec-4728-4cdb-bcce-a34c140321c7 ca84629ad4654ff394ed5b05a461c188 2401444e491943cc8da9f50e88c0281c - - default default] create failed (client error): Invalid input for target_tenant. Reason: 'None' is not a valid string.
2026-04-21 18:19:57.380 9 INFO neutron.wsgi [None req-25aefbec-4728-4cdb-bcce-a34c140321c7 ca84629ad4654ff394ed5b05a461c188 2401444e491943cc8da9f50e88c0281c - - default default] 10.0.0.198 "POST /v2.0/rbac-policies HTTP/1.1" status: 400 len: 346 time: 0.0102024
2026-04-21 18:19:57.384 10 INFO neutron.wsgi [None req-bdf85b0f-c08c-4f8d-832f-7630ecfed721 090fe6425fcc40ad981812a6fe0da3ea a31d63691a9a4b12aa11abd69e9d4e1e - - default default] 10.0.0.198 "GET /v2.0/ports/c1b41701-d0da-4e69-b514-603a27e2cd43 HTTP/1.1" status: 200 len: 1147 time: 0.0514483
2026-04-21 18:19:57.536 9 INFO neutron.db.ovn_revision_numbers_db [None req-962b932c-99ae-4724-a7cb-e72c1f58d936 e3b9e3cca616452f9e9f8fcc82d77943 a3c4e60582aa478cba2f1ef6dd8bee1e - - default default] Successfully bumped revision number for resource 1931fcc0-5200-48f5-9096-520f48d4275d (type: networks) to 1
2026-04-21 18:19:57.730 9 WARNING neutron.scheduler.dhcp_agent_scheduler [None req-962b932c-99ae-4724-a7cb-e72c1f58d936 e3b9e3cca616452f9e9f8fcc82d77943 a3c4e60582aa478cba2f1ef6dd8bee1e - - default default] No more DHCP agents
2026-04-21 18:19:57.732 9 WARNING neutron.api.rpc.agentnotifiers.dhcp_rpc_agent_api [None req-962b932c-99ae-4724-a7cb-e72c1f58d936 e3b9e3cca616452f9e9f8fcc82d77943 a3c4e60582aa478cba2f1ef6dd8bee1e - - default default] Unable to schedule network 1931fcc0-5200-48f5-9096-520f48d4275d: no agents available; will retry on subsequent port and subnet creation events.
2026-04-21 18:19:57.794 9 INFO neutron.wsgi [-] 10.0.0.37 "GET / HTTP/1.1" status: 200 len: 247 time: 0.0012519
2026-04-21 18:19:57.797 9 INFO neutron.wsgi [-] 10.0.0.37 "GET / HTTP/1.1" status: 200 len: 247 time: 0.0024550
2026-04-21 18:19:57.837 9 INFO neutron.db.ovn_revision_numbers_db [None req-962b932c-99ae-4724-a7cb-e72c1f58d936 e3b9e3cca616452f9e9f8fcc82d77943 a3c4e60582aa478cba2f1ef6dd8bee1e - - default default] Successfully bumped revision number for resource e07c5d39-36cd-42e0-924c-47acbf7a3f9f (type: ports) to 1
2026-04-21 18:19:57.867 9 INFO neutron.wsgi [None req-962b932c-99ae-4724-a7cb-e72c1f58d936 e3b9e3cca616452f9e9f8fcc82d77943 a3c4e60582aa478cba2f1ef6dd8bee1e - - default default] 10.0.0.198 "POST /v2.0/networks HTTP/1.1" status: 201 len: 830 time: 0.9826179
2026-04-21 18:19:57.879 9 WARNING neutron_lib.context [None req-f0fd06eb-9629-4af3-91df-885dcc9bf539 e3b9e3cca616452f9e9f8fcc82d77943 a3c4e60582aa478cba2f1ef6dd8bee1e - - default default] Method 'is_advsvc' is deprecated since 2023.2 release (neutron-lib 3.8.0) and will be removed once support for the old RBAC API policies will be removed from Neutron. Please use method 'is_service_role' instead.
2026-04-21 18:19:57.941 10 INFO neutron.services.segments.plugin [-] Segment a142bcd3-2784-4b91-ba77-cba0924859b3 resource provider aggregate not found
2026-04-21 18:19:57.948 10 INFO neutron.services.segments.plugin [-] Segment a142bcd3-2784-4b91-ba77-cba0924859b3 resource provider aggregate not found
2026-04-21 18:19:57.963 10 INFO neutron.services.segments.plugin [-] Segment a142bcd3-2784-4b91-ba77-cba0924859b3 resource provider not found; error: Placement Client Error (4xx): {"errors": [{"status": 404, "title": "Not Found", "detail": "The resource could not be found.\n\n No resource provider with uuid a142bcd3-2784-4b91-ba77-cba0924859b3 found for delete ", "request_id": "req-1f218d0e-5f54-4f42-9ac3-c5cb2f839b24"}]}
2026-04-21 18:19:57.967 10 INFO neutron.services.segments.plugin [-] Segment a142bcd3-2784-4b91-ba77-cba0924859b3 resource provider not found; error: Placement Client Error (4xx): {"errors": [{"status": 404, "title": "Not Found", "detail": "The resource could not be found.\n\n No resource provider with uuid a142bcd3-2784-4b91-ba77-cba0924859b3 found for delete ", "request_id": "req-b9f77e0f-6eaf-4407-bfb6-cfe10e842b55"}]}
2026-04-21 18:19:57.989 10 INFO neutron.wsgi [None req-631c496c-6ad1-4fa4-886f-3edf0aee6945 ca84629ad4654ff394ed5b05a461c188 2401444e491943cc8da9f50e88c0281c - - default default] 10.0.0.198 "DELETE /v2.0/networks/d22a6f4c-a144-4b7e-b695-4013af62de3f HTTP/1.1" status: 204 len: 168 time: 0.6044421
2026-04-21 18:19:58.085 10 INFO neutron.db.segments_db [None req-8afdb394-f8e0-43a7-8072-e3f0a90717a7 ca84629ad4654ff394ed5b05a461c188 2401444e491943cc8da9f50e88c0281c - - default default] Added segment d2748dcb-3d2a-4b54-be93-b6df5bf1f65e of type geneve for network 4dca5cad-bb3f-4cc1-a03a-d28573628f08
2026-04-21 18:19:58.101 9 WARNING neutron.scheduler.dhcp_agent_scheduler [None req-f0fd06eb-9629-4af3-91df-885dcc9bf539 e3b9e3cca616452f9e9f8fcc82d77943 a3c4e60582aa478cba2f1ef6dd8bee1e - - default default] No more DHCP agents
2026-04-21 18:19:58.103 9 WARNING neutron.api.rpc.agentnotifiers.dhcp_rpc_agent_api [None req-f0fd06eb-9629-4af3-91df-885dcc9bf539 e3b9e3cca616452f9e9f8fcc82d77943 a3c4e60582aa478cba2f1ef6dd8bee1e - - default default] Unable to schedule network 1931fcc0-5200-48f5-9096-520f48d4275d: no agents available; will retry on subsequent port and subnet creation events.
2026-04-21 18:19:58.207 9 INFO neutron.db.ovn_revision_numbers_db [None req-f0fd06eb-9629-4af3-91df-885dcc9bf539 e3b9e3cca616452f9e9f8fcc82d77943 a3c4e60582aa478cba2f1ef6dd8bee1e - - default default] Successfully bumped revision number for resource b96fc7e5-4350-4105-8185-6c4d08e66107 (type: ports) to 1
2026-04-21 18:19:58.230 9 INFO neutron.wsgi [None req-f0fd06eb-9629-4af3-91df-885dcc9bf539 e3b9e3cca616452f9e9f8fcc82d77943 a3c4e60582aa478cba2f1ef6dd8bee1e - - default default] 10.0.0.198 "POST /v2.0/ports HTTP/1.1" status: 201 len: 942 time: 0.3567698 /var/lib/openstack/lib/python3.10/site-packages/pycadf/identifier.py:71: UserWarning: Invalid uuid: neutron. To ensure interoperability, identifiers should be a valid uuid. warnings.warn(('Invalid uuid: %s. To ensure interoperability, '
2026-04-21 18:19:58.241 10 INFO neutron.db.ovn_revision_numbers_db [None req-8afdb394-f8e0-43a7-8072-e3f0a90717a7 ca84629ad4654ff394ed5b05a461c188 2401444e491943cc8da9f50e88c0281c - - default default] Successfully bumped revision number for resource 4dca5cad-bb3f-4cc1-a03a-d28573628f08 (type: networks) to 1
2026-04-21 18:19:58.241 9 WARNING neutron_lib.context [None req-655febc2-16a4-4f71-9eb7-81c4051ad5c6 e3b9e3cca616452f9e9f8fcc82d77943 a3c4e60582aa478cba2f1ef6dd8bee1e - - default default] Method 'is_advsvc' is deprecated since 2023.2 release (neutron-lib 3.8.0) and will be removed once support for the old RBAC API policies will be removed from Neutron. Please use method 'is_service_role' instead.
2026-04-21 18:19:58.329 9 INFO neutron.db.segments_db [None req-655febc2-16a4-4f71-9eb7-81c4051ad5c6 e3b9e3cca616452f9e9f8fcc82d77943 a3c4e60582aa478cba2f1ef6dd8bee1e - - default default] Added segment d3f40a91-cf6e-4245-a654-d352e3e2fe5c of type geneve for network b96db450-8e0f-404a-b8f7-142712eac76b
2026-04-21 18:19:58.337 10 WARNING neutron.plugins.ml2.drivers.ovn.mech_driver.ovsdb.ovn_client [None req-addf92fb-e432-4d94-b969-7e471586b076 - - - - - -] No hosting information found for port 9bbd0d9a-42b6-4cc4-a8ec-cdd3a34b64fe: RuntimeError: No hosting information found for port 9bbd0d9a-42b6-4cc4-a8ec-cdd3a34b64fe
2026-04-21 18:19:58.337 10 INFO neutron.plugins.ml2.drivers.ovn.mech_driver.mech_driver [None req-addf92fb-e432-4d94-b969-7e471586b076 - - - - - -] OVN reports status up for port: c1b41701-d0da-4e69-b514-603a27e2cd43
2026-04-21 18:19:58.349 10 INFO neutron.plugins.ml2.plugin [None req-addf92fb-e432-4d94-b969-7e471586b076 - - - - - -] Attempt 1 to provision port c1b41701-d0da-4e69-b514-603a27e2cd43
2026-04-21 18:19:58.433 9 INFO neutron.wsgi [None req-74862849-f837-42c9-ae4d-4d9ab3125be0 090fe6425fcc40ad981812a6fe0da3ea a31d63691a9a4b12aa11abd69e9d4e1e - - default default] 10.0.0.198 "GET /v2.0/ports/c1b41701-d0da-4e69-b514-603a27e2cd43 HTTP/1.1" status: 200 len: 1147 time: 0.0419014
2026-04-21 18:19:58.437 10 WARNING neutron.scheduler.dhcp_agent_scheduler [None req-8afdb394-f8e0-43a7-8072-e3f0a90717a7 ca84629ad4654ff394ed5b05a461c188 2401444e491943cc8da9f50e88c0281c - - default default] No more DHCP agents
2026-04-21 18:19:58.442 10 WARNING neutron.api.rpc.agentnotifiers.dhcp_rpc_agent_api [None req-8afdb394-f8e0-43a7-8072-e3f0a90717a7 ca84629ad4654ff394ed5b05a461c188 2401444e491943cc8da9f50e88c0281c - - default default] Unable to schedule network 4dca5cad-bb3f-4cc1-a03a-d28573628f08: no agents available; will retry on subsequent port and subnet creation events.
2026-04-21 18:19:58.510 9 INFO neutron.db.ovn_revision_numbers_db [None req-655febc2-16a4-4f71-9eb7-81c4051ad5c6 e3b9e3cca616452f9e9f8fcc82d77943 a3c4e60582aa478cba2f1ef6dd8bee1e - - default default] Successfully bumped revision number for resource b96db450-8e0f-404a-b8f7-142712eac76b (type: networks) to 1
2026-04-21 18:19:58.569 10 INFO neutron.db.ovn_revision_numbers_db [None req-8afdb394-f8e0-43a7-8072-e3f0a90717a7 ca84629ad4654ff394ed5b05a461c188 2401444e491943cc8da9f50e88c0281c - - default default] Successfully bumped revision number for resource 2dfff059-f7e1-4464-ab31-7e3cf831d901 (type: ports) to 1
2026-04-21 18:19:58.601 10 INFO neutron.wsgi [None req-8afdb394-f8e0-43a7-8072-e3f0a90717a7 ca84629ad4654ff394ed5b05a461c188 2401444e491943cc8da9f50e88c0281c - - default default] 10.0.0.198 "POST /v2.0/networks HTTP/1.1" status: 201 len: 929 time: 0.6029637
2026-04-21 18:19:58.701 10 INFO neutron.db.ovn_revision_numbers_db [None req-addf92fb-e432-4d94-b969-7e471586b076 - - - - - -] Successfully bumped revision number for resource c1b41701-d0da-4e69-b514-603a27e2cd43 (type: ports) to 2
2026-04-21 18:19:58.740 9 WARNING neutron.scheduler.dhcp_agent_scheduler [None req-655febc2-16a4-4f71-9eb7-81c4051ad5c6 e3b9e3cca616452f9e9f8fcc82d77943 a3c4e60582aa478cba2f1ef6dd8bee1e - - default default] No more DHCP agents
2026-04-21 18:19:58.746 9 WARNING neutron.api.rpc.agentnotifiers.dhcp_rpc_agent_api [None req-655febc2-16a4-4f71-9eb7-81c4051ad5c6 e3b9e3cca616452f9e9f8fcc82d77943 a3c4e60582aa478cba2f1ef6dd8bee1e - - default default] Unable to schedule network b96db450-8e0f-404a-b8f7-142712eac76b: no agents available; will retry on subsequent port and subnet creation events.
2026-04-21 18:19:58.781 10 INFO neutron.db.ovn_revision_numbers_db [None req-addf92fb-e432-4d94-b969-7e471586b076 - - - - - -] Successfully bumped revision number for resource c1b41701-d0da-4e69-b514-603a27e2cd43 (type: router_ports) to 2
2026-04-21 18:19:58.852 9 WARNING neutron.scheduler.dhcp_agent_scheduler [None req-e90f4e24-99ce-4ee0-8760-a506f92afa8e ca84629ad4654ff394ed5b05a461c188 2401444e491943cc8da9f50e88c0281c - - default default] No more DHCP agents
2026-04-21 18:19:58.856 9 WARNING neutron.api.rpc.agentnotifiers.dhcp_rpc_agent_api [None req-e90f4e24-99ce-4ee0-8760-a506f92afa8e ca84629ad4654ff394ed5b05a461c188 2401444e491943cc8da9f50e88c0281c - - default default] Unable to schedule network 4dca5cad-bb3f-4cc1-a03a-d28573628f08: no agents available; will retry on subsequent port and subnet creation events.
2026-04-21 18:19:58.871 9 INFO neutron.db.ovn_revision_numbers_db [None req-655febc2-16a4-4f71-9eb7-81c4051ad5c6 e3b9e3cca616452f9e9f8fcc82d77943 a3c4e60582aa478cba2f1ef6dd8bee1e - - default default] Successfully bumped revision number for resource c6a74631-3b57-4982-839c-051657bc5959 (type: ports) to 1
2026-04-21 18:19:58.909 9 INFO neutron.wsgi [None req-655febc2-16a4-4f71-9eb7-81c4051ad5c6 e3b9e3cca616452f9e9f8fcc82d77943 a3c4e60582aa478cba2f1ef6dd8bee1e - - default default] 10.0.0.198 "POST /v2.0/networks HTTP/1.1" status: 201 len: 830 time: 0.6735134
2026-04-21 18:19:58.918 9 WARNING neutron_lib.context [None req-f57c1b40-706d-4101-b896-3969ec955c92 e3b9e3cca616452f9e9f8fcc82d77943 a3c4e60582aa478cba2f1ef6dd8bee1e - - default default] Method 'is_advsvc' is deprecated since 2023.2 release (neutron-lib 3.8.0) and will be removed once support for the old RBAC API policies will be removed from Neutron. Please use method 'is_service_role' instead.
2026-04-21 18:19:59.519 9 WARNING neutron.scheduler.dhcp_agent_scheduler [None req-f57c1b40-706d-4101-b896-3969ec955c92 e3b9e3cca616452f9e9f8fcc82d77943 a3c4e60582aa478cba2f1ef6dd8bee1e - - default default] No more DHCP agents
2026-04-21 18:19:59.521 9 WARNING neutron.api.rpc.agentnotifiers.dhcp_rpc_agent_api [None req-f57c1b40-706d-4101-b896-3969ec955c92 e3b9e3cca616452f9e9f8fcc82d77943 a3c4e60582aa478cba2f1ef6dd8bee1e - - default default] Unable to schedule network b96db450-8e0f-404a-b8f7-142712eac76b: no agents available; will retry on subsequent port and subnet creation events.
2026-04-21 18:19:59.534 10 INFO neutron.wsgi [None req-cbe26c9a-606a-4d4b-8c89-16c3fa250d64 090fe6425fcc40ad981812a6fe0da3ea a31d63691a9a4b12aa11abd69e9d4e1e - - default default] 10.0.0.198 "GET /v2.0/ports/c1b41701-d0da-4e69-b514-603a27e2cd43 HTTP/1.1" status: 200 len: 1149 time: 0.0951509
2026-04-21 18:19:59.662 9 INFO neutron.db.ovn_revision_numbers_db [None req-f57c1b40-706d-4101-b896-3969ec955c92 e3b9e3cca616452f9e9f8fcc82d77943 a3c4e60582aa478cba2f1ef6dd8bee1e - - default default] Successfully bumped revision number for resource f0a70948-19e1-4169-9dda-60c071d3db08 (type: ports) to 1
2026-04-21 18:19:59.698 9 INFO neutron.wsgi [None req-f57c1b40-706d-4101-b896-3969ec955c92 e3b9e3cca616452f9e9f8fcc82d77943 a3c4e60582aa478cba2f1ef6dd8bee1e - - default default] 10.0.0.198 "POST /v2.0/ports HTTP/1.1" status: 201 len: 942 time: 0.7835319 /var/lib/openstack/lib/python3.10/site-packages/pycadf/identifier.py:71: UserWarning: Invalid uuid: neutron. To ensure interoperability, identifiers should be a valid uuid. warnings.warn(('Invalid uuid: %s. To ensure interoperability, '
2026-04-21 18:19:59.708 9 WARNING neutron_lib.context [None req-6ea52117-a628-47bd-b078-c4b612d2aed9 e3b9e3cca616452f9e9f8fcc82d77943 a3c4e60582aa478cba2f1ef6dd8bee1e - - default default] Method 'is_advsvc' is deprecated since 2023.2 release (neutron-lib 3.8.0) and will be removed once support for the old RBAC API policies will be removed from Neutron. Please use method 'is_service_role' instead.
2026-04-21 18:19:59.806 9 INFO neutron.db.segments_db [None req-6ea52117-a628-47bd-b078-c4b612d2aed9 e3b9e3cca616452f9e9f8fcc82d77943 a3c4e60582aa478cba2f1ef6dd8bee1e - - default default] Added segment 086a9182-d68d-4383-8a5d-e1eecd67f90a of type geneve for network 81c7d677-3e30-4815-a733-c72e1e1ce50b
2026-04-21 18:19:59.845 9 INFO neutron.db.ovn_revision_numbers_db [None req-e90f4e24-99ce-4ee0-8760-a506f92afa8e ca84629ad4654ff394ed5b05a461c188 2401444e491943cc8da9f50e88c0281c - - default default] Successfully bumped revision number for resource 2dfff059-f7e1-4464-ab31-7e3cf831d901 (type: ports) to 2
2026-04-21 18:19:59.921 9 INFO neutron.wsgi [None req-c4471399-a90c-4d3d-ac49-129041e59459 0752b9a7128d474c837ad47b36f945bd 8e92056c349d4307b5b16de76a871af5 - - default default] 10.0.0.198 "POST /v2.0/qos/policies HTTP/1.1" status: 201 len: 558 time: 0.2759242
2026-04-21 18:19:59.941 9 INFO neutron.db.ovn_revision_numbers_db [None req-e90f4e24-99ce-4ee0-8760-a506f92afa8e ca84629ad4654ff394ed5b05a461c188 2401444e491943cc8da9f50e88c0281c - - default default] Successfully bumped revision number for resource 89ea8361-75f6-4840-872a-1263f58e912b (type: subnets) to 0
2026-04-21 18:19:59.977 9 INFO neutron.wsgi [None req-e90f4e24-99ce-4ee0-8760-a506f92afa8e ca84629ad4654ff394ed5b05a461c188 2401444e491943cc8da9f50e88c0281c - - default default] 10.0.0.198 "POST /v2.0/subnets HTTP/1.1" status: 201 len: 822 time: 1.3717721
2026-04-21 18:19:59.987 10 WARNING neutron.api.v2.base [None req-2d768b57-4b6d-40a7-b689-e98ee730427b ca84629ad4654ff394ed5b05a461c188 2401444e491943cc8da9f50e88c0281c - - default default] An exception happened while processing the request body. The exception message is [Invalid input for target_tenant. Reason: '1234123412341234123412341234123412341234123412341234123412341234123412341234123412341234123412341234123412341234123412341234123412341234123412341234123412341234123412341234123412341234123412341234123412341234123412341234123412341234123412341234123412341234123412341234123412341234123412341234123412341234123412341234123412341234123412341234123412341234123412341234123412341234123412341234123412341234' exceeds maximum length of 255.].: webob.exc.HTTPBadRequest: Invalid input for target_tenant. Reason: '1234123412341234123412341234123412341234123412341234123412341234123412341234123412341234123412341234123412341234123412341234123412341234123412341234123412341234123412341234123412341234123412341234123412341234123412341234123412341234123412341234123412341234123412341234123412341234123412341234123412341234123412341234123412341234123412341234123412341234123412341234123412341234123412341234123412341234' exceeds maximum length of 255.
2026-04-21 18:19:59.987 10 INFO neutron.api.v2.resource [None req-2d768b57-4b6d-40a7-b689-e98ee730427b ca84629ad4654ff394ed5b05a461c188 2401444e491943cc8da9f50e88c0281c - - default default] create failed (client error): Invalid input for target_tenant. Reason: '1234123412341234123412341234123412341234123412341234123412341234123412341234123412341234123412341234123412341234123412341234123412341234123412341234123412341234123412341234123412341234123412341234123412341234123412341234123412341234123412341234123412341234123412341234123412341234123412341234123412341234123412341234123412341234123412341234123412341234123412341234123412341234123412341234123412341234' exceeds maximum length of 255.
2026-04-21 18:19:59.988 10 INFO neutron.wsgi [None req-2d768b57-4b6d-40a7-b689-e98ee730427b ca84629ad4654ff394ed5b05a461c188 2401444e491943cc8da9f50e88c0281c - - default default] 10.0.0.198 "POST /v2.0/rbac-policies HTTP/1.1" status: 400 len: 750 time: 0.0067346
2026-04-21 18:20:00.003 9 INFO neutron.wsgi [None req-ba25f46c-890a-442f-8085-a0a3012fd9cb 0752b9a7128d474c837ad47b36f945bd 8e92056c349d4307b5b16de76a871af5 - - default default] 10.0.0.198 "POST /v2.0/qos/policies HTTP/1.1" status: 201 len: 558 time: 0.0758102
2026-04-21 18:20:00.020 9 INFO neutron.db.ovn_revision_numbers_db [None req-6ea52117-a628-47bd-b078-c4b612d2aed9 e3b9e3cca616452f9e9f8fcc82d77943 a3c4e60582aa478cba2f1ef6dd8bee1e - - default default] Successfully bumped revision number for resource 81c7d677-3e30-4815-a733-c72e1e1ce50b (type: networks) to 1
2026-04-21 18:20:00.057 9 INFO neutron.wsgi [None req-6546322e-2ac6-43d6-9f8c-f052fbe385d1 0752b9a7128d474c837ad47b36f945bd 8e92056c349d4307b5b16de76a871af5 - - default default] 10.0.0.198 "POST /v2.0/qos/policies HTTP/1.1" status: 201 len: 558 time: 0.0491836
