2026-04-21 18:20:00.147 9 INFO neutron.wsgi [None req-b9508acc-ded5-4f97-b28e-fe0347582b08 0752b9a7128d474c837ad47b36f945bd 8e92056c349d4307b5b16de76a871af5 - - default default] 10.0.0.198 "POST /v2.0/qos/policies HTTP/1.1" status: 201 len: 558 time: 0.0854108
2026-04-21 18:20:00.229 9 WARNING neutron.scheduler.dhcp_agent_scheduler [None req-6ea52117-a628-47bd-b078-c4b612d2aed9 e3b9e3cca616452f9e9f8fcc82d77943 a3c4e60582aa478cba2f1ef6dd8bee1e - - default default] No more DHCP agents
2026-04-21 18:20:00.232 9 WARNING neutron.api.rpc.agentnotifiers.dhcp_rpc_agent_api [None req-6ea52117-a628-47bd-b078-c4b612d2aed9 e3b9e3cca616452f9e9f8fcc82d77943 a3c4e60582aa478cba2f1ef6dd8bee1e - - default default] Unable to schedule network 81c7d677-3e30-4815-a733-c72e1e1ce50b: no agents available; will retry on subsequent port and subnet creation events.
2026-04-21 18:20:00.284 10 INFO neutron.wsgi [None req-16d6828e-66e1-4378-b240-c2814bc3cfcc 0752b9a7128d474c837ad47b36f945bd 8e92056c349d4307b5b16de76a871af5 - - default default] 10.0.0.198 "POST /v2.0/qos/policies HTTP/1.1" status: 201 len: 558 time: 0.1288447
2026-04-21 18:20:00.340 9 INFO neutron.db.ovn_revision_numbers_db [None req-6ea52117-a628-47bd-b078-c4b612d2aed9 e3b9e3cca616452f9e9f8fcc82d77943 a3c4e60582aa478cba2f1ef6dd8bee1e - - default default] Successfully bumped revision number for resource 8927a92d-dd07-4163-b367-8b5906e07e06 (type: ports) to 1
2026-04-21 18:20:00.367 10 INFO neutron.wsgi [None req-a0d73b55-f5ad-4849-b0dd-5c708af34a4f 0752b9a7128d474c837ad47b36f945bd 8e92056c349d4307b5b16de76a871af5 - - default default] 10.0.0.198 "PUT /v2.0/policies/db72ba86-2d0b-44cd-bdac-d0ab10112770/tags HTTP/1.1" status: 200 len: 210 time: 0.0787008
2026-04-21 18:20:00.373 9 INFO neutron.wsgi [None req-6ea52117-a628-47bd-b078-c4b612d2aed9 e3b9e3cca616452f9e9f8fcc82d77943 a3c4e60582aa478cba2f1ef6dd8bee1e - - default default] 10.0.0.198 "POST /v2.0/networks HTTP/1.1" status: 201 len: 831 time: 0.6701260
2026-04-21 18:20:00.392 9 WARNING neutron_lib.context [None req-8132dc6b-6f1e-4d0f-8355-ab244bd6542a e3b9e3cca616452f9e9f8fcc82d77943 a3c4e60582aa478cba2f1ef6dd8bee1e - - default default] Method 'is_advsvc' is deprecated since 2023.2 release (neutron-lib 3.8.0) and will be removed once support for the old RBAC API policies will be removed from Neutron. Please use method 'is_service_role' instead. /var/lib/openstack/lib/python3.10/site-packages/pycadf/identifier.py:71: UserWarning: Invalid uuid: neutron. To ensure interoperability, identifiers should be a valid uuid. warnings.warn(('Invalid uuid: %s. To ensure interoperability, '
2026-04-21 18:20:00.436 10 INFO neutron.wsgi [None req-7a537f68-bd14-48e3-96a6-3b7e19258aeb 090fe6425fcc40ad981812a6fe0da3ea a31d63691a9a4b12aa11abd69e9d4e1e - - default default] 10.0.0.198 "PUT /v2.0/routers/b27f6142-a0ea-4b62-86ca-f33d78912c0b/remove_router_interface HTTP/1.1" status: 200 len: 503 time: 0.8954058
2026-04-21 18:20:00.506 10 INFO neutron.wsgi [None req-79a4d2da-084a-4e6e-a5d9-13a979238222 0752b9a7128d474c837ad47b36f945bd 8e92056c349d4307b5b16de76a871af5 - - default default] 10.0.0.198 "PUT /v2.0/policies/e9a66ea4-2531-4662-bace-79b2eb949410/tags HTTP/1.1" status: 200 len: 218 time: 0.0978401
2026-04-21 18:20:00.604 10 INFO neutron.wsgi [None req-8d1d3b54-2279-4d07-8d43-1abab3bd281a 0752b9a7128d474c837ad47b36f945bd 8e92056c349d4307b5b16de76a871af5 - - default default] 10.0.0.198 "PUT /v2.0/policies/32a661db-b4a9-4b14-a988-8aa4701718f4/tags HTTP/1.1" status: 200 len: 227 time: 0.0916829
2026-04-21 18:20:00.627 10 INFO neutron.wsgi [None req-4da74152-79ed-42d6-abc3-5de47ecb3785 090fe6425fcc40ad981812a6fe0da3ea a31d63691a9a4b12aa11abd69e9d4e1e - - default default] 10.0.0.198 "GET /v2.0/ports/9bbd0d9a-42b6-4cc4-a8ec-cdd3a34b64fe HTTP/1.1" status: 200 len: 1141 time: 0.1847780
2026-04-21 18:20:00.641 9 INFO neutron.wsgi [None req-5175f18c-1a77-4d91-94b4-7f5604b8018d 0752b9a7128d474c837ad47b36f945bd 8e92056c349d4307b5b16de76a871af5 - - default default] 10.0.0.198 "PUT /v2.0/policies/f3f6f9ce-28ba-45b9-999e-0300ff9f22c8/tags HTTP/1.1" status: 200 len: 212 time: 0.0315816
2026-04-21 18:20:00.655 9 WARNING neutron.scheduler.dhcp_agent_scheduler [None req-8132dc6b-6f1e-4d0f-8355-ab244bd6542a e3b9e3cca616452f9e9f8fcc82d77943 a3c4e60582aa478cba2f1ef6dd8bee1e - - default default] No more DHCP agents
2026-04-21 18:20:00.657 9 WARNING neutron.api.rpc.agentnotifiers.dhcp_rpc_agent_api [None req-8132dc6b-6f1e-4d0f-8355-ab244bd6542a e3b9e3cca616452f9e9f8fcc82d77943 a3c4e60582aa478cba2f1ef6dd8bee1e - - default default] Unable to schedule network 81c7d677-3e30-4815-a733-c72e1e1ce50b: no agents available; will retry on subsequent port and subnet creation events.
2026-04-21 18:20:00.777 9 INFO neutron.db.ovn_revision_numbers_db [None req-8132dc6b-6f1e-4d0f-8355-ab244bd6542a e3b9e3cca616452f9e9f8fcc82d77943 a3c4e60582aa478cba2f1ef6dd8bee1e - - default default] Successfully bumped revision number for resource fa829ba1-bf12-4cb5-8b44-362afd0f745a (type: ports) to 1
2026-04-21 18:20:00.799 9 INFO neutron.wsgi [None req-8132dc6b-6f1e-4d0f-8355-ab244bd6542a e3b9e3cca616452f9e9f8fcc82d77943 a3c4e60582aa478cba2f1ef6dd8bee1e - - default default] 10.0.0.198 "POST /v2.0/ports HTTP/1.1" status: 201 len: 942 time: 0.4144371 /var/lib/openstack/lib/python3.10/site-packages/pycadf/identifier.py:71: UserWarning: Invalid uuid: neutron. To ensure interoperability, identifiers should be a valid uuid. warnings.warn(('Invalid uuid: %s. To ensure interoperability, '
2026-04-21 18:20:00.809 9 WARNING neutron_lib.context [None req-b4845e6c-6d4f-4500-a7a9-094372326418 e3b9e3cca616452f9e9f8fcc82d77943 a3c4e60582aa478cba2f1ef6dd8bee1e - - default default] Method 'is_advsvc' is deprecated since 2023.2 release (neutron-lib 3.8.0) and will be removed once support for the old RBAC API policies will be removed from Neutron. Please use method 'is_service_role' instead.
2026-04-21 18:20:00.894 9 INFO neutron.db.segments_db [None req-b4845e6c-6d4f-4500-a7a9-094372326418 e3b9e3cca616452f9e9f8fcc82d77943 a3c4e60582aa478cba2f1ef6dd8bee1e - - default default] Added segment 14040cb0-97e7-47bb-a146-dca79409cf2a of type geneve for network e34f62eb-9095-45b4-a646-c715cde09632
2026-04-21 18:20:01.073 9 INFO neutron.db.ovn_revision_numbers_db [None req-b4845e6c-6d4f-4500-a7a9-094372326418 e3b9e3cca616452f9e9f8fcc82d77943 a3c4e60582aa478cba2f1ef6dd8bee1e - - default default] Successfully bumped revision number for resource e34f62eb-9095-45b4-a646-c715cde09632 (type: networks) to 1
2026-04-21 18:20:01.314 9 WARNING neutron.scheduler.dhcp_agent_scheduler [None req-b4845e6c-6d4f-4500-a7a9-094372326418 e3b9e3cca616452f9e9f8fcc82d77943 a3c4e60582aa478cba2f1ef6dd8bee1e - - default default] No more DHCP agents
2026-04-21 18:20:01.317 9 WARNING neutron.api.rpc.agentnotifiers.dhcp_rpc_agent_api [None req-b4845e6c-6d4f-4500-a7a9-094372326418 e3b9e3cca616452f9e9f8fcc82d77943 a3c4e60582aa478cba2f1ef6dd8bee1e - - default default] Unable to schedule network e34f62eb-9095-45b4-a646-c715cde09632: no agents available; will retry on subsequent port and subnet creation events.
2026-04-21 18:20:01.343 10 INFO neutron.wsgi [None req-903c814d-ab05-4990-b7a3-ccd8a7b3f115 6584184d20e942a8aa2e0adf150986d2 3f8719ae599845c5b123cdf5c00c855e - - default default] 10.0.0.198 "GET /v2.0/qos/policies?tags=red HTTP/1.1" status: 200 len: 1296 time: 0.3170261
2026-04-21 18:20:01.459 9 INFO neutron.wsgi [None req-7221952e-8531-44a6-be87-3fee3ad2cbbf 6584184d20e942a8aa2e0adf150986d2 3f8719ae599845c5b123cdf5c00c855e - - default default] 10.0.0.198 "GET /v2.0/qos/policies?tags=red%2Cblue HTTP/1.1" status: 200 len: 941 time: 0.1121774
2026-04-21 18:20:01.473 10 INFO neutron.services.segments.plugin [-] Segment d2748dcb-3d2a-4b54-be93-b6df5bf1f65e resource provider aggregate not found
2026-04-21 18:20:01.480 10 INFO neutron.services.segments.plugin [-] Segment d2748dcb-3d2a-4b54-be93-b6df5bf1f65e resource provider aggregate not found
2026-04-21 18:20:01.481 9 INFO neutron.db.ovn_revision_numbers_db [None req-b4845e6c-6d4f-4500-a7a9-094372326418 e3b9e3cca616452f9e9f8fcc82d77943 a3c4e60582aa478cba2f1ef6dd8bee1e - - default default] Successfully bumped revision number for resource 54231474-6eeb-489c-83ca-edc55f480a2b (type: ports) to 1
2026-04-21 18:20:01.491 10 INFO neutron.services.segments.plugin [-] Segment d2748dcb-3d2a-4b54-be93-b6df5bf1f65e resource provider not found; error: Placement Client Error (4xx): {"errors": [{"status": 404, "title": "Not Found", "detail": "The resource could not be found.\n\n No resource provider with uuid d2748dcb-3d2a-4b54-be93-b6df5bf1f65e found for delete ", "request_id": "req-b05b8543-8ae8-46dc-9f64-032d5684f645"}]}
2026-04-21 18:20:01.499 10 INFO neutron.services.segments.plugin [-] Segment d2748dcb-3d2a-4b54-be93-b6df5bf1f65e resource provider not found; error: Placement Client Error (4xx): {"errors": [{"status": 404, "title": "Not Found", "detail": "The resource could not be found.\n\n No resource provider with uuid d2748dcb-3d2a-4b54-be93-b6df5bf1f65e found for delete ", "request_id": "req-45914d82-08a1-4e9e-b406-9dfecb367861"}]}
2026-04-21 18:20:01.510 9 INFO neutron.wsgi [None req-b4845e6c-6d4f-4500-a7a9-094372326418 e3b9e3cca616452f9e9f8fcc82d77943 a3c4e60582aa478cba2f1ef6dd8bee1e - - default default] 10.0.0.198 "POST /v2.0/networks HTTP/1.1" status: 201 len: 830 time: 0.7072928
2026-04-21 18:20:01.524 9 WARNING neutron_lib.context [None req-bcb7c418-5f9d-4cfe-b6c4-1362e7fb057f e3b9e3cca616452f9e9f8fcc82d77943 a3c4e60582aa478cba2f1ef6dd8bee1e - - default default] Method 'is_advsvc' is deprecated since 2023.2 release (neutron-lib 3.8.0) and will be removed once support for the old RBAC API policies will be removed from Neutron. Please use method 'is_service_role' instead.
2026-04-21 18:20:01.538 10 INFO neutron.wsgi [None req-07f0a72c-6230-4428-820a-118300e5f7e0 ca84629ad4654ff394ed5b05a461c188 2401444e491943cc8da9f50e88c0281c - - default default] 10.0.0.198 "DELETE /v2.0/networks/4dca5cad-bb3f-4cc1-a03a-d28573628f08 HTTP/1.1" status: 204 len: 168 time: 1.5437837
2026-04-21 18:20:01.557 9 INFO neutron.wsgi [None req-4751a7fb-8c4d-450f-9dbc-270800413556 6584184d20e942a8aa2e0adf150986d2 3f8719ae599845c5b123cdf5c00c855e - - default default] 10.0.0.198 "GET /v2.0/qos/policies?tags-any=blue HTTP/1.1" status: 200 len: 941 time: 0.0926912
2026-04-21 18:20:01.666 10 INFO neutron.db.segments_db [None req-d5fb0e7d-321a-4da2-8e4e-f13a508fbf4a ca84629ad4654ff394ed5b05a461c188 2401444e491943cc8da9f50e88c0281c - - default default] Added segment 76f73128-90ae-41e9-8a61-371c2f005cad of type geneve for network 4314e572-22fe-4747-85e8-6832f5adef7c
2026-04-21 18:20:01.671 9 INFO neutron.wsgi [None req-2ee776c8-09a5-49ce-8ef5-792baeb27b30 6584184d20e942a8aa2e0adf150986d2 3f8719ae599845c5b123cdf5c00c855e - - default default] 10.0.0.198 "GET /v2.0/qos/policies?tags-any=red%2Cblue HTTP/1.1" status: 200 len: 1296 time: 0.1085389
2026-04-21 18:20:01.763 9 INFO neutron.wsgi [None req-5408c282-3869-45cb-a4d5-d44028fc3f2a 6584184d20e942a8aa2e0adf150986d2 3f8719ae599845c5b123cdf5c00c855e - - default default] 10.0.0.198 "GET /v2.0/qos/policies?not-tags=red HTTP/1.1" status: 200 len: 913 time: 0.0830472 /var/lib/openstack/lib/python3.10/site-packages/pycadf/identifier.py:71: UserWarning: Invalid uuid: neutron. To ensure interoperability, identifiers should be a valid uuid. warnings.warn(('Invalid uuid: %s. To ensure interoperability, '
2026-04-21 18:20:01.806 9 WARNING neutron.scheduler.dhcp_agent_scheduler [None req-bcb7c418-5f9d-4cfe-b6c4-1362e7fb057f e3b9e3cca616452f9e9f8fcc82d77943 a3c4e60582aa478cba2f1ef6dd8bee1e - - default default] No more DHCP agents
2026-04-21 18:20:01.809 9 WARNING neutron.api.rpc.agentnotifiers.dhcp_rpc_agent_api [None req-bcb7c418-5f9d-4cfe-b6c4-1362e7fb057f e3b9e3cca616452f9e9f8fcc82d77943 a3c4e60582aa478cba2f1ef6dd8bee1e - - default default] Unable to schedule network e34f62eb-9095-45b4-a646-c715cde09632: no agents available; will retry on subsequent port and subnet creation events.
2026-04-21 18:20:01.880 9 INFO neutron.wsgi [None req-8861b47f-77f1-4f9c-8e72-58e985188134 6584184d20e942a8aa2e0adf150986d2 3f8719ae599845c5b123cdf5c00c855e - - default default] 10.0.0.198 "GET /v2.0/qos/policies?not-tags=red%2Cblue HTTP/1.1" status: 200 len: 1268 time: 0.1128581 /var/lib/openstack/lib/python3.10/site-packages/pycadf/identifier.py:71: UserWarning: Invalid uuid: neutron. To ensure interoperability, identifiers should be a valid uuid. warnings.warn(('Invalid uuid: %s. To ensure interoperability, '
2026-04-21 18:20:01.916 10 INFO neutron.db.ovn_revision_numbers_db [None req-d5fb0e7d-321a-4da2-8e4e-f13a508fbf4a ca84629ad4654ff394ed5b05a461c188 2401444e491943cc8da9f50e88c0281c - - default default] Successfully bumped revision number for resource 4314e572-22fe-4747-85e8-6832f5adef7c (type: networks) to 1
2026-04-21 18:20:01.935 9 INFO neutron.db.ovn_revision_numbers_db [None req-bcb7c418-5f9d-4cfe-b6c4-1362e7fb057f e3b9e3cca616452f9e9f8fcc82d77943 a3c4e60582aa478cba2f1ef6dd8bee1e - - default default] Successfully bumped revision number for resource 1f8c3e97-5b63-4027-8e4e-ebec0e159250 (type: ports) to 1
2026-04-21 18:20:01.973 9 INFO neutron.wsgi [None req-bcb7c418-5f9d-4cfe-b6c4-1362e7fb057f e3b9e3cca616452f9e9f8fcc82d77943 a3c4e60582aa478cba2f1ef6dd8bee1e - - default default] 10.0.0.198 "POST /v2.0/ports HTTP/1.1" status: 201 len: 942 time: 0.4540329
2026-04-21 18:20:01.985 9 WARNING neutron_lib.context [None req-18c2a6ed-d2b3-40d7-ada9-a1f76edbfb50 e3b9e3cca616452f9e9f8fcc82d77943 a3c4e60582aa478cba2f1ef6dd8bee1e - - default default] Method 'is_advsvc' is deprecated since 2023.2 release (neutron-lib 3.8.0) and will be removed once support for the old RBAC API policies will be removed from Neutron. Please use method 'is_service_role' instead.
2026-04-21 18:20:02.027 9 INFO neutron.wsgi [None req-bc1ccf5a-5dd4-4dbd-bd2f-47b57b9c8f4c 6584184d20e942a8aa2e0adf150986d2 3f8719ae599845c5b123cdf5c00c855e - - default default] 10.0.0.198 "GET /v2.0/qos/policies?not-tags-any=blue HTTP/1.1" status: 200 len: 1268 time: 0.1401329
2026-04-21 18:20:02.038 10 INFO neutron.wsgi [None req-5295697d-e2ab-4f35-8eef-fcdaeff58b42 090fe6425fcc40ad981812a6fe0da3ea a31d63691a9a4b12aa11abd69e9d4e1e - - default default] 10.0.0.198 "PUT /v2.0/routers/b27f6142-a0ea-4b62-86ca-f33d78912c0b/remove_router_interface HTTP/1.1" status: 200 len: 503 time: 1.4053905
2026-04-21 18:20:02.075 9 INFO neutron.wsgi [None req-2d410629-0448-4849-a410-a701804ff0bd 090fe6425fcc40ad981812a6fe0da3ea a31d63691a9a4b12aa11abd69e9d4e1e - - default default] 10.0.0.198 "GET /v2.0/ports?device_id=b27f6142-a0ea-4b62-86ca-f33d78912c0b HTTP/1.1" status: 200 len: 205 time: 0.0195153
2026-04-21 18:20:02.086 9 INFO neutron.db.segments_db [None req-18c2a6ed-d2b3-40d7-ada9-a1f76edbfb50 e3b9e3cca616452f9e9f8fcc82d77943 a3c4e60582aa478cba2f1ef6dd8bee1e - - default default] Added segment 3f93780a-fc5f-47d4-9c70-5b2b79bffac1 of type geneve for network aa2fed85-9934-4739-a16f-da8662ea43c8
2026-04-21 18:20:02.187 10 WARNING neutron.scheduler.dhcp_agent_scheduler [None req-d5fb0e7d-321a-4da2-8e4e-f13a508fbf4a ca84629ad4654ff394ed5b05a461c188 2401444e491943cc8da9f50e88c0281c - - default default] No more DHCP agents
2026-04-21 18:20:02.189 10 WARNING neutron.api.rpc.agentnotifiers.dhcp_rpc_agent_api [None req-d5fb0e7d-321a-4da2-8e4e-f13a508fbf4a ca84629ad4654ff394ed5b05a461c188 2401444e491943cc8da9f50e88c0281c - - default default] Unable to schedule network 4314e572-22fe-4747-85e8-6832f5adef7c: no agents available; will retry on subsequent port and subnet creation events.
2026-04-21 18:20:02.193 9 INFO neutron.wsgi [None req-c2d258ea-ed2d-47d2-af9d-8b1303db92a2 6584184d20e942a8aa2e0adf150986d2 3f8719ae599845c5b123cdf5c00c855e - - default default] 10.0.0.198 "GET /v2.0/qos/policies?not-tags-any=red%2Cblue HTTP/1.1" status: 200 len: 913 time: 0.1605649 /var/lib/openstack/lib/python3.10/site-packages/pycadf/identifier.py:71: UserWarning: Invalid uuid: neutron. To ensure interoperability, identifiers should be a valid uuid. warnings.warn(('Invalid uuid: %s. To ensure interoperability, '
2026-04-21 18:20:02.313 10 INFO neutron.wsgi [None req-7d0d5637-8651-40ee-9a0a-702d06b67800 0752b9a7128d474c837ad47b36f945bd 8e92056c349d4307b5b16de76a871af5 - - default default] 10.0.0.198 "DELETE /v2.0/qos/policies/db72ba86-2d0b-44cd-bdac-d0ab10112770 HTTP/1.1" status: 204 len: 168 time: 0.1091282
2026-04-21 18:20:02.314 10 INFO neutron.db.ovn_revision_numbers_db [None req-d5fb0e7d-321a-4da2-8e4e-f13a508fbf4a ca84629ad4654ff394ed5b05a461c188 2401444e491943cc8da9f50e88c0281c - - default default] Successfully bumped revision number for resource 9f42b495-12b0-415c-ab73-6b2747703122 (type: ports) to 1
2026-04-21 18:20:02.339 10 INFO neutron.wsgi [None req-d5fb0e7d-321a-4da2-8e4e-f13a508fbf4a ca84629ad4654ff394ed5b05a461c188 2401444e491943cc8da9f50e88c0281c - - default default] 10.0.0.198 "POST /v2.0/networks HTTP/1.1" status: 201 len: 928 time: 0.7906387
2026-04-21 18:20:02.360 9 INFO neutron.db.ovn_revision_numbers_db [None req-18c2a6ed-d2b3-40d7-ada9-a1f76edbfb50 e3b9e3cca616452f9e9f8fcc82d77943 a3c4e60582aa478cba2f1ef6dd8bee1e - - default default] Successfully bumped revision number for resource aa2fed85-9934-4739-a16f-da8662ea43c8 (type: networks) to 1
2026-04-21 18:20:02.374 10 INFO neutron.wsgi [None req-dba288c3-6985-4401-a03a-bcfa408ee012 0752b9a7128d474c837ad47b36f945bd 8e92056c349d4307b5b16de76a871af5 - - default default] 10.0.0.198 "DELETE /v2.0/qos/policies/e9a66ea4-2531-4662-bace-79b2eb949410 HTTP/1.1" status: 204 len: 168 time: 0.0506885
2026-04-21 18:20:02.458 10 INFO neutron.wsgi [None req-a8b17af3-efe2-48e5-a394-c6d8c46e4f72 0752b9a7128d474c837ad47b36f945bd 8e92056c349d4307b5b16de76a871af5 - - default default] 10.0.0.198 "DELETE /v2.0/qos/policies/32a661db-b4a9-4b14-a988-8aa4701718f4 HTTP/1.1" status: 204 len: 168 time: 0.0788696
2026-04-21 18:20:02.477 9 INFO neutron.wsgi [None req-e0e73d5d-9fce-4f69-92e8-4a8e9b15f336 090fe6425fcc40ad981812a6fe0da3ea a31d63691a9a4b12aa11abd69e9d4e1e - - default default] 10.0.0.198 "DELETE /v2.0/routers/b27f6142-a0ea-4b62-86ca-f33d78912c0b HTTP/1.1" status: 204 len: 168 time: 0.3978963
2026-04-21 18:20:02.547 10 INFO neutron.wsgi [None req-e76c2e3a-4a7f-467a-84cc-c7c1d97b9e40 0752b9a7128d474c837ad47b36f945bd 8e92056c349d4307b5b16de76a871af5 - - default default] 10.0.0.198 "DELETE /v2.0/qos/policies/f3f6f9ce-28ba-45b9-999e-0300ff9f22c8 HTTP/1.1" status: 204 len: 168 time: 0.0842550
2026-04-21 18:20:02.610 9 WARNING neutron.scheduler.dhcp_agent_scheduler [None req-d715c322-83e9-4a18-b3a0-ccea5874f2dc ca84629ad4654ff394ed5b05a461c188 2401444e491943cc8da9f50e88c0281c - - default default] No more DHCP agents
2026-04-21 18:20:02.615 9 WARNING neutron.api.rpc.agentnotifiers.dhcp_rpc_agent_api [None req-d715c322-83e9-4a18-b3a0-ccea5874f2dc ca84629ad4654ff394ed5b05a461c188 2401444e491943cc8da9f50e88c0281c - - default default] Unable to schedule network 4314e572-22fe-4747-85e8-6832f5adef7c: no agents available; will retry on subsequent port and subnet creation events.
2026-04-21 18:20:02.621 9 WARNING neutron.scheduler.dhcp_agent_scheduler [None req-18c2a6ed-d2b3-40d7-ada9-a1f76edbfb50 e3b9e3cca616452f9e9f8fcc82d77943 a3c4e60582aa478cba2f1ef6dd8bee1e - - default default] No more DHCP agents
2026-04-21 18:20:02.628 9 WARNING neutron.api.rpc.agentnotifiers.dhcp_rpc_agent_api [None req-18c2a6ed-d2b3-40d7-ada9-a1f76edbfb50 e3b9e3cca616452f9e9f8fcc82d77943 a3c4e60582aa478cba2f1ef6dd8bee1e - - default default] Unable to schedule network aa2fed85-9934-4739-a16f-da8662ea43c8: no agents available; will retry on subsequent port and subnet creation events.
2026-04-21 18:20:02.643 10 INFO neutron.wsgi [None req-dc177de9-652b-42c1-84af-dab26b8c5e81 0752b9a7128d474c837ad47b36f945bd 8e92056c349d4307b5b16de76a871af5 - - default default] 10.0.0.198 "DELETE /v2.0/qos/policies/886c53ea-544e-46b4-88f2-1000cbe77a0e HTTP/1.1" status: 204 len: 168 time: 0.0900321
2026-04-21 18:20:02.686 10 INFO neutron.wsgi [None req-945b3ea4-ffa6-4c52-8145-c511cc35e46e 090fe6425fcc40ad981812a6fe0da3ea a31d63691a9a4b12aa11abd69e9d4e1e - - default default] 10.0.0.198 "DELETE /v2.0/subnets/676e14ac-31e9-44a1-8579-d9cbf9e642e7 HTTP/1.1" status: 204 len: 168 time: 0.2045898
2026-04-21 18:20:02.733 9 INFO neutron.db.ovn_revision_numbers_db [None req-18c2a6ed-d2b3-40d7-ada9-a1f76edbfb50 e3b9e3cca616452f9e9f8fcc82d77943 a3c4e60582aa478cba2f1ef6dd8bee1e - - default default] Successfully bumped revision number for resource 1e7c5fe8-3c8b-4498-896f-40b9086b099e (type: ports) to 1
2026-04-21 18:20:02.774 9 INFO neutron.wsgi [None req-18c2a6ed-d2b3-40d7-ada9-a1f76edbfb50 e3b9e3cca616452f9e9f8fcc82d77943 a3c4e60582aa478cba2f1ef6dd8bee1e - - default default] 10.0.0.198 "POST /v2.0/networks HTTP/1.1" status: 201 len: 831 time: 0.7965696
2026-04-21 18:20:02.785 10 WARNING neutron_lib.context [None req-356e203c-ad59-4664-882e-530557cedd9a e3b9e3cca616452f9e9f8fcc82d77943 a3c4e60582aa478cba2f1ef6dd8bee1e - - default default] Method 'is_advsvc' is deprecated since 2023.2 release (neutron-lib 3.8.0) and will be removed once support for the old RBAC API policies will be removed from Neutron. Please use method 'is_service_role' instead.
2026-04-21 18:20:02.927 10 INFO neutron.wsgi [None req-29bc4d1b-9729-4880-91c1-bcc1fb3e601f 090fe6425fcc40ad981812a6fe0da3ea a31d63691a9a4b12aa11abd69e9d4e1e - - default default] 10.0.0.198 "DELETE /v2.0/subnets/5771dc01-b98f-4485-a74c-1ddfed7b6c2c HTTP/1.1" status: 204 len: 168 time: 0.2285419
2026-04-21 18:20:03.076 10 WARNING neutron.scheduler.dhcp_agent_scheduler [None req-356e203c-ad59-4664-882e-530557cedd9a e3b9e3cca616452f9e9f8fcc82d77943 a3c4e60582aa478cba2f1ef6dd8bee1e - - default default] No more DHCP agents
2026-04-21 18:20:03.079 10 WARNING neutron.api.rpc.agentnotifiers.dhcp_rpc_agent_api [None req-356e203c-ad59-4664-882e-530557cedd9a e3b9e3cca616452f9e9f8fcc82d77943 a3c4e60582aa478cba2f1ef6dd8bee1e - - default default] Unable to schedule network aa2fed85-9934-4739-a16f-da8662ea43c8: no agents available; will retry on subsequent port and subnet creation events.
2026-04-21 18:20:03.216 10 INFO neutron.db.ovn_revision_numbers_db [None req-356e203c-ad59-4664-882e-530557cedd9a e3b9e3cca616452f9e9f8fcc82d77943 a3c4e60582aa478cba2f1ef6dd8bee1e - - default default] Successfully bumped revision number for resource a50bde6b-2524-4d6e-83b2-5a144c9da5a3 (type: ports) to 1
2026-04-21 18:20:03.258 10 INFO neutron.wsgi [None req-356e203c-ad59-4664-882e-530557cedd9a e3b9e3cca616452f9e9f8fcc82d77943 a3c4e60582aa478cba2f1ef6dd8bee1e - - default default] 10.0.0.198 "POST /v2.0/ports HTTP/1.1" status: 201 len: 942 time: 0.4786642 /var/lib/openstack/lib/python3.10/site-packages/pycadf/identifier.py:71: UserWarning: Invalid uuid: neutron. To ensure interoperability, identifiers should be a valid uuid. warnings.warn(('Invalid uuid: %s. To ensure interoperability, '
2026-04-21 18:20:03.323 10 INFO neutron.wsgi [None req-9fb30eff-22e9-4eba-a399-3aa8e312bc14 e3b9e3cca616452f9e9f8fcc82d77943 a3c4e60582aa478cba2f1ef6dd8bee1e - - default default] 10.0.0.198 "PUT /v2.0/ports/b96fc7e5-4350-4105-8185-6c4d08e66107/tags HTTP/1.1" status: 200 len: 210 time: 0.0585968
2026-04-21 18:20:03.419 10 INFO neutron.wsgi [None req-39527722-908e-4c4c-9fb8-319fb0cd2747 e3b9e3cca616452f9e9f8fcc82d77943 a3c4e60582aa478cba2f1ef6dd8bee1e - - default default] 10.0.0.198 "PUT /v2.0/ports/f0a70948-19e1-4169-9dda-60c071d3db08/tags HTTP/1.1" status: 200 len: 218 time: 0.0879500
2026-04-21 18:20:03.430 9 INFO neutron.db.ovn_revision_numbers_db [None req-d715c322-83e9-4a18-b3a0-ccea5874f2dc ca84629ad4654ff394ed5b05a461c188 2401444e491943cc8da9f50e88c0281c - - default default] Successfully bumped revision number for resource 9f42b495-12b0-415c-ab73-6b2747703122 (type: ports) to 2
2026-04-21 18:20:03.482 9 INFO neutron.db.ovn_revision_numbers_db [None req-d715c322-83e9-4a18-b3a0-ccea5874f2dc ca84629ad4654ff394ed5b05a461c188 2401444e491943cc8da9f50e88c0281c - - default default] Successfully bumped revision number for resource 9b2040de-b4af-4cfd-befa-64a6ba49783a (type: subnets) to 0
2026-04-21 18:20:03.488 9 INFO neutron.wsgi [None req-f8c4b636-1d2c-4093-a8d9-7aff9bd23a9e e3b9e3cca616452f9e9f8fcc82d77943 a3c4e60582aa478cba2f1ef6dd8bee1e - - default default] 10.0.0.198 "PUT /v2.0/ports/fa829ba1-bf12-4cb5-8b44-362afd0f745a/tags HTTP/1.1" status: 200 len: 227 time: 0.0647655
2026-04-21 18:20:03.504 10 INFO neutron.wsgi [None req-743a46e9-ec57-4070-b877-1fd8e92ab43d 090fe6425fcc40ad981812a6fe0da3ea a31d63691a9a4b12aa11abd69e9d4e1e - - default default] 10.0.0.198 "DELETE /v2.0/networks/d3b0d11d-6165-424d-b4a9-3757546272b4 HTTP/1.1" status: 204 len: 168 time: 0.5704091
2026-04-21 18:20:03.507 9 INFO neutron.wsgi [None req-d715c322-83e9-4a18-b3a0-ccea5874f2dc ca84629ad4654ff394ed5b05a461c188 2401444e491943cc8da9f50e88c0281c - - default default] 10.0.0.198 "POST /v2.0/subnets HTTP/1.1" status: 201 len: 822 time: 1.1635609
2026-04-21 18:20:03.518 10 INFO neutron.services.segments.plugin [-] Segment 951bf598-91a0-440d-bf09-a245cd682e0a resource provider aggregate not found
2026-04-21 18:20:03.527 10 INFO neutron.services.segments.plugin [-] Segment 951bf598-91a0-440d-bf09-a245cd682e0a resource provider aggregate not found
2026-04-21 18:20:03.543 10 INFO neutron.services.segments.plugin [-] Segment 951bf598-91a0-440d-bf09-a245cd682e0a resource provider not found; error: Placement Client Error (4xx): {"errors": [{"status": 404, "title": "Not Found", "detail": "The resource could not be found.\n\n No resource provider with uuid 951bf598-91a0-440d-bf09-a245cd682e0a found for delete ", "request_id": "req-0dfb81cd-7a54-409d-a45f-f99414090a3c"}]}
2026-04-21 18:20:03.546 10 INFO neutron.services.segments.plugin [-] Segment 951bf598-91a0-440d-bf09-a245cd682e0a resource provider not found; error: Placement Client Error (4xx): {"errors": [{"status": 404, "title": "Not Found", "detail": "The resource could not be found.\n\n No resource provider with uuid 951bf598-91a0-440d-bf09-a245cd682e0a found for delete ", "request_id": "req-a6224dde-f23a-45c2-bb9e-130c0c7b80f8"}]}
2026-04-21 18:20:03.574 9 INFO neutron.wsgi [None req-f85f6335-11db-4de8-8da3-1865d801157f e3b9e3cca616452f9e9f8fcc82d77943 a3c4e60582aa478cba2f1ef6dd8bee1e - - default default] 10.0.0.198 "PUT /v2.0/ports/1f8c3e97-5b63-4027-8e4e-ebec0e159250/tags HTTP/1.1" status: 200 len: 212 time: 0.0805635
2026-04-21 18:20:03.816 10 INFO neutron.wsgi [None req-d90b5027-63a8-4dd5-ad94-24035244289d e3b9e3cca616452f9e9f8fcc82d77943 a3c4e60582aa478cba2f1ef6dd8bee1e - - default default] 10.0.0.198 "GET /v2.0/ports?tags=red HTTP/1.1" status: 200 len: 2448 time: 0.2373254
2026-04-21 18:20:03.952 9 INFO neutron.db.ovn_revision_numbers_db [None req-102b2f0c-d1dd-458e-825f-4c78548302e2 335d0c3471b04450a8ee9042d1229672 534bb253f1c847668fe5069647ed9f1e - - default default] Successfully bumped revision number for resource 8df1d986-e862-45ce-85f5-94dacd42d0b7 (type: security_groups) to 1
2026-04-21 18:20:03.979 9 INFO neutron.wsgi [None req-bc54e309-419b-45d1-a8b3-5bd66e984978 ca84629ad4654ff394ed5b05a461c188 2401444e491943cc8da9f50e88c0281c - - default default] 10.0.0.198 "POST /v2.0/rbac-policies HTTP/1.1" status: 201 len: 523 time: 0.4665177
2026-04-21 18:20:03.981 9 INFO neutron.db.ovn_revision_numbers_db [None req-102b2f0c-d1dd-458e-825f-4c78548302e2 335d0c3471b04450a8ee9042d1229672 534bb253f1c847668fe5069647ed9f1e - - default default] Successfully bumped revision number for resource 0d7704e5-0bc0-4f3e-8e1f-e50bd465413b (type: security_group_rules) to 0
2026-04-21 18:20:04.006 9 INFO neutron.db.ovn_revision_numbers_db [None req-102b2f0c-d1dd-458e-825f-4c78548302e2 335d0c3471b04450a8ee9042d1229672 534bb253f1c847668fe5069647ed9f1e - - default default] Successfully bumped revision number for resource 5076ac1c-e90a-43ee-9f93-80696c516491 (type: security_group_rules) to 0
2026-04-21 18:20:04.022 9 INFO neutron.wsgi [None req-bf29e124-1b45-400b-b462-3616df632f3c e3b9e3cca616452f9e9f8fcc82d77943 a3c4e60582aa478cba2f1ef6dd8bee1e - - default default] 10.0.0.198 "GET /v2.0/ports?tags=red%2Cblue HTTP/1.1" status: 200 len: 1708 time: 0.1983573
2026-04-21 18:20:04.035 10 INFO neutron.wsgi [None req-e15aa8e1-4745-4cb0-a6ce-0e8170399c91 090fe6425fcc40ad981812a6fe0da3ea a31d63691a9a4b12aa11abd69e9d4e1e - - default default] 10.0.0.198 "DELETE /v2.0/networks/100be98f-cbf2-4ab9-97e4-c8cb5ae84e0c HTTP/1.1" status: 204 len: 168 time: 0.5255842
2026-04-21 18:20:04.041 9 INFO neutron.db.ovn_revision_numbers_db [None req-102b2f0c-d1dd-458e-825f-4c78548302e2 335d0c3471b04450a8ee9042d1229672 534bb253f1c847668fe5069647ed9f1e - - default default] Successfully bumped revision number for resource 89795054-3151-4320-832f-6911f3b61c77 (type: security_group_rules) to 0
2026-04-21 18:20:04.046 10 WARNING neutron_lib.context [None req-883a5bc2-966e-49f7-ba4a-dc3722237e3d 090fe6425fcc40ad981812a6fe0da3ea a31d63691a9a4b12aa11abd69e9d4e1e - - default default] Method 'is_advsvc' is deprecated since 2023.2 release (neutron-lib 3.8.0) and will be removed once support for the old RBAC API policies will be removed from Neutron. Please use method 'is_service_role' instead.
2026-04-21 18:20:04.072 9 INFO neutron.db.ovn_revision_numbers_db [None req-102b2f0c-d1dd-458e-825f-4c78548302e2 335d0c3471b04450a8ee9042d1229672 534bb253f1c847668fe5069647ed9f1e - - default default] Successfully bumped revision number for resource bce1e86e-e167-4cf0-926b-13f4188f7d2e (type: security_group_rules) to 0
2026-04-21 18:20:04.082 9 INFO neutron.wsgi [None req-7bbfe019-6dda-47f7-975c-c9f2ffbeb918 e3b9e3cca616452f9e9f8fcc82d77943 a3c4e60582aa478cba2f1ef6dd8bee1e - - default default] 10.0.0.198 "GET /v2.0/ports?tags-any=blue HTTP/1.1" status: 200 len: 1708 time: 0.0563576
2026-04-21 18:20:04.108 9 INFO neutron.wsgi [None req-102b2f0c-d1dd-458e-825f-4c78548302e2 335d0c3471b04450a8ee9042d1229672 534bb253f1c847668fe5069647ed9f1e - - default default] 10.0.0.198 "GET /v2.0/security-groups?tenant_id=f814127b8ce1410499693c4b4ed2faa4&name=default HTTP/1.1" status: 200 len: 2996 time: 0.6136472
2026-04-21 18:20:04.142 10 WARNING neutron.plugins.ml2.drivers.ovn.mech_driver.ovsdb.ovn_client [None req-addf92fb-e432-4d94-b969-7e471586b076 - - - - - -] No port found with ID c1b41701-d0da-4e69-b514-603a27e2cd43: RuntimeError: No port found with ID c1b41701-d0da-4e69-b514-603a27e2cd43
2026-04-21 18:20:04.143 10 INFO neutron.db.segments_db [None req-883a5bc2-966e-49f7-ba4a-dc3722237e3d 090fe6425fcc40ad981812a6fe0da3ea a31d63691a9a4b12aa11abd69e9d4e1e - - default default] Added segment 64a0a089-bcf0-4485-99c8-dfebae3d2863 of type geneve for network 072482ca-8ee9-4e07-930d-882441c77187
2026-04-21 18:20:04.156 10 INFO neutron.wsgi [None req-7d338f88-f7c9-4bd8-b726-9a2df110c838 e3b9e3cca616452f9e9f8fcc82d77943 a3c4e60582aa478cba2f1ef6dd8bee1e - - default default] 10.0.0.198 "GET /v2.0/ports?tags-any=red%2Cblue HTTP/1.1" status: 200 len: 2448 time: 0.0690777
2026-04-21 18:20:04.317 10 INFO neutron.db.ovn_revision_numbers_db [None req-883a5bc2-966e-49f7-ba4a-dc3722237e3d 090fe6425fcc40ad981812a6fe0da3ea a31d63691a9a4b12aa11abd69e9d4e1e - - default default] Successfully bumped revision number for resource 072482ca-8ee9-4e07-930d-882441c77187 (type: networks) to 1
2026-04-21 18:20:04.428 9 INFO neutron.wsgi [None req-2f609eb1-13cb-4ca7-a2c7-82e0a7798497 e3b9e3cca616452f9e9f8fcc82d77943 a3c4e60582aa478cba2f1ef6dd8bee1e - - default default] 10.0.0.198 "GET /v2.0/ports?not-tags=red HTTP/1.1" status: 200 len: 5463 time: 0.2671380
2026-04-21 18:20:04.527 10 WARNING neutron.scheduler.dhcp_agent_scheduler [None req-883a5bc2-966e-49f7-ba4a-dc3722237e3d 090fe6425fcc40ad981812a6fe0da3ea a31d63691a9a4b12aa11abd69e9d4e1e - - default default] No more DHCP agents
2026-04-21 18:20:04.529 10 WARNING neutron.api.rpc.agentnotifiers.dhcp_rpc_agent_api [None req-883a5bc2-966e-49f7-ba4a-dc3722237e3d 090fe6425fcc40ad981812a6fe0da3ea a31d63691a9a4b12aa11abd69e9d4e1e - - default default] Unable to schedule network 072482ca-8ee9-4e07-930d-882441c77187: no agents available; will retry on subsequent port and subnet creation events.
2026-04-21 18:20:04.551 9 INFO neutron.wsgi [None req-af403d2f-4209-41db-8361-3e5e9466c71b e3b9e3cca616452f9e9f8fcc82d77943 a3c4e60582aa478cba2f1ef6dd8bee1e - - default default] 10.0.0.198 "GET /v2.0/ports?not-tags=red%2Cblue HTTP/1.1" status: 200 len: 6203 time: 0.1196246
2026-04-21 18:20:04.608 9 INFO neutron.wsgi [None req-caa281aa-57ea-48c3-a3dd-2b4c82cc06ce b977c1dcae8a4116a0098083dcafd5af 71ed00dcf6eb4fe097f16f250f623ca7 - - default default] 10.0.0.198 "GET /v2.0/networks/4314e572-22fe-4747-85e8-6832f5adef7c HTTP/1.1" status: 200 len: 848 time: 0.2569642
2026-04-21 18:20:04.622 9 INFO neutron.wsgi [None req-7a9fe646-f50c-4cd9-9d89-9bcca1518265 335d0c3471b04450a8ee9042d1229672 534bb253f1c847668fe5069647ed9f1e - - default default] 10.0.0.198 "DELETE /v2.0/security-groups/8df1d986-e862-45ce-85f5-94dacd42d0b7 HTTP/1.1" status: 204 len: 168 time: 0.5099771
2026-04-21 18:20:04.625 10 INFO neutron.db.ovn_revision_numbers_db [None req-883a5bc2-966e-49f7-ba4a-dc3722237e3d 090fe6425fcc40ad981812a6fe0da3ea a31d63691a9a4b12aa11abd69e9d4e1e - - default default] Successfully bumped revision number for resource 46815b7f-5386-4aff-9549-245de00fb79d (type: ports) to 1
2026-04-21 18:20:04.657 9 INFO neutron.wsgi [None req-482762a2-6cdb-4ef3-8cd3-98b48ca82c77 e3b9e3cca616452f9e9f8fcc82d77943 a3c4e60582aa478cba2f1ef6dd8bee1e - - default default] 10.0.0.198 "GET /v2.0/ports?not-tags-any=blue HTTP/1.1" status: 200 len: 6203 time: 0.0988622
2026-04-21 18:20:04.664 10 INFO neutron.wsgi [None req-883a5bc2-966e-49f7-ba4a-dc3722237e3d 090fe6425fcc40ad981812a6fe0da3ea a31d63691a9a4b12aa11abd69e9d4e1e - - default default] 10.0.0.198 "POST /v2.0/networks HTTP/1.1" status: 201 len: 833 time: 0.6215596
2026-04-21 18:20:04.674 10 WARNING neutron_lib.context [None req-37800d64-dbff-41c5-a433-f0566e894960 090fe6425fcc40ad981812a6fe0da3ea a31d63691a9a4b12aa11abd69e9d4e1e - - default default] Method 'is_advsvc' is deprecated since 2023.2 release (neutron-lib 3.8.0) and will be removed once support for the old RBAC API policies will be removed from Neutron. Please use method 'is_service_role' instead.
2026-04-21 18:20:04.726 9 INFO neutron.wsgi [None req-d9f1133b-f237-48d4-9e05-aef4fd0ea140 e3b9e3cca616452f9e9f8fcc82d77943 a3c4e60582aa478cba2f1ef6dd8bee1e - - default default] 10.0.0.198 "GET /v2.0/ports?not-tags-any=red%2Cblue HTTP/1.1" status: 200 len: 5463 time: 0.0621955
2026-04-21 18:20:04.905 10 INFO neutron.db.ovn_revision_numbers_db [None req-d431a732-c0b6-4f6a-bc70-c87182002674 335d0c3471b04450a8ee9042d1229672 534bb253f1c847668fe5069647ed9f1e - - default default] Successfully bumped revision number for resource adf17dc3-e1de-4a64-b0ef-dc33e0378380 (type: security_groups) to 1
2026-04-21 18:20:04.936 10 INFO neutron.db.ovn_revision_numbers_db [None req-d431a732-c0b6-4f6a-bc70-c87182002674 335d0c3471b04450a8ee9042d1229672 534bb253f1c847668fe5069647ed9f1e - - default default] Successfully bumped revision number for resource 46b92136-ebba-4ec8-bcce-cd14f6cf6013 (type: security_group_rules) to 0
2026-04-21 18:20:04.952 10 WARNING neutron.scheduler.dhcp_agent_scheduler [None req-37800d64-dbff-41c5-a433-f0566e894960 090fe6425fcc40ad981812a6fe0da3ea a31d63691a9a4b12aa11abd69e9d4e1e - - default default] No more DHCP agents
2026-04-21 18:20:04.955 10 WARNING neutron.api.rpc.agentnotifiers.dhcp_rpc_agent_api [None req-37800d64-dbff-41c5-a433-f0566e894960 090fe6425fcc40ad981812a6fe0da3ea a31d63691a9a4b12aa11abd69e9d4e1e - - default default] Unable to schedule network 072482ca-8ee9-4e07-930d-882441c77187: no agents available; will retry on subsequent port and subnet creation events.
2026-04-21 18:20:04.961 10 INFO neutron.db.ovn_revision_numbers_db [None req-d431a732-c0b6-4f6a-bc70-c87182002674 335d0c3471b04450a8ee9042d1229672 534bb253f1c847668fe5069647ed9f1e - - default default] Successfully bumped revision number for resource 4a400b83-256a-418b-9ba8-991dead53c1b (type: security_group_rules) to 0
2026-04-21 18:20:04.983 10 INFO neutron.db.ovn_revision_numbers_db [None req-d431a732-c0b6-4f6a-bc70-c87182002674 335d0c3471b04450a8ee9042d1229672 534bb253f1c847668fe5069647ed9f1e - - default default] Successfully bumped revision number for resource ced236d9-dedf-4ba4-8395-6b032675bf1f (type: security_group_rules) to 0
2026-04-21 18:20:04.994 10 INFO neutron.db.ovn_revision_numbers_db [None req-37800d64-dbff-41c5-a433-f0566e894960 090fe6425fcc40ad981812a6fe0da3ea a31d63691a9a4b12aa11abd69e9d4e1e - - default default] Successfully bumped revision number for resource 1e6a9ae4-ba12-499f-9064-695f715afdbc (type: subnets) to 0
2026-04-21 18:20:05.005 10 INFO neutron.db.ovn_revision_numbers_db [None req-d431a732-c0b6-4f6a-bc70-c87182002674 335d0c3471b04450a8ee9042d1229672 534bb253f1c847668fe5069647ed9f1e - - default default] Successfully bumped revision number for resource fa8ae6fe-9d71-4662-99f4-c7b701aa8307 (type: security_group_rules) to 0
2026-04-21 18:20:05.013 9 INFO neutron.wsgi [None req-c87c18a0-9e34-47fb-b821-b31ac93f7c71 e3b9e3cca616452f9e9f8fcc82d77943 a3c4e60582aa478cba2f1ef6dd8bee1e - - default default] 10.0.0.198 "DELETE /v2.0/ports/b96fc7e5-4350-4105-8185-6c4d08e66107 HTTP/1.1" status: 204 len: 168 time: 0.2803814
2026-04-21 18:20:05.016 10 INFO neutron.wsgi [None req-37800d64-dbff-41c5-a433-f0566e894960 090fe6425fcc40ad981812a6fe0da3ea a31d63691a9a4b12aa11abd69e9d4e1e - - default default] 10.0.0.198 "POST /v2.0/subnets HTTP/1.1" status: 201 len: 821 time: 0.3478000
2026-04-21 18:20:05.029 10 WARNING neutron_lib.context [None req-d25d7ea8-175f-4066-b8e1-1dbc4ec61c4b 090fe6425fcc40ad981812a6fe0da3ea a31d63691a9a4b12aa11abd69e9d4e1e - - default default] Method 'is_advsvc' is deprecated since 2023.2 release (neutron-lib 3.8.0) and will be removed once support for the old RBAC API policies will be removed from Neutron. Please use method 'is_service_role' instead.
2026-04-21 18:20:05.038 10 INFO neutron.wsgi [None req-d431a732-c0b6-4f6a-bc70-c87182002674 335d0c3471b04450a8ee9042d1229672 534bb253f1c847668fe5069647ed9f1e - - default default] 10.0.0.198 "GET /v2.0/security-groups?tenant_id=8e92056c349d4307b5b16de76a871af5&name=default HTTP/1.1" status: 200 len: 2996 time: 0.3162079
2026-04-21 18:20:05.138 9 INFO neutron.pecan_wsgi.hooks.translation [None req-3396338f-9a2f-4829-a70e-6884b1912b00 4df5ce564f494f8581b19e1cb643237e b91d4a7898214fe2b1c5b34f121e8d5b - - default default] GET failed (client error): The resource could not be found.
2026-04-21 18:20:05.140 9 INFO neutron.wsgi [None req-3396338f-9a2f-4829-a70e-6884b1912b00 4df5ce564f494f8581b19e1cb643237e b91d4a7898214fe2b1c5b34f121e8d5b - - default default] 10.0.0.198 "GET /v2.0/networks/4314e572-22fe-4747-85e8-6832f5adef7c HTTP/1.1" status: 404 len: 339 time: 0.1519942
2026-04-21 18:20:05.184 10 INFO neutron.db.ovn_revision_numbers_db [None req-d25d7ea8-175f-4066-b8e1-1dbc4ec61c4b 090fe6425fcc40ad981812a6fe0da3ea a31d63691a9a4b12aa11abd69e9d4e1e - - default default] Successfully bumped revision number for resource 1a56ac68-844a-4c5c-850e-847d00f5bf47 (type: routers) to 1
2026-04-21 18:20:05.201 10 INFO neutron.wsgi [None req-d25d7ea8-175f-4066-b8e1-1dbc4ec61c4b 090fe6425fcc40ad981812a6fe0da3ea a31d63691a9a4b12aa11abd69e9d4e1e - - default default] 10.0.0.198 "POST /v2.0/routers HTTP/1.1" status: 201 len: 691 time: 0.1782980
2026-04-21 18:20:05.221 10 WARNING neutron_lib.context [None req-d0043572-023c-4886-99cf-5632d1071d74 090fe6425fcc40ad981812a6fe0da3ea a31d63691a9a4b12aa11abd69e9d4e1e - - default default] Method 'is_advsvc' is deprecated since 2023.2 release (neutron-lib 3.8.0) and will be removed once support for the old RBAC API policies will be removed from Neutron. Please use method 'is_service_role' instead.
2026-04-21 18:20:05.444 9 INFO neutron.wsgi [None req-5128f468-4e57-4697-b53b-05c184cf5a32 e3b9e3cca616452f9e9f8fcc82d77943 a3c4e60582aa478cba2f1ef6dd8bee1e - - default default] 10.0.0.198 "DELETE /v2.0/ports/f0a70948-19e1-4169-9dda-60c071d3db08 HTTP/1.1" status: 204 len: 168 time: 0.4261987
2026-04-21 18:20:05.529 9 INFO neutron.wsgi [None req-ac3b1450-8cc1-4a47-947c-b3b49c6487ee 335d0c3471b04450a8ee9042d1229672 534bb253f1c847668fe5069647ed9f1e - - default default] 10.0.0.198 "DELETE /v2.0/security-groups/adf17dc3-e1de-4a64-b0ef-dc33e0378380 HTTP/1.1" status: 204 len: 168 time: 0.4853849
2026-04-21 18:20:05.568 10 INFO neutron.services.segments.plugin [-] Segment 0bba7d34-2cec-49c1-80d5-79dce7191bdb resource provider aggregate not found
2026-04-21 18:20:05.575 10 INFO neutron.services.segments.plugin [-] Segment 0bba7d34-2cec-49c1-80d5-79dce7191bdb resource provider aggregate not found
2026-04-21 18:20:05.590 10 INFO neutron.services.segments.plugin [-] Segment 0bba7d34-2cec-49c1-80d5-79dce7191bdb resource provider not found; error: Placement Client Error (4xx): {"errors": [{"status": 404, "title": "Not Found", "detail": "The resource could not be found.\n\n No resource provider with uuid 0bba7d34-2cec-49c1-80d5-79dce7191bdb found for delete ", "request_id": "req-378843de-1cb3-4b74-8a50-828a7a40262e"}]}
2026-04-21 18:20:05.591 10 INFO neutron.services.segments.plugin [-] Segment 0bba7d34-2cec-49c1-80d5-79dce7191bdb resource provider not found; error: Placement Client Error (4xx): {"errors": [{"status": 404, "title": "Not Found", "detail": "The resource could not be found.\n\n No resource provider with uuid 0bba7d34-2cec-49c1-80d5-79dce7191bdb found for delete ", "request_id": "req-4200582a-42a0-46e7-9c5c-dcaa79a1ec33"}]}
2026-04-21 18:20:05.889 9 INFO neutron.db.ovn_revision_numbers_db [None req-25f368ba-d467-4248-9d3b-d42f313dca01 335d0c3471b04450a8ee9042d1229672 534bb253f1c847668fe5069647ed9f1e - - default default] Successfully bumped revision number for resource 3bbcf5d3-12ca-472d-b18b-a1cc6624a383 (type: security_groups) to 1
2026-04-21 18:20:05.932 9 INFO neutron.services.segments.plugin [-] Segment 76f73128-90ae-41e9-8a61-371c2f005cad resource provider aggregate not found
2026-04-21 18:20:05.938 9 INFO neutron.services.segments.plugin [-] Segment 76f73128-90ae-41e9-8a61-371c2f005cad resource provider aggregate not found
2026-04-21 18:20:05.952 9 INFO neutron.db.ovn_revision_numbers_db [None req-25f368ba-d467-4248-9d3b-d42f313dca01 335d0c3471b04450a8ee9042d1229672 534bb253f1c847668fe5069647ed9f1e - - default default] Successfully bumped revision number for resource 06505dc6-b334-4f62-af6e-d9bacfac722e (type: security_group_rules) to 0
2026-04-21 18:20:05.959 9 INFO neutron.services.segments.plugin [-] Segment 76f73128-90ae-41e9-8a61-371c2f005cad resource provider not found; error: Placement Client Error (4xx): {"errors": [{"status": 404, "title": "Not Found", "detail": "The resource could not be found.\n\n No resource provider with uuid 76f73128-90ae-41e9-8a61-371c2f005cad found for delete ", "request_id": "req-1a4d9f1a-e899-4f91-804c-dd995e03ee04"}]}
2026-04-21 18:20:05.961 9 INFO neutron.services.segments.plugin [-] Segment 76f73128-90ae-41e9-8a61-371c2f005cad resource provider not found; error: Placement Client Error (4xx): {"errors": [{"status": 404, "title": "Not Found", "detail": "The resource could not be found.\n\n No resource provider with uuid 76f73128-90ae-41e9-8a61-371c2f005cad found for delete ", "request_id": "req-72bcc7df-27fa-4399-9aed-f41eade75894"}]}
2026-04-21 18:20:05.966 9 INFO neutron.db.ovn_revision_numbers_db [None req-25f368ba-d467-4248-9d3b-d42f313dca01 335d0c3471b04450a8ee9042d1229672 534bb253f1c847668fe5069647ed9f1e - - default default] Successfully bumped revision number for resource 19686e65-7f69-4c84-980a-72ca15f4aaef (type: security_group_rules) to 0
2026-04-21 18:20:05.982 9 INFO neutron.wsgi [None req-44a67ec2-443f-4e5d-9aea-ac1a3434b1cf ca84629ad4654ff394ed5b05a461c188 2401444e491943cc8da9f50e88c0281c - - default default] 10.0.0.198 "DELETE /v2.0/networks/4314e572-22fe-4747-85e8-6832f5adef7c HTTP/1.1" status: 204 len: 168 time: 0.8372345
2026-04-21 18:20:05.984 9 INFO neutron.db.ovn_revision_numbers_db [None req-25f368ba-d467-4248-9d3b-d42f313dca01 335d0c3471b04450a8ee9042d1229672 534bb253f1c847668fe5069647ed9f1e - - default default] Successfully bumped revision number for resource 1b50433a-daeb-4be2-9d58-72e234dcddc0 (type: security_group_rules) to 0
2026-04-21 18:20:06.008 9 INFO neutron.pecan_wsgi.hooks.translation [None req-b8143169-a55e-4043-93ff-8b0b6829d9ab ca84629ad4654ff394ed5b05a461c188 2401444e491943cc8da9f50e88c0281c - - default default] DELETE failed (client error): The resource could not be found.
2026-04-21 18:20:06.010 9 INFO neutron.wsgi [None req-b8143169-a55e-4043-93ff-8b0b6829d9ab ca84629ad4654ff394ed5b05a461c188 2401444e491943cc8da9f50e88c0281c - - default default] 10.0.0.198 "DELETE /v2.0/subnets/656e8d4e-abf8-4a01-9049-c46720eca28f HTTP/1.1" status: 404 len: 337 time: 0.0184586
2026-04-21 18:20:06.014 9 INFO neutron.db.ovn_revision_numbers_db [None req-25f368ba-d467-4248-9d3b-d42f313dca01 335d0c3471b04450a8ee9042d1229672 534bb253f1c847668fe5069647ed9f1e - - default default] Successfully bumped revision number for resource fc21095f-15f6-499a-bbaf-5418070bd2e0 (type: security_group_rules) to 0
2026-04-21 18:20:06.039 10 WARNING neutron.scheduler.dhcp_agent_scheduler [None req-d0043572-023c-4886-99cf-5632d1071d74 090fe6425fcc40ad981812a6fe0da3ea a31d63691a9a4b12aa11abd69e9d4e1e - - default default] No more DHCP agents
2026-04-21 18:20:06.040 9 INFO neutron.pecan_wsgi.hooks.translation [None req-2543e2b1-a2c2-4c30-a3b2-0886cc847639 ca84629ad4654ff394ed5b05a461c188 2401444e491943cc8da9f50e88c0281c - - default default] DELETE failed (client error): The resource could not be found.
2026-04-21 18:20:06.042 9 INFO neutron.wsgi [None req-2543e2b1-a2c2-4c30-a3b2-0886cc847639 ca84629ad4654ff394ed5b05a461c188 2401444e491943cc8da9f50e88c0281c - - default default] 10.0.0.198 "DELETE /v2.0/subnets/89ea8361-75f6-4840-872a-1263f58e912b HTTP/1.1" status: 404 len: 337 time: 0.0253794
2026-04-21 18:20:06.042 10 WARNING neutron.api.rpc.agentnotifiers.dhcp_rpc_agent_api [None req-d0043572-023c-4886-99cf-5632d1071d74 090fe6425fcc40ad981812a6fe0da3ea a31d63691a9a4b12aa11abd69e9d4e1e - - default default] Unable to schedule network 072482ca-8ee9-4e07-930d-882441c77187: no agents available; will retry on subsequent port and subnet creation events.
2026-04-21 18:20:06.052 9 INFO neutron.wsgi [None req-25f368ba-d467-4248-9d3b-d42f313dca01 335d0c3471b04450a8ee9042d1229672 534bb253f1c847668fe5069647ed9f1e - - default default] 10.0.0.198 "GET /v2.0/security-groups?tenant_id=3f8719ae599845c5b123cdf5c00c855e&name=default HTTP/1.1" status: 200 len: 2996 time: 0.3317339
2026-04-21 18:20:06.068 9 INFO neutron.pecan_wsgi.hooks.translation [None req-3db1a9c5-3bc1-4d95-a70d-1a1faba1894a ca84629ad4654ff394ed5b05a461c188 2401444e491943cc8da9f50e88c0281c - - default default] DELETE failed (client error): The resource could not be found.
2026-04-21 18:20:06.071 9 INFO neutron.wsgi [None req-3db1a9c5-3bc1-4d95-a70d-1a1faba1894a ca84629ad4654ff394ed5b05a461c188 2401444e491943cc8da9f50e88c0281c - - default default] 10.0.0.198 "DELETE /v2.0/subnets/9b2040de-b4af-4cfd-befa-64a6ba49783a HTTP/1.1" status: 404 len: 337 time: 0.0219052
2026-04-21 18:20:06.134 10 INFO neutron.wsgi [None req-49159972-482f-4b74-a373-15ee221e2496 e3b9e3cca616452f9e9f8fcc82d77943 a3c4e60582aa478cba2f1ef6dd8bee1e - - default default] 10.0.0.198 "DELETE /v2.0/ports/fa829ba1-bf12-4cb5-8b44-362afd0f745a HTTP/1.1" status: 204 len: 168 time: 0.6861088
2026-04-21 18:20:06.185 10 INFO neutron.db.ovn_revision_numbers_db [None req-d0043572-023c-4886-99cf-5632d1071d74 090fe6425fcc40ad981812a6fe0da3ea a31d63691a9a4b12aa11abd69e9d4e1e - - default default] Successfully bumped revision number for resource a87ba07f-f632-4742-9f20-1d21d7133242 (type: ports) to 1
2026-04-21 18:20:06.211 10 INFO neutron.wsgi [None req-d0043572-023c-4886-99cf-5632d1071d74 090fe6425fcc40ad981812a6fe0da3ea a31d63691a9a4b12aa11abd69e9d4e1e - - default default] 10.0.0.198 "POST /v2.0/ports HTTP/1.1" status: 201 len: 1163 time: 0.9967308 /var/lib/openstack/lib/python3.10/site-packages/pycadf/identifier.py:71: UserWarning: Invalid uuid: neutron. To ensure interoperability, identifiers should be a valid uuid. warnings.warn(('Invalid uuid: %s. To ensure interoperability, '
2026-04-21 18:20:06.634 9 INFO neutron.wsgi [None req-05178ad4-b5bf-4eed-bfd6-c651d3709870 335d0c3471b04450a8ee9042d1229672 534bb253f1c847668fe5069647ed9f1e - - default default] 10.0.0.198 "DELETE /v2.0/security-groups/3bbcf5d3-12ca-472d-b18b-a1cc6624a383 HTTP/1.1" status: 204 len: 168 time: 0.5771790
2026-04-21 18:20:06.677 9 INFO neutron.plugins.ml2.drivers.ovn.mech_driver.mech_driver [None req-82a10772-c472-498d-82e5-634118138e5b - - - - - -] OVN reports status up for port: a87ba07f-f632-4742-9f20-1d21d7133242
2026-04-21 18:20:06.685 9 INFO neutron.plugins.ml2.plugin [None req-82a10772-c472-498d-82e5-634118138e5b - - - - - -] Attempt 1 to provision port a87ba07f-f632-4742-9f20-1d21d7133242
2026-04-21 18:20:06.703 10 INFO neutron.db.ovn_revision_numbers_db [None req-9a4caf19-c0d5-4614-aae6-a0ac6f9efc7f 090fe6425fcc40ad981812a6fe0da3ea a31d63691a9a4b12aa11abd69e9d4e1e - - default default] Successfully bumped revision number for resource a87ba07f-f632-4742-9f20-1d21d7133242 (type: router_ports) to 2
2026-04-21 18:20:06.711 9 INFO neutron.wsgi [None req-e938b1f3-2a8b-4087-8eb4-e8a7ebd8898b e3b9e3cca616452f9e9f8fcc82d77943 a3c4e60582aa478cba2f1ef6dd8bee1e - - default default] 10.0.0.198 "DELETE /v2.0/ports/1f8c3e97-5b63-4027-8e4e-ebec0e159250 HTTP/1.1" status: 204 len: 168 time: 0.5716474
2026-04-21 18:20:06.872 10 INFO neutron.db.ovn_revision_numbers_db [None req-9a4caf19-c0d5-4614-aae6-a0ac6f9efc7f 090fe6425fcc40ad981812a6fe0da3ea a31d63691a9a4b12aa11abd69e9d4e1e - - default default] Successfully bumped revision number for resource a87ba07f-f632-4742-9f20-1d21d7133242 (type: ports) to 2
