2026-04-21 18:17:14.171 8 INFO cinder.api.openstack.wsgi [None req-860de987-7fcb-41ce-88bd-82b35e9eaac5 335d0c3471b04450a8ee9042d1229672 534bb253f1c847668fe5069647ed9f1e - - default default] http://cinder-api.openstack.svc.cluster.local:8776/v3/534bb253f1c847668fe5069647ed9f1e/volumes/detail?all_tenants=true returned with HTTP 200 [pid: 8|app: 0|req: 331/661] 10.0.0.136 () {28 vars in 684 bytes} [Tue Apr 21 18:17:14 2026] GET /v3/534bb253f1c847668fe5069647ed9f1e/volumes/detail?all_tenants=true => generated 1508 bytes in 37 msecs (HTTP/1.1 200) 7 headers in 286 bytes (1 switches on core 0)
2026-04-21 18:17:14.842 7 INFO cinder.api.openstack.wsgi [req-5d243e66-e310-4889-82eb-44b516fd1f75 req-368232c1-f6d1-43d3-98ef-85a5bb771240 48acc0912e204cf584e9922f34e5a74f ab4f36947f8d445791179993f356dd0c - - default default] PUT http://cinder-api.openstack.svc.cluster.local:8776/v3/ab4f36947f8d445791179993f356dd0c/attachments/ff6523ee-9fcb-48a4-82d1-2a34a2ba8a68 /var/lib/openstack/lib/python3.10/site-packages/oslo_context/context.py:100: DeprecationWarning: Policy enforcement is depending on the value of is_admin. This key is deprecated. Please update your policy file to use the standard policy values. warnings.warn('Policy enforcement is depending on the value of '
2026-04-21 18:17:15.496 7 INFO cinder.api.openstack.wsgi [req-5d243e66-e310-4889-82eb-44b516fd1f75 req-368232c1-f6d1-43d3-98ef-85a5bb771240 48acc0912e204cf584e9922f34e5a74f ab4f36947f8d445791179993f356dd0c - - default default] http://cinder-api.openstack.svc.cluster.local:8776/v3/ab4f36947f8d445791179993f356dd0c/attachments/ff6523ee-9fcb-48a4-82d1-2a34a2ba8a68 returned with HTTP 200 [pid: 7|app: 0|req: 331/662] 199.19.213.151 () {40 vars in 1134 bytes} [Tue Apr 21 18:17:14 2026] PUT /v3/ab4f36947f8d445791179993f356dd0c/attachments/ff6523ee-9fcb-48a4-82d1-2a34a2ba8a68 => generated 775 bytes in 666 msecs (HTTP/1.1 200) 7 headers in 286 bytes (1 switches on core 0) /var/lib/openstack/lib/python3.10/site-packages/pycadf/identifier.py:71: UserWarning: Invalid uuid: cinderv3. To ensure interoperability, identifiers should be a valid uuid. warnings.warn(('Invalid uuid: %s. To ensure interoperability, '
2026-04-21 18:17:15.536 8 INFO cinder.api.openstack.wsgi [req-5d243e66-e310-4889-82eb-44b516fd1f75 req-f09e7715-8357-49f1-bdd6-b4e0de39f5b6 48acc0912e204cf584e9922f34e5a74f ab4f36947f8d445791179993f356dd0c - - default default] POST http://cinder-api.openstack.svc.cluster.local:8776/v3/ab4f36947f8d445791179993f356dd0c/attachments/ff6523ee-9fcb-48a4-82d1-2a34a2ba8a68/action /var/lib/openstack/lib/python3.10/site-packages/oslo_context/context.py:100: DeprecationWarning: Policy enforcement is depending on the value of is_admin. This key is deprecated. Please update your policy file to use the standard policy values. warnings.warn('Policy enforcement is depending on the value of '
2026-04-21 18:17:15.598 8 INFO cinder.api.openstack.wsgi [req-5d243e66-e310-4889-82eb-44b516fd1f75 req-f09e7715-8357-49f1-bdd6-b4e0de39f5b6 48acc0912e204cf584e9922f34e5a74f ab4f36947f8d445791179993f356dd0c - - default default] http://cinder-api.openstack.svc.cluster.local:8776/v3/ab4f36947f8d445791179993f356dd0c/attachments/ff6523ee-9fcb-48a4-82d1-2a34a2ba8a68/action returned with HTTP 204 [pid: 8|app: 0|req: 332/663] 199.19.213.151 () {40 vars in 1148 bytes} [Tue Apr 21 18:17:15 2026] POST /v3/ab4f36947f8d445791179993f356dd0c/attachments/ff6523ee-9fcb-48a4-82d1-2a34a2ba8a68/action => generated 0 bytes in 74 msecs (HTTP/1.1 204) 7 headers in 292 bytes (1 switches on core 0)
2026-04-21 18:17:17.948 8 INFO cinder.api.openstack.wsgi [req-5d243e66-e310-4889-82eb-44b516fd1f75 req-f09e7715-8357-49f1-bdd6-b4e0de39f5b6 48acc0912e204cf584e9922f34e5a74f ab4f36947f8d445791179993f356dd0c - - default default] GET http://10.0.0.122:8776/
2026-04-21 18:17:17.948 7 INFO cinder.api.openstack.wsgi [req-5d243e66-e310-4889-82eb-44b516fd1f75 req-368232c1-f6d1-43d3-98ef-85a5bb771240 48acc0912e204cf584e9922f34e5a74f ab4f36947f8d445791179993f356dd0c - - default default] GET http://10.0.0.122:8776/
2026-04-21 18:17:17.949 8 INFO cinder.api.openstack.wsgi [req-5d243e66-e310-4889-82eb-44b516fd1f75 req-f09e7715-8357-49f1-bdd6-b4e0de39f5b6 48acc0912e204cf584e9922f34e5a74f ab4f36947f8d445791179993f356dd0c - - default default] http://10.0.0.122:8776/ returned with HTTP 300
2026-04-21 18:17:17.950 7 INFO cinder.api.openstack.wsgi [req-5d243e66-e310-4889-82eb-44b516fd1f75 req-368232c1-f6d1-43d3-98ef-85a5bb771240 48acc0912e204cf584e9922f34e5a74f ab4f36947f8d445791179993f356dd0c - - default default] http://10.0.0.122:8776/ returned with HTTP 300 /var/lib/openstack/lib/python3.10/site-packages/pycadf/identifier.py:71: UserWarning: Invalid uuid: cinderv3. To ensure interoperability, identifiers should be a valid uuid. warnings.warn(('Invalid uuid: %s. To ensure interoperability, '
2026-04-21 18:17:21.353 8 INFO cinder.api.openstack.wsgi [req-c2768d51-faf9-4381-b7fd-d72e45123191 req-5088cf4a-6f14-42d9-a378-6ae8e59db42a 48acc0912e204cf584e9922f34e5a74f ab4f36947f8d445791179993f356dd0c - - default default] DELETE http://cinder-api.openstack.svc.cluster.local:8776/v3/ab4f36947f8d445791179993f356dd0c/attachments/ff6523ee-9fcb-48a4-82d1-2a34a2ba8a68 /var/lib/openstack/lib/python3.10/site-packages/oslo_context/context.py:100: DeprecationWarning: Policy enforcement is depending on the value of is_admin. This key is deprecated. Please update your policy file to use the standard policy values. warnings.warn('Policy enforcement is depending on the value of '
2026-04-21 18:17:21.456 8 INFO cinder.api.openstack.wsgi [req-c2768d51-faf9-4381-b7fd-d72e45123191 req-5088cf4a-6f14-42d9-a378-6ae8e59db42a 48acc0912e204cf584e9922f34e5a74f ab4f36947f8d445791179993f356dd0c - - default default] http://cinder-api.openstack.svc.cluster.local:8776/v3/ab4f36947f8d445791179993f356dd0c/attachments/ff6523ee-9fcb-48a4-82d1-2a34a2ba8a68 returned with HTTP 200 [pid: 8|app: 0|req: 334/666] 199.19.213.151 () {38 vars in 1103 bytes} [Tue Apr 21 18:17:21 2026] DELETE /v3/ab4f36947f8d445791179993f356dd0c/attachments/ff6523ee-9fcb-48a4-82d1-2a34a2ba8a68 => generated 19 bytes in 113 msecs (HTTP/1.1 200) 7 headers in 285 bytes (1 switches on core 0) /var/lib/openstack/lib/python3.10/site-packages/pycadf/identifier.py:71: UserWarning: Invalid uuid: cinderv3. To ensure interoperability, identifiers should be a valid uuid. warnings.warn(('Invalid uuid: %s. To ensure interoperability, '
2026-04-21 18:17:21.476 7 INFO cinder.api.openstack.wsgi [req-c2768d51-faf9-4381-b7fd-d72e45123191 req-6c5c5d4b-d3f7-449f-b19f-a45e40d0fcf2 48acc0912e204cf584e9922f34e5a74f ab4f36947f8d445791179993f356dd0c - - default default] DELETE http://cinder-api.openstack.svc.cluster.local:8776/v3/ab4f36947f8d445791179993f356dd0c/volumes/68bf0fd7-15e0-4624-970b-f7b5672b25d9
2026-04-21 18:17:21.477 7 INFO cinder.api.v3.volumes [req-c2768d51-faf9-4381-b7fd-d72e45123191 req-6c5c5d4b-d3f7-449f-b19f-a45e40d0fcf2 48acc0912e204cf584e9922f34e5a74f ab4f36947f8d445791179993f356dd0c - - default default] Delete volume with id: 68bf0fd7-15e0-4624-970b-f7b5672b25d9  /var/lib/openstack/lib/python3.10/site-packages/oslo_context/context.py:100: DeprecationWarning: Policy enforcement is depending on the value of is_admin. This key is deprecated. Please update your policy file to use the standard policy values. warnings.warn('Policy enforcement is depending on the value of '
2026-04-21 18:17:21.492 7 INFO cinder.volume.api [req-c2768d51-faf9-4381-b7fd-d72e45123191 req-6c5c5d4b-d3f7-449f-b19f-a45e40d0fcf2 48acc0912e204cf584e9922f34e5a74f ab4f36947f8d445791179993f356dd0c - - default default] Volume info retrieved successfully.
2026-04-21 18:17:21.526 7 INFO cinder.volume.api [req-c2768d51-faf9-4381-b7fd-d72e45123191 req-6c5c5d4b-d3f7-449f-b19f-a45e40d0fcf2 48acc0912e204cf584e9922f34e5a74f ab4f36947f8d445791179993f356dd0c - - default default] Delete volume request issued successfully.
2026-04-21 18:17:21.527 7 INFO cinder.api.openstack.wsgi [req-c2768d51-faf9-4381-b7fd-d72e45123191 req-6c5c5d4b-d3f7-449f-b19f-a45e40d0fcf2 48acc0912e204cf584e9922f34e5a74f ab4f36947f8d445791179993f356dd0c - - default default] http://cinder-api.openstack.svc.cluster.local:8776/v3/ab4f36947f8d445791179993f356dd0c/volumes/68bf0fd7-15e0-4624-970b-f7b5672b25d9 returned with HTTP 202 [pid: 7|app: 0|req: 333/667] 199.19.213.151 () {36 vars in 1054 bytes} [Tue Apr 21 18:17:21 2026] DELETE /v3/ab4f36947f8d445791179993f356dd0c/volumes/68bf0fd7-15e0-4624-970b-f7b5672b25d9 => generated 0 bytes in 60 msecs (HTTP/1.1 202) 6 headers in 233 bytes (1 switches on core 0)
2026-04-21 18:17:27.950 7 INFO cinder.api.openstack.wsgi [req-c2768d51-faf9-4381-b7fd-d72e45123191 req-6c5c5d4b-d3f7-449f-b19f-a45e40d0fcf2 48acc0912e204cf584e9922f34e5a74f ab4f36947f8d445791179993f356dd0c - - default default] GET http://10.0.0.122:8776/
2026-04-21 18:17:27.948 8 INFO cinder.api.openstack.wsgi [req-c2768d51-faf9-4381-b7fd-d72e45123191 req-5088cf4a-6f14-42d9-a378-6ae8e59db42a 48acc0912e204cf584e9922f34e5a74f ab4f36947f8d445791179993f356dd0c - - default default] GET http://10.0.0.122:8776/
2026-04-21 18:17:27.952 8 INFO cinder.api.openstack.wsgi [req-c2768d51-faf9-4381-b7fd-d72e45123191 req-5088cf4a-6f14-42d9-a378-6ae8e59db42a 48acc0912e204cf584e9922f34e5a74f ab4f36947f8d445791179993f356dd0c - - default default] http://10.0.0.122:8776/ returned with HTTP 300
2026-04-21 18:17:27.954 7 INFO cinder.api.openstack.wsgi [req-c2768d51-faf9-4381-b7fd-d72e45123191 req-6c5c5d4b-d3f7-449f-b19f-a45e40d0fcf2 48acc0912e204cf584e9922f34e5a74f ab4f36947f8d445791179993f356dd0c - - default default] http://10.0.0.122:8776/ returned with HTTP 300 /var/lib/openstack/lib/python3.10/site-packages/pycadf/identifier.py:71: UserWarning: Invalid uuid: cinderv3. To ensure interoperability, identifiers should be a valid uuid. warnings.warn(('Invalid uuid: %s. To ensure interoperability, '
2026-04-21 18:17:31.622 8 INFO cinder.api.openstack.wsgi [req-a511a61a-0bf8-454d-b644-2e0908409e53 req-e1de5a38-99bd-4a99-91c9-227906c514dd 2679ace59e3740ff9d9693b9fd31eb87 c3446aab0426491d87f2b30f6c3e0eda - - default default] GET http://cinder-api.openstack.svc.cluster.local:8776/v3/c3446aab0426491d87f2b30f6c3e0eda/attachments?instance_id=c05cff33-1845-4b7d-82d5-059564d86c5b
2026-04-21 18:17:31.634 8 INFO cinder.api.openstack.wsgi [req-a511a61a-0bf8-454d-b644-2e0908409e53 req-e1de5a38-99bd-4a99-91c9-227906c514dd 2679ace59e3740ff9d9693b9fd31eb87 c3446aab0426491d87f2b30f6c3e0eda - - default default] http://cinder-api.openstack.svc.cluster.local:8776/v3/c3446aab0426491d87f2b30f6c3e0eda/attachments?instance_id=c05cff33-1845-4b7d-82d5-059564d86c5b returned with HTTP 200 [pid: 8|app: 0|req: 336/670] 199.19.213.151 () {36 vars in 1104 bytes} [Tue Apr 21 18:17:31 2026] GET /v3/c3446aab0426491d87f2b30f6c3e0eda/attachments?instance_id=c05cff33-1845-4b7d-82d5-059564d86c5b => generated 19 bytes in 19 msecs (HTTP/1.1 200) 7 headers in 285 bytes (1 switches on core 0)
2026-04-21 18:17:37.948 7 INFO cinder.api.openstack.wsgi [req-c2768d51-faf9-4381-b7fd-d72e45123191 req-6c5c5d4b-d3f7-449f-b19f-a45e40d0fcf2 48acc0912e204cf584e9922f34e5a74f ab4f36947f8d445791179993f356dd0c - - default default] GET http://10.0.0.122:8776/
2026-04-21 18:17:37.949 8 INFO cinder.api.openstack.wsgi [req-a511a61a-0bf8-454d-b644-2e0908409e53 req-e1de5a38-99bd-4a99-91c9-227906c514dd 2679ace59e3740ff9d9693b9fd31eb87 c3446aab0426491d87f2b30f6c3e0eda - - default default] GET http://10.0.0.122:8776/
2026-04-21 18:17:37.949 7 INFO cinder.api.openstack.wsgi [req-c2768d51-faf9-4381-b7fd-d72e45123191 req-6c5c5d4b-d3f7-449f-b19f-a45e40d0fcf2 48acc0912e204cf584e9922f34e5a74f ab4f36947f8d445791179993f356dd0c - - default default] http://10.0.0.122:8776/ returned with HTTP 300
2026-04-21 18:17:37.950 8 INFO cinder.api.openstack.wsgi [req-a511a61a-0bf8-454d-b644-2e0908409e53 req-e1de5a38-99bd-4a99-91c9-227906c514dd 2679ace59e3740ff9d9693b9fd31eb87 c3446aab0426491d87f2b30f6c3e0eda - - default default] http://10.0.0.122:8776/ returned with HTTP 300
2026-04-21 18:17:47.949 8 INFO cinder.api.openstack.wsgi [req-a511a61a-0bf8-454d-b644-2e0908409e53 req-e1de5a38-99bd-4a99-91c9-227906c514dd 2679ace59e3740ff9d9693b9fd31eb87 c3446aab0426491d87f2b30f6c3e0eda - - default default] GET http://10.0.0.122:8776/
2026-04-21 18:17:47.949 7 INFO cinder.api.openstack.wsgi [req-c2768d51-faf9-4381-b7fd-d72e45123191 req-6c5c5d4b-d3f7-449f-b19f-a45e40d0fcf2 48acc0912e204cf584e9922f34e5a74f ab4f36947f8d445791179993f356dd0c - - default default] GET http://10.0.0.122:8776/
2026-04-21 18:17:47.950 8 INFO cinder.api.openstack.wsgi [req-a511a61a-0bf8-454d-b644-2e0908409e53 req-e1de5a38-99bd-4a99-91c9-227906c514dd 2679ace59e3740ff9d9693b9fd31eb87 c3446aab0426491d87f2b30f6c3e0eda - - default default] http://10.0.0.122:8776/ returned with HTTP 300
2026-04-21 18:17:47.951 7 INFO cinder.api.openstack.wsgi [req-c2768d51-faf9-4381-b7fd-d72e45123191 req-6c5c5d4b-d3f7-449f-b19f-a45e40d0fcf2 48acc0912e204cf584e9922f34e5a74f ab4f36947f8d445791179993f356dd0c - - default default] http://10.0.0.122:8776/ returned with HTTP 300
2026-04-21 18:17:57.949 8 INFO cinder.api.openstack.wsgi [req-a511a61a-0bf8-454d-b644-2e0908409e53 req-e1de5a38-99bd-4a99-91c9-227906c514dd 2679ace59e3740ff9d9693b9fd31eb87 c3446aab0426491d87f2b30f6c3e0eda - - default default] GET http://10.0.0.122:8776/
2026-04-21 18:17:57.949 7 INFO cinder.api.openstack.wsgi [req-c2768d51-faf9-4381-b7fd-d72e45123191 req-6c5c5d4b-d3f7-449f-b19f-a45e40d0fcf2 48acc0912e204cf584e9922f34e5a74f ab4f36947f8d445791179993f356dd0c - - default default] GET http://10.0.0.122:8776/
2026-04-21 18:17:57.951 8 INFO cinder.api.openstack.wsgi [req-a511a61a-0bf8-454d-b644-2e0908409e53 req-e1de5a38-99bd-4a99-91c9-227906c514dd 2679ace59e3740ff9d9693b9fd31eb87 c3446aab0426491d87f2b30f6c3e0eda - - default default] http://10.0.0.122:8776/ returned with HTTP 300
2026-04-21 18:17:57.951 7 INFO cinder.api.openstack.wsgi [req-c2768d51-faf9-4381-b7fd-d72e45123191 req-6c5c5d4b-d3f7-449f-b19f-a45e40d0fcf2 48acc0912e204cf584e9922f34e5a74f ab4f36947f8d445791179993f356dd0c - - default default] http://10.0.0.122:8776/ returned with HTTP 300
2026-04-21 18:18:07.948 8 INFO cinder.api.openstack.wsgi [req-a511a61a-0bf8-454d-b644-2e0908409e53 req-e1de5a38-99bd-4a99-91c9-227906c514dd 2679ace59e3740ff9d9693b9fd31eb87 c3446aab0426491d87f2b30f6c3e0eda - - default default] GET http://10.0.0.122:8776/
2026-04-21 18:18:07.949 7 INFO cinder.api.openstack.wsgi [req-c2768d51-faf9-4381-b7fd-d72e45123191 req-6c5c5d4b-d3f7-449f-b19f-a45e40d0fcf2 48acc0912e204cf584e9922f34e5a74f ab4f36947f8d445791179993f356dd0c - - default default] GET http://10.0.0.122:8776/
2026-04-21 18:18:07.950 7 INFO cinder.api.openstack.wsgi [req-c2768d51-faf9-4381-b7fd-d72e45123191 req-6c5c5d4b-d3f7-449f-b19f-a45e40d0fcf2 48acc0912e204cf584e9922f34e5a74f ab4f36947f8d445791179993f356dd0c - - default default] http://10.0.0.122:8776/ returned with HTTP 300
2026-04-21 18:18:07.950 8 INFO cinder.api.openstack.wsgi [req-a511a61a-0bf8-454d-b644-2e0908409e53 req-e1de5a38-99bd-4a99-91c9-227906c514dd 2679ace59e3740ff9d9693b9fd31eb87 c3446aab0426491d87f2b30f6c3e0eda - - default default] http://10.0.0.122:8776/ returned with HTTP 300 /var/lib/openstack/lib/python3.10/site-packages/pycadf/identifier.py:71: UserWarning: Invalid uuid: cinderv3. To ensure interoperability, identifiers should be a valid uuid. warnings.warn(('Invalid uuid: %s. To ensure interoperability, '
2026-04-21 18:18:13.490 7 INFO cinder.api.openstack.wsgi [None req-574f6135-14fe-4baa-a3a7-3a8a1bb3aeaa 335d0c3471b04450a8ee9042d1229672 534bb253f1c847668fe5069647ed9f1e - - default default] GET http://cinder-api.openstack.svc.cluster.local:8776/v3/534bb253f1c847668fe5069647ed9f1e/volumes/detail?all_tenants=true
2026-04-21 18:18:13.501 7 INFO cinder.volume.api [None req-574f6135-14fe-4baa-a3a7-3a8a1bb3aeaa 335d0c3471b04450a8ee9042d1229672 534bb253f1c847668fe5069647ed9f1e - - default default] Get all volumes completed successfully.
2026-04-21 18:18:13.504 7 INFO cinder.api.openstack.wsgi [None req-574f6135-14fe-4baa-a3a7-3a8a1bb3aeaa 335d0c3471b04450a8ee9042d1229672 534bb253f1c847668fe5069647ed9f1e - - default default] http://cinder-api.openstack.svc.cluster.local:8776/v3/534bb253f1c847668fe5069647ed9f1e/volumes/detail?all_tenants=true returned with HTTP 200 [pid: 7|app: 0|req: 339/679] 10.0.0.136 () {28 vars in 684 bytes} [Tue Apr 21 18:18:13 2026] GET /v3/534bb253f1c847668fe5069647ed9f1e/volumes/detail?all_tenants=true => generated 15 bytes in 156 msecs (HTTP/1.1 200) 7 headers in 284 bytes (1 switches on core 0)
2026-04-21 18:18:13.551 8 INFO cinder.api.openstack.wsgi [None req-13f30734-0e75-4e75-810a-cb15433dec90 335d0c3471b04450a8ee9042d1229672 534bb253f1c847668fe5069647ed9f1e - - default default] GET http://cinder-api.openstack.svc.cluster.local:8776/v3/534bb253f1c847668fe5069647ed9f1e/os-quota-sets/0c68ebf788794f0e8f955ac22a70dbb3?usage=true /var/lib/openstack/lib/python3.10/site-packages/oslo_context/context.py:100: DeprecationWarning: Policy enforcement is depending on the value of is_admin. This key is deprecated. Please update your policy file to use the standard policy values. warnings.warn('Policy enforcement is depending on the value of '
2026-04-21 18:18:13.581 8 INFO cinder.api.openstack.wsgi [None req-13f30734-0e75-4e75-810a-cb15433dec90 335d0c3471b04450a8ee9042d1229672 534bb253f1c847668fe5069647ed9f1e - - default default] http://cinder-api.openstack.svc.cluster.local:8776/v3/534bb253f1c847668fe5069647ed9f1e/os-quota-sets/0c68ebf788794f0e8f955ac22a70dbb3?usage=true returned with HTTP 200 [pid: 8|app: 0|req: 341/680] 10.0.0.136 () {28 vars in 736 bytes} [Tue Apr 21 18:18:13 2026] GET /v3/534bb253f1c847668fe5069647ed9f1e/os-quota-sets/0c68ebf788794f0e8f955ac22a70dbb3?usage=true => generated 847 bytes in 38 msecs (HTTP/1.1 200) 7 headers in 285 bytes (1 switches on core 0)
2026-04-21 18:18:13.599 7 INFO cinder.api.openstack.wsgi [None req-777a4fc7-86e9-4395-adbe-b24895706a60 335d0c3471b04450a8ee9042d1229672 534bb253f1c847668fe5069647ed9f1e - - default default] GET http://cinder-api.openstack.svc.cluster.local:8776/v3/534bb253f1c847668fe5069647ed9f1e/os-quota-sets/15e7f7d3ccfd4bd6b9018472e7355422?usage=true
2026-04-21 18:18:13.626 7 INFO cinder.api.openstack.wsgi [None req-777a4fc7-86e9-4395-adbe-b24895706a60 335d0c3471b04450a8ee9042d1229672 534bb253f1c847668fe5069647ed9f1e - - default default] http://cinder-api.openstack.svc.cluster.local:8776/v3/534bb253f1c847668fe5069647ed9f1e/os-quota-sets/15e7f7d3ccfd4bd6b9018472e7355422?usage=true returned with HTTP 200 [pid: 7|app: 0|req: 340/681] 10.0.0.136 () {28 vars in 736 bytes} [Tue Apr 21 18:18:13 2026] GET /v3/534bb253f1c847668fe5069647ed9f1e/os-quota-sets/15e7f7d3ccfd4bd6b9018472e7355422?usage=true => generated 847 bytes in 42 msecs (HTTP/1.1 200) 7 headers in 285 bytes (1 switches on core 0)
2026-04-21 18:18:13.641 8 INFO cinder.api.openstack.wsgi [None req-32000c50-c4ea-4c55-a989-12f905ad2cb8 335d0c3471b04450a8ee9042d1229672 534bb253f1c847668fe5069647ed9f1e - - default default] GET http://cinder-api.openstack.svc.cluster.local:8776/v3/534bb253f1c847668fe5069647ed9f1e/os-quota-sets/534bb253f1c847668fe5069647ed9f1e?usage=true
2026-04-21 18:18:13.674 8 INFO cinder.api.openstack.wsgi [None req-32000c50-c4ea-4c55-a989-12f905ad2cb8 335d0c3471b04450a8ee9042d1229672 534bb253f1c847668fe5069647ed9f1e - - default default] http://cinder-api.openstack.svc.cluster.local:8776/v3/534bb253f1c847668fe5069647ed9f1e/os-quota-sets/534bb253f1c847668fe5069647ed9f1e?usage=true returned with HTTP 200 [pid: 8|app: 0|req: 342/682] 10.0.0.136 () {28 vars in 736 bytes} [Tue Apr 21 18:18:13 2026] GET /v3/534bb253f1c847668fe5069647ed9f1e/os-quota-sets/534bb253f1c847668fe5069647ed9f1e?usage=true => generated 845 bytes in 45 msecs (HTTP/1.1 200) 7 headers in 285 bytes (1 switches on core 0)
2026-04-21 18:18:13.687 7 INFO cinder.api.openstack.wsgi [None req-2097d25c-5bea-4eb3-adce-f3d7748243a8 335d0c3471b04450a8ee9042d1229672 534bb253f1c847668fe5069647ed9f1e - - default default] GET http://cinder-api.openstack.svc.cluster.local:8776/v3/534bb253f1c847668fe5069647ed9f1e/os-quota-sets/678127e3b3fd415ea1800b78d3dad404?usage=true
2026-04-21 18:18:13.712 7 INFO cinder.api.openstack.wsgi [None req-2097d25c-5bea-4eb3-adce-f3d7748243a8 335d0c3471b04450a8ee9042d1229672 534bb253f1c847668fe5069647ed9f1e - - default default] http://cinder-api.openstack.svc.cluster.local:8776/v3/534bb253f1c847668fe5069647ed9f1e/os-quota-sets/678127e3b3fd415ea1800b78d3dad404?usage=true returned with HTTP 200 [pid: 7|app: 0|req: 341/683] 10.0.0.136 () {28 vars in 736 bytes} [Tue Apr 21 18:18:13 2026] GET /v3/534bb253f1c847668fe5069647ed9f1e/os-quota-sets/678127e3b3fd415ea1800b78d3dad404?usage=true => generated 845 bytes in 33 msecs (HTTP/1.1 200) 7 headers in 285 bytes (1 switches on core 0)
2026-04-21 18:18:13.724 8 INFO cinder.api.openstack.wsgi [None req-40bf41c3-fdea-4b5e-9d39-6f2d4a4c9c7d 335d0c3471b04450a8ee9042d1229672 534bb253f1c847668fe5069647ed9f1e - - default default] GET http://cinder-api.openstack.svc.cluster.local:8776/v3/534bb253f1c847668fe5069647ed9f1e/os-quota-sets/6c2f2ea31f504af3a99f68b9a2bdf0ae?usage=true
2026-04-21 18:18:13.750 8 INFO cinder.api.openstack.wsgi [None req-40bf41c3-fdea-4b5e-9d39-6f2d4a4c9c7d 335d0c3471b04450a8ee9042d1229672 534bb253f1c847668fe5069647ed9f1e - - default default] http://cinder-api.openstack.svc.cluster.local:8776/v3/534bb253f1c847668fe5069647ed9f1e/os-quota-sets/6c2f2ea31f504af3a99f68b9a2bdf0ae?usage=true returned with HTTP 200 [pid: 8|app: 0|req: 343/684] 10.0.0.136 () {28 vars in 736 bytes} [Tue Apr 21 18:18:13 2026] GET /v3/534bb253f1c847668fe5069647ed9f1e/os-quota-sets/6c2f2ea31f504af3a99f68b9a2bdf0ae?usage=true => generated 847 bytes in 34 msecs (HTTP/1.1 200) 7 headers in 285 bytes (1 switches on core 0)
2026-04-21 18:18:13.763 7 INFO cinder.api.openstack.wsgi [None req-c57eabe9-6dca-4f1b-a200-cc5735ebae2b 335d0c3471b04450a8ee9042d1229672 534bb253f1c847668fe5069647ed9f1e - - default default] GET http://cinder-api.openstack.svc.cluster.local:8776/v3/534bb253f1c847668fe5069647ed9f1e/os-quota-sets/a810868ce7a54df7b1a274b6c5a1e0c8?usage=true
2026-04-21 18:18:13.781 7 INFO cinder.api.openstack.wsgi [None req-c57eabe9-6dca-4f1b-a200-cc5735ebae2b 335d0c3471b04450a8ee9042d1229672 534bb253f1c847668fe5069647ed9f1e - - default default] http://cinder-api.openstack.svc.cluster.local:8776/v3/534bb253f1c847668fe5069647ed9f1e/os-quota-sets/a810868ce7a54df7b1a274b6c5a1e0c8?usage=true returned with HTTP 200 [pid: 7|app: 0|req: 342/685] 10.0.0.136 () {28 vars in 736 bytes} [Tue Apr 21 18:18:13 2026] GET /v3/534bb253f1c847668fe5069647ed9f1e/os-quota-sets/a810868ce7a54df7b1a274b6c5a1e0c8?usage=true => generated 847 bytes in 28 msecs (HTTP/1.1 200) 7 headers in 285 bytes (1 switches on core 0)
2026-04-21 18:18:13.791 8 INFO cinder.api.openstack.wsgi [None req-184541dd-d319-4096-b0df-a3b601657444 335d0c3471b04450a8ee9042d1229672 534bb253f1c847668fe5069647ed9f1e - - default default] GET http://cinder-api.openstack.svc.cluster.local:8776/v3/534bb253f1c847668fe5069647ed9f1e/os-quota-sets/af0bdbebf1ed4d008ae4c45625a195ac?usage=true
2026-04-21 18:18:13.817 8 INFO cinder.api.openstack.wsgi [None req-184541dd-d319-4096-b0df-a3b601657444 335d0c3471b04450a8ee9042d1229672 534bb253f1c847668fe5069647ed9f1e - - default default] http://cinder-api.openstack.svc.cluster.local:8776/v3/534bb253f1c847668fe5069647ed9f1e/os-quota-sets/af0bdbebf1ed4d008ae4c45625a195ac?usage=true returned with HTTP 200 [pid: 8|app: 0|req: 344/686] 10.0.0.136 () {28 vars in 736 bytes} [Tue Apr 21 18:18:13 2026] GET /v3/534bb253f1c847668fe5069647ed9f1e/os-quota-sets/af0bdbebf1ed4d008ae4c45625a195ac?usage=true => generated 847 bytes in 33 msecs (HTTP/1.1 200) 7 headers in 285 bytes (1 switches on core 0)
2026-04-21 18:18:13.830 7 INFO cinder.api.openstack.wsgi [None req-82e0cd92-cff8-4da5-a01e-7f4b167b68ad 335d0c3471b04450a8ee9042d1229672 534bb253f1c847668fe5069647ed9f1e - - default default] GET http://cinder-api.openstack.svc.cluster.local:8776/v3/534bb253f1c847668fe5069647ed9f1e/scheduler-stats/get_pools?detail=true
2026-04-21 18:18:13.844 7 INFO cinder.api.openstack.wsgi [None req-82e0cd92-cff8-4da5-a01e-7f4b167b68ad 335d0c3471b04450a8ee9042d1229672 534bb253f1c847668fe5069647ed9f1e - - default default] http://cinder-api.openstack.svc.cluster.local:8776/v3/534bb253f1c847668fe5069647ed9f1e/scheduler-stats/get_pools?detail=true returned with HTTP 200 [pid: 7|app: 0|req: 343/687] 10.0.0.136 () {28 vars in 696 bytes} [Tue Apr 21 18:18:13 2026] GET /v3/534bb253f1c847668fe5069647ed9f1e/scheduler-stats/get_pools?detail=true => generated 670 bytes in 25 msecs (HTTP/1.1 200) 7 headers in 285 bytes (1 switches on core 0)
2026-04-21 18:18:13.855 8 INFO cinder.api.openstack.wsgi [None req-d919b4ef-a06b-4dc0-a0fb-c95d50b6ff8a 335d0c3471b04450a8ee9042d1229672 534bb253f1c847668fe5069647ed9f1e - - default default] GET http://cinder-api.openstack.svc.cluster.local:8776/v3/534bb253f1c847668fe5069647ed9f1e/snapshots?all_tenants=true
2026-04-21 18:18:13.866 8 INFO cinder.volume.api [None req-d919b4ef-a06b-4dc0-a0fb-c95d50b6ff8a 335d0c3471b04450a8ee9042d1229672 534bb253f1c847668fe5069647ed9f1e - - default default] Get all snapshots completed successfully.
2026-04-21 18:18:13.866 8 INFO cinder.api.openstack.wsgi [None req-d919b4ef-a06b-4dc0-a0fb-c95d50b6ff8a 335d0c3471b04450a8ee9042d1229672 534bb253f1c847668fe5069647ed9f1e - - default default] http://cinder-api.openstack.svc.cluster.local:8776/v3/534bb253f1c847668fe5069647ed9f1e/snapshots?all_tenants=true returned with HTTP 200 [pid: 8|app: 0|req: 345/688] 10.0.0.136 () {28 vars in 674 bytes} [Tue Apr 21 18:18:13 2026] GET /v3/534bb253f1c847668fe5069647ed9f1e/snapshots?all_tenants=true => generated 17 bytes in 19 msecs (HTTP/1.1 200) 7 headers in 284 bytes (1 switches on core 0)
2026-04-21 18:18:13.877 7 INFO cinder.api.openstack.wsgi [None req-213375be-bcec-4c40-bd8e-eeba9af76d80 335d0c3471b04450a8ee9042d1229672 534bb253f1c847668fe5069647ed9f1e - - default default] GET http://cinder-api.openstack.svc.cluster.local:8776/v3/534bb253f1c847668fe5069647ed9f1e/os-services
2026-04-21 18:18:13.883 7 INFO cinder.api.openstack.wsgi [None req-213375be-bcec-4c40-bd8e-eeba9af76d80 335d0c3471b04450a8ee9042d1229672 534bb253f1c847668fe5069647ed9f1e - - default default] http://cinder-api.openstack.svc.cluster.local:8776/v3/534bb253f1c847668fe5069647ed9f1e/os-services returned with HTTP 200 [pid: 7|app: 0|req: 344/689] 10.0.0.136 () {28 vars in 645 bytes} [Tue Apr 21 18:18:13 2026] GET /v3/534bb253f1c847668fe5069647ed9f1e/os-services => generated 646 bytes in 12 msecs (HTTP/1.1 200) 7 headers in 285 bytes (1 switches on core 0)
2026-04-21 18:18:13.894 8 INFO cinder.api.openstack.wsgi [None req-ec978b74-5499-4c2d-8b96-3f016ec5e8fe 335d0c3471b04450a8ee9042d1229672 534bb253f1c847668fe5069647ed9f1e - - default default] GET http://cinder-api.openstack.svc.cluster.local:8776/v3/534bb253f1c847668fe5069647ed9f1e/volumes/detail?all_tenants=true
2026-04-21 18:18:13.905 8 INFO cinder.volume.api [None req-ec978b74-5499-4c2d-8b96-3f016ec5e8fe 335d0c3471b04450a8ee9042d1229672 534bb253f1c847668fe5069647ed9f1e - - default default] Get all volumes completed successfully.
2026-04-21 18:18:13.908 8 INFO cinder.api.openstack.wsgi [None req-ec978b74-5499-4c2d-8b96-3f016ec5e8fe 335d0c3471b04450a8ee9042d1229672 534bb253f1c847668fe5069647ed9f1e - - default default] http://cinder-api.openstack.svc.cluster.local:8776/v3/534bb253f1c847668fe5069647ed9f1e/volumes/detail?all_tenants=true returned with HTTP 200 [pid: 8|app: 0|req: 346/690] 10.0.0.136 () {28 vars in 684 bytes} [Tue Apr 21 18:18:13 2026] GET /v3/534bb253f1c847668fe5069647ed9f1e/volumes/detail?all_tenants=true => generated 15 bytes in 22 msecs (HTTP/1.1 200) 7 headers in 284 bytes (1 switches on core 0)
2026-04-21 18:18:17.951 7 INFO cinder.api.openstack.wsgi [None req-213375be-bcec-4c40-bd8e-eeba9af76d80 335d0c3471b04450a8ee9042d1229672 534bb253f1c847668fe5069647ed9f1e - - default default] GET http://10.0.0.122:8776/
2026-04-21 18:18:17.951 8 INFO cinder.api.openstack.wsgi [None req-ec978b74-5499-4c2d-8b96-3f016ec5e8fe 335d0c3471b04450a8ee9042d1229672 534bb253f1c847668fe5069647ed9f1e - - default default] GET http://10.0.0.122:8776/
2026-04-21 18:18:17.952 7 INFO cinder.api.openstack.wsgi [None req-213375be-bcec-4c40-bd8e-eeba9af76d80 335d0c3471b04450a8ee9042d1229672 534bb253f1c847668fe5069647ed9f1e - - default default] http://10.0.0.122:8776/ returned with HTTP 300
2026-04-21 18:18:17.952 8 INFO cinder.api.openstack.wsgi [None req-ec978b74-5499-4c2d-8b96-3f016ec5e8fe 335d0c3471b04450a8ee9042d1229672 534bb253f1c847668fe5069647ed9f1e - - default default] http://10.0.0.122:8776/ returned with HTTP 300
2026-04-21 18:18:27.948 8 INFO cinder.api.openstack.wsgi [None req-ec978b74-5499-4c2d-8b96-3f016ec5e8fe 335d0c3471b04450a8ee9042d1229672 534bb253f1c847668fe5069647ed9f1e - - default default] GET http://10.0.0.122:8776/
2026-04-21 18:18:27.948 7 INFO cinder.api.openstack.wsgi [None req-213375be-bcec-4c40-bd8e-eeba9af76d80 335d0c3471b04450a8ee9042d1229672 534bb253f1c847668fe5069647ed9f1e - - default default] GET http://10.0.0.122:8776/
2026-04-21 18:18:27.949 7 INFO cinder.api.openstack.wsgi [None req-213375be-bcec-4c40-bd8e-eeba9af76d80 335d0c3471b04450a8ee9042d1229672 534bb253f1c847668fe5069647ed9f1e - - default default] http://10.0.0.122:8776/ returned with HTTP 300
2026-04-21 18:18:27.949 8 INFO cinder.api.openstack.wsgi [None req-ec978b74-5499-4c2d-8b96-3f016ec5e8fe 335d0c3471b04450a8ee9042d1229672 534bb253f1c847668fe5069647ed9f1e - - default default] http://10.0.0.122:8776/ returned with HTTP 300
2026-04-21 18:18:32.877 7 INFO cinder.api.openstack.wsgi [None req-213375be-bcec-4c40-bd8e-eeba9af76d80 335d0c3471b04450a8ee9042d1229672 534bb253f1c847668fe5069647ed9f1e - - default default] GET http://cinder-api.openstack.svc.cluster.local:8776/
2026-04-21 18:18:32.878 7 INFO cinder.api.openstack.wsgi [None req-213375be-bcec-4c40-bd8e-eeba9af76d80 335d0c3471b04450a8ee9042d1229672 534bb253f1c847668fe5069647ed9f1e - - default default] http://cinder-api.openstack.svc.cluster.local:8776/ returned with HTTP 300 [pid: 7|app: 0|req: 347/695] 10.0.0.198 () {30 vars in 411 bytes} [Tue Apr 21 18:18:32 2026] GET / => generated 411 bytes in 2 msecs (HTTP/1.1 300) 5 headers in 169 bytes (1 switches on core 0)
2026-04-21 18:18:33.548 8 INFO cinder.api.openstack.wsgi [None req-ec978b74-5499-4c2d-8b96-3f016ec5e8fe 335d0c3471b04450a8ee9042d1229672 534bb253f1c847668fe5069647ed9f1e - - default default] GET http://cinder-api.openstack.svc.cluster.local:8776/
2026-04-21 18:18:33.550 8 INFO cinder.api.openstack.wsgi [None req-ec978b74-5499-4c2d-8b96-3f016ec5e8fe 335d0c3471b04450a8ee9042d1229672 534bb253f1c847668fe5069647ed9f1e - - default default] http://cinder-api.openstack.svc.cluster.local:8776/ returned with HTTP 300 [pid: 8|app: 0|req: 349/696] 10.0.0.106 () {28 vars in 376 bytes} [Tue Apr 21 18:18:33 2026] GET / => generated 411 bytes in 4 msecs (HTTP/1.1 300) 5 headers in 169 bytes (1 switches on core 0)
2026-04-21 18:18:33.566 7 INFO cinder.api.openstack.wsgi [None req-e355db17-aca4-46e8-ab11-edc96812158d cbfb5780ef684e5582f52961908f0720 794403f1bddd4a25a63e12f17bab8265 - - default default] GET http://cinder-api.openstack.svc.cluster.local:8776/v3/794403f1bddd4a25a63e12f17bab8265/limits?tenant_id=794403f1bddd4a25a63e12f17bab8265
2026-04-21 18:18:33.608 7 INFO cinder.api.openstack.wsgi [None req-e355db17-aca4-46e8-ab11-edc96812158d cbfb5780ef684e5582f52961908f0720 794403f1bddd4a25a63e12f17bab8265 - - default default] http://cinder-api.openstack.svc.cluster.local:8776/v3/794403f1bddd4a25a63e12f17bab8265/limits?tenant_id=794403f1bddd4a25a63e12f17bab8265 returned with HTTP 200 [pid: 7|app: 0|req: 348/697] 10.0.0.106 () {34 vars in 879 bytes} [Tue Apr 21 18:18:33 2026] GET /v3/794403f1bddd4a25a63e12f17bab8265/limits?tenant_id=794403f1bddd4a25a63e12f17bab8265 => generated 302 bytes in 51 msecs (HTTP/1.1 200) 7 headers in 286 bytes (1 switches on core 0)
2026-04-21 18:18:35.439 8 INFO cinder.api.openstack.wsgi [None req-ec978b74-5499-4c2d-8b96-3f016ec5e8fe 335d0c3471b04450a8ee9042d1229672 534bb253f1c847668fe5069647ed9f1e - - default default] GET http://cinder-api.openstack.svc.cluster.local:8776/
2026-04-21 18:18:35.442 8 INFO cinder.api.openstack.wsgi [None req-ec978b74-5499-4c2d-8b96-3f016ec5e8fe 335d0c3471b04450a8ee9042d1229672 534bb253f1c847668fe5069647ed9f1e - - default default] http://cinder-api.openstack.svc.cluster.local:8776/ returned with HTTP 300 [pid: 8|app: 0|req: 350/698] 10.0.0.106 () {28 vars in 376 bytes} [Tue Apr 21 18:18:35 2026] GET / => generated 411 bytes in 4 msecs (HTTP/1.1 300) 5 headers in 169 bytes (1 switches on core 0)
2026-04-21 18:18:35.450 7 INFO cinder.api.openstack.wsgi [None req-e355db17-aca4-46e8-ab11-edc96812158d cbfb5780ef684e5582f52961908f0720 794403f1bddd4a25a63e12f17bab8265 - - default default] GET http://cinder-api.openstack.svc.cluster.local:8776/
2026-04-21 18:18:35.451 7 INFO cinder.api.openstack.wsgi [None req-e355db17-aca4-46e8-ab11-edc96812158d cbfb5780ef684e5582f52961908f0720 794403f1bddd4a25a63e12f17bab8265 - - default default] http://cinder-api.openstack.svc.cluster.local:8776/ returned with HTTP 300 [pid: 7|app: 0|req: 349/699] 10.0.0.106 () {28 vars in 376 bytes} [Tue Apr 21 18:18:35 2026] GET / => generated 411 bytes in 4 msecs (HTTP/1.1 300) 5 headers in 169 bytes (1 switches on core 0)
2026-04-21 18:18:36.323 8 INFO cinder.api.openstack.wsgi [None req-ec978b74-5499-4c2d-8b96-3f016ec5e8fe 335d0c3471b04450a8ee9042d1229672 534bb253f1c847668fe5069647ed9f1e - - default default] GET http://cinder-api.openstack.svc.cluster.local:8776/
2026-04-21 18:18:36.324 8 INFO cinder.api.openstack.wsgi [None req-ec978b74-5499-4c2d-8b96-3f016ec5e8fe 335d0c3471b04450a8ee9042d1229672 534bb253f1c847668fe5069647ed9f1e - - default default] http://cinder-api.openstack.svc.cluster.local:8776/ returned with HTTP 300 [pid: 8|app: 0|req: 351/700] 10.0.0.106 () {28 vars in 376 bytes} [Tue Apr 21 18:18:36 2026] GET / => generated 411 bytes in 3 msecs (HTTP/1.1 300) 5 headers in 169 bytes (1 switches on core 0)
2026-04-21 18:18:36.342 7 INFO cinder.api.openstack.wsgi [None req-39d682d0-3fb7-4dde-b424-9619f439f327 cbfb5780ef684e5582f52961908f0720 794403f1bddd4a25a63e12f17bab8265 - - default default] GET http://cinder-api.openstack.svc.cluster.local:8776/v3/794403f1bddd4a25a63e12f17bab8265/limits?tenant_id=794403f1bddd4a25a63e12f17bab8265
2026-04-21 18:18:36.392 7 INFO cinder.api.openstack.wsgi [None req-39d682d0-3fb7-4dde-b424-9619f439f327 cbfb5780ef684e5582f52961908f0720 794403f1bddd4a25a63e12f17bab8265 - - default default] http://cinder-api.openstack.svc.cluster.local:8776/v3/794403f1bddd4a25a63e12f17bab8265/limits?tenant_id=794403f1bddd4a25a63e12f17bab8265 returned with HTTP 200 [pid: 7|app: 0|req: 350/701] 10.0.0.106 () {34 vars in 879 bytes} [Tue Apr 21 18:18:36 2026] GET /v3/794403f1bddd4a25a63e12f17bab8265/limits?tenant_id=794403f1bddd4a25a63e12f17bab8265 => generated 302 bytes in 60 msecs (HTTP/1.1 200) 7 headers in 286 bytes (1 switches on core 0)
2026-04-21 18:18:37.948 8 INFO cinder.api.openstack.wsgi [None req-ec978b74-5499-4c2d-8b96-3f016ec5e8fe 335d0c3471b04450a8ee9042d1229672 534bb253f1c847668fe5069647ed9f1e - - default default] GET http://10.0.0.122:8776/
2026-04-21 18:18:37.949 8 INFO cinder.api.openstack.wsgi [None req-ec978b74-5499-4c2d-8b96-3f016ec5e8fe 335d0c3471b04450a8ee9042d1229672 534bb253f1c847668fe5069647ed9f1e - - default default] http://10.0.0.122:8776/ returned with HTTP 300
2026-04-21 18:18:37.949 7 INFO cinder.api.openstack.wsgi [None req-39d682d0-3fb7-4dde-b424-9619f439f327 cbfb5780ef684e5582f52961908f0720 794403f1bddd4a25a63e12f17bab8265 - - default default] GET http://10.0.0.122:8776/
2026-04-21 18:18:37.955 7 INFO cinder.api.openstack.wsgi [None req-39d682d0-3fb7-4dde-b424-9619f439f327 cbfb5780ef684e5582f52961908f0720 794403f1bddd4a25a63e12f17bab8265 - - default default] http://10.0.0.122:8776/ returned with HTTP 300
2026-04-21 18:18:38.231 8 INFO cinder.api.openstack.wsgi [None req-ec978b74-5499-4c2d-8b96-3f016ec5e8fe 335d0c3471b04450a8ee9042d1229672 534bb253f1c847668fe5069647ed9f1e - - default default] GET http://cinder-api.openstack.svc.cluster.local:8776/
2026-04-21 18:18:38.233 8 INFO cinder.api.openstack.wsgi [None req-ec978b74-5499-4c2d-8b96-3f016ec5e8fe 335d0c3471b04450a8ee9042d1229672 534bb253f1c847668fe5069647ed9f1e - - default default] http://cinder-api.openstack.svc.cluster.local:8776/ returned with HTTP 300 [pid: 8|app: 0|req: 353/704] 10.0.0.106 () {28 vars in 376 bytes} [Tue Apr 21 18:18:38 2026] GET / => generated 411 bytes in 3 msecs (HTTP/1.1 300) 5 headers in 169 bytes (1 switches on core 0)
2026-04-21 18:18:38.242 7 INFO cinder.api.openstack.wsgi [None req-39d682d0-3fb7-4dde-b424-9619f439f327 cbfb5780ef684e5582f52961908f0720 794403f1bddd4a25a63e12f17bab8265 - - default default] GET http://cinder-api.openstack.svc.cluster.local:8776/
2026-04-21 18:18:38.243 7 INFO cinder.api.openstack.wsgi [None req-39d682d0-3fb7-4dde-b424-9619f439f327 cbfb5780ef684e5582f52961908f0720 794403f1bddd4a25a63e12f17bab8265 - - default default] http://cinder-api.openstack.svc.cluster.local:8776/ returned with HTTP 300 [pid: 7|app: 0|req: 352/705] 10.0.0.106 () {28 vars in 376 bytes} [Tue Apr 21 18:18:38 2026] GET / => generated 411 bytes in 2 msecs (HTTP/1.1 300) 5 headers in 169 bytes (1 switches on core 0)
2026-04-21 18:18:47.949 7 INFO cinder.api.openstack.wsgi [None req-39d682d0-3fb7-4dde-b424-9619f439f327 cbfb5780ef684e5582f52961908f0720 794403f1bddd4a25a63e12f17bab8265 - - default default] GET http://10.0.0.122:8776/
2026-04-21 18:18:47.949 8 INFO cinder.api.openstack.wsgi [None req-ec978b74-5499-4c2d-8b96-3f016ec5e8fe 335d0c3471b04450a8ee9042d1229672 534bb253f1c847668fe5069647ed9f1e - - default default] GET http://10.0.0.122:8776/
2026-04-21 18:18:47.951 7 INFO cinder.api.openstack.wsgi [None req-39d682d0-3fb7-4dde-b424-9619f439f327 cbfb5780ef684e5582f52961908f0720 794403f1bddd4a25a63e12f17bab8265 - - default default] http://10.0.0.122:8776/ returned with HTTP 300
2026-04-21 18:18:47.951 8 INFO cinder.api.openstack.wsgi [None req-ec978b74-5499-4c2d-8b96-3f016ec5e8fe 335d0c3471b04450a8ee9042d1229672 534bb253f1c847668fe5069647ed9f1e - - default default] http://10.0.0.122:8776/ returned with HTTP 300
2026-04-21 18:18:57.948 7 INFO cinder.api.openstack.wsgi [None req-39d682d0-3fb7-4dde-b424-9619f439f327 cbfb5780ef684e5582f52961908f0720 794403f1bddd4a25a63e12f17bab8265 - - default default] GET http://10.0.0.122:8776/
2026-04-21 18:18:57.948 8 INFO cinder.api.openstack.wsgi [None req-ec978b74-5499-4c2d-8b96-3f016ec5e8fe 335d0c3471b04450a8ee9042d1229672 534bb253f1c847668fe5069647ed9f1e - - default default] GET http://10.0.0.122:8776/
2026-04-21 18:18:57.949 7 INFO cinder.api.openstack.wsgi [None req-39d682d0-3fb7-4dde-b424-9619f439f327 cbfb5780ef684e5582f52961908f0720 794403f1bddd4a25a63e12f17bab8265 - - default default] http://10.0.0.122:8776/ returned with HTTP 300
2026-04-21 18:18:57.950 8 INFO cinder.api.openstack.wsgi [None req-ec978b74-5499-4c2d-8b96-3f016ec5e8fe 335d0c3471b04450a8ee9042d1229672 534bb253f1c847668fe5069647ed9f1e - - default default] http://10.0.0.122:8776/ returned with HTTP 300
2026-04-21 18:19:07.949 7 INFO cinder.api.openstack.wsgi [None req-39d682d0-3fb7-4dde-b424-9619f439f327 cbfb5780ef684e5582f52961908f0720 794403f1bddd4a25a63e12f17bab8265 - - default default] GET http://10.0.0.122:8776/
2026-04-21 18:19:07.949 8 INFO cinder.api.openstack.wsgi [None req-ec978b74-5499-4c2d-8b96-3f016ec5e8fe 335d0c3471b04450a8ee9042d1229672 534bb253f1c847668fe5069647ed9f1e - - default default] GET http://10.0.0.122:8776/
2026-04-21 18:19:07.950 8 INFO cinder.api.openstack.wsgi [None req-ec978b74-5499-4c2d-8b96-3f016ec5e8fe 335d0c3471b04450a8ee9042d1229672 534bb253f1c847668fe5069647ed9f1e - - default default] http://10.0.0.122:8776/ returned with HTTP 300
2026-04-21 18:19:07.951 7 INFO cinder.api.openstack.wsgi [None req-39d682d0-3fb7-4dde-b424-9619f439f327 cbfb5780ef684e5582f52961908f0720 794403f1bddd4a25a63e12f17bab8265 - - default default] http://10.0.0.122:8776/ returned with HTTP 300
2026-04-21 18:19:13.560 8 INFO cinder.api.openstack.wsgi [None req-bdae56b1-a721-4133-b49d-6d2d5a9ec236 335d0c3471b04450a8ee9042d1229672 534bb253f1c847668fe5069647ed9f1e - - default default] GET http://cinder-api.openstack.svc.cluster.local:8776/v3/534bb253f1c847668fe5069647ed9f1e/os-services
2026-04-21 18:19:13.567 8 INFO cinder.api.openstack.wsgi [None req-bdae56b1-a721-4133-b49d-6d2d5a9ec236 335d0c3471b04450a8ee9042d1229672 534bb253f1c847668fe5069647ed9f1e - - default default] http://cinder-api.openstack.svc.cluster.local:8776/v3/534bb253f1c847668fe5069647ed9f1e/os-services returned with HTTP 200 [pid: 8|app: 0|req: 357/712] 10.0.0.136 () {28 vars in 645 bytes} [Tue Apr 21 18:19:13 2026] GET /v3/534bb253f1c847668fe5069647ed9f1e/os-services => generated 646 bytes in 145 msecs (HTTP/1.1 200) 7 headers in 285 bytes (1 switches on core 0)
2026-04-21 18:19:13.578 7 INFO cinder.api.openstack.wsgi [None req-28747913-1f92-4f06-8efd-40b3edd9e7b9 335d0c3471b04450a8ee9042d1229672 534bb253f1c847668fe5069647ed9f1e - - default default] GET http://cinder-api.openstack.svc.cluster.local:8776/v3/534bb253f1c847668fe5069647ed9f1e/scheduler-stats/get_pools?detail=true
2026-04-21 18:19:13.593 7 INFO cinder.api.openstack.wsgi [None req-28747913-1f92-4f06-8efd-40b3edd9e7b9 335d0c3471b04450a8ee9042d1229672 534bb253f1c847668fe5069647ed9f1e - - default default] http://cinder-api.openstack.svc.cluster.local:8776/v3/534bb253f1c847668fe5069647ed9f1e/scheduler-stats/get_pools?detail=true returned with HTTP 200 [pid: 7|app: 0|req: 356/713] 10.0.0.136 () {28 vars in 696 bytes} [Tue Apr 21 18:19:13 2026] GET /v3/534bb253f1c847668fe5069647ed9f1e/scheduler-stats/get_pools?detail=true => generated 670 bytes in 22 msecs (HTTP/1.1 200) 7 headers in 285 bytes (1 switches on core 0)
2026-04-21 18:19:13.604 8 INFO cinder.api.openstack.wsgi [None req-e93f50db-e433-4fd2-a27f-059208ec7fc6 335d0c3471b04450a8ee9042d1229672 534bb253f1c847668fe5069647ed9f1e - - default default] GET http://cinder-api.openstack.svc.cluster.local:8776/v3/534bb253f1c847668fe5069647ed9f1e/volumes/detail?all_tenants=true
2026-04-21 18:19:13.616 8 INFO cinder.volume.api [None req-e93f50db-e433-4fd2-a27f-059208ec7fc6 335d0c3471b04450a8ee9042d1229672 534bb253f1c847668fe5069647ed9f1e - - default default] Get all volumes completed successfully.
2026-04-21 18:19:13.619 8 INFO cinder.api.openstack.wsgi [None req-e93f50db-e433-4fd2-a27f-059208ec7fc6 335d0c3471b04450a8ee9042d1229672 534bb253f1c847668fe5069647ed9f1e - - default default] http://cinder-api.openstack.svc.cluster.local:8776/v3/534bb253f1c847668fe5069647ed9f1e/volumes/detail?all_tenants=true returned with HTTP 200 [pid: 8|app: 0|req: 358/714] 10.0.0.136 () {28 vars in 684 bytes} [Tue Apr 21 18:19:13 2026] GET /v3/534bb253f1c847668fe5069647ed9f1e/volumes/detail?all_tenants=true => generated 15 bytes in 22 msecs (HTTP/1.1 200) 7 headers in 284 bytes (1 switches on core 0)
2026-04-21 18:19:13.628 7 INFO cinder.api.openstack.wsgi [None req-1fb765c4-fcfe-40fe-955d-e3c131f12661 335d0c3471b04450a8ee9042d1229672 534bb253f1c847668fe5069647ed9f1e - - default default] GET http://cinder-api.openstack.svc.cluster.local:8776/v3/534bb253f1c847668fe5069647ed9f1e/volumes/detail?all_tenants=true
2026-04-21 18:19:13.641 7 INFO cinder.volume.api [None req-1fb765c4-fcfe-40fe-955d-e3c131f12661 335d0c3471b04450a8ee9042d1229672 534bb253f1c847668fe5069647ed9f1e - - default default] Get all volumes completed successfully.
2026-04-21 18:19:13.648 7 INFO cinder.api.openstack.wsgi [None req-1fb765c4-fcfe-40fe-955d-e3c131f12661 335d0c3471b04450a8ee9042d1229672 534bb253f1c847668fe5069647ed9f1e - - default default] http://cinder-api.openstack.svc.cluster.local:8776/v3/534bb253f1c847668fe5069647ed9f1e/volumes/detail?all_tenants=true returned with HTTP 200 [pid: 7|app: 0|req: 357/715] 10.0.0.136 () {28 vars in 684 bytes} [Tue Apr 21 18:19:13 2026] GET /v3/534bb253f1c847668fe5069647ed9f1e/volumes/detail?all_tenants=true => generated 15 bytes in 29 msecs (HTTP/1.1 200) 7 headers in 284 bytes (1 switches on core 0)
2026-04-21 18:19:13.709 8 INFO cinder.api.openstack.wsgi [None req-1734fdc4-0ca0-4265-8f77-02524b20c7b7 335d0c3471b04450a8ee9042d1229672 534bb253f1c847668fe5069647ed9f1e - - default default] GET http://cinder-api.openstack.svc.cluster.local:8776/v3/534bb253f1c847668fe5069647ed9f1e/os-quota-sets/15e7f7d3ccfd4bd6b9018472e7355422?usage=true
2026-04-21 18:19:13.734 8 INFO cinder.api.openstack.wsgi [None req-1734fdc4-0ca0-4265-8f77-02524b20c7b7 335d0c3471b04450a8ee9042d1229672 534bb253f1c847668fe5069647ed9f1e - - default default] http://cinder-api.openstack.svc.cluster.local:8776/v3/534bb253f1c847668fe5069647ed9f1e/os-quota-sets/15e7f7d3ccfd4bd6b9018472e7355422?usage=true returned with HTTP 200 [pid: 8|app: 0|req: 359/716] 10.0.0.136 () {28 vars in 736 bytes} [Tue Apr 21 18:19:13 2026] GET /v3/534bb253f1c847668fe5069647ed9f1e/os-quota-sets/15e7f7d3ccfd4bd6b9018472e7355422?usage=true => generated 847 bytes in 39 msecs (HTTP/1.1 200) 7 headers in 285 bytes (1 switches on core 0)
2026-04-21 18:19:13.749 7 INFO cinder.api.openstack.wsgi [None req-dfa56fb9-1267-4c1a-b955-ae3615550e77 335d0c3471b04450a8ee9042d1229672 534bb253f1c847668fe5069647ed9f1e - - default default] GET http://cinder-api.openstack.svc.cluster.local:8776/v3/534bb253f1c847668fe5069647ed9f1e/os-quota-sets/395b5c83474b4f739484172ec7063606?usage=true
2026-04-21 18:19:13.769 7 INFO cinder.api.openstack.wsgi [None req-dfa56fb9-1267-4c1a-b955-ae3615550e77 335d0c3471b04450a8ee9042d1229672 534bb253f1c847668fe5069647ed9f1e - - default default] http://cinder-api.openstack.svc.cluster.local:8776/v3/534bb253f1c847668fe5069647ed9f1e/os-quota-sets/395b5c83474b4f739484172ec7063606?usage=true returned with HTTP 200 [pid: 7|app: 0|req: 358/717] 10.0.0.136 () {28 vars in 736 bytes} [Tue Apr 21 18:19:13 2026] GET /v3/534bb253f1c847668fe5069647ed9f1e/os-quota-sets/395b5c83474b4f739484172ec7063606?usage=true => generated 847 bytes in 32 msecs (HTTP/1.1 200) 7 headers in 285 bytes (1 switches on core 0)
2026-04-21 18:19:13.780 8 INFO cinder.api.openstack.wsgi [None req-f342a5c4-d532-47b4-831c-2627446df4df 335d0c3471b04450a8ee9042d1229672 534bb253f1c847668fe5069647ed9f1e - - default default] GET http://cinder-api.openstack.svc.cluster.local:8776/v3/534bb253f1c847668fe5069647ed9f1e/os-quota-sets/534bb253f1c847668fe5069647ed9f1e?usage=true
2026-04-21 18:19:13.803 8 INFO cinder.api.openstack.wsgi [None req-f342a5c4-d532-47b4-831c-2627446df4df 335d0c3471b04450a8ee9042d1229672 534bb253f1c847668fe5069647ed9f1e - - default default] http://cinder-api.openstack.svc.cluster.local:8776/v3/534bb253f1c847668fe5069647ed9f1e/os-quota-sets/534bb253f1c847668fe5069647ed9f1e?usage=true returned with HTTP 200 [pid: 8|app: 0|req: 360/718] 10.0.0.136 () {28 vars in 736 bytes} [Tue Apr 21 18:19:13 2026] GET /v3/534bb253f1c847668fe5069647ed9f1e/os-quota-sets/534bb253f1c847668fe5069647ed9f1e?usage=true => generated 845 bytes in 30 msecs (HTTP/1.1 200) 7 headers in 285 bytes (1 switches on core 0)
2026-04-21 18:19:13.818 7 INFO cinder.api.openstack.wsgi [None req-3312de45-f7a5-4fbf-8881-6101109fdb8a 335d0c3471b04450a8ee9042d1229672 534bb253f1c847668fe5069647ed9f1e - - default default] GET http://cinder-api.openstack.svc.cluster.local:8776/v3/534bb253f1c847668fe5069647ed9f1e/os-quota-sets/676a8c555fa34417a07f7b68151c3fbf?usage=true
2026-04-21 18:19:13.855 7 INFO cinder.api.openstack.wsgi [None req-3312de45-f7a5-4fbf-8881-6101109fdb8a 335d0c3471b04450a8ee9042d1229672 534bb253f1c847668fe5069647ed9f1e - - default default] http://cinder-api.openstack.svc.cluster.local:8776/v3/534bb253f1c847668fe5069647ed9f1e/os-quota-sets/676a8c555fa34417a07f7b68151c3fbf?usage=true returned with HTTP 200 [pid: 7|app: 0|req: 359/719] 10.0.0.136 () {28 vars in 736 bytes} [Tue Apr 21 18:19:13 2026] GET /v3/534bb253f1c847668fe5069647ed9f1e/os-quota-sets/676a8c555fa34417a07f7b68151c3fbf?usage=true => generated 847 bytes in 48 msecs (HTTP/1.1 200) 7 headers in 285 bytes (1 switches on core 0)
2026-04-21 18:19:13.868 8 INFO cinder.api.openstack.wsgi [None req-6914267d-4d79-4ccf-be7e-c50f0ac247d1 335d0c3471b04450a8ee9042d1229672 534bb253f1c847668fe5069647ed9f1e - - default default] GET http://cinder-api.openstack.svc.cluster.local:8776/v3/534bb253f1c847668fe5069647ed9f1e/os-quota-sets/678127e3b3fd415ea1800b78d3dad404?usage=true
2026-04-21 18:19:13.903 8 INFO cinder.api.openstack.wsgi [None req-6914267d-4d79-4ccf-be7e-c50f0ac247d1 335d0c3471b04450a8ee9042d1229672 534bb253f1c847668fe5069647ed9f1e - - default default] http://cinder-api.openstack.svc.cluster.local:8776/v3/534bb253f1c847668fe5069647ed9f1e/os-quota-sets/678127e3b3fd415ea1800b78d3dad404?usage=true returned with HTTP 200 [pid: 8|app: 0|req: 361/720] 10.0.0.136 () {28 vars in 736 bytes} [Tue Apr 21 18:19:13 2026] GET /v3/534bb253f1c847668fe5069647ed9f1e/os-quota-sets/678127e3b3fd415ea1800b78d3dad404?usage=true => generated 845 bytes in 44 msecs (HTTP/1.1 200) 7 headers in 285 bytes (1 switches on core 0)
2026-04-21 18:19:13.917 7 INFO cinder.api.openstack.wsgi [None req-ffd484df-33bc-486f-b9af-2de16b843e0a 335d0c3471b04450a8ee9042d1229672 534bb253f1c847668fe5069647ed9f1e - - default default] GET http://cinder-api.openstack.svc.cluster.local:8776/v3/534bb253f1c847668fe5069647ed9f1e/os-quota-sets/6b877958389643f0a1cccc5fe5d57e57?usage=true
