2026-02-24 21:05:10.753 7 INFO neutron.db.ovn_revision_numbers_db [None req-1e0f26ec-12cf-49f7-9e69-61e1439767a8 e7e6a28eba1f427f8960dda2bb7a74b4 902a098259cd40d8832ff1ee29f685df - - default default] Successfully bumped revision number for resource c36753e1-234c-41ba-8f34-4ad5e66c66f0 (type: subnets) to 0 [pid: 7|app: 0|req: 640/1319] 10.0.0.155 () {34 vars in 669 bytes} [Tue Feb 24 21:05:09 2026] POST /v2.0/subnets => generated 1323 bytes in 872 msecs (HTTP/1.1 201) 4 headers in 163 bytes (1 switches on core 0)
2026-02-24 21:05:10.942 8 WARNING neutron.scheduler.dhcp_agent_scheduler [None req-df8c48da-f579-4d31-b057-b8da2f0af165 353fd3615dd54d44bacf7dd1ebff99c9 c28b101f9c6940af8074cc5b8db8cb7b - - default default] No more DHCP agents
2026-02-24 21:05:10.943 8 WARNING neutron.api.rpc.agentnotifiers.dhcp_rpc_agent_api [None req-df8c48da-f579-4d31-b057-b8da2f0af165 353fd3615dd54d44bacf7dd1ebff99c9 c28b101f9c6940af8074cc5b8db8cb7b - - default default] Unable to schedule network 307ccbaa-838a-4a08-8ba0-8b8e8225dde9: no agents available; will retry on subsequent port and subnet creation events. [pid: 7|app: 0|req: 641/1320] 162.253.55.195 () {34 vars in 1012 bytes} [Tue Feb 24 21:05:10 2026] GET /v2.0/networks/cdddd016-723f-4f6e-a7de-4f787700ebe1?fields=segments => generated 14 bytes in 159 msecs (HTTP/1.1 200) 4 headers in 156 bytes (1 switches on core 0) [pid: 7|app: 0|req: 642/1321] 10.0.0.155 () {32 vars in 647 bytes} [Tue Feb 24 21:05:10 2026] GET /v2.0/subnets => generated 1959 bytes in 83 msecs (HTTP/1.1 200) 4 headers in 158 bytes (1 switches on core 0) [pid: 7|app: 0|req: 643/1322] 10.0.0.241 () {34 vars in 990 bytes} [Tue Feb 24 21:05:11 2026] GET /v2.0/ports?device_id=734a8f5e-0ec8-4fdc-ac36-09ef5cd211b5 => generated 969 bytes in 80 msecs (HTTP/1.1 200) 4 headers in 157 bytes (1 switches on core 0) [pid: 7|app: 0|req: 644/1323] 162.253.55.195 () {34 vars in 1112 bytes} [Tue Feb 24 21:05:11 2026] GET /v2.0/networks/cdddd016-723f-4f6e-a7de-4f787700ebe1?fields=provider%3Aphysical_network&fields=provider%3Anetwork_type => generated 79 bytes in 91 msecs (HTTP/1.1 200) 4 headers in 156 bytes (1 switches on core 0)
2026-02-24 21:05:11.316 8 INFO neutron.db.ovn_revision_numbers_db [None req-df8c48da-f579-4d31-b057-b8da2f0af165 353fd3615dd54d44bacf7dd1ebff99c9 c28b101f9c6940af8074cc5b8db8cb7b - - default default] Successfully bumped revision number for resource e13ecce4-835f-4fd7-af0b-d70f50213f03 (type: router_ports) to 1 [pid: 8|app: 0|req: 680/1324] 10.0.0.155 () {34 vars in 783 bytes} [Tue Feb 24 21:05:09 2026] PUT /v2.0/routers/46350282-f7aa-43eb-b2b8-abde2b75df69/add_router_interface => generated 309 bytes in 1739 msecs (HTTP/1.1 200) 4 headers in 157 bytes (1 switches on core 0) [pid: 8|app: 0|req: 681/1325] 10.0.0.241 () {34 vars in 1040 bytes} [Tue Feb 24 21:05:11 2026] GET /v2.0/security-groups?id=2fb92e22-3ee3-4d6f-a7a9-96d37d3aa2d8&fields=id&fields=name => generated 113 bytes in 30 msecs (HTTP/1.1 200) 4 headers in 157 bytes (1 switches on core 0)
2026-02-24 21:05:11.477 7 INFO neutron.db.ovn_revision_numbers_db [None req-7b799962-5c34-4bc7-bdf5-f75b2991ad52 - - - - - -] Successfully bumped revision number for resource 56e4c2ae-c708-45a7-b322-83fe8604a08c (type: ports) to 4 [pid: 7|app: 0|req: 645/1326] 10.0.0.155 () {32 vars in 724 bytes} [Tue Feb 24 21:05:11 2026] DELETE /v2.0/subnets/0c892ba2-cba6-41b6-a315-e666366bcc7d => generated 0 bytes in 318 msecs (HTTP/1.1 204) 3 headers in 131 bytes (1 switches on core 0)
2026-02-24 21:05:11.681 8 INFO neutron.db.ovn_revision_numbers_db [None req-e5391de9-3a63-41ec-a17b-338a8cfef493 88b3f1a68b7d41579c49a3df07ae5316 064ed59a626048458465789d54281a94 - - default default] Successfully bumped revision number for resource 3f462cd3-887f-4400-b1c3-4dfba9840298 (type: security_groups) to 1
2026-02-24 21:05:11.698 8 INFO neutron.db.ovn_revision_numbers_db [None req-e5391de9-3a63-41ec-a17b-338a8cfef493 88b3f1a68b7d41579c49a3df07ae5316 064ed59a626048458465789d54281a94 - - default default] Successfully bumped revision number for resource 0cde889b-28d5-48ce-b03a-f57f7f6f2903 (type: security_group_rules) to 0
2026-02-24 21:05:11.710 8 INFO neutron.db.ovn_revision_numbers_db [None req-e5391de9-3a63-41ec-a17b-338a8cfef493 88b3f1a68b7d41579c49a3df07ae5316 064ed59a626048458465789d54281a94 - - default default] Successfully bumped revision number for resource 0f133d8f-6fd7-4fc0-a7b3-0109493df2da (type: security_group_rules) to 0
2026-02-24 21:05:11.727 8 INFO neutron.db.ovn_revision_numbers_db [None req-e5391de9-3a63-41ec-a17b-338a8cfef493 88b3f1a68b7d41579c49a3df07ae5316 064ed59a626048458465789d54281a94 - - default default] Successfully bumped revision number for resource a23be0e4-6bb1-4253-b94b-d04517e96012 (type: security_group_rules) to 0
2026-02-24 21:05:11.741 8 INFO neutron.db.ovn_revision_numbers_db [None req-e5391de9-3a63-41ec-a17b-338a8cfef493 88b3f1a68b7d41579c49a3df07ae5316 064ed59a626048458465789d54281a94 - - default default] Successfully bumped revision number for resource ddedfb4b-ac85-45a7-b45c-a388a95c47ce (type: security_group_rules) to 0 [pid: 8|app: 0|req: 682/1327] 10.0.0.155 () {32 vars in 774 bytes} [Tue Feb 24 21:05:11 2026] GET /v2.0/security-groups?tenant_id=672b6db8e3cb48e28efa8d8409d62b0f&name=default => generated 2925 bytes in 420 msecs (HTTP/1.1 200) 4 headers in 158 bytes (1 switches on core 0) [pid: 8|app: 0|req: 683/1328] 10.0.0.155 () {32 vars in 724 bytes} [Tue Feb 24 21:05:11 2026] DELETE /v2.0/subnets/c36753e1-234c-41ba-8f34-4ad5e66c66f0 => generated 0 bytes in 143 msecs (HTTP/1.1 204) 3 headers in 131 bytes (1 switches on core 0)
2026-02-24 21:05:12.177 7 INFO neutron.db.ovn_revision_numbers_db [None req-7b799962-5c34-4bc7-bdf5-f75b2991ad52 - - - - - -] Successfully bumped revision number for resource 56e4c2ae-c708-45a7-b322-83fe8604a08c (type: ports) to 5 [pid: 8|app: 0|req: 684/1329] 10.0.0.155 () {32 vars in 740 bytes} [Tue Feb 24 21:05:11 2026] DELETE /v2.0/security-groups/3f462cd3-887f-4400-b1c3-4dfba9840298 => generated 0 bytes in 274 msecs (HTTP/1.1 204) 2 headers in 112 bytes (1 switches on core 0) [pid: 8|app: 0|req: 685/1330] 10.0.0.155 () {32 vars in 647 bytes} [Tue Feb 24 21:05:12 2026] GET /v2.0/subnets => generated 649 bytes in 28 msecs (HTTP/1.1 200) 4 headers in 157 bytes (1 switches on core 0)
2026-02-24 21:05:12.374 8 INFO neutron_taas.services.taas.taas_plugin [None req-d1fec8f2-4018-4d98-9936-e056a8d8c51d e7e6a28eba1f427f8960dda2bb7a74b4 902a098259cd40d8832ff1ee29f685df - - default default] TaaS: Handle Delete Port: ba966569-734c-4f7f-ace8-76f34d792b23
2026-02-24 21:05:12.377 8 INFO neutron_taas.services.taas.tap_mirror_plugin [None req-d1fec8f2-4018-4d98-9936-e056a8d8c51d e7e6a28eba1f427f8960dda2bb7a74b4 902a098259cd40d8832ff1ee29f685df - - default default] Tap Mirror: Handle Delete Port: ba966569-734c-4f7f-ace8-76f34d792b23
2026-02-24 21:05:12.555 7 INFO neutron.plugins.ml2.drivers.ovn.mech_driver.mech_driver [None req-d0ff8f2f-6ff9-4a91-963a-ddcace36f2f1 - - - - - -] OVN reports status down for port: e13ecce4-835f-4fd7-af0b-d70f50213f03
2026-02-24 21:05:12.581 8 INFO neutron.services.segments.plugin [-] Segment 6f0f4ab6-f7ac-4ac2-83ad-3d8ad77b71eb resource provider aggregate not found
2026-02-24 21:05:12.586 8 INFO neutron.services.segments.plugin [-] Segment 6f0f4ab6-f7ac-4ac2-83ad-3d8ad77b71eb resource provider aggregate not found
2026-02-24 21:05:12.600 8 INFO neutron.services.segments.plugin [-] Segment 6f0f4ab6-f7ac-4ac2-83ad-3d8ad77b71eb resource provider not found; error: Placement Client Error (4xx): {"errors": [{"status": 404, "title": "Not Found", "detail": "The resource could not be found.\n\n No resource provider with uuid 6f0f4ab6-f7ac-4ac2-83ad-3d8ad77b71eb found for delete ", "request_id": "req-b469bff7-72a5-4928-ac57-c42956de650f"}]}
2026-02-24 21:05:12.605 8 INFO neutron.services.segments.plugin [-] Segment 6f0f4ab6-f7ac-4ac2-83ad-3d8ad77b71eb resource provider not found; error: Placement Client Error (4xx): {"errors": [{"status": 404, "title": "Not Found", "detail": "The resource could not be found.\n\n No resource provider with uuid 6f0f4ab6-f7ac-4ac2-83ad-3d8ad77b71eb found for delete ", "request_id": "req-125f140b-4187-497c-8e59-d1fbb8b73fcd"}]} [pid: 8|app: 0|req: 686/1331] 10.0.0.155 () {32 vars in 726 bytes} [Tue Feb 24 21:05:12 2026] DELETE /v2.0/networks/fd24adb3-04a2-427b-a9b7-98ca06481a5c => generated 0 bytes in 411 msecs (HTTP/1.1 204) 3 headers in 131 bytes (1 switches on core 0)
2026-02-24 21:05:12.658 7 WARNING neutron.scheduler.dhcp_agent_scheduler [None req-e2b003d5-d93a-4dec-896d-4afab6a89596 353fd3615dd54d44bacf7dd1ebff99c9 c28b101f9c6940af8074cc5b8db8cb7b - - default default] No more DHCP agents
2026-02-24 21:05:12.661 7 WARNING neutron.api.rpc.agentnotifiers.dhcp_rpc_agent_api [None req-e2b003d5-d93a-4dec-896d-4afab6a89596 353fd3615dd54d44bacf7dd1ebff99c9 c28b101f9c6940af8074cc5b8db8cb7b - - default default] Unable to schedule network 7e786616-396c-45c3-9cc9-1b5e06fea583: no agents available; will retry on subsequent port and subnet creation events.
2026-02-24 21:05:12.705 7 WARNING neutron.plugins.ml2.drivers.ovn.mech_driver.ovsdb.ovn_client [None req-d0ff8f2f-6ff9-4a91-963a-ddcace36f2f1 - - - - - -] Logical_Switch_Port e13ecce4-835f-4fd7-af0b-d70f50213f03 host information not removed, the port state is up
2026-02-24 21:05:12.706 7 INFO neutron.plugins.ml2.drivers.ovn.mech_driver.mech_driver [None req-d0ff8f2f-6ff9-4a91-963a-ddcace36f2f1 - - - - - -] OVN reports status up for port: e13ecce4-835f-4fd7-af0b-d70f50213f03
2026-02-24 21:05:12.730 7 INFO neutron.plugins.ml2.plugin [None req-d0ff8f2f-6ff9-4a91-963a-ddcace36f2f1 - - - - - -] Attempt 1 to provision port e13ecce4-835f-4fd7-af0b-d70f50213f03
2026-02-24 21:05:12.819 8 INFO neutron.db.ovn_revision_numbers_db [None req-528929bc-0261-4067-9df7-eef4a991c6f0 88b3f1a68b7d41579c49a3df07ae5316 064ed59a626048458465789d54281a94 - - default default] Successfully bumped revision number for resource c49fa81c-c8a4-4c5e-899c-05914437cab4 (type: security_groups) to 1
2026-02-24 21:05:12.829 8 INFO neutron.db.ovn_revision_numbers_db [None req-528929bc-0261-4067-9df7-eef4a991c6f0 88b3f1a68b7d41579c49a3df07ae5316 064ed59a626048458465789d54281a94 - - default default] Successfully bumped revision number for resource 213c1d3e-eccd-46ae-b2f5-62ac8321f6aa (type: security_group_rules) to 0
2026-02-24 21:05:12.841 8 INFO neutron.db.ovn_revision_numbers_db [None req-528929bc-0261-4067-9df7-eef4a991c6f0 88b3f1a68b7d41579c49a3df07ae5316 064ed59a626048458465789d54281a94 - - default default] Successfully bumped revision number for resource 4bccd422-fc80-4b52-9c08-6730a72a1dd8 (type: security_group_rules) to 0
2026-02-24 21:05:12.851 8 INFO neutron.db.ovn_revision_numbers_db [None req-528929bc-0261-4067-9df7-eef4a991c6f0 88b3f1a68b7d41579c49a3df07ae5316 064ed59a626048458465789d54281a94 - - default default] Successfully bumped revision number for resource 5fce91e0-a78e-46ef-941c-e6385b6959ac (type: security_group_rules) to 0
2026-02-24 21:05:12.862 8 INFO neutron.db.ovn_revision_numbers_db [None req-528929bc-0261-4067-9df7-eef4a991c6f0 88b3f1a68b7d41579c49a3df07ae5316 064ed59a626048458465789d54281a94 - - default default] Successfully bumped revision number for resource def1f8df-edac-44d9-9340-f0012cf6c5ec (type: security_group_rules) to 0 [pid: 8|app: 0|req: 687/1332] 10.0.0.155 () {32 vars in 774 bytes} [Tue Feb 24 21:05:12 2026] GET /v2.0/security-groups?tenant_id=67152cbf76be409396c691b0511450c7&name=default => generated 2925 bytes in 255 msecs (HTTP/1.1 200) 4 headers in 158 bytes (1 switches on core 0) [pid: 8|app: 0|req: 688/1333] 10.0.0.241 () {34 vars in 990 bytes} [Tue Feb 24 21:05:12 2026] GET /v2.0/ports?device_id=734a8f5e-0ec8-4fdc-ac36-09ef5cd211b5 => generated 969 bytes in 140 msecs (HTTP/1.1 200) 4 headers in 157 bytes (1 switches on core 0)
2026-02-24 21:05:13.099 7 INFO neutron.db.ovn_revision_numbers_db [None req-e2b003d5-d93a-4dec-896d-4afab6a89596 353fd3615dd54d44bacf7dd1ebff99c9 c28b101f9c6940af8074cc5b8db8cb7b - - default default] Successfully bumped revision number for resource 4d87c769-6691-4801-a109-78eb5121303e (type: ports) to 1
2026-02-24 21:05:13.143 8 INFO neutron_taas.services.taas.taas_plugin [None req-546bac38-4a7f-4db0-a977-cbebfa5a94fd e7e6a28eba1f427f8960dda2bb7a74b4 902a098259cd40d8832ff1ee29f685df - - default default] TaaS: Handle Delete Port: e520e848-2bb5-496d-b8a2-3e131445f083
2026-02-24 21:05:13.146 8 INFO neutron_taas.services.taas.tap_mirror_plugin [None req-546bac38-4a7f-4db0-a977-cbebfa5a94fd e7e6a28eba1f427f8960dda2bb7a74b4 902a098259cd40d8832ff1ee29f685df - - default default] Tap Mirror: Handle Delete Port: e520e848-2bb5-496d-b8a2-3e131445f083 [pid: 8|app: 0|req: 689/1334] 10.0.0.155 () {32 vars in 726 bytes} [Tue Feb 24 21:05:13 2026] DELETE /v2.0/networks/e727fa48-2b58-48be-90fb-7b74221a2316 => generated 0 bytes in 415 msecs (HTTP/1.1 204) 3 headers in 131 bytes (1 switches on core 0) [pid: 8|app: 0|req: 690/1335] 10.0.0.155 () {32 vars in 740 bytes} [Tue Feb 24 21:05:13 2026] DELETE /v2.0/security-groups/c49fa81c-c8a4-4c5e-899c-05914437cab4 => generated 0 bytes in 250 msecs (HTTP/1.1 204) 2 headers in 112 bytes (1 switches on core 0) [pid: 8|app: 0|req: 691/1336] 10.0.0.241 () {34 vars in 1040 bytes} [Tue Feb 24 21:05:13 2026] GET /v2.0/security-groups?id=2fb92e22-3ee3-4d6f-a7a9-96d37d3aa2d8&fields=id&fields=name => generated 113 bytes in 29 msecs (HTTP/1.1 200) 4 headers in 157 bytes (1 switches on core 0)
2026-02-24 21:05:13.774 7 INFO neutron.db.ovn_revision_numbers_db [None req-d0ff8f2f-6ff9-4a91-963a-ddcace36f2f1 - - - - - -] Successfully bumped revision number for resource e13ecce4-835f-4fd7-af0b-d70f50213f03 (type: ports) to 2
2026-02-24 21:05:13.820 8 INFO neutron_taas.services.taas.taas_plugin [None req-5101b3e7-53a0-4a50-9296-a72593f46e51 e7e6a28eba1f427f8960dda2bb7a74b4 902a098259cd40d8832ff1ee29f685df - - default default] TaaS: Handle Delete Port: feb55de6-6223-4752-a7f4-ebd04d463bf0
2026-02-24 21:05:13.822 8 INFO neutron_taas.services.taas.tap_mirror_plugin [None req-5101b3e7-53a0-4a50-9296-a72593f46e51 e7e6a28eba1f427f8960dda2bb7a74b4 902a098259cd40d8832ff1ee29f685df - - default default] Tap Mirror: Handle Delete Port: feb55de6-6223-4752-a7f4-ebd04d463bf0 [pid: 8|app: 0|req: 692/1337] 10.0.0.155 () {32 vars in 726 bytes} [Tue Feb 24 21:05:13 2026] DELETE /v2.0/networks/5380745f-8350-436a-9f82-b0aaca0b261b => generated 0 bytes in 283 msecs (HTTP/1.1 204) 3 headers in 131 bytes (1 switches on core 0)
2026-02-24 21:05:14.123 8 INFO neutron_taas.services.taas.taas_plugin [None req-fb63d27c-9eec-4a03-b014-60efe6d0e01a e7e6a28eba1f427f8960dda2bb7a74b4 902a098259cd40d8832ff1ee29f685df - - default default] TaaS: Handle Delete Port: ef8bdb8e-5cab-4a41-9898-4a41075f0082
2026-02-24 21:05:14.125 8 INFO neutron_taas.services.taas.tap_mirror_plugin [None req-fb63d27c-9eec-4a03-b014-60efe6d0e01a e7e6a28eba1f427f8960dda2bb7a74b4 902a098259cd40d8832ff1ee29f685df - - default default] Tap Mirror: Handle Delete Port: ef8bdb8e-5cab-4a41-9898-4a41075f0082
2026-02-24 21:05:14.290 7 WARNING neutron.scheduler.dhcp_agent_scheduler [None req-e2b003d5-d93a-4dec-896d-4afab6a89596 353fd3615dd54d44bacf7dd1ebff99c9 c28b101f9c6940af8074cc5b8db8cb7b - - default default] No more DHCP agents
2026-02-24 21:05:14.291 7 WARNING neutron.api.rpc.agentnotifiers.dhcp_rpc_agent_api [None req-e2b003d5-d93a-4dec-896d-4afab6a89596 353fd3615dd54d44bacf7dd1ebff99c9 c28b101f9c6940af8074cc5b8db8cb7b - - default default] Unable to schedule network 7e786616-396c-45c3-9cc9-1b5e06fea583: no agents available; will retry on subsequent port and subnet creation events. [pid: 8|app: 0|req: 693/1338] 10.0.0.155 () {32 vars in 726 bytes} [Tue Feb 24 21:05:14 2026] DELETE /v2.0/networks/0f9b2ccb-47eb-4e8b-b6ad-52d17be699c3 => generated 0 bytes in 428 msecs (HTTP/1.1 204) 3 headers in 131 bytes (1 switches on core 0)
2026-02-24 21:05:14.627 8 INFO neutron.services.segments.plugin [-] Segment 532ee514-befd-40dd-a1aa-5d7381463a0d resource provider aggregate not found
2026-02-24 21:05:14.632 8 INFO neutron.services.segments.plugin [-] Segment 532ee514-befd-40dd-a1aa-5d7381463a0d resource provider aggregate not found
2026-02-24 21:05:14.654 8 INFO neutron.services.segments.plugin [-] Segment 532ee514-befd-40dd-a1aa-5d7381463a0d resource provider not found; error: Placement Client Error (4xx): {"errors": [{"status": 404, "title": "Not Found", "detail": "The resource could not be found.\n\n No resource provider with uuid 532ee514-befd-40dd-a1aa-5d7381463a0d found for delete ", "request_id": "req-1a18be7e-6cce-490c-837f-0709474d9f61"}]}
2026-02-24 21:05:14.671 8 INFO neutron.services.segments.plugin [-] Segment 532ee514-befd-40dd-a1aa-5d7381463a0d resource provider not found; error: Placement Client Error (4xx): {"errors": [{"status": 404, "title": "Not Found", "detail": "The resource could not be found.\n\n No resource provider with uuid 532ee514-befd-40dd-a1aa-5d7381463a0d found for delete ", "request_id": "req-2099f654-8ce8-426c-864d-f45b191d6fa0"}]}
2026-02-24 21:05:14.678 8 INFO neutron.services.segments.plugin [-] Segment bb962a9d-b1c6-478d-b63c-e9cd24988633 resource provider aggregate not found
2026-02-24 21:05:14.697 8 INFO neutron.services.segments.plugin [-] Segment bb962a9d-b1c6-478d-b63c-e9cd24988633 resource provider aggregate not found
2026-02-24 21:05:14.697 8 INFO neutron.services.segments.plugin [-] Segment bb962a9d-b1c6-478d-b63c-e9cd24988633 resource provider not found; error: Placement Client Error (4xx): {"errors": [{"status": 404, "title": "Not Found", "detail": "The resource could not be found.\n\n No resource provider with uuid bb962a9d-b1c6-478d-b63c-e9cd24988633 found for delete ", "request_id": "req-5092fce1-c4c0-4ba7-9030-70ce57b0f31c"}]}
2026-02-24 21:05:14.727 8 INFO neutron.services.segments.plugin [-] Segment 65899abe-e55c-4fa7-9d57-1aa46c03e0dc resource provider aggregate not found
2026-02-24 21:05:14.731 8 INFO neutron.services.segments.plugin [-] Segment bb962a9d-b1c6-478d-b63c-e9cd24988633 resource provider not found; error: Placement Client Error (4xx): {"errors": [{"status": 404, "title": "Not Found", "detail": "The resource could not be found.\n\n No resource provider with uuid bb962a9d-b1c6-478d-b63c-e9cd24988633 found for delete ", "request_id": "req-d4f1659b-07b6-4aab-bfcd-cf5406e1114d"}]}
2026-02-24 21:05:14.751 8 INFO neutron.services.segments.plugin [-] Segment 65899abe-e55c-4fa7-9d57-1aa46c03e0dc resource provider aggregate not found
2026-02-24 21:05:14.756 8 INFO neutron.services.segments.plugin [-] Segment 65899abe-e55c-4fa7-9d57-1aa46c03e0dc resource provider not found; error: Placement Client Error (4xx): {"errors": [{"status": 404, "title": "Not Found", "detail": "The resource could not be found.\n\n No resource provider with uuid 65899abe-e55c-4fa7-9d57-1aa46c03e0dc found for delete ", "request_id": "req-f661365a-6811-4f8e-9e0f-be01d98b638b"}]}
2026-02-24 21:05:14.774 8 INFO neutron.services.segments.plugin [-] Segment 65899abe-e55c-4fa7-9d57-1aa46c03e0dc resource provider not found; error: Placement Client Error (4xx): {"errors": [{"status": 404, "title": "Not Found", "detail": "The resource could not be found.\n\n No resource provider with uuid 65899abe-e55c-4fa7-9d57-1aa46c03e0dc found for delete ", "request_id": "req-054c79fe-6dea-424f-bc84-540b198af472"}]}
2026-02-24 21:05:14.843 7 INFO neutron.db.ovn_revision_numbers_db [None req-e2b003d5-d93a-4dec-896d-4afab6a89596 353fd3615dd54d44bacf7dd1ebff99c9 c28b101f9c6940af8074cc5b8db8cb7b - - default default] Successfully bumped revision number for resource 4d87c769-6691-4801-a109-78eb5121303e (type: router_ports) to 1 [pid: 7|app: 0|req: 646/1339] 10.0.0.155 () {34 vars in 783 bytes} [Tue Feb 24 21:05:11 2026] PUT /v2.0/routers/46350282-f7aa-43eb-b2b8-abde2b75df69/add_router_interface => generated 309 bytes in 3323 msecs (HTTP/1.1 200) 4 headers in 157 bytes (1 switches on core 0) [pid: 8|app: 0|req: 694/1340] 10.0.0.241 () {34 vars in 990 bytes} [Tue Feb 24 21:05:14 2026] GET /v2.0/ports?device_id=734a8f5e-0ec8-4fdc-ac36-09ef5cd211b5 => generated 969 bytes in 46 msecs (HTTP/1.1 200) 4 headers in 157 bytes (1 switches on core 0) [pid: 7|app: 0|req: 647/1341] 10.0.0.155 () {32 vars in 774 bytes} [Tue Feb 24 21:05:14 2026] GET /v2.0/security-groups?tenant_id=902a098259cd40d8832ff1ee29f685df&name=default => generated 2925 bytes in 243 msecs (HTTP/1.1 200) 4 headers in 158 bytes (1 switches on core 0) [pid: 7|app: 0|req: 648/1342] 10.0.0.241 () {34 vars in 1040 bytes} [Tue Feb 24 21:05:15 2026] GET /v2.0/security-groups?id=2fb92e22-3ee3-4d6f-a7a9-96d37d3aa2d8&fields=id&fields=name => generated 113 bytes in 42 msecs (HTTP/1.1 200) 4 headers in 157 bytes (1 switches on core 0)
2026-02-24 21:05:15.392 8 WARNING neutron.scheduler.dhcp_agent_scheduler [None req-e3580840-31d9-4d67-8987-3ed237d68369 353fd3615dd54d44bacf7dd1ebff99c9 c28b101f9c6940af8074cc5b8db8cb7b - - default default] No more DHCP agents
2026-02-24 21:05:15.393 8 WARNING neutron.api.rpc.agentnotifiers.dhcp_rpc_agent_api [None req-e3580840-31d9-4d67-8987-3ed237d68369 353fd3615dd54d44bacf7dd1ebff99c9 c28b101f9c6940af8074cc5b8db8cb7b - - default default] Unable to schedule network 992e5aa0-4bd6-4c16-ab31-b17742ce734d: no agents available; will retry on subsequent port and subnet creation events. [pid: 7|app: 0|req: 649/1343] 10.0.0.155 () {32 vars in 740 bytes} [Tue Feb 24 21:05:15 2026] DELETE /v2.0/security-groups/4d8b19ec-1292-4e2e-a51c-c660cf8aa53f => generated 0 bytes in 331 msecs (HTTP/1.1 204) 2 headers in 112 bytes (1 switches on core 0)
2026-02-24 21:05:15.592 8 INFO neutron.db.ovn_revision_numbers_db [None req-e3580840-31d9-4d67-8987-3ed237d68369 353fd3615dd54d44bacf7dd1ebff99c9 c28b101f9c6940af8074cc5b8db8cb7b - - default default] Successfully bumped revision number for resource 34bedf24-5d9a-41f5-991a-446f7a7374f2 (type: ports) to 1
2026-02-24 21:05:16.118 7 INFO neutron.db.ovn_revision_numbers_db [None req-8f6d192d-12dd-4430-b7ef-0899c7ac3c61 88b3f1a68b7d41579c49a3df07ae5316 064ed59a626048458465789d54281a94 - - default default] Successfully bumped revision number for resource ae7a1d84-701d-4b25-be48-937a5445a2b2 (type: security_groups) to 1
2026-02-24 21:05:16.131 7 INFO neutron.db.ovn_revision_numbers_db [None req-8f6d192d-12dd-4430-b7ef-0899c7ac3c61 88b3f1a68b7d41579c49a3df07ae5316 064ed59a626048458465789d54281a94 - - default default] Successfully bumped revision number for resource 207dff4a-f60d-4622-b78d-f34f25808034 (type: security_group_rules) to 0
2026-02-24 21:05:16.141 7 INFO neutron.db.ovn_revision_numbers_db [None req-8f6d192d-12dd-4430-b7ef-0899c7ac3c61 88b3f1a68b7d41579c49a3df07ae5316 064ed59a626048458465789d54281a94 - - default default] Successfully bumped revision number for resource 29d8a5c1-d748-4fe8-b6b1-bb0bc5666815 (type: security_group_rules) to 0
2026-02-24 21:05:16.150 7 INFO neutron.db.ovn_revision_numbers_db [None req-8f6d192d-12dd-4430-b7ef-0899c7ac3c61 88b3f1a68b7d41579c49a3df07ae5316 064ed59a626048458465789d54281a94 - - default default] Successfully bumped revision number for resource a33473e7-78ee-4f2b-9411-0bd9c36047a7 (type: security_group_rules) to 0
2026-02-24 21:05:16.169 7 INFO neutron.db.ovn_revision_numbers_db [None req-8f6d192d-12dd-4430-b7ef-0899c7ac3c61 88b3f1a68b7d41579c49a3df07ae5316 064ed59a626048458465789d54281a94 - - default default] Successfully bumped revision number for resource e1c9f605-b951-4ac3-bc91-70baeb96755e (type: security_group_rules) to 0 [pid: 7|app: 0|req: 650/1344] 10.0.0.155 () {32 vars in 774 bytes} [Tue Feb 24 21:05:15 2026] GET /v2.0/security-groups?tenant_id=c87c60bd954c49d4ab236b3c706b3b6e&name=default => generated 2925 bytes in 428 msecs (HTTP/1.1 200) 4 headers in 158 bytes (1 switches on core 0) [pid: 7|app: 0|req: 651/1345] 10.0.0.241 () {34 vars in 990 bytes} [Tue Feb 24 21:05:16 2026] GET /v2.0/ports?device_id=734a8f5e-0ec8-4fdc-ac36-09ef5cd211b5 => generated 969 bytes in 112 msecs (HTTP/1.1 200) 4 headers in 157 bytes (1 switches on core 0)
2026-02-24 21:05:16.356 8 WARNING neutron.scheduler.dhcp_agent_scheduler [None req-e3580840-31d9-4d67-8987-3ed237d68369 353fd3615dd54d44bacf7dd1ebff99c9 c28b101f9c6940af8074cc5b8db8cb7b - - default default] No more DHCP agents
2026-02-24 21:05:16.357 8 WARNING neutron.api.rpc.agentnotifiers.dhcp_rpc_agent_api [None req-e3580840-31d9-4d67-8987-3ed237d68369 353fd3615dd54d44bacf7dd1ebff99c9 c28b101f9c6940af8074cc5b8db8cb7b - - default default] Unable to schedule network 992e5aa0-4bd6-4c16-ab31-b17742ce734d: no agents available; will retry on subsequent port and subnet creation events. [pid: 7|app: 0|req: 652/1346] 10.0.0.155 () {32 vars in 740 bytes} [Tue Feb 24 21:05:16 2026] DELETE /v2.0/security-groups/ae7a1d84-701d-4b25-be48-937a5445a2b2 => generated 0 bytes in 259 msecs (HTTP/1.1 204) 2 headers in 112 bytes (1 switches on core 0)
2026-02-24 21:05:16.746 8 INFO neutron.db.ovn_revision_numbers_db [None req-e3580840-31d9-4d67-8987-3ed237d68369 353fd3615dd54d44bacf7dd1ebff99c9 c28b101f9c6940af8074cc5b8db8cb7b - - default default] Successfully bumped revision number for resource 34bedf24-5d9a-41f5-991a-446f7a7374f2 (type: router_ports) to 1 [pid: 8|app: 0|req: 695/1347] 10.0.0.155 () {34 vars in 783 bytes} [Tue Feb 24 21:05:14 2026] PUT /v2.0/routers/46350282-f7aa-43eb-b2b8-abde2b75df69/add_router_interface => generated 309 bytes in 1900 msecs (HTTP/1.1 200) 4 headers in 157 bytes (1 switches on core 0) [pid: 8|app: 0|req: 696/1348] 10.0.0.241 () {34 vars in 1040 bytes} [Tue Feb 24 21:05:16 2026] GET /v2.0/security-groups?id=2fb92e22-3ee3-4d6f-a7a9-96d37d3aa2d8&fields=id&fields=name => generated 113 bytes in 31 msecs (HTTP/1.1 200) 4 headers in 157 bytes (1 switches on core 0) [pid: 8|app: 0|req: 697/1349] 10.0.0.241 () {34 vars in 990 bytes} [Tue Feb 24 21:05:16 2026] GET /v2.0/ports?device_id=734a8f5e-0ec8-4fdc-ac36-09ef5cd211b5 => generated 1207 bytes in 38 msecs (HTTP/1.1 200) 4 headers in 158 bytes (1 switches on core 0) [pid: 8|app: 0|req: 698/1350] 10.0.0.241 () {34 vars in 1040 bytes} [Tue Feb 24 21:05:16 2026] GET /v2.0/security-groups?id=2fb92e22-3ee3-4d6f-a7a9-96d37d3aa2d8&fields=id&fields=name => generated 113 bytes in 27 msecs (HTTP/1.1 200) 4 headers in 157 bytes (1 switches on core 0) [pid: 7|app: 0|req: 653/1351] 10.0.0.248 () {28 vars in 579 bytes} [Tue Feb 24 21:05:16 2026] GET /v2.0/ports => generated 17971 bytes in 328 msecs (HTTP/1.1 200) 4 headers in 159 bytes (1 switches on core 0) [pid: 7|app: 0|req: 654/1352] 10.0.0.248 () {28 vars in 619 bytes} [Tue Feb 24 21:05:16 2026] GET /v2.0/network-ip-availabilities => generated 3669 bytes in 18 msecs (HTTP/1.1 200) 4 headers in 158 bytes (1 switches on core 0)
2026-02-24 21:05:16.997 8 INFO neutron.db.ovn_revision_numbers_db [None req-3852933b-b451-4d97-8fb2-ec75525bd3dd 353fd3615dd54d44bacf7dd1ebff99c9 c28b101f9c6940af8074cc5b8db8cb7b - - default default] Successfully bumped revision number for resource 17288c3a-0c5a-45ad-af25-6a2b0c4a47bb (type: security_groups) to 1
2026-02-24 21:05:17.010 8 INFO neutron.db.ovn_revision_numbers_db [None req-3852933b-b451-4d97-8fb2-ec75525bd3dd 353fd3615dd54d44bacf7dd1ebff99c9 c28b101f9c6940af8074cc5b8db8cb7b - - default default] Successfully bumped revision number for resource 4f5aaa76-cf1c-41ac-8f25-15c7ce0a24db (type: security_group_rules) to 0
2026-02-24 21:05:17.020 8 INFO neutron.db.ovn_revision_numbers_db [None req-3852933b-b451-4d97-8fb2-ec75525bd3dd 353fd3615dd54d44bacf7dd1ebff99c9 c28b101f9c6940af8074cc5b8db8cb7b - - default default] Successfully bumped revision number for resource 5d0f3e2b-8aa1-4217-93f5-d15d68c3b1a9 (type: security_group_rules) to 0 [pid: 7|app: 0|req: 655/1353] 10.0.0.248 () {28 vars in 583 bytes} [Tue Feb 24 21:05:16 2026] GET /v2.0/subnets => generated 6194 bytes in 72 msecs (HTTP/1.1 200) 4 headers in 158 bytes (1 switches on core 0) [pid: 7|app: 0|req: 656/1354] 10.0.0.248 () {28 vars in 591 bytes} [Tue Feb 24 21:05:17 2026] GET /v2.0/subnetpools => generated 19 bytes in 8 msecs (HTTP/1.1 200) 4 headers in 156 bytes (1 switches on core 0) [pid: 8|app: 0|req: 699/1355] 10.0.0.155 () {34 vars in 684 bytes} [Tue Feb 24 21:05:16 2026] POST /v2.0/security-groups => generated 1627 bytes in 201 msecs (HTTP/1.1 201) 4 headers in 163 bytes (1 switches on core 0) [pid: 7|app: 0|req: 657/1356] 10.0.0.248 () {28 vars in 599 bytes} [Tue Feb 24 21:05:17 2026] GET /v2.0/security-groups => generated 27677 bytes in 41 msecs (HTTP/1.1 200) 4 headers in 159 bytes (1 switches on core 0) [pid: 7|app: 0|req: 658/1357] 10.0.0.248 () {28 vars in 583 bytes} [Tue Feb 24 21:05:17 2026] GET /v2.0/routers => generated 1934 bytes in 62 msecs (HTTP/1.1 200) 4 headers in 158 bytes (1 switches on core 0)
2026-02-24 21:05:17.238 8 INFO neutron.db.ovn_revision_numbers_db [None req-bb082323-0493-40d7-89ec-89e190485385 353fd3615dd54d44bacf7dd1ebff99c9 c28b101f9c6940af8074cc5b8db8cb7b - - default default] Successfully bumped revision number for resource ff72d704-11f9-4c07-ad41-095fed45cbe3 (type: security_group_rules) to 0 [pid: 8|app: 0|req: 700/1358] 10.0.0.155 () {34 vars in 695 bytes} [Tue Feb 24 21:05:17 2026] POST /v2.0/security-group-rules => generated 597 bytes in 217 msecs (HTTP/1.1 201) 4 headers in 162 bytes (1 switches on core 0) [pid: 7|app: 0|req: 659/1359] 10.0.0.248 () {28 vars in 624 bytes} [Tue Feb 24 21:05:17 2026] GET /v2.0/agents?binary=ovn-controller => generated 416 bytes in 98 msecs (HTTP/1.1 200) 4 headers in 157 bytes (1 switches on core 0) [pid: 8|app: 0|req: 701/1360] 10.0.0.248 () {28 vars in 581 bytes} [Tue Feb 24 21:05:17 2026] GET /v2.0/agents => generated 1214 bytes in 19 msecs (HTTP/1.1 200) 4 headers in 158 bytes (1 switches on core 0) [pid: 8|app: 0|req: 702/1361] 10.0.0.248 () {28 vars in 591 bytes} [Tue Feb 24 21:05:17 2026] GET /v2.0/floatingips => generated 555 bytes in 28 msecs (HTTP/1.1 200) 4 headers in 157 bytes (1 switches on core 0) [pid: 8|app: 0|req: 703/1362] 10.0.0.248 () {28 vars in 585 bytes} [Tue Feb 24 21:05:17 2026] GET /v2.0/networks => generated 5308 bytes in 67 msecs (HTTP/1.1 200) 4 headers in 158 bytes (1 switches on core 0)
2026-02-24 21:05:17.444 7 INFO neutron.db.ovn_revision_numbers_db [None req-7feb426d-70b1-4c3b-8ae2-6f5b48cca288 353fd3615dd54d44bacf7dd1ebff99c9 c28b101f9c6940af8074cc5b8db8cb7b - - default default] Successfully bumped revision number for resource 09d53ac9-e4eb-49da-8c1d-40ca5becf391 (type: security_group_rules) to 0 [pid: 7|app: 0|req: 660/1363] 10.0.0.155 () {34 vars in 695 bytes} [Tue Feb 24 21:05:17 2026] POST /v2.0/security-group-rules => generated 597 bytes in 186 msecs (HTTP/1.1 201) 4 headers in 162 bytes (1 switches on core 0) [pid: 7|app: 0|req: 661/1364] 10.0.0.248 () {28 vars in 583 bytes} [Tue Feb 24 21:05:17 2026] GET /v2.0/subnets => generated 6194 bytes in 41 msecs (HTTP/1.1 200) 4 headers in 158 bytes (1 switches on core 0)
2026-02-24 21:05:17.654 7 INFO neutron.db.ovn_revision_numbers_db [None req-92993cae-26f2-426c-80c0-cc07fa73cb55 353fd3615dd54d44bacf7dd1ebff99c9 c28b101f9c6940af8074cc5b8db8cb7b - - default default] Successfully bumped revision number for resource d36b3ee9-ddb2-4076-9be0-cda805b06d0b (type: security_group_rules) to 0 [pid: 7|app: 0|req: 662/1365] 10.0.0.155 () {34 vars in 695 bytes} [Tue Feb 24 21:05:17 2026] POST /v2.0/security-group-rules => generated 599 bytes in 171 msecs (HTTP/1.1 201) 4 headers in 162 bytes (1 switches on core 0)
2026-02-24 21:05:17.806 8 INFO neutron.db.ovn_revision_numbers_db [None req-9cd2aced-34c0-4fc4-a117-007fc4af9a04 a465412a287d4273bc3224a7a2d09a5f f3697417358b455ca1ae0ce3059560db - - default default] Successfully bumped revision number for resource 3824d32a-a539-4abf-976b-3a2d248dda4b (type: security_groups) to 1
2026-02-24 21:05:17.817 8 INFO neutron.db.ovn_revision_numbers_db [None req-9cd2aced-34c0-4fc4-a117-007fc4af9a04 a465412a287d4273bc3224a7a2d09a5f f3697417358b455ca1ae0ce3059560db - - default default] Successfully bumped revision number for resource a174b4b5-f980-4951-8022-3ed475ee58b7 (type: security_group_rules) to 0
2026-02-24 21:05:17.829 8 INFO neutron.db.ovn_revision_numbers_db [None req-9cd2aced-34c0-4fc4-a117-007fc4af9a04 a465412a287d4273bc3224a7a2d09a5f f3697417358b455ca1ae0ce3059560db - - default default] Successfully bumped revision number for resource cc72a00f-de59-40c7-b371-abcc7be5e921 (type: security_group_rules) to 0
2026-02-24 21:05:17.848 8 INFO neutron.db.ovn_revision_numbers_db [None req-9cd2aced-34c0-4fc4-a117-007fc4af9a04 a465412a287d4273bc3224a7a2d09a5f f3697417358b455ca1ae0ce3059560db - - default default] Successfully bumped revision number for resource e4c02289-7ce1-4e44-a89b-b39766c8dea9 (type: security_group_rules) to 0
2026-02-24 21:05:17.863 8 INFO neutron.db.ovn_revision_numbers_db [None req-9cd2aced-34c0-4fc4-a117-007fc4af9a04 a465412a287d4273bc3224a7a2d09a5f f3697417358b455ca1ae0ce3059560db - - default default] Successfully bumped revision number for resource ecc59425-e286-4a3c-a39a-404bf7170197 (type: security_group_rules) to 0
2026-02-24 21:05:17.871 7 INFO neutron.db.ovn_revision_numbers_db [None req-e6b56572-6512-4c37-8ebc-6e210367211c 353fd3615dd54d44bacf7dd1ebff99c9 c28b101f9c6940af8074cc5b8db8cb7b - - default default] Successfully bumped revision number for resource d53d3edc-639b-4e4a-8cc8-afabb36f428e (type: security_group_rules) to 0 [pid: 7|app: 0|req: 663/1366] 10.0.0.155 () {34 vars in 695 bytes} [Tue Feb 24 21:05:17 2026] POST /v2.0/security-group-rules => generated 601 bytes in 215 msecs (HTTP/1.1 201) 4 headers in 162 bytes (1 switches on core 0) [pid: 7|app: 0|req: 664/1367] 10.0.0.241 () {34 vars in 990 bytes} [Tue Feb 24 21:05:17 2026] GET /v2.0/ports?device_id=734a8f5e-0ec8-4fdc-ac36-09ef5cd211b5 => generated 969 bytes in 36 msecs (HTTP/1.1 200) 4 headers in 157 bytes (1 switches on core 0)
2026-02-24 21:05:17.941 8 INFO neutron.db.segments_db [None req-9cd2aced-34c0-4fc4-a117-007fc4af9a04 a465412a287d4273bc3224a7a2d09a5f f3697417358b455ca1ae0ce3059560db - - default default] Added segment 9e148fb0-ede5-4e9c-a144-51e29628d06a of type geneve for network 1039998a-db0d-4d3c-a8a1-f367048cab29
2026-02-24 21:05:18.067 8 INFO neutron.db.ovn_revision_numbers_db [None req-9cd2aced-34c0-4fc4-a117-007fc4af9a04 a465412a287d4273bc3224a7a2d09a5f f3697417358b455ca1ae0ce3059560db - - default default] Successfully bumped revision number for resource 1039998a-db0d-4d3c-a8a1-f367048cab29 (type: networks) to 1
2026-02-24 21:05:18.127 7 INFO neutron.db.ovn_revision_numbers_db [None req-1e05eab8-a5a4-414b-bc10-d3c0a1b2c8f9 353fd3615dd54d44bacf7dd1ebff99c9 c28b101f9c6940af8074cc5b8db8cb7b - - default default] Successfully bumped revision number for resource 0fce9984-318b-4af6-a9f0-911eb95b6567 (type: security_group_rules) to 0 [pid: 7|app: 0|req: 665/1368] 10.0.0.155 () {34 vars in 695 bytes} [Tue Feb 24 21:05:17 2026] POST /v2.0/security-group-rules => generated 601 bytes in 213 msecs (HTTP/1.1 201) 4 headers in 162 bytes (1 switches on core 0) [pid: 7|app: 0|req: 666/1369] 10.0.0.241 () {34 vars in 1040 bytes} [Tue Feb 24 21:05:18 2026] GET /v2.0/security-groups?id=2fb92e22-3ee3-4d6f-a7a9-96d37d3aa2d8&fields=id&fields=name => generated 113 bytes in 24 msecs (HTTP/1.1 200) 4 headers in 157 bytes (1 switches on core 0)
2026-02-24 21:05:18.235 8 WARNING neutron.scheduler.dhcp_agent_scheduler [None req-9cd2aced-34c0-4fc4-a117-007fc4af9a04 a465412a287d4273bc3224a7a2d09a5f f3697417358b455ca1ae0ce3059560db - - default default] No more DHCP agents
2026-02-24 21:05:18.237 8 WARNING neutron.api.rpc.agentnotifiers.dhcp_rpc_agent_api [None req-9cd2aced-34c0-4fc4-a117-007fc4af9a04 a465412a287d4273bc3224a7a2d09a5f f3697417358b455ca1ae0ce3059560db - - default default] Unable to schedule network 1039998a-db0d-4d3c-a8a1-f367048cab29: no agents available; will retry on subsequent port and subnet creation events.
2026-02-24 21:05:18.350 8 INFO neutron.db.ovn_revision_numbers_db [None req-9cd2aced-34c0-4fc4-a117-007fc4af9a04 a465412a287d4273bc3224a7a2d09a5f f3697417358b455ca1ae0ce3059560db - - default default] Successfully bumped revision number for resource 0275aa47-bf8d-4640-8cc2-dc5d6c19701b (type: ports) to 1
2026-02-24 21:05:18.371 7 INFO neutron.db.ovn_revision_numbers_db [None req-3f4e743c-ba71-44df-b59b-ad95de4928bd 353fd3615dd54d44bacf7dd1ebff99c9 c28b101f9c6940af8074cc5b8db8cb7b - - default default] Successfully bumped revision number for resource fc015856-1220-4854-93e4-2971bcb8bd74 (type: security_group_rules) to 0 [pid: 8|app: 0|req: 704/1370] 10.0.0.155 () {34 vars in 670 bytes} [Tue Feb 24 21:05:17 2026] POST /v2.0/networks => generated 634 bytes in 967 msecs (HTTP/1.1 201) 4 headers in 162 bytes (1 switches on core 0) [pid: 7|app: 0|req: 667/1371] 10.0.0.155 () {34 vars in 695 bytes} [Tue Feb 24 21:05:18 2026] POST /v2.0/security-group-rules => generated 597 bytes in 230 msecs (HTTP/1.1 201) 4 headers in 162 bytes (1 switches on core 0)
2026-02-24 21:05:18.492 7 INFO neutron.db.segments_db [None req-67bb071c-4048-4cb6-af1a-b7ed57000e08 a465412a287d4273bc3224a7a2d09a5f f3697417358b455ca1ae0ce3059560db - - default default] Added segment 5cd75984-b775-45fc-822a-99fb52fd3fbb of type geneve for network 14ac9e7d-d0ae-43c8-bdd4-7819265b353f
2026-02-24 21:05:18.623 7 INFO neutron.db.ovn_revision_numbers_db [None req-67bb071c-4048-4cb6-af1a-b7ed57000e08 a465412a287d4273bc3224a7a2d09a5f f3697417358b455ca1ae0ce3059560db - - default default] Successfully bumped revision number for resource 14ac9e7d-d0ae-43c8-bdd4-7819265b353f (type: networks) to 1
2026-02-24 21:05:18.656 8 INFO neutron.db.ovn_revision_numbers_db [None req-5f254067-7fd7-4552-b6cc-83c5011dcc74 936beb51cfb3404f9c54a1177afe8326 0f3e00990a924373b387c677419c1114 - - default default] Successfully bumped revision number for resource a45cae3e-875b-4f6f-86a6-f5673b72b669 (type: security_groups) to 1
2026-02-24 21:05:18.668 8 INFO neutron.db.ovn_revision_numbers_db [None req-5f254067-7fd7-4552-b6cc-83c5011dcc74 936beb51cfb3404f9c54a1177afe8326 0f3e00990a924373b387c677419c1114 - - default default] Successfully bumped revision number for resource b56ebd21-bd5b-411e-8494-22d18532fa33 (type: security_group_rules) to 0
2026-02-24 21:05:18.678 8 INFO neutron.db.ovn_revision_numbers_db [None req-5f254067-7fd7-4552-b6cc-83c5011dcc74 936beb51cfb3404f9c54a1177afe8326 0f3e00990a924373b387c677419c1114 - - default default] Successfully bumped revision number for resource cd834512-de32-419d-a1f0-5b15776ac6ce (type: security_group_rules) to 0
2026-02-24 21:05:18.689 8 INFO neutron.db.ovn_revision_numbers_db [None req-5f254067-7fd7-4552-b6cc-83c5011dcc74 936beb51cfb3404f9c54a1177afe8326 0f3e00990a924373b387c677419c1114 - - default default] Successfully bumped revision number for resource df19dce9-3d50-4f91-98bf-b6126317f9b6 (type: security_group_rules) to 0
2026-02-24 21:05:18.700 8 INFO neutron.db.ovn_revision_numbers_db [None req-5f254067-7fd7-4552-b6cc-83c5011dcc74 936beb51cfb3404f9c54a1177afe8326 0f3e00990a924373b387c677419c1114 - - default default] Successfully bumped revision number for resource df2ba3f6-735e-44fd-9ee0-ec99db746857 (type: security_group_rules) to 0
2026-02-24 21:05:18.769 8 INFO neutron.db.segments_db [None req-5f254067-7fd7-4552-b6cc-83c5011dcc74 936beb51cfb3404f9c54a1177afe8326 0f3e00990a924373b387c677419c1114 - - default default] Added segment b795efd8-ad82-48bf-b36b-241e1c43fd70 of type geneve for network c43cbe97-15ed-46d3-aa3a-03ef41eb57cc
2026-02-24 21:05:18.792 7 WARNING neutron.scheduler.dhcp_agent_scheduler [None req-67bb071c-4048-4cb6-af1a-b7ed57000e08 a465412a287d4273bc3224a7a2d09a5f f3697417358b455ca1ae0ce3059560db - - default default] No more DHCP agents
2026-02-24 21:05:18.793 7 WARNING neutron.api.rpc.agentnotifiers.dhcp_rpc_agent_api [None req-67bb071c-4048-4cb6-af1a-b7ed57000e08 a465412a287d4273bc3224a7a2d09a5f f3697417358b455ca1ae0ce3059560db - - default default] Unable to schedule network 14ac9e7d-d0ae-43c8-bdd4-7819265b353f: no agents available; will retry on subsequent port and subnet creation events.
2026-02-24 21:05:18.912 7 INFO neutron.db.ovn_revision_numbers_db [None req-67bb071c-4048-4cb6-af1a-b7ed57000e08 a465412a287d4273bc3224a7a2d09a5f f3697417358b455ca1ae0ce3059560db - - default default] Successfully bumped revision number for resource 6c681bb8-01c1-4031-aefd-77b34fe9e8ba (type: ports) to 1
2026-02-24 21:05:18.922 8 INFO neutron.db.ovn_revision_numbers_db [None req-5f254067-7fd7-4552-b6cc-83c5011dcc74 936beb51cfb3404f9c54a1177afe8326 0f3e00990a924373b387c677419c1114 - - default default] Successfully bumped revision number for resource c43cbe97-15ed-46d3-aa3a-03ef41eb57cc (type: networks) to 1 [pid: 7|app: 0|req: 668/1372] 10.0.0.155 () {34 vars in 670 bytes} [Tue Feb 24 21:05:18 2026] POST /v2.0/networks => generated 633 bytes in 524 msecs (HTTP/1.1 201) 4 headers in 162 bytes (1 switches on core 0)
2026-02-24 21:05:19.076 8 WARNING neutron.scheduler.dhcp_agent_scheduler [None req-5f254067-7fd7-4552-b6cc-83c5011dcc74 936beb51cfb3404f9c54a1177afe8326 0f3e00990a924373b387c677419c1114 - - default default] No more DHCP agents
2026-02-24 21:05:19.079 8 WARNING neutron.api.rpc.agentnotifiers.dhcp_rpc_agent_api [None req-5f254067-7fd7-4552-b6cc-83c5011dcc74 936beb51cfb3404f9c54a1177afe8326 0f3e00990a924373b387c677419c1114 - - default default] Unable to schedule network c43cbe97-15ed-46d3-aa3a-03ef41eb57cc: no agents available; will retry on subsequent port and subnet creation events.
2026-02-24 21:05:19.095 7 INFO neutron.db.ovn_revision_numbers_db [None req-7dbd53bd-b3cd-4032-97ea-c59e1a0b146a 353fd3615dd54d44bacf7dd1ebff99c9 c28b101f9c6940af8074cc5b8db8cb7b - - default default] Successfully bumped revision number for resource 30407115-4a36-497f-883b-6a9cc92f023c (type: security_group_rules) to 0 [pid: 7|app: 0|req: 669/1373] 10.0.0.155 () {34 vars in 695 bytes} [Tue Feb 24 21:05:18 2026] POST /v2.0/security-group-rules => generated 597 bytes in 210 msecs (HTTP/1.1 201) 4 headers in 162 bytes (1 switches on core 0)
2026-02-24 21:05:19.179 8 INFO neutron.db.ovn_revision_numbers_db [None req-5f254067-7fd7-4552-b6cc-83c5011dcc74 936beb51cfb3404f9c54a1177afe8326 0f3e00990a924373b387c677419c1114 - - default default] Successfully bumped revision number for resource e18e5d91-588f-4b0d-9d0e-5fa60a45a786 (type: ports) to 1 [pid: 8|app: 0|req: 705/1374] 10.0.0.155 () {34 vars in 670 bytes} [Tue Feb 24 21:05:18 2026] POST /v2.0/networks => generated 648 bytes in 823 msecs (HTTP/1.1 201) 4 headers in 162 bytes (1 switches on core 0)
2026-02-24 21:05:19.373 7 WARNING neutron.scheduler.dhcp_agent_scheduler [None req-b7f1e226-f152-4588-85a9-43a271253afc a465412a287d4273bc3224a7a2d09a5f f3697417358b455ca1ae0ce3059560db - - default default] No more DHCP agents
2026-02-24 21:05:19.385 8 INFO neutron.db.ovn_revision_numbers_db [None req-f0f375cd-28a9-473f-af09-83d124eecb92 353fd3615dd54d44bacf7dd1ebff99c9 c28b101f9c6940af8074cc5b8db8cb7b - - default default] Successfully bumped revision number for resource 2b4b5825-5b85-4ad1-a048-639bacb22eb6 (type: security_group_rules) to 0
2026-02-24 21:05:19.385 7 WARNING neutron.api.rpc.agentnotifiers.dhcp_rpc_agent_api [None req-b7f1e226-f152-4588-85a9-43a271253afc a465412a287d4273bc3224a7a2d09a5f f3697417358b455ca1ae0ce3059560db - - default default] Unable to schedule network 1039998a-db0d-4d3c-a8a1-f367048cab29: no agents available; will retry on subsequent port and subnet creation events.
2026-02-24 21:05:19.403 7 WARNING neutron.plugins.ml2.drivers.ovn.mech_driver.ovsdb.ovn_client [None req-f343b43e-113d-4bff-a563-55ec9ee10360 - - - - - -] No hosting information found for port e13ecce4-835f-4fd7-af0b-d70f50213f03: RuntimeError: No hosting information found for port e13ecce4-835f-4fd7-af0b-d70f50213f03 [pid: 8|app: 0|req: 706/1375] 10.0.0.155 () {34 vars in 695 bytes} [Tue Feb 24 21:05:19 2026] POST /v2.0/security-group-rules => generated 597 bytes in 221 msecs (HTTP/1.1 201) 4 headers in 162 bytes (1 switches on core 0)
2026-02-24 21:05:19.460 7 INFO neutron.db.ovn_revision_numbers_db [None req-b7f1e226-f152-4588-85a9-43a271253afc a465412a287d4273bc3224a7a2d09a5f f3697417358b455ca1ae0ce3059560db - - default default] Successfully bumped revision number for resource 4e6604c3-8742-4980-9f25-7a8ce48dbbac (type: subnets) to 0 [pid: 7|app: 0|req: 670/1376] 10.0.0.155 () {34 vars in 669 bytes} [Tue Feb 24 21:05:19 2026] POST /v2.0/subnets => generated 646 bytes in 347 msecs (HTTP/1.1 201) 4 headers in 162 bytes (1 switches on core 0) [pid: 8|app: 0|req: 707/1377] 10.0.0.241 () {34 vars in 990 bytes} [Tue Feb 24 21:05:19 2026] GET /v2.0/ports?device_id=734a8f5e-0ec8-4fdc-ac36-09ef5cd211b5 => generated 969 bytes in 105 msecs (HTTP/1.1 200) 4 headers in 157 bytes (1 switches on core 0)
2026-02-24 21:05:19.541 7 INFO neutron.db.ovn_revision_numbers_db [None req-f343b43e-113d-4bff-a563-55ec9ee10360 - - - - - -] Successfully bumped revision number for resource e13ecce4-835f-4fd7-af0b-d70f50213f03 (type: router_ports) to 2
2026-02-24 21:05:19.541 7 INFO neutron.plugins.ml2.drivers.ovn.mech_driver.mech_driver [None req-f343b43e-113d-4bff-a563-55ec9ee10360 - - - - - -] OVN reports status down for port: 4d87c769-6691-4801-a109-78eb5121303e
2026-02-24 21:05:19.652 7 WARNING neutron.plugins.ml2.drivers.ovn.mech_driver.ovsdb.ovn_client [None req-f343b43e-113d-4bff-a563-55ec9ee10360 - - - - - -] Logical_Switch_Port 4d87c769-6691-4801-a109-78eb5121303e host information not removed, the port state is up
2026-02-24 21:05:19.701 8 WARNING neutron.scheduler.dhcp_agent_scheduler [None req-d6dea1b6-1d36-4cb5-b47f-37e96511a859 a465412a287d4273bc3224a7a2d09a5f f3697417358b455ca1ae0ce3059560db - - default default] No more DHCP agents
2026-02-24 21:05:19.702 8 WARNING neutron.api.rpc.agentnotifiers.dhcp_rpc_agent_api [None req-d6dea1b6-1d36-4cb5-b47f-37e96511a859 a465412a287d4273bc3224a7a2d09a5f f3697417358b455ca1ae0ce3059560db - - default default] Unable to schedule network 14ac9e7d-d0ae-43c8-bdd4-7819265b353f: no agents available; will retry on subsequent port and subnet creation events.
2026-02-24 21:05:19.738 8 INFO neutron.db.ovn_revision_numbers_db [None req-d6dea1b6-1d36-4cb5-b47f-37e96511a859 a465412a287d4273bc3224a7a2d09a5f f3697417358b455ca1ae0ce3059560db - - default default] Successfully bumped revision number for resource aa22484a-a842-4d81-a963-b22f34f01216 (type: subnets) to 0 [pid: 8|app: 0|req: 708/1378] 10.0.0.155 () {34 vars in 669 bytes} [Tue Feb 24 21:05:19 2026] POST /v2.0/subnets => generated 655 bytes in 224 msecs (HTTP/1.1 201) 4 headers in 162 bytes (1 switches on core 0)
2026-02-24 21:05:19.770 7 INFO neutron.plugins.ml2.drivers.ovn.mech_driver.mech_driver [None req-f343b43e-113d-4bff-a563-55ec9ee10360 - - - - - -] OVN reports status up for port: 4d87c769-6691-4801-a109-78eb5121303e [pid: 8|app: 0|req: 709/1379] 10.0.0.241 () {34 vars in 1040 bytes} [Tue Feb 24 21:05:19 2026] GET /v2.0/security-groups?id=2fb92e22-3ee3-4d6f-a7a9-96d37d3aa2d8&fields=id&fields=name => generated 113 bytes in 32 msecs (HTTP/1.1 200) 4 headers in 157 bytes (1 switches on core 0)
2026-02-24 21:05:19.786 7 INFO neutron.db.ovn_revision_numbers_db [None req-8e910367-168f-43d2-b570-56d32976f7e1 353fd3615dd54d44bacf7dd1ebff99c9 c28b101f9c6940af8074cc5b8db8cb7b - - default default] Successfully bumped revision number for resource eed08139-2908-4615-bca3-ad852a376add (type: security_group_rules) to 0
2026-02-24 21:05:19.789 7 INFO neutron.plugins.ml2.plugin [None req-f343b43e-113d-4bff-a563-55ec9ee10360 - - - - - -] Attempt 1 to provision port 4d87c769-6691-4801-a109-78eb5121303e [pid: 7|app: 0|req: 671/1380] 10.0.0.155 () {34 vars in 695 bytes} [Tue Feb 24 21:05:19 2026] POST /v2.0/security-group-rules => generated 599 bytes in 349 msecs (HTTP/1.1 201) 4 headers in 162 bytes (1 switches on core 0)
2026-02-24 21:05:19.927 8 WARNING neutron.scheduler.dhcp_agent_scheduler [None req-205b05c4-56b7-46d4-a8e7-fb9c4e31e1ba 936beb51cfb3404f9c54a1177afe8326 0f3e00990a924373b387c677419c1114 - - default default] No more DHCP agents
2026-02-24 21:05:19.928 8 WARNING neutron.api.rpc.agentnotifiers.dhcp_rpc_agent_api [None req-205b05c4-56b7-46d4-a8e7-fb9c4e31e1ba 936beb51cfb3404f9c54a1177afe8326 0f3e00990a924373b387c677419c1114 - - default default] Unable to schedule network c43cbe97-15ed-46d3-aa3a-03ef41eb57cc: no agents available; will retry on subsequent port and subnet creation events.
2026-02-24 21:05:19.969 8 INFO neutron.db.ovn_revision_numbers_db [None req-205b05c4-56b7-46d4-a8e7-fb9c4e31e1ba 936beb51cfb3404f9c54a1177afe8326 0f3e00990a924373b387c677419c1114 - - default default] Successfully bumped revision number for resource b9ee04b5-6e1f-404c-ba22-b369a7087eb1 (type: subnets) to 0 [pid: 8|app: 0|req: 710/1381] 10.0.0.155 () {34 vars in 669 bytes} [Tue Feb 24 21:05:19 2026] POST /v2.0/subnets => generated 673 bytes in 208 msecs (HTTP/1.1 201) 4 headers in 162 bytes (1 switches on core 0)
2026-02-24 21:05:20.059 7 INFO neutron.db.ovn_revision_numbers_db [None req-2cb9ae1e-7c14-4175-af41-2e738c5d6a6b a465412a287d4273bc3224a7a2d09a5f f3697417358b455ca1ae0ce3059560db - - default default] Successfully bumped revision number for resource 9d3cf05c-f25d-47ec-987d-7ad99bf34cbd (type: routers) to 1 [pid: 7|app: 0|req: 672/1382] 10.0.0.155 () {34 vars in 669 bytes} [Tue Feb 24 21:05:19 2026] POST /v2.0/routers => generated 607 bytes in 240 msecs (HTTP/1.1 201) 4 headers in 162 bytes (1 switches on core 0)
2026-02-24 21:05:20.192 8 INFO neutron.db.ovn_revision_numbers_db [None req-abe54850-1180-485a-9921-b06dd36397e5 353fd3615dd54d44bacf7dd1ebff99c9 c28b101f9c6940af8074cc5b8db8cb7b - - default default] Successfully bumped revision number for resource 4f0d9e36-5b52-408f-b5fd-d8416bf426a3 (type: security_group_rules) to 0
