2026-02-24 21:10:55.819 7 INFO neutron.db.ovn_revision_numbers_db [None req-0a56dc24-0dd3-4ee7-a592-50f65f916ebf 88b3f1a68b7d41579c49a3df07ae5316 064ed59a626048458465789d54281a94 - - default default] Successfully bumped revision number for resource 95d7635d-9b3c-4949-ace1-c0ebe0380dca (type: security_group_rules) to 0
2026-02-24 21:10:55.831 7 INFO neutron.db.ovn_revision_numbers_db [None req-0a56dc24-0dd3-4ee7-a592-50f65f916ebf 88b3f1a68b7d41579c49a3df07ae5316 064ed59a626048458465789d54281a94 - - default default] Successfully bumped revision number for resource a95fc6e5-0b8b-407c-9cf4-7e90649f4a51 (type: security_group_rules) to 0 [pid: 7|app: 0|req: 1699/3622] 10.0.0.155 () {32 vars in 774 bytes} [Tue Feb 24 21:10:55 2026] GET /v2.0/security-groups?tenant_id=47acca1f45f6419cb485ced0c06399ea&name=default => generated 2929 bytes in 240 msecs (HTTP/1.1 200) 4 headers in 158 bytes (1 switches on core 0) [pid: 8|app: 0|req: 1924/3623] 10.0.0.155 () {32 vars in 740 bytes} [Tue Feb 24 21:10:55 2026] DELETE /v2.0/security-groups/38def895-975a-4f62-a001-bfd6ab08b656 => generated 0 bytes in 271 msecs (HTTP/1.1 204) 2 headers in 112 bytes (1 switches on core 0)
2026-02-24 21:11:00.325 7 INFO neutron.db.ovn_revision_numbers_db [None req-dce15f61-076b-4c4f-bb34-f89bcc5c1d5c 352fb09b53c44028bc040af85151766f 14e12bd9901b4a469461e121bf085ccc - - default default] Successfully bumped revision number for resource 722bae26-dec2-4a38-92ba-97a146fb53d1 (type: security_groups) to 1
2026-02-24 21:11:00.335 7 INFO neutron.db.ovn_revision_numbers_db [None req-dce15f61-076b-4c4f-bb34-f89bcc5c1d5c 352fb09b53c44028bc040af85151766f 14e12bd9901b4a469461e121bf085ccc - - default default] Successfully bumped revision number for resource 0315a779-a3b3-4938-979d-6cdf54d5a3fc (type: security_group_rules) to 0
2026-02-24 21:11:00.346 7 INFO neutron.db.ovn_revision_numbers_db [None req-dce15f61-076b-4c4f-bb34-f89bcc5c1d5c 352fb09b53c44028bc040af85151766f 14e12bd9901b4a469461e121bf085ccc - - default default] Successfully bumped revision number for resource b43a38ef-bd13-4827-9335-8c68546b1b79 (type: security_group_rules) to 0
2026-02-24 21:11:00.359 7 INFO neutron.db.ovn_revision_numbers_db [None req-dce15f61-076b-4c4f-bb34-f89bcc5c1d5c 352fb09b53c44028bc040af85151766f 14e12bd9901b4a469461e121bf085ccc - - default default] Successfully bumped revision number for resource f946ba07-b581-4c57-97de-a13e92cdcc66 (type: security_group_rules) to 0
2026-02-24 21:11:00.369 7 INFO neutron.db.ovn_revision_numbers_db [None req-dce15f61-076b-4c4f-bb34-f89bcc5c1d5c 352fb09b53c44028bc040af85151766f 14e12bd9901b4a469461e121bf085ccc - - default default] Successfully bumped revision number for resource faf22dfb-b07b-4f95-a812-c7567698d0a7 (type: security_group_rules) to 0
2026-02-24 21:11:00.432 7 INFO neutron.db.segments_db [None req-dce15f61-076b-4c4f-bb34-f89bcc5c1d5c 352fb09b53c44028bc040af85151766f 14e12bd9901b4a469461e121bf085ccc - - default default] Added segment 4bc3f9d5-9746-46b8-8153-4a7835c46aa1 of type geneve for network de1207e1-2764-4637-bab0-b99561c9e0eb
2026-02-24 21:11:00.543 7 INFO neutron.db.ovn_revision_numbers_db [None req-dce15f61-076b-4c4f-bb34-f89bcc5c1d5c 352fb09b53c44028bc040af85151766f 14e12bd9901b4a469461e121bf085ccc - - default default] Successfully bumped revision number for resource de1207e1-2764-4637-bab0-b99561c9e0eb (type: networks) to 1
2026-02-24 21:11:00.726 7 WARNING neutron.scheduler.dhcp_agent_scheduler [None req-dce15f61-076b-4c4f-bb34-f89bcc5c1d5c 352fb09b53c44028bc040af85151766f 14e12bd9901b4a469461e121bf085ccc - - default default] No more DHCP agents
2026-02-24 21:11:00.727 7 WARNING neutron.api.rpc.agentnotifiers.dhcp_rpc_agent_api [None req-dce15f61-076b-4c4f-bb34-f89bcc5c1d5c 352fb09b53c44028bc040af85151766f 14e12bd9901b4a469461e121bf085ccc - - default default] Unable to schedule network de1207e1-2764-4637-bab0-b99561c9e0eb: no agents available; will retry on subsequent port and subnet creation events.
2026-02-24 21:11:00.793 7 INFO neutron.plugins.ml2.drivers.ovn.mech_driver.mech_driver [None req-9fe25e0a-fa83-4508-9b10-68231743d2a2 - - - - - -] OVN reports status down for port: a3415d1b-8479-403d-b792-43f21e90973a
2026-02-24 21:11:00.866 7 INFO neutron.db.ovn_revision_numbers_db [None req-dce15f61-076b-4c4f-bb34-f89bcc5c1d5c 352fb09b53c44028bc040af85151766f 14e12bd9901b4a469461e121bf085ccc - - default default] Successfully bumped revision number for resource a3415d1b-8479-403d-b792-43f21e90973a (type: ports) to 1 [pid: 7|app: 0|req: 1700/3624] 10.0.0.155 () {34 vars in 670 bytes} [Tue Feb 24 21:10:59 2026] POST /v2.0/networks => generated 631 bytes in 907 msecs (HTTP/1.1 201) 4 headers in 162 bytes (1 switches on core 0)
2026-02-24 21:11:01.114 8 WARNING neutron.scheduler.dhcp_agent_scheduler [None req-f9771eb7-25d6-4836-93f5-7b48bf24ecd5 352fb09b53c44028bc040af85151766f 14e12bd9901b4a469461e121bf085ccc - - default default] No more DHCP agents
2026-02-24 21:11:01.116 8 WARNING neutron.api.rpc.agentnotifiers.dhcp_rpc_agent_api [None req-f9771eb7-25d6-4836-93f5-7b48bf24ecd5 352fb09b53c44028bc040af85151766f 14e12bd9901b4a469461e121bf085ccc - - default default] Unable to schedule network de1207e1-2764-4637-bab0-b99561c9e0eb: no agents available; will retry on subsequent port and subnet creation events.
2026-02-24 21:11:01.193 7 INFO neutron.plugins.ml2.drivers.ovn.mech_driver.mech_driver [None req-9fe25e0a-fa83-4508-9b10-68231743d2a2 - - - - - -] OVN reports status down for port: bfff4f3a-377f-425b-973f-3e4fb2d92f32
2026-02-24 21:11:01.254 8 INFO neutron.db.ovn_revision_numbers_db [None req-f9771eb7-25d6-4836-93f5-7b48bf24ecd5 352fb09b53c44028bc040af85151766f 14e12bd9901b4a469461e121bf085ccc - - default default] Successfully bumped revision number for resource bfff4f3a-377f-425b-973f-3e4fb2d92f32 (type: ports) to 1 [pid: 8|app: 0|req: 1925/3625] 10.0.0.155 () {34 vars in 664 bytes} [Tue Feb 24 21:11:00 2026] POST /v2.0/ports => generated 743 bytes in 397 msecs (HTTP/1.1 201) 4 headers in 162 bytes (1 switches on core 0)
2026-02-24 21:11:01.391 7 INFO neutron.db.segments_db [None req-21ad1ffc-fecd-40ea-883c-b7984b03db1e 352fb09b53c44028bc040af85151766f 14e12bd9901b4a469461e121bf085ccc - - default default] Added segment f25d5718-6dbf-437b-ba79-0bcd761d1805 of type geneve for network 7ac8edbe-4790-4c31-b7b0-6ac4bb6877e1
2026-02-24 21:11:01.481 7 INFO neutron.db.ovn_revision_numbers_db [None req-21ad1ffc-fecd-40ea-883c-b7984b03db1e 352fb09b53c44028bc040af85151766f 14e12bd9901b4a469461e121bf085ccc - - default default] Successfully bumped revision number for resource 7ac8edbe-4790-4c31-b7b0-6ac4bb6877e1 (type: networks) to 1
2026-02-24 21:11:01.646 7 WARNING neutron.scheduler.dhcp_agent_scheduler [None req-21ad1ffc-fecd-40ea-883c-b7984b03db1e 352fb09b53c44028bc040af85151766f 14e12bd9901b4a469461e121bf085ccc - - default default] No more DHCP agents
2026-02-24 21:11:01.647 7 WARNING neutron.api.rpc.agentnotifiers.dhcp_rpc_agent_api [None req-21ad1ffc-fecd-40ea-883c-b7984b03db1e 352fb09b53c44028bc040af85151766f 14e12bd9901b4a469461e121bf085ccc - - default default] Unable to schedule network 7ac8edbe-4790-4c31-b7b0-6ac4bb6877e1: no agents available; will retry on subsequent port and subnet creation events.
2026-02-24 21:11:01.731 7 INFO neutron.plugins.ml2.drivers.ovn.mech_driver.mech_driver [None req-9fe25e0a-fa83-4508-9b10-68231743d2a2 - - - - - -] OVN reports status down for port: 11200b44-b259-4a06-94a9-e49189fad8d6
2026-02-24 21:11:01.793 7 INFO neutron.db.ovn_revision_numbers_db [None req-21ad1ffc-fecd-40ea-883c-b7984b03db1e 352fb09b53c44028bc040af85151766f 14e12bd9901b4a469461e121bf085ccc - - default default] Successfully bumped revision number for resource 11200b44-b259-4a06-94a9-e49189fad8d6 (type: ports) to 1 [pid: 7|app: 0|req: 1701/3626] 10.0.0.155 () {34 vars in 670 bytes} [Tue Feb 24 21:11:01 2026] POST /v2.0/networks => generated 631 bytes in 516 msecs (HTTP/1.1 201) 4 headers in 162 bytes (1 switches on core 0) /var/lib/openstack/lib/python3.12/site-packages/pycadf/identifier.py:70: UserWarning: Invalid uuid: neutron. To ensure interoperability, identifiers should be a valid uuid. warnings.warn(('Invalid uuid: %s. To ensure interoperability, '
2026-02-24 21:11:02.034 8 WARNING neutron.scheduler.dhcp_agent_scheduler [None req-a529176b-a68b-49a6-a5c4-a1621c2a2d27 352fb09b53c44028bc040af85151766f 14e12bd9901b4a469461e121bf085ccc - - default default] No more DHCP agents
2026-02-24 21:11:02.036 8 WARNING neutron.api.rpc.agentnotifiers.dhcp_rpc_agent_api [None req-a529176b-a68b-49a6-a5c4-a1621c2a2d27 352fb09b53c44028bc040af85151766f 14e12bd9901b4a469461e121bf085ccc - - default default] Unable to schedule network 7ac8edbe-4790-4c31-b7b0-6ac4bb6877e1: no agents available; will retry on subsequent port and subnet creation events.
2026-02-24 21:11:02.106 7 INFO neutron.plugins.ml2.drivers.ovn.mech_driver.mech_driver [None req-9fe25e0a-fa83-4508-9b10-68231743d2a2 - - - - - -] OVN reports status down for port: 17b20df8-2e2b-450d-b3df-160490e5cd65
2026-02-24 21:11:02.154 8 INFO neutron.db.ovn_revision_numbers_db [None req-a529176b-a68b-49a6-a5c4-a1621c2a2d27 352fb09b53c44028bc040af85151766f 14e12bd9901b4a469461e121bf085ccc - - default default] Successfully bumped revision number for resource 17b20df8-2e2b-450d-b3df-160490e5cd65 (type: ports) to 1 [pid: 8|app: 0|req: 1926/3627] 10.0.0.155 () {34 vars in 664 bytes} [Tue Feb 24 21:11:01 2026] POST /v2.0/ports => generated 743 bytes in 366 msecs (HTTP/1.1 201) 4 headers in 162 bytes (1 switches on core 0)
2026-02-24 21:11:02.286 7 INFO neutron.db.segments_db [None req-3d08cb96-19e8-403f-94b0-71de8d9ed6dc 352fb09b53c44028bc040af85151766f 14e12bd9901b4a469461e121bf085ccc - - default default] Added segment c8576ba5-4633-42fc-b5f1-820e72a967c5 of type geneve for network ffc3e955-33b1-42b3-b91b-54a63050625b
2026-02-24 21:11:02.411 7 INFO neutron.db.ovn_revision_numbers_db [None req-3d08cb96-19e8-403f-94b0-71de8d9ed6dc 352fb09b53c44028bc040af85151766f 14e12bd9901b4a469461e121bf085ccc - - default default] Successfully bumped revision number for resource ffc3e955-33b1-42b3-b91b-54a63050625b (type: networks) to 1
2026-02-24 21:11:02.555 7 WARNING neutron.scheduler.dhcp_agent_scheduler [None req-3d08cb96-19e8-403f-94b0-71de8d9ed6dc 352fb09b53c44028bc040af85151766f 14e12bd9901b4a469461e121bf085ccc - - default default] No more DHCP agents
2026-02-24 21:11:02.556 7 WARNING neutron.api.rpc.agentnotifiers.dhcp_rpc_agent_api [None req-3d08cb96-19e8-403f-94b0-71de8d9ed6dc 352fb09b53c44028bc040af85151766f 14e12bd9901b4a469461e121bf085ccc - - default default] Unable to schedule network ffc3e955-33b1-42b3-b91b-54a63050625b: no agents available; will retry on subsequent port and subnet creation events.
2026-02-24 21:11:02.627 7 INFO neutron.plugins.ml2.drivers.ovn.mech_driver.mech_driver [None req-9fe25e0a-fa83-4508-9b10-68231743d2a2 - - - - - -] OVN reports status down for port: 882397ed-4d1c-4399-9301-35c8115e03d3
2026-02-24 21:11:02.688 7 INFO neutron.db.ovn_revision_numbers_db [None req-3d08cb96-19e8-403f-94b0-71de8d9ed6dc 352fb09b53c44028bc040af85151766f 14e12bd9901b4a469461e121bf085ccc - - default default] Successfully bumped revision number for resource 882397ed-4d1c-4399-9301-35c8115e03d3 (type: ports) to 1 [pid: 7|app: 0|req: 1702/3628] 10.0.0.155 () {34 vars in 670 bytes} [Tue Feb 24 21:11:02 2026] POST /v2.0/networks => generated 632 bytes in 519 msecs (HTTP/1.1 201) 4 headers in 162 bytes (1 switches on core 0) /var/lib/openstack/lib/python3.12/site-packages/pycadf/identifier.py:70: UserWarning: Invalid uuid: neutron. To ensure interoperability, identifiers should be a valid uuid. warnings.warn(('Invalid uuid: %s. To ensure interoperability, '
2026-02-24 21:11:02.933 8 WARNING neutron.scheduler.dhcp_agent_scheduler [None req-3b4bcc0b-c603-4933-942d-2caeb4660f2b 352fb09b53c44028bc040af85151766f 14e12bd9901b4a469461e121bf085ccc - - default default] No more DHCP agents
2026-02-24 21:11:02.934 8 WARNING neutron.api.rpc.agentnotifiers.dhcp_rpc_agent_api [None req-3b4bcc0b-c603-4933-942d-2caeb4660f2b 352fb09b53c44028bc040af85151766f 14e12bd9901b4a469461e121bf085ccc - - default default] Unable to schedule network ffc3e955-33b1-42b3-b91b-54a63050625b: no agents available; will retry on subsequent port and subnet creation events.
2026-02-24 21:11:03.003 7 INFO neutron.plugins.ml2.drivers.ovn.mech_driver.mech_driver [None req-9fe25e0a-fa83-4508-9b10-68231743d2a2 - - - - - -] OVN reports status down for port: 7c928ecc-b3c7-4644-84c8-3f62defed493
2026-02-24 21:11:03.055 8 INFO neutron.db.ovn_revision_numbers_db [None req-3b4bcc0b-c603-4933-942d-2caeb4660f2b 352fb09b53c44028bc040af85151766f 14e12bd9901b4a469461e121bf085ccc - - default default] Successfully bumped revision number for resource 7c928ecc-b3c7-4644-84c8-3f62defed493 (type: ports) to 1 [pid: 8|app: 0|req: 1927/3629] 10.0.0.155 () {34 vars in 664 bytes} [Tue Feb 24 21:11:02 2026] POST /v2.0/ports => generated 743 bytes in 364 msecs (HTTP/1.1 201) 4 headers in 162 bytes (1 switches on core 0)
2026-02-24 21:11:03.193 7 INFO neutron.db.segments_db [None req-3b053186-962c-4209-ba80-4103b9a747a6 352fb09b53c44028bc040af85151766f 14e12bd9901b4a469461e121bf085ccc - - default default] Added segment 6eec5283-ae30-41f1-8a3a-f9f9ee4567e0 of type geneve for network ee29bcbc-dcef-4d8a-8407-6d485dbf1390
2026-02-24 21:11:03.308 7 INFO neutron.db.ovn_revision_numbers_db [None req-3b053186-962c-4209-ba80-4103b9a747a6 352fb09b53c44028bc040af85151766f 14e12bd9901b4a469461e121bf085ccc - - default default] Successfully bumped revision number for resource ee29bcbc-dcef-4d8a-8407-6d485dbf1390 (type: networks) to 1
2026-02-24 21:11:03.470 7 WARNING neutron.scheduler.dhcp_agent_scheduler [None req-3b053186-962c-4209-ba80-4103b9a747a6 352fb09b53c44028bc040af85151766f 14e12bd9901b4a469461e121bf085ccc - - default default] No more DHCP agents
2026-02-24 21:11:03.473 7 WARNING neutron.api.rpc.agentnotifiers.dhcp_rpc_agent_api [None req-3b053186-962c-4209-ba80-4103b9a747a6 352fb09b53c44028bc040af85151766f 14e12bd9901b4a469461e121bf085ccc - - default default] Unable to schedule network ee29bcbc-dcef-4d8a-8407-6d485dbf1390: no agents available; will retry on subsequent port and subnet creation events.
2026-02-24 21:11:03.545 7 INFO neutron.plugins.ml2.drivers.ovn.mech_driver.mech_driver [None req-9fe25e0a-fa83-4508-9b10-68231743d2a2 - - - - - -] OVN reports status down for port: 9eb49a0f-e1c6-43e5-b199-b70bb2696aae
2026-02-24 21:11:03.600 7 INFO neutron.db.ovn_revision_numbers_db [None req-3b053186-962c-4209-ba80-4103b9a747a6 352fb09b53c44028bc040af85151766f 14e12bd9901b4a469461e121bf085ccc - - default default] Successfully bumped revision number for resource 9eb49a0f-e1c6-43e5-b199-b70bb2696aae (type: ports) to 1 [pid: 7|app: 0|req: 1703/3630] 10.0.0.155 () {34 vars in 670 bytes} [Tue Feb 24 21:11:03 2026] POST /v2.0/networks => generated 632 bytes in 547 msecs (HTTP/1.1 201) 4 headers in 162 bytes (1 switches on core 0) /var/lib/openstack/lib/python3.12/site-packages/pycadf/identifier.py:70: UserWarning: Invalid uuid: neutron. To ensure interoperability, identifiers should be a valid uuid. warnings.warn(('Invalid uuid: %s. To ensure interoperability, '
2026-02-24 21:11:03.867 8 WARNING neutron.scheduler.dhcp_agent_scheduler [None req-7ee80bf6-2945-4cb4-bcfb-56362ff13c1b 352fb09b53c44028bc040af85151766f 14e12bd9901b4a469461e121bf085ccc - - default default] No more DHCP agents
2026-02-24 21:11:03.868 8 WARNING neutron.api.rpc.agentnotifiers.dhcp_rpc_agent_api [None req-7ee80bf6-2945-4cb4-bcfb-56362ff13c1b 352fb09b53c44028bc040af85151766f 14e12bd9901b4a469461e121bf085ccc - - default default] Unable to schedule network ee29bcbc-dcef-4d8a-8407-6d485dbf1390: no agents available; will retry on subsequent port and subnet creation events.
2026-02-24 21:11:03.935 7 INFO neutron.plugins.ml2.drivers.ovn.mech_driver.mech_driver [None req-9fe25e0a-fa83-4508-9b10-68231743d2a2 - - - - - -] OVN reports status down for port: 46076372-c7b2-4c9c-b2d2-876569dbd112
2026-02-24 21:11:03.980 8 INFO neutron.db.ovn_revision_numbers_db [None req-7ee80bf6-2945-4cb4-bcfb-56362ff13c1b 352fb09b53c44028bc040af85151766f 14e12bd9901b4a469461e121bf085ccc - - default default] Successfully bumped revision number for resource 46076372-c7b2-4c9c-b2d2-876569dbd112 (type: ports) to 1 [pid: 8|app: 0|req: 1928/3631] 10.0.0.155 () {34 vars in 664 bytes} [Tue Feb 24 21:11:03 2026] POST /v2.0/ports => generated 743 bytes in 371 msecs (HTTP/1.1 201) 4 headers in 162 bytes (1 switches on core 0)
2026-02-24 21:11:04.111 7 INFO neutron.db.segments_db [None req-588dda53-dbdc-4fe2-8b4e-229bf684a61e 352fb09b53c44028bc040af85151766f 14e12bd9901b4a469461e121bf085ccc - - default default] Added segment 35d4da19-17dc-410e-9388-6fd175e30540 of type geneve for network f24d7002-fb23-4053-bc37-08308606e537
2026-02-24 21:11:04.219 7 INFO neutron.db.ovn_revision_numbers_db [None req-588dda53-dbdc-4fe2-8b4e-229bf684a61e 352fb09b53c44028bc040af85151766f 14e12bd9901b4a469461e121bf085ccc - - default default] Successfully bumped revision number for resource f24d7002-fb23-4053-bc37-08308606e537 (type: networks) to 1
2026-02-24 21:11:04.387 7 WARNING neutron.scheduler.dhcp_agent_scheduler [None req-588dda53-dbdc-4fe2-8b4e-229bf684a61e 352fb09b53c44028bc040af85151766f 14e12bd9901b4a469461e121bf085ccc - - default default] No more DHCP agents
2026-02-24 21:11:04.389 7 WARNING neutron.api.rpc.agentnotifiers.dhcp_rpc_agent_api [None req-588dda53-dbdc-4fe2-8b4e-229bf684a61e 352fb09b53c44028bc040af85151766f 14e12bd9901b4a469461e121bf085ccc - - default default] Unable to schedule network f24d7002-fb23-4053-bc37-08308606e537: no agents available; will retry on subsequent port and subnet creation events.
2026-02-24 21:11:04.456 7 INFO neutron.plugins.ml2.drivers.ovn.mech_driver.mech_driver [None req-9fe25e0a-fa83-4508-9b10-68231743d2a2 - - - - - -] OVN reports status down for port: 26b9b89c-f42f-4e58-8bec-675b6ade5f7a
2026-02-24 21:11:04.514 7 INFO neutron.db.ovn_revision_numbers_db [None req-588dda53-dbdc-4fe2-8b4e-229bf684a61e 352fb09b53c44028bc040af85151766f 14e12bd9901b4a469461e121bf085ccc - - default default] Successfully bumped revision number for resource 26b9b89c-f42f-4e58-8bec-675b6ade5f7a (type: ports) to 1 [pid: 7|app: 0|req: 1704/3632] 10.0.0.155 () {34 vars in 670 bytes} [Tue Feb 24 21:11:04 2026] POST /v2.0/networks => generated 631 bytes in 525 msecs (HTTP/1.1 201) 4 headers in 162 bytes (1 switches on core 0) /var/lib/openstack/lib/python3.12/site-packages/pycadf/identifier.py:70: UserWarning: Invalid uuid: neutron. To ensure interoperability, identifiers should be a valid uuid. warnings.warn(('Invalid uuid: %s. To ensure interoperability, '
2026-02-24 21:11:04.760 8 WARNING neutron.scheduler.dhcp_agent_scheduler [None req-4bb410b3-0f18-4fbc-98aa-2647993c4b4f 352fb09b53c44028bc040af85151766f 14e12bd9901b4a469461e121bf085ccc - - default default] No more DHCP agents
2026-02-24 21:11:04.761 8 WARNING neutron.api.rpc.agentnotifiers.dhcp_rpc_agent_api [None req-4bb410b3-0f18-4fbc-98aa-2647993c4b4f 352fb09b53c44028bc040af85151766f 14e12bd9901b4a469461e121bf085ccc - - default default] Unable to schedule network f24d7002-fb23-4053-bc37-08308606e537: no agents available; will retry on subsequent port and subnet creation events.
2026-02-24 21:11:04.829 7 INFO neutron.plugins.ml2.drivers.ovn.mech_driver.mech_driver [None req-9fe25e0a-fa83-4508-9b10-68231743d2a2 - - - - - -] OVN reports status down for port: 10c2cc30-60fa-4a54-ac55-2188d7aa49ca
2026-02-24 21:11:04.877 8 INFO neutron.db.ovn_revision_numbers_db [None req-4bb410b3-0f18-4fbc-98aa-2647993c4b4f 352fb09b53c44028bc040af85151766f 14e12bd9901b4a469461e121bf085ccc - - default default] Successfully bumped revision number for resource 10c2cc30-60fa-4a54-ac55-2188d7aa49ca (type: ports) to 1 [pid: 8|app: 0|req: 1929/3633] 10.0.0.155 () {34 vars in 664 bytes} [Tue Feb 24 21:11:04 2026] POST /v2.0/ports => generated 743 bytes in 352 msecs (HTTP/1.1 201) 4 headers in 162 bytes (1 switches on core 0) [pid: 7|app: 0|req: 1705/3634] 10.0.0.155 () {34 vars in 747 bytes} [Tue Feb 24 21:11:04 2026] PUT /v2.0/ports/bfff4f3a-377f-425b-973f-3e4fb2d92f32/tags => generated 17 bytes in 72 msecs (HTTP/1.1 200) 4 headers in 156 bytes (1 switches on core 0) /var/lib/openstack/lib/python3.12/site-packages/pycadf/identifier.py:70: UserWarning: Invalid uuid: neutron. To ensure interoperability, identifiers should be a valid uuid. warnings.warn(('Invalid uuid: %s. To ensure interoperability, ' [pid: 8|app: 0|req: 1930/3635] 10.0.0.155 () {34 vars in 747 bytes} [Tue Feb 24 21:11:05 2026] PUT /v2.0/ports/17b20df8-2e2b-450d-b3df-160490e5cd65/tags => generated 25 bytes in 62 msecs (HTTP/1.1 200) 4 headers in 156 bytes (1 switches on core 0) /var/lib/openstack/lib/python3.12/site-packages/pycadf/identifier.py:70: UserWarning: Invalid uuid: neutron. To ensure interoperability, identifiers should be a valid uuid. warnings.warn(('Invalid uuid: %s. To ensure interoperability, ' [pid: 7|app: 0|req: 1706/3636] 10.0.0.155 () {34 vars in 747 bytes} [Tue Feb 24 21:11:05 2026] PUT /v2.0/ports/7c928ecc-b3c7-4644-84c8-3f62defed493/tags => generated 34 bytes in 66 msecs (HTTP/1.1 200) 4 headers in 156 bytes (1 switches on core 0) /var/lib/openstack/lib/python3.12/site-packages/pycadf/identifier.py:70: UserWarning: Invalid uuid: neutron. To ensure interoperability, identifiers should be a valid uuid. warnings.warn(('Invalid uuid: %s. To ensure interoperability, ' [pid: 8|app: 0|req: 1931/3637] 10.0.0.155 () {34 vars in 747 bytes} [Tue Feb 24 21:11:05 2026] PUT /v2.0/ports/46076372-c7b2-4c9c-b2d2-876569dbd112/tags => generated 19 bytes in 52 msecs (HTTP/1.1 200) 4 headers in 156 bytes (1 switches on core 0) /var/lib/openstack/lib/python3.12/site-packages/pycadf/identifier.py:70: UserWarning: Invalid uuid: neutron. To ensure interoperability, identifiers should be a valid uuid. warnings.warn(('Invalid uuid: %s. To ensure interoperability, ' [pid: 7|app: 0|req: 1707/3638] 10.0.0.155 () {32 vars in 660 bytes} [Tue Feb 24 21:11:05 2026] GET /v2.0/ports?tags=red => generated 2253 bytes in 144 msecs (HTTP/1.1 200) 4 headers in 158 bytes (1 switches on core 0) /var/lib/openstack/lib/python3.12/site-packages/pycadf/identifier.py:70: UserWarning: Invalid uuid: neutron. To ensure interoperability, identifiers should be a valid uuid. warnings.warn(('Invalid uuid: %s. To ensure interoperability, ' [pid: 8|app: 0|req: 1932/3639] 10.0.0.155 () {32 vars in 674 bytes} [Tue Feb 24 21:11:05 2026] GET /v2.0/ports?tags=red%2Cblue => generated 1513 bytes in 76 msecs (HTTP/1.1 200) 4 headers in 158 bytes (1 switches on core 0) [pid: 7|app: 0|req: 1708/3640] 10.0.0.155 () {32 vars in 670 bytes} [Tue Feb 24 21:11:05 2026] GET /v2.0/ports?tags-any=blue => generated 1513 bytes in 59 msecs (HTTP/1.1 200) 4 headers in 158 bytes (1 switches on core 0) [pid: 8|app: 0|req: 1933/3641] 10.0.0.155 () {32 vars in 682 bytes} [Tue Feb 24 21:11:05 2026] GET /v2.0/ports?tags-any=red%2Cblue => generated 2253 bytes in 61 msecs (HTTP/1.1 200) 4 headers in 158 bytes (1 switches on core 0) [pid: 7|app: 0|req: 1709/3642] 10.0.0.155 () {32 vars in 668 bytes} [Tue Feb 24 21:11:05 2026] GET /v2.0/ports?not-tags=red => generated 5268 bytes in 129 msecs (HTTP/1.1 200) 4 headers in 158 bytes (1 switches on core 0) [pid: 8|app: 0|req: 1934/3643] 10.0.0.155 () {32 vars in 682 bytes} [Tue Feb 24 21:11:05 2026] GET /v2.0/ports?not-tags=red%2Cblue => generated 6008 bytes in 97 msecs (HTTP/1.1 200) 4 headers in 158 bytes (1 switches on core 0) [pid: 7|app: 0|req: 1710/3644] 10.0.0.155 () {32 vars in 678 bytes} [Tue Feb 24 21:11:05 2026] GET /v2.0/ports?not-tags-any=blue => generated 6008 bytes in 84 msecs (HTTP/1.1 200) 4 headers in 158 bytes (1 switches on core 0) [pid: 8|app: 0|req: 1935/3645] 10.0.0.155 () {32 vars in 690 bytes} [Tue Feb 24 21:11:05 2026] GET /v2.0/ports?not-tags-any=red%2Cblue => generated 5268 bytes in 96 msecs (HTTP/1.1 200) 4 headers in 158 bytes (1 switches on core 0)
2026-02-24 21:11:06.097 7 INFO neutron_taas.services.taas.taas_plugin [None req-513fe2c3-aab9-4bc9-8e43-204988cbc62c 352fb09b53c44028bc040af85151766f 14e12bd9901b4a469461e121bf085ccc - - default default] TaaS: Handle Delete Port: bfff4f3a-377f-425b-973f-3e4fb2d92f32
2026-02-24 21:11:06.100 7 INFO neutron_taas.services.taas.tap_mirror_plugin [None req-513fe2c3-aab9-4bc9-8e43-204988cbc62c 352fb09b53c44028bc040af85151766f 14e12bd9901b4a469461e121bf085ccc - - default default] Tap Mirror: Handle Delete Port: bfff4f3a-377f-425b-973f-3e4fb2d92f32 [pid: 7|app: 0|req: 1711/3646] 10.0.0.155 () {32 vars in 720 bytes} [Tue Feb 24 21:11:05 2026] DELETE /v2.0/ports/bfff4f3a-377f-425b-973f-3e4fb2d92f32 => generated 0 bytes in 246 msecs (HTTP/1.1 204) 3 headers in 131 bytes (1 switches on core 0)
2026-02-24 21:11:06.346 8 INFO neutron_taas.services.taas.taas_plugin [None req-cd9455fa-6dc9-48ec-a1d3-ba6f7a6e87fe 352fb09b53c44028bc040af85151766f 14e12bd9901b4a469461e121bf085ccc - - default default] TaaS: Handle Delete Port: 17b20df8-2e2b-450d-b3df-160490e5cd65
2026-02-24 21:11:06.350 8 INFO neutron_taas.services.taas.tap_mirror_plugin [None req-cd9455fa-6dc9-48ec-a1d3-ba6f7a6e87fe 352fb09b53c44028bc040af85151766f 14e12bd9901b4a469461e121bf085ccc - - default default] Tap Mirror: Handle Delete Port: 17b20df8-2e2b-450d-b3df-160490e5cd65 [pid: 8|app: 0|req: 1936/3647] 10.0.0.155 () {32 vars in 720 bytes} [Tue Feb 24 21:11:06 2026] DELETE /v2.0/ports/17b20df8-2e2b-450d-b3df-160490e5cd65 => generated 0 bytes in 255 msecs (HTTP/1.1 204) 3 headers in 131 bytes (1 switches on core 0)
2026-02-24 21:11:06.627 7 INFO neutron_taas.services.taas.taas_plugin [None req-e46e34da-7e02-4d34-b2b9-cd98534fccb6 352fb09b53c44028bc040af85151766f 14e12bd9901b4a469461e121bf085ccc - - default default] TaaS: Handle Delete Port: 7c928ecc-b3c7-4644-84c8-3f62defed493
2026-02-24 21:11:06.631 7 INFO neutron_taas.services.taas.tap_mirror_plugin [None req-e46e34da-7e02-4d34-b2b9-cd98534fccb6 352fb09b53c44028bc040af85151766f 14e12bd9901b4a469461e121bf085ccc - - default default] Tap Mirror: Handle Delete Port: 7c928ecc-b3c7-4644-84c8-3f62defed493 [pid: 7|app: 0|req: 1712/3648] 10.0.0.155 () {32 vars in 720 bytes} [Tue Feb 24 21:11:06 2026] DELETE /v2.0/ports/7c928ecc-b3c7-4644-84c8-3f62defed493 => generated 0 bytes in 269 msecs (HTTP/1.1 204) 3 headers in 131 bytes (1 switches on core 0)
2026-02-24 21:11:06.882 8 INFO neutron_taas.services.taas.taas_plugin [None req-352fa33c-f86e-4355-b439-54ccd4ede177 352fb09b53c44028bc040af85151766f 14e12bd9901b4a469461e121bf085ccc - - default default] TaaS: Handle Delete Port: 46076372-c7b2-4c9c-b2d2-876569dbd112
2026-02-24 21:11:06.884 8 INFO neutron_taas.services.taas.tap_mirror_plugin [None req-352fa33c-f86e-4355-b439-54ccd4ede177 352fb09b53c44028bc040af85151766f 14e12bd9901b4a469461e121bf085ccc - - default default] Tap Mirror: Handle Delete Port: 46076372-c7b2-4c9c-b2d2-876569dbd112 [pid: 8|app: 0|req: 1937/3649] 10.0.0.155 () {32 vars in 720 bytes} [Tue Feb 24 21:11:06 2026] DELETE /v2.0/ports/46076372-c7b2-4c9c-b2d2-876569dbd112 => generated 0 bytes in 241 msecs (HTTP/1.1 204) 3 headers in 131 bytes (1 switches on core 0)
2026-02-24 21:11:07.136 7 INFO neutron_taas.services.taas.taas_plugin [None req-6594ab83-b4d9-43f6-be55-edb900efc606 352fb09b53c44028bc040af85151766f 14e12bd9901b4a469461e121bf085ccc - - default default] TaaS: Handle Delete Port: 10c2cc30-60fa-4a54-ac55-2188d7aa49ca
2026-02-24 21:11:07.139 7 INFO neutron_taas.services.taas.tap_mirror_plugin [None req-6594ab83-b4d9-43f6-be55-edb900efc606 352fb09b53c44028bc040af85151766f 14e12bd9901b4a469461e121bf085ccc - - default default] Tap Mirror: Handle Delete Port: 10c2cc30-60fa-4a54-ac55-2188d7aa49ca [pid: 7|app: 0|req: 1713/3650] 10.0.0.155 () {32 vars in 720 bytes} [Tue Feb 24 21:11:07 2026] DELETE /v2.0/ports/10c2cc30-60fa-4a54-ac55-2188d7aa49ca => generated 0 bytes in 251 msecs (HTTP/1.1 204) 3 headers in 131 bytes (1 switches on core 0)
2026-02-24 21:11:07.415 8 INFO neutron_taas.services.taas.taas_plugin [None req-64cc0ac7-578b-41af-b6ad-cc1950d99362 352fb09b53c44028bc040af85151766f 14e12bd9901b4a469461e121bf085ccc - - default default] TaaS: Handle Delete Port: a3415d1b-8479-403d-b792-43f21e90973a
2026-02-24 21:11:07.418 8 INFO neutron_taas.services.taas.tap_mirror_plugin [None req-64cc0ac7-578b-41af-b6ad-cc1950d99362 352fb09b53c44028bc040af85151766f 14e12bd9901b4a469461e121bf085ccc - - default default] Tap Mirror: Handle Delete Port: a3415d1b-8479-403d-b792-43f21e90973a
2026-02-24 21:11:07.613 8 INFO neutron.services.segments.plugin [-] Segment 4bc3f9d5-9746-46b8-8153-4a7835c46aa1 resource provider aggregate not found
2026-02-24 21:11:07.622 8 INFO neutron.services.segments.plugin [-] Segment 4bc3f9d5-9746-46b8-8153-4a7835c46aa1 resource provider aggregate not found
2026-02-24 21:11:07.631 8 INFO neutron.services.segments.plugin [-] Segment 4bc3f9d5-9746-46b8-8153-4a7835c46aa1 resource provider not found; error: Placement Client Error (4xx): {"errors": [{"status": 404, "title": "Not Found", "detail": "The resource could not be found.\n\n No resource provider with uuid 4bc3f9d5-9746-46b8-8153-4a7835c46aa1 found for delete ", "request_id": "req-a08f1351-b268-4b7f-af2e-bfcc9729a2ac"}]}
2026-02-24 21:11:07.640 8 INFO neutron.services.segments.plugin [-] Segment 4bc3f9d5-9746-46b8-8153-4a7835c46aa1 resource provider not found; error: Placement Client Error (4xx): {"errors": [{"status": 404, "title": "Not Found", "detail": "The resource could not be found.\n\n No resource provider with uuid 4bc3f9d5-9746-46b8-8153-4a7835c46aa1 found for delete ", "request_id": "req-c37784fc-803c-4bab-940b-180ffdadddb5"}]} [pid: 8|app: 0|req: 1938/3651] 10.0.0.155 () {32 vars in 726 bytes} [Tue Feb 24 21:11:07 2026] DELETE /v2.0/networks/de1207e1-2764-4637-bab0-b99561c9e0eb => generated 0 bytes in 385 msecs (HTTP/1.1 204) 3 headers in 131 bytes (1 switches on core 0)
2026-02-24 21:11:07.787 7 INFO neutron_taas.services.taas.taas_plugin [None req-d6796ebb-4bcf-4ff3-ac18-9967c0e86a5b 352fb09b53c44028bc040af85151766f 14e12bd9901b4a469461e121bf085ccc - - default default] TaaS: Handle Delete Port: 11200b44-b259-4a06-94a9-e49189fad8d6
2026-02-24 21:11:07.790 7 INFO neutron_taas.services.taas.tap_mirror_plugin [None req-d6796ebb-4bcf-4ff3-ac18-9967c0e86a5b 352fb09b53c44028bc040af85151766f 14e12bd9901b4a469461e121bf085ccc - - default default] Tap Mirror: Handle Delete Port: 11200b44-b259-4a06-94a9-e49189fad8d6
2026-02-24 21:11:07.986 7 INFO neutron.services.segments.plugin [-] Segment f25d5718-6dbf-437b-ba79-0bcd761d1805 resource provider aggregate not found
2026-02-24 21:11:07.991 7 INFO neutron.services.segments.plugin [-] Segment f25d5718-6dbf-437b-ba79-0bcd761d1805 resource provider aggregate not found
2026-02-24 21:11:08.001 7 INFO neutron.services.segments.plugin [-] Segment f25d5718-6dbf-437b-ba79-0bcd761d1805 resource provider not found; error: Placement Client Error (4xx): {"errors": [{"status": 404, "title": "Not Found", "detail": "The resource could not be found.\n\n No resource provider with uuid f25d5718-6dbf-437b-ba79-0bcd761d1805 found for delete ", "request_id": "req-3ff8f3a8-f500-40b7-864d-3a3ef99633a4"}]}
2026-02-24 21:11:08.013 7 INFO neutron.services.segments.plugin [-] Segment f25d5718-6dbf-437b-ba79-0bcd761d1805 resource provider not found; error: Placement Client Error (4xx): {"errors": [{"status": 404, "title": "Not Found", "detail": "The resource could not be found.\n\n No resource provider with uuid f25d5718-6dbf-437b-ba79-0bcd761d1805 found for delete ", "request_id": "req-3ea00452-584d-494e-951d-ecc5bc8ddaf7"}]} [pid: 7|app: 0|req: 1714/3654] 10.0.0.155 () {32 vars in 726 bytes} [Tue Feb 24 21:11:07 2026] DELETE /v2.0/networks/7ac8edbe-4790-4c31-b7b0-6ac4bb6877e1 => generated 0 bytes in 383 msecs (HTTP/1.1 204) 3 headers in 131 bytes (1 switches on core 0)
2026-02-24 21:11:08.172 8 INFO neutron_taas.services.taas.taas_plugin [None req-f7e3cb08-65b1-42b9-a5e5-5730575df87e 352fb09b53c44028bc040af85151766f 14e12bd9901b4a469461e121bf085ccc - - default default] 