2026-02-24 21:07:17.598 7 INFO neutron.db.ovn_revision_numbers_db [None req-b1bdf5d5-b737-49a6-a63d-cd6dc001b328 cdb6dd157df44993ae54a538083065e7 b202bf40e8cd43248ef2ebbb72024a2c - - default default] Successfully bumped revision number for resource 089553a6-2a2a-422a-8033-5ebbb0580035 (type: networks) to 1 [pid: 8|app: 0|req: 1126/2173] 10.0.0.248 () {28 vars in 591 bytes} [Tue Feb 24 21:07:17 2026] GET /v2.0/floatingips => generated 1702 bytes in 58 msecs (HTTP/1.1 200) 4 headers in 158 bytes (1 switches on core 0) [pid: 8|app: 0|req: 1127/2174] 10.0.0.241 () {34 vars in 1178 bytes} [Tue Feb 24 21:07:17 2026] GET /v2.0/ports?device_id=8ff15f37-9ead-4ed9-a95a-1617007bfc8f&device_id=3aa9da41-a89c-49f9-8f28-95736fe04146&device_id=517a986f-c150-4769-afb7-d7215586f006 => generated 4071 bytes in 42 msecs (HTTP/1.1 200) 4 headers in 158 bytes (1 switches on core 0) [pid: 8|app: 0|req: 1128/2175] 10.0.0.248 () {28 vars in 583 bytes} [Tue Feb 24 21:07:17 2026] GET /v2.0/subnets => generated 7418 bytes in 43 msecs (HTTP/1.1 200) 4 headers in 158 bytes (1 switches on core 0) [pid: 8|app: 0|req: 1129/2176] 10.0.0.241 () {34 vars in 1120 bytes} [Tue Feb 24 21:07:17 2026] GET /v2.0/security-groups?id=17288c3a-0c5a-45ad-af25-6a2b0c4a47bb&id=530767ce-5172-4791-b0fd-66b0f73a402c&fields=id&fields=name => generated 186 bytes in 35 msecs (HTTP/1.1 200) 4 headers in 157 bytes (1 switches on core 0)
2026-02-24 21:07:17.770 7 WARNING neutron.scheduler.dhcp_agent_scheduler [None req-b1bdf5d5-b737-49a6-a63d-cd6dc001b328 cdb6dd157df44993ae54a538083065e7 b202bf40e8cd43248ef2ebbb72024a2c - - default default] No more DHCP agents
2026-02-24 21:07:17.773 7 WARNING neutron.api.rpc.agentnotifiers.dhcp_rpc_agent_api [None req-b1bdf5d5-b737-49a6-a63d-cd6dc001b328 cdb6dd157df44993ae54a538083065e7 b202bf40e8cd43248ef2ebbb72024a2c - - default default] Unable to schedule network 089553a6-2a2a-422a-8033-5ebbb0580035: no agents available; will retry on subsequent port and subnet creation events.
2026-02-24 21:07:17.871 7 INFO neutron.plugins.ml2.drivers.ovn.mech_driver.mech_driver [None req-eddcfe01-817f-4c31-96b8-6dd2ba1b809c - - - - - -] OVN reports status down for port: e4434a75-a99d-4d09-bf7a-23c8cf3b4c13 [pid: 8|app: 0|req: 1130/2177] 10.0.0.248 () {28 vars in 579 bytes} [Tue Feb 24 21:07:17 2026] GET /v2.0/ports => generated 23765 bytes in 149 msecs (HTTP/1.1 200) 4 headers in 159 bytes (1 switches on core 0)
2026-02-24 21:07:17.942 7 INFO neutron.db.ovn_revision_numbers_db [None req-b1bdf5d5-b737-49a6-a63d-cd6dc001b328 cdb6dd157df44993ae54a538083065e7 b202bf40e8cd43248ef2ebbb72024a2c - - default default] Successfully bumped revision number for resource e4434a75-a99d-4d09-bf7a-23c8cf3b4c13 (type: ports) to 1 [pid: 7|app: 0|req: 1048/2178] 10.0.0.155 () {34 vars in 670 bytes} [Tue Feb 24 21:07:17 2026] POST /v2.0/networks => generated 632 bytes in 613 msecs (HTTP/1.1 201) 4 headers in 162 bytes (1 switches on core 0) [pid: 8|app: 0|req: 1131/2179] 10.0.0.248 () {28 vars in 583 bytes} [Tue Feb 24 21:07:17 2026] GET /v2.0/routers => generated 966 bytes in 75 msecs (HTTP/1.1 200) 4 headers in 157 bytes (1 switches on core 0) [pid: 8|app: 0|req: 1132/2180] 10.0.0.248 () {28 vars in 624 bytes} [Tue Feb 24 21:07:18 2026] GET /v2.0/agents?binary=ovn-controller => generated 416 bytes in 12 msecs (HTTP/1.1 200) 4 headers in 157 bytes (1 switches on core 0) [pid: 8|app: 0|req: 1133/2181] 10.0.0.248 () {28 vars in 585 bytes} [Tue Feb 24 21:07:18 2026] GET /v2.0/networks => generated 7485 bytes in 79 msecs (HTTP/1.1 200) 4 headers in 158 bytes (1 switches on core 0) [pid: 8|app: 0|req: 1134/2182] 10.0.0.248 () {28 vars in 583 bytes} [Tue Feb 24 21:07:18 2026] GET /v2.0/subnets => generated 7418 bytes in 49 msecs (HTTP/1.1 200) 4 headers in 158 bytes (1 switches on core 0) [pid: 8|app: 0|req: 1135/2183] 10.0.0.248 () {28 vars in 591 bytes} [Tue Feb 24 21:07:18 2026] GET /v2.0/subnetpools => generated 19 bytes in 10 msecs (HTTP/1.1 200) 4 headers in 156 bytes (1 switches on core 0)
2026-02-24 21:07:18.242 7 WARNING neutron.scheduler.dhcp_agent_scheduler [None req-584006ad-bd1e-4b26-92d1-89fafcd97296 cdb6dd157df44993ae54a538083065e7 b202bf40e8cd43248ef2ebbb72024a2c - - default default] No more DHCP agents
2026-02-24 21:07:18.243 7 WARNING neutron.api.rpc.agentnotifiers.dhcp_rpc_agent_api [None req-584006ad-bd1e-4b26-92d1-89fafcd97296 cdb6dd157df44993ae54a538083065e7 b202bf40e8cd43248ef2ebbb72024a2c - - default default] Unable to schedule network 089553a6-2a2a-422a-8033-5ebbb0580035: no agents available; will retry on subsequent port and subnet creation events.
2026-02-24 21:07:19.176 7 INFO neutron.db.ovn_revision_numbers_db [None req-ca889824-bdf5-4256-bc55-883c0832f2f5 - - - - - -] Successfully bumped revision number for resource e4434a75-a99d-4d09-bf7a-23c8cf3b4c13 (type: ports) to 2
2026-02-24 21:07:19.223 7 INFO neutron.db.ovn_revision_numbers_db [None req-ca889824-bdf5-4256-bc55-883c0832f2f5 - - - - - -] Successfully bumped revision number for resource e1575914-8e59-4436-8eb2-55bd807f322a (type: subnets) to 0 [pid: 7|app: 0|req: 1049/2184] 10.0.0.155 () {34 vars in 669 bytes} [Tue Feb 24 21:07:17 2026] POST /v2.0/subnets => generated 629 bytes in 1266 msecs (HTTP/1.1 201) 4 headers in 162 bytes (1 switches on core 0)
2026-02-24 21:07:19.343 8 INFO neutron.db.segments_db [None req-fe33c07b-a791-4659-90c6-13684b3ff7dd cdb6dd157df44993ae54a538083065e7 b202bf40e8cd43248ef2ebbb72024a2c - - default default] Added segment 6fd723e0-bdf2-4f3c-87c0-8d8a903d9900 of type geneve for network ebaf861a-7c6e-4a21-bc24-de32ce5a9f99
2026-02-24 21:07:19.502 8 INFO neutron.db.ovn_revision_numbers_db [None req-fe33c07b-a791-4659-90c6-13684b3ff7dd cdb6dd157df44993ae54a538083065e7 b202bf40e8cd43248ef2ebbb72024a2c - - default default] Successfully bumped revision number for resource ebaf861a-7c6e-4a21-bc24-de32ce5a9f99 (type: networks) to 1
2026-02-24 21:07:19.703 8 WARNING neutron.scheduler.dhcp_agent_scheduler [None req-fe33c07b-a791-4659-90c6-13684b3ff7dd cdb6dd157df44993ae54a538083065e7 b202bf40e8cd43248ef2ebbb72024a2c - - default default] No more DHCP agents
2026-02-24 21:07:19.709 8 WARNING neutron.api.rpc.agentnotifiers.dhcp_rpc_agent_api [None req-fe33c07b-a791-4659-90c6-13684b3ff7dd cdb6dd157df44993ae54a538083065e7 b202bf40e8cd43248ef2ebbb72024a2c - - default default] Unable to schedule network ebaf861a-7c6e-4a21-bc24-de32ce5a9f99: no agents available; will retry on subsequent port and subnet creation events.
2026-02-24 21:07:19.791 7 INFO neutron.plugins.ml2.drivers.ovn.mech_driver.mech_driver [None req-eddcfe01-817f-4c31-96b8-6dd2ba1b809c - - - - - -] OVN reports status down for port: d92060ce-d683-4d8a-8249-3efb4789d770
2026-02-24 21:07:19.834 8 INFO neutron.db.ovn_revision_numbers_db [None req-fe33c07b-a791-4659-90c6-13684b3ff7dd cdb6dd157df44993ae54a538083065e7 b202bf40e8cd43248ef2ebbb72024a2c - - default default] Successfully bumped revision number for resource d92060ce-d683-4d8a-8249-3efb4789d770 (type: ports) to 1 [pid: 8|app: 0|req: 1136/2185] 10.0.0.155 () {34 vars in 670 bytes} [Tue Feb 24 21:07:19 2026] POST /v2.0/networks => generated 632 bytes in 612 msecs (HTTP/1.1 201) 4 headers in 162 bytes (1 switches on core 0)
2026-02-24 21:07:20.107 7 WARNING neutron.scheduler.dhcp_agent_scheduler [None req-fdfbe860-45f4-42bc-ae01-fc0e14002b31 cdb6dd157df44993ae54a538083065e7 b202bf40e8cd43248ef2ebbb72024a2c - - default default] No more DHCP agents
2026-02-24 21:07:20.112 7 WARNING neutron.api.rpc.agentnotifiers.dhcp_rpc_agent_api [None req-fdfbe860-45f4-42bc-ae01-fc0e14002b31 cdb6dd157df44993ae54a538083065e7 b202bf40e8cd43248ef2ebbb72024a2c - - default default] Unable to schedule network ebaf861a-7c6e-4a21-bc24-de32ce5a9f99: no agents available; will retry on subsequent port and subnet creation events.
2026-02-24 21:07:20.622 7 INFO neutron.db.ovn_revision_numbers_db [None req-cab07752-fd1d-4aae-9ad8-3d8e862423ea - - - - - -] Successfully bumped revision number for resource d92060ce-d683-4d8a-8249-3efb4789d770 (type: ports) to 2
2026-02-24 21:07:20.667 7 INFO neutron.db.ovn_revision_numbers_db [None req-cab07752-fd1d-4aae-9ad8-3d8e862423ea - - - - - -] Successfully bumped revision number for resource 5b113458-d2ef-4f86-bfc2-7badc00b2aeb (type: subnets) to 0 [pid: 7|app: 0|req: 1050/2186] 10.0.0.155 () {34 vars in 669 bytes} [Tue Feb 24 21:07:19 2026] POST /v2.0/subnets => generated 629 bytes in 820 msecs (HTTP/1.1 201) 4 headers in 162 bytes (1 switches on core 0) [pid: 8|app: 0|req: 1137/2187] 10.0.0.155 () {34 vars in 751 bytes} [Tue Feb 24 21:07:20 2026] PUT /v2.0/subnets/6a572ebf-aa7a-4aeb-ae6e-dfe1ae1745dd/tags => generated 17 bytes in 55 msecs (HTTP/1.1 200) 4 headers in 156 bytes (1 switches on core 0) [pid: 7|app: 0|req: 1051/2188] 10.0.0.155 () {34 vars in 751 bytes} [Tue Feb 24 21:07:20 2026] PUT /v2.0/subnets/8a8d0626-6ea9-4b8a-a05d-ecf2038d19c3/tags => generated 25 bytes in 63 msecs (HTTP/1.1 200) 4 headers in 156 bytes (1 switches on core 0) [pid: 7|app: 0|req: 1052/2189] 10.0.0.155 () {34 vars in 751 bytes} [Tue Feb 24 21:07:20 2026] PUT /v2.0/subnets/1b16b6b9-ae7e-45ea-9f5d-885f43fc4c5f/tags => generated 34 bytes in 51 msecs (HTTP/1.1 200) 4 headers in 156 bytes (1 switches on core 0) [pid: 7|app: 0|req: 1053/2190] 10.0.0.155 () {34 vars in 751 bytes} [Tue Feb 24 21:07:20 2026] PUT /v2.0/subnets/e1575914-8e59-4436-8eb2-55bd807f322a/tags => generated 19 bytes in 45 msecs (HTTP/1.1 200) 4 headers in 156 bytes (1 switches on core 0) [pid: 7|app: 0|req: 1054/2191] 10.0.0.155 () {32 vars in 664 bytes} [Tue Feb 24 21:07:20 2026] GET /v2.0/subnets?tags=red => generated 1904 bytes in 46 msecs (HTTP/1.1 200) 4 headers in 158 bytes (1 switches on core 0) [pid: 7|app: 0|req: 1055/2192] 10.0.0.155 () {32 vars in 678 bytes} [Tue Feb 24 21:07:20 2026] GET /v2.0/subnets?tags=red%2Cblue => generated 1283 bytes in 41 msecs (HTTP/1.1 200) 4 headers in 158 bytes (1 switches on core 0) [pid: 7|app: 0|req: 1056/2193] 10.0.0.155 () {32 vars in 674 bytes} [Tue Feb 24 21:07:21 2026] GET /v2.0/subnets?tags-any=blue => generated 1283 bytes in 56 msecs (HTTP/1.1 200) 4 headers in 158 bytes (1 switches on core 0) [pid: 7|app: 0|req: 1057/2194] 10.0.0.155 () {32 vars in 686 bytes} [Tue Feb 24 21:07:21 2026] GET /v2.0/subnets?tags-any=red%2Cblue => generated 1904 bytes in 38 msecs (HTTP/1.1 200) 4 headers in 158 bytes (1 switches on core 0) [pid: 7|app: 0|req: 1058/2195] 10.0.0.155 () {32 vars in 672 bytes} [Tue Feb 24 21:07:21 2026] GET /v2.0/subnets?not-tags=red => generated 1894 bytes in 43 msecs (HTTP/1.1 200) 4 headers in 158 bytes (1 switches on core 0)
2026-02-24 21:07:21.192 8 INFO neutron.db.ovn_revision_numbers_db [None req-61f22a4e-5ee7-4ab2-8700-8628452c448c 88b3f1a68b7d41579c49a3df07ae5316 064ed59a626048458465789d54281a94 - - default default] Successfully bumped revision number for resource 648d6760-6e12-4da9-8e1e-35cad2bf005f (type: security_groups) to 1
2026-02-24 21:07:21.202 8 INFO neutron.db.ovn_revision_numbers_db [None req-61f22a4e-5ee7-4ab2-8700-8628452c448c 88b3f1a68b7d41579c49a3df07ae5316 064ed59a626048458465789d54281a94 - - default default] Successfully bumped revision number for resource 10df3118-fe7c-44a3-ab51-a4c35164adfc (type: security_group_rules) to 0
2026-02-24 21:07:21.214 8 INFO neutron.db.ovn_revision_numbers_db [None req-61f22a4e-5ee7-4ab2-8700-8628452c448c 88b3f1a68b7d41579c49a3df07ae5316 064ed59a626048458465789d54281a94 - - default default] Successfully bumped revision number for resource 4c1abfab-06ec-4f35-800e-257998f6d45b (type: security_group_rules) to 0 [pid: 7|app: 0|req: 1059/2196] 10.0.0.155 () {32 vars in 686 bytes} [Tue Feb 24 21:07:21 2026] GET /v2.0/subnets?not-tags=red%2Cblue => generated 2515 bytes in 41 msecs (HTTP/1.1 200) 4 headers in 158 bytes (1 switches on core 0)
2026-02-24 21:07:21.226 8 INFO neutron.db.ovn_revision_numbers_db [None req-61f22a4e-5ee7-4ab2-8700-8628452c448c 88b3f1a68b7d41579c49a3df07ae5316 064ed59a626048458465789d54281a94 - - default default] Successfully bumped revision number for resource 99b37dc9-06de-473b-a8a4-d848b3f03dbb (type: security_group_rules) to 0
2026-02-24 21:07:21.237 8 INFO neutron.db.ovn_revision_numbers_db [None req-61f22a4e-5ee7-4ab2-8700-8628452c448c 88b3f1a68b7d41579c49a3df07ae5316 064ed59a626048458465789d54281a94 - - default default] Successfully bumped revision number for resource cfb53ae7-bf0a-4361-98d1-e9f9510524ff (type: security_group_rules) to 0 [pid: 7|app: 0|req: 1060/2197] 10.0.0.155 () {32 vars in 682 bytes} [Tue Feb 24 21:07:21 2026] GET /v2.0/subnets?not-tags-any=blue => generated 2515 bytes in 35 msecs (HTTP/1.1 200) 4 headers in 158 bytes (1 switches on core 0) [pid: 8|app: 0|req: 1138/2198] 10.0.0.155 () {32 vars in 774 bytes} [Tue Feb 24 21:07:20 2026] GET /v2.0/security-groups?tenant_id=7554ace7a7cd4f30b822f1b95a4d6dca&name=default => generated 2925 bytes in 507 msecs (HTTP/1.1 200) 4 headers in 158 bytes (1 switches on core 0) [pid: 7|app: 0|req: 1061/2199] 10.0.0.155 () {32 vars in 694 bytes} [Tue Feb 24 21:07:21 2026] GET /v2.0/subnets?not-tags-any=red%2Cblue => generated 1894 bytes in 25 msecs (HTTP/1.1 200) 4 headers in 158 bytes (1 switches on core 0) [pid: 7|app: 0|req: 1062/2200] 10.0.0.155 () {32 vars in 724 bytes} [Tue Feb 24 21:07:21 2026] DELETE /v2.0/subnets/6a572ebf-aa7a-4aeb-ae6e-dfe1ae1745dd => generated 0 bytes in 204 msecs (HTTP/1.1 204) 3 headers in 131 bytes (1 switches on core 0) [pid: 8|app: 0|req: 1139/2201] 10.0.0.155 () {32 vars in 740 bytes} [Tue Feb 24 21:07:21 2026] DELETE /v2.0/security-groups/648d6760-6e12-4da9-8e1e-35cad2bf005f => generated 0 bytes in 300 msecs (HTTP/1.1 204) 2 headers in 112 bytes (1 switches on core 0) [pid: 7|app: 0|req: 1063/2202] 10.0.0.155 () {32 vars in 724 bytes} [Tue Feb 24 21:07:21 2026] DELETE /v2.0/subnets/8a8d0626-6ea9-4b8a-a05d-ecf2038d19c3 => generated 0 bytes in 192 msecs (HTTP/1.1 204) 3 headers in 131 bytes (1 switches on core 0)
2026-02-24 21:07:21.896 7 INFO neutron.db.ovn_revision_numbers_db [None req-f8aebea9-cedc-453d-a599-2224a877ca25 88b3f1a68b7d41579c49a3df07ae5316 064ed59a626048458465789d54281a94 - - default default] Successfully bumped revision number for resource c15941fc-1caf-462e-992f-3e5d7885f829 (type: security_groups) to 1
2026-02-24 21:07:21.908 7 INFO neutron.db.ovn_revision_numbers_db [None req-f8aebea9-cedc-453d-a599-2224a877ca25 88b3f1a68b7d41579c49a3df07ae5316 064ed59a626048458465789d54281a94 - - default default] Successfully bumped revision number for resource 599dfc14-0b13-41cf-96ed-bc6eeb16a8b3 (type: security_group_rules) to 0 [pid: 8|app: 0|req: 1140/2203] 10.0.0.155 () {32 vars in 724 bytes} [Tue Feb 24 21:07:21 2026] DELETE /v2.0/subnets/1b16b6b9-ae7e-45ea-9f5d-885f43fc4c5f => generated 0 bytes in 215 msecs (HTTP/1.1 204) 3 headers in 131 bytes (1 switches on core 0)
2026-02-24 21:07:21.919 7 INFO neutron.db.ovn_revision_numbers_db [None req-f8aebea9-cedc-453d-a599-2224a877ca25 88b3f1a68b7d41579c49a3df07ae5316 064ed59a626048458465789d54281a94 - - default default] Successfully bumped revision number for resource 81dee1dd-1994-43dd-b989-724e78f80a23 (type: security_group_rules) to 0
2026-02-24 21:07:21.929 7 INFO neutron.db.ovn_revision_numbers_db [None req-f8aebea9-cedc-453d-a599-2224a877ca25 88b3f1a68b7d41579c49a3df07ae5316 064ed59a626048458465789d54281a94 - - default default] Successfully bumped revision number for resource cf90d807-31ec-4be6-a2a1-696418e6e95d (type: security_group_rules) to 0
2026-02-24 21:07:21.941 7 INFO neutron.db.ovn_revision_numbers_db [None req-f8aebea9-cedc-453d-a599-2224a877ca25 88b3f1a68b7d41579c49a3df07ae5316 064ed59a626048458465789d54281a94 - - default default] Successfully bumped revision number for resource db21aebb-05f9-4692-bbb5-f12b73e31913 (type: security_group_rules) to 0 [pid: 7|app: 0|req: 1064/2204] 10.0.0.155 () {32 vars in 774 bytes} [Tue Feb 24 21:07:21 2026] GET /v2.0/security-groups?tenant_id=2864e2382b964faea813c397db2e65e1&name=default => generated 2925 bytes in 233 msecs (HTTP/1.1 200) 4 headers in 158 bytes (1 switches on core 0) [pid: 8|app: 0|req: 1141/2205] 10.0.0.155 () {32 vars in 724 bytes} [Tue Feb 24 21:07:21 2026] DELETE /v2.0/subnets/e1575914-8e59-4436-8eb2-55bd807f322a => generated 0 bytes in 178 msecs (HTTP/1.1 204) 3 headers in 131 bytes (1 switches on core 0) [pid: 7|app: 0|req: 1065/2206] 10.0.0.155 () {32 vars in 740 bytes} [Tue Feb 24 21:07:21 2026] DELETE /v2.0/security-groups/c15941fc-1caf-462e-992f-3e5d7885f829 => generated 0 bytes in 256 msecs (HTTP/1.1 204) 2 headers in 112 bytes (1 switches on core 0) [pid: 8|app: 0|req: 1142/2207] 10.0.0.155 () {32 vars in 724 bytes} [Tue Feb 24 21:07:22 2026] DELETE /v2.0/subnets/5b113458-d2ef-4f86-bfc2-7badc00b2aeb => generated 0 bytes in 211 msecs (HTTP/1.1 204) 3 headers in 131 bytes (1 switches on core 0)
2026-02-24 21:07:22.434 8 INFO neutron_taas.services.taas.taas_plugin [None req-2f9b5234-5169-4c08-bb48-f06a9f29c8e6 cdb6dd157df44993ae54a538083065e7 b202bf40e8cd43248ef2ebbb72024a2c - - default default] TaaS: Handle Delete Port: ff877cf4-49a7-4d97-8f12-9d75b92c7962
2026-02-24 21:07:22.437 8 INFO neutron_taas.services.taas.tap_mirror_plugin [None req-2f9b5234-5169-4c08-bb48-f06a9f29c8e6 cdb6dd157df44993ae54a538083065e7 b202bf40e8cd43248ef2ebbb72024a2c - - default default] Tap Mirror: Handle Delete Port: ff877cf4-49a7-4d97-8f12-9d75b92c7962
2026-02-24 21:07:22.562 7 INFO neutron.db.ovn_revision_numbers_db [None req-8c2162c2-9996-4cee-a7b2-8d86da96e87f c26f00f840f042dd84bda77664d44cb1 2d4c183668f64ecdb90480b07d04086f - - default default] Successfully bumped revision number for resource d25680c5-38a3-40a9-9598-f2755b7296d2 (type: security_groups) to 1
2026-02-24 21:07:22.588 7 INFO neutron.db.ovn_revision_numbers_db [None req-8c2162c2-9996-4cee-a7b2-8d86da96e87f c26f00f840f042dd84bda77664d44cb1 2d4c183668f64ecdb90480b07d04086f - - default default] Successfully bumped revision number for resource 4afddb6e-2d7f-4977-beac-794eec4cb636 (type: security_group_rules) to 0
2026-02-24 21:07:22.606 7 INFO neutron.db.ovn_revision_numbers_db [None req-8c2162c2-9996-4cee-a7b2-8d86da96e87f c26f00f840f042dd84bda77664d44cb1 2d4c183668f64ecdb90480b07d04086f - - default default] Successfully bumped revision number for resource c0a3cfaf-4834-40be-bfc4-86682239c0fb (type: security_group_rules) to 0
2026-02-24 21:07:22.620 7 INFO neutron.db.ovn_revision_numbers_db [None req-8c2162c2-9996-4cee-a7b2-8d86da96e87f c26f00f840f042dd84bda77664d44cb1 2d4c183668f64ecdb90480b07d04086f - - default default] Successfully bumped revision number for resource ca8b8bf3-befb-4e11-8e06-2d7492adf0f4 (type: security_group_rules) to 0
2026-02-24 21:07:22.633 7 INFO neutron.db.ovn_revision_numbers_db [None req-8c2162c2-9996-4cee-a7b2-8d86da96e87f c26f00f840f042dd84bda77664d44cb1 2d4c183668f64ecdb90480b07d04086f - - default default] Successfully bumped revision number for resource ce750b0b-bb90-4908-9f82-5e5985c67e40 (type: security_group_rules) to 0
2026-02-24 21:07:22.667 8 INFO neutron.services.segments.plugin [-] Segment 092ff3be-cbce-43ce-8f28-cde28a9f61d3 resource provider aggregate not found
2026-02-24 21:07:22.673 8 INFO neutron.services.segments.plugin [-] Segment 092ff3be-cbce-43ce-8f28-cde28a9f61d3 resource provider aggregate not found
2026-02-24 21:07:22.690 8 INFO neutron.services.segments.plugin [-] Segment 092ff3be-cbce-43ce-8f28-cde28a9f61d3 resource provider not found; error: Placement Client Error (4xx): {"errors": [{"status": 404, "title": "Not Found", "detail": "The resource could not be found.\n\n No resource provider with uuid 092ff3be-cbce-43ce-8f28-cde28a9f61d3 found for delete ", "request_id": "req-f1d234ea-e17b-47d1-a319-c581ecbe0843"}]}
2026-02-24 21:07:22.692 8 INFO neutron.services.segments.plugin [-] Segment 092ff3be-cbce-43ce-8f28-cde28a9f61d3 resource provider not found; error: Placement Client Error (4xx): {"errors": [{"status": 404, "title": "Not Found", "detail": "The resource could not be found.\n\n No resource provider with uuid 092ff3be-cbce-43ce-8f28-cde28a9f61d3 found for delete ", "request_id": "req-841778cf-a2f3-4af4-a29a-8a3899e88496"}]}
2026-02-24 21:07:22.724 7 INFO neutron.db.segments_db [None req-8c2162c2-9996-4cee-a7b2-8d86da96e87f c26f00f840f042dd84bda77664d44cb1 2d4c183668f64ecdb90480b07d04086f - - default default] Added segment 8daf516d-80fd-4b3e-94c8-856a474c1992 of type geneve for network caad0b86-02ea-472b-8dc9-3840995bd222 [pid: 8|app: 0|req: 1143/2208] 10.0.0.155 () {32 vars in 726 bytes} [Tue Feb 24 21:07:22 2026] DELETE /v2.0/networks/11864607-7b96-46db-9b68-4ebba279f5d2 => generated 0 bytes in 417 msecs (HTTP/1.1 204) 3 headers in 131 bytes (1 switches on core 0)
2026-02-24 21:07:22.855 7 INFO neutron.db.ovn_revision_numbers_db [None req-8c2162c2-9996-4cee-a7b2-8d86da96e87f c26f00f840f042dd84bda77664d44cb1 2d4c183668f64ecdb90480b07d04086f - - default default] Successfully bumped revision number for resource caad0b86-02ea-472b-8dc9-3840995bd222 (type: networks) to 1
2026-02-24 21:07:22.863 8 INFO neutron_taas.services.taas.taas_plugin [None req-f4110882-c51a-4c50-9ace-fa85822dc6db cdb6dd157df44993ae54a538083065e7 b202bf40e8cd43248ef2ebbb72024a2c - - default default] TaaS: Handle Delete Port: 4f4f54dc-8587-42cf-8282-e85eeb1c676f
2026-02-24 21:07:22.866 8 INFO neutron_taas.services.taas.tap_mirror_plugin [None req-f4110882-c51a-4c50-9ace-fa85822dc6db cdb6dd157df44993ae54a538083065e7 b202bf40e8cd43248ef2ebbb72024a2c - - default default] Tap Mirror: Handle Delete Port: 4f4f54dc-8587-42cf-8282-e85eeb1c676f
2026-02-24 21:07:23.068 7 WARNING neutron.scheduler.dhcp_agent_scheduler [None req-8c2162c2-9996-4cee-a7b2-8d86da96e87f c26f00f840f042dd84bda77664d44cb1 2d4c183668f64ecdb90480b07d04086f - - default default] No more DHCP agents
2026-02-24 21:07:23.070 7 WARNING neutron.api.rpc.agentnotifiers.dhcp_rpc_agent_api [None req-8c2162c2-9996-4cee-a7b2-8d86da96e87f c26f00f840f042dd84bda77664d44cb1 2d4c183668f64ecdb90480b07d04086f - - default default] Unable to schedule network caad0b86-02ea-472b-8dc9-3840995bd222: no agents available; will retry on subsequent port and subnet creation events.
2026-02-24 21:07:23.150 7 INFO neutron.plugins.ml2.drivers.ovn.mech_driver.mech_driver [None req-eddcfe01-817f-4c31-96b8-6dd2ba1b809c - - - - - -] OVN reports status down for port: 57dcd630-bc36-4664-919a-52a5cd2dc7c6 [pid: 8|app: 0|req: 1144/2209] 10.0.0.155 () {32 vars in 726 bytes} [Tue Feb 24 21:07:22 2026] DELETE /v2.0/networks/cf065eeb-0f29-494a-9717-752f70c79284 => generated 0 bytes in 448 msecs (HTTP/1.1 204) 3 headers in 131 bytes (1 switches on core 0)
2026-02-24 21:07:23.227 7 INFO neutron.db.ovn_revision_numbers_db [None req-8c2162c2-9996-4cee-a7b2-8d86da96e87f c26f00f840f042dd84bda77664d44cb1 2d4c183668f64ecdb90480b07d04086f - - default default] Successfully bumped revision number for resource 57dcd630-bc36-4664-919a-52a5cd2dc7c6 (type: ports) to 1 [pid: 7|app: 0|req: 1066/2212] 10.0.0.155 () {34 vars in 670 bytes} [Tue Feb 24 21:07:22 2026] POST /v2.0/networks => generated 630 bytes in 1036 msecs (HTTP/1.1 201) 4 headers in 162 bytes (1 switches on core 0)
2026-02-24 21:07:23.332 8 INFO neutron_taas.services.taas.taas_plugin [None req-9824cdd8-a877-4993-8445-258238e2aa82 cdb6dd157df44993ae54a538083065e7 b202bf40e8cd43248ef2ebbb72024a2c - - default default] TaaS: Handle Delete Port: 9576dfa3-816a-4c95-9933-3e2510d81696
2026-02-24 21:07:23.335 8 INFO neutron_taas.services.taas.tap_mirror_plugin [None req-9824cdd8-a877-4993-8445-258238e2aa82 cdb6dd157df44993ae54a538083065e7 b202bf40e8cd43248ef2ebbb72024a2c - - default default] Tap Mirror: Handle Delete Port: 9576dfa3-816a-4c95-9933-3e2510d81696
2026-02-24 21:07:23.482 7 WARNING neutron.scheduler.dhcp_agent_scheduler [None req-4503de41-f736-49ac-b8ab-56e7fa651cf0 c26f00f840f042dd84bda77664d44cb1 2d4c183668f64ecdb90480b07d04086f - - default default] No more DHCP agents
2026-02-24 21:07:23.485 7 WARNING neutron.api.rpc.agentnotifiers.dhcp_rpc_agent_api [None req-4503de41-f736-49ac-b8ab-56e7fa651cf0 c26f00f840f042dd84bda77664d44cb1 2d4c183668f64ecdb90480b07d04086f - - default default] Unable to schedule network caad0b86-02ea-472b-8dc9-3840995bd222: no agents available; will retry on subsequent port and subnet creation events.
2026-02-24 21:07:23.561 7 INFO neutron.plugins.ml2.drivers.ovn.mech_driver.mech_driver [None req-eddcfe01-817f-4c31-96b8-6dd2ba1b809c - - - - - -] OVN reports status down for port: 4fd44b2e-f713-4dab-8528-d07dd17ca482
2026-02-24 21:07:23.661 7 INFO neutron.db.ovn_revision_numbers_db [None req-4503de41-f736-49ac-b8ab-56e7fa651cf0 c26f00f840f042dd84bda77664d44cb1 2d4c183668f64ecdb90480b07d04086f - - default default] Successfully bumped revision number for resource 4fd44b2e-f713-4dab-8528-d07dd17ca482 (type: ports) to 1 [pid: 8|app: 0|req: 1147/2213] 10.0.0.155 () {32 vars in 726 bytes} [Tue Feb 24 21:07:23 2026] DELETE /v2.0/networks/54e99cb8-4d2c-457d-aa6f-eb06032ae22c => generated 0 bytes in 495 msecs (HTTP/1.1 204) 3 headers in 131 bytes (1 switches on core 0) [pid: 7|app: 0|req: 1067/2214] 10.0.0.155 () {34 vars in 664 bytes} [Tue Feb 24 21:07:23 2026] POST /v2.0/ports => generated 743 bytes in 463 msecs (HTTP/1.1 201) 4 headers in 162 bytes (1 switches on core 0) /var/lib/openstack/lib/python3.12/site-packages/pycadf/identifier.py:70: UserWarning: Invalid uuid: neutron. To ensure interoperability, identifiers should be a valid uuid. warnings.warn(('Invalid uuid: %s. To ensure interoperability, '
2026-02-24 21:07:23.838 8 INFO neutron_taas.services.taas.taas_plugin [None req-1e204e06-c8bd-4322-8ec0-55f31d0220fa cdb6dd157df44993ae54a538083065e7 b202bf40e8cd43248ef2ebbb72024a2c - - default default] TaaS: Handle Delete Port: e4434a75-a99d-4d09-bf7a-23c8cf3b4c13
2026-02-24 21:07:23.841 8 INFO neutron_taas.services.taas.tap_mirror_plugin [None req-1e204e06-c8bd-4322-8ec0-55f31d0220fa cdb6dd157df44993ae54a538083065e7 b202bf40e8cd43248ef2ebbb72024a2c - - default default] Tap Mirror: Handle Delete Port: e4434a75-a99d-4d09-bf7a-23c8cf3b4c13 [pid: 7|app: 0|req: 1068/2215] 10.0.0.155 () {34 vars in 666 bytes} [Tue Feb 24 21:07:23 2026] POST /v2.0/trunks => generated 409 bytes in 285 msecs (HTTP/1.1 201) 4 headers in 162 bytes (1 switches on core 0)
2026-02-24 21:07:24.136 7 INFO neutron.db.segments_db [None req-65fa6361-b025-41fb-8910-876fe512269b c26f00f840f042dd84bda77664d44cb1 2d4c183668f64ecdb90480b07d04086f - - default default] Added segment 6f9ac668-892d-4ab6-b594-ffba6947d066 of type geneve for network b93336a7-a15c-43ce-a13d-ff0477777740 [pid: 8|app: 0|req: 1148/2216] 10.0.0.155 () {32 vars in 726 bytes} [Tue Feb 24 21:07:23 2026] DELETE /v2.0/networks/089553a6-2a2a-422a-8033-5ebbb0580035 => generated 0 bytes in 468 msecs (HTTP/1.1 204) 3 headers in 131 bytes (1 switches on core 0)
2026-02-24 21:07:24.283 8 INFO neutron_taas.services.taas.taas_plugin [None req-50762b65-baa2-4b70-a98d-201ff0a74d2d cdb6dd157df44993ae54a538083065e7 b202bf40e8cd43248ef2ebbb72024a2c - - default default] TaaS: Handle Delete Port: d92060ce-d683-4d8a-8249-3efb4789d770
2026-02-24 21:07:24.284 7 INFO neutron.db.ovn_revision_numbers_db [None req-65fa6361-b025-41fb-8910-876fe512269b c26f00f840f042dd84bda77664d44cb1 2d4c183668f64ecdb90480b07d04086f - - default default] Successfully bumped revision number for resource b93336a7-a15c-43ce-a13d-ff0477777740 (type: networks) to 1
2026-02-24 21:07:24.285 8 INFO neutron_taas.services.taas.tap_mirror_plugin [None req-50762b65-baa2-4b70-a98d-201ff0a74d2d cdb6dd157df44993ae54a538083065e7 b202bf40e8cd43248ef2ebbb72024a2c - - default default] Tap Mirror: Handle Delete Port: d92060ce-d683-4d8a-8249-3efb4789d770 [pid: 8|app: 0|req: 1149/2217] 10.0.0.155 () {32 vars in 726 bytes} [Tue Feb 24 21:07:24 2026] DELETE /v2.0/networks/ebaf861a-7c6e-4a21-bc24-de32ce5a9f99 => generated 0 bytes in 377 msecs (HTTP/1.1 204) 3 headers in 131 bytes (1 switches on core 0)
2026-02-24 21:07:24.546 7 WARNING neutron.scheduler.dhcp_agent_scheduler [None req-65fa6361-b025-41fb-8910-876fe512269b c26f00f840f042dd84bda77664d44cb1 2d4c183668f64ecdb90480b07d04086f - - default default] No more DHCP agents
2026-02-24 21:07:24.548 7 WARNING neutron.api.rpc.agentnotifiers.dhcp_rpc_agent_api [None req-65fa6361-b025-41fb-8910-876fe512269b c26f00f840f042dd84bda77664d44cb1 2d4c183668f64ecdb90480b07d04086f - - default default] Unable to schedule network b93336a7-a15c-43ce-a13d-ff0477777740: no agents available; will retry on subsequent port and subnet creation events.
2026-02-24 21:07:24.630 7 INFO neutron.plugins.ml2.drivers.ovn.mech_driver.mech_driver [None req-eddcfe01-817f-4c31-96b8-6dd2ba1b809c - - - - - -] OVN reports status down for port: ef4ba41c-e1ce-4dc5-a49a-22ee4504e004
2026-02-24 21:07:24.715 8 INFO neutron.services.segments.plugin [-] Segment d75b5137-9a6e-489b-905f-90eaa0c0db26 resource provider aggregate not found
2026-02-24 21:07:24.720 8 INFO neutron.services.segments.plugin [-] Segment d75b5137-9a6e-489b-905f-90eaa0c0db26 resource provider aggregate not found
2026-02-24 21:07:24.729 8 INFO neutron.services.segments.plugin [-] Segment d75b5137-9a6e-489b-905f-90eaa0c0db26 resource provider not found; error: Placement Client Error (4xx): {"errors": [{"status": 404, "title": "Not Found", "detail": "The resource could not be found.\n\n No resource provider with uuid d75b5137-9a6e-489b-905f-90eaa0c0db26 found for delete ", "request_id": "req-0b5b00e3-89da-4aa9-8e46-e058e1dceeb9"}]}
2026-02-24 21:07:24.733 7 INFO neutron.db.ovn_revision_numbers_db [None req-65fa6361-b025-41fb-8910-876fe512269b c26f00f840f042dd84bda77664d44cb1 2d4c183668f64ecdb90480b07d04086f - - default default] Successfully bumped revision number for resource ef4ba41c-e1ce-4dc5-a49a-22ee4504e004 (type: ports) to 1
2026-02-24 21:07:24.734 8 INFO neutron.services.segments.plugin [-] Segment d75b5137-9a6e-489b-905f-90eaa0c0db26 resource provider not found; error: Placement Client Error (4xx): {"errors": [{"status": 404, "title": "Not Found", "detail": "The resource could not be found.\n\n No resource provider with uuid d75b5137-9a6e-489b-905f-90eaa0c0db26 found for delete ", "request_id": "req-974d347d-f2f2-4179-8019-cc91b3a5e337"}]}
2026-02-24 21:07:24.751 8 INFO neutron.services.segments.plugin [-] Segment 8517c9ba-019f-4ed2-817e-f486f867d069 resource provider aggregate not found
2026-02-24 21:07:24.755 8 INFO neutron.services.segments.plugin [-] Segment 8517c9ba-019f-4ed2-817e-f486f867d069 resource provider aggregate not found
2026-02-24 21:07:24.767 8 INFO neutron.services.segments.plugin [-] Segment 8517c9ba-019f-4ed2-817e-f486f867d069 resource provider not found; error: Placement Client Error (4xx): {"errors": [{"status": 404, "title": "Not Found", "detail": "The resource could not be found.\n\n No resource provider with uuid 8517c9ba-019f-4ed2-817e-f486f867d069 found for delete ", "request_id": "req-55ebc2ab-33a5-4d06-9f01-4128dc380a21"}]} [pid: 7|app: 0|req: 1069/2218] 10.0.0.155 () {34 vars in 670 bytes} [Tue Feb 24 21:07:24 2026] POST /v2.0/networks => generated 631 bytes in 739 msecs (HTTP/1.1 201) 4 headers in 162 bytes (1 switches on core 0)
2026-02-24 21:07:24.790 8 INFO neutron.services.segments.plugin [-] Segment 8517c9ba-019f-4ed2-817e-f486f867d069 resource provider not found; error: Placement Client Error (4xx): {"errors": [{"status": 404, "title": "Not Found", "detail": "The resource could not be found.\n\n No resource provider with uuid 8517c9ba-019f-4ed2-817e-f486f867d069 found for delete ", "request_id": "req-f5364a0f-5424-4fc1-9ea0-cc6f894a9fb1"}]}
2026-02-24 21:07:24.797 8 INFO neutron.services.segments.plugin [-] Segment d22ee342-9760-4b08-89c3-2a15be3a424d resource provider aggregate not found
2026-02-24 21:07:24.813 8 INFO neutron.services.segments.plugin [-] Segment d22ee342-9760-4b08-89c3-2a15be3a424d resource provider not found; error: Placement Client Error (4xx): {"errors": [{"status": 404, "title": "Not Found", "detail": "The resource could not be found.\n\n No resource provider with uuid d22ee342-9760-4b08-89c3-2a15be3a424d found for delete ", "request_id": "req-4ba93654-796e-4b57-888e-14fcd26be1a4"}]}
2026-02-24 21:07:24.820 8 INFO neutron.services.segments.plugin [-] Segment d22ee342-9760-4b08-89c3-2a15be3a424d resource provider aggregate not found
2026-02-24 21:07:24.833 8 INFO neutron.services.segments.plugin [-] Segment 6fd723e0-bdf2-4f3c-87c0-8d8a903d9900 resource provider aggregate not found
2026-02-24 21:07:24.843 8 INFO neutron.services.segments.plugin [-] Segment d22ee342-9760-4b08-89c3-2a15be3a424d resource provider not found; error: Placement Client Error (4xx): {"errors": [{"status": 404, "title": "Not Found", "detail": "The resource could not be found.\n\n No resource provider with uuid d22ee342-9760-4b08-89c3-2a15be3a424d found for delete ", "request_id": "req-4b97d21d-6219-4a2e-964b-f7bdb4ae72dd"}]}
2026-02-24 21:07:24.848 8 INFO neutron.services.segments.plugin [-] Segment 6fd723e0-bdf2-4f3c-87c0-8d8a903d9900 resource provider not found; error: Placement Client Error (4xx): {"errors": [{"status": 404, "title": "Not Found", "detail": "The resource could not be found.\n\n No resource provider with uuid 6fd723e0-bdf2-4f3c-87c0-8d8a903d9900 found for delete ", "request_id": "req-247a9ff2-e49b-469f-8827-cae1a2a72c57"}]}
2026-02-24 21:07:24.859 8 INFO neutron.services.segments.plugin [-] Segment 6fd723e0-bdf2-4f3c-87c0-8d8a903d9900 resource provider aggregate not found
2026-02-24 21:07:24.880 8 INFO neutron.services.segments.plugin [-] Segment 6fd723e0-bdf2-4f3c-87c0-8d8a903d9900 resource provider not found; error: Placement Client Error (4xx): {"errors": [{"status": 404, "title": "Not Found", "detail": "The resource could not be found.\n\n No resource provider with uuid 6fd723e0-bdf2-4f3c-87c0-8d8a903d9900 found for delete ", "request_id": "req-bd02d6fb-eea4-463b-94d4-3cb3241c306a"}]}
2026-02-24 21:07:25.039 8 WARNING neutron.scheduler.dhcp_agent_scheduler [None req-dd43c797-f2d8-428f-ae41-d7c68571028d c26f00f840f042dd84bda77664d44cb1 2d4c183668f64ecdb90480b07d04086f - - default default] No more DHCP agents
2026-02-24 21:07:25.041 8 WARNING neutron.api.rpc.agentnotifiers.dhcp_rpc_agent_api [None req-dd43c797-f2d8-428f-ae41-d7c68571028d c26f00f840f042dd84bda77664d44cb1 2d4c183668f64ecdb90480b07d04086f - - default default] Unable to schedule network b93336a7-a15c-43ce-a13d-ff0477777740: no agents available; will retry on subsequent port and subnet creation events.
2026-02-24 21:07:25.122 7 INFO neutron.plugins.ml2.drivers.ovn.mech_driver.mech_driver [None req-eddcfe01-817f-4c31-96b8-6dd2ba1b809c - - - - - -] OVN reports status down for port: 093c428b-438a-4576-9bc7-e1b4438b66dc
2026-02-24 21:07:25.178 8 INFO neutron.db.ovn_revision_numbers_db [None req-dd43c797-f2d8-428f-ae41-d7c68571028d c26f00f840f042dd84bda77664d44cb1 2d4c183668f64ecdb90480b07d04086f - - default default] Successfully bumped revision number for resource 093c428b-438a-4576-9bc7-e1b4438b66dc (type: ports) to 1 [pid: 8|app: 0|req: 1150/2219] 10.0.0.155 () {34 vars in 664 bytes} [Tue Feb 24 21:07:24 2026] POST /v2.0/ports => generated 743 bytes in 451 msecs (HTTP/1.1 201) 4 headers in 162 bytes (1 switches on core 0) [pid: 7|app: 0|req: 1070/2220] 10.0.0.155 () {34 vars in 666 bytes} [Tue Feb 24 21:07:25 2026] POST /v2.0/trunks => generated 409 bytes in 196 msecs (HTTP/1.1 201) 4 headers in 162 bytes (1 switches on core 0)
2026-02-24 21:07:25.529 7 INFO neutron.db.segments_db [None req-9dee6534-ea93-4121-816d-dfecf149fcb0 c26f00f840f042dd84bda77664d44cb1 2d4c183668f64ecdb90480b07d04086f - - default default] Added segment e1316640-810f-4ddd-86a2-c2fae108cc74 of type geneve for network f0e5b61c-30f5-4e7e-9da7-cfba828429f9 /var/lib/openstack/lib/python3.12/site-packages/pycadf/identifier.py:70: UserWarning: Invalid uuid: neutron. To ensure interoperability, identifiers should be a valid uuid. warnings.warn(('Invalid uuid: %s. To ensure interoperability, '
2026-02-24 21:07:25.633 7 INFO neutron.db.ovn_revision_numbers_db [None req-9dee6534-ea93-4121-816d-dfecf149fcb0 c26f00f840f042dd84bda77664d44cb1 2d4c183668f64ecdb90480b07d04086f - - default default] Successfully bumped revision number for resource f0e5b61c-30f5-4e7e-9da7-cfba828429f9 (type: networks) to 1
2026-02-24 21:07:25.752 8 INFO neutron.db.ovn_revision_numbers_db [None req-fc9640b9-22ef-4b03-8460-dce1212e47ce 88b3f1a68b7d41579c49a3df07ae5316 064ed59a626048458465789d54281a94 - - default default] Successfully bumped revision number for resource 5ca56dea-28d3-46d8-830f-a5f56f1388a6 (type: security_groups) to 1
2026-02-24 21:07:25.763 8 INFO neutron.db.ovn_revision_numbers_db [None req-fc9640b9-22ef-4b03-8460-dce1212e47ce 88b3f1a68b7d41579c49a3df07ae5316 064ed59a626048458465789d54281a94 - - default default] Successfully bumped revision number for resource 5f6c5abf-82e1-4749-a0c3-89f558935473 (type: security_group_rules) to 0
2026-02-24 21:07:25.781 8 INFO neutron.db.ovn_revision_numbers_db [None req-fc9640b9-22ef-4b03-8460-dce1212e47ce 88b3f1a68b7d41579c49a3df07ae5316 064ed59a626048458465789d54281a94 - - default default] Successfully bumped revision number for resource 7d774fda-4c96-4117-831c-68dc0c1525b9 (type: security_group_rules) to 0
2026-02-24 21:07:25.793 8 INFO neutron.db.ovn_revision_numbers_db [None req-fc9640b9-22ef-4b03-8460-dce1212e47ce 88b3f1a68b7d41579c49a3df07ae5316 064ed59a626048458465789d54281a94 - - default default] Successfully bumped revision number for resource d952e6a1-a95e-4280-81fd-8690e451ab76 (type: security_group_rules) to 0
2026-02-24 21:07:25.804 8 INFO neutron.db.ovn_revision_numbers_db [None req-fc9640b9-22ef-4b03-8460-dce1212e47ce 88b3f1a68b7d41579c49a3df07ae5316 064ed59a626048458465789d54281a94 - - default default] Successfully bumped revision number for resource e820908f-77a5-4a8b-92e4-e3c30b204c42 (type: security_group_rules) to 0 [pid: 8|app: 0|req: 1151/2221] 10.0.0.155 () {32 vars in 774 bytes} [Tue Feb 24 21:07:25 2026] GET /v2.0/security-groups?tenant_id=0c1eb4ac34174bdbb3748511fade3dca&name=default => generated 2925 bytes in 436 msecs (HTTP/1.1 200) 4 headers in 158 bytes (1 switches on core 0)
2026-02-24 21:07:25.850 7 WARNING neutron.scheduler.dhcp_agent_scheduler [None req-9dee6534-ea93-4121-816d-dfecf149fcb0 c26f00f840f042dd84bda77664d44cb1 2d4c183668f64ecdb90480b07d04086f - - default default] No more DHCP agents
2026-02-24 21:07:25.851 7 WARNING neutron.api.rpc.agentnotifiers.dhcp_rpc_agent_api [None req-9dee6534-ea93-4121-816d-dfecf149fcb0 c26f00f840f042dd84bda77664d44cb1 2d4c183668f64ecdb90480b07d04086f - - default default] Unable to schedule network f0e5b61c-30f5-4e7e-9da7-cfba828429f9: no agents available; will retry on subsequent port and subnet creation events.
2026-02-24 21:07:25.959 7 INFO neutron.plugins.ml2.drivers.ovn.mech_driver.mech_driver [None req-eddcfe01-817f-4c31-96b8-6dd2ba1b809c - - - - - -] OVN reports status down for port: 8b8f41ee-5636-483c-a4fd-ebd37de96381
2026-02-24 21:07:26.065 7 INFO neutron.db.ovn_revision_numbers_db [None req-9dee6534-ea93-4121-816d-dfecf149fcb0 c26f00f840f042dd84bda77664d44cb1 2d4c183668f64ecdb90480b07d04086f - - default default] Successfully bumped revision number for resource 8b8f41ee-5636-483c-a4fd-ebd37de96381 (type: ports) to 1 [pid: 7|app: 0|req: 1071/2222] 10.0.0.155 () {34 vars in 670 bytes} [Tue Feb 24 21:07:25 2026] POST /v2.0/networks => generated 632 bytes in 685 msecs (HTTP/1.1 201) 4 headers in 162 bytes (1 switches on core 0) [pid: 8|app: 0|req: 1152/2223] 10.0.0.155 () {32 vars in 740 bytes} [Tue Feb 24 21:07:25 2026] DELETE /v2.0/security-groups/5ca56dea-28d3-46d8-830f-a5f56f1388a6 => generated 0 bytes in 334 msecs (HTTP/1.1 204) 2 headers in 112 bytes (1 switches on core 0)
2026-02-24 21:07:26.378 8 WARNING neutron.scheduler.dhcp_agent_scheduler [None req-065c2148-cd1b-44f7-97af-8173c4d0911f c26f00f840f042dd84bda77664d44cb1 2d4c183668f64ecdb90480b07d04086f - - default default] No more DHCP agents
2026-02-24 21:07:26.379 8 WARNING neutron.api.rpc.agentnotifiers.dhcp_rpc_agent_api [None req-065c2148-cd1b-44f7-97af-8173c4d0911f c26f00f840f042dd84bda77664d44cb1 2d4c183668f64ecdb90480b07d04086f - - default default] Unable to schedule network f0e5b61c-30f5-4e7e-9da7-cfba828429f9: no agents available; will retry on subsequent port and subnet creation events.
2026-02-24 21:07:26.392 7 INFO neutron.db.ovn_revision_numbers_db [None req-ecdba335-e4c1-4f46-b19a-c3bd57cc156d 88b3f1a68b7d41579c49a3df07ae5316 064ed59a626048458465789d54281a94 - - default default] Successfully bumped revision number for resource 2c6e21eb-dd55-4529-8e6c-d9a2636d3adf (type: security_groups) to 1
2026-02-24 21:07:26.403 7 INFO neutron.db.ovn_revision_numbers_db [None req-ecdba335-e4c1-4f46-b19a-c3bd57cc156d 88b3f1a68b7d41579c49a3df07ae5316 064ed59a626048458465789d54281a94 - - default default] Successfully bumped revision number for resource 3525ec1e-3b31-4b77-8120-3d356a4e9630 (type: security_group_rules) to 0
2026-02-24 21:07:26.418 7 INFO neutron.db.ovn_revision_numbers_db [None req-ecdba335-e4c1-4f46-b19a-c3bd57cc156d 88b3f1a68b7d41579c49a3df07ae5316 064ed59a626048458465789d54281a94 - - default default] Successfully bumped revision number for resource 5aaac23f-276c-42b1-8e2e-4982641a61b5 (type: security_group_rules) to 0
2026-02-24 21:07:26.430 7 INFO neutron.db.ovn_revision_numbers_db [None req-ecdba335-e4c1-4f46-b19a-c3bd57cc156d 88b3f1a68b7d41579c49a3df07ae5316 064ed59a626048458465789d54281a94 - - default default] Successfully bumped revision number for resource 95bfe847-60e1-4630-b8d9-7c710b0b2c1a (type: security_group_rules) to 0
2026-02-24 21:07:26.470 7 INFO neutron.db.ovn_revision_numbers_db [None req-ecdba335-e4c1-4f46-b19a-c3bd57cc156d 88b3f1a68b7d41579c49a3df07ae5316 064ed59a626048458465789d54281a94 - - default default] Successfully bumped revision number for resource a0882f12-6a71-458c-b404-649302472146 (type: security_group_rules) to 0
2026-02-24 21:07:26.491 7 INFO neutron.plugins.ml2.drivers.ovn.mech_driver.mech_driver [None req-eddcfe01-817f-4c31-96b8-6dd2ba1b809c - - - - - -] OVN reports status down for port: 4d50438e-912f-46cd-ab72-54b2896cee74 [pid: 7|app: 0|req: 1072/2224] 10.0.0.155 () {32 vars in 774 bytes} [Tue Feb 24 21:07:26 2026] GET /v2.0/security-groups?tenant_id=3e44f3ec06ce454db721e38a4128a971&name=default => generated 2925 bytes in 397 msecs (HTTP/1.1 200) 4 headers in 158 bytes (1 switches on core 0)
2026-02-24 21:07:26.545 8 INFO neutron.db.ovn_revision_numbers_db [None req-065c2148-cd1b-44f7-97af-8173c4d0911f c26f00f840f042dd84bda77664d44cb1 2d4c183668f64ecdb90480b07d04086f - - default default] Successfully bumped revision number for resource 4d50438e-912f-46cd-ab72-54b2896cee74 (type: ports) to 1 [pid: 8|app: 0|req: 1153/2225] 10.0.0.155 () {34 vars in 664 bytes} [Tue Feb 24 21:07:26 2026] POST /v2.0/ports => generated 743 bytes in 438 msecs (HTTP/1.1 201) 4 headers in 162 bytes (1 switches on core 0) /var/lib/openstack/lib/python3.12/site-packages/pycadf/identifier.py:70: UserWarning: Invalid uuid: neutron. To ensure interoperability, identifiers should be a valid uuid. warnings.warn(('Invalid uuid: %s. To ensure interoperability, '
2026-02-24 21:07:26.741 7 INFO neutron.db.ovn_revision_numbers_db [None req-34636216-0671-4678-b1ad-8a7bd1636959 88b3f1a68b7d41579c49a3df07ae5316 064ed59a626048458465789d54281a94 - - default default] Successfully bumped revision number for resource 3f01e986-7ac7-4329-b9c3-c7c7ee44d246 (type: security_groups) to 1
2026-02-24 21:07:26.761 7 INFO neutron.db.ovn_revision_numbers_db [None req-34636216-0671-4678-b1ad-8a7bd1636959 88b3f1a68b7d41579c49a3df07ae5316 064ed59a626048458465789d54281a94 - - default default] Successfully bumped revision number for resource 148dec60-2912-4b38-ae6a-9ebd60cca664 (type: security_group_rules) to 0
2026-02-24 21:07:26.776 7 INFO neutron.db.ovn_revision_numbers_db [None req-34636216-0671-4678-b1ad-8a7bd1636959 88b3f1a68b7d41579c49a3df07ae5316 064ed59a626048458465789d54281a94 - - default default] Successfully bumped revision number for resource 99027a15-403f-474b-97ea-8f3ef569a212 (type: security_group_rules) to 0
2026-02-24 21:07:26.806 7 INFO neutron.db.ovn_revision_numbers_db [None req-34636216-0671-4678-b1ad-8a7bd1636959 88b3f1a68b7d41579c49a3df07ae5316 064ed59a626048458465789d54281a94 - - default default] Successfully bumped revision number for resource dbc0ce4e-c297-4cd3-be9d-5a06ce3c745f (type: security_group_rules) to 0
2026-02-24 21:07:26.827 7 INFO neutron.db.ovn_revision_numbers_db [None req-34636216-0671-4678-b1ad-8a7bd1636959 88b3f1a68b7d41579c49a3df07ae5316 064ed59a626048458465789d54281a94 - - default default] Successfully bumped revision number for resource f4becce4-3ffe-44b3-9883-82b6df768a5a (type: security_group_rules) to 0 [pid: 7|app: 0|req: 1073/2226] 10.0.0.155 () {32 vars in 774 bytes} [Tue Feb 24 21:07:26 2026] GET /v2.0/security-groups?tenant_id=aff3196d517d4322b819ac0eefd89d38&name=default => generated 2925 bytes in 374 msecs (HTTP/1.1 200) 4 headers in 158 bytes (1 switches on core 0) [pid: 8|app: 0|req: 1154/2227] 10.0.0.155 () {32 vars in 740 bytes} [Tue Feb 24 21:07:26 2026] DELETE /v2.0/security-groups/2c6e21eb-dd55-4529-8e6c-d9a2636d3adf => generated 0 bytes in 397 msecs (HTTP/1.1 204) 2 headers in 112 bytes (1 switches on core 0) [pid: 7|app: 0|req: 1074/2228] 10.0.0.155 () {34 vars in 666 bytes} [Tue Feb 24 21:07:26 2026] POST /v2.0/trunks => generated 409 bytes in 216 msecs (HTTP/1.1 201) 4 headers in 162 bytes (1 switches on core 0)
2026-02-24 21:07:27.229 7 INFO neutron.db.segments_db [None req-9a7e42d8-c0b1-44d7-be4d-aa8dcf69f806 c26f00f840f042dd84bda77664d44cb1 2d4c183668f64ecdb90480b07d04086f - - default default] Added segment 0c79f796-6bf8-46a8-a424-c0d60697c99e of type geneve for network 13e64749-9ae3-432c-9fbb-86021af8e44e [pid: 8|app: 0|req: 1155/2229] 10.0.0.155 () {32 vars in 740 bytes} [Tue Feb 24 21:07:27 2026] DELETE /v2.0/security-groups/3f01e986-7ac7-4329-b9c3-c7c7ee44d246 => generated 0 bytes in 290 msecs (HTTP/1.1 204) 2 headers in 112 bytes (1 switches on core 0)
2026-02-24 21:07:27.423 7 INFO neutron.db.ovn_revision_numbers_db [None req-9a7e42d8-c0b1-44d7-be4d-aa8dcf69f806 c26f00f840f042dd84bda77664d44cb1 2d4c183668f64ecdb90480b07d04086f - - default default] Successfully bumped revision number for resource 13e64749-9ae3-432c-9fbb-86021af8e44e (type: networks) to 1
2026-02-24 21:07:27.488 8 INFO neutron.db.ovn_revision_numbers_db [None req-c7fb5ec3-0b0c-4ac8-a10d-576a02254d33 88b3f1a68b7d41579c49a3df07ae5316 064ed59a626048458465789d54281a94 - - default default] Successfully bumped revision number for resource 45983633-55b2-4550-8771-c7308791a87a (type: security_groups) to 1
2026-02-24 21:07:27.499 8 INFO neutron.db.ovn_revision_numbers_db [None req-c7fb5ec3-0b0c-4ac8-a10d-576a02254d33 88b3f1a68b7d41579c49a3df07ae5316 064ed59a626048458465789d54281a94 - - default default] Successfully bumped revision number for resource 13c4b845-f60d-4930-83a4-37ffaf0e582a (type: security_group_rules) to 0
2026-02-24 21:07:27.511 8 INFO neutron.db.ovn_revision_numbers_db [None req-c7fb5ec3-0b0c-4ac8-a10d-576a02254d33 88b3f1a68b7d41579c49a3df07ae5316 064ed59a626048458465789d54281a94 - - default default] Successfully bumped revision number for resource 4c92d448-dccd-4650-9ff0-975a088514fb (type: security_group_rules) to 0
2026-02-24 21:07:27.524 8 INFO neutron.db.ovn_revision_numbers_db [None req-c7fb5ec3-0b0c-4ac8-a10d-576a02254d33 88b3f1a68b7d41579c49a3df07ae5316 064ed59a626048458465789d54281a94 - - default default] Successfully bumped revision number for resource c2da274d-5a0d-4ed5-a8db-4c166fdcab88 (type: security_group_rules) to 0
2026-02-24 21:07:27.538 8 INFO neutron.db.ovn_revision_numbers_db [None req-c7fb5ec3-0b0c-4ac8-a10d-576a02254d33 88b3f1a68b7d41579c49a3df07ae5316 064ed59a626048458465789d54281a94 - - default default] Successfully bumped revision number for resource c4add461-72a6-45cb-b0e9-a9c82261f627 (type: security_group_rules) to 0 [pid: 8|app: 0|req: 1156/2230] 10.0.0.155 () {32 vars in 774 bytes} [Tue Feb 24 21:07:27 2026] GET /v2.0/security-groups?tenant_id=47d0670a22814a2785c97829f9dd904e&name=default => generated 2925 bytes in 276 msecs (HTTP/1.1 200) 4 headers in 158 bytes (1 switches on core 0) [pid: 8|app: 0|req: 1157/2231] 10.0.0.155 () {32 vars in 774 bytes} [Tue Feb 24 21:07:27 2026] GET /v2.0/security-groups?tenant_id=b202bf40e8cd43248ef2ebbb72024a2c&name=default => generated 2925 bytes in 26 msecs (HTTP/1.1 200) 4 headers in 158 bytes (1 switches on core 0)
2026-02-24 21:07:27.659 7 WARNING neutron.scheduler.dhcp_agent_scheduler [None req-9a7e42d8-c0b1-44d7-be4d-aa8dcf69f806 c26f00f840f042dd84bda77664d44cb1 2d4c183668f64ecdb90480b07d04086f - - default default] No more DHCP agents
2026-02-24 21:07:27.661 7 WARNING neutron.api.rpc.agentnotifiers.dhcp_rpc_agent_api [None req-9a7e42d8-c0b1-44d7-be4d-aa8dcf69f806 c26f00f840f042dd84bda77664d44cb1 2d4c183668f64ecdb90480b07d04086f - - default default] Unable to schedule network 13e64749-9ae3-432c-9fbb-86021af8e44e: no agents available; will retry on subsequent port and subnet creation events.
2026-02-24 21:07:27.735 7 INFO neutron.plugins.ml2.drivers.ovn.mech_driver.mech_driver [None req-eddcfe01-817f-4c31-96b8-6dd2ba1b809c - - - - - -] OVN reports status down for port: aa681174-02f1-4d89-b270-6de19c2749d3
2026-02-24 21:07:27.814 7 INFO neutron.db.ovn_revision_numbers_db [None req-9a7e42d8-c0b1-44d7-be4d-aa8dcf69f806 c26f00f840f042dd84bda77664d44cb1 2d4c183668f64ecdb90480b07d04086f - - default default] Successfully bumped revision number for resource aa681174-02f1-4d89-b270-6de19c2749d3 (type: ports) to 1 [pid: 7|app: 0|req: 1075/2232] 10.0.0.155 () {34 vars in 670 bytes} [Tue Feb 24 21:07:27 2026] POST /v2.0/networks => generated 632 bytes in 766 msecs (HTTP/1.1 201) 4 headers in 162 bytes (1 switches on core 0) [pid: 8|app: 0|req: 1158/2233] 10.0.0.155 () {32 vars in 740 bytes} [Tue Feb 24 21:07:27 2026] DELETE /v2.0/security-groups/45983633-55b2-4550-8771-c7308791a87a => generated 0 bytes in 350 msecs (HTTP/1.1 204) 2 headers in 112 bytes (1 switches on core 0)
