Apr 27 13:32:16.606768 np0000170593 neutron-periodic-workers[106739]: DEBUG cotyledon.oslo_config_glue [-] database.connection = **** {{(pid=106739) log_opt_values /opt/stack/data/venv/lib/python3.12/site-packages/oslo_config/cfg.py:3006}}
Apr 27 13:32:16.606896 np0000170593 neutron-periodic-workers[106739]: DEBUG cotyledon.oslo_config_glue [-] database.connection_debug = 0 {{(pid=106739) log_opt_values /opt/stack/data/venv/lib/python3.12/site-packages/oslo_config/cfg.py:3006}}
Apr 27 13:32:16.606936 np0000170593 neutron-periodic-workers[106739]: DEBUG cotyledon.oslo_config_glue [-] database.connection_parameters = {{(pid=106739) log_opt_values /opt/stack/data/venv/lib/python3.12/site-packages/oslo_config/cfg.py:3006}}
Apr 27 13:32:16.607026 np0000170593 neutron-periodic-workers[106739]: DEBUG cotyledon.oslo_config_glue [-] database.connection_recycle_time = 3600 {{(pid=106739) log_opt_values /opt/stack/data/venv/lib/python3.12/site-packages/oslo_config/cfg.py:3006}}
Apr 27 13:32:16.607090 np0000170593 neutron-periodic-workers[106739]: DEBUG cotyledon.oslo_config_glue [-] database.connection_trace = False {{(pid=106739) log_opt_values /opt/stack/data/venv/lib/python3.12/site-packages/oslo_config/cfg.py:3006}}
Apr 27 13:32:16.607155 np0000170593 neutron-periodic-workers[106739]: DEBUG cotyledon.oslo_config_glue [-] database.db_inc_retry_interval = True {{(pid=106739) log_opt_values /opt/stack/data/venv/lib/python3.12/site-packages/oslo_config/cfg.py:3006}}
Apr 27 13:32:16.607302 np0000170593 neutron-periodic-workers[106739]: DEBUG cotyledon.oslo_config_glue [-] database.db_max_retries = 20 {{(pid=106739) log_opt_values /opt/stack/data/venv/lib/python3.12/site-packages/oslo_config/cfg.py:3006}}
Apr 27 13:32:16.607392 np0000170593 neutron-periodic-workers[106739]: DEBUG cotyledon.oslo_config_glue [-] database.db_max_retry_interval = 10 {{(pid=106739) log_opt_values /opt/stack/data/venv/lib/python3.12/site-packages/oslo_config/cfg.py:3006}}
Apr 27 13:32:16.607474 np0000170593 neutron-periodic-workers[106739]: DEBUG cotyledon.oslo_config_glue [-] database.db_retry_interval = 1 {{(pid=106739) log_opt_values /opt/stack/data/venv/lib/python3.12/site-packages/oslo_config/cfg.py:3006}}
Apr 27 13:32:16.607565 np0000170593 neutron-periodic-workers[106739]: DEBUG cotyledon.oslo_config_glue [-] database.max_overflow = 50 {{(pid=106739) log_opt_values /opt/stack/data/venv/lib/python3.12/site-packages/oslo_config/cfg.py:3006}}
Apr 27 13:32:16.607630 np0000170593 neutron-periodic-workers[106739]: DEBUG cotyledon.oslo_config_glue [-] database.max_pool_size = 5 {{(pid=106739) log_opt_values /opt/stack/data/venv/lib/python3.12/site-packages/oslo_config/cfg.py:3006}}
Apr 27 13:32:16.607694 np0000170593 neutron-periodic-workers[106739]: DEBUG cotyledon.oslo_config_glue [-] database.max_retries = 10 {{(pid=106739) log_opt_values /opt/stack/data/venv/lib/python3.12/site-packages/oslo_config/cfg.py:3006}}
Apr 27 13:32:16.607795 np0000170593 neutron-periodic-workers[106739]: DEBUG cotyledon.oslo_config_glue [-] database.mysql_sql_mode = TRADITIONAL {{(pid=106739) log_opt_values /opt/stack/data/venv/lib/python3.12/site-packages/oslo_config/cfg.py:3006}}
Apr 27 13:32:16.607861 np0000170593 neutron-periodic-workers[106739]: DEBUG cotyledon.oslo_config_glue [-] database.mysql_wsrep_sync_wait = None {{(pid=106739) log_opt_values /opt/stack/data/venv/lib/python3.12/site-packages/oslo_config/cfg.py:3006}}
Apr 27 13:32:16.608005 np0000170593 neutron-periodic-workers[106739]: DEBUG cotyledon.oslo_config_glue [-] database.pool_timeout = None {{(pid=106739) log_opt_values /opt/stack/data/venv/lib/python3.12/site-packages/oslo_config/cfg.py:3006}}
Apr 27 13:32:16.608094 np0000170593 neutron-periodic-workers[106739]: DEBUG cotyledon.oslo_config_glue [-] database.retry_interval = 10 {{(pid=106739) log_opt_values /opt/stack/data/venv/lib/python3.12/site-packages/oslo_config/cfg.py:3006}}
Apr 27 13:32:16.608184 np0000170593 neutron-periodic-workers[106739]: DEBUG cotyledon.oslo_config_glue [-] database.slave_connection = **** {{(pid=106739) log_opt_values /opt/stack/data/venv/lib/python3.12/site-packages/oslo_config/cfg.py:3006}}
Apr 27 13:32:16.608270 np0000170593 neutron-periodic-workers[106739]: DEBUG cotyledon.oslo_config_glue [-] database.sqlite_synchronous = True {{(pid=106739) log_opt_values /opt/stack/data/venv/lib/python3.12/site-packages/oslo_config/cfg.py:3006}}
Apr 27 13:32:16.608337 np0000170593 neutron-periodic-workers[106739]: DEBUG cotyledon.oslo_config_glue [-] database.synchronous_reader = True {{(pid=106739) log_opt_values /opt/stack/data/venv/lib/python3.12/site-packages/oslo_config/cfg.py:3006}}
Apr 27 13:32:16.608399 np0000170593 neutron-periodic-workers[106739]: DEBUG cotyledon.oslo_config_glue [-] database.use_db_reconnect = False {{(pid=106739) log_opt_values /opt/stack/data/venv/lib/python3.12/site-packages/oslo_config/cfg.py:3006}}
Apr 27 13:32:16.608530 np0000170593 neutron-periodic-workers[106739]: DEBUG cotyledon.oslo_config_glue [-] ovn.bfd_min_rx = 1000 {{(pid=106739) log_opt_values /opt/stack/data/venv/lib/python3.12/site-packages/oslo_config/cfg.py:3006}}
Apr 27 13:32:16.608635 np0000170593 neutron-periodic-workers[106739]: DEBUG cotyledon.oslo_config_glue [-] ovn.bfd_min_tx = 100 {{(pid=106739) log_opt_values /opt/stack/data/venv/lib/python3.12/site-packages/oslo_config/cfg.py:3006}}
Apr 27 13:32:16.608719 np0000170593 neutron-periodic-workers[106739]: DEBUG cotyledon.oslo_config_glue [-] ovn.bfd_mult = 3 {{(pid=106739) log_opt_values /opt/stack/data/venv/lib/python3.12/site-packages/oslo_config/cfg.py:3006}}
Apr 27 13:32:16.608796 np0000170593 neutron-periodic-workers[106739]: DEBUG cotyledon.oslo_config_glue [-] ovn.broadcast_arps_to_all_routers = True {{(pid=106739) log_opt_values /opt/stack/data/venv/lib/python3.12/site-packages/oslo_config/cfg.py:3006}}
Apr 27 13:32:16.608865 np0000170593 neutron-periodic-workers[106739]: DEBUG cotyledon.oslo_config_glue [-] ovn.dhcp_default_lease_time = 43200 {{(pid=106739) log_opt_values /opt/stack/data/venv/lib/python3.12/site-packages/oslo_config/cfg.py:3006}}
Apr 27 13:32:16.608928 np0000170593 neutron-periodic-workers[106739]: DEBUG cotyledon.oslo_config_glue [-] ovn.disable_ovn_dhcp_for_baremetal_ports = False {{(pid=106739) log_opt_values /opt/stack/data/venv/lib/python3.12/site-packages/oslo_config/cfg.py:3006}}
Apr 27 13:32:16.608993 np0000170593 neutron-periodic-workers[106739]: DEBUG cotyledon.oslo_config_glue [-] ovn.dns_records_ovn_owned = False {{(pid=106739) log_opt_values /opt/stack/data/venv/lib/python3.12/site-packages/oslo_config/cfg.py:3006}}
Apr 27 13:32:16.609058 np0000170593 neutron-periodic-workers[106739]: DEBUG cotyledon.oslo_config_glue [-] ovn.dns_servers = [] {{(pid=106739) log_opt_values /opt/stack/data/venv/lib/python3.12/site-packages/oslo_config/cfg.py:3006}}
Apr 27 13:32:16.609122 np0000170593 neutron-periodic-workers[106739]: DEBUG cotyledon.oslo_config_glue [-] ovn.enable_distributed_floating_ip = False {{(pid=106739) log_opt_values /opt/stack/data/venv/lib/python3.12/site-packages/oslo_config/cfg.py:3006}}
Apr 27 13:32:16.609190 np0000170593 neutron-periodic-workers[106739]: DEBUG cotyledon.oslo_config_glue [-] ovn.fdb_age_threshold = 300 {{(pid=106739) log_opt_values /opt/stack/data/venv/lib/python3.12/site-packages/oslo_config/cfg.py:3006}}
Apr 27 13:32:16.609253 np0000170593 neutron-periodic-workers[106739]: DEBUG cotyledon.oslo_config_glue [-] ovn.ha_failover_strategy = normal {{(pid=106739) log_opt_values /opt/stack/data/venv/lib/python3.12/site-packages/oslo_config/cfg.py:3006}}
Apr 27 13:32:16.609316 np0000170593 neutron-periodic-workers[106739]: DEBUG cotyledon.oslo_config_glue [-] ovn.live_migration_activation_strategy = rarp {{(pid=106739) log_opt_values /opt/stack/data/venv/lib/python3.12/site-packages/oslo_config/cfg.py:3006}}
Apr 27 13:32:16.609384 np0000170593 neutron-periodic-workers[106739]: DEBUG cotyledon.oslo_config_glue [-] ovn.localnet_learn_fdb = False {{(pid=106739) log_opt_values /opt/stack/data/venv/lib/python3.12/site-packages/oslo_config/cfg.py:3006}}
Apr 27 13:32:16.609447 np0000170593 neutron-periodic-workers[106739]: DEBUG cotyledon.oslo_config_glue [-] ovn.mac_binding_age_threshold = 300 {{(pid=106739) log_opt_values /opt/stack/data/venv/lib/python3.12/site-packages/oslo_config/cfg.py:3006}}
Apr 27 13:32:16.609524 np0000170593 neutron-periodic-workers[106739]: DEBUG cotyledon.oslo_config_glue [-] ovn.neutron_sync_mode = log {{(pid=106739) log_opt_values /opt/stack/data/venv/lib/python3.12/site-packages/oslo_config/cfg.py:3006}}
Apr 27 13:32:16.609604 np0000170593 neutron-periodic-workers[106739]: DEBUG cotyledon.oslo_config_glue [-] ovn.ovn_dhcp4_global_options = {} {{(pid=106739) log_opt_values /opt/stack/data/venv/lib/python3.12/site-packages/oslo_config/cfg.py:3006}}
Apr 27 13:32:16.609756 np0000170593 neutron-periodic-workers[106739]: DEBUG cotyledon.oslo_config_glue [-] ovn.ovn_dhcp6_global_options = {} {{(pid=106739) log_opt_values /opt/stack/data/venv/lib/python3.12/site-packages/oslo_config/cfg.py:3006}}
Apr 27 13:32:16.609827 np0000170593 neutron-periodic-workers[106739]: DEBUG cotyledon.oslo_config_glue [-] ovn.ovn_l3_scheduler = leastloaded {{(pid=106739) log_opt_values /opt/stack/data/venv/lib/python3.12/site-packages/oslo_config/cfg.py:3006}}
Apr 27 13:32:16.609893 np0000170593 neutron-periodic-workers[106739]: DEBUG cotyledon.oslo_config_glue [-] ovn.ovn_metadata_enabled = True {{(pid=106739) log_opt_values /opt/stack/data/venv/lib/python3.12/site-packages/oslo_config/cfg.py:3006}}
Apr 27 13:32:16.609970 np0000170593 neutron-periodic-workers[106739]: DEBUG cotyledon.oslo_config_glue [-] ovn.ovn_nb_ca_cert = /opt/stack/data/CA/int-ca/ca-chain.pem {{(pid=106739) log_opt_values /opt/stack/data/venv/lib/python3.12/site-packages/oslo_config/cfg.py:3006}}
Apr 27 13:32:16.610102 np0000170593 neutron-periodic-workers[106739]: DEBUG cotyledon.oslo_config_glue [-] ovn.ovn_nb_certificate = /opt/stack/data/CA/int-ca/devstack-cert.crt {{(pid=106739) log_opt_values /opt/stack/data/venv/lib/python3.12/site-packages/oslo_config/cfg.py:3006}}
Apr 27 13:32:16.610201 np0000170593 neutron-periodic-workers[106739]: DEBUG cotyledon.oslo_config_glue [-] ovn.ovn_nb_connection = ['ssl:199.204.45.235:6641'] {{(pid=106739) log_opt_values /opt/stack/data/venv/lib/python3.12/site-packages/oslo_config/cfg.py:3006}}
Apr 27 13:32:16.610347 np0000170593 neutron-periodic-workers[106739]: DEBUG cotyledon.oslo_config_glue [-] ovn.ovn_nb_private_key = /opt/stack/data/CA/int-ca/private/devstack-cert.key {{(pid=106739) log_opt_values /opt/stack/data/venv/lib/python3.12/site-packages/oslo_config/cfg.py:3006}}
Apr 27 13:32:16.610347 np0000170593 neutron-periodic-workers[106739]: DEBUG cotyledon.oslo_config_glue [-] ovn.ovn_router_indirect_snat = False {{(pid=106739) log_opt_values /opt/stack/data/venv/lib/python3.12/site-packages/oslo_config/cfg.py:3006}}
Apr 27 13:32:16.610419 np0000170593 neutron-periodic-workers[106739]: DEBUG cotyledon.oslo_config_glue [-] ovn.ovn_sb_ca_cert = /opt/stack/data/CA/int-ca/ca-chain.pem {{(pid=106739) log_opt_values /opt/stack/data/venv/lib/python3.12/site-packages/oslo_config/cfg.py:3006}}
Apr 27 13:32:16.610471 np0000170593 neutron-periodic-workers[106739]: DEBUG cotyledon.oslo_config_glue [-] ovn.ovn_sb_certificate = /opt/stack/data/CA/int-ca/devstack-cert.crt {{(pid=106739) log_opt_values /opt/stack/data/venv/lib/python3.12/site-packages/oslo_config/cfg.py:3006}}
Apr 27 13:32:16.610505 np0000170593 neutron-periodic-workers[106739]: DEBUG cotyledon.oslo_config_glue [-] ovn.ovn_sb_connection = ['ssl:199.204.45.235:6642'] {{(pid=106739) log_opt_values /opt/stack/data/venv/lib/python3.12/site-packages/oslo_config/cfg.py:3006}}
Apr 27 13:32:16.610552 np0000170593 neutron-periodic-workers[106739]: DEBUG cotyledon.oslo_config_glue [-] ovn.ovn_sb_private_key = /opt/stack/data/CA/int-ca/private/devstack-cert.key {{(pid=106739) log_opt_values /opt/stack/data/venv/lib/python3.12/site-packages/oslo_config/cfg.py:3006}}
Apr 27 13:32:16.610598 np0000170593 neutron-periodic-workers[106739]: DEBUG cotyledon.oslo_config_glue [-] ovn.ovs_create_tap = False {{(pid=106739) log_opt_values /opt/stack/data/venv/lib/python3.12/site-packages/oslo_config/cfg.py:3006}}
Apr 27 13:32:16.610629 np0000170593 neutron-periodic-workers[106739]: DEBUG cotyledon.oslo_config_glue [-] ovn.ovsdb_connection_timeout = 180 {{(pid=106739) log_opt_values /opt/stack/data/venv/lib/python3.12/site-packages/oslo_config/cfg.py:3006}}
Apr 27 13:32:16.610663 np0000170593 neutron-periodic-workers[106739]: DEBUG cotyledon.oslo_config_glue [-] ovn.ovsdb_log_level = INFO {{(pid=106739) log_opt_values /opt/stack/data/venv/lib/python3.12/site-packages/oslo_config/cfg.py:3006}}
Apr 27 13:32:16.610727 np0000170593 neutron-periodic-workers[106739]: DEBUG cotyledon.oslo_config_glue [-] ovn.ovsdb_probe_interval = 60000 {{(pid=106739) log_opt_values /opt/stack/data/venv/lib/python3.12/site-packages/oslo_config/cfg.py:3006}}
Apr 27 13:32:16.610778 np0000170593 neutron-periodic-workers[106739]: DEBUG cotyledon.oslo_config_glue [-] ovn.ovsdb_retry_max_interval = 180 {{(pid=106739) log_opt_values /opt/stack/data/venv/lib/python3.12/site-packages/oslo_config/cfg.py:3006}}
Apr 27 13:32:16.610835 np0000170593 neutron-periodic-workers[106739]: DEBUG cotyledon.oslo_config_glue [-] ovn.stateless_nat_enabled = False {{(pid=106739) log_opt_values /opt/stack/data/venv/lib/python3.12/site-packages/oslo_config/cfg.py:3006}}
Apr 27 13:32:16.610888 np0000170593 neutron-periodic-workers[106739]: DEBUG cotyledon.oslo_config_glue [-] ovn.vhost_sock_dir = /var/run/openvswitch {{(pid=106739) log_opt_values /opt/stack/data/venv/lib/python3.12/site-packages/oslo_config/cfg.py:3006}}
Apr 27 13:32:16.610960 np0000170593 neutron-periodic-workers[106739]: DEBUG cotyledon.oslo_config_glue [-] OVS.bridge_mac_table_size = 50000 {{(pid=106739) log_opt_values /opt/stack/data/venv/lib/python3.12/site-packages/oslo_config/cfg.py:3006}}
Apr 27 13:32:16.611012 np0000170593 neutron-periodic-workers[106739]: DEBUG cotyledon.oslo_config_glue [-] OVS.igmp_flood = False {{(pid=106739) log_opt_values /opt/stack/data/venv/lib/python3.12/site-packages/oslo_config/cfg.py:3006}}
Apr 27 13:32:16.611057 np0000170593 neutron-periodic-workers[106739]: DEBUG cotyledon.oslo_config_glue [-] OVS.igmp_flood_reports = True {{(pid=106739) log_opt_values /opt/stack/data/venv/lib/python3.12/site-packages/oslo_config/cfg.py:3006}}
Apr 27 13:32:16.611109 np0000170593 neutron-periodic-workers[106739]: DEBUG cotyledon.oslo_config_glue [-] OVS.igmp_flood_unregistered = False {{(pid=106739) log_opt_values /opt/stack/data/venv/lib/python3.12/site-packages/oslo_config/cfg.py:3006}}
Apr 27 13:32:16.611143 np0000170593 neutron-periodic-workers[106739]: DEBUG cotyledon.oslo_config_glue [-] OVS.igmp_snooping_enable = False {{(pid=106739) log_opt_values /opt/stack/data/venv/lib/python3.12/site-packages/oslo_config/cfg.py:3006}}
Apr 27 13:32:16.611195 np0000170593 neutron-periodic-workers[106739]: DEBUG cotyledon.oslo_config_glue [-] OVS.ovsdb_timeout = 10 {{(pid=106739) log_opt_values /opt/stack/data/venv/lib/python3.12/site-packages/oslo_config/cfg.py:3006}}
Apr 27 13:32:16.611247 np0000170593 neutron-periodic-workers[106739]: DEBUG cotyledon.oslo_config_glue [-] ovn_nb_global.fdb_removal_limit = 0 {{(pid=106739) log_opt_values /opt/stack/data/venv/lib/python3.12/site-packages/oslo_config/cfg.py:3006}}
Apr 27 13:32:16.611298 np0000170593 neutron-periodic-workers[106739]: DEBUG cotyledon.oslo_config_glue [-] ovn_nb_global.ignore_lsp_down = False {{(pid=106739) log_opt_values /opt/stack/data/venv/lib/python3.12/site-packages/oslo_config/cfg.py:3006}}
Apr 27 13:32:16.611348 np0000170593 neutron-periodic-workers[106739]: DEBUG cotyledon.oslo_config_glue [-] ovn_nb_global.mac_binding_removal_limit = 0 {{(pid=106739) log_opt_values /opt/stack/data/venv/lib/python3.12/site-packages/oslo_config/cfg.py:3006}}
Apr 27 13:32:16.611393 np0000170593 neutron-periodic-workers[106739]: DEBUG cotyledon.oslo_config_glue [-] ******************************************************************************** {{(pid=106739) log_opt_values /opt/stack/data/venv/lib/python3.12/site-packages/oslo_config/cfg.py:3013}}
Apr 27 13:32:16.611631 np0000170593 neutron-periodic-workers[106739]: DEBUG cotyledon._service_worker [-] Run service ServiceWrapper(0) [106739] {{(pid=106739) wait_forever /opt/stack/data/venv/lib/python3.12/site-packages/cotyledon/_service_worker.py:218}}
Apr 27 13:32:26.248997 np0000170593 neutron-periodic-workers[106149]: DEBUG dbcounter [-] [106149] Writing DB stats neutron:SELECT=4 {{(pid=106149) stat_writer /opt/stack/data/venv/lib/python3.12/site-packages/dbcounter.py:115}}
Apr 27 13:33:17.568355 np0000170593 neutron-periodic-workers[106730]: DEBUG oslo_db.sqlalchemy.engines [None req-ca6556e5-e8ff-485d-8fb7-b35c0c42dd2f None None] Parent process 106149 forked (106730) with an open database connection, which is being discarded and recreated. {{(pid=106730) checkout /opt/stack/data/venv/lib/python3.12/site-packages/oslo_db/sqlalchemy/engines.py:402}}
Apr 27 13:33:17.580080 np0000170593 neutron-periodic-workers[106730]: DEBUG dbcounter [-] [106730] Writer thread running {{(pid=106730) stat_writer /opt/stack/data/venv/lib/python3.12/site-packages/dbcounter.py:102}}
Apr 27 13:33:17.590063 np0000170593 neutron-periodic-workers[106730]: DEBUG oslo.service.backend._threading.loopingcall [None req-ca6556e5-e8ff-485d-8fb7-b35c0c42dd2f None None] Fixed interval looping call 'neutron.plugins.ml2.plugin.DhcpAgentSchedulerDbMixin.remove_networks_from_down_agents' sleeping for 36.97 seconds {{(pid=106730) _run_loop /opt/stack/data/venv/lib/python3.12/site-packages/oslo_service/backend/_threading/loopingcall.py:125}}
Apr 27 13:33:23.593407 np0000170593 neutron-periodic-workers[106732]: DEBUG dbcounter [-] [106732] Writer thread running {{(pid=106732) stat_writer /opt/stack/data/venv/lib/python3.12/site-packages/dbcounter.py:102}}
Apr 27 13:33:23.597821 np0000170593 neutron-periodic-workers[106732]: DEBUG neutron.db.agents_db [None req-4be5336e-b6a9-4329-9e3c-1ecc9a4b711c None None] Agent healthcheck: found 0 active agents {{(pid=106732) agent_health_check /opt/stack/neutron/neutron/db/agents_db.py:317}}
Apr 27 13:33:23.597821 np0000170593 neutron-periodic-workers[106732]: DEBUG oslo.service.backend._threading.loopingcall [None req-4be5336e-b6a9-4329-9e3c-1ecc9a4b711c None None] Fixed interval looping call 'neutron.plugins.ml2.plugin.AgentDbMixin.agent_health_check' sleeping for 36.98 seconds {{(pid=106732) _run_loop /opt/stack/data/venv/lib/python3.12/site-packages/oslo_service/backend/_threading/loopingcall.py:125}}
Apr 27 13:33:27.589058 np0000170593 neutron-periodic-workers[106730]: DEBUG dbcounter [-] [106730] Writing DB stats neutron:SELECT=3 {{(pid=106730) stat_writer /opt/stack/data/venv/lib/python3.12/site-packages/dbcounter.py:115}}
Apr 27 13:33:33.594134 np0000170593 neutron-periodic-workers[106732]: DEBUG dbcounter [-] [106732] Writing DB stats neutron:SELECT=1 {{(pid=106732) stat_writer /opt/stack/data/venv/lib/python3.12/site-packages/dbcounter.py:115}}
Apr 27 13:33:54.785488 np0000170593 neutron-periodic-workers[106730]: DEBUG oslo.service.backend._threading.loopingcall [None req-ca6556e5-e8ff-485d-8fb7-b35c0c42dd2f None None] Fixed interval looping call 'neutron.plugins.ml2.plugin.DhcpAgentSchedulerDbMixin.remove_networks_from_down_agents' sleeping for 36.78 seconds {{(pid=106730) _run_loop /opt/stack/data/venv/lib/python3.12/site-packages/oslo_service/backend/_threading/loopingcall.py:125}}
Apr 27 13:34:00.582030 np0000170593 neutron-periodic-workers[106732]: DEBUG neutron.db.agents_db [None req-4be5336e-b6a9-4329-9e3c-1ecc9a4b711c None None] Agent healthcheck: found 0 active agents {{(pid=106732) agent_health_check /opt/stack/neutron/neutron/db/agents_db.py:317}}
Apr 27 13:34:00.582688 np0000170593 neutron-periodic-workers[106732]: DEBUG oslo.service.backend._threading.loopingcall [None req-4be5336e-b6a9-4329-9e3c-1ecc9a4b711c None None] Fixed interval looping call 'neutron.plugins.ml2.plugin.AgentDbMixin.agent_health_check' sleeping for 37.00 seconds {{(pid=106732) _run_loop /opt/stack/data/venv/lib/python3.12/site-packages/oslo_service/backend/_threading/loopingcall.py:125}}
Apr 27 13:34:04.784251 np0000170593 neutron-periodic-workers[106730]: DEBUG dbcounter [-] [106730] Writing DB stats neutron:SELECT=3 {{(pid=106730) stat_writer /opt/stack/data/venv/lib/python3.12/site-packages/dbcounter.py:115}}
Apr 27 13:34:10.580504 np0000170593 neutron-periodic-workers[106732]: DEBUG dbcounter [-] [106732] Writing DB stats neutron:SELECT=1 {{(pid=106732) stat_writer /opt/stack/data/venv/lib/python3.12/site-packages/dbcounter.py:115}}
Apr 27 13:34:16.607965 np0000170593 neutron-periodic-workers[106734]: DEBUG dbcounter [-] [106734] Writer thread running {{(pid=106734) stat_writer /opt/stack/data/venv/lib/python3.12/site-packages/dbcounter.py:102}}
Apr 27 13:34:16.609690 np0000170593 neutron-periodic-workers[106734]: DEBUG oslo.service.backend._threading.loopingcall [None req-7aca3d49-26dc-4ea0-a278-585a23315477 None None] Fixed interval looping call 'neutron.db.quota.driver_nolock.DbQuotaNoLockDriver._remove_expired_reservations' sleeping for 119.98 seconds {{(pid=106734) _run_loop /opt/stack/data/venv/lib/python3.12/site-packages/oslo_service/backend/_threading/loopingcall.py:125}}
Apr 27 13:34:19.647841 np0000170593 neutron-periodic-workers[106739]: DEBUG dbcounter [-] [106739] Writer thread running {{(pid=106739) stat_writer /opt/stack/data/venv/lib/python3.12/site-packages/dbcounter.py:102}}
Apr 27 13:34:19.731573 np0000170593 neutron-periodic-workers[106739]: DEBUG oslo.service.backend._threading.loopingcall [None req-88bc55fb-5ca0-49b7-9714-cfa214e80c3d None None] Fixed interval looping call 'neutron.services.ovn_l3.plugin.L3_NAT_dbonly_mixin._clean_garbage' sleeping for 299.88 seconds {{(pid=106739) _run_loop /opt/stack/data/venv/lib/python3.12/site-packages/oslo_service/backend/_threading/loopingcall.py:125}}
Apr 27 13:34:26.608462 np0000170593 neutron-periodic-workers[106734]: DEBUG dbcounter [-] [106734] Writing DB stats neutron:DELETE=1 {{(pid=106734) stat_writer /opt/stack/data/venv/lib/python3.12/site-packages/dbcounter.py:115}}
Apr 27 13:34:29.649689 np0000170593 neutron-periodic-workers[106739]: DEBUG dbcounter [-] [106739] Writing DB stats neutron:SELECT=1 {{(pid=106739) stat_writer /opt/stack/data/venv/lib/python3.12/site-packages/dbcounter.py:115}}
Apr 27 13:34:31.574957 np0000170593 neutron-periodic-workers[106730]: DEBUG oslo.service.backend._threading.loopingcall [None req-ca6556e5-e8ff-485d-8fb7-b35c0c42dd2f None None] Fixed interval looping call 'neutron.plugins.ml2.plugin.DhcpAgentSchedulerDbMixin.remove_networks_from_down_agents' sleeping for 36.99 seconds {{(pid=106730) _run_loop /opt/stack/data/venv/lib/python3.12/site-packages/oslo_service/backend/_threading/loopingcall.py:125}}
Apr 27 13:34:37.588171 np0000170593 neutron-periodic-workers[106732]: DEBUG neutron.db.agents_db [None req-4be5336e-b6a9-4329-9e3c-1ecc9a4b711c None None] Agent healthcheck: found 0 active agents {{(pid=106732) agent_health_check /opt/stack/neutron/neutron/db/agents_db.py:317}}
Apr 27 13:34:37.588837 np0000170593 neutron-periodic-workers[106732]: DEBUG oslo.service.backend._threading.loopingcall [None req-4be5336e-b6a9-4329-9e3c-1ecc9a4b711c None None] Fixed interval looping call 'neutron.plugins.ml2.plugin.AgentDbMixin.agent_health_check' sleeping for 36.99 seconds {{(pid=106732) _run_loop /opt/stack/data/venv/lib/python3.12/site-packages/oslo_service/backend/_threading/loopingcall.py:125}}
Apr 27 13:34:41.573620 np0000170593 neutron-periodic-workers[106730]: DEBUG dbcounter [-] [106730] Writing DB stats neutron:SELECT=3 {{(pid=106730) stat_writer /opt/stack/data/venv/lib/python3.12/site-packages/dbcounter.py:115}}
Apr 27 13:34:47.586834 np0000170593 neutron-periodic-workers[106732]: DEBUG dbcounter [-] [106732] Writing DB stats neutron:SELECT=1 {{(pid=106732) stat_writer /opt/stack/data/venv/lib/python3.12/site-packages/dbcounter.py:115}}
Apr 27 13:35:08.574749 np0000170593 neutron-periodic-workers[106730]: DEBUG oslo.service.backend._threading.loopingcall [None req-ca6556e5-e8ff-485d-8fb7-b35c0c42dd2f None None] Fixed interval looping call 'neutron.plugins.ml2.plugin.DhcpAgentSchedulerDbMixin.remove_networks_from_down_agents' sleeping for 36.99 seconds {{(pid=106730) _run_loop /opt/stack/data/venv/lib/python3.12/site-packages/oslo_service/backend/_threading/loopingcall.py:125}}
Apr 27 13:35:14.583159 np0000170593 neutron-periodic-workers[106732]: DEBUG neutron.db.agents_db [None req-4be5336e-b6a9-4329-9e3c-1ecc9a4b711c None None] Agent healthcheck: found 0 active agents {{(pid=106732) agent_health_check /opt/stack/neutron/neutron/db/agents_db.py:317}}
Apr 27 13:35:14.583970 np0000170593 neutron-periodic-workers[106732]: DEBUG oslo.service.backend._threading.loopingcall [None req-4be5336e-b6a9-4329-9e3c-1ecc9a4b711c None None] Fixed interval looping call 'neutron.plugins.ml2.plugin.AgentDbMixin.agent_health_check' sleeping for 37.00 seconds {{(pid=106732) _run_loop /opt/stack/data/venv/lib/python3.12/site-packages/oslo_service/backend/_threading/loopingcall.py:125}}
Apr 27 13:35:18.573793 np0000170593 neutron-periodic-workers[106730]: DEBUG dbcounter [-] [106730] Writing DB stats neutron:SELECT=3 {{(pid=106730) stat_writer /opt/stack/data/venv/lib/python3.12/site-packages/dbcounter.py:115}}
Apr 27 13:35:24.582717 np0000170593 neutron-periodic-workers[106732]: DEBUG dbcounter [-] [106732] Writing DB stats neutron:SELECT=1 {{(pid=106732) stat_writer /opt/stack/data/venv/lib/python3.12/site-packages/dbcounter.py:115}}
Apr 27 13:35:45.574701 np0000170593 neutron-periodic-workers[106730]: DEBUG oslo.service.backend._threading.loopingcall [None req-ca6556e5-e8ff-485d-8fb7-b35c0c42dd2f None None] Fixed interval looping call 'neutron.plugins.ml2.plugin.DhcpAgentSchedulerDbMixin.remove_networks_from_down_agents' sleeping for 36.99 seconds {{(pid=106730) _run_loop /opt/stack/data/venv/lib/python3.12/site-packages/oslo_service/backend/_threading/loopingcall.py:125}}
Apr 27 13:35:51.589904 np0000170593 neutron-periodic-workers[106732]: DEBUG neutron.db.agents_db [None req-4be5336e-b6a9-4329-9e3c-1ecc9a4b711c None None] Agent healthcheck: found 0 active agents {{(pid=106732) agent_health_check /opt/stack/neutron/neutron/db/agents_db.py:317}}
Apr 27 13:35:51.590502 np0000170593 neutron-periodic-workers[106732]: DEBUG oslo.service.backend._threading.loopingcall [None req-4be5336e-b6a9-4329-9e3c-1ecc9a4b711c None None] Fixed interval looping call 'neutron.plugins.ml2.plugin.AgentDbMixin.agent_health_check' sleeping for 36.99 seconds {{(pid=106732) _run_loop /opt/stack/data/venv/lib/python3.12/site-packages/oslo_service/backend/_threading/loopingcall.py:125}}
Apr 27 13:35:55.573818 np0000170593 neutron-periodic-workers[106730]: DEBUG dbcounter [-] [106730] Writing DB stats neutron:SELECT=3 {{(pid=106730) stat_writer /opt/stack/data/venv/lib/python3.12/site-packages/dbcounter.py:115}}
Apr 27 13:36:01.588113 np0000170593 neutron-periodic-workers[106732]: DEBUG dbcounter [-] [106732] Writing DB stats neutron:SELECT=1 {{(pid=106732) stat_writer /opt/stack/data/venv/lib/python3.12/site-packages/dbcounter.py:115}}
Apr 27 13:36:16.595955 np0000170593 neutron-periodic-workers[106734]: DEBUG oslo.service.backend._threading.loopingcall [None req-7aca3d49-26dc-4ea0-a278-585a23315477 None None] Fixed interval looping call 'neutron.db.quota.driver_nolock.DbQuotaNoLockDriver._remove_expired_reservations' sleeping for 119.99 seconds {{(pid=106734) _run_loop /opt/stack/data/venv/lib/python3.12/site-packages/oslo_service/backend/_threading/loopingcall.py:125}}
Apr 27 13:36:22.575886 np0000170593 neutron-periodic-workers[106730]: DEBUG oslo.service.backend._threading.loopingcall [None req-ca6556e5-e8ff-485d-8fb7-b35c0c42dd2f None None] Fixed interval looping call 'neutron.plugins.ml2.plugin.DhcpAgentSchedulerDbMixin.remove_networks_from_down_agents' sleeping for 36.99 seconds {{(pid=106730) _run_loop /opt/stack/data/venv/lib/python3.12/site-packages/oslo_service/backend/_threading/loopingcall.py:125}}
Apr 27 13:36:26.595283 np0000170593 neutron-periodic-workers[106734]: DEBUG dbcounter [-] [106734] Writing DB stats neutron:DELETE=1 {{(pid=106734) stat_writer /opt/stack/data/venv/lib/python3.12/site-packages/dbcounter.py:115}}
Apr 27 13:36:28.585948 np0000170593 neutron-periodic-workers[106732]: DEBUG neutron.db.agents_db [None req-4be5336e-b6a9-4329-9e3c-1ecc9a4b711c None None] Agent healthcheck: found 0 active agents {{(pid=106732) agent_health_check /opt/stack/neutron/neutron/db/agents_db.py:317}}
Apr 27 13:36:28.586617 np0000170593 neutron-periodic-workers[106732]: DEBUG oslo.service.backend._threading.loopingcall [None req-4be5336e-b6a9-4329-9e3c-1ecc9a4b711c None None] Fixed interval looping call 'neutron.plugins.ml2.plugin.AgentDbMixin.agent_health_check' sleeping for 36.99 seconds {{(pid=106732) _run_loop /opt/stack/data/venv/lib/python3.12/site-packages/oslo_service/backend/_threading/loopingcall.py:125}}
Apr 27 13:36:32.574397 np0000170593 neutron-periodic-workers[106730]: DEBUG dbcounter [-] [106730] Writing DB stats neutron:SELECT=3 {{(pid=106730) stat_writer /opt/stack/data/venv/lib/python3.12/site-packages/dbcounter.py:115}}
Apr 27 13:36:38.584149 np0000170593 neutron-periodic-workers[106732]: DEBUG dbcounter [-] [106732] Writing DB stats neutron:SELECT=1 {{(pid=106732) stat_writer /opt/stack/data/venv/lib/python3.12/site-packages/dbcounter.py:115}}
Apr 27 13:36:59.572584 np0000170593 neutron-periodic-workers[106730]: DEBUG oslo.service.backend._threading.loopingcall [None req-ca6556e5-e8ff-485d-8fb7-b35c0c42dd2f None None] Fixed interval looping call 'neutron.plugins.ml2.plugin.DhcpAgentSchedulerDbMixin.remove_networks_from_down_agents' sleeping for 36.99 seconds {{(pid=106730) _run_loop /opt/stack/data/venv/lib/python3.12/site-packages/oslo_service/backend/_threading/loopingcall.py:125}}
Apr 27 13:37:05.582990 np0000170593 neutron-periodic-workers[106732]: DEBUG neutron.db.agents_db [None req-4be5336e-b6a9-4329-9e3c-1ecc9a4b711c None None] Agent healthcheck: found 0 active agents {{(pid=106732) agent_health_check /opt/stack/neutron/neutron/db/agents_db.py:317}}
Apr 27 13:37:05.582990 np0000170593 neutron-periodic-workers[106732]: DEBUG oslo.service.backend._threading.loopingcall [None req-4be5336e-b6a9-4329-9e3c-1ecc9a4b711c None None] Fixed interval looping call 'neutron.plugins.ml2.plugin.AgentDbMixin.agent_health_check' sleeping for 36.99 seconds {{(pid=106732) _run_loop /opt/stack/data/venv/lib/python3.12/site-packages/oslo_service/backend/_threading/loopingcall.py:125}}
Apr 27 13:37:09.572002 np0000170593 neutron-periodic-workers[106730]: DEBUG dbcounter [-] [106730] Writing DB stats neutron:SELECT=3 {{(pid=106730) stat_writer /opt/stack/data/venv/lib/python3.12/site-packages/dbcounter.py:115}}
Apr 27 13:37:15.580588 np0000170593 neutron-periodic-workers[106732]: DEBUG dbcounter [-] [106732] Writing DB stats neutron:SELECT=1 {{(pid=106732) stat_writer /opt/stack/data/venv/lib/python3.12/site-packages/dbcounter.py:115}}
Apr 27 13:37:36.570227 np0000170593 neutron-periodic-workers[106730]: DEBUG oslo.service.backend._threading.loopingcall [None req-ca6556e5-e8ff-485d-8fb7-b35c0c42dd2f None None] Fixed interval looping call 'neutron.plugins.ml2.plugin.DhcpAgentSchedulerDbMixin.remove_networks_from_down_agents' sleeping for 36.99 seconds {{(pid=106730) _run_loop /opt/stack/data/venv/lib/python3.12/site-packages/oslo_service/backend/_threading/loopingcall.py:125}}
Apr 27 13:37:42.578076 np0000170593 neutron-periodic-workers[106732]: DEBUG neutron.db.agents_db [None req-4be5336e-b6a9-4329-9e3c-1ecc9a4b711c None None] Agent healthcheck: found 0 active agents {{(pid=106732) agent_health_check /opt/stack/neutron/neutron/db/agents_db.py:317}}
Apr 27 13:37:42.578683 np0000170593 neutron-periodic-workers[106732]: DEBUG oslo.service.backend._threading.loopingcall [None req-4be5336e-b6a9-4329-9e3c-1ecc9a4b711c None None] Fixed interval looping call 'neutron.plugins.ml2.plugin.AgentDbMixin.agent_health_check' sleeping for 37.00 seconds {{(pid=106732) _run_loop /opt/stack/data/venv/lib/python3.12/site-packages/oslo_service/backend/_threading/loopingcall.py:125}}
Apr 27 13:37:46.569819 np0000170593 neutron-periodic-workers[106730]: DEBUG dbcounter [-] [106730] Writing DB stats neutron:SELECT=3 {{(pid=106730) stat_writer /opt/stack/data/venv/lib/python3.12/site-packages/dbcounter.py:115}}
Apr 27 13:37:52.576958 np0000170593 neutron-periodic-workers[106732]: DEBUG dbcounter [-] [106732] Writing DB stats neutron:SELECT=1 {{(pid=106732) stat_writer /opt/stack/data/venv/lib/python3.12/site-packages/dbcounter.py:115}}
Apr 27 13:38:13.571082 np0000170593 neutron-periodic-workers[106730]: DEBUG oslo.service.backend._threading.loopingcall [None req-ca6556e5-e8ff-485d-8fb7-b35c0c42dd2f None None] Fixed interval looping call 'neutron.plugins.ml2.plugin.DhcpAgentSchedulerDbMixin.remove_networks_from_down_agents' sleeping for 36.99 seconds {{(pid=106730) _run_loop /opt/stack/data/venv/lib/python3.12/site-packages/oslo_service/backend/_threading/loopingcall.py:125}}
Apr 27 13:38:16.592454 np0000170593 neutron-periodic-workers[106734]: DEBUG oslo.service.backend._threading.loopingcall [None req-7aca3d49-26dc-4ea0-a278-585a23315477 None None] Fixed interval looping call 'neutron.db.quota.driver_nolock.DbQuotaNoLockDriver._remove_expired_reservations' sleeping for 119.99 seconds {{(pid=106734) _run_loop /opt/stack/data/venv/lib/python3.12/site-packages/oslo_service/backend/_threading/loopingcall.py:125}}
Apr 27 13:38:19.583924 np0000170593 neutron-periodic-workers[106732]: DEBUG neutron.db.agents_db [None req-4be5336e-b6a9-4329-9e3c-1ecc9a4b711c None None] Agent healthcheck: found 0 active agents {{(pid=106732) agent_health_check /opt/stack/neutron/neutron/db/agents_db.py:317}}
Apr 27 13:38:19.583924 np0000170593 neutron-periodic-workers[106732]: DEBUG oslo.service.backend._threading.loopingcall [None req-4be5336e-b6a9-4329-9e3c-1ecc9a4b711c None None] Fixed interval looping call 'neutron.plugins.ml2.plugin.AgentDbMixin.agent_health_check' sleeping for 36.99 seconds {{(pid=106732) _run_loop /opt/stack/data/venv/lib/python3.12/site-packages/oslo_service/backend/_threading/loopingcall.py:125}}
Apr 27 13:38:23.568519 np0000170593 neutron-periodic-workers[106730]: DEBUG dbcounter [-] [106730] Writing DB stats neutron:SELECT=3 {{(pid=106730) stat_writer /opt/stack/data/venv/lib/python3.12/site-packages/dbcounter.py:115}}
Apr 27 13:38:26.591319 np0000170593 neutron-periodic-workers[106734]: DEBUG dbcounter [-] [106734] Writing DB stats neutron:DELETE=1 {{(pid=106734) stat_writer /opt/stack/data/venv/lib/python3.12/site-packages/dbcounter.py:115}}
Apr 27 13:38:29.581583 np0000170593 neutron-periodic-workers[106732]: DEBUG dbcounter [-] [106732] Writing DB stats neutron:SELECT=1 {{(pid=106732) stat_writer /opt/stack/data/venv/lib/python3.12/site-packages/dbcounter.py:115}}
Apr 27 13:38:50.571812 np0000170593 neutron-periodic-workers[106730]: DEBUG oslo.service.backend._threading.loopingcall [None req-ca6556e5-e8ff-485d-8fb7-b35c0c42dd2f None None] Fixed interval looping call 'neutron.plugins.ml2.plugin.DhcpAgentSchedulerDbMixin.remove_networks_from_down_agents' sleeping for 36.99 seconds {{(pid=106730) _run_loop /opt/stack/data/venv/lib/python3.12/site-packages/oslo_service/backend/_threading/loopingcall.py:125}}
Apr 27 13:38:56.580224 np0000170593 neutron-periodic-workers[106732]: DEBUG neutron.db.agents_db [None req-4be5336e-b6a9-4329-9e3c-1ecc9a4b711c None None] Agent healthcheck: found 0 active agents {{(pid=106732) agent_health_check /opt/stack/neutron/neutron/db/agents_db.py:317}}
Apr 27 13:38:56.581169 np0000170593 neutron-periodic-workers[106732]: DEBUG oslo.service.backend._threading.loopingcall [None req-4be5336e-b6a9-4329-9e3c-1ecc9a4b711c None None] Fixed interval looping call 'neutron.plugins.ml2.plugin.AgentDbMixin.agent_health_check' sleeping for 36.99 seconds {{(pid=106732) _run_loop /opt/stack/data/venv/lib/python3.12/site-packages/oslo_service/backend/_threading/loopingcall.py:125}}
Apr 27 13:39:00.570199 np0000170593 neutron-periodic-workers[106730]: DEBUG dbcounter [-] [106730] Writing DB stats neutron:SELECT=3 {{(pid=106730) stat_writer /opt/stack/data/venv/lib/python3.12/site-packages/dbcounter.py:115}}
Apr 27 13:39:06.578573 np0000170593 neutron-periodic-workers[106732]: DEBUG dbcounter [-] [106732] Writing DB stats neutron:SELECT=1 {{(pid=106732) stat_writer /opt/stack/data/venv/lib/python3.12/site-packages/dbcounter.py:115}}
Apr 27 13:39:19.623833 np0000170593 neutron-periodic-workers[106739]: DEBUG oslo.service.backend._threading.loopingcall [None req-88bc55fb-5ca0-49b7-9714-cfa214e80c3d None None] Fixed interval looping call 'neutron.services.ovn_l3.plugin.L3_NAT_dbonly_mixin._clean_garbage' sleeping for 299.99 seconds {{(pid=106739) _run_loop /opt/stack/data/venv/lib/python3.12/site-packages/oslo_service/backend/_threading/loopingcall.py:125}}
Apr 27 13:39:27.569065 np0000170593 neutron-periodic-workers[106730]: DEBUG oslo.service.backend._threading.loopingcall [None req-ca6556e5-e8ff-485d-8fb7-b35c0c42dd2f None None] Fixed interval looping call 'neutron.plugins.ml2.plugin.DhcpAgentSchedulerDbMixin.remove_networks_from_down_agents' sleeping for 36.99 seconds {{(pid=106730) _run_loop /opt/stack/data/venv/lib/python3.12/site-packages/oslo_service/backend/_threading/loopingcall.py:125}}
Apr 27 13:39:29.615860 np0000170593 neutron-periodic-workers[106739]: DEBUG dbcounter [-] [106739] Writing DB stats neutron:SELECT=1 {{(pid=106739) stat_writer /opt/stack/data/venv/lib/python3.12/site-packages/dbcounter.py:115}}
Apr 27 13:39:33.576065 np0000170593 neutron-periodic-workers[106732]: DEBUG neutron.db.agents_db [None req-4be5336e-b6a9-4329-9e3c-1ecc9a4b711c None None] Agent healthcheck: found 0 active agents {{(pid=106732) agent_health_check /opt/stack/neutron/neutron/db/agents_db.py:317}}
Apr 27 13:39:33.577003 np0000170593 neutron-periodic-workers[106732]: DEBUG oslo.service.backend._threading.loopingcall [None req-4be5336e-b6a9-4329-9e3c-1ecc9a4b711c None None] Fixed interval looping call 'neutron.plugins.ml2.plugin.AgentDbMixin.agent_health_check' sleeping for 36.99 seconds {{(pid=106732) _run_loop /opt/stack/data/venv/lib/python3.12/site-packages/oslo_service/backend/_threading/loopingcall.py:125}}
Apr 27 13:39:37.568166 np0000170593 neutron-periodic-workers[106730]: DEBUG dbcounter [-] [106730] Writing DB stats neutron:SELECT=3 {{(pid=106730) stat_writer /opt/stack/data/venv/lib/python3.12/site-packages/dbcounter.py:115}}
Apr 27 13:39:43.574349 np0000170593 neutron-periodic-workers[106732]: DEBUG dbcounter [-] [106732] Writing DB stats neutron:SELECT=1 {{(pid=106732) stat_writer /opt/stack/data/venv/lib/python3.12/site-packages/dbcounter.py:115}}
Apr 27 13:40:04.569608 np0000170593 neutron-periodic-workers[106730]: DEBUG oslo.service.backend._threading.loopingcall [None req-ca6556e5-e8ff-485d-8fb7-b35c0c42dd2f None None] Fixed interval looping call 'neutron.plugins.ml2.plugin.DhcpAgentSchedulerDbMixin.remove_networks_from_down_agents' sleeping for 36.99 seconds {{(pid=106730) _run_loop /opt/stack/data/venv/lib/python3.12/site-packages/oslo_service/backend/_threading/loopingcall.py:125}}
Apr 27 13:40:10.572669 np0000170593 neutron-periodic-workers[106732]: DEBUG neutron.db.agents_db [None req-4be5336e-b6a9-4329-9e3c-1ecc9a4b711c None None] Agent healthcheck: found 0 active agents {{(pid=106732) agent_health_check /opt/stack/neutron/neutron/db/agents_db.py:317}}
Apr 27 13:40:10.573393 np0000170593 neutron-periodic-workers[106732]: DEBUG oslo.service.backend._threading.loopingcall [None req-4be5336e-b6a9-4329-9e3c-1ecc9a4b711c None None] Fixed interval looping call 'neutron.plugins.ml2.plugin.AgentDbMixin.agent_health_check' sleeping for 36.99 seconds {{(pid=106732) _run_loop /opt/stack/data/venv/lib/python3.12/site-packages/oslo_service/backend/_threading/loopingcall.py:125}}
Apr 27 13:40:14.568948 np0000170593 neutron-periodic-workers[106730]: DEBUG dbcounter [-] [106730] Writing DB stats neutron:SELECT=3 {{(pid=106730) stat_writer /opt/stack/data/venv/lib/python3.12/site-packages/dbcounter.py:115}}
Apr 27 13:40:16.587742 np0000170593 neutron-periodic-workers[106734]: DEBUG oslo.service.backend._threading.loopingcall [None req-7aca3d49-26dc-4ea0-a278-585a23315477 None None] Fixed interval looping call 'neutron.db.quota.driver_nolock.DbQuotaNoLockDriver._remove_expired_reservations' sleeping for 120.00 seconds {{(pid=106734) _run_loop /opt/stack/data/venv/lib/python3.12/site-packages/oslo_service/backend/_threading/loopingcall.py:125}}
Apr 27 13:40:20.570912 np0000170593 neutron-periodic-workers[106732]: DEBUG dbcounter [-] [106732] Writing DB stats neutron:SELECT=1 {{(pid=106732) stat_writer /opt/stack/data/venv/lib/python3.12/site-packages/dbcounter.py:115}}
Apr 27 13:40:26.586512 np0000170593 neutron-periodic-workers[106734]: DEBUG dbcounter [-] [106734] Writing DB stats neutron:DELETE=1 {{(pid=106734) stat_writer /opt/stack/data/venv/lib/python3.12/site-packages/dbcounter.py:115}}
Apr 27 13:40:41.567877 np0000170593 neutron-periodic-workers[106730]: DEBUG oslo.service.backend._threading.loopingcall [None req-ca6556e5-e8ff-485d-8fb7-b35c0c42dd2f None None] Fixed interval looping call 'neutron.plugins.ml2.plugin.DhcpAgentSchedulerDbMixin.remove_networks_from_down_agents' sleeping for 36.99 seconds {{(pid=106730) _run_loop /opt/stack/data/venv/lib/python3.12/site-packages/oslo_service/backend/_threading/loopingcall.py:125}}
Apr 27 13:40:47.582428 np0000170593 neutron-periodic-workers[106732]: DEBUG neutron.db.agents_db [None req-4be5336e-b6a9-4329-9e3c-1ecc9a4b711c None None] Agent healthcheck: found 0 active agents {{(pid=106732) agent_health_check /opt/stack/neutron/neutron/db/agents_db.py:317}}
Apr 27 13:40:47.582829 np0000170593 neutron-periodic-workers[106732]: DEBUG oslo.service.backend._threading.loopingcall [None req-4be5336e-b6a9-4329-9e3c-1ecc9a4b711c None None] Fixed interval looping call 'neutron.plugins.ml2.plugin.AgentDbMixin.agent_health_check' sleeping for 37.00 seconds {{(pid=106732) _run_loop /opt/stack/data/venv/lib/python3.12/site-packages/oslo_service/backend/_threading/loopingcall.py:125}}
Apr 27 13:40:51.567573 np0000170593 neutron-periodic-workers[106730]: DEBUG dbcounter [-] [106730] Writing DB stats neutron:SELECT=3 {{(pid=106730) stat_writer /opt/stack/data/venv/lib/python3.12/site-packages/dbcounter.py:115}}
Apr 27 13:40:57.581874 np0000170593 neutron-periodic-workers[106732]: DEBUG dbcounter [-] [106732] Writing DB stats neutron:SELECT=1 {{(pid=106732) stat_writer /opt/stack/data/venv/lib/python3.12/site-packages/dbcounter.py:115}}
Apr 27 13:41:18.569805 np0000170593 neutron-periodic-workers[106730]: DEBUG oslo.service.backend._threading.loopingcall [None req-ca6556e5-e8ff-485d-8fb7-b35c0c42dd2f None None] Fixed interval looping call 'neutron.plugins.ml2.plugin.DhcpAgentSchedulerDbMixin.remove_networks_from_down_agents' sleeping for 36.99 seconds {{(pid=106730) _run_loop /opt/stack/data/venv/lib/python3.12/site-packages/oslo_service/backend/_threading/loopingcall.py:125}}
Apr 27 13:41:24.593014 np0000170593 neutron-periodic-workers[106732]: DEBUG neutron.db.agents_db [None req-4be5336e-b6a9-4329-9e3c-1ecc9a4b711c None None] Agent healthcheck: found 0 active agents {{(pid=106732) agent_health_check /opt/stack/neutron/neutron/db/agents_db.py:317}}
Apr 27 13:41:24.594086 np0000170593 neutron-periodic-workers[106732]: DEBUG oslo.service.backend._threading.loopingcall [None req-4be5336e-b6a9-4329-9e3c-1ecc9a4b711c None None] Fixed interval looping call 'neutron.plugins.ml2.plugin.AgentDbMixin.agent_health_check' sleeping for 36.99 seconds {{(pid=106732) _run_loop /opt/stack/data/venv/lib/python3.12/site-packages/oslo_service/backend/_threading/loopingcall.py:125}}
Apr 27 13:41:28.568039 np0000170593 neutron-periodic-workers[106730]: DEBUG dbcounter [-] [106730] Writing DB stats neutron:SELECT=3 {{(pid=106730) stat_writer /opt/stack/data/venv/lib/python3.12/site-packages/dbcounter.py:115}}
Apr 27 13:41:34.590324 np0000170593 neutron-periodic-workers[106732]: DEBUG dbcounter [-] [106732] Writing DB stats neutron:SELECT=1 {{(pid=106732) stat_writer /opt/stack/data/venv/lib/python3.12/site-packages/dbcounter.py:115}}
Apr 27 13:41:55.568132 np0000170593 neutron-periodic-workers[106730]: DEBUG oslo.service.backend._threading.loopingcall [None req-ca6556e5-e8ff-485d-8fb7-b35c0c42dd2f None None] Fixed interval looping call 'neutron.plugins.ml2.plugin.DhcpAgentSchedulerDbMixin.remove_networks_from_down_agents' sleeping for 36.99 seconds {{(pid=106730) _run_loop /opt/stack/data/venv/lib/python3.12/site-packages/oslo_service/backend/_threading/loopingcall.py:125}}
Apr 27 13:42:01.588826 np0000170593 neutron-periodic-workers[106732]: DEBUG neutron.db.agents_db [None req-4be5336e-b6a9-4329-9e3c-1ecc9a4b711c None None] Agent healthcheck: found 0 active agents {{(pid=106732) agent_health_check /opt/stack/neutron/neutron/db/agents_db.py:317}}
Apr 27 13:42:01.589587 np0000170593 neutron-periodic-workers[106732]: DEBUG oslo.service.backend._threading.loopingcall [None req-4be5336e-b6a9-4329-9e3c-1ecc9a4b711c None None] Fixed interval looping call 'neutron.plugins.ml2.plugin.AgentDbMixin.agent_health_check' sleeping for 36.99 seconds {{(pid=106732) _run_loop /opt/stack/data/venv/lib/python3.12/site-packages/oslo_service/backend/_threading/loopingcall.py:125}}
Apr 27 13:42:05.567451 np0000170593 neutron-periodic-workers[106730]: DEBUG dbcounter [-] [106730] Writing DB stats neutron:SELECT=3 {{(pid=106730) stat_writer /opt/stack/data/venv/lib/python3.12/site-packages/dbcounter.py:115}}
Apr 27 13:42:11.587558 np0000170593 neutron-periodic-workers[106732]: DEBUG dbcounter [-] [106732] Writing DB stats neutron:SELECT=1 {{(pid=106732) stat_writer /opt/stack/data/venv/lib/python3.12/site-packages/dbcounter.py:115}}
Apr 27 13:42:16.595856 np0000170593 neutron-periodic-workers[106734]: DEBUG oslo.service.backend._threading.loopingcall [None req-7aca3d49-26dc-4ea0-a278-585a23315477 None None] Fixed interval looping call 'neutron.db.quota.driver_nolock.DbQuotaNoLockDriver._remove_expired_reservations' sleeping for 119.99 seconds {{(pid=106734) _run_loop /opt/stack/data/venv/lib/python3.12/site-packages/oslo_service/backend/_threading/loopingcall.py:125}}
Apr 27 13:42:26.594169 np0000170593 neutron-periodic-workers[106734]: DEBUG dbcounter [-] [106734] Writing DB stats neutron:DELETE=1 {{(pid=106734) stat_writer /opt/stack/data/venv/lib/python3.12/site-packages/dbcounter.py:115}}
Apr 27 13:42:32.570778 np0000170593 neutron-periodic-workers[106730]: DEBUG oslo.service.backend._threading.loopingcall [None req-ca6556e5-e8ff-485d-8fb7-b35c0c42dd2f None None] Fixed interval looping call 'neutron.plugins.ml2.plugin.DhcpAgentSchedulerDbMixin.remove_networks_from_down_agents' sleeping for 36.99 seconds {{(pid=106730) _run_loop /opt/stack/data/venv/lib/python3.12/site-packages/oslo_service/backend/_threading/loopingcall.py:125}}
Apr 27 13:42:38.627683 np0000170593 neutron-periodic-workers[106732]: DEBUG neutron.db.agents_db [None req-4be5336e-b6a9-4329-9e3c-1ecc9a4b711c None None] Agent healthcheck: found 0 active agents {{(pid=106732) agent_health_check /opt/stack/neutron/neutron/db/agents_db.py:317}}
Apr 27 13:42:38.627683 np0000170593 neutron-periodic-workers[106732]: DEBUG oslo.service.backend._threading.loopingcall [None req-4be5336e-b6a9-4329-9e3c-1ecc9a4b711c None None] Fixed interval looping call 'neutron.plugins.ml2.plugin.AgentDbMixin.agent_health_check' sleeping for 36.99 seconds {{(pid=106732) _run_loop /opt/stack/data/venv/lib/python3.12/site-packages/oslo_service/backend/_threading/loopingcall.py:125}}
Apr 27 13:42:42.570290 np0000170593 neutron-periodic-workers[106730]: DEBUG dbcounter [-] [106730] Writing DB stats neutron:SELECT=3 {{(pid=106730) stat_writer /opt/stack/data/venv/lib/python3.12/site-packages/dbcounter.py:115}}
Apr 27 13:42:48.582690 np0000170593 neutron-periodic-workers[106732]: DEBUG dbcounter [-] [106732] Writing DB stats neutron:SELECT=1 {{(pid=106732) stat_writer /opt/stack/data/venv/lib/python3.12/site-packages/dbcounter.py:115}}
Apr 27 13:43:09.571620 np0000170593 neutron-periodic-workers[106730]: DEBUG oslo.service.backend._threading.loopingcall [None req-ca6556e5-e8ff-485d-8fb7-b35c0c42dd2f None None] Fixed interval looping call 'neutron.plugins.ml2.plugin.DhcpAgentSchedulerDbMixin.remove_networks_from_down_agents' sleeping for 36.99 seconds {{(pid=106730) _run_loop /opt/stack/data/venv/lib/python3.12/site-packages/oslo_service/backend/_threading/loopingcall.py:125}}
Apr 27 13:43:15.578024 np0000170593 neutron-periodic-workers[106732]: DEBUG neutron.db.agents_db [None req-4be5336e-b6a9-4329-9e3c-1ecc9a4b711c None None] Agent healthcheck: found 0 active agents {{(pid=106732) agent_health_check /opt/stack/neutron/neutron/db/agents_db.py:317}}
Apr 27 13:43:15.578461 np0000170593 neutron-periodic-workers[106732]: DEBUG oslo.service.backend._threading.loopingcall [None req-4be5336e-b6a9-4329-9e3c-1ecc9a4b711c None None] Fixed interval looping call 'neutron.plugins.ml2.plugin.AgentDbMixin.agent_health_check' sleeping for 37.00 seconds {{(pid=106732) _run_loop /opt/stack/data/venv/lib/python3.12/site-packages/oslo_service/backend/_threading/loopingcall.py:125}}
Apr 27 13:43:19.570484 np0000170593 neutron-periodic-workers[106730]: DEBUG dbcounter [-] [106730] Writing DB stats neutron:SELECT=3 {{(pid=106730) stat_writer /opt/stack/data/venv/lib/python3.12/site-packages/dbcounter.py:115}}
