Apr 27 13:33:22.478682 np0000170593 devstack@g-api.service[117103]: DEBUG glance.image_cache.drivers.centralized_db [None req-a5924c1e-feb2-4984-b640-ed1b7e88e203 None None] Node reference is already recorded, ignoring it {{(pid=117103) configure /opt/stack/glance/glance/image_cache/drivers/centralized_db.py:71}}
Apr 27 13:33:22.479446 np0000170593 devstack@g-api.service[117102]: DEBUG glance.image_cache.drivers.centralized_db [None req-9d5b7948-b5f3-4a75-9f2a-57c1c6857800 None None] Node reference is already recorded, ignoring it {{(pid=117102) configure /opt/stack/glance/glance/image_cache/drivers/centralized_db.py:71}}
Apr 27 13:33:22.483577 np0000170593 devstack@g-api.service[117101]: INFO glance.api.middleware.cache_manage [None req-6946f0ad-bf03-444f-82dd-79c21c44d157 None None] Initialized image cache management middleware
Apr 27 13:33:22.483646 np0000170593 devstack@g-api.service[117100]: INFO dbcounter [None req-62b8a790-bbb7-430a-83ad-7798cc07f7c8 None None] Registered counter for database glance
Apr 27 13:33:22.483788 np0000170593 devstack@g-api.service[117101]: INFO glance.image_cache [None req-6946f0ad-bf03-444f-82dd-79c21c44d157 None None] Image cache loaded driver 'centralized_db'.
Apr 27 13:33:22.485004 np0000170593 devstack@g-api.service[117103]: DEBUG glance.api.v2.cached_images [None req-a5924c1e-feb2-4984-b640-ed1b7e88e203 None None] Started cache worker thread {{(pid=117103) __init__ /opt/stack/glance/glance/api/v2/cached_images.py:69}}
Apr 27 13:33:22.485724 np0000170593 devstack@g-api.service[117103]: INFO glance.image_cache [None req-a5924c1e-feb2-4984-b640-ed1b7e88e203 None None] Image cache loaded driver 'centralized_db'.
Apr 27 13:33:22.486421 np0000170593 devstack@g-api.service[117102]: INFO glance.image_cache [None req-9d5b7948-b5f3-4a75-9f2a-57c1c6857800 None None] Image cache loaded driver 'centralized_db'.
Apr 27 13:33:22.494131 np0000170593 devstack@g-api.service[117101]: DEBUG glance.image_cache.drivers.centralized_db [None req-6946f0ad-bf03-444f-82dd-79c21c44d157 None None] Node reference is already recorded, ignoring it {{(pid=117101) configure /opt/stack/glance/glance/image_cache/drivers/centralized_db.py:71}}
Apr 27 13:33:22.496543 np0000170593 devstack@g-api.service[117102]: DEBUG glance.image_cache.drivers.centralized_db [None req-9d5b7948-b5f3-4a75-9f2a-57c1c6857800 None None] Node reference is already recorded, ignoring it {{(pid=117102) configure /opt/stack/glance/glance/image_cache/drivers/centralized_db.py:71}}
Apr 27 13:33:22.496734 np0000170593 devstack@g-api.service[117103]: DEBUG glance.image_cache.drivers.centralized_db [None req-a5924c1e-feb2-4984-b640-ed1b7e88e203 None None] Node reference is already recorded, ignoring it {{(pid=117103) configure /opt/stack/glance/glance/image_cache/drivers/centralized_db.py:71}}
Apr 27 13:33:22.499440 np0000170593 devstack@g-api.service[117100]: DEBUG oslo_db.sqlalchemy.engines [None req-62b8a790-bbb7-430a-83ad-7798cc07f7c8 None None] MySQL server mode set to STRICT_TRANS_TABLES,STRICT_ALL_TABLES,NO_ZERO_IN_DATE,NO_ZERO_DATE,ERROR_FOR_DIVISION_BY_ZERO,TRADITIONAL,NO_ENGINE_SUBSTITUTION {{(pid=117100) _check_effective_sql_mode /opt/stack/data/venv/lib/python3.12/site-packages/oslo_db/sqlalchemy/engines.py:325}}
Apr 27 13:33:22.500687 np0000170593 devstack@g-api.service[117101]: INFO glance.api.middleware.cache [None req-6946f0ad-bf03-444f-82dd-79c21c44d157 None None] Initialized image cache middleware
Apr 27 13:33:22.503608 np0000170593 devstack@g-api.service[117103]: INFO glance.api.middleware.cache_manage [None req-a5924c1e-feb2-4984-b640-ed1b7e88e203 None None] Initialized image cache management middleware
Apr 27 13:33:22.503782 np0000170593 devstack@g-api.service[117102]: DEBUG glance.api.v2.cached_images [None req-9d5b7948-b5f3-4a75-9f2a-57c1c6857800 None None] Started cache worker thread {{(pid=117102) __init__ /opt/stack/glance/glance/api/v2/cached_images.py:69}}
Apr 27 13:33:22.503855 np0000170593 devstack@g-api.service[117103]: INFO glance.image_cache [None req-a5924c1e-feb2-4984-b640-ed1b7e88e203 None None] Image cache loaded driver 'centralized_db'.
Apr 27 13:33:22.504678 np0000170593 devstack@g-api.service[117102]: INFO glance.image_cache [None req-9d5b7948-b5f3-4a75-9f2a-57c1c6857800 None None] Image cache loaded driver 'centralized_db'.
Apr 27 13:33:22.507766 np0000170593 devstack@g-api.service[117101]: WARNING keystonemiddleware.auth_token [None req-6946f0ad-bf03-444f-82dd-79c21c44d157 None None] AuthToken middleware is set with keystone_authtoken.service_token_roles_required set to False. This is backwards compatible but deprecated behaviour. Please set this to True.
Apr 27 13:33:22.513823 np0000170593 devstack@g-api.service[117101]: DEBUG glance.common.config [None req-6946f0ad-bf03-444f-82dd-79c21c44d157 None None] ******************************************************************************** {{(pid=117101) log_opt_values /opt/stack/data/venv/lib/python3.12/site-packages/oslo_config/cfg.py:2979}}
Apr 27 13:33:22.513940 np0000170593 devstack@g-api.service[117101]: DEBUG glance.common.config [None req-6946f0ad-bf03-444f-82dd-79c21c44d157 None None] Configuration options gathered from: {{(pid=117101) log_opt_values /opt/stack/data/venv/lib/python3.12/site-packages/oslo_config/cfg.py:2980}}
Apr 27 13:33:22.514215 np0000170593 devstack@g-api.service[117101]: DEBUG glance.common.config [None req-6946f0ad-bf03-444f-82dd-79c21c44d157 None None] command line args: [] {{(pid=117101) log_opt_values /opt/stack/data/venv/lib/python3.12/site-packages/oslo_config/cfg.py:2981}}
Apr 27 13:33:22.514352 np0000170593 devstack@g-api.service[117101]: DEBUG glance.common.config [None req-6946f0ad-bf03-444f-82dd-79c21c44d157 None None] config files: ['/etc/glance/glance-image-import.conf', '/etc/glance/glance-api.conf'] {{(pid=117101) log_opt_values /opt/stack/data/venv/lib/python3.12/site-packages/oslo_config/cfg.py:2982}}
Apr 27 13:33:22.514421 np0000170593 devstack@g-api.service[117101]: DEBUG glance.common.config [None req-6946f0ad-bf03-444f-82dd-79c21c44d157 None None] ================================================================================ {{(pid=117101) log_opt_values /opt/stack/data/venv/lib/python3.12/site-packages/oslo_config/cfg.py:2987}}
Apr 27 13:33:22.514505 np0000170593 devstack@g-api.service[117101]: DEBUG glance.common.config [None req-6946f0ad-bf03-444f-82dd-79c21c44d157 None None] allow_anonymous_access = False {{(pid=117101) log_opt_values /opt/stack/data/venv/lib/python3.12/site-packages/oslo_config/cfg.py:2995}}
Apr 27 13:33:22.514627 np0000170593 devstack@g-api.service[117101]: DEBUG glance.common.config [None req-6946f0ad-bf03-444f-82dd-79c21c44d157 None None] api_limit_max = 1000 {{(pid=117101) log_opt_values /opt/stack/data/venv/lib/python3.12/site-packages/oslo_config/cfg.py:2995}}
Apr 27 13:33:22.514798 np0000170593 devstack@g-api.service[117101]: DEBUG glance.common.config [None req-6946f0ad-bf03-444f-82dd-79c21c44d157 None None] backlog = 4096 {{(pid=117101) log_opt_values /opt/stack/data/venv/lib/python3.12/site-packages/oslo_config/cfg.py:2995}}
Apr 27 13:33:22.514929 np0000170593 devstack@g-api.service[117101]: DEBUG glance.common.config [None req-6946f0ad-bf03-444f-82dd-79c21c44d157 None None] bind_host = 0.0.0.0 {{(pid=117101) log_opt_values /opt/stack/data/venv/lib/python3.12/site-packages/oslo_config/cfg.py:2995}}
Apr 27 13:33:22.515056 np0000170593 devstack@g-api.service[117101]: DEBUG glance.common.config [None req-6946f0ad-bf03-444f-82dd-79c21c44d157 None None] bind_port = 19292 {{(pid=117101) log_opt_values /opt/stack/data/venv/lib/python3.12/site-packages/oslo_config/cfg.py:2995}}
Apr 27 13:33:22.515180 np0000170593 devstack@g-api.service[117103]: DEBUG glance.image_cache.drivers.centralized_db [None req-a5924c1e-feb2-4984-b640-ed1b7e88e203 None None] Node reference is already recorded, ignoring it {{(pid=117103) configure /opt/stack/glance/glance/image_cache/drivers/centralized_db.py:71}}
Apr 27 13:33:22.515250 np0000170593 devstack@g-api.service[117101]: DEBUG glance.common.config [None req-6946f0ad-bf03-444f-82dd-79c21c44d157 None None] client_socket_timeout = 900 {{(pid=117101) log_opt_values /opt/stack/data/venv/lib/python3.12/site-packages/oslo_config/cfg.py:2995}}
Apr 27 13:33:22.515250 np0000170593 devstack@g-api.service[117101]: DEBUG glance.common.config [None req-6946f0ad-bf03-444f-82dd-79c21c44d157 None None] config_dir = [] {{(pid=117101) log_opt_values /opt/stack/data/venv/lib/python3.12/site-packages/oslo_config/cfg.py:2995}}
Apr 27 13:33:22.515404 np0000170593 devstack@g-api.service[117101]: DEBUG glance.common.config [None req-6946f0ad-bf03-444f-82dd-79c21c44d157 None None] config_file = ['/etc/glance/glance-image-import.conf', '/etc/glance/glance-api.conf'] {{(pid=117101) log_opt_values /opt/stack/data/venv/lib/python3.12/site-packages/oslo_config/cfg.py:2995}}
Apr 27 13:33:22.515493 np0000170593 devstack@g-api.service[117101]: DEBUG glance.common.config [None req-6946f0ad-bf03-444f-82dd-79c21c44d157 None None] config_source = [] {{(pid=117101) log_opt_values /opt/stack/data/venv/lib/python3.12/site-packages/oslo_config/cfg.py:2995}}
Apr 27 13:33:22.515564 np0000170593 devstack@g-api.service[117101]: DEBUG glance.common.config [None req-6946f0ad-bf03-444f-82dd-79c21c44d157 None None] control_exchange = glance {{(pid=117101) log_opt_values /opt/stack/data/venv/lib/python3.12/site-packages/oslo_config/cfg.py:2995}}
Apr 27 13:33:22.515632 np0000170593 devstack@g-api.service[117101]: DEBUG glance.common.config [None req-6946f0ad-bf03-444f-82dd-79c21c44d157 None None] debug = True {{(pid=117101) log_opt_values /opt/stack/data/venv/lib/python3.12/site-packages/oslo_config/cfg.py:2995}}
Apr 27 13:33:22.515830 np0000170593 devstack@g-api.service[117101]: DEBUG glance.common.config [None req-6946f0ad-bf03-444f-82dd-79c21c44d157 None None] default_log_levels = ['amqp=WARN', 'boto=WARN', 'sqlalchemy=WARN', 'suds=INFO', 'oslo.messaging=INFO', 'oslo_messaging=INFO', 'iso8601=WARN', 'requests.packages.urllib3.connectionpool=WARN', 'urllib3.connectionpool=WARN', 'websocket=WARN', 'requests.packages.urllib3.util.retry=WARN', 'urllib3.util.retry=WARN', 'keystonemiddleware=WARN', 'routes.middleware=WARN', 'stevedore=WARN', 'taskflow=WARN', 'keystoneauth=WARN', 'oslo.cache=INFO', 'oslo_policy=INFO', 'dogpile.core.dogpile=INFO'] {{(pid=117101) log_opt_values /opt/stack/data/venv/lib/python3.12/site-packages/oslo_config/cfg.py:2995}}
Apr 27 13:33:22.516143 np0000170593 devstack@g-api.service[117101]: DEBUG glance.common.config [None req-6946f0ad-bf03-444f-82dd-79c21c44d157 None None] default_publisher_id = image.localhost {{(pid=117101) log_opt_values /opt/stack/data/venv/lib/python3.12/site-packages/oslo_config/cfg.py:2995}}
Apr 27 13:33:22.516143 np0000170593 devstack@g-api.service[117101]: DEBUG glance.common.config [None req-6946f0ad-bf03-444f-82dd-79c21c44d157 None None] delayed_delete = False {{(pid=117101) log_opt_values /opt/stack/data/venv/lib/python3.12/site-packages/oslo_config/cfg.py:2995}}
Apr 27 13:33:22.516143 np0000170593 devstack@g-api.service[117101]: DEBUG glance.common.config [None req-6946f0ad-bf03-444f-82dd-79c21c44d157 None None] digest_algorithm = sha256 {{(pid=117101) log_opt_values /opt/stack/data/venv/lib/python3.12/site-packages/oslo_config/cfg.py:2995}}
Apr 27 13:33:22.516323 np0000170593 devstack@g-api.service[117101]: DEBUG glance.common.config [None req-6946f0ad-bf03-444f-82dd-79c21c44d157 None None] disabled_notifications = [] {{(pid=117101) log_opt_values /opt/stack/data/venv/lib/python3.12/site-packages/oslo_config/cfg.py:2995}}
Apr 27 13:33:22.516323 np0000170593 devstack@g-api.service[117101]: DEBUG glance.common.config [None req-6946f0ad-bf03-444f-82dd-79c21c44d157 None None] do_secure_hash = True {{(pid=117101) log_opt_values /opt/stack/data/venv/lib/python3.12/site-packages/oslo_config/cfg.py:2995}}
Apr 27 13:33:22.516435 np0000170593 devstack@g-api.service[117101]: DEBUG glance.common.config [None req-6946f0ad-bf03-444f-82dd-79c21c44d157 None None] enabled_backends = None {{(pid=117101) log_opt_values /opt/stack/data/venv/lib/python3.12/site-packages/oslo_config/cfg.py:2995}}
Apr 27 13:33:22.516517 np0000170593 devstack@g-api.service[117101]: DEBUG glance.common.config [None req-6946f0ad-bf03-444f-82dd-79c21c44d157 None None] enabled_import_methods = ['glance-direct', 'web-download', 'copy-image'] {{(pid=117101) log_opt_values /opt/stack/data/venv/lib/python3.12/site-packages/oslo_config/cfg.py:2995}}
Apr 27 13:33:22.516615 np0000170593 devstack@g-api.service[117101]: DEBUG glance.common.config [None req-6946f0ad-bf03-444f-82dd-79c21c44d157 None None] hashing_algorithm = sha512 {{(pid=117101) log_opt_values /opt/stack/data/venv/lib/python3.12/site-packages/oslo_config/cfg.py:2995}}
Apr 27 13:33:22.516733 np0000170593 devstack@g-api.service[117101]: DEBUG glance.common.config [None req-6946f0ad-bf03-444f-82dd-79c21c44d157 None None] http_keepalive = True {{(pid=117101) log_opt_values /opt/stack/data/venv/lib/python3.12/site-packages/oslo_config/cfg.py:2995}}
Apr 27 13:33:22.516842 np0000170593 devstack@g-api.service[117101]: DEBUG glance.common.config [None req-6946f0ad-bf03-444f-82dd-79c21c44d157 None None] http_retries = 3 {{(pid=117101) log_opt_values /opt/stack/data/venv/lib/python3.12/site-packages/oslo_config/cfg.py:2995}}
Apr 27 13:33:22.516947 np0000170593 devstack@g-api.service[117101]: DEBUG glance.common.config [None req-6946f0ad-bf03-444f-82dd-79c21c44d157 None None] image_cache_dir = /opt/stack/data/glance/cache/ {{(pid=117101) log_opt_values /opt/stack/data/venv/lib/python3.12/site-packages/oslo_config/cfg.py:2995}}
Apr 27 13:33:22.517037 np0000170593 devstack@g-api.service[117101]: DEBUG glance.common.config [None req-6946f0ad-bf03-444f-82dd-79c21c44d157 None None] image_cache_driver = centralized_db {{(pid=117101) log_opt_values /opt/stack/data/venv/lib/python3.12/site-packages/oslo_config/cfg.py:2995}}
Apr 27 13:33:22.517156 np0000170593 devstack@g-api.service[117101]: DEBUG glance.common.config [None req-6946f0ad-bf03-444f-82dd-79c21c44d157 None None] image_cache_max_size = 10737418240 {{(pid=117101) log_opt_values /opt/stack/data/venv/lib/python3.12/site-packages/oslo_config/cfg.py:2995}}
Apr 27 13:33:22.517265 np0000170593 devstack@g-api.service[117101]: DEBUG glance.common.config [None req-6946f0ad-bf03-444f-82dd-79c21c44d157 None None] image_cache_sqlite_db = cache.db {{(pid=117101) log_opt_values /opt/stack/data/venv/lib/python3.12/site-packages/oslo_config/cfg.py:2995}}
Apr 27 13:33:22.517370 np0000170593 devstack@g-api.service[117101]: DEBUG glance.common.config [None req-6946f0ad-bf03-444f-82dd-79c21c44d157 None None] image_cache_stall_time = 86400 {{(pid=117101) log_opt_values /opt/stack/data/venv/lib/python3.12/site-packages/oslo_config/cfg.py:2995}}
Apr 27 13:33:22.517470 np0000170593 devstack@g-api.service[117101]: DEBUG glance.common.config [None req-6946f0ad-bf03-444f-82dd-79c21c44d157 None None] image_location_quota = 10 {{(pid=117101) log_opt_values /opt/stack/data/venv/lib/python3.12/site-packages/oslo_config/cfg.py:2995}}
Apr 27 13:33:22.517577 np0000170593 devstack@g-api.service[117101]: DEBUG glance.common.config [None req-6946f0ad-bf03-444f-82dd-79c21c44d157 None None] image_member_quota = 128 {{(pid=117101) log_opt_values /opt/stack/data/venv/lib/python3.12/site-packages/oslo_config/cfg.py:2995}}
Apr 27 13:33:22.517665 np0000170593 devstack@g-api.service[117101]: DEBUG glance.common.config [None req-6946f0ad-bf03-444f-82dd-79c21c44d157 None None] image_property_quota = 128 {{(pid=117101) log_opt_values /opt/stack/data/venv/lib/python3.12/site-packages/oslo_config/cfg.py:2995}}
Apr 27 13:33:22.517749 np0000170593 devstack@g-api.service[117102]: DEBUG glance.image_cache.drivers.centralized_db [None req-9d5b7948-b5f3-4a75-9f2a-57c1c6857800 None None] Node reference is already recorded, ignoring it {{(pid=117102) configure /opt/stack/glance/glance/image_cache/drivers/centralized_db.py:71}}
Apr 27 13:33:22.517817 np0000170593 devstack@g-api.service[117101]: DEBUG glance.common.config [None req-6946f0ad-bf03-444f-82dd-79c21c44d157 None None] image_size_cap = 1099511627776 {{(pid=117101) log_opt_values /opt/stack/data/venv/lib/python3.12/site-packages/oslo_config/cfg.py:2995}}
Apr 27 13:33:22.517936 np0000170593 devstack@g-api.service[117101]: DEBUG glance.common.config [None req-6946f0ad-bf03-444f-82dd-79c21c44d157 None None] image_tag_quota = 128 {{(pid=117101) log_opt_values /opt/stack/data/venv/lib/python3.12/site-packages/oslo_config/cfg.py:2995}}
Apr 27 13:33:22.518066 np0000170593 devstack@g-api.service[117101]: DEBUG glance.common.config [None req-6946f0ad-bf03-444f-82dd-79c21c44d157 None None] instance_format = [instance: %(uuid)s] {{(pid=117101) log_opt_values /opt/stack/data/venv/lib/python3.12/site-packages/oslo_config/cfg.py:2995}}
Apr 27 13:33:22.518204 np0000170593 devstack@g-api.service[117101]: DEBUG glance.common.config [None req-6946f0ad-bf03-444f-82dd-79c21c44d157 None None] instance_uuid_format = [instance: %(uuid)s] {{(pid=117101) log_opt_values /opt/stack/data/venv/lib/python3.12/site-packages/oslo_config/cfg.py:2995}}
Apr 27 13:33:22.518328 np0000170593 devstack@g-api.service[117101]: DEBUG glance.common.config [None req-6946f0ad-bf03-444f-82dd-79c21c44d157 None None] limit_param_default = 25 {{(pid=117101) log_opt_values /opt/stack/data/venv/lib/python3.12/site-packages/oslo_config/cfg.py:2995}}
Apr 27 13:33:22.518463 np0000170593 devstack@g-api.service[117101]: DEBUG glance.common.config [None req-6946f0ad-bf03-444f-82dd-79c21c44d157 None None] log_color = False {{(pid=117101) log_opt_values /opt/stack/data/venv/lib/python3.12/site-packages/oslo_config/cfg.py:2995}}
Apr 27 13:33:22.518651 np0000170593 devstack@g-api.service[117101]: DEBUG glance.common.config [None req-6946f0ad-bf03-444f-82dd-79c21c44d157 None None] log_config_append = None {{(pid=117101) log_opt_values /opt/stack/data/venv/lib/python3.12/site-packages/oslo_config/cfg.py:2995}}
Apr 27 13:33:22.518811 np0000170593 devstack@g-api.service[117101]: DEBUG glance.common.config [None req-6946f0ad-bf03-444f-82dd-79c21c44d157 None None] log_date_format = %Y-%m-%d %H:%M:%S {{(pid=117101) log_opt_values /opt/stack/data/venv/lib/python3.12/site-packages/oslo_config/cfg.py:2995}}
Apr 27 13:33:22.518984 np0000170593 devstack@g-api.service[117101]: DEBUG glance.common.config [None req-6946f0ad-bf03-444f-82dd-79c21c44d157 None None] log_dir = None {{(pid=117101) log_opt_values /opt/stack/data/venv/lib/python3.12/site-packages/oslo_config/cfg.py:2995}}
Apr 27 13:33:22.519099 np0000170593 devstack@g-api.service[117101]: DEBUG glance.common.config [None req-6946f0ad-bf03-444f-82dd-79c21c44d157 None None] log_file = None {{(pid=117101) log_opt_values /opt/stack/data/venv/lib/python3.12/site-packages/oslo_config/cfg.py:2995}}
Apr 27 13:33:22.519207 np0000170593 devstack@g-api.service[117101]: DEBUG glance.common.config [None req-6946f0ad-bf03-444f-82dd-79c21c44d157 None None] log_rotate_interval = 1 {{(pid=117101) log_opt_values /opt/stack/data/venv/lib/python3.12/site-packages/oslo_config/cfg.py:2995}}
Apr 27 13:33:22.519349 np0000170593 devstack@g-api.service[117101]: DEBUG glance.common.config [None req-6946f0ad-bf03-444f-82dd-79c21c44d157 None None] log_rotate_interval_type = days {{(pid=117101) log_opt_values /opt/stack/data/venv/lib/python3.12/site-packages/oslo_config/cfg.py:2995}}
Apr 27 13:33:22.519488 np0000170593 devstack@g-api.service[117101]: DEBUG glance.common.config [None req-6946f0ad-bf03-444f-82dd-79c21c44d157 None None] log_rotation_type = none {{(pid=117101) log_opt_values /opt/stack/data/venv/lib/python3.12/site-packages/oslo_config/cfg.py:2995}}
Apr 27 13:33:22.519589 np0000170593 devstack@g-api.service[117101]: DEBUG glance.common.config [None req-6946f0ad-bf03-444f-82dd-79c21c44d157 None None] logging_context_format_string = %(color)s%(levelname)s %(name)s [%(global_request_id)s %(request_id)s %(project_name)s %(user_name)s%(color)s] %(instance)s%(color)s%(message)s {{(pid=117101) log_opt_values /opt/stack/data/venv/lib/python3.12/site-packages/oslo_config/cfg.py:2995}}
Apr 27 13:33:22.519689 np0000170593 devstack@g-api.service[117101]: DEBUG glance.common.config [None req-6946f0ad-bf03-444f-82dd-79c21c44d157 None None] logging_debug_format_suffix = {{(pid=%(process)d) %(funcName)s %(pathname)s:%(lineno)d}} {{(pid=117101) log_opt_values /opt/stack/data/venv/lib/python3.12/site-packages/oslo_config/cfg.py:2995}}
Apr 27 13:33:22.519850 np0000170593 devstack@g-api.service[117101]: DEBUG glance.common.config [None req-6946f0ad-bf03-444f-82dd-79c21c44d157 None None] logging_default_format_string = %(color)s%(levelname)s %(name)s [-%(color)s] %(instance)s%(color)s%(message)s {{(pid=117101) log_opt_values /opt/stack/data/venv/lib/python3.12/site-packages/oslo_config/cfg.py:2995}}
Apr 27 13:33:22.519989 np0000170593 devstack@g-api.service[117101]: DEBUG glance.common.config [None req-6946f0ad-bf03-444f-82dd-79c21c44d157 None None] logging_exception_prefix = ERROR %(name)s %(instance)s {{(pid=117101) log_opt_values /opt/stack/data/venv/lib/python3.12/site-packages/oslo_config/cfg.py:2995}}
Apr 27 13:33:22.520091 np0000170593 devstack@g-api.service[117101]: DEBUG glance.common.config [None req-6946f0ad-bf03-444f-82dd-79c21c44d157 None None] logging_user_identity_format = %(user)s %(project)s %(domain)s %(system_scope)s %(user_domain)s %(project_domain)s {{(pid=117101) log_opt_values /opt/stack/data/venv/lib/python3.12/site-packages/oslo_config/cfg.py:2995}}
Apr 27 13:33:22.520230 np0000170593 devstack@g-api.service[117101]: DEBUG glance.common.config [None req-6946f0ad-bf03-444f-82dd-79c21c44d157 None None] max_header_line = 16384 {{(pid=117101) log_opt_values /opt/stack/data/venv/lib/python3.12/site-packages/oslo_config/cfg.py:2995}}
Apr 27 13:33:22.520369 np0000170593 devstack@g-api.service[117101]: DEBUG glance.common.config [None req-6946f0ad-bf03-444f-82dd-79c21c44d157 None None] max_logfile_count = 30 {{(pid=117101) log_opt_values /opt/stack/data/venv/lib/python3.12/site-packages/oslo_config/cfg.py:2995}}
Apr 27 13:33:22.520509 np0000170593 devstack@g-api.service[117101]: DEBUG glance.common.config [None req-6946f0ad-bf03-444f-82dd-79c21c44d157 None None] max_logfile_size_mb = 200 {{(pid=117101) log_opt_values /opt/stack/data/venv/lib/python3.12/site-packages/oslo_config/cfg.py:2995}}
Apr 27 13:33:22.520647 np0000170593 devstack@g-api.service[117101]: DEBUG glance.common.config [None req-6946f0ad-bf03-444f-82dd-79c21c44d157 None None] max_request_id_length = 64 {{(pid=117101) log_opt_values /opt/stack/data/venv/lib/python3.12/site-packages/oslo_config/cfg.py:2995}}
Apr 27 13:33:22.520824 np0000170593 devstack@g-api.service[117101]: DEBUG glance.common.config [None req-6946f0ad-bf03-444f-82dd-79c21c44d157 None None] metadata_encryption_key = **** {{(pid=117101) log_opt_values /opt/stack/data/venv/lib/python3.12/site-packages/oslo_config/cfg.py:2995}}
Apr 27 13:33:22.520962 np0000170593 devstack@g-api.service[117101]: DEBUG glance.common.config [None req-6946f0ad-bf03-444f-82dd-79c21c44d157 None None] node_staging_uri = file:///tmp/staging/ {{(pid=117101) log_opt_values /opt/stack/data/venv/lib/python3.12/site-packages/oslo_config/cfg.py:2995}}
Apr 27 13:33:22.521099 np0000170593 devstack@g-api.service[117101]: DEBUG glance.common.config [None req-6946f0ad-bf03-444f-82dd-79c21c44d157 None None] property_protection_file = None {{(pid=117101) log_opt_values /opt/stack/data/venv/lib/python3.12/site-packages/oslo_config/cfg.py:2995}}
Apr 27 13:33:22.521165 np0000170593 devstack@g-api.service[117103]: INFO glance.api.middleware.cache [None req-a5924c1e-feb2-4984-b640-ed1b7e88e203 None None] Initialized image cache middleware
Apr 27 13:33:22.521233 np0000170593 devstack@g-api.service[117101]: DEBUG glance.common.config [None req-6946f0ad-bf03-444f-82dd-79c21c44d157 None None] property_protection_rule_format = roles {{(pid=117101) log_opt_values /opt/stack/data/venv/lib/python3.12/site-packages/oslo_config/cfg.py:2995}}
Apr 27 13:33:22.521400 np0000170593 devstack@g-api.service[117101]: DEBUG glance.common.config [None req-6946f0ad-bf03-444f-82dd-79c21c44d157 None None] public_endpoint = https://199.204.45.235/image {{(pid=117101) log_opt_values /opt/stack/data/venv/lib/python3.12/site-packages/oslo_config/cfg.py:2995}}
Apr 27 13:33:22.521544 np0000170593 devstack@g-api.service[117101]: DEBUG glance.common.config [None req-6946f0ad-bf03-444f-82dd-79c21c44d157 None None] publish_errors = False {{(pid=117101) log_opt_values /opt/stack/data/venv/lib/python3.12/site-packages/oslo_config/cfg.py:2995}}
Apr 27 13:33:22.521690 np0000170593 devstack@g-api.service[117101]: DEBUG glance.common.config [None req-6946f0ad-bf03-444f-82dd-79c21c44d157 None None] pydev_worker_debug_host = None {{(pid=117101) log_opt_values /opt/stack/data/venv/lib/python3.12/site-packages/oslo_config/cfg.py:2995}}
Apr 27 13:33:22.521854 np0000170593 devstack@g-api.service[117101]: DEBUG glance.common.config [None req-6946f0ad-bf03-444f-82dd-79c21c44d157 None None] pydev_worker_debug_port = 5678 {{(pid=117101) log_opt_values /opt/stack/data/venv/lib/python3.12/site-packages/oslo_config/cfg.py:2995}}
Apr 27 13:33:22.521995 np0000170593 devstack@g-api.service[117101]: DEBUG glance.common.config [None req-6946f0ad-bf03-444f-82dd-79c21c44d157 None None] rate_limit_burst = 0 {{(pid=117101) log_opt_values /opt/stack/data/venv/lib/python3.12/site-packages/oslo_config/cfg.py:2995}}
Apr 27 13:33:22.522149 np0000170593 devstack@g-api.service[117101]: DEBUG glance.common.config [None req-6946f0ad-bf03-444f-82dd-79c21c44d157 None None] rate_limit_except_level = CRITICAL {{(pid=117101) log_opt_values /opt/stack/data/venv/lib/python3.12/site-packages/oslo_config/cfg.py:2995}}
Apr 27 13:33:22.522303 np0000170593 devstack@g-api.service[117101]: DEBUG glance.common.config [None req-6946f0ad-bf03-444f-82dd-79c21c44d157 None None] rate_limit_interval = 0 {{(pid=117101) log_opt_values /opt/stack/data/venv/lib/python3.12/site-packages/oslo_config/cfg.py:2995}}
Apr 27 13:33:22.522435 np0000170593 devstack@g-api.service[117101]: DEBUG glance.common.config [None req-6946f0ad-bf03-444f-82dd-79c21c44d157 None None] scrub_pool_size = 1 {{(pid=117101) log_opt_values /opt/stack/data/venv/lib/python3.12/site-packages/oslo_config/cfg.py:2995}}
Apr 27 13:33:22.522599 np0000170593 devstack@g-api.service[117101]: DEBUG glance.common.config [None req-6946f0ad-bf03-444f-82dd-79c21c44d157 None None] scrub_time = 0 {{(pid=117101) log_opt_values /opt/stack/data/venv/lib/python3.12/site-packages/oslo_config/cfg.py:2995}}
Apr 27 13:33:22.522760 np0000170593 devstack@g-api.service[117101]: DEBUG glance.common.config [None req-6946f0ad-bf03-444f-82dd-79c21c44d157 None None] shell_completion = None {{(pid=117101) log_opt_values /opt/stack/data/venv/lib/python3.12/site-packages/oslo_config/cfg.py:2995}}
Apr 27 13:33:22.522926 np0000170593 devstack@g-api.service[117101]: DEBUG glance.common.config [None req-6946f0ad-bf03-444f-82dd-79c21c44d157 None None] show_image_direct_url = False {{(pid=117101) log_opt_values /opt/stack/data/venv/lib/python3.12/site-packages/oslo_config/cfg.py:2995}}
Apr 27 13:33:22.523018 np0000170593 devstack@g-api.service[117102]: INFO glance.api.middleware.cache_manage [None req-9d5b7948-b5f3-4a75-9f2a-57c1c6857800 None None] Initialized image cache management middleware
Apr 27 13:33:22.523101 np0000170593 devstack@g-api.service[117102]: INFO glance.image_cache [None req-9d5b7948-b5f3-4a75-9f2a-57c1c6857800 None None] Image cache loaded driver 'centralized_db'.
Apr 27 13:33:22.523227 np0000170593 devstack@g-api.service[117101]: WARNING oslo_config.cfg [None req-6946f0ad-bf03-444f-82dd-79c21c44d157 None None] Deprecated: Option "show_multiple_locations" from group "DEFAULT" is deprecated for removal (Use of this option, deprecated since Newton, is a security risk and will be removed once we figure out a way to satisfy those use cases that currently require it. An earlier announcement that the same functionality can be achieved with greater granularity by using policies is incorrect. You cannot work around this option via policy configuration at the present time, though that is the direction we believe the fix will take. Please keep an eye on the Glance release notes to stay up to date on progress in addressing this issue.). Its value may be silently ignored in the future.
Apr 27 13:33:22.523381 np0000170593 devstack@g-api.service[117101]: DEBUG glance.common.config [None req-6946f0ad-bf03-444f-82dd-79c21c44d157 None None] show_multiple_locations = False {{(pid=117101) log_opt_values /opt/stack/data/venv/lib/python3.12/site-packages/oslo_config/cfg.py:2995}}
Apr 27 13:33:22.523541 np0000170593 devstack@g-api.service[117101]: DEBUG glance.common.config [None req-6946f0ad-bf03-444f-82dd-79c21c44d157 None None] syslog_log_facility = LOG_USER {{(pid=117101) log_opt_values /opt/stack/data/venv/lib/python3.12/site-packages/oslo_config/cfg.py:2995}}
Apr 27 13:33:22.523691 np0000170593 devstack@g-api.service[117101]: DEBUG glance.common.config [None req-6946f0ad-bf03-444f-82dd-79c21c44d157 None None] tcp_keepidle = 600 {{(pid=117101) log_opt_values /opt/stack/data/venv/lib/python3.12/site-packages/oslo_config/cfg.py:2995}}
Apr 27 13:33:22.523869 np0000170593 devstack@g-api.service[117101]: DEBUG glance.common.config [None req-6946f0ad-bf03-444f-82dd-79c21c44d157 None None] transport_url = **** {{(pid=117101) log_opt_values /opt/stack/data/venv/lib/python3.12/site-packages/oslo_config/cfg.py:2995}}
Apr 27 13:33:22.524018 np0000170593 devstack@g-api.service[117101]: DEBUG glance.common.config [None req-6946f0ad-bf03-444f-82dd-79c21c44d157 None None] use_journal = False {{(pid=117101) log_opt_values /opt/stack/data/venv/lib/python3.12/site-packages/oslo_config/cfg.py:2995}}
Apr 27 13:33:22.524166 np0000170593 devstack@g-api.service[117101]: DEBUG glance.common.config [None req-6946f0ad-bf03-444f-82dd-79c21c44d157 None None] use_json = False {{(pid=117101) log_opt_values /opt/stack/data/venv/lib/python3.12/site-packages/oslo_config/cfg.py:2995}}
Apr 27 13:33:22.524322 np0000170593 devstack@g-api.service[117101]: DEBUG glance.common.config [None req-6946f0ad-bf03-444f-82dd-79c21c44d157 None None] use_keystone_limits = True {{(pid=117101) log_opt_values /opt/stack/data/venv/lib/python3.12/site-packages/oslo_config/cfg.py:2995}}
Apr 27 13:33:22.524533 np0000170593 devstack@g-api.service[117101]: DEBUG glance.common.config [None req-6946f0ad-bf03-444f-82dd-79c21c44d157 None None] use_stderr = False {{(pid=117101) log_opt_values /opt/stack/data/venv/lib/python3.12/site-packages/oslo_config/cfg.py:2995}}
Apr 27 13:33:22.524637 np0000170593 devstack@g-api.service[117101]: DEBUG glance.common.config [None req-6946f0ad-bf03-444f-82dd-79c21c44d157 None None] use_syslog = False {{(pid=117101) log_opt_values /opt/stack/data/venv/lib/python3.12/site-packages/oslo_config/cfg.py:2995}}
Apr 27 13:33:22.524790 np0000170593 devstack@g-api.service[117101]: DEBUG glance.common.config [None req-6946f0ad-bf03-444f-82dd-79c21c44d157 None None] user_storage_quota = 0 {{(pid=117101) log_opt_values /opt/stack/data/venv/lib/python3.12/site-packages/oslo_config/cfg.py:2995}}
Apr 27 13:33:22.525139 np0000170593 devstack@g-api.service[117101]: DEBUG glance.common.config [None req-6946f0ad-bf03-444f-82dd-79c21c44d157 None None] worker_self_reference_url = http://127.0.0.1:60999 {{(pid=117101) log_opt_values /opt/stack/data/venv/lib/python3.12/site-packages/oslo_config/cfg.py:2995}}
Apr 27 13:33:22.525253 np0000170593 devstack@g-api.service[117100]: DEBUG dbcounter [-] [117100] Writer thread running {{(pid=117100) stat_writer /opt/stack/data/venv/lib/python3.12/site-packages/dbcounter.py:102}}
Apr 27 13:33:22.525336 np0000170593 devstack@g-api.service[117101]: DEBUG glance.common.config [None req-6946f0ad-bf03-444f-82dd-79c21c44d157 None None] workers = None {{(pid=117101) log_opt_values /opt/stack/data/venv/lib/python3.12/site-packages/oslo_config/cfg.py:2995}}
Apr 27 13:33:22.525336 np0000170593 devstack@g-api.service[117101]: DEBUG glance.common.config [None req-6946f0ad-bf03-444f-82dd-79c21c44d157 None None] oslo_concurrency.disable_process_locking = False {{(pid=117101) log_opt_values /opt/stack/data/venv/lib/python3.12/site-packages/oslo_config/cfg.py:3006}}
Apr 27 13:33:22.525336 np0000170593 devstack@g-api.service[117101]: DEBUG glance.common.config [None req-6946f0ad-bf03-444f-82dd-79c21c44d157 None None] oslo_concurrency.lock_path = /opt/stack/data/glance/locks {{(pid=117101) log_opt_values /opt/stack/data/venv/lib/python3.12/site-packages/oslo_config/cfg.py:3006}}
Apr 27 13:33:22.525910 np0000170593 devstack@g-api.service[117101]: DEBUG glance.common.config [None req-6946f0ad-bf03-444f-82dd-79c21c44d157 None None] oslo_middleware.enable_proxy_headers_parsing = False {{(pid=117101) log_opt_values /opt/stack/data/venv/lib/python3.12/site-packages/oslo_config/cfg.py:3006}}
Apr 27 13:33:22.525910 np0000170593 devstack@g-api.service[117101]: DEBUG glance.common.config [None req-6946f0ad-bf03-444f-82dd-79c21c44d157 None None] oslo_middleware.http_basic_auth_user_file = /etc/htpasswd {{(pid=117101) log_opt_values /opt/stack/data/venv/lib/python3.12/site-packages/oslo_config/cfg.py:3006}}
Apr 27 13:33:22.525910 np0000170593 devstack@g-api.service[117101]: DEBUG glance.common.config [None req-6946f0ad-bf03-444f-82dd-79c21c44d157 None None] paste_deploy.config_file = None {{(pid=117101) log_opt_values /opt/stack/data/venv/lib/python3.12/site-packages/oslo_config/cfg.py:3006}}
Apr 27 13:33:22.526139 np0000170593 devstack@g-api.service[117101]: DEBUG glance.common.config [None req-6946f0ad-bf03-444f-82dd-79c21c44d157 None None] paste_deploy.flavor = keystone+cachemanagement {{(pid=117101) log_opt_values /opt/stack/data/venv/lib/python3.12/site-packages/oslo_config/cfg.py:3006}}
Apr 27 13:33:22.526212 np0000170593 devstack@g-api.service[117101]: DEBUG glance.common.config [None req-6946f0ad-bf03-444f-82dd-79c21c44d157 None None] image_format.container_formats = ['ami', 'ari', 'aki', 'bare', 'ovf', 'ova', 'docker', 'compressed'] {{(pid=117101) log_opt_values /opt/stack/data/venv/lib/python3.12/site-packages/oslo_config/cfg.py:3006}}
Apr 27 13:33:22.526430 np0000170593 devstack@g-api.service[117101]: DEBUG glance.common.config [None req-6946f0ad-bf03-444f-82dd-79c21c44d157 None None] image_format.disk_formats = ['ami', 'ari', 'aki', 'vhd', 'vhdx', 'vmdk', 'raw', 'qcow2', 'vdi', 'iso', 'ploop'] {{(pid=117101) log_opt_values /opt/stack/data/venv/lib/python3.12/site-packages/oslo_config/cfg.py:3006}}
Apr 27 13:33:22.526686 np0000170593 devstack@g-api.service[117101]: DEBUG glance.common.config [None req-6946f0ad-bf03-444f-82dd-79c21c44d157 None None] image_format.gpt_safety_checks_nonfatal = ['mbr'] {{(pid=117101) log_opt_values /opt/stack/data/venv/lib/python3.12/site-packages/oslo_config/cfg.py:3006}}
Apr 27 13:33:22.527010 np0000170593 devstack@g-api.service[117101]: DEBUG glance.common.config [None req-6946f0ad-bf03-444f-82dd-79c21c44d157 None None] image_format.require_image_format_match = True {{(pid=117101) log_opt_values /opt/stack/data/venv/lib/python3.12/site-packages/oslo_config/cfg.py:3006}}
Apr 27 13:33:22.527010 np0000170593 devstack@g-api.service[117101]: DEBUG glance.common.config [None req-6946f0ad-bf03-444f-82dd-79c21c44d157 None None] image_format.vmdk_allowed_types = ['streamOptimized', 'monolithicSparse'] {{(pid=117101) log_opt_values /opt/stack/data/venv/lib/python3.12/site-packages/oslo_config/cfg.py:3006}}
Apr 27 13:33:22.527421 np0000170593 devstack@g-api.service[117101]: DEBUG glance.common.config [None req-6946f0ad-bf03-444f-82dd-79c21c44d157 None None] task.task_executor = taskflow {{(pid=117101) log_opt_values /opt/stack/data/venv/lib/python3.12/site-packages/oslo_config/cfg.py:3006}}
Apr 27 13:33:22.527421 np0000170593 devstack@g-api.service[117101]: DEBUG glance.common.config [None req-6946f0ad-bf03-444f-82dd-79c21c44d157 None None] task.task_time_to_live = 48 {{(pid=117101) log_opt_values /opt/stack/data/venv/lib/python3.12/site-packages/oslo_config/cfg.py:3006}}
Apr 27 13:33:22.527421 np0000170593 devstack@g-api.service[117101]: DEBUG glance.common.config [None req-6946f0ad-bf03-444f-82dd-79c21c44d157 None None] task.work_dir = None {{(pid=117101) log_opt_values /opt/stack/data/venv/lib/python3.12/site-packages/oslo_config/cfg.py:3006}}
Apr 27 13:33:22.527421 np0000170593 devstack@g-api.service[117101]: DEBUG glance.common.config [None req-6946f0ad-bf03-444f-82dd-79c21c44d157 None None] wsgi.python_interpreter = /opt/stack/data/venv/bin/python3 {{(pid=117101) log_opt_values /opt/stack/data/venv/lib/python3.12/site-packages/oslo_config/cfg.py:3006}}
Apr 27 13:33:22.527697 np0000170593 devstack@g-api.service[117101]: DEBUG glance.common.config [None req-6946f0ad-bf03-444f-82dd-79c21c44d157 None None] wsgi.task_pool_threads = 16 {{(pid=117101) log_opt_values /opt/stack/data/venv/lib/python3.12/site-packages/oslo_config/cfg.py:3006}}
Apr 27 13:33:22.527697 np0000170593 devstack@g-api.service[117101]: DEBUG glance.common.config [None req-6946f0ad-bf03-444f-82dd-79c21c44d157 None None] profiler.connection_string = messaging:// {{(pid=117101) log_opt_values /opt/stack/data/venv/lib/python3.12/site-packages/oslo_config/cfg.py:3006}}
Apr 27 13:33:22.527697 np0000170593 devstack@g-api.service[117101]: DEBUG glance.common.config [None req-6946f0ad-bf03-444f-82dd-79c21c44d157 None None] profiler.enabled = False {{(pid=117101) log_opt_values /opt/stack/data/venv/lib/python3.12/site-packages/oslo_config/cfg.py:3006}}
Apr 27 13:33:22.527833 np0000170593 devstack@g-api.service[117101]: DEBUG glance.common.config [None req-6946f0ad-bf03-444f-82dd-79c21c44d157 None None] profiler.es_doc_type = notification {{(pid=117101) log_opt_values /opt/stack/data/venv/lib/python3.12/site-packages/oslo_config/cfg.py:3006}}
Apr 27 13:33:22.527936 np0000170593 devstack@g-api.service[117101]: DEBUG glance.common.config [None req-6946f0ad-bf03-444f-82dd-79c21c44d157 None None] profiler.es_scroll_size = 10000 {{(pid=117101) log_opt_values /opt/stack/data/venv/lib/python3.12/site-packages/oslo_config/cfg.py:3006}}
Apr 27 13:33:22.528050 np0000170593 devstack@g-api.service[117101]: DEBUG glance.common.config [None req-6946f0ad-bf03-444f-82dd-79c21c44d157 None None] profiler.es_scroll_time = 2m {{(pid=117101) log_opt_values /opt/stack/data/venv/lib/python3.12/site-packages/oslo_config/cfg.py:3006}}
Apr 27 13:33:22.528106 np0000170593 devstack@g-api.service[117103]: WARNING keystonemiddleware.auth_token [None req-a5924c1e-feb2-4984-b640-ed1b7e88e203 None None] AuthToken middleware is set with keystone_authtoken.service_token_roles_required set to False. This is backwards compatible but deprecated behaviour. Please set this to True.
Apr 27 13:33:22.528150 np0000170593 devstack@g-api.service[117101]: DEBUG glance.common.config [None req-6946f0ad-bf03-444f-82dd-79c21c44d157 None None] profiler.filter_error_trace = False {{(pid=117101) log_opt_values /opt/stack/data/venv/lib/python3.12/site-packages/oslo_config/cfg.py:3006}}
Apr 27 13:33:22.528247 np0000170593 devstack@g-api.service[117101]: DEBUG glance.common.config [None req-6946f0ad-bf03-444f-82dd-79c21c44d157 None None] profiler.hmac_keys = **** {{(pid=117101) log_opt_values /opt/stack/data/venv/lib/python3.12/site-packages/oslo_config/cfg.py:3006}}
Apr 27 13:33:22.528354 np0000170593 devstack@g-api.service[117101]: DEBUG glance.common.config [None req-6946f0ad-bf03-444f-82dd-79c21c44d157 None None] profiler.sentinel_service_name = mymaster {{(pid=117101) log_opt_values /opt/stack/data/venv/lib/python3.12/site-packages/oslo_config/cfg.py:3006}}
Apr 27 13:33:22.528468 np0000170593 devstack@g-api.service[117101]: DEBUG glance.common.config [None req-6946f0ad-bf03-444f-82dd-79c21c44d157 None None] profiler.socket_timeout = 0.1 {{(pid=117101) log_opt_values /opt/stack/data/venv/lib/python3.12/site-packages/oslo_config/cfg.py:3006}}
Apr 27 13:33:22.528570 np0000170593 devstack@g-api.service[117101]: DEBUG glance.common.config [None req-6946f0ad-bf03-444f-82dd-79c21c44d157 None None] profiler.trace_requests = False {{(pid=117101) log_opt_values /opt/stack/data/venv/lib/python3.12/site-packages/oslo_config/cfg.py:3006}}
Apr 27 13:33:22.528674 np0000170593 devstack@g-api.service[117101]: DEBUG glance.common.config [None req-6946f0ad-bf03-444f-82dd-79c21c44d157 None None] profiler.trace_sqlalchemy = False {{(pid=117101) log_opt_values /opt/stack/data/venv/lib/python3.12/site-packages/oslo_config/cfg.py:3006}}
Apr 27 13:33:22.528802 np0000170593 devstack@g-api.service[117101]: DEBUG glance.common.config [None req-6946f0ad-bf03-444f-82dd-79c21c44d157 None None] profiler_jaeger.process_tags = {} {{(pid=117101) log_opt_values /opt/stack/data/venv/lib/python3.12/site-packages/oslo_config/cfg.py:3006}}
Apr 27 13:33:22.528903 np0000170593 devstack@g-api.service[117101]: DEBUG glance.common.config [None req-6946f0ad-bf03-444f-82dd-79c21c44d157 None None] profiler_jaeger.service_name_prefix = None {{(pid=117101) log_opt_values /opt/stack/data/venv/lib/python3.12/site-packages/oslo_config/cfg.py:3006}}
Apr 27 13:33:22.529007 np0000170593 devstack@g-api.service[117101]: DEBUG glance.common.config [None req-6946f0ad-bf03-444f-82dd-79c21c44d157 None None] profiler_otlp.service_name_prefix = None {{(pid=117101) log_opt_values /opt/stack/data/venv/lib/python3.12/site-packages/oslo_config/cfg.py:3006}}
Apr 27 13:33:22.529075 np0000170593 devstack@g-api.service[117100]: DEBUG glance.image_cache.drivers.centralized_db [None req-62b8a790-bbb7-430a-83ad-7798cc07f7c8 None None] Node reference is already recorded, ignoring it {{(pid=117100) configure /opt/stack/glance/glance/image_cache/drivers/centralized_db.py:71}}
Apr 27 13:33:22.529115 np0000170593 devstack@g-api.service[117101]: DEBUG glance.common.config [None req-6946f0ad-bf03-444f-82dd-79c21c44d157 None None] import_filtering_opts.allowed_hosts = [] {{(pid=117101) log_opt_values /opt/stack/data/venv/lib/python3.12/site-packages/oslo_config/cfg.py:3006}}
Apr 27 13:33:22.529225 np0000170593 devstack@g-api.service[117101]: DEBUG glance.common.config [None req-6946f0ad-bf03-444f-82dd-79c21c44d157 None None] import_filtering_opts.allowed_ports = [80, 443] {{(pid=117101) log_opt_values /opt/stack/data/venv/lib/python3.12/site-packages/oslo_config/cfg.py:3006}}
Apr 27 13:33:22.529341 np0000170593 devstack@g-api.service[117101]: DEBUG glance.common.config [None req-6946f0ad-bf03-444f-82dd-79c21c44d157 None None] import_filtering_opts.allowed_schemes = ['http', 'https'] {{(pid=117101) log_opt_values /opt/stack/data/venv/lib/python3.12/site-packages/oslo_config/cfg.py:3006}}
Apr 27 13:33:22.529444 np0000170593 devstack@g-api.service[117101]: DEBUG glance.common.config [None req-6946f0ad-bf03-444f-82dd-79c21c44d157 None None] import_filtering_opts.disallowed_hosts = [] {{(pid=117101) log_opt_values /opt/stack/data/venv/lib/python3.12/site-packages/oslo_config/cfg.py:3006}}
Apr 27 13:33:22.529544 np0000170593 devstack@g-api.service[117101]: DEBUG glance.common.config [None req-6946f0ad-bf03-444f-82dd-79c21c44d157 None None] import_filtering_opts.disallowed_ports = [] {{(pid=117101) log_opt_values /opt/stack/data/venv/lib/python3.12/site-packages/oslo_config/cfg.py:3006}}
Apr 27 13:33:22.529646 np0000170593 devstack@g-api.service[117101]: DEBUG glance.common.config [None req-6946f0ad-bf03-444f-82dd-79c21c44d157 None None] import_filtering_opts.disallowed_schemes = [] {{(pid=117101) log_opt_values /opt/stack/data/venv/lib/python3.12/site-packages/oslo_config/cfg.py:3006}}
Apr 27 13:33:22.529770 np0000170593 devstack@g-api.service[117101]: DEBUG glance.common.config [None req-6946f0ad-bf03-444f-82dd-79c21c44d157 None None] oslo_messaging_metrics.metrics_buffer_size = 1000 {{(pid=117101) log_opt_values /opt/stack/data/venv/lib/python3.12/site-packages/oslo_config/cfg.py:3006}}
Apr 27 13:33:22.529875 np0000170593 devstack@g-api.service[117101]: DEBUG glance.common.config [None req-6946f0ad-bf03-444f-82dd-79c21c44d157 None None] oslo_messaging_metrics.metrics_enabled = False {{(pid=117101) log_opt_values /opt/stack/data/venv/lib/python3.12/site-packages/oslo_config/cfg.py:3006}}
Apr 27 13:33:22.529984 np0000170593 devstack@g-api.service[117101]: DEBUG glance.common.config [None req-6946f0ad-bf03-444f-82dd-79c21c44d157 None None] oslo_messaging_metrics.metrics_process_name = {{(pid=117101) log_opt_values /opt/stack/data/venv/lib/python3.12/site-packages/oslo_config/cfg.py:3006}}
Apr 27 13:33:22.530086 np0000170593 devstack@g-api.service[117101]: DEBUG glance.common.config [None req-6946f0ad-bf03-444f-82dd-79c21c44d157 None None] oslo_messaging_metrics.metrics_socket_file = /var/tmp/metrics_collector.sock {{(pid=117101) log_opt_values /opt/stack/data/venv/lib/python3.12/site-packages/oslo_config/cfg.py:3006}}
Apr 27 13:33:22.530184 np0000170593 devstack@g-api.service[117101]: DEBUG glance.common.config [None req-6946f0ad-bf03-444f-82dd-79c21c44d157 None None] oslo_messaging_metrics.metrics_thread_stop_timeout = 10 {{(pid=117101) log_opt_values /opt/stack/data/venv/lib/python3.12/site-packages/oslo_config/cfg.py:3006}}
Apr 27 13:33:22.530354 np0000170593 devstack@g-api.service[117101]: DEBUG glance.common.config [None req-6946f0ad-bf03-444f-82dd-79c21c44d157 None None] os_brick.lightos_discovery_client_address = localhost {{(pid=117101) log_opt_values /opt/stack/data/venv/lib/python3.12/site-packages/oslo_config/cfg.py:3006}}
Apr 27 13:33:22.530469 np0000170593 devstack@g-api.service[117101]: DEBUG glance.common.config [None req-6946f0ad-bf03-444f-82dd-79c21c44d157 None None] os_brick.lightos_discovery_client_dir_path = /etc/discovery-client/discovery.d/ {{(pid=117101) log_opt_values /opt/stack/data/venv/lib/python3.12/site-packages/oslo_config/cfg.py:3006}}
Apr 27 13:33:22.530612 np0000170593 devstack@g-api.service[117101]: DEBUG glance.common.config [None req-6946f0ad-bf03-444f-82dd-79c21c44d157 None None] os_brick.lightos_discovery_client_port = 6060 {{(pid=117101) log_opt_values /opt/stack/data/venv/lib/python3.12/site-packages/oslo_config/cfg.py:3006}}
Apr 27 13:33:22.530720 np0000170593 devstack@g-api.service[117101]: DEBUG glance.common.config [None req-6946f0ad-bf03-444f-82dd-79c21c44d157 None None] os_brick.lock_path = /opt/stack/data/os_brick {{(pid=117101) log_opt_values /opt/stack/data/venv/lib/python3.12/site-packages/oslo_config/cfg.py:3006}}
Apr 27 13:33:22.530854 np0000170593 devstack@g-api.service[117101]: DEBUG glance.common.config [None req-6946f0ad-bf03-444f-82dd-79c21c44d157 None None] os_brick.wait_mpath_device_attempts = 4 {{(pid=117101) log_opt_values /opt/stack/data/venv/lib/python3.12/site-packages/oslo_config/cfg.py:3006}}
Apr 27 13:33:22.530972 np0000170593 devstack@g-api.service[117101]: DEBUG glance.common.config [None req-6946f0ad-bf03-444f-82dd-79c21c44d157 None None] os_brick.wait_mpath_device_interval = 1 {{(pid=117101) log_opt_values /opt/stack/data/venv/lib/python3.12/site-packages/oslo_config/cfg.py:3006}}
Apr 27 13:33:22.531084 np0000170593 devstack@g-api.service[117101]: DEBUG glance.common.config [None req-6946f0ad-bf03-444f-82dd-79c21c44d157 None None] privsep_osbrick.capabilities = [21, 2] {{(pid=117101) log_opt_values /opt/stack/data/venv/lib/python3.12/site-packages/oslo_config/cfg.py:3006}}
Apr 27 13:33:22.531178 np0000170593 devstack@g-api.service[117101]: DEBUG glance.common.config [None req-6946f0ad-bf03-444f-82dd-79c21c44d157 None None] privsep_osbrick.group = None {{(pid=117101) log_opt_values /opt/stack/data/venv/lib/python3.12/site-packages/oslo_config/cfg.py:3006}}
Apr 27 13:33:22.531284 np0000170593 devstack@g-api.service[117101]: DEBUG glance.common.config [None req-6946f0ad-bf03-444f-82dd-79c21c44d157 None None] privsep_osbrick.helper_command = None {{(pid=117101) log_opt_values /opt/stack/data/venv/lib/python3.12/site-packages/oslo_config/cfg.py:3006}}
Apr 27 13:33:22.531396 np0000170593 devstack@g-api.service[117101]: DEBUG glance.common.config [None req-6946f0ad-bf03-444f-82dd-79c21c44d157 None None] privsep_osbrick.log_daemon_traceback = False {{(pid=117101) log_opt_values /opt/stack/data/venv/lib/python3.12/site-packages/oslo_config/cfg.py:3006}}
Apr 27 13:33:22.531521 np0000170593 devstack@g-api.service[117101]: DEBUG glance.common.config [None req-6946f0ad-bf03-444f-82dd-79c21c44d157 None None] privsep_osbrick.logger_name = brick_privsep_hide_output {{(pid=117101) log_opt_values /opt/stack/data/venv/lib/python3.12/site-packages/oslo_config/cfg.py:3006}}
Apr 27 13:33:22.531624 np0000170593 devstack@g-api.service[117101]: DEBUG glance.common.config [None req-6946f0ad-bf03-444f-82dd-79c21c44d157 None None] privsep_osbrick.thread_pool_size = 16 {{(pid=117101) log_opt_values /opt/stack/data/venv/lib/python3.12/site-packages/oslo_config/cfg.py:3006}}
Apr 27 13:33:22.531764 np0000170593 devstack@g-api.service[117101]: DEBUG glance.common.config [None req-6946f0ad-bf03-444f-82dd-79c21c44d157 None None] privsep_osbrick.user = None {{(pid=117101) log_opt_values /opt/stack/data/venv/lib/python3.12/site-packages/oslo_config/cfg.py:3006}}
Apr 27 13:33:22.531879 np0000170593 devstack@g-api.service[117101]: DEBUG glance.common.config [None req-6946f0ad-bf03-444f-82dd-79c21c44d157 None None] glance_store.cinder_api_insecure = False {{(pid=117101) log_opt_values /opt/stack/data/venv/lib/python3.12/site-packages/oslo_config/cfg.py:3006}}
Apr 27 13:33:22.531988 np0000170593 devstack@g-api.service[117101]: DEBUG glance.common.config [None req-6946f0ad-bf03-444f-82dd-79c21c44d157 None None] glance_store.cinder_ca_certificates_file = None {{(pid=117101) log_opt_values /opt/stack/data/venv/lib/python3.12/site-packages/oslo_config/cfg.py:3006}}
