+ COMMAND=start + start + for KEYSTONE_WSGI_SCRIPT in keystone-wsgi-public ++ type -p keystone-wsgi-public + cp -a /var/lib/openstack/bin/keystone-wsgi-public /var/www/cgi-bin/keystone/ + '[' -f /etc/apache2/envvars ']' + source /etc/apache2/envvars ++ unset HOME ++ '[' '' '!=' '' ']' ++ SUFFIX= ++ export APACHE_RUN_USER=www-data ++ APACHE_RUN_USER=www-data ++ export APACHE_RUN_GROUP=www-data ++ APACHE_RUN_GROUP=www-data ++ export APACHE_PID_FILE=/var/run/apache2/apache2.pid ++ APACHE_PID_FILE=/var/run/apache2/apache2.pid ++ export APACHE_RUN_DIR=/var/run/apache2 ++ APACHE_RUN_DIR=/var/run/apache2 ++ export APACHE_LOCK_DIR=/var/lock/apache2 ++ APACHE_LOCK_DIR=/var/lock/apache2 ++ export APACHE_LOG_DIR=/var/log/apache2 ++ APACHE_LOG_DIR=/var/log/apache2 ++ export LANG=C ++ LANG=C ++ export LANG + '[' -f /var/run/apache2/apache2.pid ']' + exec apache2 -DFOREGROUND AH00558: apache2: Could not reliably determine the server's fully qualified domain name, using 10.0.0.23. Set the 'ServerName' directive globally to suppress this message AH00558: apache2: Could not reliably determine the server's fully qualified domain name, using 10.0.0.23. Set the 'ServerName' directive globally to suppress this message
[Sat Jun 27 09:09:32.214037 2026] [mpm_event:notice] [pid 1:tid 140067951769472] AH00489: Apache/2.4.58 (Ubuntu) mod_wsgi/5.0.0 Python/3.12 configured -- resuming normal operations
[Sat Jun 27 09:09:32.214213 2026] [core:notice] [pid 1:tid 140067951769472] AH00094: Command line: 'apache2 -D FOREGROUND'
[Sat Jun 27 09:10:17.718659 2026] [wsgi:error] [pid 9:tid 140067314996928] /var/lib/openstack/lib/python3.12/site-packages/oslo_utils/importutils.py:77: EventletDeprecationWarning:
[Sat Jun 27 09:10:17.718717 2026] [wsgi:error] [pid 9:tid 140067314996928] Eventlet is deprecated. It is currently being maintained in bugfix mode, and
[Sat Jun 27 09:10:17.718719 2026] [wsgi:error] [pid 9:tid 140067314996928] we strongly recommend against using it for new projects.
[Sat Jun 27 09:10:17.718720 2026] [wsgi:error] [pid 9:tid 140067314996928]
[Sat Jun 27 09:10:17.718722 2026] [wsgi:error] [pid 9:tid 140067314996928] If you are already using Eventlet, we recommend migrating to a different
[Sat Jun 27 09:10:17.718723 2026] [wsgi:error] [pid 9:tid 140067314996928] framework. For more detail see
[Sat Jun 27 09:10:17.718724 2026] [wsgi:error] [pid 9:tid 140067314996928] https://eventlet.readthedocs.io/en/latest/asyncio/migration.html
[Sat Jun 27 09:10:17.718726 2026] [wsgi:error] [pid 9:tid 140067314996928]
[Sat Jun 27 09:10:17.718727 2026] [wsgi:error] [pid 9:tid 140067314996928] __import__(import_str) 10.0.0.132 - - [27/Jun/2026:09:10:16 +0000] "GET /v3/ HTTP/1.1" 200 249
[Sat Jun 27 09:10:30.338100 2026] [wsgi:error] [pid 11:tid 140067314996928] /var/lib/openstack/lib/python3.12/site-packages/oslo_utils/importutils.py:77: EventletDeprecationWarning:
[Sat Jun 27 09:10:30.338150 2026] [wsgi:error] [pid 11:tid 140067314996928] Eventlet is deprecated. It is currently being maintained in bugfix mode, and
[Sat Jun 27 09:10:30.338152 2026] [wsgi:error] [pid 11:tid 140067314996928] we strongly recommend against using it for new projects.
[Sat Jun 27 09:10:30.338153 2026] [wsgi:error] [pid 11:tid 140067314996928]
[Sat Jun 27 09:10:30.338154 2026] [wsgi:error] [pid 11:tid 140067314996928] If you are already using Eventlet, we recommend migrating to a different
[Sat Jun 27 09:10:30.338156 2026] [wsgi:error] [pid 11:tid 140067314996928] framework. For more detail see
[Sat Jun 27 09:10:30.338157 2026] [wsgi:error] [pid 11:tid 140067314996928] https://eventlet.readthedocs.io/en/latest/asyncio/migration.html
[Sat Jun 27 09:10:30.338158 2026] [wsgi:error] [pid 11:tid 140067314996928]
[Sat Jun 27 09:10:30.338159 2026] [wsgi:error] [pid 11:tid 140067314996928] __import__(import_str) 10.0.0.205 - - [27/Jun/2026:09:10:29 +0000] "GET / HTTP/1.1" 300 295
[Sat Jun 27 09:10:35.795191 2026] [wsgi:error] [pid 10:tid 140067314996928] /var/lib/openstack/lib/python3.12/site-packages/oslo_utils/importutils.py:77: EventletDeprecationWarning:
[Sat Jun 27 09:10:35.795249 2026] [wsgi:error] [pid 10:tid 140067314996928] Eventlet is deprecated. It is currently being maintained in bugfix mode, and
[Sat Jun 27 09:10:35.795251 2026] [wsgi:error] [pid 10:tid 140067314996928] we strongly recommend against using it for new projects.
[Sat Jun 27 09:10:35.795252 2026] [wsgi:error] [pid 10:tid 140067314996928]
[Sat Jun 27 09:10:35.795254 2026] [wsgi:error] [pid 10:tid 140067314996928] If you are already using Eventlet, we recommend migrating to a different
[Sat Jun 27 09:10:35.795255 2026] [wsgi:error] [pid 10:tid 140067314996928] framework. For more detail see
[Sat Jun 27 09:10:35.795256 2026] [wsgi:error] [pid 10:tid 140067314996928] https://eventlet.readthedocs.io/en/latest/asyncio/migration.html
[Sat Jun 27 09:10:35.795257 2026] [wsgi:error] [pid 10:tid 140067314996928]
[Sat Jun 27 09:10:35.795258 2026] [wsgi:error] [pid 10:tid 140067314996928] __import__(import_str)
[Sat Jun 27 09:10:40.552908 2026] [wsgi:error] [pid 10:tid 140067314996928] [remote 10.0.0.205:45172] 2026-06-27 09:10:40.549 10 WARNING keystone.identity.core [None req-426f34f0-db41-452c-947a-ba14d07b7301 - - - - - -] Invalid domain name (atmosphere) found in config file name: keystone.exception.DomainNotFound: Could not find domain: atmosphere.
[Sat Jun 27 09:10:40.609215 2026] [wsgi:error] [pid 10:tid 140067314996928] [remote 10.0.0.205:45172] 2026-06-27 09:10:40.608 10 WARNING keystone.common.password_hashing [None req-426f34f0-db41-452c-947a-ba14d07b7301 - - - - - -] Truncating password to algorithm specific maximum length 72 characters.
[Sat Jun 27 09:10:40.892222 2026] [wsgi:error] [pid 10:tid 140067314996928] [remote 10.0.0.205:45172] 2026-06-27 09:10:40.892 10 WARNING keystone.common.fernet_utils [None req-426f34f0-db41-452c-947a-ba14d07b7301 - - - - - -] key_repository is world readable: /etc/keystone/fernet-keys/ 10.0.0.205 - - [27/Jun/2026:09:10:34 +0000] "POST /v3/auth/tokens HTTP/1.1" 201 1360
[Sat Jun 27 09:10:41.965892 2026] [wsgi:error] [pid 12:tid 140067314996928] /var/lib/openstack/lib/python3.12/site-packages/oslo_utils/importutils.py:77: EventletDeprecationWarning:
[Sat Jun 27 09:10:41.965955 2026] [wsgi:error] [pid 12:tid 140067314996928] Eventlet is deprecated. It is currently being maintained in bugfix mode, and
[Sat Jun 27 09:10:41.965957 2026] [wsgi:error] [pid 12:tid 140067314996928] we strongly recommend against using it for new projects.
[Sat Jun 27 09:10:41.965958 2026] [wsgi:error] [pid 12:tid 140067314996928]
[Sat Jun 27 09:10:41.965959 2026] [wsgi:error] [pid 12:tid 140067314996928] If you are already using Eventlet, we recommend migrating to a different
[Sat Jun 27 09:10:41.965960 2026] [wsgi:error] [pid 12:tid 140067314996928] framework. For more detail see
[Sat Jun 27 09:10:41.965962 2026] [wsgi:error] [pid 12:tid 140067314996928] https://eventlet.readthedocs.io/en/latest/asyncio/migration.html
[Sat Jun 27 09:10:41.965963 2026] [wsgi:error] [pid 12:tid 140067314996928]
[Sat Jun 27 09:10:41.965964 2026] [wsgi:error] [pid 12:tid 140067314996928] __import__(import_str)
[Sat Jun 27 09:10:46.634579 2026] [wsgi:error] [pid 12:tid 140067314996928] [remote 10.0.0.205:45172] 2026-06-27 09:10:46.631 12 WARNING keystone.identity.core [None req-1fee8c41-d23f-4dfb-95ac-c136ec6757e8 - - - - - -] Invalid domain name (atmosphere) found in config file name: keystone.exception.DomainNotFound: Could not find domain: atmosphere. 10.0.0.205 - - [27/Jun/2026:09:10:41 +0000] "POST /v3/domains HTTP/1.1" 201 261 10.0.0.35 - - [27/Jun/2026:09:10:59 +0000] "GET / HTTP/1.1" 300 295
[Sat Jun 27 09:11:00.151920 2026] [wsgi:error] [pid 11:tid 140067314996928] [remote 10.0.0.35:36810] 2026-06-27 09:11:00.151 11 WARNING keystone.common.password_hashing [None req-7240a271-95f5-4852-b282-74092bad3c65 - - - - - -] Truncating password to algorithm specific maximum length 72 characters.
[Sat Jun 27 09:11:00.428613 2026] [wsgi:error] [pid 11:tid 140067314996928] [remote 10.0.0.35:36810] 2026-06-27 09:11:00.428 11 WARNING keystone.common.fernet_utils [None req-7240a271-95f5-4852-b282-74092bad3c65 - - - - - -] key_repository is world readable: /etc/keystone/fernet-keys/ 10.0.0.35 - - [27/Jun/2026:09:10:59 +0000] "POST /v3/auth/tokens HTTP/1.1" 201 1360 10.0.0.35 - - [27/Jun/2026:09:11:00 +0000] "GET /v3/roles/admin HTTP/1.1" 404 83
[Sat Jun 27 09:11:00.891326 2026] [wsgi:error] [pid 12:tid 140067314996928] [remote 10.0.0.35:36810] 2026-06-27 09:11:00.891 12 WARNING keystone.common.rbac_enforcer.enforcer [None req-e5f3e529-f47f-42e5-99df-2073ce0df882 53a94592044048f1b95e46c6f3cab54a ee601468f44f4169b3f420911c525282 - - default default] Deprecated policy rules found. Use oslopolicy-policy-generator and oslopolicy-policy-upgrade to detect and resolve deprecated policies in your configuration. 10.0.0.35 - - [27/Jun/2026:09:11:00 +0000] "GET /v3/roles?name=admin HTTP/1.1" 200 389
[Sat Jun 27 09:11:01.306334 2026] [wsgi:error] [pid 9:tid 140067314996928] [remote 10.0.0.35:36810] 2026-06-27 09:11:01.306 9 WARNING keystone.common.rbac_enforcer.enforcer [None req-a7031ea3-ee76-4450-8088-adb1e4315ac2 53a94592044048f1b95e46c6f3cab54a ee601468f44f4169b3f420911c525282 - - default default] Deprecated policy rules found. Use oslopolicy-policy-generator and oslopolicy-policy-upgrade to detect and resolve deprecated policies in your configuration. 10.0.0.35 - - [27/Jun/2026:09:11:00 +0000] "GET /v3/users/admin-RegionOne HTTP/1.1" 404 93
[Sat Jun 27 09:11:01.473864 2026] [wsgi:error] [pid 11:tid 140067314996928] [remote 10.0.0.35:36810] 2026-06-27 09:11:01.473 11 WARNING keystone.common.rbac_enforcer.enforcer [None req-81c6f3c6-3e5a-4a0e-9882-60b031d254ec 53a94592044048f1b95e46c6f3cab54a ee601468f44f4169b3f420911c525282 - - default default] Deprecated policy rules found. Use oslopolicy-policy-generator and oslopolicy-policy-upgrade to detect and resolve deprecated policies in your configuration. 10.0.0.35 - - [27/Jun/2026:09:11:01 +0000] "GET /v3/users?name=admin-RegionOne HTTP/1.1" 200 422
[Sat Jun 27 09:11:01.752044 2026] [wsgi:error] [pid 10:tid 140067314996928] [remote 10.0.0.35:36810] 2026-06-27 09:11:01.751 10 WARNING keystone.common.rbac_enforcer.enforcer [None req-775762a6-df4d-49ef-901a-127c81ce27c9 53a94592044048f1b95e46c6f3cab54a ee601468f44f4169b3f420911c525282 - - default default] Deprecated policy rules found. Use oslopolicy-policy-generator and oslopolicy-policy-upgrade to detect and resolve deprecated policies in your configuration. 10.0.0.35 - - [27/Jun/2026:09:11:01 +0000] "GET /v3/domains/default HTTP/1.1" 200 224 10.0.0.35 - - [27/Jun/2026:09:11:01 +0000] "PUT /v3/domains/default/users/53a94592044048f1b95e46c6f3cab54a/roles/c3f3b3ad6f754d858c9f8d909c3b5abf HTTP/1.1" 204 - 10.0.0.132 - - [27/Jun/2026:09:11:11 +0000] "GET / HTTP/1.1" 300 281 10.0.0.132 - - [27/Jun/2026:09:11:13 +0000] "GET /v3 HTTP/1.1" 200 266
[Sat Jun 27 09:11:13.560553 2026] [wsgi:error] [pid 10:tid 140067314996928] [remote 10.0.0.132:55114] 2026-06-27 09:11:13.560 10 WARNING keystone.common.password_hashing [None req-e0f80a00-eaf0-4768-916f-bdcfa7c1bcb8 - - - - - -] Truncating password to algorithm specific maximum length 72 characters.
[Sat Jun 27 09:11:13.838103 2026] [wsgi:error] [pid 10:tid 140067314996928] [remote 10.0.0.132:55114] 2026-06-27 09:11:13.837 10 WARNING keystone.common.fernet_utils [None req-e0f80a00-eaf0-4768-916f-bdcfa7c1bcb8 - - - - - -] key_repository is world readable: /etc/keystone/fernet-keys/ 10.0.0.132 - - [27/Jun/2026:09:11:13 +0000] "POST /v3/auth/tokens HTTP/1.1" 201 1360 10.0.0.132 - - [27/Jun/2026:09:11:13 +0000] "GET / HTTP/1.1" 300 281 10.0.0.132 - - [27/Jun/2026:09:11:13 +0000] "GET /v3/domains/atmosphere HTTP/1.1" 404 90 10.0.0.132 - - [27/Jun/2026:09:11:14 +0000] "GET /v3/domains?name=atmosphere HTTP/1.1" 200 370 10.0.0.132 - - [27/Jun/2026:09:11:14 +0000] "GET /v3/domains/1ca5c7bbb91b43ca880bf54d1c0e0d9f HTTP/1.1" 200 247 10.0.0.132 - - [27/Jun/2026:09:11:15 +0000] "GET /v3 HTTP/1.1" 200 266
[Sat Jun 27 09:11:15.102307 2026] [wsgi:error] [pid 9:tid 140067314996928] [remote 10.0.0.132:55114] 2026-06-27 09:11:15.101 9 WARNING keystone.common.password_hashing [None req-da5236c8-8e60-4eb5-aaff-d0916035adeb - - - - - -] Truncating password to algorithm specific maximum length 72 characters.
[Sat Jun 27 09:11:15.397568 2026] [wsgi:error] [pid 9:tid 140067314996928] [remote 10.0.0.132:55114] 2026-06-27 09:11:15.397 9 WARNING keystone.common.fernet_utils [None req-da5236c8-8e60-4eb5-aaff-d0916035adeb - - - - - -] key_repository is world readable: /etc/keystone/fernet-keys/ 10.0.0.132 - - [27/Jun/2026:09:11:15 +0000] "POST /v3/auth/tokens HTTP/1.1" 201 1360 10.0.0.132 - - [27/Jun/2026:09:11:15 +0000] "GET / HTTP/1.1" 300 281 10.0.0.132 - - [27/Jun/2026:09:11:15 +0000] "GET /v3/OS-FEDERATION/identity_providers/atmosphere HTTP/1.1" 404 101 10.0.0.132 - - [27/Jun/2026:09:11:15 +0000] "GET /v3/OS-FEDERATION/identity_providers HTTP/1.1" 200 156 10.0.0.132 - - [27/Jun/2026:09:11:15 +0000] "PUT /v3/OS-FEDERATION/identity_providers/atmosphere HTTP/1.1" 201 342 10.0.0.132 - - [27/Jun/2026:09:11:16 +0000] "GET /v3 HTTP/1.1" 200 266
[Sat Jun 27 09:11:16.306840 2026] [wsgi:error] [pid 10:tid 140067314996928] [remote 10.0.0.132:55098] 2026-06-27 09:11:16.306 10 WARNING keystone.common.password_hashing [None req-b0e72a52-2bdb-45e3-a0d1-1a6ef6de119a - - - - - -] Truncating password to algorithm specific maximum length 72 characters.
[Sat Jun 27 09:11:16.600007 2026] [wsgi:error] [pid 10:tid 140067314996928] [remote 10.0.0.132:55098] 2026-06-27 09:11:16.599 10 WARNING keystone.common.fernet_utils [None req-b0e72a52-2bdb-45e3-a0d1-1a6ef6de119a - - - - - -] key_repository is world readable: /etc/keystone/fernet-keys/ 10.0.0.132 - - [27/Jun/2026:09:11:16 +0000] "POST /v3/auth/tokens HTTP/1.1" 201 1360 10.0.0.132 - - [27/Jun/2026:09:11:16 +0000] "GET / HTTP/1.1" 300 281 10.0.0.132 - - [27/Jun/2026:09:11:16 +0000] "GET /v3/OS-FEDERATION/mappings/atmosphere-openid HTTP/1.1" 404 98 10.0.0.132 - - [27/Jun/2026:09:11:16 +0000] "GET /v3/OS-FEDERATION/mappings HTTP/1.1" 200 136 10.0.0.132 - - [27/Jun/2026:09:11:16 +0000] "PUT /v3/OS-FEDERATION/mappings/atmosphere-openid HTTP/1.1" 201 357 10.0.0.132 - - [27/Jun/2026:09:11:16 +0000] "GET /v3/ HTTP/1.1" 200 249 10.0.0.132 - - [27/Jun/2026:09:11:16 +0000] "GET /v3/ HTTP/1.1" 200 249 10.0.0.132 - - [27/Jun/2026:09:11:17 +0000] "GET /v3 HTTP/1.1" 200 266
[Sat Jun 27 09:11:17.527911 2026] [wsgi:error] [pid 10:tid 140067314996928] [remote 10.0.0.132:55098] 2026-06-27 09:11:17.527 10 WARNING keystone.common.password_hashing [None req-ea4fa8a3-5064-4d1e-9e9a-393620a0d76e - - - - - -] Truncating password to algorithm specific maximum length 72 characters.
[Sat Jun 27 09:11:17.802016 2026] [wsgi:error] [pid 10:tid 140067314996928] [remote 10.0.0.132:55098] 2026-06-27 09:11:17.801 10 WARNING keystone.common.fernet_utils [None req-ea4fa8a3-5064-4d1e-9e9a-393620a0d76e - - - - - -] key_repository is world readable: /etc/keystone/fernet-keys/ 10.0.0.132 - - [27/Jun/2026:09:11:17 +0000] "POST /v3/auth/tokens HTTP/1.1" 201 1360 10.0.0.132 - - [27/Jun/2026:09:11:17 +0000] "GET / HTTP/1.1" 300 281 10.0.0.132 - - [27/Jun/2026:09:11:17 +0000] "GET /v3/OS-FEDERATION/identity_providers/atmosphere/protocols/openid?idp_id=atmosphere HTTP/1.1" 404 131 10.0.0.132 - - [27/Jun/2026:09:11:17 +0000] "GET /v3/OS-FEDERATION/identity_providers/atmosphere/protocols HTTP/1.1" 200 168 10.0.0.132 - - [27/Jun/2026:09:11:17 +0000] "PUT /v3/OS-FEDERATION/identity_providers/atmosphere/protocols/openid HTTP/1.1" 201 224 10.0.0.132 - - [27/Jun/2026:09:12:16 +0000] "GET /v3/ HTTP/1.1" 200 249 10.0.0.132 - - [27/Jun/2026:09:12:16 +0000] "GET /v3/ HTTP/1.1" 200 249 10.0.0.233 - - [27/Jun/2026:09:12:47 +0000] "GET / HTTP/1.1" 300 295
[Sat Jun 27 09:12:47.987726 2026] [wsgi:error] [pid 10:tid 140067314996928] [remote 10.0.0.233:56978] 2026-06-27 09:12:47.987 10 WARNING keystone.common.password_hashing [None req-220b4e7d-3484-4ddb-9383-aa369e98ca36 - - - - - -] Truncating password to algorithm specific maximum length 72 characters.
[Sat Jun 27 09:12:48.279000 2026] [wsgi:error] [pid 10:tid 140067314996928] [remote 10.0.0.233:56978] 2026-06-27 09:12:48.278 10 WARNING keystone.common.fernet_utils [None req-220b4e7d-3484-4ddb-9383-aa369e98ca36 - - - - - -] key_repository is world readable: /etc/keystone/fernet-keys/ 10.0.0.233 - - [27/Jun/2026:09:12:47 +0000] "POST /v3/auth/tokens HTTP/1.1" 201 1360 10.0.0.233 - - [27/Jun/2026:09:12:48 +0000] "GET /v3/services HTTP/1.1" 200 355 10.0.0.233 - - [27/Jun/2026:09:12:52 +0000] "GET / HTTP/1.1" 300 295
[Sat Jun 27 09:12:52.059097 2026] [wsgi:error] [pid 11:tid 140067314996928] [remote 10.0.0.233:56990] 2026-06-27 09:12:52.058 11 WARNING keystone.common.password_hashing [None req-c6728e74-b420-4f88-9f75-d5152f706882 - - - - - -] Truncating password to algorithm specific maximum length 72 characters.
[Sat Jun 27 09:12:52.349005 2026] [wsgi:error] [pid 11:tid 140067314996928] [remote 10.0.0.233:56990] 2026-06-27 09:12:52.348 11 WARNING keystone.common.fernet_utils [None req-c6728e74-b420-4f88-9f75-d5152f706882 - - - - - -] key_repository is world readable: /etc/keystone/fernet-keys/ 10.0.0.233 - - [27/Jun/2026:09:12:52 +0000] "POST /v3/auth/tokens HTTP/1.1" 201 1360 10.0.0.233 - - [27/Jun/2026:09:12:52 +0000] "GET /v3/services HTTP/1.1" 200 355 10.0.0.233 - - [27/Jun/2026:09:12:56 +0000] "GET / HTTP/1.1" 300 295
[Sat Jun 27 09:12:56.050839 2026] [wsgi:error] [pid 9:tid 140067314996928] [remote 10.0.0.233:48602] 2026-06-27 09:12:56.050 9 WARNING keystone.common.password_hashing [None req-694be3fd-463f-4e77-904a-b16c1dafa473 - - - - - -] Truncating password to algorithm specific maximum length 72 characters.
[Sat Jun 27 09:12:56.334766 2026] [wsgi:error] [pid 9:tid 140067314996928] [remote 10.0.0.233:48602] 2026-06-27 09:12:56.334 9 WARNING keystone.common.fernet_utils [None req-694be3fd-463f-4e77-904a-b16c1dafa473 - - - - - -] key_repository is world readable: /etc/keystone/fernet-keys/ 10.0.0.233 - - [27/Jun/2026:09:12:56 +0000] "POST /v3/auth/tokens HTTP/1.1" 201 1360 10.0.0.233 - - [27/Jun/2026:09:12:56 +0000] "GET /v3/services HTTP/1.1" 200 355 10.0.0.233 - - [27/Jun/2026:09:13:00 +0000] "GET / HTTP/1.1" 300 295
[Sat Jun 27 09:13:00.058999 2026] [wsgi:error] [pid 12:tid 140067314996928] [remote 10.0.0.233:48618] 2026-06-27 09:13:00.058 12 WARNING keystone.common.password_hashing [None req-858ea1ca-919f-42bb-a8ec-c5a84c0667a9 - - - - - -] Truncating password to algorithm specific maximum length 72 characters.
[Sat Jun 27 09:13:00.352111 2026] [wsgi:error] [pid 12:tid 140067314996928] [remote 10.0.0.233:48618] 2026-06-27 09:13:00.351 12 WARNING keystone.common.fernet_utils [None req-858ea1ca-919f-42bb-a8ec-c5a84c0667a9 - - - - - -] key_repository is world readable: /etc/keystone/fernet-keys/ 10.0.0.233 - - [27/Jun/2026:09:13:00 +0000] "POST /v3/auth/tokens HTTP/1.1" 201 1360 10.0.0.233 - - [27/Jun/2026:09:13:00 +0000] "POST /v3/services HTTP/1.1" 201 296 10.0.0.193 - - [27/Jun/2026:09:13:13 +0000] "GET / HTTP/1.1" 300 295
[Sat Jun 27 09:13:13.173718 2026] [wsgi:error] [pid 10:tid 140067314996928] [remote 10.0.0.193:58344] 2026-06-27 09:13:13.173 10 WARNING keystone.common.password_hashing [None req-99a239b7-e8e3-422a-9482-4cd8f9f63388 - - - - - -] Truncating password to algorithm specific maximum length 72 characters. 10.0.0.193 - - [27/Jun/2026:09:13:13 +0000] "GET / HTTP/1.1" 300 295
[Sat Jun 27 09:13:13.398469 2026] [wsgi:error] [pid 9:tid 140067314996928] [remote 10.0.0.193:58348] 2026-06-27 09:13:13.398 9 WARNING keystone.common.password_hashing [None req-a318616b-4f91-4b5f-a65f-c1d5f339c295 - - - - - -] Truncating password to algorithm specific maximum length 72 characters.
[Sat Jun 27 09:13:13.459686 2026] [wsgi:error] [pid 10:tid 140067314996928] [remote 10.0.0.193:58344] 2026-06-27 09:13:13.459 10 WARNING keystone.common.fernet_utils [None req-99a239b7-e8e3-422a-9482-4cd8f9f63388 - - - - - -] key_repository is world readable: /etc/keystone/fernet-keys/ 10.0.0.193 - - [27/Jun/2026:09:13:13 +0000] "POST /v3/auth/tokens HTTP/1.1" 201 1464 10.0.0.193 - - [27/Jun/2026:09:13:13 +0000] "GET / HTTP/1.1" 300 295
[Sat Jun 27 09:13:13.524497 2026] [wsgi:error] [pid 12:tid 140067314996928] [remote 10.0.0.193:58356] 2026-06-27 09:13:13.524 12 WARNING keystone.common.password_hashing [None req-3786b648-d2e6-484f-bd87-db5e9bbfd61d - - - - - -] Truncating password to algorithm specific maximum length 72 characters. 10.0.0.193 - - [27/Jun/2026:09:13:13 +0000] "GET /v3/services HTTP/1.1" 200 639
[Sat Jun 27 09:13:13.680288 2026] [wsgi:error] [pid 9:tid 140067314996928] [remote 10.0.0.193:58348] 2026-06-27 09:13:13.680 9 WARNING keystone.common.fernet_utils [None req-a318616b-4f91-4b5f-a65f-c1d5f339c295 - - - - - -] key_repository is world readable: /etc/keystone/fernet-keys/ 10.0.0.193 - - [27/Jun/2026:09:13:13 +0000] "POST /v3/auth/tokens HTTP/1.1" 201 1464
[Sat Jun 27 09:13:13.809729 2026] [wsgi:error] [pid 12:tid 140067314996928] [remote 10.0.0.193:58356] 2026-06-27 09:13:13.809 12 WARNING keystone.common.fernet_utils [None req-3786b648-d2e6-484f-bd87-db5e9bbfd61d - - - - - -] key_repository is world readable: /etc/keystone/fernet-keys/ 10.0.0.193 - - [27/Jun/2026:09:13:13 +0000] "POST /v3/auth/tokens HTTP/1.1" 201 1464 10.0.0.193 - - [27/Jun/2026:09:13:13 +0000] "GET /v3/services HTTP/1.1" 200 639 10.0.0.193 - - [27/Jun/2026:09:13:13 +0000] "GET /v3/services HTTP/1.1" 200 639 10.0.0.193 - - [27/Jun/2026:09:13:15 +0000] "GET / HTTP/1.1" 300 295
[Sat Jun 27 09:13:15.432760 2026] [wsgi:error] [pid 12:tid 140067314996928] [remote 10.0.0.193:45876] 2026-06-27 09:13:15.432 12 WARNING keystone.common.password_hashing [None req-5fdf4c93-8d9e-4f11-95d9-6b76d62970cd - - - - - -] Truncating password to algorithm specific maximum length 72 characters. 10.0.0.193 - - [27/Jun/2026:09:13:15 +0000] "GET / HTTP/1.1" 300 295
[Sat Jun 27 09:13:15.628680 2026] [wsgi:error] [pid 10:tid 140067314996928] [remote 10.0.0.193:45880] 2026-06-27 09:13:15.628 10 WARNING keystone.common.password_hashing [None req-d1dfbc99-e220-4245-ab30-f6414aba058a - - - - - -] Truncating password to algorithm specific maximum length 72 characters. 10.0.0.193 - - [27/Jun/2026:09:13:15 +0000] "GET / HTTP/1.1" 300 295
[Sat Jun 27 09:13:15.691758 2026] [wsgi:error] [pid 11:tid 140067314996928] [remote 10.0.0.193:45886] 2026-06-27 09:13:15.691 11 WARNING keystone.common.password_hashing [None req-0533e3f0-272e-4316-90ce-4a39a3982e83 - - - - - -] Truncating password to algorithm specific maximum length 72 characters.
[Sat Jun 27 09:13:15.705503 2026] [wsgi:error] [pid 12:tid 140067314996928] [remote 10.0.0.193:45876] 2026-06-27 09:13:15.705 12 WARNING keystone.common.fernet_utils [None req-5fdf4c93-8d9e-4f11-95d9-6b76d62970cd - - - - - -] key_repository is world readable: /etc/keystone/fernet-keys/ 10.0.0.193 - - [27/Jun/2026:09:13:15 +0000] "POST /v3/auth/tokens HTTP/1.1" 201 1464 10.0.0.193 - - [27/Jun/2026:09:13:15 +0000] "GET /v3/endpoints HTTP/1.1" 200 1227 10.0.0.193 - - [27/Jun/2026:09:13:15 +0000] "GET /v3/services/38303047f2cc4cb3a8e88e7ac05b308f HTTP/1.1" 200 233 10.0.0.193 - - [27/Jun/2026:09:13:15 +0000] "GET /v3/services/38303047f2cc4cb3a8e88e7ac05b308f HTTP/1.1" 200 233 10.0.0.193 - - [27/Jun/2026:09:13:15 +0000] "GET /v3/services/38303047f2cc4cb3a8e88e7ac05b308f HTTP/1.1" 200 233
[Sat Jun 27 09:13:15.920405 2026] [wsgi:error] [pid 10:tid 140067314996928] [remote 10.0.0.193:45880] 2026-06-27 09:13:15.920 10 WARNING keystone.common.fernet_utils [None req-d1dfbc99-e220-4245-ab30-f6414aba058a - - - - - -] key_repository is world readable: /etc/keystone/fernet-keys/ 10.0.0.193 - - [27/Jun/2026:09:13:15 +0000] "POST /v3/auth/tokens HTTP/1.1" 201 1464
[Sat Jun 27 09:13:15.969596 2026] [wsgi:error] [pid 11:tid 140067314996928] [remote 10.0.0.193:45886] 2026-06-27 09:13:15.969 11 WARNING keystone.common.fernet_utils [None req-0533e3f0-272e-4316-90ce-4a39a3982e83 - - - - - -] key_repository is world readable: /etc/keystone/fernet-keys/ 10.0.0.193 - - [27/Jun/2026:09:13:15 +0000] "POST /v3/auth/tokens HTTP/1.1" 201 1464 10.0.0.193 - - [27/Jun/2026:09:13:16 +0000] "GET /v3/endpoints HTTP/1.1" 200 1227 10.0.0.193 - - [27/Jun/2026:09:13:16 +0000] "GET /v3/services/38303047f2cc4cb3a8e88e7ac05b308f HTTP/1.1" 200 233 10.0.0.193 - - [27/Jun/2026:09:13:16 +0000] "GET /v3/services/38303047f2cc4cb3a8e88e7ac05b308f HTTP/1.1" 200 233 10.0.0.193 - - [27/Jun/2026:09:13:16 +0000] "GET /v3/endpoints HTTP/1.1" 200 1227 10.0.0.193 - - [27/Jun/2026:09:13:16 +0000] "GET /v3/services/38303047f2cc4cb3a8e88e7ac05b308f HTTP/1.1" 200 233 10.0.0.193 - - [27/Jun/2026:09:13:16 +0000] "GET /v3/services/38303047f2cc4cb3a8e88e7ac05b308f HTTP/1.1" 200 233 10.0.0.193 - - [27/Jun/2026:09:13:16 +0000] "GET /v3/services/38303047f2cc4cb3a8e88e7ac05b308f HTTP/1.1" 200 233 10.0.0.193 - - [27/Jun/2026:09:13:16 +0000] "GET /v3/services/38303047f2cc4cb3a8e88e7ac05b308f HTTP/1.1" 200 233 10.0.0.132 - - [27/Jun/2026:09:13:16 +0000] "GET /v3/ HTTP/1.1" 200 249 10.0.0.132 - - [27/Jun/2026:09:13:16 +0000] "GET /v3/ HTTP/1.1" 200 249 10.0.0.193 - - [27/Jun/2026:09:13:17 +0000] "GET / HTTP/1.1" 300 295 10.0.0.193 - - [27/Jun/2026:09:13:17 +0000] "GET / HTTP/1.1" 300 295
[Sat Jun 27 09:13:17.797312 2026] [wsgi:error] [pid 11:tid 140067314996928] [remote 10.0.0.193:45890] 2026-06-27 09:13:17.797 11 WARNING keystone.common.password_hashing [None req-1eec9052-161b-4d15-8699-1c561865463b - - - - - -] Truncating password to algorithm specific maximum length 72 characters.
[Sat Jun 27 09:13:17.815577 2026] [wsgi:error] [pid 12:tid 140067314996928] [remote 10.0.0.193:45898] 2026-06-27 09:13:17.815 12 WARNING keystone.common.password_hashing [None req-ff18c073-b0f3-483e-967d-864aa01264fc - - - - - -] Truncating password to algorithm specific maximum length 72 characters. 10.0.0.193 - - [27/Jun/2026:09:13:17 +0000] "GET / HTTP/1.1" 300 295
[Sat Jun 27 09:13:17.910887 2026] [wsgi:error] [pid 9:tid 140067314996928] [remote 10.0.0.193:45900] 2026-06-27 09:13:17.910 9 WARNING keystone.common.password_hashing [None req-58ac091b-c9c3-4a22-8113-21bcc06bd44e - - - - - -] Truncating password to algorithm specific maximum length 72 characters.
[Sat Jun 27 09:13:18.085240 2026] [wsgi:error] [pid 11:tid 140067314996928] [remote 10.0.0.193:45890] 2026-06-27 09:13:18.085 11 WARNING keystone.common.fernet_utils [None req-1eec9052-161b-4d15-8699-1c561865463b - - - - - -] key_repository is world readable: /etc/keystone/fernet-keys/ 10.0.0.193 - - [27/Jun/2026:09:13:17 +0000] "POST /v3/auth/tokens HTTP/1.1" 201 1464
[Sat Jun 27 09:13:18.108626 2026] [wsgi:error] [pid 12:tid 140067314996928] [remote 10.0.0.193:45898] 2026-06-27 09:13:18.108 12 WARNING keystone.common.fernet_utils [None req-ff18c073-b0f3-483e-967d-864aa01264fc - - - - - -] key_repository is world readable: /etc/keystone/fernet-keys/ 10.0.0.193 - - [27/Jun/2026:09:13:17 +0000] "POST /v3/auth/tokens HTTP/1.1" 201 1464
[Sat Jun 27 09:13:18.210046 2026] [wsgi:error] [pid 9:tid 140067314996928] [remote 10.0.0.193:45900] 2026-06-27 09:13:18.209 9 WARNING keystone.common.fernet_utils [None req-58ac091b-c9c3-4a22-8113-21bcc06bd44e - - - - - -] key_repository is world readable: /etc/keystone/fernet-keys/ 10.0.0.193 - - [27/Jun/2026:09:13:17 +0000] "POST /v3/auth/tokens HTTP/1.1" 201 1464 10.0.0.193 - - [27/Jun/2026:09:13:18 +0000] "GET /v3/services/ebfd454540084a6898c912593e2eca90 HTTP/1.1" 200 296 10.0.0.193 - - [27/Jun/2026:09:13:18 +0000] "GET /v3/services/ebfd454540084a6898c912593e2eca90 HTTP/1.1" 200 296 10.0.0.193 - - [27/Jun/2026:09:13:18 +0000] "GET /v3/regions/RegionOne HTTP/1.1" 200 173 10.0.0.193 - - [27/Jun/2026:09:13:18 +0000] "GET /v3/regions/RegionOne HTTP/1.1" 200 173 10.0.0.193 - - [27/Jun/2026:09:13:18 +0000] "GET /v3/services/ebfd454540084a6898c912593e2eca90 HTTP/1.1" 200 296 10.0.0.193 - - [27/Jun/2026:09:13:18 +0000] "GET /v3/regions/RegionOne HTTP/1.1" 200 173 10.0.0.193 - - [27/Jun/2026:09:13:18 +0000] "POST /v3/endpoints HTTP/1.1" 201 370 10.0.0.193 - - [27/Jun/2026:09:13:18 +0000] "POST /v3/endpoints HTTP/1.1" 201 383 10.0.0.193 - - [27/Jun/2026:09:13:18 +0000] "POST /v3/endpoints HTTP/1.1" 201 380 10.0.0.193 - - [27/Jun/2026:09:13:19 +0000] "GET / HTTP/1.1" 300 295
[Sat Jun 27 09:13:19.955001 2026] [wsgi:error] [pid 12:tid 140067314996928] [remote 10.0.0.193:45912] 2026-06-27 09:13:19.954 12 WARNING keystone.common.password_hashing [None req-b2bbaf1b-e8b1-46b2-842b-0f8ab757f935 - - - - - -] Truncating password to algorithm specific maximum length 72 characters. 10.0.0.193 - - [27/Jun/2026:09:13:20 +0000] "GET / HTTP/1.1" 300 295
[Sat Jun 27 09:13:20.104575 2026] [wsgi:error] [pid 11:tid 140067314996928] [remote 10.0.0.193:45914] 2026-06-27 09:13:20.104 11 WARNING keystone.common.password_hashing [None req-25599a7b-418e-440e-8c24-fe72285a5ee9 - - - - - -] Truncating password to algorithm specific maximum length 72 characters. 10.0.0.193 - - [27/Jun/2026:09:13:20 +0000] "GET / HTTP/1.1" 300 295
[Sat Jun 27 09:13:20.187043 2026] [wsgi:error] [pid 10:tid 140067314996928] [remote 10.0.0.193:45916] 2026-06-27 09:13:20.186 10 WARNING keystone.common.password_hashing [None req-55a44342-cf79-41d9-92f8-89f6d73d56c7 - - - - - -] Truncating password to algorithm specific maximum length 72 characters.
[Sat Jun 27 09:13:20.243779 2026] [wsgi:error] [pid 12:tid 140067314996928] [remote 10.0.0.193:45912] 2026-06-27 09:13:20.243 12 WARNING keystone.common.fernet_utils [None req-b2bbaf1b-e8b1-46b2-842b-0f8ab757f935 - - - - - -] key_repository is world readable: /etc/keystone/fernet-keys/ 10.0.0.193 - - [27/Jun/2026:09:13:19 +0000] "POST /v3/auth/tokens HTTP/1.1" 201 1992
[Sat Jun 27 09:13:20.377625 2026] [wsgi:error] [pid 11:tid 140067314996928] [remote 10.0.0.193:45914] 2026-06-27 09:13:20.377 11 WARNING keystone.common.fernet_utils [None req-25599a7b-418e-440e-8c24-fe72285a5ee9 - - - - - -] key_repository is world readable: /etc/keystone/fernet-keys/ 10.0.0.193 - - [27/Jun/2026:09:13:20 +0000] "POST /v3/auth/tokens HTTP/1.1" 201 1992 10.0.0.193 - - [27/Jun/2026:09:13:20 +0000] "GET /v3/endpoints/accb44a5f839430db94bad47e3cd6ef8 HTTP/1.1" 200 383 10.0.0.193 - - [27/Jun/2026:09:13:20 +0000] "GET /v3/services/ebfd454540084a6898c912593e2eca90 HTTP/1.1" 200 296
[Sat Jun 27 09:13:20.473836 2026] [wsgi:error] [pid 10:tid 140067314996928] [remote 10.0.0.193:45916] 2026-06-27 09:13:20.473 10 WARNING keystone.common.fernet_utils [None req-55a44342-cf79-41d9-92f8-89f6d73d56c7 - - - - - -] key_repository is world readable: /etc/keystone/fernet-keys/ 10.0.0.193 - - [27/Jun/2026:09:13:20 +0000] "POST /v3/auth/tokens HTTP/1.1" 201 1992 10.0.0.193 - - [27/Jun/2026:09:13:20 +0000] "GET /v3/endpoints/3ce06c3964574f6b98907e10244e8600 HTTP/1.1" 200 380 10.0.0.193 - - [27/Jun/2026:09:13:20 +0000] "GET /v3/services/ebfd454540084a6898c912593e2eca90 HTTP/1.1" 200 296 10.0.0.193 - - [27/Jun/2026:09:13:20 +0000] "GET /v3/endpoints/78202552c4234655ba7b782e78b30a2c HTTP/1.1" 200 370 10.0.0.193 - - [27/Jun/2026:09:13:20 +0000] "GET /v3/services/ebfd454540084a6898c912593e2eca90 HTTP/1.1" 200 296 10.0.0.45 - - [27/Jun/2026:09:13:32 +0000] "GET / HTTP/1.1" 300 295
[Sat Jun 27 09:13:32.180472 2026] [wsgi:error] [pid 9:tid 140067314996928] [remote 10.0.0.45:49084] 2026-06-27 09:13:32.179 9 WARNING keystone.common.password_hashing [None req-6eaef8d7-6247-4d80-b168-e226694343fd - - - - - -] Truncating password to algorithm specific maximum length 72 characters.
[Sat Jun 27 09:13:32.468406 2026] [wsgi:error] [pid 9:tid 140067314996928] [remote 10.0.0.45:49084] 2026-06-27 09:13:32.468 9 WARNING keystone.common.fernet_utils [None req-6eaef8d7-6247-4d80-b168-e226694343fd - - - - - -] key_repository is world readable: /etc/keystone/fernet-keys/ 10.0.0.45 - - [27/Jun/2026:09:13:32 +0000] "POST /v3/auth/tokens HTTP/1.1" 201 1992 10.0.0.45 - - [27/Jun/2026:09:13:32 +0000] "POST /v3/domains HTTP/1.1" 201 284 10.0.0.45 - - [27/Jun/2026:09:13:34 +0000] "GET / HTTP/1.1" 300 295
[Sat Jun 27 09:13:34.475723 2026] [wsgi:error] [pid 11:tid 140067314996928] [remote 10.0.0.45:49086] 2026-06-27 09:13:34.475 11 WARNING keystone.common.password_hashing [None req-9173ab46-1dcf-4aea-94fe-4e3fe33cf276 - - - - - -] Truncating password to algorithm specific maximum length 72 characters.
[Sat Jun 27 09:13:34.756387 2026] [wsgi:error] [pid 11:tid 140067314996928] [remote 10.0.0.45:49086] 2026-06-27 09:13:34.756 11 WARNING keystone.common.fernet_utils [None req-9173ab46-1dcf-4aea-94fe-4e3fe33cf276 - - - - - -] key_repository is world readable: /etc/keystone/fernet-keys/ 10.0.0.45 - - [27/Jun/2026:09:13:34 +0000] "POST /v3/auth/tokens HTTP/1.1" 201 1992
[Sat Jun 27 09:13:34.955092 2026] [wsgi:error] [pid 9:tid 140067314996928] [remote 10.0.0.45:49086] 2026-06-27 09:13:34.934 9 ERROR keystone.server.flask.application [None req-deef5db0-35ca-4b4e-9343-e8f1f65b541c 53a94592044048f1b95e46c6f3cab54a ee601468f44f4169b3f420911c525282 - - default default] Conflict occurred attempting to store project - it is not permitted to have two projects acting as domains with the same name: service.: keystone.exception.Conflict: Conflict occurred attempting to store project - it is not permitted to have two projects acting as domains with the same name: service.
[Sat Jun 27 09:13:34.955124 2026] [wsgi:error] [pid 9:tid 140067314996928] [remote 10.0.0.45:49086] 2026-06-27 09:13:34.934 9 ERROR keystone.server.flask.application
Traceback (most recent call last):
[Sat Jun 27 09:13:34.955126 2026] [wsgi:error] [pid 9:tid 140067314996928] [remote 10.0.0.45:49086] 2026-06-27 09:13:34.934 9 ERROR keystone.server.flask.application
File "/var/lib/openstack/lib/python3.12/site-packages/sqlalchemy/engine/base.py", line 1969, in _exec_single_context
[Sat Jun 27 09:13:34.955128 2026] [wsgi:error] [pid 9:tid 140067314996928] [remote 10.0.0.45:49086] 2026-06-27 09:13:34.934 9 ERROR keystone.server.flask.application self.dialect.do_execute(
[Sat Jun 27 09:13:34.955130 2026] [wsgi:error] [pid 9:tid 140067314996928] [remote 10.0.0.45:49086] 2026-06-27 09:13:34.934 9 ERROR keystone.server.flask.application
File "/var/lib/openstack/lib/python3.12/site-packages/sqlalchemy/engine/default.py", line 952, in do_execute
[Sat Jun 27 09:13:34.955132 2026] [wsgi:error] [pid 9:tid 140067314996928] [remote 10.0.0.45:49086] 2026-06-27 09:13:34.934 9 ERROR keystone.server.flask.application cursor.execute(statement, parameters)
[Sat Jun 27 09:13:34.955133 2026] [wsgi:error] [pid 9:tid 140067314996928] [remote 10.0.0.45:49086] 2026-06-27 09:13:34.934 9 ERROR keystone.server.flask.application
File "/var/lib/openstack/lib/python3.12/site-packages/pymysql/cursors.py", line 159, in execute
[Sat Jun 27 09:13:34.955135 2026] [wsgi:error] [pid 9:tid 140067314996928] [remote 10.0.0.45:49086] 2026-06-27 09:13:34.934 9 ERROR keystone.server.flask.application result = self._query(query)
[Sat Jun 27 09:13:34.955136 2026] [wsgi:error] [pid 9:tid 140067314996928] [remote 10.0.0.45:49086] 2026-06-27 09:13:34.934 9 ERROR keystone.server.flask.application ^^^^^^^^^^^^^^^^^^
[Sat Jun 27 09:13:34.955138 2026] [wsgi:error] [pid 9:tid 140067314996928] [remote 10.0.0.45:49086] 2026-06-27 09:13:34.934 9 ERROR keystone.server.flask.application
File "/var/lib/openstack/lib/python3.12/site-packages/pymysql/cursors.py", line 330, in _query
[Sat Jun 27 09:13:34.955140 2026] [wsgi:error] [pid 9:tid 140067314996928] [remote 10.0.0.45:49086] 2026-06-27 09:13:34.934 9 ERROR keystone.server.flask.application conn.query(q)
[Sat Jun 27 09:13:34.955141 2026] [wsgi:error] [pid 9:tid 140067314996928] [remote 10.0.0.45:49086] 2026-06-27 09:13:34.934 9 ERROR keystone.server.flask.application
File "/var/lib/openstack/lib/python3.12/site-packages/pymysql/connections.py", line 582, in query
[Sat Jun 27 09:13:34.955143 2026] [wsgi:error] [pid 9:tid 140067314996928] [remote 10.0.0.45:49086] 2026-06-27 09:13:34.934 9 ERROR keystone.server.flask.application self._affected_rows = self._read_query_result(unbuffered=unbuffered)
[Sat Jun 27 09:13:34.955145 2026] [wsgi:error] [pid 9:tid 140067314996928] [remote 10.0.0.45:49086] 2026-06-27 09:13:34.934 9 ERROR keystone.server.flask.application ^^^^^^^^^^^^^^^^^^^^^^^^^^^^^^^^^^^^^^^^^^^^^^
[Sat Jun 27 09:13:34.955147 2026] [wsgi:error] [pid 9:tid 140067314996928] [remote 10.0.0.45:49086] 2026-06-27 09:13:34.934 9 ERROR keystone.server.flask.application
File "/var/lib/openstack/lib/python3.12/site-packages/pymysql/connections.py", line 847, in _read_query_result
[Sat Jun 27 09:13:34.955149 2026] [wsgi:error] [pid 9:tid 140067314996928] [remote 10.0.0.45:49086] 2026-06-27 09:13:34.934 9 ERROR keystone.server.flask.application result.read()
[Sat Jun 27 09:13:34.955151 2026] [wsgi:error] [pid 9:tid 140067314996928] [remote 10.0.0.45:49086] 2026-06-27 09:13:34.934 9 ERROR keystone.server.flask.application
File "/var/lib/openstack/lib/python3.12/site-packages/pymysql/connections.py", line 1245, in read
[Sat Jun 27 09:13:34.955154 2026] [wsgi:error] [pid 9:tid 140067314996928] [remote 10.0.0.45:49086] 2026-06-27 09:13:34.934 9 ERROR keystone.server.flask.application first_packet = self.connection._read_packet()
[Sat Jun 27 09:13:34.955155 2026] [wsgi:error] [pid 9:tid 140067314996928] [remote 10.0.0.45:49086] 2026-06-27 09:13:34.934 9 ERROR keystone.server.flask.application ^^^^^^^^^^^^^^^^^^^^^^^^^^^^^^
[Sat Jun 27 09:13:34.955156 2026] [wsgi:error] [pid 9:tid 140067314996928] [remote 10.0.0.45:49086] 2026-06-27 09:13:34.934 9 ERROR keystone.server.flask.application
File "/var/lib/openstack/lib/python3.12/site-packages/pymysql/connections.py", line 803, in _read_packet
[Sat Jun 27 09:13:34.955158 2026] [wsgi:error] [pid 9:tid 140067314996928] [remote 10.0.0.45:49086] 2026-06-27 09:13:34.934 9 ERROR keystone.server.flask.application packet.raise_for_error()
[Sat Jun 27 09:13:34.955159 2026] [wsgi:error] [pid 9:tid 140067314996928] [remote 10.0.0.45:49086] 2026-06-27 09:13:34.934 9 ERROR keystone.server.flask.application
File "/var/lib/openstack/lib/python3.12/site-packages/pymysql/protocol.py", line 219, in raise_for_error
[Sat Jun 27 09:13:34.955161 2026] [wsgi:error] [pid 9:tid 140067314996928] [remote 10.0.0.45:49086] 2026-06-27 09:13:34.934 9 ERROR keystone.server.flask.application err.raise_mysql_exception(self._data)
[Sat Jun 27 09:13:34.955162 2026] [wsgi:error] [pid 9:tid 140067314996928] [remote 10.0.0.45:49086] 2026-06-27 09:13:34.934 9 ERROR keystone.server.flask.application
File "/var/lib/openstack/lib/python3.12/site-packages/pymysql/err.py", line 154, in raise_mysql_exception
[Sat Jun 27 09:13:34.955164 2026] [wsgi:error] [pid 9:tid 140067314996928] [remote 10.0.0.45:49086] 2026-06-27 09:13:34.934 9 ERROR keystone.server.flask.application raise errorclass(errno, errval, sqlstate=sqlstate)
[Sat Jun 27 09:13:34.955165 2026] [wsgi:error] [pid 9:tid 140067314996928] [remote 10.0.0.45:49086] 2026-06-27 09:13:34.934 9 ERROR keystone.server.flask.application pymysql.err.IntegrityError: (1062, "Duplicate entry '<>-service' for key 'project.ixu_project_name_domain_id'")
[Sat Jun 27 09:13:34.955167 2026] [wsgi:error] [pid 9:tid 140067314996928] [remote 10.0.0.45:49086] 2026-06-27 09:13:34.934 9 ERROR keystone.server.flask.application
[Sat Jun 27 09:13:34.955168 2026] [wsgi:error] [pid 9:tid 140067314996928] [remote 10.0.0.45:49086] 2026-06-27 09:13:34.934 9 ERROR keystone.server.flask.application The above exception was the direct cause of the following exception:
[Sat Jun 27 09:13:34.955169 2026] [wsgi:error] [pid 9:tid 140067314996928] [remote 10.0.0.45:49086] 2026-06-27 09:13:34.934 9 ERROR keystone.server.flask.application
[Sat Jun 27 09:13:34.955171 2026] [wsgi:error] [pid 9:tid 140067314996928] [remote 10.0.0.45:49086] 2026-06-27 09:13:34.934 9 ERROR keystone.server.flask.application
Traceback (most recent call last):
[Sat Jun 27 09:13:34.955172 2026] [wsgi:error] [pid 9:tid 140067314996928] [remote 10.0.0.45:49086] 2026-06-27 09:13:34.934 9 ERROR keystone.server.flask.application
File "/var/lib/openstack/lib/python3.12/site-packages/keystone/common/sql/core.py", line 575, in wrapper
[Sat Jun 27 09:13:34.955194 2026] [wsgi:error] [pid 9:tid 140067314996928] [remote 10.0.0.45:49086] 2026-06-27 09:13:34.934 9 ERROR keystone.server.flask.application return method(*args, **kwargs)
[Sat Jun 27 09:13:34.955195 2026] [wsgi:error] [pid 9:tid 140067314996928] [remote 10.0.0.45:49086] 2026-06-27 09:13:34.934 9 ERROR keystone.server.flask.application ^^^^^^^^^^^^^^^^^^^^^^^
[Sat Jun 27 09:13:34.955197 2026] [wsgi:error] [pid 9:tid 140067314996928] [remote 10.0.0.45:49086] 2026-06-27 09:13:34.934 9 ERROR keystone.server.flask.application
File "/var/lib/openstack/lib/python3.12/site-packages/keystone/resource/backends/sql.py", line 278, in create_project
[Sat Jun 27 09:13:34.955199 2026] [wsgi:error] [pid 9:tid 140067314996928] [remote 10.0.0.45:49086] 2026-06-27 09:13:34.934 9 ERROR keystone.server.flask.application with sql.session_for_write() as session:
[Sat Jun 27 09:13:34.955200 2026] [wsgi:error] [pid 9:tid 140067314996928] [remote 10.0.0.45:49086] 2026-06-27 09:13:34.934 9 ERROR keystone.server.flask.application
File "/usr/lib/python3.12/contextlib.py", line 144, in __exit__
[Sat Jun 27 09:13:34.955202 2026] [wsgi:error] [pid 9:tid 140067314996928] [remote 10.0.0.45:49086] 2026-06-27 09:13:34.934 9 ERROR keystone.server.flask.application next(self.gen)
[Sat Jun 27 09:13:34.955204 2026] [wsgi:error] [pid 9:tid 140067314996928] [remote 10.0.0.45:49086] 2026-06-27 09:13:34.934 9 ERROR keystone.server.flask.application
File "/var/lib/openstack/lib/python3.12/site-packages/oslo_db/sqlalchemy/enginefacade.py", line 1175, in _transaction_scope
[Sat Jun 27 09:13:34.955206 2026] [wsgi:error] [pid 9:tid 140067314996928] [remote 10.0.0.45:49086] 2026-06-27 09:13:34.934 9 ERROR keystone.server.flask.application with current._produce_block(
[Sat Jun 27 09:13:34.955207 2026] [wsgi:error] [pid 9:tid 140067314996928] [remote 10.0.0.45:49086] 2026-06-27 09:13:34.934 9 ERROR keystone.server.flask.application
File "/usr/lib/python3.12/contextlib.py", line 144, in __exit__
[Sat Jun 27 09:13:34.955209 2026] [wsgi:error] [pid 9:tid 140067314996928] [remote 10.0.0.45:49086] 2026-06-27 09:13:34.934 9 ERROR keystone.server.flask.application next(self.gen)
[Sat Jun 27 09:13:34.955211 2026] [wsgi:error] [pid 9:tid 140067314996928] [remote 10.0.0.45:49086] 2026-06-27 09:13:34.934 9 ERROR keystone.server.flask.application
File "/var/lib/openstack/lib/python3.12/site-packages/oslo_db/sqlalchemy/enginefacade.py", line 837, in _session
[Sat Jun 27 09:13:34.955212 2026] [wsgi:error] [pid 9:tid 140067314996928] [remote 10.0.0.45:49086] 2026-06-27 09:13:34.934 9 ERROR keystone.server.flask.application with excutils.save_and_reraise_exception():
[Sat Jun 27 09:13:34.955214 2026] [wsgi:error] [pid 9:tid 140067314996928] [remote 10.0.0.45:49086] 2026-06-27 09:13:34.934 9 ERROR keystone.server.flask.application
File "/var/lib/openstack/lib/python3.12/site-packages/oslo_utils/excutils.py", line 266, in __exit__
[Sat Jun 27 09:13:34.955217 2026] [wsgi:error] [pid 9:tid 140067314996928] [remote 10.0.0.45:49086] 2026-06-27 09:13:34.934 9 ERROR keystone.server.flask.application self.force_reraise()
[Sat Jun 27 09:13:34.955219 2026] [wsgi:error] [pid 9:tid 140067314996928] [remote 10.0.0.45:49086] 2026-06-27 09:13:34.934 9 ERROR keystone.server.flask.application
File "/var/lib/openstack/lib/python3.12/site-packages/oslo_utils/excutils.py", line 232, in force_reraise
[Sat Jun 27 09:13:34.955222 2026] [wsgi:error] [pid 9:tid 140067314996928] [remote 10.0.0.45:49086] 2026-06-27 09:13:34.934 9 ERROR keystone.server.flask.application raise self.value
[Sat Jun 27 09:13:34.955224 2026] [wsgi:error] [pid 9:tid 140067314996928] [remote 10.0.0.45:49086] 2026-06-27 09:13:34.934 9 ERROR keystone.server.flask.application
File "/var/lib/openstack/lib/python3.12/site-packages/oslo_db/sqlalchemy/enginefacade.py", line 835, in _session
[Sat Jun 27 09:13:34.955226 2026] [wsgi:error] [pid 9:tid 140067314996928] [remote 10.0.0.45:49086] 2026-06-27 09:13:34.934 9 ERROR keystone.server.flask.application self._end_session_transaction(self.session)
[Sat Jun 27 09:13:34.955228 2026] [wsgi:error] [pid 9:tid 140067314996928] [remote 10.0.0.45:49086] 2026-06-27 09:13:34.934 9 ERROR keystone.server.flask.application
File "/var/lib/openstack/lib/python3.12/site-packages/oslo_db/sqlalchemy/enginefacade.py", line 748, in _end_session_transaction
[Sat Jun 27 09:13:34.955231 2026] [wsgi:error] [pid 9:tid 140067314996928] [remote 10.0.0.45:49086] 2026-06-27 09:13:34.934 9 ERROR keystone.server.flask.application session.commit()
[Sat Jun 27 09:13:34.955235 2026] [wsgi:error] [pid 9:tid 140067314996928] [remote 10.0.0.45:49086] 2026-06-27 09:13:34.934 9 ERROR keystone.server.flask.application
File "/var/lib/openstack/lib/python3.12/site-packages/sqlalchemy/orm/session.py", line 2034, in commit
[Sat Jun 27 09:13:34.955238 2026] [wsgi:error] [pid 9:tid 140067314996928] [remote 10.0.0.45:49086] 2026-06-27 09:13:34.934 9 ERROR keystone.server.flask.application trans.commit(_to_root=True)
[Sat Jun 27 09:13:34.955241 2026] [wsgi:error] [pid 9:tid 140067314996928] [remote 10.0.0.45:49086] 2026-06-27 09:13:34.934 9 ERROR keystone.server.flask.application File "", line 2, in commit
[Sat Jun 27 09:13:34.955243 2026] [wsgi:error] [pid 9:tid 140067314996928] [remote 10.0.0.45:49086] 2026-06-27 09:13:34.934 9 ERROR keystone.server.flask.application
File "/var/lib/openstack/lib/python3.12/site-packages/sqlalchemy/orm/state_changes.py", line 137, in _go
[Sat Jun 27 09:13:34.955245 2026] [wsgi:error] [pid 9:tid 140067314996928] [remote 10.0.0.45:49086] 2026-06-27 09:13:34.934 9 ERROR keystone.server.flask.application ret_value = fn(self, *arg, **kw)
[Sat Jun 27 09:13:34.955248 2026] [wsgi:error] [pid 9:tid 140067314996928] [remote 10.0.0.45:49086] 2026-06-27 09:13:34.934 9 ERROR keystone.server.flask.application ^^^^^^^^^^^^^^^^^^^^
[Sat Jun 27 09:13:34.955251 2026] [wsgi:error] [pid 9:tid 140067314996928] [remote 10.0.0.45:49086] 2026-06-27 09:13:34.934 9 ERROR keystone.server.flask.application
File "/var/lib/openstack/lib/python3.12/site-packages/sqlalchemy/orm/session.py", line 1315, in commit
[Sat Jun 27 09:13:34.955254 2026] [wsgi:error] [pid 9:tid 140067314996928] [remote 10.0.0.45:49086] 2026-06-27 09:13:34.934 9 ERROR keystone.server.flask.application self._prepare_impl()
[Sat Jun 27 09:13:34.955257 2026] [wsgi:error] [pid 9:tid 140067314996928] [remote 10.0.0.45:49086] 2026-06-27 09:13:34.934 9 ERROR keystone.server.flask.application File "", line 2, in _prepare_impl
[Sat Jun 27 09:13:34.955260 2026] [wsgi:error] [pid 9:tid 140067314996928] [remote 10.0.0.45:49086] 2026-06-27 09:13:34.934 9 ERROR keystone.server.flask.application
File "/var/lib/openstack/lib/python3.12/site-packages/sqlalchemy/orm/state_changes.py", line 137, in _go
[Sat Jun 27 09:13:34.955264 2026] [wsgi:error] [pid 9:tid 140067314996928] [remote 10.0.0.45:49086] 2026-06-27 09:13:34.934 9 ERROR keystone.server.flask.application ret_value = fn(self, *arg, **kw)
[Sat Jun 27 09:13:34.955268 2026] [wsgi:error] [pid 9:tid 140067314996928] [remote 10.0.0.45:49086] 2026-06-27 09:13:34.934 9 ERROR keystone.server.flask.application ^^^^^^^^^^^^^^^^^^^^
[Sat Jun 27 09:13:34.955269 2026] [wsgi:error] [pid 9:tid 140067314996928] [remote 10.0.0.45:49086] 2026-06-27 09:13:34.934 9 ERROR keystone.server.flask.application
File "/var/lib/openstack/lib/python3.12/site-packages/sqlalchemy/orm/session.py", line 1290, in _prepare_impl
[Sat Jun 27 09:13:34.955271 2026] [wsgi:error] [pid 9:tid 140067314996928] [remote 10.0.0.45:49086] 2026-06-27 09:13:34.934 9 ERROR keystone.server.flask.application self.session.flush()
[Sat Jun 27 09:13:34.955273 2026] [wsgi:error] [pid 9:tid 140067314996928] [remote 10.0.0.45:49086] 2026-06-27 09:13:34.934 9 ERROR keystone.server.flask.application
File "/var/lib/openstack/lib/python3.12/site-packages/sqlalchemy/orm/session.py", line 4352, in flush
[Sat Jun 27 09:13:34.955274 2026] [wsgi:error] [pid 9:tid 140067314996928] [remote 10.0.0.45:49086] 2026-06-27 09:13:34.934 9 ERROR keystone.server.flask.application self._flush(objects)
[Sat Jun 27 09:13:34.955276 2026] [wsgi:error] [pid 9:tid 140067314996928] [remote 10.0.0.45:49086] 2026-06-27 09:13:34.934 9 ERROR keystone.server.flask.application
File "/var/lib/openstack/lib/python3.12/site-packages/sqlalchemy/orm/session.py", line 4487, in _flush
[Sat Jun 27 09:13:34.955278 2026] [wsgi:error] [pid 9:tid 140067314996928] [remote 10.0.0.45:49086] 2026-06-27 09:13:34.934 9 ERROR keystone.server.flask.application with util.safe_reraise():
[Sat Jun 27 09:13:34.955279 2026] [wsgi:error] [pid 9:tid 140067314996928] [remote 10.0.0.45:49086] 2026-06-27 09:13:34.934 9 ERROR keystone.server.flask.application
File "/var/lib/openstack/lib/python3.12/site-packages/sqlalchemy/util/langhelpers.py", line 122, in __exit__
[Sat Jun 27 09:13:34.955281 2026] [wsgi:error] [pid 9:tid 140067314996928] [remote 10.0.0.45:49086] 2026-06-27 09:13:34.934 9 ERROR keystone.server.flask.application raise exc_value.with_traceback(exc_tb)
[Sat Jun 27 09:13:34.955283 2026] [wsgi:error] [pid 9:tid 140067314996928] [remote 10.0.0.45:49086] 2026-06-27 09:13:34.934 9 ERROR keystone.server.flask.application
File "/var/lib/openstack/lib/python3.12/site-packages/sqlalchemy/orm/session.py", line 4448, in _flush
[Sat Jun 27 09:13:34.955285 2026] [wsgi:error] [pid 9:tid 140067314996928] [remote 10.0.0.45:49086] 2026-06-27 09:13:34.934 9 ERROR keystone.server.flask.application flush_context.execute()
[Sat Jun 27 09:13:34.955288 2026] [wsgi:error] [pid 9:tid 140067314996928] [remote 10.0.0.45:49086] 2026-06-27 09:13:34.934 9 ERROR keystone.server.flask.application
File "/var/lib/openstack/lib/python3.12/site-packages/sqlalchemy/orm/unitofwork.py", line 465, in execute
