Feb 16 18:51:31.146067 np0000155660 devstack@neutron-api.service[103488]: DEBUG ovsdbapp.backend.ovs_idl.transaction [-] Running txn n=1 command(idx=3): PgDelPortCommand(_result=None, port_group=neutron_pg_drop, lsp=['7be88a58-3131-4dad-b00a-f7a9ca34c60c'], if_exists=False) {{(pid=103488) do_commit /opt/stack/data/venv/lib/python3.12/site-packages/ovsdbapp/backend/ovs_idl/transaction.py:89}}
Feb 16 18:51:31.211656 np0000155660 devstack@neutron-api.service[103487]: DEBUG neutron.plugins.ml2.drivers.ovn.mech_driver.ovsdb.ovsdb_monitor [-] Hash Ring: Node 96c67ae6a76c5963a91a7b5e49b9529b (host: np0000155660) handling event "create" for row 48b8c59d-b8e3-45bc-b331-1e236231d6e2 (table: DHCP_Options) {{(pid=103487) notify /opt/stack/neutron/neutron/plugins/ml2/drivers/ovn/mech_driver/ovsdb/ovsdb_monitor.py:920}}
Feb 16 18:51:31.211656 np0000155660 devstack@neutron-api.service[103487]: DEBUG neutron.plugins.ml2.drivers.ovn.mech_driver.ovsdb.ovsdb_monitor [-] Hash Ring: Node 96c67ae6a76c5963a91a7b5e49b9529b (host: np0000155660) handling event "update" for row 64784ac3-0198-4b67-8c17-f1d7a5e27873 (table: Logical_Switch_Port) {{(pid=103487) notify /opt/stack/neutron/neutron/plugins/ml2/drivers/ovn/mech_driver/ovsdb/ovsdb_monitor.py:920}}
Feb 16 18:51:31.212230 np0000155660 devstack@neutron-api.service[103485]: DEBUG neutron.plugins.ml2.drivers.ovn.mech_driver.ovsdb.ovsdb_monitor [-] Hash Ring: Node caeba1a6997658028fdde51e39ddb339 (host: np0000155660) handling event "update" for row 64784ac3-0198-4b67-8c17-f1d7a5e27873 (table: Logical_Switch_Port) {{(pid=103485) notify /opt/stack/neutron/neutron/plugins/ml2/drivers/ovn/mech_driver/ovsdb/ovsdb_monitor.py:920}}
Feb 16 18:51:31.212632 np0000155660 devstack@neutron-api.service[103486]: DEBUG neutron.plugins.ml2.drivers.ovn.mech_driver.ovsdb.ovsdb_monitor [-] Hash Ring: Node c989d4413916517abc355f3ce00675ea (host: np0000155660) handling event "create" for row 48b8c59d-b8e3-45bc-b331-1e236231d6e2 (table: DHCP_Options) {{(pid=103486) notify /opt/stack/neutron/neutron/plugins/ml2/drivers/ovn/mech_driver/ovsdb/ovsdb_monitor.py:920}}
Feb 16 18:51:31.214746 np0000155660 devstack@neutron-api.service[103487]: DEBUG neutron.plugins.ml2.drivers.ovn.mech_driver.ovsdb.ovsdb_monitor [-] Hash Ring: Node 96c67ae6a76c5963a91a7b5e49b9529b (host: np0000155660) handling event "update" for row c1a4eea3-8118-4785-a1e1-1742329e633f (table: Port_Binding) {{(pid=103487) notify /opt/stack/neutron/neutron/plugins/ml2/drivers/ovn/mech_driver/ovsdb/ovsdb_monitor.py:920}}
Feb 16 18:51:31.215156 np0000155660 devstack@neutron-api.service[103488]: DEBUG neutron.plugins.ml2.drivers.ovn.mech_driver.ovsdb.ovsdb_monitor [-] Hash Ring: Node e9b992b007845a6798c77819d0cdb59c (host: np0000155660) handling event "update" for row c1a4eea3-8118-4785-a1e1-1742329e633f (table: Port_Binding) {{(pid=103488) notify /opt/stack/neutron/neutron/plugins/ml2/drivers/ovn/mech_driver/ovsdb/ovsdb_monitor.py:920}}
Feb 16 18:51:31.246920 np0000155660 devstack@neutron-api.service[103488]: INFO neutron.db.ovn_revision_numbers_db [None req-bcf297df-1360-46a2-917c-3b5c8b1509cc admin admin] Successfully bumped revision number for resource 7be88a58-3131-4dad-b00a-f7a9ca34c60c (type: ports) to 2
Feb 16 18:51:31.258593 np0000155660 devstack@neutron-api.service[103488]: DEBUG neutron.plugins.ml2.plugin [None req-bcf297df-1360-46a2-917c-3b5c8b1509cc admin admin] In _notify_port_updated(), no bound segment for port 7be88a58-3131-4dad-b00a-f7a9ca34c60c on network c0b79f3e-4e8c-4c0c-9cdb-9fb1549634a5 {{(pid=103488) _notify_port_updated /opt/stack/neutron/neutron/plugins/ml2/plugin.py:1036}}
Feb 16 18:51:31.292573 np0000155660 devstack@neutron-api.service[103488]: INFO neutron.db.ovn_revision_numbers_db [None req-bcf297df-1360-46a2-917c-3b5c8b1509cc admin admin] Successfully bumped revision number for resource fe2ab5e2-2996-45a2-b1c0-a719face4246 (type: subnets) to 0
Feb 16 18:51:31.294627 np0000155660 devstack@neutron-api.service[103488]: DEBUG neutron.pecan_wsgi.hooks.policy_enforcement [None req-bcf297df-1360-46a2-917c-3b5c8b1509cc admin admin] Attributes excluded by policy engine: ['standard_attr_id', 'shared', 'network'] {{(pid=103488) _exclude_attributes_by_policy /opt/stack/neutron/neutron/pecan_wsgi/hooks/policy_enforcement.py:258}}
Feb 16 18:51:31.295197 np0000155660 devstack@neutron-api.service[103488]: DEBUG neutron_lib.callbacks.manager [None req-bcf297df-1360-46a2-917c-3b5c8b1509cc admin admin] Publish callbacks [] for subnet (None), before_response {{(pid=103488) _notify_loop /opt/stack/data/venv/lib/python3.12/site-packages/neutron_lib/callbacks/manager.py:184}}
Feb 16 18:51:31.311058 np0000155660 devstack@neutron-api.service[103488]: [pid: 103488|app: 0|req: 2/8] 199.204.45.74 () {68 vars in 1347 bytes} [Mon Feb 16 18:51:30 2026] POST /networking/v2.0/subnets => generated 666 bytes in 1218 msecs (HTTP/1.1 201) 4 headers in 162 bytes (1 switches on core 0)
Feb 16 18:51:31.795474 np0000155660 devstack@neutron-api.service[103485]: DEBUG neutron.pecan_wsgi.hooks.policy_enforcement [None req-26212932-f874-4948-8327-881c9efd9c38 admin admin] Attributes excluded by policy engine: ['standard_attr_id'] {{(pid=103485) _exclude_attributes_by_policy /opt/stack/neutron/neutron/pecan_wsgi/hooks/policy_enforcement.py:258}}
Feb 16 18:51:31.796221 np0000155660 devstack@neutron-api.service[103485]: [pid: 103485|app: 0|req: 2/9] 199.204.45.74 () {64 vars in 1407 bytes} [Mon Feb 16 18:51:31 2026] GET /networking/v2.0/networks/c0b79f3e-4e8c-4c0c-9cdb-9fb1549634a5 => generated 700 bytes in 61 msecs (HTTP/1.1 200) 4 headers in 157 bytes (1 switches on core 0)
Feb 16 18:51:31.812749 np0000155660 devstack@neutron-api.service[103487]: DEBUG neutron.api.wsgi [None req-c720e2db-7596-46b4-aaa3-5b6e06777dcd admin admin] Missing Content-Type {{(pid=103487) get_content_type /opt/stack/neutron/neutron/api/wsgi.py:85}}
Feb 16 18:51:31.830631 np0000155660 devstack@neutron-api.service[103487]: [pid: 103487|app: 0|req: 4/10] 199.204.45.74 () {64 vars in 1416 bytes} [Mon Feb 16 18:51:31 2026] GET /networking/v2.0/subnetpools/0449b460-8e69-42a5-a3bf-5d543872c81b => generated 531 bytes in 23 msecs (HTTP/1.1 200) 4 headers in 157 bytes (1 switches on core 0)
Feb 16 18:51:31.857534 np0000155660 devstack@neutron-api.service[103486]: DEBUG neutron.api.v2.base [None req-6f8fcd43-c68b-4171-8700-a8b8659ba3a7 admin admin] Request body: {'subnet': {'subnetpool_id': '0449b460-8e69-42a5-a3bf-5d543872c81b', 'ipv6_address_mode': 'slaac', 'ipv6_ra_mode': 'slaac', 'network_id': 'c0b79f3e-4e8c-4c0c-9cdb-9fb1549634a5', 'name': 'ipv6-private-subnet', 'ip_version': 6}} {{(pid=103486) prepare_request_body /opt/stack/neutron/neutron/api/v2/base.py:729}}
Feb 16 18:51:31.916244 np0000155660 devstack@neutron-api.service[103486]: DEBUG neutron.pecan_wsgi.hooks.quota_enforcement [None req-6f8fcd43-c68b-4171-8700-a8b8659ba3a7 admin admin] Made reservation on behalf of 5c0c3ddfde6441daaa3419cd8e59e70c for: {'subnet': 1} {{(pid=103486) before /opt/stack/neutron/neutron/pecan_wsgi/hooks/quota_enforcement.py:66}}
Feb 16 18:51:31.922437 np0000155660 devstack@neutron-api.service[103486]: DEBUG neutron_lib.callbacks.manager [None req-6f8fcd43-c68b-4171-8700-a8b8659ba3a7 admin admin] Publish callbacks [] for subnet (None), before_create {{(pid=103486) _notify_loop /opt/stack/data/venv/lib/python3.12/site-packages/neutron_lib/callbacks/manager.py:184}}
Feb 16 18:51:32.130400 np0000155660 devstack@neutron-api.service[103486]: DEBUG neutron.db.ovn_revision_numbers_db [None req-6f8fcd43-c68b-4171-8700-a8b8659ba3a7 admin admin] create_initial_revision uuid=4df5b48e-a84d-4530-9e09-7fe1ab4325d4, type=subnets, rev=-1 {{(pid=103486) create_initial_revision /opt/stack/neutron/neutron/db/ovn_revision_numbers_db.py:98}}
Feb 16 18:51:32.238467 np0000155660 devstack@neutron-api.service[103486]: DEBUG neutron.objects.ports [None req-6f8fcd43-c68b-4171-8700-a8b8659ba3a7 admin admin] Time-cost: Fetching 1 ports in 0 security groups {{(pid=103486) get_objects /opt/stack/neutron/neutron/objects/ports.py:499}}
Feb 16 18:51:32.580873 np0000155660 devstack@neutron-api.service[103486]: DEBUG neutron_lib.callbacks.manager [None req-6f8fcd43-c68b-4171-8700-a8b8659ba3a7 admin admin] Publish callbacks ['neutron.plugins.ml2.plugin.SecurityGroupDbMixin._ensure_default_security_group_handler-234192', 'neutron.services.ovn_l3.plugin.OVNL3RouterPlugin._port_update-8638046583568', 'neutron.db.l3_db.L3_NAT_dbonly_mixin._prevent_internal_ip_change_for_fip-8638048351002'] for port (7be88a58-3131-4dad-b00a-f7a9ca34c60c), before_update {{(pid=103486) _notify_loop /opt/stack/data/venv/lib/python3.12/site-packages/neutron_lib/callbacks/manager.py:184}}
Feb 16 18:51:32.769966 np0000155660 devstack@neutron-api.service[103486]: DEBUG neutron_lib.callbacks.manager [None req-6f8fcd43-c68b-4171-8700-a8b8659ba3a7 admin admin] Publish callbacks [] for port (7be88a58-3131-4dad-b00a-f7a9ca34c60c), precommit_update {{(pid=103486) _notify_loop /opt/stack/data/venv/lib/python3.12/site-packages/neutron_lib/callbacks/manager.py:184}}
Feb 16 18:51:32.770257 np0000155660 devstack@neutron-api.service[103486]: DEBUG neutron.plugins.ml2.drivers.ovn.mech_driver.mech_driver [None req-6f8fcd43-c68b-4171-8700-a8b8659ba3a7 admin admin] No provisioning block for port 7be88a58-3131-4dad-b00a-f7a9ca34c60c since it does not have a host {{(pid=103486) _is_port_provisioning_required /opt/stack/neutron/neutron/plugins/ml2/drivers/ovn/mech_driver/mech_driver.py:883}}
Feb 16 18:51:32.772399 np0000155660 devstack@neutron-api.service[103486]: DEBUG neutron_lib.callbacks.manager [None req-6f8fcd43-c68b-4171-8700-a8b8659ba3a7 admin admin] Publish callbacks ['neutron.plugins.ml2.ovo_rpc._ObjectChangeHandler.handle_event-6457001', 'neutron.db.l3_db.L3RpcNotifierMixin._notify_gateway_port_ip_changed-8638048358240', 'neutron.services.ovn_l3.plugin.OVNL3RouterPlugin._port_update-8638046583568'] for port (7be88a58-3131-4dad-b00a-f7a9ca34c60c), after_update {{(pid=103486) _notify_loop /opt/stack/data/venv/lib/python3.12/site-packages/neutron_lib/callbacks/manager.py:184}}
Feb 16 18:51:32.838837 np0000155660 devstack@neutron-api.service[103486]: DEBUG neutron.api.rpc.handlers.resources_rpc [None req-6f8fcd43-c68b-4171-8700-a8b8659ba3a7 admin admin] Pushing event updated for resources: {'Port': ['ID=7be88a58-3131-4dad-b00a-f7a9ca34c60c,revision_number=3']} {{(pid=103486) push /opt/stack/neutron/neutron/api/rpc/handlers/resources_rpc.py:237}}
Feb 16 18:51:32.846343 np0000155660 devstack@neutron-api.service[103486]: DEBUG neutron.api.rpc.callbacks.version_manager [None req-6f8fcd43-c68b-4171-8700-a8b8659ba3a7 admin admin] Tracked resource versions report:
Feb 16 18:51:32.846343 np0000155660 devstack@neutron-api.service[103486]: pushed versions:
Feb 16 18:51:32.846343 np0000155660 devstack@neutron-api.service[103486]: { 'AddressGroup': {'1.2'},
Feb 16 18:51:32.846343 np0000155660 devstack@neutron-api.service[103486]: 'Agent': {'1.1'},
Feb 16 18:51:32.846343 np0000155660 devstack@neutron-api.service[103486]: 'ConntrackHelper': {'1.0'},
Feb 16 18:51:32.846343 np0000155660 devstack@neutron-api.service[103486]: 'LocalIPAssociation': {'1.0'},
Feb 16 18:51:32.846343 np0000155660 devstack@neutron-api.service[103486]: 'Log': {'1.0'},
Feb 16 18:51:32.846343 np0000155660 devstack@neutron-api.service[103486]: 'NDPProxy': {'1.0'},
Feb 16 18:51:32.846343 np0000155660 devstack@neutron-api.service[103486]: 'Network': {'1.2'},
Feb 16 18:51:32.846343 np0000155660 devstack@neutron-api.service[103486]: 'Port': {'1.10'},
Feb 16 18:51:32.846343 np0000155660 devstack@neutron-api.service[103486]: 'PortForwarding': {'1.3'},
Feb 16 18:51:32.846343 np0000155660 devstack@neutron-api.service[103486]: 'QosPolicy': {'1.10'},
Feb 16 18:51:32.846343 np0000155660 devstack@neutron-api.service[103486]: 'SecurityGroup': {'1.6'},
Feb 16 18:51:32.846343 np0000155660 devstack@neutron-api.service[103486]: 'SecurityGroupRule': {'1.3'},
Feb 16 18:51:32.846343 np0000155660 devstack@neutron-api.service[103486]: 'SubPort': {'1.0'},
Feb 16 18:51:32.846343 np0000155660 devstack@neutron-api.service[103486]: 'Subnet': {'1.2'},
Feb 16 18:51:32.846343 np0000155660 devstack@neutron-api.service[103486]: 'Trunk': {'1.1'}}
Feb 16 18:51:32.846343 np0000155660 devstack@neutron-api.service[103486]: consumer versions:
Feb 16 18:51:32.846343 np0000155660 devstack@neutron-api.service[103486]: { OVN Neutron agent@np0000155660: {},
Feb 16 18:51:32.846343 np0000155660 devstack@neutron-api.service[103486]: OVN Controller Gateway agent@np0000155660: {}}
Feb 16 18:51:32.846343 np0000155660 devstack@neutron-api.service[103486]: {{(pid=103486) report /opt/stack/neutron/neutron/api/rpc/callbacks/version_manager.py:183}}
Feb 16 18:51:33.117091 np0000155660 devstack@neutron-api.service[103486]: DEBUG ovsdbapp.backend.ovs_idl.transaction [-] Running txn n=1 command(idx=0): CheckRevisionNumberCommand(_result=None, name=7be88a58-3131-4dad-b00a-f7a9ca34c60c, resource={'id': '7be88a58-3131-4dad-b00a-f7a9ca34c60c', 'name': '', 'network_id': 'c0b79f3e-4e8c-4c0c-9cdb-9fb1549634a5', 'project_id': '5c0c3ddfde6441daaa3419cd8e59e70c', 'mac_address': 'fa:16:3e:2b:fc:7b', 'admin_state_up': True, 'status': 'DOWN', 'device_id': 'ovnmeta-c0b79f3e-4e8c-4c0c-9cdb-9fb1549634a5', 'device_owner': 'network:distributed', 'standard_attr_id': 14, 'fixed_ips': [{'subnet_id': 'fe2ab5e2-2996-45a2-b1c0-a719face4246', 'ip_address': '10.1.0.2'}, {'subnet_id': '4df5b48e-a84d-4530-9e09-7fe1ab4325d4', 'ip_address': 'fd::f816:3eff:fe2b:fc7b'}], 'allowed_address_pairs': [], 'extra_dhcp_opts': [], 'security_groups': [], 'description': '', 'binding:vnic_type': 'normal', 'binding:profile': {}, 'binding:host_id': '', 'binding:vif_type': 'unbound', 'binding:vif_details': {}, 'port_security_enabled': False, 'tags': [], 'created_at': '2026-02-16T18:51:28Z', 'updated_at': '2026-02-16T18:51:32Z', 'revision_number': 3, 'tenant_id': '5c0c3ddfde6441daaa3419cd8e59e70c', 'network': {'id': 'c0b79f3e-4e8c-4c0c-9cdb-9fb1549634a5', 'name': 'private', 'tenant_id': '5c0c3ddfde6441daaa3419cd8e59e70c', 'project_id': '5c0c3ddfde6441daaa3419cd8e59e70c', 'admin_state_up': True, 'mtu': 1372, 'status': 'ACTIVE', 'subnets': ['4df5b48e-a84d-4530-9e09-7fe1ab4325d4', 'fe2ab5e2-2996-45a2-b1c0-a719face4246'], 'standard_attr_id': 12, 'shared': False, 'availability_zone_hints': [], 'availability_zones': [], 'ipv4_address_scope': None, 'ipv6_address_scope': None, 'router:external': False, 'qinq': False, 'vlan_transparent': False, 'description': '', 'port_security_enabled': True, 'tags': [], 'created_at': '2026-02-16T18:51:28Z', 'updated_at': '2026-02-16T18:51:32Z', 'revision_number': 3, 'provider:network_type': 'geneve', 'provider:physical_network': None, 'provider:segmentation_id': 18723}}, resource_type=ports, if_exists=True) {{(pid=103486) do_commit /opt/stack/data/venv/lib/python3.12/site-packages/ovsdbapp/backend/ovs_idl/transaction.py:89}}
Feb 16 18:51:33.117717 np0000155660 devstack@neutron-api.service[103486]: DEBUG ovsdbapp.backend.ovs_idl.transaction [-] Running txn n=1 command(idx=1): SetLSwitchPortCommand(_result=None, lport=7be88a58-3131-4dad-b00a-f7a9ca34c60c, external_ids_update=None, columns={'external_ids': {'neutron:port_name': '', 'neutron:device_id': 'ovnmeta-c0b79f3e-4e8c-4c0c-9cdb-9fb1549634a5', 'neutron:project_id': '5c0c3ddfde6441daaa3419cd8e59e70c', 'neutron:cidrs': '10.1.0.2/26 fd::f816:3eff:fe2b:fc7b/64', 'neutron:device_owner': 'network:distributed', 'neutron:subnet_pool_addr_scope4': '', 'neutron:subnet_pool_addr_scope6': '', 'neutron:network_name': 'neutron-c0b79f3e-4e8c-4c0c-9cdb-9fb1549634a5', 'neutron:security_group_ids': '', 'neutron:revision_number': '3', 'neutron:vnic_type': 'normal', 'neutron:port_capabilities': '', 'neutron:mtu': ''}, 'parent_name': [], 'tag': [], 'options': {}, 'enabled': True, 'port_security': [], 'dhcpv4_options': [], 'dhcpv6_options': [], 'type': 'localport', 'addresses': ['fa:16:3e:2b:fc:7b 10.1.0.2 fd::f816:3eff:fe2b:fc7b'], 'ha_chassis_group': []}, if_exists=False) {{(pid=103486) do_commit /opt/stack/data/venv/lib/python3.12/site-packages/ovsdbapp/backend/ovs_idl/transaction.py:89}}
Feb 16 18:51:33.119261 np0000155660 devstack@neutron-api.service[103486]: DEBUG ovsdbapp.backend.ovs_idl.transaction [-] Running txn n=1 command(idx=2): PgDelPortCommand(_result=None, port_group=neutron_pg_drop, lsp=['7be88a58-3131-4dad-b00a-f7a9ca34c60c'], if_exists=False) {{(pid=103486) do_commit /opt/stack/data/venv/lib/python3.12/site-packages/ovsdbapp/backend/ovs_idl/transaction.py:89}}
Feb 16 18:51:33.122686 np0000155660 devstack@neutron-api.service[103485]: DEBUG neutron.plugins.ml2.drivers.ovn.mech_driver.ovsdb.ovsdb_monitor [-] Hash Ring: Node caeba1a6997658028fdde51e39ddb339 (host: np0000155660) handling event "update" for row 64784ac3-0198-4b67-8c17-f1d7a5e27873 (table: Logical_Switch_Port) {{(pid=103485) notify /opt/stack/neutron/neutron/plugins/ml2/drivers/ovn/mech_driver/ovsdb/ovsdb_monitor.py:920}}
Feb 16 18:51:33.123448 np0000155660 devstack@neutron-api.service[103487]: DEBUG neutron.plugins.ml2.drivers.ovn.mech_driver.ovsdb.ovsdb_monitor [-] Hash Ring: Node 96c67ae6a76c5963a91a7b5e49b9529b (host: np0000155660) handling event "update" for row 64784ac3-0198-4b67-8c17-f1d7a5e27873 (table: Logical_Switch_Port) {{(pid=103487) notify /opt/stack/neutron/neutron/plugins/ml2/drivers/ovn/mech_driver/ovsdb/ovsdb_monitor.py:920}}
Feb 16 18:51:33.125976 np0000155660 devstack@neutron-api.service[103487]: DEBUG neutron.plugins.ml2.drivers.ovn.mech_driver.ovsdb.ovsdb_monitor [-] Hash Ring: Node 96c67ae6a76c5963a91a7b5e49b9529b (host: np0000155660) handling event "update" for row c1a4eea3-8118-4785-a1e1-1742329e633f (table: Port_Binding) {{(pid=103487) notify /opt/stack/neutron/neutron/plugins/ml2/drivers/ovn/mech_driver/ovsdb/ovsdb_monitor.py:920}}
Feb 16 18:51:33.127687 np0000155660 devstack@neutron-api.service[103488]: DEBUG neutron.plugins.ml2.drivers.ovn.mech_driver.ovsdb.ovsdb_monitor [-] Hash Ring: Node e9b992b007845a6798c77819d0cdb59c (host: np0000155660) handling event "update" for row c1a4eea3-8118-4785-a1e1-1742329e633f (table: Port_Binding) {{(pid=103488) notify /opt/stack/neutron/neutron/plugins/ml2/drivers/ovn/mech_driver/ovsdb/ovsdb_monitor.py:920}}
Feb 16 18:51:33.165927 np0000155660 devstack@neutron-api.service[103486]: INFO neutron.db.ovn_revision_numbers_db [None req-6f8fcd43-c68b-4171-8700-a8b8659ba3a7 admin admin] Successfully bumped revision number for resource 7be88a58-3131-4dad-b00a-f7a9ca34c60c (type: ports) to 3
Feb 16 18:51:33.179757 np0000155660 devstack@neutron-api.service[103486]: DEBUG neutron_lib.callbacks.manager [None req-6f8fcd43-c68b-4171-8700-a8b8659ba3a7 admin admin] Publish callbacks ['neutron.plugins.ml2.ovo_rpc._ObjectChangeHandler.handle_event-6457022'] for subnet (4df5b48e-a84d-4530-9e09-7fe1ab4325d4), after_create {{(pid=103486) _notify_loop /opt/stack/data/venv/lib/python3.12/site-packages/neutron_lib/callbacks/manager.py:184}}
Feb 16 18:51:33.193781 np0000155660 devstack@neutron-api.service[103486]: DEBUG neutron.api.rpc.handlers.resources_rpc [None req-6f8fcd43-c68b-4171-8700-a8b8659ba3a7 admin admin] Pushing event updated for resources: {'Subnet': ['ID=4df5b48e-a84d-4530-9e09-7fe1ab4325d4,revision_number=0']} {{(pid=103486) push /opt/stack/neutron/neutron/api/rpc/handlers/resources_rpc.py:237}}
Feb 16 18:51:33.227295 np0000155660 devstack@neutron-api.service[103486]: INFO neutron.db.ovn_revision_numbers_db [None req-6f8fcd43-c68b-4171-8700-a8b8659ba3a7 admin admin] Successfully bumped revision number for resource 4df5b48e-a84d-4530-9e09-7fe1ab4325d4 (type: subnets) to 0
Feb 16 18:51:33.228347 np0000155660 devstack@neutron-api.service[103486]: DEBUG neutron.pecan_wsgi.hooks.policy_enforcement [None req-6f8fcd43-c68b-4171-8700-a8b8659ba3a7 admin admin] Attributes excluded by policy engine: ['standard_attr_id', 'shared', 'network'] {{(pid=103486) _exclude_attributes_by_policy /opt/stack/neutron/neutron/pecan_wsgi/hooks/policy_enforcement.py:258}}
Feb 16 18:51:33.228697 np0000155660 devstack@neutron-api.service[103486]: DEBUG neutron_lib.callbacks.manager [None req-6f8fcd43-c68b-4171-8700-a8b8659ba3a7 admin admin] Publish callbacks [] for subnet (None), before_response {{(pid=103486) _notify_loop /opt/stack/data/venv/lib/python3.12/site-packages/neutron_lib/callbacks/manager.py:184}}
Feb 16 18:51:33.241273 np0000155660 devstack@neutron-api.service[103486]: [pid: 103486|app: 0|req: 3/11] 199.204.45.74 () {68 vars in 1347 bytes} [Mon Feb 16 18:51:31 2026] POST /networking/v2.0/subnets => generated 681 bytes in 1395 msecs (HTTP/1.1 201) 4 headers in 162 bytes (1 switches on core 0)
Feb 16 18:51:33.587523 np0000155660 devstack@neutron-api.service[103488]: DEBUG neutron.api.wsgi [None req-e5815fdc-209a-4354-a6a4-66f3ce191200 admin admin] Missing Content-Type {{(pid=103488) get_content_type /opt/stack/neutron/neutron/api/wsgi.py:85}}
Feb 16 18:51:33.588068 np0000155660 devstack@neutron-api.service[103488]: DEBUG neutron.api.wsgi [None req-e5815fdc-209a-4354-a6a4-66f3ce191200 admin admin] https://199.204.45.74/networking/v2.0/extensions returned with HTTP 200 {{(pid=103488) __call__ /opt/stack/neutron/neutron/api/wsgi.py:545}}
Feb 16 18:51:33.588533 np0000155660 devstack@neutron-api.service[103488]: [pid: 103488|app: 0|req: 3/12] 199.204.45.74 () {64 vars in 1315 bytes} [Mon Feb 16 18:51:33 2026] GET /networking/v2.0/extensions => generated 15208 bytes in 5 msecs (HTTP/1.1 200) 4 headers in 159 bytes (1 switches on core 0)
Feb 16 18:51:33.872182 np0000155660 devstack@neutron-api.service[103485]: DEBUG neutron.api.wsgi [None req-c2911f2b-95c1-4627-abb9-94e33fb49428 admin admin] Missing Content-Type {{(pid=103485) get_content_type /opt/stack/neutron/neutron/api/wsgi.py:85}}
Feb 16 18:51:33.872559 np0000155660 devstack@neutron-api.service[103485]: DEBUG neutron.api.wsgi [None req-c2911f2b-95c1-4627-abb9-94e33fb49428 admin admin] https://199.204.45.74/networking/v2.0/extensions returned with HTTP 200 {{(pid=103485) __call__ /opt/stack/neutron/neutron/api/wsgi.py:545}}
Feb 16 18:51:33.873312 np0000155660 devstack@neutron-api.service[103485]: [pid: 103485|app: 0|req: 3/13] 199.204.45.74 () {64 vars in 1315 bytes} [Mon Feb 16 18:51:33 2026] GET /networking/v2.0/extensions => generated 15208 bytes in 3 msecs (HTTP/1.1 200) 4 headers in 159 bytes (1 switches on core 0)
Feb 16 18:51:34.153936 np0000155660 devstack@neutron-api.service[103487]: DEBUG neutron.api.v2.base [None req-da3c441f-1489-47f4-b408-1f4b5da90eb4 admin admin] Request body: {'router': {'name': 'router1', 'admin_state_up': True}} {{(pid=103487) prepare_request_body /opt/stack/neutron/neutron/api/v2/base.py:729}}
Feb 16 18:51:34.184796 np0000155660 devstack@neutron-api.service[103487]: DEBUG neutron_lib.callbacks.manager [None req-da3c441f-1489-47f4-b408-1f4b5da90eb4 admin admin] Publish callbacks ['neutron.services.ovn_l3.service_providers.driver_controller.DriverController._check_router_request-23679'] for router (e617a9f5-5ad2-4ffe-9241-a014826f06a5), before_create {{(pid=103487) _notify_loop /opt/stack/data/venv/lib/python3.12/site-packages/neutron_lib/callbacks/manager.py:184}}
Feb 16 18:51:34.185803 np0000155660 devstack@neutron-api.service[103487]: DEBUG neutron_lib.callbacks.manager [None req-da3c441f-1489-47f4-b408-1f4b5da90eb4 admin admin] Publish callbacks ['neutron.services.ovn_l3.service_providers.ovn.OVN_L3_HA_db_mixin._precommit_router_create-21570', 'neutron.services.ovn_l3.plugin.RouterAvailabilityZoneMixin._process_az_request-7272344', 'neutron.services.ovn_l3.plugin.ExtraGatewaysDbOnlyMixin._process_bfd_ecmp_create-101974', 'neutron.services.ovn_l3.service_providers.ovn.OvnDriver._process_router_create_precommit-22512', 'neutron.services.ovn_l3.service_providers.driver_controller.DriverController._set_router_provider-23587'] for router (e617a9f5-5ad2-4ffe-9241-a014826f06a5), precommit_create {{(pid=103487) _notify_loop /opt/stack/data/venv/lib/python3.12/site-packages/neutron_lib/callbacks/manager.py:184}}
Feb 16 18:51:34.203306 np0000155660 devstack@neutron-api.service[103487]: DEBUG neutron.db.ovn_revision_numbers_db [None req-da3c441f-1489-47f4-b408-1f4b5da90eb4 admin admin] create_initial_revision uuid=e617a9f5-5ad2-4ffe-9241-a014826f06a5, type=routers, rev=-1 {{(pid=103487) create_initial_revision /opt/stack/neutron/neutron/db/ovn_revision_numbers_db.py:98}}
Feb 16 18:51:34.286153 np0000155660 devstack@neutron-api.service[103487]: DEBUG neutron_lib.callbacks.manager [None req-da3c441f-1489-47f4-b408-1f4b5da90eb4 admin admin] Publish callbacks [] for router_controller (e617a9f5-5ad2-4ffe-9241-a014826f06a5), precommit_add_association {{(pid=103487) _notify_loop /opt/stack/data/venv/lib/python3.12/site-packages/neutron_lib/callbacks/manager.py:184}}
Feb 16 18:51:34.292065 np0000155660 devstack@neutron-api.service[103487]: DEBUG neutron_lib.callbacks.manager [None req-da3c441f-1489-47f4-b408-1f4b5da90eb4 admin admin] Publish callbacks ['neutron.services.ovn_l3.service_providers.ovn.OvnDriver._process_router_create-27642'] for router (e617a9f5-5ad2-4ffe-9241-a014826f06a5), after_create {{(pid=103487) _notify_loop /opt/stack/data/venv/lib/python3.12/site-packages/neutron_lib/callbacks/manager.py:184}}
Feb 16 18:51:34.292208 np0000155660 devstack@neutron-api.service[103487]: INFO neutron.plugins.ml2.drivers.ovn.mech_driver.ovsdb.extensions.qos [None req-da3c441f-1489-47f4-b408-1f4b5da90eb4 admin admin] Starting OVNClientQosExtension
Feb 16 18:51:34.292591 np0000155660 devstack@neutron-api.service[103487]: DEBUG neutron.plugins.ml2.drivers.ovn.mech_driver.ovsdb.extensions.qos [None req-da3c441f-1489-47f4-b408-1f4b5da90eb4 admin admin] Router e617a9f5-5ad2-4ffe-9241-a014826f06a5 does not have ID or gateway assigned {{(pid=103487) update_router /opt/stack/neutron/neutron/plugins/ml2/drivers/ovn/mech_driver/ovsdb/extensions/qos.py:529}}
Feb 16 18:51:34.292992 np0000155660 devstack@neutron-api.service[103487]: DEBUG ovsdbapp.backend.ovs_idl.transaction [-] Running txn n=1 command(idx=0): LrAddCommand(_result=None, router=neutron-e617a9f5-5ad2-4ffe-9241-a014826f06a5, may_exist=True, columns={'external_ids': {'neutron:router_name': 'router1', 'neutron:revision_number': '1', 'neutron:availability_zone_hints': ''}, 'enabled': True, 'options': {'always_learn_from_arp_request': 'false', 'dynamic_neigh_routers': 'true', 'mac_binding_age_threshold': '0'}}) {{(pid=103487) do_commit /opt/stack/data/venv/lib/python3.12/site-packages/ovsdbapp/backend/ovs_idl/transaction.py:89}}
Feb 16 18:51:34.298254 np0000155660 devstack@neutron-api.service[103485]: DEBUG neutron.plugins.ml2.drivers.ovn.mech_driver.ovsdb.ovsdb_monitor [-] Hash Ring: Node caeba1a6997658028fdde51e39ddb339 (host: np0000155660) handling event "create" for row 0eb981c6-a91c-4d53-b2ef-1c0049f84b42 (table: Logical_Router) {{(pid=103485) notify /opt/stack/neutron/neutron/plugins/ml2/drivers/ovn/mech_driver/ovsdb/ovsdb_monitor.py:920}}
Feb 16 18:51:34.299142 np0000155660 devstack@neutron-api.service[103487]: DEBUG neutron.plugins.ml2.drivers.ovn.mech_driver.ovsdb.ovsdb_monitor [None req-8b4c13d0-a06f-48e5-a9c2-5d1f91ad956c None None] Touching Hash Ring node "96c67ae6a76c5963a91a7b5e49b9529b" from IDL notify handler {{(pid=103487) notify /opt/stack/neutron/neutron/plugins/ml2/drivers/ovn/mech_driver/ovsdb/ovsdb_monitor.py:912}}
Feb 16 18:51:34.307563 np0000155660 devstack@neutron-api.service[103486]: DEBUG neutron.plugins.ml2.drivers.ovn.mech_driver.ovsdb.ovsdb_monitor [-] Hash Ring: Node c989d4413916517abc355f3ce00675ea (host: np0000155660) handling event "create" for row d252016d-f348-49ea-8f38-81be06fa6e64 (table: Datapath_Binding) {{(pid=103486) notify /opt/stack/neutron/neutron/plugins/ml2/drivers/ovn/mech_driver/ovsdb/ovsdb_monitor.py:920}}
Feb 16 18:51:34.308899 np0000155660 devstack@neutron-api.service[103487]: DEBUG neutron.plugins.ml2.drivers.ovn.mech_driver.ovsdb.ovsdb_monitor [None req-88c06fcf-6c38-4042-8167-d3de23e4d977 None None] Touching Hash Ring node "96c67ae6a76c5963a91a7b5e49b9529b" from IDL notify handler {{(pid=103487) notify /opt/stack/neutron/neutron/plugins/ml2/drivers/ovn/mech_driver/ovsdb/ovsdb_monitor.py:912}}
Feb 16 18:51:34.312594 np0000155660 devstack@neutron-api.service[103487]: DEBUG neutron.plugins.ml2.drivers.ovn.mech_driver.ovsdb.ovsdb_monitor [None req-8b4c13d0-a06f-48e5-a9c2-5d1f91ad956c None None] Hash Ring: Node 96c67ae6a76c5963a91a7b5e49b9529b (host: np0000155660) handling event "create" for row 0eb981c6-a91c-4d53-b2ef-1c0049f84b42 (table: Logical_Router) {{(pid=103487) notify /opt/stack/neutron/neutron/plugins/ml2/drivers/ovn/mech_driver/ovsdb/ovsdb_monitor.py:920}}
Feb 16 18:51:34.320998 np0000155660 devstack@neutron-api.service[103487]: DEBUG futurist.periodics [-] Submitting periodic callback 'neutron.plugins.ml2.drivers.ovn.mech_driver.ovsdb.maintenance.HashRingHealthCheckPeriodics.touch_hash_ring_node' {{(pid=103487) _process_scheduled /opt/stack/data/venv/lib/python3.12/site-packages/futurist/periodics.py:638}}
Feb 16 18:51:34.347999 np0000155660 devstack@neutron-api.service[103487]: DEBUG neutron.plugins.ml2.drivers.ovn.mech_driver.ovsdb.maintenance [-] Touching Hash Ring node "96c67ae6a76c5963a91a7b5e49b9529b" from periodic health check thread {{(pid=103487) touch_hash_ring_node /opt/stack/neutron/neutron/plugins/ml2/drivers/ovn/mech_driver/ovsdb/maintenance.py:1135}}
Feb 16 18:51:34.377546 np0000155660 devstack@neutron-api.service[103487]: DEBUG neutron.plugins.ml2.drivers.ovn.mech_driver.ovsdb.ovsdb_monitor [None req-88c06fcf-6c38-4042-8167-d3de23e4d977 None None] Hash Ring: Node 96c67ae6a76c5963a91a7b5e49b9529b (host: np0000155660) handling event "create" for row d252016d-f348-49ea-8f38-81be06fa6e64 (table: Datapath_Binding) {{(pid=103487) notify /opt/stack/neutron/neutron/plugins/ml2/drivers/ovn/mech_driver/ovsdb/ovsdb_monitor.py:920}}
Feb 16 18:51:34.455077 np0000155660 devstack@neutron-api.service[103487]: INFO neutron.db.ovn_revision_numbers_db [None req-da3c441f-1489-47f4-b408-1f4b5da90eb4 admin admin] Successfully bumped revision number for resource e617a9f5-5ad2-4ffe-9241-a014826f06a5 (type: routers) to 1
Feb 16 18:51:34.475804 np0000155660 devstack@neutron-api.service[103487]: DEBUG neutron_lib.callbacks.manager [None req-da3c441f-1489-47f4-b408-1f4b5da90eb4 admin admin] Publish callbacks [] for router (None), before_response {{(pid=103487) _notify_loop /opt/stack/data/venv/lib/python3.12/site-packages/neutron_lib/callbacks/manager.py:184}}
Feb 16 18:51:34.476317 np0000155660 devstack@neutron-api.service[103487]: [pid: 103487|app: 0|req: 5/14] 199.204.45.74 () {68 vars in 1346 bytes} [Mon Feb 16 18:51:34 2026] POST /networking/v2.0/routers => generated 599 bytes in 326 msecs (HTTP/1.1 201) 4 headers in 162 bytes (1 switches on core 0)
Feb 16 18:51:34.758732 np0000155660 devstack@neutron-api.service[103486]: DEBUG neutron.api.wsgi [None req-6693d89c-a0c8-421f-be8d-15bd424c0740 admin admin] Missing Content-Type {{(pid=103486) get_content_type /opt/stack/neutron/neutron/api/wsgi.py:85}}
Feb 16 18:51:34.759631 np0000155660 devstack@neutron-api.service[103486]: DEBUG neutron.api.wsgi [None req-6693d89c-a0c8-421f-be8d-15bd424c0740 admin admin] https://199.204.45.74/networking/v2.0/extensions returned with HTTP 200 {{(pid=103486) __call__ /opt/stack/neutron/neutron/api/wsgi.py:545}}
Feb 16 18:51:34.759967 np0000155660 devstack@neutron-api.service[103486]: [pid: 103486|app: 0|req: 4/15] 199.204.45.74 () {64 vars in 1315 bytes} [Mon Feb 16 18:51:34 2026] GET /networking/v2.0/extensions => generated 15208 bytes in 8 msecs (HTTP/1.1 200) 4 headers in 159 bytes (1 switches on core 0)
Feb 16 18:51:35.037982 np0000155660 devstack@neutron-api.service[103488]: DEBUG neutron.api.v2.base [None req-a571f60e-5590-450b-b151-bc851927c597 admin admin] Request body: {'network': {'name': 'public', 'provider:physical_network': 'public', 'admin_state_up': True, 'is_default': True, 'router:external': True, 'provider:network_type': 'flat'}} {{(pid=103488) prepare_request_body /opt/stack/neutron/neutron/api/v2/base.py:729}}
Feb 16 18:51:35.059926 np0000155660 devstack@neutron-api.service[103488]: DEBUG neutron.pecan_wsgi.hooks.quota_enforcement [None req-a571f60e-5590-450b-b151-bc851927c597 admin admin] Made reservation on behalf of 5c0c3ddfde6441daaa3419cd8e59e70c for: {'network': 1} {{(pid=103488) before /opt/stack/neutron/neutron/pecan_wsgi/hooks/quota_enforcement.py:66}}
Feb 16 18:51:35.066364 np0000155660 devstack@neutron-api.service[103488]: DEBUG neutron_lib.callbacks.manager [None req-a571f60e-5590-450b-b151-bc851927c597 admin admin] Publish callbacks ['neutron.plugins.ml2.plugin.SecurityGroupDbMixin._ensure_default_security_group_handler-3290309'] for network (None), before_create {{(pid=103488) _notify_loop /opt/stack/data/venv/lib/python3.12/site-packages/neutron_lib/callbacks/manager.py:184}}
Feb 16 18:51:35.081558 np0000155660 devstack@neutron-api.service[103488]: DEBUG neutron.plugins.ml2.drivers.type_flat [None req-a571f60e-5590-450b-b151-bc851927c597 admin admin] Reserving flat network on physical network public {{(pid=103488) reserve_provider_segment /opt/stack/neutron/neutron/plugins/ml2/drivers/type_flat.py:100}}
Feb 16 18:51:35.093278 np0000155660 devstack@neutron-api.service[103488]: DEBUG neutron_lib.callbacks.manager [None req-a571f60e-5590-450b-b151-bc851927c597 admin admin] Publish callbacks ['neutron.services.segments.db._add_segment_host_mapping_for_segment-8638048507424', 'neutron.plugins.ml2.plugin.Ml2Plugin._handle_segment_change-3113845'] for segment (f7bbd24c-7714-4b73-a70c-c2dac2d776b3), precommit_create {{(pid=103488) _notify_loop /opt/stack/data/venv/lib/python3.12/site-packages/neutron_lib/callbacks/manager.py:184}}
Feb 16 18:51:35.093468 np0000155660 devstack@neutron-api.service[103488]: DEBUG neutron_lib.callbacks.manager [None req-a571f60e-5590-450b-b151-bc851927c597 admin admin] Unsubscribe: segment precommit_create {{(pid=103488) unsubscribe /opt/stack/data/venv/lib/python3.12/site-packages/neutron_lib/callbacks/manager.py:90}}
Feb 16 18:51:35.093754 np0000155660 devstack@neutron-api.service[103488]: INFO neutron.db.segments_db [None req-a571f60e-5590-450b-b151-bc851927c597 admin admin] Added segment f7bbd24c-7714-4b73-a70c-c2dac2d776b3 of type flat for network d62803aa-eef5-4caa-bd8e-2c49a6766f68
Feb 16 18:51:35.117449 np0000155660 devstack@neutron-api.service[103488]: DEBUG neutron_lib.callbacks.manager [None req-a571f60e-5590-450b-b151-bc851927c597 admin admin] Publish callbacks ['neutron.services.auto_allocate.db._ensure_external_network_default_value_callback-8638046577758'] for network (d62803aa-eef5-4caa-bd8e-2c49a6766f68), precommit_create {{(pid=103488) _notify_loop /opt/stack/data/venv/lib/python3.12/site-packages/neutron_lib/callbacks/manager.py:184}}
Feb 16 18:51:35.134851 np0000155660 devstack@neutron-api.service[103488]: DEBUG neutron.plugins.ml2.drivers.ovn.mech_driver.mech_driver [None req-a571f60e-5590-450b-b151-bc851927c597 admin admin] Validating network segment with type flat, segmentation ID None, physical network public {{(pid=103488) _validate_network_segments /opt/stack/neutron/neutron/plugins/ml2/drivers/ovn/mech_driver/mech_driver.py:630}}
Feb 16 18:51:35.135009 np0000155660 devstack@neutron-api.service[103488]: DEBUG neutron.db.ovn_revision_numbers_db [None req-a571f60e-5590-450b-b151-bc851927c597 admin admin] create_initial_revision uuid=d62803aa-eef5-4caa-bd8e-2c49a6766f68, type=networks, rev=-1 {{(pid=103488) create_initial_revision /opt/stack/neutron/neutron/db/ovn_revision_numbers_db.py:98}}
Feb 16 18:51:35.149237 np0000155660 devstack@neutron-api.service[103488]: DEBUG neutron_lib.callbacks.manager [None req-a571f60e-5590-450b-b151-bc851927c597 admin admin] Publish callbacks ['neutron.plugins.ml2.ovo_rpc._ObjectChangeHandler.handle_event-8222270'] for network (d62803aa-eef5-4caa-bd8e-2c49a6766f68), after_create {{(pid=103488) _notify_loop /opt/stack/data/venv/lib/python3.12/site-packages/neutron_lib/callbacks/manager.py:184}}
Feb 16 18:51:35.157349 np0000155660 devstack@neutron-api.service[103486]: DEBUG futurist.periodics [-] Submitting periodic callback 'neutron.plugins.ml2.drivers.ovn.mech_driver.ovsdb.maintenance.HashRingHealthCheckPeriodics.touch_hash_ring_node' {{(pid=103486) _process_scheduled /opt/stack/data/venv/lib/python3.12/site-packages/futurist/periodics.py:638}}
Feb 16 18:51:35.158249 np0000155660 devstack@neutron-api.service[103486]: DEBUG neutron.plugins.ml2.drivers.ovn.mech_driver.ovsdb.maintenance [-] Touching Hash Ring node "c989d4413916517abc355f3ce00675ea" from periodic health check thread {{(pid=103486) touch_hash_ring_node /opt/stack/neutron/neutron/plugins/ml2/drivers/ovn/mech_driver/ovsdb/maintenance.py:1135}}
Feb 16 18:51:35.166961 np0000155660 devstack@neutron-api.service[103485]: DEBUG futurist.periodics [-] Submitting periodic callback 'neutron.plugins.ml2.drivers.ovn.mech_driver.ovsdb.maintenance.HashRingHealthCheckPeriodics.touch_hash_ring_node' {{(pid=103485) _process_scheduled /opt/stack/data/venv/lib/python3.12/site-packages/futurist/periodics.py:638}}
Feb 16 18:51:35.168372 np0000155660 devstack@neutron-api.service[103485]: DEBUG neutron.plugins.ml2.drivers.ovn.mech_driver.ovsdb.maintenance [-] Touching Hash Ring node "caeba1a6997658028fdde51e39ddb339" from periodic health check thread {{(pid=103485) touch_hash_ring_node /opt/stack/neutron/neutron/plugins/ml2/drivers/ovn/mech_driver/ovsdb/maintenance.py:1135}}
Feb 16 18:51:35.181305 np0000155660 devstack@neutron-api.service[103488]: DEBUG neutron.api.rpc.handlers.resources_rpc [None req-a571f60e-5590-450b-b151-bc851927c597 admin admin] Pushing event updated for resources: {'Network': ['ID=d62803aa-eef5-4caa-bd8e-2c49a6766f68,revision_number=1']} {{(pid=103488) push /opt/stack/neutron/neutron/api/rpc/handlers/resources_rpc.py:237}}
Feb 16 18:51:35.188120 np0000155660 devstack@neutron-api.service[103488]: DEBUG futurist.periodics [-] Submitting periodic callback 'neutron.plugins.ml2.drivers.ovn.mech_driver.ovsdb.maintenance.HashRingHealthCheckPeriodics.touch_hash_ring_node' {{(pid=103488) _process_scheduled /opt/stack/data/venv/lib/python3.12/site-packages/futurist/periodics.py:638}}
Feb 16 18:51:35.190855 np0000155660 devstack@neutron-api.service[103488]: DEBUG neutron.plugins.ml2.drivers.ovn.mech_driver.ovsdb.maintenance [-] Touching Hash Ring node "e9b992b007845a6798c77819d0cdb59c" from periodic health check thread {{(pid=103488) touch_hash_ring_node /opt/stack/neutron/neutron/plugins/ml2/drivers/ovn/mech_driver/ovsdb/maintenance.py:1135}}
Feb 16 18:51:35.193642 np0000155660 devstack@neutron-api.service[103488]: DEBUG ovsdbapp.backend.ovs_idl.transaction [-] Running txn n=1 command(idx=0): AddNetworkCommand(_result=None, network_uuid=d62803aa-eef5-4caa-bd8e-2c49a6766f68, may_exist=True, columns={'external_ids': {'neutron:network_name': 'public', 'neutron:mtu': '1430', 'neutron:revision_number': '1', 'neutron:availability_zone_hints': '', 'neutron:provnet-network-type': 'flat', 'neutron:provnet-physical-network': 'public'}, 'other_config': {'mcast_snoop': 'false', 'mcast_flood_unregistered': 'false', 'vlan-passthru': 'false', 'fdb_age_threshold': '0', 'broadcast-arps-to-all-routers': 'true'}}) {{(pid=103488) do_commit /opt/stack/data/venv/lib/python3.12/site-packages/ovsdbapp/backend/ovs_idl/transaction.py:89}}
Feb 16 18:51:35.193966 np0000155660 devstack@neutron-api.service[103488]: DEBUG neutron.common.ovn.utils [-] OVS persist_uuid supported=True {{(pid=103488) ovs_persist_uuid_supported /opt/stack/neutron/neutron/common/ovn/utils.py:1504}}
Feb 16 18:51:35.194948 np0000155660 devstack@neutron-api.service[103488]: DEBUG ovsdbapp.backend.ovs_idl.transaction [-] Running txn n=1 command(idx=1): AddLSwitchPortCommand(_result=None, lport=provnet-f7bbd24c-7714-4b73-a70c-c2dac2d776b3, lswitch=neutron-d62803aa-eef5-4caa-bd8e-2c49a6766f68, may_exist=True, network_uuid=d62803aa-eef5-4caa-bd8e-2c49a6766f68, columns={'addresses': ['unknown'], 'external_ids': {}, 'type': 'localnet', 'tag': None, 'options': {'network_name': 'public', 'mcast_flood_reports': 'true', 'mcast_flood': 'false', 'localnet_learn_fdb': 'false'}}) {{(pid=103488) do_commit /opt/stack/data/venv/lib/python3.12/site-packages/ovsdbapp/backend/ovs_idl/transaction.py:89}}
Feb 16 18:51:35.204261 np0000155660 devstack@neutron-api.service[103487]: DEBUG neutron.plugins.ml2.drivers.ovn.mech_driver.ovsdb.ovsdb_monitor [None req-8b4c13d0-a06f-48e5-a9c2-5d1f91ad956c None None] Touching Hash Ring node "96c67ae6a76c5963a91a7b5e49b9529b" from IDL notify handler {{(pid=103487) notify /opt/stack/neutron/neutron/plugins/ml2/drivers/ovn/mech_driver/ovsdb/ovsdb_monitor.py:912}}
Feb 16 18:51:35.205122 np0000155660 devstack@neutron-api.service[103485]: DEBUG neutron.plugins.ml2.drivers.ovn.mech_driver.ovsdb.ovsdb_monitor [None req-0d0087c4-1e60-47c1-8a70-f172b516b84f None None] Touching Hash Ring node "caeba1a6997658028fdde51e39ddb339" from IDL notify handler {{(pid=103485) notify /opt/stack/neutron/neutron/plugins/ml2/drivers/ovn/mech_driver/ovsdb/ovsdb_monitor.py:912}}
Feb 16 18:51:35.208083 np0000155660 devstack@neutron-api.service[103485]: DEBUG neutron.plugins.ml2.drivers.ovn.mech_driver.ovsdb.ovsdb_monitor [None req-0d0087c4-1e60-47c1-8a70-f172b516b84f None None] Hash Ring: Node caeba1a6997658028fdde51e39ddb339 (host: np0000155660) handling event "create" for row 6b49bbf8-1df4-4429-9129-e889eacc0e34 (table: Logical_Switch_Port) {{(pid=103485) notify /opt/stack/neutron/neutron/plugins/ml2/drivers/ovn/mech_driver/ovsdb/ovsdb_monitor.py:920}}
Feb 16 18:51:35.208622 np0000155660 devstack@neutron-api.service[103485]: DEBUG ovsdbapp.backend.ovs_idl.event [None req-0d0087c4-1e60-47c1-8a70-f172b516b84f None None] Matched CREATE: LogicalSwitchPortCreateEvent(events=('create',), table='Logical_Switch_Port', conditions=[], old_conditions=None), priority=20 to row=Logical_Switch_Port(name=provnet-f7bbd24c-7714-4b73-a70c-c2dac2d776b3, ha_chassis_group=[], options={'localnet_learn_fdb': 'false', 'mcast_flood': 'false', 'mcast_flood_reports': 'true', 'network_name': 'public'}, parent_name=[], enabled=[], type=localnet, dhcpv6_options=[], addresses=['unknown'], tag=[], up=[], external_ids={}, tag_request=[], port_security=[], dynamic_addresses=[], dhcpv4_options=[], mirror_rules=[]) old= {{(pid=103485) matches /opt/stack/data/venv/lib/python3.12/site-packages/ovsdbapp/backend/ovs_idl/event.py:55}}
Feb 16 18:51:35.209683 np0000155660 devstack@neutron-api.service[103485]: INFO neutron.plugins.ml2.drivers.ovn.mech_driver.mech_driver [None req-c4e5fc83-809b-436a-aa98-284dc1f3b889 None None] OVN reports status down for port: provnet-f7bbd24c-7714-4b73-a70c-c2dac2d776b3
Feb 16 18:51:35.210920 np0000155660 devstack@neutron-api.service[103487]: DEBUG neutron.plugins.ml2.drivers.ovn.mech_driver.ovsdb.ovsdb_monitor [None req-88c06fcf-6c38-4042-8167-d3de23e4d977 None None] Touching Hash Ring node "96c67ae6a76c5963a91a7b5e49b9529b" from IDL notify handler {{(pid=103487) notify /opt/stack/neutron/neutron/plugins/ml2/drivers/ovn/mech_driver/ovsdb/ovsdb_monitor.py:912}}
Feb 16 18:51:35.213473 np0000155660 devstack@neutron-api.service[103487]: DEBUG neutron.plugins.ml2.drivers.ovn.mech_driver.ovsdb.ovsdb_monitor [None req-8b4c13d0-a06f-48e5-a9c2-5d1f91ad956c None None] Hash Ring: Node 96c67ae6a76c5963a91a7b5e49b9529b (host: np0000155660) handling event "create" for row d62803aa-eef5-4caa-bd8e-2c49a6766f68 (table: Logical_Switch) {{(pid=103487) notify /opt/stack/neutron/neutron/plugins/ml2/drivers/ovn/mech_driver/ovsdb/ovsdb_monitor.py:920}}
Feb 16 18:51:35.213902 np0000155660 devstack@neutron-api.service[103485]: DEBUG neutron.plugins.ml2.drivers.ovn.mech_driver.ovsdb.ovsdb_monitor [None req-0d0087c4-1e60-47c1-8a70-f172b516b84f None None] Touching Hash Ring node "caeba1a6997658028fdde51e39ddb339" from IDL notify handler {{(pid=103485) notify /opt/stack/neutron/neutron/plugins/ml2/drivers/ovn/mech_driver/ovsdb/ovsdb_monitor.py:912}}
Feb 16 18:51:35.215756 np0000155660 devstack@neutron-api.service[103487]: DEBUG neutron.plugins.ml2.drivers.ovn.mech_driver.ovsdb.ovsdb_monitor [None req-8b4c13d0-a06f-48e5-a9c2-5d1f91ad956c None None] Touching Hash Ring node "96c67ae6a76c5963a91a7b5e49b9529b" from IDL notify handler {{(pid=103487) notify /opt/stack/neutron/neutron/plugins/ml2/drivers/ovn/mech_driver/ovsdb/ovsdb_monitor.py:912}}
Feb 16 18:51:35.217060 np0000155660 devstack@neutron-api.service[103485]: DEBUG neutron.plugins.ml2.drivers.ovn.mech_driver.ovsdb.ovsdb_monitor [None req-0d0087c4-1e60-47c1-8a70-f172b516b84f None None] Hash Ring: Node caeba1a6997658028fdde51e39ddb339 (host: np0000155660) handling event "update" for row 6b49bbf8-1df4-4429-9129-e889eacc0e34 (table: Logical_Switch_Port) {{(pid=103485) notify /opt/stack/neutron/neutron/plugins/ml2/drivers/ovn/mech_driver/ovsdb/ovsdb_monitor.py:920}}
Feb 16 18:51:35.217172 np0000155660 devstack@neutron-api.service[103487]: DEBUG neutron.plugins.ml2.drivers.ovn.mech_driver.ovsdb.ovsdb_monitor [None req-88c06fcf-6c38-4042-8167-d3de23e4d977 None None] Hash Ring: Node 96c67ae6a76c5963a91a7b5e49b9529b (host: np0000155660) handling event "create" for row 65c50986-e362-4f81-9052-e9ed0b7f1989 (table: Datapath_Binding) {{(pid=103487) notify /opt/stack/neutron/neutron/plugins/ml2/drivers/ovn/mech_driver/ovsdb/ovsdb_monitor.py:920}}
Feb 16 18:51:35.217895 np0000155660 devstack@neutron-api.service[103487]: DEBUG neutron.plugins.ml2.drivers.ovn.mech_driver.ovsdb.ovsdb_monitor [None req-88c06fcf-6c38-4042-8167-d3de23e4d977 None None] Touching Hash Ring node "96c67ae6a76c5963a91a7b5e49b9529b" from IDL notify handler {{(pid=103487) notify /opt/stack/neutron/neutron/plugins/ml2/drivers/ovn/mech_driver/ovsdb/ovsdb_monitor.py:912}}
Feb 16 18:51:35.218950 np0000155660 devstack@neutron-api.service[103488]: DEBUG neutron.plugins.ml2.drivers.ovn.mech_driver.ovsdb.ovsdb_monitor [None req-bf44f6ae-5088-435b-98c7-d5e72c05f657 None None] Touching Hash Ring node "e9b992b007845a6798c77819d0cdb59c" from IDL notify handler {{(pid=103488) notify /opt/stack/neutron/neutron/plugins/ml2/drivers/ovn/mech_driver/ovsdb/ovsdb_monitor.py:912}}
Feb 16 18:51:35.222620 np0000155660 devstack@neutron-api.service[103487]: DEBUG neutron.plugins.ml2.drivers.ovn.mech_driver.ovsdb.ovsdb_monitor [None req-8b4c13d0-a06f-48e5-a9c2-5d1f91ad956c None None] Hash Ring: Node 96c67ae6a76c5963a91a7b5e49b9529b (host: np0000155660) handling event "create" for row 6b49bbf8-1df4-4429-9129-e889eacc0e34 (table: Logical_Switch_Port) {{(pid=103487) notify /opt/stack/neutron/neutron/plugins/ml2/drivers/ovn/mech_driver/ovsdb/ovsdb_monitor.py:920}}
Feb 16 18:51:35.223633 np0000155660 devstack@neutron-api.service[103487]: DEBUG ovsdbapp.backend.ovs_idl.event [None req-8b4c13d0-a06f-48e5-a9c2-5d1f91ad956c None None] Matched CREATE: LogicalSwitchPortCreateEvent(events=('create',), table='Logical_Switch_Port', conditions=[], old_conditions=None), priority=20 to row=Logical_Switch_Port(name=provnet-f7bbd24c-7714-4b73-a70c-c2dac2d776b3, ha_chassis_group=[], options={'localnet_learn_fdb': 'false', 'mcast_flood': 'false', 'mcast_flood_reports': 'true', 'network_name': 'public'}, parent_name=[], enabled=[], type=localnet, dhcpv6_options=[], addresses=['unknown'], tag=[], up=[], external_ids={}, tag_request=[], port_security=[], dynamic_addresses=[], dhcpv4_options=[], mirror_rules=[]) old= {{(pid=103487) matches /opt/stack/data/venv/lib/python3.12/site-packages/ovsdbapp/backend/ovs_idl/event.py:55}}
Feb 16 18:51:35.224781 np0000155660 devstack@neutron-api.service[103487]: DEBUG neutron.plugins.ml2.drivers.ovn.mech_driver.ovsdb.ovsdb_monitor [None req-88c06fcf-6c38-4042-8167-d3de23e4d977 None None] Hash Ring: Node 96c67ae6a76c5963a91a7b5e49b9529b (host: np0000155660) handling event "create" for row 18f53361-9283-46dd-9f56-00ef21dd6dd5 (table: Port_Binding) {{(pid=103487) notify /opt/stack/neutron/neutron/plugins/ml2/drivers/ovn/mech_driver/ovsdb/ovsdb_monitor.py:920}}
Feb 16 18:51:35.226054 np0000155660 devstack@neutron-api.service[103487]: INFO neutron.plugins.ml2.drivers.ovn.mech_driver.mech_driver [None req-0eef026b-3358-4cf9-a3c8-155aab7a104f None None] OVN reports status down for port: provnet-f7bbd24c-7714-4b73-a70c-c2dac2d776b3
Feb 16 18:51:35.228180 np0000155660 devstack@neutron-api.service[103487]: DEBUG neutron.plugins.ml2.drivers.ovn.mech_driver.ovsdb.ovsdb_monitor [None req-8b4c13d0-a06f-48e5-a9c2-5d1f91ad956c None None] Touching Hash Ring node "96c67ae6a76c5963a91a7b5e49b9529b" from IDL notify handler {{(pid=103487) notify /opt/stack/neutron/neutron/plugins/ml2/drivers/ovn/mech_driver/ovsdb/ovsdb_monitor.py:912}}
Feb 16 18:51:35.232115 np0000155660 devstack@neutron-api.service[103487]: DEBUG neutron.plugins.ml2.drivers.ovn.mech_driver.ovsdb.ovsdb_monitor [None req-8b4c13d0-a06f-48e5-a9c2-5d1f91ad956c None None] Hash Ring: Node 96c67ae6a76c5963a91a7b5e49b9529b (host: np0000155660) handling event "update" for row 6b49bbf8-1df4-4429-9129-e889eacc0e34 (table: Logical_Switch_Port) {{(pid=103487) notify /opt/stack/neutron/neutron/plugins/ml2/drivers/ovn/mech_driver/ovsdb/ovsdb_monitor.py:920}}
Feb 16 18:51:35.242122 np0000155660 devstack@neutron-api.service[103488]: DEBUG neutron.plugins.ml2.drivers.ovn.mech_driver.ovsdb.ovsdb_monitor [None req-bf44f6ae-5088-435b-98c7-d5e72c05f657 None None] Hash Ring: Node e9b992b007845a6798c77819d0cdb59c (host: np0000155660) handling event "create" for row 65c50986-e362-4f81-9052-e9ed0b7f1989 (table: Datapath_Binding) {{(pid=103488) notify /opt/stack/neutron/neutron/plugins/ml2/drivers/ovn/mech_driver/ovsdb/ovsdb_monitor.py:920}}
Feb 16 18:51:35.251757 np0000155660 devstack@neutron-api.service[103488]: INFO neutron.db.ovn_revision_numbers_db [None req-a571f60e-5590-450b-b151-bc851927c597 admin admin] Successfully bumped revision number for resource d62803aa-eef5-4caa-bd8e-2c49a6766f68 (type: networks) to 1
