Feb 16 18:55:26.385432 np0000155660 devstack@neutron-api.service[103487]: DEBUG neutron.common.ovn.hash_ring_manager [None req-8b4c13d0-a06f-48e5-a9c2-5d1f91ad956c None None] Hash Ring loaded. 4 active nodes. 0 offline nodes {{(pid=103487) _load_hash_ring /opt/stack/neutron/neutron/common/ovn/hash_ring_manager.py:102}}
Feb 16 18:55:26.385607 np0000155660 devstack@neutron-api.service[103488]: DEBUG neutron.plugins.ml2.drivers.ovn.mech_driver.ovsdb.ovsdb_monitor [None req-d2f580c2-d60e-46e6-9994-463d34cfefc7 None None] Hash Ring: Node e9b992b007845a6798c77819d0cdb59c (host: np0000155660) handling event "update" for row 954edd39-07ba-401a-9239-9ca1231f5808 (table: Connection) {{(pid=103488) notify /opt/stack/neutron/neutron/plugins/ml2/drivers/ovn/mech_driver/ovsdb/ovsdb_monitor.py:920}}
Feb 16 18:55:34.379925 np0000155660 devstack@neutron-api.service[103487]: DEBUG futurist.periodics [-] Submitting periodic callback 'neutron.plugins.ml2.drivers.ovn.mech_driver.ovsdb.maintenance.HashRingHealthCheckPeriodics.touch_hash_ring_node' {{(pid=103487) _process_scheduled /opt/stack/data/venv/lib/python3.12/site-packages/futurist/periodics.py:638}}
Feb 16 18:55:34.400900 np0000155660 devstack@neutron-api.service[103487]: DEBUG neutron.plugins.ml2.drivers.ovn.mech_driver.ovsdb.maintenance [-] Touching Hash Ring node "96c67ae6a76c5963a91a7b5e49b9529b" from periodic health check thread {{(pid=103487) touch_hash_ring_node /opt/stack/neutron/neutron/plugins/ml2/drivers/ovn/mech_driver/ovsdb/maintenance.py:1135}}
Feb 16 18:55:35.179562 np0000155660 devstack@neutron-api.service[103486]: DEBUG futurist.periodics [-] Submitting periodic callback 'neutron.plugins.ml2.drivers.ovn.mech_driver.ovsdb.maintenance.HashRingHealthCheckPeriodics.touch_hash_ring_node' {{(pid=103486) _process_scheduled /opt/stack/data/venv/lib/python3.12/site-packages/futurist/periodics.py:638}}
Feb 16 18:55:35.180649 np0000155660 devstack@neutron-api.service[103486]: DEBUG neutron.plugins.ml2.drivers.ovn.mech_driver.ovsdb.maintenance [-] Touching Hash Ring node "c989d4413916517abc355f3ce00675ea" from periodic health check thread {{(pid=103486) touch_hash_ring_node /opt/stack/neutron/neutron/plugins/ml2/drivers/ovn/mech_driver/ovsdb/maintenance.py:1135}}
Feb 16 18:55:35.191075 np0000155660 devstack@neutron-api.service[103485]: DEBUG futurist.periodics [-] Submitting periodic callback 'neutron.plugins.ml2.drivers.ovn.mech_driver.ovsdb.maintenance.HashRingHealthCheckPeriodics.touch_hash_ring_node' {{(pid=103485) _process_scheduled /opt/stack/data/venv/lib/python3.12/site-packages/futurist/periodics.py:638}}
Feb 16 18:55:35.192029 np0000155660 devstack@neutron-api.service[103485]: DEBUG neutron.plugins.ml2.drivers.ovn.mech_driver.ovsdb.maintenance [-] Touching Hash Ring node "caeba1a6997658028fdde51e39ddb339" from periodic health check thread {{(pid=103485) touch_hash_ring_node /opt/stack/neutron/neutron/plugins/ml2/drivers/ovn/mech_driver/ovsdb/maintenance.py:1135}}
Feb 16 18:55:35.222984 np0000155660 devstack@neutron-api.service[103488]: DEBUG futurist.periodics [-] Submitting periodic callback 'neutron.plugins.ml2.drivers.ovn.mech_driver.ovsdb.maintenance.HashRingHealthCheckPeriodics.touch_hash_ring_node' {{(pid=103488) _process_scheduled /opt/stack/data/venv/lib/python3.12/site-packages/futurist/periodics.py:638}}
Feb 16 18:55:35.224147 np0000155660 devstack@neutron-api.service[103488]: DEBUG neutron.plugins.ml2.drivers.ovn.mech_driver.ovsdb.maintenance [-] Touching Hash Ring node "e9b992b007845a6798c77819d0cdb59c" from periodic health check thread {{(pid=103488) touch_hash_ring_node /opt/stack/neutron/neutron/plugins/ml2/drivers/ovn/mech_driver/ovsdb/maintenance.py:1135}}
Feb 16 18:55:35.979238 np0000155660 devstack@neutron-api.service[103486]: INFO neutron.pecan_wsgi.hooks.translation [None req-5963aadc-d028-4b86-b096-9ffd7c1c7c48 admin admin] GET failed (client error): The resource could not be found.
Feb 16 18:55:35.980055 np0000155660 devstack@neutron-api.service[103486]: [pid: 103486|app: 0|req: 23/91] 199.204.45.74 () {64 vars in 1326 bytes} [Mon Feb 16 18:55:35 2026] GET /networking/v2.0/networks/admin_net => generated 111 bytes in 13 msecs (HTTP/1.1 404) 4 headers in 164 bytes (1 switches on core 0)
Feb 16 18:55:36.012842 np0000155660 devstack@neutron-api.service[103488]: [pid: 103488|app: 0|req: 23/92] 199.204.45.74 () {64 vars in 1338 bytes} [Mon Feb 16 18:55:35 2026] GET /networking/v2.0/networks?name=admin_net => generated 15 bytes in 21 msecs (HTTP/1.1 200) 4 headers in 156 bytes (1 switches on core 0)
Feb 16 18:55:36.252906 np0000155660 devstack@neutron-api.service[103485]: DEBUG neutron.api.v2.base [None req-fe76a244-9897-4640-8427-9320af8244c5 admin admin] Request body: {'network': {'name': 'admin_net', 'admin_state_up': True, 'project_id': 'cf3544f4570244d3a42c4fd5456a02df'}} {{(pid=103485) prepare_request_body /opt/stack/neutron/neutron/api/v2/base.py:729}}
Feb 16 18:55:36.268318 np0000155660 devstack@neutron-api.service[103485]: DEBUG neutron.pecan_wsgi.hooks.quota_enforcement [None req-fe76a244-9897-4640-8427-9320af8244c5 admin admin] Made reservation on behalf of cf3544f4570244d3a42c4fd5456a02df for: {'network': 1} {{(pid=103485) before /opt/stack/neutron/neutron/pecan_wsgi/hooks/quota_enforcement.py:66}}
Feb 16 18:55:36.271706 np0000155660 devstack@neutron-api.service[103485]: DEBUG neutron_lib.callbacks.manager [None req-fe76a244-9897-4640-8427-9320af8244c5 admin admin] Publish callbacks ['neutron.plugins.ml2.plugin.SecurityGroupDbMixin._ensure_default_security_group_handler-180878'] for network (None), before_create {{(pid=103485) _notify_loop /opt/stack/data/venv/lib/python3.12/site-packages/neutron_lib/callbacks/manager.py:184}}
Feb 16 18:55:36.277192 np0000155660 devstack@neutron-api.service[103485]: DEBUG neutron_lib.callbacks.manager [None req-fe76a244-9897-4640-8427-9320af8244c5 admin admin] Publish callbacks [] for security_group (None), before_create {{(pid=103485) _notify_loop /opt/stack/data/venv/lib/python3.12/site-packages/neutron_lib/callbacks/manager.py:184}}
Feb 16 18:55:36.334647 np0000155660 devstack@neutron-api.service[103485]: DEBUG neutron_lib.callbacks.manager [None req-fe76a244-9897-4640-8427-9320af8244c5 admin admin] Publish callbacks ['neutron.plugins.ml2.drivers.ovn.mech_driver.mech_driver.OVNMechanismDriver._create_security_group_precommit-358416'] for security_group (6f3927e5-5d1f-4ae6-95d6-a3080ffc104a), precommit_create {{(pid=103485) _notify_loop /opt/stack/data/venv/lib/python3.12/site-packages/neutron_lib/callbacks/manager.py:184}}
Feb 16 18:55:36.334785 np0000155660 devstack@neutron-api.service[103485]: DEBUG neutron.db.ovn_revision_numbers_db [None req-fe76a244-9897-4640-8427-9320af8244c5 admin admin] create_initial_revision uuid=6f3927e5-5d1f-4ae6-95d6-a3080ffc104a, type=security_groups, rev=-1 {{(pid=103485) create_initial_revision /opt/stack/neutron/neutron/db/ovn_revision_numbers_db.py:98}}
Feb 16 18:55:36.335909 np0000155660 devstack@neutron-api.service[103485]: DEBUG neutron.db.ovn_revision_numbers_db [None req-fe76a244-9897-4640-8427-9320af8244c5 admin admin] create_initial_revision uuid=1a323805-3563-4e19-8d3f-da80bc3dedfb, type=security_group_rules, rev=-1 {{(pid=103485) create_initial_revision /opt/stack/neutron/neutron/db/ovn_revision_numbers_db.py:98}}
Feb 16 18:55:36.336827 np0000155660 devstack@neutron-api.service[103485]: DEBUG neutron.db.ovn_revision_numbers_db [None req-fe76a244-9897-4640-8427-9320af8244c5 admin admin] create_initial_revision uuid=1fa92ba6-8068-45ca-a2c6-7a9a62c1ec9e, type=security_group_rules, rev=-1 {{(pid=103485) create_initial_revision /opt/stack/neutron/neutron/db/ovn_revision_numbers_db.py:98}}
Feb 16 18:55:36.337804 np0000155660 devstack@neutron-api.service[103485]: DEBUG neutron.db.ovn_revision_numbers_db [None req-fe76a244-9897-4640-8427-9320af8244c5 admin admin] create_initial_revision uuid=b621ca19-34ba-4dae-8097-0a15512e78c3, type=security_group_rules, rev=-1 {{(pid=103485) create_initial_revision /opt/stack/neutron/neutron/db/ovn_revision_numbers_db.py:98}}
Feb 16 18:55:36.338705 np0000155660 devstack@neutron-api.service[103485]: DEBUG neutron.db.ovn_revision_numbers_db [None req-fe76a244-9897-4640-8427-9320af8244c5 admin admin] create_initial_revision uuid=ec2a61cd-5088-451b-b576-1f4a495fd663, type=security_group_rules, rev=-1 {{(pid=103485) create_initial_revision /opt/stack/neutron/neutron/db/ovn_revision_numbers_db.py:98}}
Feb 16 18:55:36.348434 np0000155660 devstack@neutron-api.service[103485]: DEBUG neutron_lib.callbacks.manager [None req-fe76a244-9897-4640-8427-9320af8244c5 admin admin] Publish callbacks ['neutron.plugins.ml2.drivers.ovn.mech_driver.mech_driver.OVNMechanismDriver._create_security_group-329698', 'neutron.plugins.ml2.ovo_rpc._ObjectChangeHandler.handle_event-8195312'] for security_group (6f3927e5-5d1f-4ae6-95d6-a3080ffc104a), after_create {{(pid=103485) _notify_loop /opt/stack/data/venv/lib/python3.12/site-packages/neutron_lib/callbacks/manager.py:184}}
Feb 16 18:55:36.349345 np0000155660 devstack@neutron-api.service[103485]: DEBUG ovsdbapp.backend.ovs_idl.transaction [None req-0d0087c4-1e60-47c1-8a70-f172b516b84f None None] Running txn n=1 command(idx=0): PgAddCommand(_result=None, name=pg_6f3927e5_5d1f_4ae6_95d6_a3080ffc104a, may_exist=False, columns={'acls': [], 'external_ids': {'neutron:security_group_id': '6f3927e5-5d1f-4ae6-95d6-a3080ffc104a'}}) {{(pid=103485) do_commit /opt/stack/data/venv/lib/python3.12/site-packages/ovsdbapp/backend/ovs_idl/transaction.py:89}}
Feb 16 18:55:36.349976 np0000155660 devstack@neutron-api.service[103485]: DEBUG ovsdbapp.backend.ovs_idl.transaction [None req-0d0087c4-1e60-47c1-8a70-f172b516b84f None None] Running txn n=1 command(idx=1): PgAclAddCommand(_result=None, entity=pg_6f3927e5_5d1f_4ae6_95d6_a3080ffc104a, direction=from-lport, priority=1002, match=inport == @pg_6f3927e5_5d1f_4ae6_95d6_a3080ffc104a && ip4, action=allow-related, log=False, may_exist=True, severity=[], name=[], meter=[], external_ids={'neutron:security_group_rule_id': '1a323805-3563-4e19-8d3f-da80bc3dedfb'}) {{(pid=103485) do_commit /opt/stack/data/venv/lib/python3.12/site-packages/ovsdbapp/backend/ovs_idl/transaction.py:89}}
Feb 16 18:55:36.350756 np0000155660 devstack@neutron-api.service[103485]: DEBUG ovsdbapp.backend.ovs_idl.transaction [None req-0d0087c4-1e60-47c1-8a70-f172b516b84f None None] Running txn n=1 command(idx=2): PgAclAddCommand(_result=None, entity=pg_6f3927e5_5d1f_4ae6_95d6_a3080ffc104a, direction=to-lport, priority=1002, match=outport == @pg_6f3927e5_5d1f_4ae6_95d6_a3080ffc104a && ip6 && ip6.src == $pg_6f3927e5_5d1f_4ae6_95d6_a3080ffc104a_ip6, action=allow-related, log=False, may_exist=True, severity=[], name=[], meter=[], external_ids={'neutron:security_group_rule_id': '1fa92ba6-8068-45ca-a2c6-7a9a62c1ec9e'}) {{(pid=103485) do_commit /opt/stack/data/venv/lib/python3.12/site-packages/ovsdbapp/backend/ovs_idl/transaction.py:89}}
Feb 16 18:55:36.351521 np0000155660 devstack@neutron-api.service[103485]: DEBUG ovsdbapp.backend.ovs_idl.transaction [None req-0d0087c4-1e60-47c1-8a70-f172b516b84f None None] Running txn n=1 command(idx=3): PgAclAddCommand(_result=None, entity=pg_6f3927e5_5d1f_4ae6_95d6_a3080ffc104a, direction=from-lport, priority=1002, match=inport == @pg_6f3927e5_5d1f_4ae6_95d6_a3080ffc104a && ip6, action=allow-related, log=False, may_exist=True, severity=[], name=[], meter=[], external_ids={'neutron:security_group_rule_id': 'b621ca19-34ba-4dae-8097-0a15512e78c3'}) {{(pid=103485) do_commit /opt/stack/data/venv/lib/python3.12/site-packages/ovsdbapp/backend/ovs_idl/transaction.py:89}}
Feb 16 18:55:36.352108 np0000155660 devstack@neutron-api.service[103485]: DEBUG ovsdbapp.backend.ovs_idl.transaction [None req-0d0087c4-1e60-47c1-8a70-f172b516b84f None None] Running txn n=1 command(idx=4): PgAclAddCommand(_result=None, entity=pg_6f3927e5_5d1f_4ae6_95d6_a3080ffc104a, direction=to-lport, priority=1002, match=outport == @pg_6f3927e5_5d1f_4ae6_95d6_a3080ffc104a && ip4 && ip4.src == $pg_6f3927e5_5d1f_4ae6_95d6_a3080ffc104a_ip4, action=allow-related, log=False, may_exist=True, severity=[], name=[], meter=[], external_ids={'neutron:security_group_rule_id': 'ec2a61cd-5088-451b-b576-1f4a495fd663'}) {{(pid=103485) do_commit /opt/stack/data/venv/lib/python3.12/site-packages/ovsdbapp/backend/ovs_idl/transaction.py:89}}
Feb 16 18:55:36.359738 np0000155660 devstack@neutron-api.service[103488]: DEBUG neutron.plugins.ml2.drivers.ovn.mech_driver.ovsdb.ovsdb_monitor [None req-d2f580c2-d60e-46e6-9994-463d34cfefc7 None None] Touching Hash Ring node "e9b992b007845a6798c77819d0cdb59c" from IDL notify handler {{(pid=103488) notify /opt/stack/neutron/neutron/plugins/ml2/drivers/ovn/mech_driver/ovsdb/ovsdb_monitor.py:912}}
Feb 16 18:55:36.360286 np0000155660 devstack@neutron-api.service[103486]: DEBUG neutron.plugins.ml2.drivers.ovn.mech_driver.ovsdb.ovsdb_monitor [None req-6918b897-acac-4468-81a7-c774fb1f8d1e None None] Touching Hash Ring node "c989d4413916517abc355f3ce00675ea" from IDL notify handler {{(pid=103486) notify /opt/stack/neutron/neutron/plugins/ml2/drivers/ovn/mech_driver/ovsdb/ovsdb_monitor.py:912}}
Feb 16 18:55:36.360760 np0000155660 devstack@neutron-api.service[103485]: DEBUG neutron.plugins.ml2.drivers.ovn.mech_driver.ovsdb.ovsdb_monitor [None req-0d0087c4-1e60-47c1-8a70-f172b516b84f None None] Touching Hash Ring node "caeba1a6997658028fdde51e39ddb339" from IDL notify handler {{(pid=103485) notify /opt/stack/neutron/neutron/plugins/ml2/drivers/ovn/mech_driver/ovsdb/ovsdb_monitor.py:912}}
Feb 16 18:55:36.360846 np0000155660 devstack@neutron-api.service[103487]: DEBUG neutron.plugins.ml2.drivers.ovn.mech_driver.ovsdb.ovsdb_monitor [None req-8b4c13d0-a06f-48e5-a9c2-5d1f91ad956c None None] Touching Hash Ring node "96c67ae6a76c5963a91a7b5e49b9529b" from IDL notify handler {{(pid=103487) notify /opt/stack/neutron/neutron/plugins/ml2/drivers/ovn/mech_driver/ovsdb/ovsdb_monitor.py:912}}
Feb 16 18:55:36.371780 np0000155660 devstack@neutron-api.service[103488]: DEBUG neutron.plugins.ml2.drivers.ovn.mech_driver.ovsdb.ovsdb_monitor [None req-d2f580c2-d60e-46e6-9994-463d34cfefc7 None None] Hash Ring: Node e9b992b007845a6798c77819d0cdb59c (host: np0000155660) handling event "create" for row 40aa900f-d9ee-4c39-9229-467ce915d9c3 (table: ACL) {{(pid=103488) notify /opt/stack/neutron/neutron/plugins/ml2/drivers/ovn/mech_driver/ovsdb/ovsdb_monitor.py:920}}
Feb 16 18:55:36.375521 np0000155660 devstack@neutron-api.service[103485]: DEBUG neutron.plugins.ml2.drivers.ovn.mech_driver.ovsdb.ovsdb_monitor [None req-0d0087c4-1e60-47c1-8a70-f172b516b84f None None] Hash Ring: Node caeba1a6997658028fdde51e39ddb339 (host: np0000155660) handling event "create" for row 5e6efb52-bfb1-480b-84f2-d0a78185ed2b (table: ACL) {{(pid=103485) notify /opt/stack/neutron/neutron/plugins/ml2/drivers/ovn/mech_driver/ovsdb/ovsdb_monitor.py:920}}
Feb 16 18:55:36.375770 np0000155660 devstack@neutron-api.service[103487]: DEBUG neutron.plugins.ml2.drivers.ovn.mech_driver.ovsdb.ovsdb_monitor [None req-8b4c13d0-a06f-48e5-a9c2-5d1f91ad956c None None] Hash Ring: Node 96c67ae6a76c5963a91a7b5e49b9529b (host: np0000155660) handling event "create" for row 65ffece2-4be0-4a45-a992-b9a9358ea027 (table: ACL) {{(pid=103487) notify /opt/stack/neutron/neutron/plugins/ml2/drivers/ovn/mech_driver/ovsdb/ovsdb_monitor.py:920}}
Feb 16 18:55:36.375833 np0000155660 devstack@neutron-api.service[103486]: DEBUG neutron.plugins.ml2.drivers.ovn.mech_driver.ovsdb.ovsdb_monitor [None req-6918b897-acac-4468-81a7-c774fb1f8d1e None None] Hash Ring: Node c989d4413916517abc355f3ce00675ea (host: np0000155660) handling event "create" for row 25b6a646-cf05-4406-8a91-c55fa144a32a (table: ACL) {{(pid=103486) notify /opt/stack/neutron/neutron/plugins/ml2/drivers/ovn/mech_driver/ovsdb/ovsdb_monitor.py:920}}
Feb 16 18:55:36.377509 np0000155660 devstack@neutron-api.service[103486]: DEBUG neutron.plugins.ml2.drivers.ovn.mech_driver.ovsdb.ovsdb_monitor [None req-6918b897-acac-4468-81a7-c774fb1f8d1e None None] Touching Hash Ring node "c989d4413916517abc355f3ce00675ea" from IDL notify handler {{(pid=103486) notify /opt/stack/neutron/neutron/plugins/ml2/drivers/ovn/mech_driver/ovsdb/ovsdb_monitor.py:912}}
Feb 16 18:55:36.381666 np0000155660 devstack@neutron-api.service[103486]: DEBUG neutron.plugins.ml2.drivers.ovn.mech_driver.ovsdb.ovsdb_monitor [None req-6918b897-acac-4468-81a7-c774fb1f8d1e None None] Hash Ring: Node c989d4413916517abc355f3ce00675ea (host: np0000155660) handling event "create" for row 17dd1f67-e6b7-4b7b-abea-0604a17208fe (table: Port_Group) {{(pid=103486) notify /opt/stack/neutron/neutron/plugins/ml2/drivers/ovn/mech_driver/ovsdb/ovsdb_monitor.py:920}}
Feb 16 18:55:36.396509 np0000155660 devstack@neutron-api.service[103485]: INFO neutron.db.ovn_revision_numbers_db [None req-fe76a244-9897-4640-8427-9320af8244c5 admin admin] Successfully bumped revision number for resource 6f3927e5-5d1f-4ae6-95d6-a3080ffc104a (type: security_groups) to 1
Feb 16 18:55:36.411949 np0000155660 devstack@neutron-api.service[103485]: INFO neutron.db.ovn_revision_numbers_db [None req-fe76a244-9897-4640-8427-9320af8244c5 admin admin] Successfully bumped revision number for resource 1a323805-3563-4e19-8d3f-da80bc3dedfb (type: security_group_rules) to 0
Feb 16 18:55:36.429608 np0000155660 devstack@neutron-api.service[103485]: INFO neutron.db.ovn_revision_numbers_db [None req-fe76a244-9897-4640-8427-9320af8244c5 admin admin] Successfully bumped revision number for resource 1fa92ba6-8068-45ca-a2c6-7a9a62c1ec9e (type: security_group_rules) to 0
Feb 16 18:55:36.444490 np0000155660 devstack@neutron-api.service[103485]: INFO neutron.db.ovn_revision_numbers_db [None req-fe76a244-9897-4640-8427-9320af8244c5 admin admin] Successfully bumped revision number for resource b621ca19-34ba-4dae-8097-0a15512e78c3 (type: security_group_rules) to 0
Feb 16 18:55:36.457970 np0000155660 devstack@neutron-api.service[103485]: INFO neutron.db.ovn_revision_numbers_db [None req-fe76a244-9897-4640-8427-9320af8244c5 admin admin] Successfully bumped revision number for resource ec2a61cd-5088-451b-b576-1f4a495fd663 (type: security_group_rules) to 0
Feb 16 18:55:36.485135 np0000155660 devstack@neutron-api.service[103485]: DEBUG neutron.api.rpc.handlers.resources_rpc [None req-fe76a244-9897-4640-8427-9320af8244c5 admin admin] Pushing event updated for resources: {'SecurityGroup': ['ID=6f3927e5-5d1f-4ae6-95d6-a3080ffc104a,revision_number=1']} {{(pid=103485) push /opt/stack/neutron/neutron/api/rpc/handlers/resources_rpc.py:237}}
Feb 16 18:55:36.491206 np0000155660 devstack@neutron-api.service[103485]: DEBUG ovsdbapp.backend.ovs_idl.transaction [None req-0d0087c4-1e60-47c1-8a70-f172b516b84f None None] Running txn n=1 command(idx=0): CheckLivenessCommand(_result=None) {{(pid=103485) do_commit /opt/stack/data/venv/lib/python3.12/site-packages/ovsdbapp/backend/ovs_idl/transaction.py:89}}
Feb 16 18:55:36.497351 np0000155660 devstack@neutron-api.service[103488]: DEBUG neutron.plugins.ml2.drivers.ovn.mech_driver.ovsdb.ovsdb_monitor [None req-d2f580c2-d60e-46e6-9994-463d34cfefc7 None None] Touching Hash Ring node "e9b992b007845a6798c77819d0cdb59c" from IDL notify handler {{(pid=103488) notify /opt/stack/neutron/neutron/plugins/ml2/drivers/ovn/mech_driver/ovsdb/ovsdb_monitor.py:912}}
Feb 16 18:55:36.497651 np0000155660 devstack@neutron-api.service[103487]: DEBUG neutron.plugins.ml2.drivers.ovn.mech_driver.ovsdb.ovsdb_monitor [None req-88c06fcf-6c38-4042-8167-d3de23e4d977 None None] ChassisAgentWriteEvent : Matched Chassis_Private, update, None None {{(pid=103487) matches /opt/stack/neutron/neutron/plugins/ml2/drivers/ovn/mech_driver/ovsdb/ovsdb_monitor.py:65}}
Feb 16 18:55:36.498335 np0000155660 devstack@neutron-api.service[103486]: DEBUG neutron.plugins.ml2.drivers.ovn.mech_driver.ovsdb.ovsdb_monitor [-] ChassisAgentWriteEvent : Matched Chassis_Private, update, None None {{(pid=103486) matches /opt/stack/neutron/neutron/plugins/ml2/drivers/ovn/mech_driver/ovsdb/ovsdb_monitor.py:65}}
Feb 16 18:55:36.499274 np0000155660 devstack@neutron-api.service[103485]: DEBUG neutron.api.rpc.callbacks.version_manager [None req-fe76a244-9897-4640-8427-9320af8244c5 admin admin] Tracked resource versions report:
Feb 16 18:55:36.499274 np0000155660 devstack@neutron-api.service[103485]: pushed versions:
Feb 16 18:55:36.499274 np0000155660 devstack@neutron-api.service[103485]: { 'AddressGroup': {'1.2'},
Feb 16 18:55:36.499274 np0000155660 devstack@neutron-api.service[103485]: 'Agent': {'1.1'},
Feb 16 18:55:36.499274 np0000155660 devstack@neutron-api.service[103485]: 'ConntrackHelper': {'1.0'},
Feb 16 18:55:36.499274 np0000155660 devstack@neutron-api.service[103485]: 'LocalIPAssociation': {'1.0'},
Feb 16 18:55:36.499274 np0000155660 devstack@neutron-api.service[103485]: 'Log': {'1.0'},
Feb 16 18:55:36.499274 np0000155660 devstack@neutron-api.service[103485]: 'NDPProxy': {'1.0'},
Feb 16 18:55:36.499274 np0000155660 devstack@neutron-api.service[103485]: 'Network': {'1.2'},
Feb 16 18:55:36.499274 np0000155660 devstack@neutron-api.service[103485]: 'Port': {'1.10'},
Feb 16 18:55:36.499274 np0000155660 devstack@neutron-api.service[103485]: 'PortForwarding': {'1.3'},
Feb 16 18:55:36.499274 np0000155660 devstack@neutron-api.service[103485]: 'QosPolicy': {'1.10'},
Feb 16 18:55:36.499274 np0000155660 devstack@neutron-api.service[103485]: 'SecurityGroup': {'1.6'},
Feb 16 18:55:36.499274 np0000155660 devstack@neutron-api.service[103485]: 'SecurityGroupRule': {'1.3'},
Feb 16 18:55:36.499274 np0000155660 devstack@neutron-api.service[103485]: 'SubPort': {'1.0'},
Feb 16 18:55:36.499274 np0000155660 devstack@neutron-api.service[103485]: 'Subnet': {'1.2'},
Feb 16 18:55:36.499274 np0000155660 devstack@neutron-api.service[103485]: 'Trunk': {'1.1'}}
Feb 16 18:55:36.499274 np0000155660 devstack@neutron-api.service[103485]: consumer versions:
Feb 16 18:55:36.499274 np0000155660 devstack@neutron-api.service[103485]: { OVN Controller Gateway agent@np0000155660: {},
Feb 16 18:55:36.499274 np0000155660 devstack@neutron-api.service[103485]: OVN Neutron agent@np0000155660: {}}
Feb 16 18:55:36.499274 np0000155660 devstack@neutron-api.service[103485]: {{(pid=103485) report /opt/stack/neutron/neutron/api/rpc/callbacks/version_manager.py:183}}
Feb 16 18:55:36.500103 np0000155660 devstack@neutron-api.service[103488]: DEBUG neutron.plugins.ml2.drivers.ovn.mech_driver.ovsdb.ovsdb_monitor [None req-bf44f6ae-5088-435b-98c7-d5e72c05f657 None None] ChassisAgentWriteEvent : Matched Chassis_Private, update, None None {{(pid=103488) matches /opt/stack/neutron/neutron/plugins/ml2/drivers/ovn/mech_driver/ovsdb/ovsdb_monitor.py:65}}
Feb 16 18:55:36.506329 np0000155660 devstack@neutron-api.service[103488]: DEBUG neutron.plugins.ml2.drivers.ovn.mech_driver.ovsdb.ovsdb_monitor [None req-d2f580c2-d60e-46e6-9994-463d34cfefc7 None None] Hash Ring: Node e9b992b007845a6798c77819d0cdb59c (host: np0000155660) handling event "update" for row b7f1392e-fe5d-4f8d-8587-ca304f603156 (table: NB_Global) {{(pid=103488) notify /opt/stack/neutron/neutron/plugins/ml2/drivers/ovn/mech_driver/ovsdb/ovsdb_monitor.py:920}}
Feb 16 18:55:36.508003 np0000155660 devstack@neutron-api.service[103487]: DEBUG neutron.common.ovn.hash_ring_manager [None req-88c06fcf-6c38-4042-8167-d3de23e4d977 None None] Hash Ring loaded. 4 active nodes. 0 offline nodes {{(pid=103487) _load_hash_ring /opt/stack/neutron/neutron/common/ovn/hash_ring_manager.py:102}}
Feb 16 18:55:36.508396 np0000155660 devstack@neutron-api.service[103485]: DEBUG neutron.plugins.ml2.drivers.ovn.mech_driver.ovsdb.ovsdb_monitor [None req-13ce25d5-4869-4076-a61b-96f33a3b5779 None None] ChassisAgentWriteEvent : Matched Chassis_Private, update, None None {{(pid=103485) matches /opt/stack/neutron/neutron/plugins/ml2/drivers/ovn/mech_driver/ovsdb/ovsdb_monitor.py:65}}
Feb 16 18:55:36.508744 np0000155660 devstack@neutron-api.service[103486]: DEBUG neutron.common.ovn.hash_ring_manager [-] Hash Ring loaded. 4 active nodes. 0 offline nodes {{(pid=103486) _load_hash_ring /opt/stack/neutron/neutron/common/ovn/hash_ring_manager.py:102}}
Feb 16 18:55:36.510359 np0000155660 devstack@neutron-api.service[103488]: DEBUG neutron.plugins.ml2.drivers.ovn.mech_driver.ovsdb.ovsdb_monitor [None req-d2f580c2-d60e-46e6-9994-463d34cfefc7 None None] Touching Hash Ring node "e9b992b007845a6798c77819d0cdb59c" from IDL notify handler {{(pid=103488) notify /opt/stack/neutron/neutron/plugins/ml2/drivers/ovn/mech_driver/ovsdb/ovsdb_monitor.py:912}}
Feb 16 18:55:36.512329 np0000155660 devstack@neutron-api.service[103488]: DEBUG neutron.common.ovn.hash_ring_manager [None req-bf44f6ae-5088-435b-98c7-d5e72c05f657 None None] Hash Ring loaded. 4 active nodes. 0 offline nodes {{(pid=103488) _load_hash_ring /opt/stack/neutron/neutron/common/ovn/hash_ring_manager.py:102}}
Feb 16 18:55:36.518216 np0000155660 devstack@neutron-api.service[103488]: DEBUG neutron.plugins.ml2.drivers.ovn.mech_driver.ovsdb.ovsdb_monitor [None req-d2f580c2-d60e-46e6-9994-463d34cfefc7 None None] Hash Ring: Node e9b992b007845a6798c77819d0cdb59c (host: np0000155660) handling event "update" for row b7f1392e-fe5d-4f8d-8587-ca304f603156 (table: NB_Global) {{(pid=103488) notify /opt/stack/neutron/neutron/plugins/ml2/drivers/ovn/mech_driver/ovsdb/ovsdb_monitor.py:920}}
Feb 16 18:55:36.519589 np0000155660 devstack@neutron-api.service[103488]: DEBUG neutron.plugins.ml2.drivers.ovn.mech_driver.ovsdb.ovsdb_monitor [None req-d2f580c2-d60e-46e6-9994-463d34cfefc7 None None] Touching Hash Ring node "e9b992b007845a6798c77819d0cdb59c" from IDL notify handler {{(pid=103488) notify /opt/stack/neutron/neutron/plugins/ml2/drivers/ovn/mech_driver/ovsdb/ovsdb_monitor.py:912}}
Feb 16 18:55:36.521944 np0000155660 devstack@neutron-api.service[103488]: DEBUG neutron.plugins.ml2.drivers.ovn.mech_driver.ovsdb.ovsdb_monitor [None req-d2f580c2-d60e-46e6-9994-463d34cfefc7 None None] Hash Ring: Node e9b992b007845a6798c77819d0cdb59c (host: np0000155660) handling event "update" for row b7f1392e-fe5d-4f8d-8587-ca304f603156 (table: NB_Global) {{(pid=103488) notify /opt/stack/neutron/neutron/plugins/ml2/drivers/ovn/mech_driver/ovsdb/ovsdb_monitor.py:920}}
Feb 16 18:55:36.523267 np0000155660 devstack@neutron-api.service[103488]: DEBUG neutron.plugins.ml2.drivers.ovn.mech_driver.ovsdb.ovsdb_monitor [None req-d2f580c2-d60e-46e6-9994-463d34cfefc7 None None] Touching Hash Ring node "e9b992b007845a6798c77819d0cdb59c" from IDL notify handler {{(pid=103488) notify /opt/stack/neutron/neutron/plugins/ml2/drivers/ovn/mech_driver/ovsdb/ovsdb_monitor.py:912}}
Feb 16 18:55:36.524067 np0000155660 devstack@neutron-api.service[103485]: DEBUG neutron.common.ovn.hash_ring_manager [None req-13ce25d5-4869-4076-a61b-96f33a3b5779 None None] Hash Ring loaded. 4 active nodes. 0 offline nodes {{(pid=103485) _load_hash_ring /opt/stack/neutron/neutron/common/ovn/hash_ring_manager.py:102}}
Feb 16 18:55:36.524299 np0000155660 devstack@neutron-api.service[103485]: DEBUG neutron.plugins.ml2.drivers.ovn.mech_driver.ovsdb.ovsdb_monitor [None req-13ce25d5-4869-4076-a61b-96f33a3b5779 None None] Hash Ring: Node caeba1a6997658028fdde51e39ddb339 (host: np0000155660) handling event "update" for row ff07f091-1c79-4678-98a7-4d89746f91ef (table: Chassis_Private) {{(pid=103485) notify /opt/stack/neutron/neutron/plugins/ml2/drivers/ovn/mech_driver/ovsdb/ovsdb_monitor.py:920}}
Feb 16 18:55:36.525743 np0000155660 devstack@neutron-api.service[103488]: DEBUG neutron.plugins.ml2.drivers.ovn.mech_driver.ovsdb.ovsdb_monitor [None req-d2f580c2-d60e-46e6-9994-463d34cfefc7 None None] Hash Ring: Node e9b992b007845a6798c77819d0cdb59c (host: np0000155660) handling event "update" for row b7f1392e-fe5d-4f8d-8587-ca304f603156 (table: NB_Global) {{(pid=103488) notify /opt/stack/neutron/neutron/plugins/ml2/drivers/ovn/mech_driver/ovsdb/ovsdb_monitor.py:920}}
Feb 16 18:55:36.553328 np0000155660 devstack@neutron-api.service[103485]: DEBUG neutron.plugins.ml2.drivers.helpers [None req-fe76a244-9897-4640-8427-9320af8244c5 admin admin] geneve segment allocate from pool success with {'geneve_vni': 34021} {{(pid=103485) allocate_partially_specified_segment /opt/stack/neutron/neutron/plugins/ml2/drivers/helpers.py:142}}
Feb 16 18:55:36.562562 np0000155660 devstack@neutron-api.service[103485]: DEBUG neutron_lib.callbacks.manager [None req-fe76a244-9897-4640-8427-9320af8244c5 admin admin] Publish callbacks ['neutron.services.segments.db._add_segment_host_mapping_for_segment-8638048478892', 'neutron.plugins.ml2.plugin.Ml2Plugin._handle_segment_change-1999034'] for segment (5034a07d-6e25-4151-87fc-895fea34b2c7), precommit_create {{(pid=103485) _notify_loop /opt/stack/data/venv/lib/python3.12/site-packages/neutron_lib/callbacks/manager.py:184}}
Feb 16 18:55:36.562695 np0000155660 devstack@neutron-api.service[103485]: INFO neutron.db.segments_db [None req-fe76a244-9897-4640-8427-9320af8244c5 admin admin] Added segment 5034a07d-6e25-4151-87fc-895fea34b2c7 of type geneve for network 7804596f-e954-489d-aa54-460b3061a028
Feb 16 18:55:36.577511 np0000155660 devstack@neutron-api.service[103485]: DEBUG neutron_lib.callbacks.manager [None req-fe76a244-9897-4640-8427-9320af8244c5 admin admin] Publish callbacks ['neutron.services.auto_allocate.db._ensure_external_network_default_value_callback-8638046578048'] for network (7804596f-e954-489d-aa54-460b3061a028), precommit_create {{(pid=103485) _notify_loop /opt/stack/data/venv/lib/python3.12/site-packages/neutron_lib/callbacks/manager.py:184}}
Feb 16 18:55:36.590406 np0000155660 devstack@neutron-api.service[103485]: DEBUG neutron.plugins.ml2.drivers.ovn.mech_driver.mech_driver [None req-fe76a244-9897-4640-8427-9320af8244c5 admin admin] Validating network segment with type geneve, segmentation ID 34021, physical network None {{(pid=103485) _validate_network_segments /opt/stack/neutron/neutron/plugins/ml2/drivers/ovn/mech_driver/mech_driver.py:630}}
Feb 16 18:55:36.590612 np0000155660 devstack@neutron-api.service[103485]: DEBUG neutron.db.ovn_revision_numbers_db [None req-fe76a244-9897-4640-8427-9320af8244c5 admin admin] create_initial_revision uuid=7804596f-e954-489d-aa54-460b3061a028, type=networks, rev=-1 {{(pid=103485) create_initial_revision /opt/stack/neutron/neutron/db/ovn_revision_numbers_db.py:98}}
Feb 16 18:55:36.600474 np0000155660 devstack@neutron-api.service[103485]: DEBUG neutron_lib.callbacks.manager [None req-fe76a244-9897-4640-8427-9320af8244c5 admin admin] Publish callbacks ['neutron.plugins.ml2.ovo_rpc._ObjectChangeHandler.handle_event-8195343'] for network (7804596f-e954-489d-aa54-460b3061a028), after_create {{(pid=103485) _notify_loop /opt/stack/data/venv/lib/python3.12/site-packages/neutron_lib/callbacks/manager.py:184}}
Feb 16 18:55:36.618415 np0000155660 devstack@neutron-api.service[103485]: DEBUG neutron.api.rpc.handlers.resources_rpc [None req-fe76a244-9897-4640-8427-9320af8244c5 admin admin] Pushing event updated for resources: {'Network': ['ID=7804596f-e954-489d-aa54-460b3061a028,revision_number=1']} {{(pid=103485) push /opt/stack/neutron/neutron/api/rpc/handlers/resources_rpc.py:237}}
Feb 16 18:55:36.626542 np0000155660 devstack@neutron-api.service[103485]: DEBUG ovsdbapp.backend.ovs_idl.transaction [None req-0d0087c4-1e60-47c1-8a70-f172b516b84f None None] Running txn n=1 command(idx=0): AddNetworkCommand(_result=None, network_uuid=7804596f-e954-489d-aa54-460b3061a028, may_exist=True, columns={'external_ids': {'neutron:network_name': 'admin_net', 'neutron:mtu': '1372', 'neutron:revision_number': '1', 'neutron:availability_zone_hints': '', 'neutron:provnet-network-type': 'geneve'}, 'other_config': {'mcast_snoop': 'false', 'mcast_flood_unregistered': 'false', 'vlan-passthru': 'false'}}) {{(pid=103485) do_commit /opt/stack/data/venv/lib/python3.12/site-packages/ovsdbapp/backend/ovs_idl/transaction.py:89}}
Feb 16 18:55:36.678334 np0000155660 devstack@neutron-api.service[103488]: DEBUG neutron.plugins.ml2.drivers.ovn.mech_driver.ovsdb.ovsdb_monitor [None req-d2f580c2-d60e-46e6-9994-463d34cfefc7 None None] Touching Hash Ring node "e9b992b007845a6798c77819d0cdb59c" from IDL notify handler {{(pid=103488) notify /opt/stack/neutron/neutron/plugins/ml2/drivers/ovn/mech_driver/ovsdb/ovsdb_monitor.py:912}}
Feb 16 18:55:36.682751 np0000155660 devstack@neutron-api.service[103488]: DEBUG neutron.plugins.ml2.drivers.ovn.mech_driver.ovsdb.ovsdb_monitor [None req-bf44f6ae-5088-435b-98c7-d5e72c05f657 None None] Hash Ring: Node e9b992b007845a6798c77819d0cdb59c (host: np0000155660) handling event "create" for row 06d27a19-beca-4064-9cb0-fa54788e266d (table: Datapath_Binding) {{(pid=103488) notify /opt/stack/neutron/neutron/plugins/ml2/drivers/ovn/mech_driver/ovsdb/ovsdb_monitor.py:920}}
Feb 16 18:55:36.684262 np0000155660 devstack@neutron-api.service[103488]: DEBUG neutron.plugins.ml2.drivers.ovn.mech_driver.ovsdb.ovsdb_monitor [None req-d2f580c2-d60e-46e6-9994-463d34cfefc7 None None] Hash Ring: Node e9b992b007845a6798c77819d0cdb59c (host: np0000155660) handling event "create" for row 7804596f-e954-489d-aa54-460b3061a028 (table: Logical_Switch) {{(pid=103488) notify /opt/stack/neutron/neutron/plugins/ml2/drivers/ovn/mech_driver/ovsdb/ovsdb_monitor.py:920}}
Feb 16 18:55:36.704058 np0000155660 devstack@neutron-api.service[103485]: INFO neutron.db.ovn_revision_numbers_db [None req-fe76a244-9897-4640-8427-9320af8244c5 admin admin] Successfully bumped revision number for resource 7804596f-e954-489d-aa54-460b3061a028 (type: networks) to 1
Feb 16 18:55:36.719851 np0000155660 devstack@neutron-api.service[103485]: DEBUG neutron_lib.callbacks.manager [None req-fe76a244-9897-4640-8427-9320af8244c5 admin admin] Publish callbacks ['neutron.plugins.ml2.plugin.SecurityGroupDbMixin._ensure_default_security_group_handler-180878'] for port (None), before_create {{(pid=103485) _notify_loop /opt/stack/data/venv/lib/python3.12/site-packages/neutron_lib/callbacks/manager.py:184}}
Feb 16 18:55:36.783022 np0000155660 devstack@neutron-api.service[103485]: DEBUG neutron_lib.callbacks.manager [None req-fe76a244-9897-4640-8427-9320af8244c5 admin admin] Publish callbacks ['neutron.plugins.ml2.drivers.ovn.mech_driver.mech_driver.OVNMechanismDriver._validate_allowed_address_pairs-329620'] for allowed_address_pair (4f49af09-df92-4a77-a55c-c85b85b70a5f), before_create {{(pid=103485) _notify_loop /opt/stack/data/venv/lib/python3.12/site-packages/neutron_lib/callbacks/manager.py:184}}
Feb 16 18:55:36.784887 np0000155660 devstack@neutron-api.service[103485]: DEBUG neutron_lib.callbacks.manager [None req-fe76a244-9897-4640-8427-9320af8244c5 admin admin] Publish callbacks [] for port (4f49af09-df92-4a77-a55c-c85b85b70a5f), precommit_create {{(pid=103485) _notify_loop /opt/stack/data/venv/lib/python3.12/site-packages/neutron_lib/callbacks/manager.py:184}}
Feb 16 18:55:36.785316 np0000155660 devstack@neutron-api.service[103485]: DEBUG neutron.plugins.ml2.drivers.ovn.mech_driver.mech_driver [None req-fe76a244-9897-4640-8427-9320af8244c5 admin admin] No provisioning block for port 4f49af09-df92-4a77-a55c-c85b85b70a5f since it does not have a host {{(pid=103485) _is_port_provisioning_required /opt/stack/neutron/neutron/plugins/ml2/drivers/ovn/mech_driver/mech_driver.py:883}}
Feb 16 18:55:36.785585 np0000155660 devstack@neutron-api.service[103485]: DEBUG neutron.db.ovn_revision_numbers_db [None req-fe76a244-9897-4640-8427-9320af8244c5 admin admin] create_initial_revision uuid=4f49af09-df92-4a77-a55c-c85b85b70a5f, type=ports, rev=-1 {{(pid=103485) create_initial_revision /opt/stack/neutron/neutron/db/ovn_revision_numbers_db.py:98}}
Feb 16 18:55:36.823872 np0000155660 devstack@neutron-api.service[103485]: DEBUG neutron_lib.callbacks.manager [None req-fe76a244-9897-4640-8427-9320af8244c5 admin admin] Publish callbacks ['neutron.plugins.ml2.ovo_rpc._ObjectChangeHandler.handle_event-8195352'] for port (4f49af09-df92-4a77-a55c-c85b85b70a5f), after_create {{(pid=103485) _notify_loop /opt/stack/data/venv/lib/python3.12/site-packages/neutron_lib/callbacks/manager.py:184}}
Feb 16 18:55:37.084788 np0000155660 devstack@neutron-api.service[103485]: DEBUG neutron.api.rpc.handlers.resources_rpc [None req-fe76a244-9897-4640-8427-9320af8244c5 admin admin] Pushing event updated for resources: {'Port': ['ID=4f49af09-df92-4a77-a55c-c85b85b70a5f,revision_number=1']} {{(pid=103485) push /opt/stack/neutron/neutron/api/rpc/handlers/resources_rpc.py:237}}
Feb 16 18:55:37.091203 np0000155660 devstack@neutron-api.service[103485]: DEBUG ovsdbapp.backend.ovs_idl.transaction [None req-0d0087c4-1e60-47c1-8a70-f172b516b84f None None] Running txn n=1 command(idx=0): AddLSwitchPortCommand(_result=None, lport=4f49af09-df92-4a77-a55c-c85b85b70a5f, lswitch=neutron-7804596f-e954-489d-aa54-460b3061a028, may_exist=True, network_uuid=7804596f-e954-489d-aa54-460b3061a028, columns={'addresses': ['fa:16:3e:9d:1f:ea'], 'external_ids': {'neutron:port_name': '', 'neutron:device_id': 'ovnmeta-7804596f-e954-489d-aa54-460b3061a028', 'neutron:project_id': 'cf3544f4570244d3a42c4fd5456a02df', 'neutron:cidrs': '', 'neutron:device_owner': 'network:distributed', 'neutron:subnet_pool_addr_scope4': '', 'neutron:subnet_pool_addr_scope6': '', 'neutron:network_name': 'neutron-7804596f-e954-489d-aa54-460b3061a028', 'neutron:security_group_ids': '', 'neutron:revision_number': '1', 'neutron:vnic_type': 'normal', 'neutron:port_capabilities': '', 'neutron:mtu': ''}, 'parent_name': [], 'tag': [], 'enabled': True, 'options': {}, 'type': 'localport', 'port_security': [], 'dhcpv4_options': [], 'dhcpv6_options': []}) {{(pid=103485) do_commit /opt/stack/data/venv/lib/python3.12/site-packages/ovsdbapp/backend/ovs_idl/transaction.py:89}}
Feb 16 18:55:37.092313 np0000155660 devstack@neutron-api.service[103485]: DEBUG ovsdbapp.backend.ovs_idl.transaction [None req-0d0087c4-1e60-47c1-8a70-f172b516b84f None None] Running txn n=1 command(idx=1): QoSDelCommand(_result=None, switch=neutron-7804596f-e954-489d-aa54-460b3061a028, conditions=[('direction', '=', 'to-lport'), ('priority', '=', 2002), ('match', '=', 'outport == "4f49af09-df92-4a77-a55c-c85b85b70a5f"')], if_exists=True) {{(pid=103485) do_commit /opt/stack/data/venv/lib/python3.12/site-packages/ovsdbapp/backend/ovs_idl/transaction.py:89}}
Feb 16 18:55:37.092719 np0000155660 devstack@neutron-api.service[103485]: DEBUG ovsdbapp.backend.ovs_idl.transaction [None req-0d0087c4-1e60-47c1-8a70-f172b516b84f None None] Running txn n=1 command(idx=2): QoSDelCommand(_result=None, switch=neutron-7804596f-e954-489d-aa54-460b3061a028, conditions=[('direction', '=', 'from-lport'), ('priority', '=', 2002), ('match', '=', 'inport == "4f49af09-df92-4a77-a55c-c85b85b70a5f"')], if_exists=True) {{(pid=103485) do_commit /opt/stack/data/venv/lib/python3.12/site-packages/ovsdbapp/backend/ovs_idl/transaction.py:89}}
Feb 16 18:55:37.100684 np0000155660 devstack@neutron-api.service[103488]: DEBUG neutron.plugins.ml2.drivers.ovn.mech_driver.ovsdb.ovsdb_monitor [None req-d2f580c2-d60e-46e6-9994-463d34cfefc7 None None] Touching Hash Ring node "e9b992b007845a6798c77819d0cdb59c" from IDL notify handler {{(pid=103488) notify /opt/stack/neutron/neutron/plugins/ml2/drivers/ovn/mech_driver/ovsdb/ovsdb_monitor.py:912}}
Feb 16 18:55:37.102207 np0000155660 devstack@neutron-api.service[103486]: DEBUG neutron.plugins.ml2.drivers.ovn.mech_driver.ovsdb.ovsdb_monitor [None req-6918b897-acac-4468-81a7-c774fb1f8d1e None None] Touching Hash Ring node "c989d4413916517abc355f3ce00675ea" from IDL notify handler {{(pid=103486) notify /opt/stack/neutron/neutron/plugins/ml2/drivers/ovn/mech_driver/ovsdb/ovsdb_monitor.py:912}}
Feb 16 18:55:37.109930 np0000155660 devstack@neutron-api.service[103488]: DEBUG neutron.plugins.ml2.drivers.ovn.mech_driver.ovsdb.ovsdb_monitor [None req-d2f580c2-d60e-46e6-9994-463d34cfefc7 None None] Hash Ring: Node e9b992b007845a6798c77819d0cdb59c (host: np0000155660) handling event "update" for row 7804596f-e954-489d-aa54-460b3061a028 (table: Logical_Switch) {{(pid=103488) notify /opt/stack/neutron/neutron/plugins/ml2/drivers/ovn/mech_driver/ovsdb/ovsdb_monitor.py:920}}
Feb 16 18:55:37.112814 np0000155660 devstack@neutron-api.service[103486]: DEBUG neutron.plugins.ml2.drivers.ovn.mech_driver.ovsdb.ovsdb_monitor [None req-6918b897-acac-4468-81a7-c774fb1f8d1e None None] Hash Ring: Node c989d4413916517abc355f3ce00675ea (host: np0000155660) handling event "create" for row 26e86ef2-b3d8-416c-acd1-f49f8d9fe2d5 (table: Logical_Switch_Port) {{(pid=103486) notify /opt/stack/neutron/neutron/plugins/ml2/drivers/ovn/mech_driver/ovsdb/ovsdb_monitor.py:920}}
Feb 16 18:55:37.112894 np0000155660 devstack@neutron-api.service[103485]: DEBUG neutron.plugins.ml2.drivers.ovn.mech_driver.ovsdb.ovsdb_monitor [None req-13ce25d5-4869-4076-a61b-96f33a3b5779 None None] Hash Ring: Node caeba1a6997658028fdde51e39ddb339 (host: np0000155660) handling event "create" for row d9675335-d5df-40ff-bcc7-2a378d9cb993 (table: Port_Binding) {{(pid=103485) notify /opt/stack/neutron/neutron/plugins/ml2/drivers/ovn/mech_driver/ovsdb/ovsdb_monitor.py:920}}
Feb 16 18:55:37.113770 np0000155660 devstack@neutron-api.service[103486]: DEBUG ovsdbapp.backend.ovs_idl.event [None req-6918b897-acac-4468-81a7-c774fb1f8d1e None None] Matched CREATE: LogicalSwitchPortCreateEvent(events=('create',), table='Logical_Switch_Port', conditions=[], old_conditions=None), priority=20 to row=Logical_Switch_Port(name=4f49af09-df92-4a77-a55c-c85b85b70a5f, ha_chassis_group=[], options={}, parent_name=[], enabled=[True], type=localport, dhcpv6_options=[], addresses=['fa:16:3e:9d:1f:ea'], tag=[], up=[], external_ids={'neutron:cidrs': '', 'neutron:device_id': 'ovnmeta-7804596f-e954-489d-aa54-460b3061a028', 'neutron:device_owner': 'network:distributed', 'neutron:mtu': '', 'neutron:network_name': 'neutron-7804596f-e954-489d-aa54-460b3061a028', 'neutron:port_capabilities': '', 'neutron:port_name': '', 'neutron:project_id': 'cf3544f4570244d3a42c4fd5456a02df', 'neutron:revision_number': '1', 'neutron:security_group_ids': '', 'neutron:subnet_pool_addr_scope4': '', 'neutron:subnet_pool_addr_scope6': '', 'neutron:vnic_type': 'normal'}, tag_request=[], port_security=[], dynamic_addresses=[], dhcpv4_options=[], mirror_rules=[]) old= {{(pid=103486) matches /opt/stack/data/venv/lib/python3.12/site-packages/ovsdbapp/backend/ovs_idl/event.py:55}}
Feb 16 18:55:37.115050 np0000155660 devstack@neutron-api.service[103486]: INFO neutron.plugins.ml2.drivers.ovn.mech_driver.mech_driver [None req-cbbc9caa-ea4a-4291-a56f-db975517078a None None] OVN reports status down for port: 4f49af09-df92-4a77-a55c-c85b85b70a5f
Feb 16 18:55:37.117617 np0000155660 devstack@neutron-api.service[103486]: DEBUG neutron.plugins.ml2.drivers.ovn.mech_driver.ovsdb.ovsdb_monitor [None req-6918b897-acac-4468-81a7-c774fb1f8d1e None None] Touching Hash Ring node "c989d4413916517abc355f3ce00675ea" from IDL notify handler {{(pid=103486) notify /opt/stack/neutron/neutron/plugins/ml2/drivers/ovn/mech_driver/ovsdb/ovsdb_monitor.py:912}}
Feb 16 18:55:37.121338 np0000155660 devstack@neutron-api.service[103486]: DEBUG neutron.plugins.ml2.drivers.ovn.mech_driver.ovsdb.ovsdb_monitor [None req-6918b897-acac-4468-81a7-c774fb1f8d1e None None] Hash Ring: Node c989d4413916517abc355f3ce00675ea (host: np0000155660) handling event "update" for row 26e86ef2-b3d8-416c-acd1-f49f8d9fe2d5 (table: Logical_Switch_Port) {{(pid=103486) notify /opt/stack/neutron/neutron/plugins/ml2/drivers/ovn/mech_driver/ovsdb/ovsdb_monitor.py:920}}
Feb 16 18:55:37.132365 np0000155660 devstack@neutron-api.service[103485]: INFO neutron.db.ovn_revision_numbers_db [None req-fe76a244-9897-4640-8427-9320af8244c5 admin admin] Successfully bumped revision number for resource 4f49af09-df92-4a77-a55c-c85b85b70a5f (type: ports) to 1
Feb 16 18:55:37.140443 np0000155660 devstack@neutron-api.service[103485]: DEBUG neutron.pecan_wsgi.hooks.policy_enforcement [None req-fe76a244-9897-4640-8427-9320af8244c5 admin admin] Attributes excluded by policy engine: ['standard_attr_id'] {{(pid=103485) _exclude_attributes_by_policy /opt/stack/neutron/neutron/pecan_wsgi/hooks/policy_enforcement.py:258}}
Feb 16 18:55:37.140796 np0000155660 devstack@neutron-api.service[103485]: DEBUG neutron_lib.callbacks.manager [None req-fe76a244-9897-4640-8427-9320af8244c5 admin admin] Publish callbacks [] for network (None), before_response {{(pid=103485) _notify_loop /opt/stack/data/venv/lib/python3.12/site-packages/neutron_lib/callbacks/manager.py:184}}
Feb 16 18:55:37.151816 np0000155660 devstack@neutron-api.service[103486]: DEBUG neutron.db.provisioning_blocks [None req-cbbc9caa-ea4a-4291-a56f-db975517078a None None] Transition to ACTIVE for port object 4f49af09-df92-4a77-a55c-c85b85b70a5f will not be triggered until provisioned by entity L2. {{(pid=103486) add_provisioning_component /opt/stack/neutron/neutron/db/provisioning_blocks.py:74}}
Feb 16 18:55:37.153332 np0000155660 devstack@neutron-api.service[103485]: [pid: 103485|app: 0|req: 23/93] 199.204.45.74 () {68 vars in 1350 bytes} [Mon Feb 16 18:55:36 2026] POST /networking/v2.0/networks => generated 683 bytes in 904 msecs (HTTP/1.1 201) 4 headers in 162 bytes (1 switches on core 0)
Feb 16 18:55:37.177214 np0000155660 devstack@neutron-api.service[103486]: DEBUG neutron.plugins.ml2.plugin [None req-cbbc9caa-ea4a-4291-a56f-db975517078a None None] Current status of the port 4f49af09-df92-4a77-a55c-c85b85b70a5f is: DOWN; New status is: DOWN {{(pid=103486) _update_individual_port_db_status /opt/stack/neutron/neutron/plugins/ml2/plugin.py:2461}}
Feb 16 18:55:37.178935 np0000155660 devstack@neutron-api.service[103486]: DEBUG ovsdbapp.backend.ovs_idl.transaction [None req-6918b897-acac-4468-81a7-c774fb1f8d1e None None] Running txn n=1 command(idx=0): DbRemoveCommand(_result=None, table=Logical_Switch_Port, record=4f49af09-df92-4a77-a55c-c85b85b70a5f, column=external_ids, values=('neutron:host_id',), keyvalues={}, if_exists=True) {{(pid=103486) do_commit /opt/stack/data/venv/lib/python3.12/site-packages/ovsdbapp/backend/ovs_idl/transaction.py:89}}
Feb 16 18:55:37.362999 np0000155660 devstack@neutron-api.service[103487]: INFO neutron.pecan_wsgi.hooks.translation [None req-05178544-c7cc-435c-8fb4-e3f8b39d93d3 admin admin] GET failed (client error): The resource could not be found.
Feb 16 18:55:37.363628 np0000155660 devstack@neutron-api.service[103487]: [pid: 103487|app: 0|req: 25/94] 199.204.45.74 () {64 vars in 1326 bytes} [Mon Feb 16 18:55:37 2026] GET /networking/v2.0/networks/admin_net => generated 111 bytes in 12 msecs (HTTP/1.1 404) 4 headers in 164 bytes (1 switches on core 0)
Feb 16 18:55:37.413401 np0000155660 devstack@neutron-api.service[103486]: DEBUG neutron.pecan_wsgi.hooks.policy_enforcement [None req-f9ceb0a5-5127-4245-98bb-c2357b423332 admin admin] Attributes excluded by policy engine: ['standard_attr_id'] {{(pid=103486) _exclude_attributes_by_policy /opt/stack/neutron/neutron/pecan_wsgi/hooks/policy_enforcement.py:258}}
Feb 16 18:55:37.414378 np0000155660 devstack@neutron-api.service[103486]: [pid: 103486|app: 0|req: 24/95] 199.204.45.74 () {64 vars in 1338 bytes} [Mon Feb 16 18:55:37 2026] GET /networking/v2.0/networks?name=admin_net => generated 667 bytes in 39 msecs (HTTP/1.1 200) 4 headers in 157 bytes (1 switches on core 0)
Feb 16 18:55:37.618960 np0000155660 devstack@neutron-api.service[103488]: INFO neutron.pecan_wsgi.hooks.translation [None req-a4f3512b-4240-43ed-a3c3-802fe8b8a5d0 admin admin] GET failed (client error): The resource could not be found.
Feb 16 18:55:37.619487 np0000155660 devstack@neutron-api.service[103488]: [pid: 103488|app: 0|req: 24/96] 199.204.45.74 () {64 vars in 1332 bytes} [Mon Feb 16 18:55:37 2026] GET /networking/v2.0/subnets/admin_subnet => generated 112 bytes in 10 msecs (HTTP/1.1 404) 4 headers in 164 bytes (1 switches on core 0)
Feb 16 18:55:37.653640 np0000155660 devstack@neutron-api.service[103485]: [pid: 103485|app: 0|req: 24/97] 199.204.45.74 () {64 vars in 1341 bytes} [Mon Feb 16 18:55:37 2026] GET /networking/v2.0/subnets?name=admin_subnet => generated 14 bytes in 23 msecs (HTTP/1.1 200) 4 headers in 156 bytes (1 switches on core 0)
Feb 16 18:55:37.911753 np0000155660 devstack@neutron-api.service[103487]: DEBUG neutron.pecan_wsgi.hooks.policy_enforcement [None req-40f5cbf8-f474-4a52-b1ac-6662112ee48f admin admin] Attributes excluded by policy engine: ['standard_attr_id'] {{(pid=103487) _exclude_attributes_by_policy /opt/stack/neutron/neutron/pecan_wsgi/hooks/policy_enforcement.py:258}}
Feb 16 18:55:37.912325 np0000155660 devstack@neutron-api.service[103487]: [pid: 103487|app: 0|req: 26/98] 199.204.45.74 () {64 vars in 1407 bytes} [Mon Feb 16 18:55:37 2026] GET /networking/v2.0/networks/7804596f-e954-489d-aa54-460b3061a028 => generated 664 bytes in 27 msecs (HTTP/1.1 200) 4 headers in 157 bytes (1 switches on core 0)
Feb 16 18:55:37.930315 np0000155660 devstack@neutron-api.service[103486]: DEBUG neutron.api.v2.base [None req-60636f26-8b52-4fe8-8b94-8b10cb636741 admin admin] Request body: {'subnet': {'gateway_ip': None, 'cidr': '10.2.5.0/24', 'network_id': '7804596f-e954-489d-aa54-460b3061a028', 'name': 'admin_subnet', 'ip_version': 4, 'project_id': 'cf3544f4570244d3a42c4fd5456a02df'}} {{(pid=103486) prepare_request_body /opt/stack/neutron/neutron/api/v2/base.py:729}}
Feb 16 18:55:37.945802 np0000155660 devstack@neutron-api.service[103486]: DEBUG neutron.pecan_wsgi.hooks.quota_enforcement [None req-60636f26-8b52-4fe8-8b94-8b10cb636741 admin admin] Made reservation on behalf of cf3544f4570244d3a42c4fd5456a02df for: {'subnet': 1} {{(pid=103486) before /opt/stack/neutron/neutron/pecan_wsgi/hooks/quota_enforcement.py:66}}
Feb 16 18:55:37.948012 np0000155660 devstack@neutron-api.service[103486]: DEBUG neutron_lib.callbacks.manager [None req-60636f26-8b52-4fe8-8b94-8b10cb636741 admin admin] Publish callbacks [] for subnet (None), before_create {{(pid=103486) _notify_loop /opt/stack/data/venv/lib/python3.12/site-packages/neutron_lib/callbacks/manager.py:184}}
