Feb 17 02:25:39.279540 np0000155922 devstack@neutron-api.service[103357]: DEBUG neutron_lib.callbacks.manager [None req-fdf769e1-00dd-4948-9373-3a8310434bbf admin admin] Publish callbacks ['neutron.plugins.ml2.ovo_rpc._ObjectChangeHandler.handle_event-2095391', 'neutron.db.l3_db.L3RpcNotifierMixin._notify_gateway_port_ip_changed-7948618918842', 'neutron.services.ovn_l3.plugin.OVNL3RouterPlugin._port_update-7948616437590'] for port (b155bf26-df5a-4124-98a8-a005e8e6827a), after_update {{(pid=103357) _notify_loop /opt/stack/data/venv/lib/python3.12/site-packages/neutron_lib/callbacks/manager.py:184}}
Feb 17 02:25:39.328344 np0000155922 devstack@neutron-api.service[103357]: DEBUG neutron.api.rpc.handlers.resources_rpc [None req-fdf769e1-00dd-4948-9373-3a8310434bbf admin admin] Pushing event updated for resources: {'Port': ['ID=b155bf26-df5a-4124-98a8-a005e8e6827a,revision_number=3']} {{(pid=103357) push /opt/stack/neutron/neutron/api/rpc/handlers/resources_rpc.py:237}}
Feb 17 02:25:39.334497 np0000155922 devstack@neutron-api.service[103357]: DEBUG neutron.api.rpc.callbacks.version_manager [None req-fdf769e1-00dd-4948-9373-3a8310434bbf admin admin] Tracked resource versions report:
Feb 17 02:25:39.334497 np0000155922 devstack@neutron-api.service[103357]: pushed versions:
Feb 17 02:25:39.334497 np0000155922 devstack@neutron-api.service[103357]: { 'AddressGroup': {'1.2'},
Feb 17 02:25:39.334497 np0000155922 devstack@neutron-api.service[103357]: 'Agent': {'1.1'},
Feb 17 02:25:39.334497 np0000155922 devstack@neutron-api.service[103357]: 'ConntrackHelper': {'1.0'},
Feb 17 02:25:39.334497 np0000155922 devstack@neutron-api.service[103357]: 'LocalIPAssociation': {'1.0'},
Feb 17 02:25:39.334497 np0000155922 devstack@neutron-api.service[103357]: 'Log': {'1.0'},
Feb 17 02:25:39.334497 np0000155922 devstack@neutron-api.service[103357]: 'NDPProxy': {'1.0'},
Feb 17 02:25:39.334497 np0000155922 devstack@neutron-api.service[103357]: 'Network': {'1.2'},
Feb 17 02:25:39.334497 np0000155922 devstack@neutron-api.service[103357]: 'Port': {'1.10'},
Feb 17 02:25:39.334497 np0000155922 devstack@neutron-api.service[103357]: 'PortForwarding': {'1.3'},
Feb 17 02:25:39.334497 np0000155922 devstack@neutron-api.service[103357]: 'QosPolicy': {'1.10'},
Feb 17 02:25:39.334497 np0000155922 devstack@neutron-api.service[103357]: 'SecurityGroup': {'1.6'},
Feb 17 02:25:39.334497 np0000155922 devstack@neutron-api.service[103357]: 'SecurityGroupRule': {'1.3'},
Feb 17 02:25:39.334497 np0000155922 devstack@neutron-api.service[103357]: 'SubPort': {'1.0'},
Feb 17 02:25:39.334497 np0000155922 devstack@neutron-api.service[103357]: 'Subnet': {'1.2'},
Feb 17 02:25:39.334497 np0000155922 devstack@neutron-api.service[103357]: 'Trunk': {'1.1'}}
Feb 17 02:25:39.334497 np0000155922 devstack@neutron-api.service[103357]: consumer versions:
Feb 17 02:25:39.334497 np0000155922 devstack@neutron-api.service[103357]: { OVN Controller Gateway agent@np0000155922: {},
Feb 17 02:25:39.334497 np0000155922 devstack@neutron-api.service[103357]: OVN Neutron agent@np0000155922: {}}
Feb 17 02:25:39.334497 np0000155922 devstack@neutron-api.service[103357]: {{(pid=103357) report /opt/stack/neutron/neutron/api/rpc/callbacks/version_manager.py:183}}
Feb 17 02:25:39.348254 np0000155922 devstack@neutron-api.service[103357]: INFO neutron.plugins.ml2.drivers.ovn.mech_driver.ovsdb.extensions.qos [None req-fdf769e1-00dd-4948-9373-3a8310434bbf admin admin] Starting OVNClientQosExtension
Feb 17 02:25:39.348462 np0000155922 devstack@neutron-api.service[103357]: INFO neutron.plugins.ml2.drivers.ovn.mech_driver.ovsdb.extensions.placement [None req-fdf769e1-00dd-4948-9373-3a8310434bbf admin admin] Starting OVNClientPlacementExtension
Feb 17 02:25:39.554516 np0000155922 devstack@neutron-api.service[103357]: DEBUG ovsdbapp.backend.ovs_idl.transaction [-] Running txn n=1 command(idx=0): CheckRevisionNumberCommand(_result=None, name=b155bf26-df5a-4124-98a8-a005e8e6827a, resource={'id': 'b155bf26-df5a-4124-98a8-a005e8e6827a', 'name': '', 'network_id': '50401bd7-6e11-42aa-b818-3ed9da1640b4', 'project_id': 'a0a0124119ea4ee2a5f7af3a74b901f7', 'mac_address': 'fa:16:3e:69:5a:d3', 'admin_state_up': True, 'status': 'DOWN', 'device_id': 'ovnmeta-50401bd7-6e11-42aa-b818-3ed9da1640b4', 'device_owner': 'network:distributed', 'standard_attr_id': 14, 'fixed_ips': [{'subnet_id': '9e66be24-7213-4b59-be90-9517900f687c', 'ip_address': '10.1.0.2'}, {'subnet_id': '2127b242-fce6-4c7a-abb0-de216a619034', 'ip_address': 'fd::f816:3eff:fe69:5ad3'}], 'allowed_address_pairs': [], 'extra_dhcp_opts': [], 'security_groups': [], 'description': '', 'binding:vnic_type': 'normal', 'binding:profile': {}, 'binding:host_id': '', 'binding:vif_type': 'unbound', 'binding:vif_details': {}, 'port_security_enabled': False, 'tags': [], 'created_at': '2026-02-17T02:25:35Z', 'updated_at': '2026-02-17T02:25:39Z', 'revision_number': 3, 'tenant_id': 'a0a0124119ea4ee2a5f7af3a74b901f7', 'network': {'id': '50401bd7-6e11-42aa-b818-3ed9da1640b4', 'name': 'private', 'tenant_id': 'a0a0124119ea4ee2a5f7af3a74b901f7', 'project_id': 'a0a0124119ea4ee2a5f7af3a74b901f7', 'admin_state_up': True, 'mtu': 1372, 'status': 'ACTIVE', 'subnets': ['2127b242-fce6-4c7a-abb0-de216a619034', '9e66be24-7213-4b59-be90-9517900f687c'], 'standard_attr_id': 12, 'shared': False, 'availability_zone_hints': [], 'availability_zones': [], 'ipv4_address_scope': None, 'ipv6_address_scope': None, 'router:external': False, 'qinq': False, 'vlan_transparent': False, 'description': '', 'port_security_enabled': True, 'tags': [], 'created_at': '2026-02-17T02:25:35Z', 'updated_at': '2026-02-17T02:25:38Z', 'revision_number': 3, 'provider:network_type': 'geneve', 'provider:physical_network': None, 'provider:segmentation_id': 13108}}, resource_type=ports, if_exists=True) {{(pid=103357) do_commit /opt/stack/data/venv/lib/python3.12/site-packages/ovsdbapp/backend/ovs_idl/transaction.py:89}}
Feb 17 02:25:39.555473 np0000155922 devstack@neutron-api.service[103357]: DEBUG ovsdbapp.backend.ovs_idl.transaction [-] Running txn n=1 command(idx=1): SetLSwitchPortCommand(_result=None, lport=b155bf26-df5a-4124-98a8-a005e8e6827a, external_ids_update=None, columns={'external_ids': {'neutron:port_name': '', 'neutron:device_id': 'ovnmeta-50401bd7-6e11-42aa-b818-3ed9da1640b4', 'neutron:project_id': 'a0a0124119ea4ee2a5f7af3a74b901f7', 'neutron:cidrs': '10.1.0.2/26 fd::f816:3eff:fe69:5ad3/64', 'neutron:device_owner': 'network:distributed', 'neutron:subnet_pool_addr_scope4': '', 'neutron:subnet_pool_addr_scope6': '', 'neutron:network_name': 'neutron-50401bd7-6e11-42aa-b818-3ed9da1640b4', 'neutron:security_group_ids': '', 'neutron:revision_number': '3', 'neutron:vnic_type': 'normal', 'neutron:port_capabilities': '', 'neutron:mtu': ''}, 'parent_name': [], 'tag': [], 'options': {}, 'enabled': True, 'port_security': [], 'dhcpv4_options': [], 'dhcpv6_options': [], 'type': 'localport', 'addresses': ['fa:16:3e:69:5a:d3 10.1.0.2 fd::f816:3eff:fe69:5ad3'], 'ha_chassis_group': []}, if_exists=False) {{(pid=103357) do_commit /opt/stack/data/venv/lib/python3.12/site-packages/ovsdbapp/backend/ovs_idl/transaction.py:89}}
Feb 17 02:25:39.556040 np0000155922 devstack@neutron-api.service[103357]: DEBUG ovsdbapp.backend.ovs_idl.transaction [-] Running txn n=1 command(idx=2): PgDelPortCommand(_result=None, port_group=neutron_pg_drop, lsp=['b155bf26-df5a-4124-98a8-a005e8e6827a'], if_exists=False) {{(pid=103357) do_commit /opt/stack/data/venv/lib/python3.12/site-packages/ovsdbapp/backend/ovs_idl/transaction.py:89}}
Feb 17 02:25:39.561734 np0000155922 devstack@neutron-api.service[103356]: DEBUG neutron.plugins.ml2.drivers.ovn.mech_driver.ovsdb.ovsdb_monitor [-] Hash Ring: Node 90c2826f01fe50d4a3141e86bc4069be (host: np0000155922) handling event "update" for row f1cf499b-53dd-43b5-bca7-14eecb684330 (table: Logical_Switch_Port) {{(pid=103356) notify /opt/stack/neutron/neutron/plugins/ml2/drivers/ovn/mech_driver/ovsdb/ovsdb_monitor.py:920}}
Feb 17 02:25:39.563288 np0000155922 devstack@neutron-api.service[103355]: DEBUG neutron.plugins.ml2.drivers.ovn.mech_driver.ovsdb.ovsdb_monitor [-] Hash Ring: Node 598bd1e2fc7554eb93591cd171800dec (host: np0000155922) handling event "update" for row 41d60db5-d4e2-4128-aa26-babca96f4abc (table: Port_Binding) {{(pid=103355) notify /opt/stack/neutron/neutron/plugins/ml2/drivers/ovn/mech_driver/ovsdb/ovsdb_monitor.py:920}}
Feb 17 02:25:39.564210 np0000155922 devstack@neutron-api.service[103356]: DEBUG neutron.plugins.ml2.drivers.ovn.mech_driver.ovsdb.ovsdb_monitor [-] Hash Ring: Node 90c2826f01fe50d4a3141e86bc4069be (host: np0000155922) handling event "update" for row 41d60db5-d4e2-4128-aa26-babca96f4abc (table: Port_Binding) {{(pid=103356) notify /opt/stack/neutron/neutron/plugins/ml2/drivers/ovn/mech_driver/ovsdb/ovsdb_monitor.py:920}}
Feb 17 02:25:39.599408 np0000155922 devstack@neutron-api.service[103357]: INFO neutron.db.ovn_revision_numbers_db [None req-fdf769e1-00dd-4948-9373-3a8310434bbf admin admin] Successfully bumped revision number for resource b155bf26-df5a-4124-98a8-a005e8e6827a (type: ports) to 3
Feb 17 02:25:39.614703 np0000155922 devstack@neutron-api.service[103357]: DEBUG neutron_lib.callbacks.manager [None req-fdf769e1-00dd-4948-9373-3a8310434bbf admin admin] Publish callbacks ['neutron.plugins.ml2.ovo_rpc._ObjectChangeHandler.handle_event-2095371'] for subnet (2127b242-fce6-4c7a-abb0-de216a619034), after_create {{(pid=103357) _notify_loop /opt/stack/data/venv/lib/python3.12/site-packages/neutron_lib/callbacks/manager.py:184}}
Feb 17 02:25:39.630245 np0000155922 devstack@neutron-api.service[103357]: DEBUG neutron.api.rpc.handlers.resources_rpc [None req-fdf769e1-00dd-4948-9373-3a8310434bbf admin admin] Pushing event updated for resources: {'Subnet': ['ID=2127b242-fce6-4c7a-abb0-de216a619034,revision_number=0']} {{(pid=103357) push /opt/stack/neutron/neutron/api/rpc/handlers/resources_rpc.py:237}}
Feb 17 02:25:39.664585 np0000155922 devstack@neutron-api.service[103357]: INFO neutron.db.ovn_revision_numbers_db [None req-fdf769e1-00dd-4948-9373-3a8310434bbf admin admin] Successfully bumped revision number for resource 2127b242-fce6-4c7a-abb0-de216a619034 (type: subnets) to 0
Feb 17 02:25:39.666011 np0000155922 devstack@neutron-api.service[103357]: DEBUG neutron.pecan_wsgi.hooks.policy_enforcement [None req-fdf769e1-00dd-4948-9373-3a8310434bbf admin admin] Attributes excluded by policy engine: ['standard_attr_id', 'shared', 'network'] {{(pid=103357) _exclude_attributes_by_policy /opt/stack/neutron/neutron/pecan_wsgi/hooks/policy_enforcement.py:258}}
Feb 17 02:25:39.666416 np0000155922 devstack@neutron-api.service[103357]: DEBUG neutron_lib.callbacks.manager [None req-fdf769e1-00dd-4948-9373-3a8310434bbf admin admin] Publish callbacks [] for subnet (None), before_response {{(pid=103357) _notify_loop /opt/stack/data/venv/lib/python3.12/site-packages/neutron_lib/callbacks/manager.py:184}}
Feb 17 02:25:39.679068 np0000155922 devstack@neutron-api.service[103357]: [pid: 103357|app: 0|req: 3/11] 199.204.45.3 () {68 vars in 1340 bytes} [Tue Feb 17 02:25:38 2026] POST /networking/v2.0/subnets => generated 681 bytes in 1217 msecs (HTTP/1.1 201) 4 headers in 162 bytes (1 switches on core 0)
Feb 17 02:25:40.015395 np0000155922 devstack@neutron-api.service[103355]: DEBUG neutron.api.wsgi [None req-ef2c0efb-f67d-4ffe-b774-ee3e607b7a84 admin admin] Missing Content-Type {{(pid=103355) get_content_type /opt/stack/neutron/neutron/api/wsgi.py:85}}
Feb 17 02:25:40.016060 np0000155922 devstack@neutron-api.service[103355]: DEBUG neutron.api.wsgi [None req-ef2c0efb-f67d-4ffe-b774-ee3e607b7a84 admin admin] https://199.204.45.3/networking/v2.0/extensions returned with HTTP 200 {{(pid=103355) __call__ /opt/stack/neutron/neutron/api/wsgi.py:545}}
Feb 17 02:25:40.016639 np0000155922 devstack@neutron-api.service[103355]: [pid: 103355|app: 0|req: 3/12] 199.204.45.3 () {64 vars in 1308 bytes} [Tue Feb 17 02:25:40 2026] GET /networking/v2.0/extensions => generated 15208 bytes in 7 msecs (HTTP/1.1 200) 4 headers in 159 bytes (1 switches on core 0)
Feb 17 02:25:40.308687 np0000155922 devstack@neutron-api.service[103358]: DEBUG neutron.api.wsgi [None req-6b5eeb00-8a1d-40e5-959f-7e0a9993a78d admin admin] Missing Content-Type {{(pid=103358) get_content_type /opt/stack/neutron/neutron/api/wsgi.py:85}}
Feb 17 02:25:40.309583 np0000155922 devstack@neutron-api.service[103358]: DEBUG neutron.api.wsgi [None req-6b5eeb00-8a1d-40e5-959f-7e0a9993a78d admin admin] https://199.204.45.3/networking/v2.0/extensions returned with HTTP 200 {{(pid=103358) __call__ /opt/stack/neutron/neutron/api/wsgi.py:545}}
Feb 17 02:25:40.310468 np0000155922 devstack@neutron-api.service[103358]: [pid: 103358|app: 0|req: 3/13] 199.204.45.3 () {64 vars in 1308 bytes} [Tue Feb 17 02:25:40 2026] GET /networking/v2.0/extensions => generated 15208 bytes in 7 msecs (HTTP/1.1 200) 4 headers in 159 bytes (1 switches on core 0)
Feb 17 02:25:40.602093 np0000155922 devstack@neutron-api.service[103356]: DEBUG neutron.api.v2.base [None req-e3cf1e5a-f1d5-47fa-a74f-fe61be9a6325 admin admin] Request body: {'router': {'admin_state_up': True, 'name': 'router1'}} {{(pid=103356) prepare_request_body /opt/stack/neutron/neutron/api/v2/base.py:729}}
Feb 17 02:25:40.631610 np0000155922 devstack@neutron-api.service[103356]: DEBUG neutron_lib.callbacks.manager [None req-e3cf1e5a-f1d5-47fa-a74f-fe61be9a6325 admin admin] Publish callbacks ['neutron.services.ovn_l3.service_providers.driver_controller.DriverController._check_router_request-55557'] for router (fff3d93a-b248-41c1-8425-a8e458d28c27), before_create {{(pid=103356) _notify_loop /opt/stack/data/venv/lib/python3.12/site-packages/neutron_lib/callbacks/manager.py:184}}
Feb 17 02:25:40.633031 np0000155922 devstack@neutron-api.service[103356]: DEBUG neutron_lib.callbacks.manager [None req-e3cf1e5a-f1d5-47fa-a74f-fe61be9a6325 admin admin] Publish callbacks ['neutron.services.ovn_l3.service_providers.ovn.OVN_L3_HA_db_mixin._precommit_router_create-1941422', 'neutron.services.ovn_l3.plugin.RouterAvailabilityZoneMixin._process_az_request-1123797', 'neutron.services.ovn_l3.plugin.ExtraGatewaysDbOnlyMixin._process_bfd_ecmp_create-56013', 'neutron.services.ovn_l3.service_providers.ovn.OvnDriver._process_router_create_precommit-1940770', 'neutron.services.ovn_l3.service_providers.driver_controller.DriverController._set_router_provider-55617'] for router (fff3d93a-b248-41c1-8425-a8e458d28c27), precommit_create {{(pid=103356) _notify_loop /opt/stack/data/venv/lib/python3.12/site-packages/neutron_lib/callbacks/manager.py:184}}
Feb 17 02:25:40.650437 np0000155922 devstack@neutron-api.service[103356]: DEBUG neutron.db.ovn_revision_numbers_db [None req-e3cf1e5a-f1d5-47fa-a74f-fe61be9a6325 admin admin] create_initial_revision uuid=fff3d93a-b248-41c1-8425-a8e458d28c27, type=routers, rev=-1 {{(pid=103356) create_initial_revision /opt/stack/neutron/neutron/db/ovn_revision_numbers_db.py:98}}
Feb 17 02:25:40.736566 np0000155922 devstack@neutron-api.service[103356]: DEBUG neutron_lib.callbacks.manager [None req-e3cf1e5a-f1d5-47fa-a74f-fe61be9a6325 admin admin] Publish callbacks [] for router_controller (fff3d93a-b248-41c1-8425-a8e458d28c27), precommit_add_association {{(pid=103356) _notify_loop /opt/stack/data/venv/lib/python3.12/site-packages/neutron_lib/callbacks/manager.py:184}}
Feb 17 02:25:40.742893 np0000155922 devstack@neutron-api.service[103356]: DEBUG neutron_lib.callbacks.manager [None req-e3cf1e5a-f1d5-47fa-a74f-fe61be9a6325 admin admin] Publish callbacks ['neutron.services.ovn_l3.service_providers.ovn.OvnDriver._process_router_create-1940806'] for router (fff3d93a-b248-41c1-8425-a8e458d28c27), after_create {{(pid=103356) _notify_loop /opt/stack/data/venv/lib/python3.12/site-packages/neutron_lib/callbacks/manager.py:184}}
Feb 17 02:25:40.743125 np0000155922 devstack@neutron-api.service[103356]: INFO neutron.plugins.ml2.drivers.ovn.mech_driver.ovsdb.extensions.qos [None req-e3cf1e5a-f1d5-47fa-a74f-fe61be9a6325 admin admin] Starting OVNClientQosExtension
Feb 17 02:25:40.743589 np0000155922 devstack@neutron-api.service[103356]: DEBUG neutron.plugins.ml2.drivers.ovn.mech_driver.ovsdb.extensions.qos [None req-e3cf1e5a-f1d5-47fa-a74f-fe61be9a6325 admin admin] Router fff3d93a-b248-41c1-8425-a8e458d28c27 does not have ID or gateway assigned {{(pid=103356) update_router /opt/stack/neutron/neutron/plugins/ml2/drivers/ovn/mech_driver/ovsdb/extensions/qos.py:529}}
Feb 17 02:25:40.744368 np0000155922 devstack@neutron-api.service[103356]: DEBUG ovsdbapp.backend.ovs_idl.transaction [-] Running txn n=1 command(idx=0): LrAddCommand(_result=None, router=neutron-fff3d93a-b248-41c1-8425-a8e458d28c27, may_exist=True, columns={'external_ids': {'neutron:router_name': 'router1', 'neutron:revision_number': '1', 'neutron:availability_zone_hints': ''}, 'enabled': True, 'options': {'always_learn_from_arp_request': 'false', 'dynamic_neigh_routers': 'true', 'mac_binding_age_threshold': '0'}}) {{(pid=103356) do_commit /opt/stack/data/venv/lib/python3.12/site-packages/ovsdbapp/backend/ovs_idl/transaction.py:89}}
Feb 17 02:25:40.747981 np0000155922 devstack@neutron-api.service[103356]: DEBUG neutron.plugins.ml2.drivers.ovn.mech_driver.ovsdb.ovsdb_monitor [-] Hash Ring: Node 90c2826f01fe50d4a3141e86bc4069be (host: np0000155922) handling event "create" for row a0ae21f1-880a-46a7-9a2e-867c633f8477 (table: Logical_Router) {{(pid=103356) notify /opt/stack/neutron/neutron/plugins/ml2/drivers/ovn/mech_driver/ovsdb/ovsdb_monitor.py:920}}
Feb 17 02:25:40.749520 np0000155922 devstack@neutron-api.service[103358]: DEBUG neutron.plugins.ml2.drivers.ovn.mech_driver.ovsdb.ovsdb_monitor [-] Hash Ring: Node 6441b018199851fda1dd587591da4995 (host: np0000155922) handling event "create" for row a0ae21f1-880a-46a7-9a2e-867c633f8477 (table: Logical_Router) {{(pid=103358) notify /opt/stack/neutron/neutron/plugins/ml2/drivers/ovn/mech_driver/ovsdb/ovsdb_monitor.py:920}}
Feb 17 02:25:40.772958 np0000155922 devstack@neutron-api.service[103356]: DEBUG neutron.plugins.ml2.drivers.ovn.mech_driver.ovsdb.ovsdb_monitor [-] Hash Ring: Node 90c2826f01fe50d4a3141e86bc4069be (host: np0000155922) handling event "create" for row 52d6443f-9052-462e-bcf3-c08354987f8d (table: Datapath_Binding) {{(pid=103356) notify /opt/stack/neutron/neutron/plugins/ml2/drivers/ovn/mech_driver/ovsdb/ovsdb_monitor.py:920}}
Feb 17 02:25:40.848209 np0000155922 devstack@neutron-api.service[103356]: INFO neutron.db.ovn_revision_numbers_db [None req-e3cf1e5a-f1d5-47fa-a74f-fe61be9a6325 admin admin] Successfully bumped revision number for resource fff3d93a-b248-41c1-8425-a8e458d28c27 (type: routers) to 1
Feb 17 02:25:40.867027 np0000155922 devstack@neutron-api.service[103356]: DEBUG neutron_lib.callbacks.manager [None req-e3cf1e5a-f1d5-47fa-a74f-fe61be9a6325 admin admin] Publish callbacks [] for router (None), before_response {{(pid=103356) _notify_loop /opt/stack/data/venv/lib/python3.12/site-packages/neutron_lib/callbacks/manager.py:184}}
Feb 17 02:25:40.868052 np0000155922 devstack@neutron-api.service[103356]: [pid: 103356|app: 0|req: 5/14] 199.204.45.3 () {68 vars in 1339 bytes} [Tue Feb 17 02:25:40 2026] POST /networking/v2.0/routers => generated 599 bytes in 272 msecs (HTTP/1.1 201) 4 headers in 162 bytes (1 switches on core 0)
Feb 17 02:25:41.141317 np0000155922 devstack@neutron-api.service[103357]: DEBUG neutron.api.wsgi [None req-ba9fcbb2-ad74-42e1-ae3e-77c07e702995 admin admin] Missing Content-Type {{(pid=103357) get_content_type /opt/stack/neutron/neutron/api/wsgi.py:85}}
Feb 17 02:25:41.141966 np0000155922 devstack@neutron-api.service[103357]: DEBUG neutron.api.wsgi [None req-ba9fcbb2-ad74-42e1-ae3e-77c07e702995 admin admin] https://199.204.45.3/networking/v2.0/extensions returned with HTTP 200 {{(pid=103357) __call__ /opt/stack/neutron/neutron/api/wsgi.py:545}}
Feb 17 02:25:41.142599 np0000155922 devstack@neutron-api.service[103357]: [pid: 103357|app: 0|req: 4/15] 199.204.45.3 () {64 vars in 1308 bytes} [Tue Feb 17 02:25:41 2026] GET /networking/v2.0/extensions => generated 15208 bytes in 7 msecs (HTTP/1.1 200) 4 headers in 159 bytes (1 switches on core 0)
Feb 17 02:25:41.237199 np0000155922 devstack@neutron-api.service[103356]: DEBUG futurist.periodics [-] Submitting periodic callback 'neutron.plugins.ml2.drivers.ovn.mech_driver.ovsdb.maintenance.HashRingHealthCheckPeriodics.touch_hash_ring_node' {{(pid=103356) _process_scheduled /opt/stack/data/venv/lib/python3.12/site-packages/futurist/periodics.py:638}}
Feb 17 02:25:41.238647 np0000155922 devstack@neutron-api.service[103356]: DEBUG neutron.plugins.ml2.drivers.ovn.mech_driver.ovsdb.maintenance [-] Touching Hash Ring node "90c2826f01fe50d4a3141e86bc4069be" from periodic health check thread {{(pid=103356) touch_hash_ring_node /opt/stack/neutron/neutron/plugins/ml2/drivers/ovn/mech_driver/ovsdb/maintenance.py:1135}}
Feb 17 02:25:41.474672 np0000155922 devstack@neutron-api.service[103355]: DEBUG neutron.api.v2.base [None req-31cf42dd-76e1-4b75-b1fc-66ff627ef49c admin admin] Request body: {'network': {'provider:physical_network': 'public', 'router:external': True, 'name': 'public', 'admin_state_up': True, 'is_default': True, 'provider:network_type': 'flat'}} {{(pid=103355) prepare_request_body /opt/stack/neutron/neutron/api/v2/base.py:729}}
Feb 17 02:25:41.493615 np0000155922 devstack@neutron-api.service[103355]: DEBUG neutron.pecan_wsgi.hooks.quota_enforcement [None req-31cf42dd-76e1-4b75-b1fc-66ff627ef49c admin admin] Made reservation on behalf of a0a0124119ea4ee2a5f7af3a74b901f7 for: {'network': 1} {{(pid=103355) before /opt/stack/neutron/neutron/pecan_wsgi/hooks/quota_enforcement.py:66}}
Feb 17 02:25:41.497672 np0000155922 devstack@neutron-api.service[103355]: DEBUG neutron_lib.callbacks.manager [None req-31cf42dd-76e1-4b75-b1fc-66ff627ef49c admin admin] Publish callbacks ['neutron.plugins.ml2.plugin.SecurityGroupDbMixin._ensure_default_security_group_handler-2290052'] for network (None), before_create {{(pid=103355) _notify_loop /opt/stack/data/venv/lib/python3.12/site-packages/neutron_lib/callbacks/manager.py:184}}
Feb 17 02:25:41.518168 np0000155922 devstack@neutron-api.service[103355]: DEBUG neutron.plugins.ml2.drivers.type_flat [None req-31cf42dd-76e1-4b75-b1fc-66ff627ef49c admin admin] Reserving flat network on physical network public {{(pid=103355) reserve_provider_segment /opt/stack/neutron/neutron/plugins/ml2/drivers/type_flat.py:100}}
Feb 17 02:25:41.531407 np0000155922 devstack@neutron-api.service[103355]: DEBUG neutron_lib.callbacks.manager [None req-31cf42dd-76e1-4b75-b1fc-66ff627ef49c admin admin] Publish callbacks ['neutron.services.segments.db._add_segment_host_mapping_for_segment-7948619022610', 'neutron.plugins.ml2.plugin.Ml2Plugin._handle_segment_change-2544626'] for segment (a25902be-76da-4c27-940f-5b3102760068), precommit_create {{(pid=103355) _notify_loop /opt/stack/data/venv/lib/python3.12/site-packages/neutron_lib/callbacks/manager.py:184}}
Feb 17 02:25:41.531657 np0000155922 devstack@neutron-api.service[103355]: DEBUG neutron_lib.callbacks.manager [None req-31cf42dd-76e1-4b75-b1fc-66ff627ef49c admin admin] Unsubscribe: segment precommit_create {{(pid=103355) unsubscribe /opt/stack/data/venv/lib/python3.12/site-packages/neutron_lib/callbacks/manager.py:90}}
Feb 17 02:25:41.531875 np0000155922 devstack@neutron-api.service[103355]: INFO neutron.db.segments_db [None req-31cf42dd-76e1-4b75-b1fc-66ff627ef49c admin admin] Added segment a25902be-76da-4c27-940f-5b3102760068 of type flat for network 7c160fe2-cd88-4423-a1f0-ff2009fe75b2
Feb 17 02:25:41.563419 np0000155922 devstack@neutron-api.service[103355]: DEBUG neutron_lib.callbacks.manager [None req-31cf42dd-76e1-4b75-b1fc-66ff627ef49c admin admin] Publish callbacks ['neutron.services.auto_allocate.db._ensure_external_network_default_value_callback-7948617367172'] for network (7c160fe2-cd88-4423-a1f0-ff2009fe75b2), precommit_create {{(pid=103355) _notify_loop /opt/stack/data/venv/lib/python3.12/site-packages/neutron_lib/callbacks/manager.py:184}}
Feb 17 02:25:41.579831 np0000155922 devstack@neutron-api.service[103355]: DEBUG neutron.plugins.ml2.drivers.ovn.mech_driver.mech_driver [None req-31cf42dd-76e1-4b75-b1fc-66ff627ef49c admin admin] Validating network segment with type flat, segmentation ID None, physical network public {{(pid=103355) _validate_network_segments /opt/stack/neutron/neutron/plugins/ml2/drivers/ovn/mech_driver/mech_driver.py:630}}
Feb 17 02:25:41.579968 np0000155922 devstack@neutron-api.service[103355]: DEBUG neutron.db.ovn_revision_numbers_db [None req-31cf42dd-76e1-4b75-b1fc-66ff627ef49c admin admin] create_initial_revision uuid=7c160fe2-cd88-4423-a1f0-ff2009fe75b2, type=networks, rev=-1 {{(pid=103355) create_initial_revision /opt/stack/neutron/neutron/db/ovn_revision_numbers_db.py:98}}
Feb 17 02:25:41.594921 np0000155922 devstack@neutron-api.service[103355]: DEBUG neutron_lib.callbacks.manager [None req-31cf42dd-76e1-4b75-b1fc-66ff627ef49c admin admin] Publish callbacks ['neutron.plugins.ml2.ovo_rpc._ObjectChangeHandler.handle_event-1123167'] for network (7c160fe2-cd88-4423-a1f0-ff2009fe75b2), after_create {{(pid=103355) _notify_loop /opt/stack/data/venv/lib/python3.12/site-packages/neutron_lib/callbacks/manager.py:184}}
Feb 17 02:25:41.624512 np0000155922 devstack@neutron-api.service[103355]: DEBUG neutron.api.rpc.handlers.resources_rpc [None req-31cf42dd-76e1-4b75-b1fc-66ff627ef49c admin admin] Pushing event updated for resources: {'Network': ['ID=7c160fe2-cd88-4423-a1f0-ff2009fe75b2,revision_number=1']} {{(pid=103355) push /opt/stack/neutron/neutron/api/rpc/handlers/resources_rpc.py:237}}
Feb 17 02:25:41.634118 np0000155922 devstack@neutron-api.service[103355]: DEBUG ovsdbapp.backend.ovs_idl.transaction [-] Running txn n=1 command(idx=0): AddNetworkCommand(_result=None, network_uuid=7c160fe2-cd88-4423-a1f0-ff2009fe75b2, may_exist=True, columns={'external_ids': {'neutron:network_name': 'public', 'neutron:mtu': '1430', 'neutron:revision_number': '1', 'neutron:availability_zone_hints': '', 'neutron:provnet-network-type': 'flat', 'neutron:provnet-physical-network': 'public'}, 'other_config': {'mcast_snoop': 'false', 'mcast_flood_unregistered': 'false', 'vlan-passthru': 'false', 'fdb_age_threshold': '0', 'broadcast-arps-to-all-routers': 'true'}}) {{(pid=103355) do_commit /opt/stack/data/venv/lib/python3.12/site-packages/ovsdbapp/backend/ovs_idl/transaction.py:89}}
Feb 17 02:25:41.634400 np0000155922 devstack@neutron-api.service[103355]: DEBUG neutron.common.ovn.utils [-] OVS persist_uuid supported=True {{(pid=103355) ovs_persist_uuid_supported /opt/stack/neutron/neutron/common/ovn/utils.py:1504}}
Feb 17 02:25:41.635016 np0000155922 devstack@neutron-api.service[103355]: DEBUG ovsdbapp.backend.ovs_idl.transaction [-] Running txn n=1 command(idx=1): AddLSwitchPortCommand(_result=None, lport=provnet-a25902be-76da-4c27-940f-5b3102760068, lswitch=neutron-7c160fe2-cd88-4423-a1f0-ff2009fe75b2, may_exist=True, network_uuid=7c160fe2-cd88-4423-a1f0-ff2009fe75b2, columns={'addresses': ['unknown'], 'external_ids': {}, 'type': 'localnet', 'tag': None, 'options': {'network_name': 'public', 'mcast_flood_reports': 'true', 'mcast_flood': 'false', 'localnet_learn_fdb': 'false'}}) {{(pid=103355) do_commit /opt/stack/data/venv/lib/python3.12/site-packages/ovsdbapp/backend/ovs_idl/transaction.py:89}}
Feb 17 02:25:41.641033 np0000155922 devstack@neutron-api.service[103358]: DEBUG neutron.plugins.ml2.drivers.ovn.mech_driver.ovsdb.ovsdb_monitor [-] Hash Ring: Node 6441b018199851fda1dd587591da4995 (host: np0000155922) handling event "create" for row 8998cf56-eb35-4b11-8be2-0c9dcd5e52af (table: Logical_Switch_Port) {{(pid=103358) notify /opt/stack/neutron/neutron/plugins/ml2/drivers/ovn/mech_driver/ovsdb/ovsdb_monitor.py:920}}
Feb 17 02:25:41.641986 np0000155922 devstack@neutron-api.service[103358]: DEBUG ovsdbapp.backend.ovs_idl.event [-] Matched CREATE: LogicalSwitchPortCreateEvent(events=('create',), table='Logical_Switch_Port', conditions=[], old_conditions=None), priority=20 to row=Logical_Switch_Port(name=provnet-a25902be-76da-4c27-940f-5b3102760068, ha_chassis_group=[], options={'localnet_learn_fdb': 'false', 'mcast_flood': 'false', 'mcast_flood_reports': 'true', 'network_name': 'public'}, parent_name=[], enabled=[], type=localnet, dhcpv6_options=[], addresses=['unknown'], tag=[], up=[], external_ids={}, tag_request=[], port_security=[], dynamic_addresses=[], dhcpv4_options=[], mirror_rules=[]) old= {{(pid=103358) matches /opt/stack/data/venv/lib/python3.12/site-packages/ovsdbapp/backend/ovs_idl/event.py:55}}
Feb 17 02:25:41.643486 np0000155922 devstack@neutron-api.service[103356]: DEBUG neutron.plugins.ml2.drivers.ovn.mech_driver.ovsdb.ovsdb_monitor [None req-6e4e1477-d342-4071-a082-eafc1a727839 None None] Touching Hash Ring node "90c2826f01fe50d4a3141e86bc4069be" from IDL notify handler {{(pid=103356) notify /opt/stack/neutron/neutron/plugins/ml2/drivers/ovn/mech_driver/ovsdb/ovsdb_monitor.py:912}}
Feb 17 02:25:41.644618 np0000155922 devstack@neutron-api.service[103358]: INFO neutron.plugins.ml2.drivers.ovn.mech_driver.mech_driver [-] OVN reports status down for port: provnet-a25902be-76da-4c27-940f-5b3102760068
Feb 17 02:25:41.644618 np0000155922 devstack@neutron-api.service[103358]: DEBUG neutron.plugins.ml2.drivers.ovn.mech_driver.ovsdb.ovsdb_monitor [-] Hash Ring: Node 6441b018199851fda1dd587591da4995 (host: np0000155922) handling event "update" for row 8998cf56-eb35-4b11-8be2-0c9dcd5e52af (table: Logical_Switch_Port) {{(pid=103358) notify /opt/stack/neutron/neutron/plugins/ml2/drivers/ovn/mech_driver/ovsdb/ovsdb_monitor.py:920}}
Feb 17 02:25:41.652956 np0000155922 devstack@neutron-api.service[103356]: DEBUG neutron.plugins.ml2.drivers.ovn.mech_driver.ovsdb.ovsdb_monitor [None req-226798f1-b680-4a59-b848-d3bf04f2373b None None] Touching Hash Ring node "90c2826f01fe50d4a3141e86bc4069be" from IDL notify handler {{(pid=103356) notify /opt/stack/neutron/neutron/plugins/ml2/drivers/ovn/mech_driver/ovsdb/ovsdb_monitor.py:912}}
Feb 17 02:25:41.658961 np0000155922 devstack@neutron-api.service[103356]: DEBUG neutron.plugins.ml2.drivers.ovn.mech_driver.ovsdb.ovsdb_monitor [None req-6e4e1477-d342-4071-a082-eafc1a727839 None None] Hash Ring: Node 90c2826f01fe50d4a3141e86bc4069be (host: np0000155922) handling event "create" for row 7c160fe2-cd88-4423-a1f0-ff2009fe75b2 (table: Logical_Switch) {{(pid=103356) notify /opt/stack/neutron/neutron/plugins/ml2/drivers/ovn/mech_driver/ovsdb/ovsdb_monitor.py:920}}
Feb 17 02:25:41.660385 np0000155922 devstack@neutron-api.service[103356]: DEBUG neutron.plugins.ml2.drivers.ovn.mech_driver.ovsdb.ovsdb_monitor [None req-226798f1-b680-4a59-b848-d3bf04f2373b None None] Hash Ring: Node 90c2826f01fe50d4a3141e86bc4069be (host: np0000155922) handling event "create" for row 04cd0e4a-f1a1-492c-8aa8-673ea8973103 (table: Datapath_Binding) {{(pid=103356) notify /opt/stack/neutron/neutron/plugins/ml2/drivers/ovn/mech_driver/ovsdb/ovsdb_monitor.py:920}}
Feb 17 02:25:41.662239 np0000155922 devstack@neutron-api.service[103356]: DEBUG neutron.plugins.ml2.drivers.ovn.mech_driver.ovsdb.ovsdb_monitor [None req-6e4e1477-d342-4071-a082-eafc1a727839 None None] Touching Hash Ring node "90c2826f01fe50d4a3141e86bc4069be" from IDL notify handler {{(pid=103356) notify /opt/stack/neutron/neutron/plugins/ml2/drivers/ovn/mech_driver/ovsdb/ovsdb_monitor.py:912}}
Feb 17 02:25:41.663839 np0000155922 devstack@neutron-api.service[103356]: DEBUG neutron.plugins.ml2.drivers.ovn.mech_driver.ovsdb.ovsdb_monitor [None req-226798f1-b680-4a59-b848-d3bf04f2373b None None] Touching Hash Ring node "90c2826f01fe50d4a3141e86bc4069be" from IDL notify handler {{(pid=103356) notify /opt/stack/neutron/neutron/plugins/ml2/drivers/ovn/mech_driver/ovsdb/ovsdb_monitor.py:912}}
Feb 17 02:25:41.667981 np0000155922 devstack@neutron-api.service[103358]: DEBUG neutron.plugins.ml2.drivers.ovn.mech_driver.ovsdb.ovsdb_monitor [-] Hash Ring: Node 6441b018199851fda1dd587591da4995 (host: np0000155922) handling event "create" for row 04cd0e4a-f1a1-492c-8aa8-673ea8973103 (table: Datapath_Binding) {{(pid=103358) notify /opt/stack/neutron/neutron/plugins/ml2/drivers/ovn/mech_driver/ovsdb/ovsdb_monitor.py:920}}
Feb 17 02:25:41.668262 np0000155922 devstack@neutron-api.service[103358]: DEBUG neutron.plugins.ml2.drivers.ovn.mech_driver.ovsdb.ovsdb_monitor [-] Hash Ring: Node 6441b018199851fda1dd587591da4995 (host: np0000155922) handling event "create" for row 4f2465a2-05ee-4f4a-b030-0d8f8b827d5e (table: Port_Binding) {{(pid=103358) notify /opt/stack/neutron/neutron/plugins/ml2/drivers/ovn/mech_driver/ovsdb/ovsdb_monitor.py:920}}
Feb 17 02:25:41.669286 np0000155922 devstack@neutron-api.service[103356]: DEBUG neutron.plugins.ml2.drivers.ovn.mech_driver.ovsdb.ovsdb_monitor [None req-226798f1-b680-4a59-b848-d3bf04f2373b None None] Hash Ring: Node 90c2826f01fe50d4a3141e86bc4069be (host: np0000155922) handling event "create" for row 4f2465a2-05ee-4f4a-b030-0d8f8b827d5e (table: Port_Binding) {{(pid=103356) notify /opt/stack/neutron/neutron/plugins/ml2/drivers/ovn/mech_driver/ovsdb/ovsdb_monitor.py:920}}
Feb 17 02:25:41.670525 np0000155922 devstack@neutron-api.service[103356]: DEBUG neutron.plugins.ml2.drivers.ovn.mech_driver.ovsdb.ovsdb_monitor [None req-6e4e1477-d342-4071-a082-eafc1a727839 None None] Hash Ring: Node 90c2826f01fe50d4a3141e86bc4069be (host: np0000155922) handling event "create" for row 8998cf56-eb35-4b11-8be2-0c9dcd5e52af (table: Logical_Switch_Port) {{(pid=103356) notify /opt/stack/neutron/neutron/plugins/ml2/drivers/ovn/mech_driver/ovsdb/ovsdb_monitor.py:920}}
Feb 17 02:25:41.670925 np0000155922 devstack@neutron-api.service[103356]: DEBUG ovsdbapp.backend.ovs_idl.event [None req-6e4e1477-d342-4071-a082-eafc1a727839 None None] Matched CREATE: LogicalSwitchPortCreateEvent(events=('create',), table='Logical_Switch_Port', conditions=[], old_conditions=None), priority=20 to row=Logical_Switch_Port(name=provnet-a25902be-76da-4c27-940f-5b3102760068, ha_chassis_group=[], options={'localnet_learn_fdb': 'false', 'mcast_flood': 'false', 'mcast_flood_reports': 'true', 'network_name': 'public'}, parent_name=[], enabled=[], type=localnet, dhcpv6_options=[], addresses=['unknown'], tag=[], up=[], external_ids={}, tag_request=[], port_security=[], dynamic_addresses=[], dhcpv4_options=[], mirror_rules=[]) old= {{(pid=103356) matches /opt/stack/data/venv/lib/python3.12/site-packages/ovsdbapp/backend/ovs_idl/event.py:55}}
Feb 17 02:25:41.671482 np0000155922 devstack@neutron-api.service[103355]: INFO neutron.db.ovn_revision_numbers_db [None req-31cf42dd-76e1-4b75-b1fc-66ff627ef49c admin admin] Successfully bumped revision number for resource 7c160fe2-cd88-4423-a1f0-ff2009fe75b2 (type: networks) to 1
Feb 17 02:25:41.672019 np0000155922 devstack@neutron-api.service[103356]: INFO neutron.plugins.ml2.drivers.ovn.mech_driver.mech_driver [None req-a75009f0-c958-4304-9087-bd18d7a3098c None None] OVN reports status down for port: provnet-a25902be-76da-4c27-940f-5b3102760068
Feb 17 02:25:41.673383 np0000155922 devstack@neutron-api.service[103356]: DEBUG neutron.plugins.ml2.drivers.ovn.mech_driver.ovsdb.ovsdb_monitor [None req-6e4e1477-d342-4071-a082-eafc1a727839 None None] Touching Hash Ring node "90c2826f01fe50d4a3141e86bc4069be" from IDL notify handler {{(pid=103356) notify /opt/stack/neutron/neutron/plugins/ml2/drivers/ovn/mech_driver/ovsdb/ovsdb_monitor.py:912}}
Feb 17 02:25:41.676241 np0000155922 devstack@neutron-api.service[103356]: DEBUG neutron.plugins.ml2.drivers.ovn.mech_driver.ovsdb.ovsdb_monitor [None req-6e4e1477-d342-4071-a082-eafc1a727839 None None] Hash Ring: Node 90c2826f01fe50d4a3141e86bc4069be (host: np0000155922) handling event "update" for row 8998cf56-eb35-4b11-8be2-0c9dcd5e52af (table: Logical_Switch_Port) {{(pid=103356) notify /opt/stack/neutron/neutron/plugins/ml2/drivers/ovn/mech_driver/ovsdb/ovsdb_monitor.py:920}}
Feb 17 02:25:41.703559 np0000155922 devstack@neutron-api.service[103355]: DEBUG neutron_lib.callbacks.manager [None req-31cf42dd-76e1-4b75-b1fc-66ff627ef49c admin admin] Publish callbacks ['neutron.plugins.ml2.plugin.SecurityGroupDbMixin._ensure_default_security_group_handler-2290052'] for port (None), before_create {{(pid=103355) _notify_loop /opt/stack/data/venv/lib/python3.12/site-packages/neutron_lib/callbacks/manager.py:184}}
Feb 17 02:25:41.773880 np0000155922 devstack@neutron-api.service[103355]: DEBUG neutron_lib.callbacks.manager [None req-31cf42dd-76e1-4b75-b1fc-66ff627ef49c admin admin] Publish callbacks ['neutron.plugins.ml2.drivers.ovn.mech_driver.mech_driver.OVNMechanismDriver._validate_allowed_address_pairs-677822'] for allowed_address_pair (46039dbc-e5c5-45ef-9ff9-af5383c8a3b2), before_create {{(pid=103355) _notify_loop /opt/stack/data/venv/lib/python3.12/site-packages/neutron_lib/callbacks/manager.py:184}}
Feb 17 02:25:41.774364 np0000155922 devstack@neutron-api.service[103355]: DEBUG neutron_lib.callbacks.manager [None req-31cf42dd-76e1-4b75-b1fc-66ff627ef49c admin admin] Publish callbacks [] for port (46039dbc-e5c5-45ef-9ff9-af5383c8a3b2), precommit_create {{(pid=103355) _notify_loop /opt/stack/data/venv/lib/python3.12/site-packages/neutron_lib/callbacks/manager.py:184}}
Feb 17 02:25:41.774549 np0000155922 devstack@neutron-api.service[103355]: DEBUG neutron.plugins.ml2.drivers.ovn.mech_driver.mech_driver [None req-31cf42dd-76e1-4b75-b1fc-66ff627ef49c admin admin] No provisioning block for port 46039dbc-e5c5-45ef-9ff9-af5383c8a3b2 since it does not have a host {{(pid=103355) _is_port_provisioning_required /opt/stack/neutron/neutron/plugins/ml2/drivers/ovn/mech_driver/mech_driver.py:883}}
Feb 17 02:25:41.774681 np0000155922 devstack@neutron-api.service[103355]: DEBUG neutron.db.ovn_revision_numbers_db [None req-31cf42dd-76e1-4b75-b1fc-66ff627ef49c admin admin] create_initial_revision uuid=46039dbc-e5c5-45ef-9ff9-af5383c8a3b2, type=ports, rev=-1 {{(pid=103355) create_initial_revision /opt/stack/neutron/neutron/db/ovn_revision_numbers_db.py:98}}
Feb 17 02:25:41.815663 np0000155922 devstack@neutron-api.service[103355]: DEBUG neutron_lib.callbacks.manager [None req-31cf42dd-76e1-4b75-b1fc-66ff627ef49c admin admin] Publish callbacks ['neutron.plugins.ml2.ovo_rpc._ObjectChangeHandler.handle_event-1123150'] for port (46039dbc-e5c5-45ef-9ff9-af5383c8a3b2), after_create {{(pid=103355) _notify_loop /opt/stack/data/venv/lib/python3.12/site-packages/neutron_lib/callbacks/manager.py:184}}
Feb 17 02:25:41.844955 np0000155922 devstack@neutron-api.service[103355]: DEBUG neutron.api.rpc.handlers.resources_rpc [None req-31cf42dd-76e1-4b75-b1fc-66ff627ef49c admin admin] Pushing event updated for resources: {'Port': ['ID=46039dbc-e5c5-45ef-9ff9-af5383c8a3b2,revision_number=1']} {{(pid=103355) push /opt/stack/neutron/neutron/api/rpc/handlers/resources_rpc.py:237}}
Feb 17 02:25:41.860939 np0000155922 devstack@neutron-api.service[103355]: DEBUG ovsdbapp.backend.ovs_idl.transaction [-] Running txn n=1 command(idx=0): AddLSwitchPortCommand(_result=None, lport=46039dbc-e5c5-45ef-9ff9-af5383c8a3b2, lswitch=neutron-7c160fe2-cd88-4423-a1f0-ff2009fe75b2, may_exist=True, network_uuid=7c160fe2-cd88-4423-a1f0-ff2009fe75b2, columns={'addresses': ['fa:16:3e:5d:34:dd'], 'external_ids': {'neutron:port_name': '', 'neutron:device_id': 'ovnmeta-7c160fe2-cd88-4423-a1f0-ff2009fe75b2', 'neutron:project_id': 'a0a0124119ea4ee2a5f7af3a74b901f7', 'neutron:cidrs': '', 'neutron:device_owner': 'network:distributed', 'neutron:subnet_pool_addr_scope4': '', 'neutron:subnet_pool_addr_scope6': '', 'neutron:network_name': 'neutron-7c160fe2-cd88-4423-a1f0-ff2009fe75b2', 'neutron:security_group_ids': '', 'neutron:revision_number': '1', 'neutron:vnic_type': 'normal', 'neutron:port_capabilities': '', 'neutron:mtu': ''}, 'parent_name': [], 'tag': [], 'enabled': True, 'options': {}, 'type': 'localport', 'port_security': [], 'dhcpv4_options': [], 'dhcpv6_options': []}) {{(pid=103355) do_commit /opt/stack/data/venv/lib/python3.12/site-packages/ovsdbapp/backend/ovs_idl/transaction.py:89}}
Feb 17 02:25:41.861940 np0000155922 devstack@neutron-api.service[103355]: DEBUG ovsdbapp.backend.ovs_idl.transaction [-] Running txn n=1 command(idx=1): QoSDelCommand(_result=None, switch=neutron-7c160fe2-cd88-4423-a1f0-ff2009fe75b2, conditions=[('direction', '=', 'to-lport'), ('priority', '=', 2002), ('match', '=', 'outport == "46039dbc-e5c5-45ef-9ff9-af5383c8a3b2"')], if_exists=True) {{(pid=103355) do_commit /opt/stack/data/venv/lib/python3.12/site-packages/ovsdbapp/backend/ovs_idl/transaction.py:89}}
Feb 17 02:25:41.862245 np0000155922 devstack@neutron-api.service[103355]: DEBUG ovsdbapp.backend.ovs_idl.transaction [-] Running txn n=1 command(idx=2): QoSDelCommand(_result=None, switch=neutron-7c160fe2-cd88-4423-a1f0-ff2009fe75b2, conditions=[('direction', '=', 'from-lport'), ('priority', '=', 2002), ('match', '=', 'inport == "46039dbc-e5c5-45ef-9ff9-af5383c8a3b2"')], if_exists=True) {{(pid=103355) do_commit /opt/stack/data/venv/lib/python3.12/site-packages/ovsdbapp/backend/ovs_idl/transaction.py:89}}
Feb 17 02:25:41.862602 np0000155922 devstack@neutron-api.service[103355]: DEBUG ovsdbapp.backend.ovs_idl.transaction [-] Running txn n=1 command(idx=3): UpdateLSwitchPortQosOptionsCommand(_result=None, lport=AddLSwitchPortCommand(_result=248f1c47-3a33-4324-a04e-1a0816f6bf22, lport=46039dbc-e5c5-45ef-9ff9-af5383c8a3b2, lswitch=neutron-7c160fe2-cd88-4423-a1f0-ff2009fe75b2, may_exist=True, network_uuid=7c160fe2-cd88-4423-a1f0-ff2009fe75b2, columns={'addresses': ['fa:16:3e:5d:34:dd'], 'external_ids': {'neutron:port_name': '', 'neutron:device_id': 'ovnmeta-7c160fe2-cd88-4423-a1f0-ff2009fe75b2', 'neutron:project_id': 'a0a0124119ea4ee2a5f7af3a74b901f7', 'neutron:cidrs': '', 'neutron:device_owner': 'network:distributed', 'neutron:subnet_pool_addr_scope4': '', 'neutron:subnet_pool_addr_scope6': '', 'neutron:network_name': 'neutron-7c160fe2-cd88-4423-a1f0-ff2009fe75b2', 'neutron:security_group_ids': '', 'neutron:revision_number': '1', 'neutron:vnic_type': 'normal', 'neutron:port_capabilities': '', 'neutron:mtu': ''}, 'parent_name': [], 'enabled': True, 'options': {}, 'type': 'localport', 'port_security': []}), if_exists=True, qos={'qos_max_rate': None, 'qos_burst': None, 'qos_min_rate': None}) {{(pid=103355) do_commit /opt/stack/data/venv/lib/python3.12/site-packages/ovsdbapp/backend/ovs_idl/transaction.py:89}}
Feb 17 02:25:41.867556 np0000155922 devstack@neutron-api.service[103358]: DEBUG neutron.plugins.ml2.drivers.ovn.mech_driver.ovsdb.ovsdb_monitor [-] Hash Ring: Node 6441b018199851fda1dd587591da4995 (host: np0000155922) handling event "create" for row 81750b01-515d-4a86-98f7-eadd4b180821 (table: Logical_Switch_Port) {{(pid=103358) notify /opt/stack/neutron/neutron/plugins/ml2/drivers/ovn/mech_driver/ovsdb/ovsdb_monitor.py:920}}
Feb 17 02:25:41.868157 np0000155922 devstack@neutron-api.service[103358]: DEBUG ovsdbapp.backend.ovs_idl.event [-] Matched CREATE: LogicalSwitchPortCreateEvent(events=('create',), table='Logical_Switch_Port', conditions=[], old_conditions=None), priority=20 to row=Logical_Switch_Port(name=46039dbc-e5c5-45ef-9ff9-af5383c8a3b2, ha_chassis_group=[], options={}, parent_name=[], enabled=[True], type=localport, dhcpv6_options=[], addresses=['fa:16:3e:5d:34:dd'], tag=[], up=[], external_ids={'neutron:cidrs': '', 'neutron:device_id': 'ovnmeta-7c160fe2-cd88-4423-a1f0-ff2009fe75b2', 'neutron:device_owner': 'network:distributed', 'neutron:mtu': '', 'neutron:network_name': 'neutron-7c160fe2-cd88-4423-a1f0-ff2009fe75b2', 'neutron:port_capabilities': '', 'neutron:port_name': '', 'neutron:project_id': 'a0a0124119ea4ee2a5f7af3a74b901f7', 'neutron:revision_number': '1', 'neutron:security_group_ids': '', 'neutron:subnet_pool_addr_scope4': '', 'neutron:subnet_pool_addr_scope6': '', 'neutron:vnic_type': 'normal'}, tag_request=[], port_security=[], dynamic_addresses=[], dhcpv4_options=[], mirror_rules=[]) old= {{(pid=103358) matches /opt/stack/data/venv/lib/python3.12/site-packages/ovsdbapp/backend/ovs_idl/event.py:55}}
Feb 17 02:25:41.869923 np0000155922 devstack@neutron-api.service[103358]: INFO neutron.plugins.ml2.drivers.ovn.mech_driver.mech_driver [None req-5b7eed60-4a5c-4558-aa19-fe45c5851332 None None] OVN reports status down for port: 46039dbc-e5c5-45ef-9ff9-af5383c8a3b2
Feb 17 02:25:41.870389 np0000155922 devstack@neutron-api.service[103358]: DEBUG neutron.plugins.ml2.drivers.ovn.mech_driver.ovsdb.ovsdb_monitor [-] Hash Ring: Node 6441b018199851fda1dd587591da4995 (host: np0000155922) handling event "update" for row 81750b01-515d-4a86-98f7-eadd4b180821 (table: Logical_Switch_Port) {{(pid=103358) notify /opt/stack/neutron/neutron/plugins/ml2/drivers/ovn/mech_driver/ovsdb/ovsdb_monitor.py:920}}
Feb 17 02:25:41.872548 np0000155922 devstack@neutron-api.service[103356]: DEBUG neutron.plugins.ml2.drivers.ovn.mech_driver.ovsdb.ovsdb_monitor [None req-6e4e1477-d342-4071-a082-eafc1a727839 None None] Touching Hash Ring node "90c2826f01fe50d4a3141e86bc4069be" from IDL notify handler {{(pid=103356) notify /opt/stack/neutron/neutron/plugins/ml2/drivers/ovn/mech_driver/ovsdb/ovsdb_monitor.py:912}}
Feb 17 02:25:41.874449 np0000155922 devstack@neutron-api.service[103356]: DEBUG neutron.plugins.ml2.drivers.ovn.mech_driver.ovsdb.ovsdb_monitor [None req-226798f1-b680-4a59-b848-d3bf04f2373b None None] Touching Hash Ring node "90c2826f01fe50d4a3141e86bc4069be" from IDL notify handler {{(pid=103356) notify /opt/stack/neutron/neutron/plugins/ml2/drivers/ovn/mech_driver/ovsdb/ovsdb_monitor.py:912}}
Feb 17 02:25:41.874858 np0000155922 devstack@neutron-api.service[103358]: DEBUG neutron.plugins.ml2.drivers.ovn.mech_driver.ovsdb.ovsdb_monitor [-] Hash Ring: Node 6441b018199851fda1dd587591da4995 (host: np0000155922) handling event "create" for row a73d9d75-e03c-4ddb-9527-ada9c5cf9573 (table: Port_Binding) {{(pid=103358) notify /opt/stack/neutron/neutron/plugins/ml2/drivers/ovn/mech_driver/ovsdb/ovsdb_monitor.py:920}}
Feb 17 02:25:41.878710 np0000155922 devstack@neutron-api.service[103356]: DEBUG neutron.plugins.ml2.drivers.ovn.mech_driver.ovsdb.ovsdb_monitor [None req-6e4e1477-d342-4071-a082-eafc1a727839 None None] Hash Ring: Node 90c2826f01fe50d4a3141e86bc4069be (host: np0000155922) handling event "update" for row 7c160fe2-cd88-4423-a1f0-ff2009fe75b2 (table: Logical_Switch) {{(pid=103356) notify /opt/stack/neutron/neutron/plugins/ml2/drivers/ovn/mech_driver/ovsdb/ovsdb_monitor.py:920}}
Feb 17 02:25:41.880609 np0000155922 devstack@neutron-api.service[103356]: DEBUG neutron.plugins.ml2.drivers.ovn.mech_driver.ovsdb.ovsdb_monitor [None req-6e4e1477-d342-4071-a082-eafc1a727839 None None] Touching Hash Ring node "90c2826f01fe50d4a3141e86bc4069be" from IDL notify handler {{(pid=103356) notify /opt/stack/neutron/neutron/plugins/ml2/drivers/ovn/mech_driver/ovsdb/ovsdb_monitor.py:912}}
Feb 17 02:25:41.882275 np0000155922 devstack@neutron-api.service[103356]: DEBUG neutron.plugins.ml2.drivers.ovn.mech_driver.ovsdb.ovsdb_monitor [None req-226798f1-b680-4a59-b848-d3bf04f2373b None None] Hash Ring: Node 90c2826f01fe50d4a3141e86bc4069be (host: np0000155922) handling event "create" for row a73d9d75-e03c-4ddb-9527-ada9c5cf9573 (table: Port_Binding) {{(pid=103356) notify /opt/stack/neutron/neutron/plugins/ml2/drivers/ovn/mech_driver/ovsdb/ovsdb_monitor.py:920}}
Feb 17 02:25:41.885247 np0000155922 devstack@neutron-api.service[103356]: DEBUG neutron.plugins.ml2.drivers.ovn.mech_driver.ovsdb.ovsdb_monitor [None req-6e4e1477-d342-4071-a082-eafc1a727839 None None] Hash Ring: Node 90c2826f01fe50d4a3141e86bc4069be (host: np0000155922) handling event "create" for row 81750b01-515d-4a86-98f7-eadd4b180821 (table: Logical_Switch_Port) {{(pid=103356) notify /opt/stack/neutron/neutron/plugins/ml2/drivers/ovn/mech_driver/ovsdb/ovsdb_monitor.py:920}}
Feb 17 02:25:41.886595 np0000155922 devstack@neutron-api.service[103356]: DEBUG ovsdbapp.backend.ovs_idl.event [None req-6e4e1477-d342-4071-a082-eafc1a727839 None None] Matched CREATE: LogicalSwitchPortCreateEvent(events=('create',), table='Logical_Switch_Port', conditions=[], old_conditions=None), priority=20 to row=Logical_Switch_Port(name=46039dbc-e5c5-45ef-9ff9-af5383c8a3b2, ha_chassis_group=[], options={}, parent_name=[], enabled=[True], type=localport, dhcpv6_options=[], addresses=['fa:16:3e:5d:34:dd'], tag=[], up=[], external_ids={'neutron:cidrs': '', 'neutron:device_id': 'ovnmeta-7c160fe2-cd88-4423-a1f0-ff2009fe75b2', 'neutron:device_owner': 'network:distributed', 'neutron:mtu': '', 'neutron:network_name': 'neutron-7c160fe2-cd88-4423-a1f0-ff2009fe75b2', 'neutron:port_capabilities': '', 'neutron:port_name': '', 'neutron:project_id': 'a0a0124119ea4ee2a5f7af3a74b901f7', 'neutron:revision_number': '1', 'neutron:security_group_ids': '', 'neutron:subnet_pool_addr_scope4': '', 'neutron:subnet_pool_addr_scope6': '', 'neutron:vnic_type': 'normal'}, tag_request=[], port_security=[], dynamic_addresses=[], dhcpv4_options=[], mirror_rules=[]) old= {{(pid=103356) matches /opt/stack/data/venv/lib/python3.12/site-packages/ovsdbapp/backend/ovs_idl/event.py:55}}
Feb 17 02:25:41.888017 np0000155922 devstack@neutron-api.service[103356]: INFO neutron.plugins.ml2.drivers.ovn.mech_driver.mech_driver [None req-a75009f0-c958-4304-9087-bd18d7a3098c None None] OVN reports status down for port: 46039dbc-e5c5-45ef-9ff9-af5383c8a3b2
Feb 17 02:25:41.889659 np0000155922 devstack@neutron-api.service[103356]: DEBUG neutron.plugins.ml2.drivers.ovn.mech_driver.ovsdb.ovsdb_monitor [None req-6e4e1477-d342-4071-a082-eafc1a727839 None None] Touching Hash Ring node "90c2826f01fe50d4a3141e86bc4069be" from IDL notify handler {{(pid=103356) notify /opt/stack/neutron/neutron/plugins/ml2/drivers/ovn/mech_driver/ovsdb/ovsdb_monitor.py:912}}
