2026-03-03 13:08:38.327 8 INFO neutron.plugins.ml2.drivers.ovn.mech_driver.mech_driver [None req-f31f4ed7-2cab-49dc-852f-73cee821cba6 - - - - - -] OVN reports status down for port: 4ddda82d-5a80-4995-92cb-afd37e474e73
2026-03-03 13:08:38.360 7 INFO neutron.db.ovn_revision_numbers_db [None req-5b42aac3-891f-4a92-bc27-02f163a557e5 2105832f3d2a44159fdefb13ebb72eb7 5f10acbf33dc4dd98c757c5fa69e5cac - - default default] Successfully bumped revision number for resource 4ddda82d-5a80-4995-92cb-afd37e474e73 (type: ports) to 1 [pid: 7|app: 0|req: 1767/3531] 10.0.0.48 () {34 vars in 668 bytes} [Tue Mar 3 13:08:37 2026] POST /v2.0/networks => generated 749 bytes in 442 msecs (HTTP/1.1 201) 4 headers in 162 bytes (1 switches on core 0)
2026-03-03 13:08:38.555 8 WARNING neutron.scheduler.dhcp_agent_scheduler [None req-08cac0fd-5bd8-413b-84b3-a4fd5ef7380e 2105832f3d2a44159fdefb13ebb72eb7 5f10acbf33dc4dd98c757c5fa69e5cac - - default default] No more DHCP agents
2026-03-03 13:08:38.557 8 WARNING neutron.api.rpc.agentnotifiers.dhcp_rpc_agent_api [None req-08cac0fd-5bd8-413b-84b3-a4fd5ef7380e 2105832f3d2a44159fdefb13ebb72eb7 5f10acbf33dc4dd98c757c5fa69e5cac - - default default] Unable to schedule network 668f1912-62e8-4750-ab02-e9a68e89a588: no agents available; will retry on subsequent port and subnet creation events.
2026-03-03 13:08:38.965 8 INFO neutron.db.ovn_revision_numbers_db [None req-436bce49-4ff7-4bdd-b51f-6e3f9d207f29 - - - - - -] Successfully bumped revision number for resource 4ddda82d-5a80-4995-92cb-afd37e474e73 (type: ports) to 2
2026-03-03 13:08:38.996 8 INFO neutron.db.ovn_revision_numbers_db [None req-436bce49-4ff7-4bdd-b51f-6e3f9d207f29 - - - - - -] Successfully bumped revision number for resource 52a2ff4a-66af-4160-b7ec-0e09c215e967 (type: subnets) to 0 [pid: 8|app: 0|req: 1765/3532] 10.0.0.48 () {34 vars in 667 bytes} [Tue Mar 3 13:08:38 2026] POST /v2.0/subnets => generated 647 bytes in 626 msecs (HTTP/1.1 201) 4 headers in 162 bytes (1 switches on core 0)
2026-03-03 13:08:39.026 7 WARNING neutron.api.v2.base [None req-0c045df7-52cc-4816-8152-ab4344417d09 2105832f3d2a44159fdefb13ebb72eb7 5f10acbf33dc4dd98c757c5fa69e5cac - - default default] An exception happened while processing the request body. The exception message is [Invalid input for target_tenant. Reason: '1234123412341234123412341234123412341234123412341234123412341234123412341234123412341234123412341234123412341234123412341234123412341234123412341234123412341234123412341234123412341234123412341234123412341234123412341234123412341234123412341234123412341234123412341234123412341234123412341234123412341234123412341234123412341234123412341234123412341234123412341234123412341234123412341234123412341234' exceeds maximum length of 255.].: webob.exc.HTTPBadRequest: Invalid input for target_tenant. Reason: '1234123412341234123412341234123412341234123412341234123412341234123412341234123412341234123412341234123412341234123412341234123412341234123412341234123412341234123412341234123412341234123412341234123412341234123412341234123412341234123412341234123412341234123412341234123412341234123412341234123412341234123412341234123412341234123412341234123412341234123412341234123412341234123412341234123412341234' exceeds maximum length of 255.
2026-03-03 13:08:39.027 7 INFO neutron.api.v2.resource [None req-0c045df7-52cc-4816-8152-ab4344417d09 2105832f3d2a44159fdefb13ebb72eb7 5f10acbf33dc4dd98c757c5fa69e5cac - - default default] create failed (client error): Invalid input for target_tenant. Reason: '1234123412341234123412341234123412341234123412341234123412341234123412341234123412341234123412341234123412341234123412341234123412341234123412341234123412341234123412341234123412341234123412341234123412341234123412341234123412341234123412341234123412341234123412341234123412341234123412341234123412341234123412341234123412341234123412341234123412341234123412341234123412341234123412341234123412341234' exceeds maximum length of 255. [pid: 7|app: 0|req: 1768/3533] 10.0.0.48 () {34 vars in 679 bytes} [Tue Mar 3 13:08:39 2026] POST /v2.0/rbac-policies => generated 547 bytes in 11 msecs (HTTP/1.1 400) 4 headers in 166 bytes (1 switches on core 0)
2026-03-03 13:08:39.167 8 INFO neutron_taas.services.taas.taas_plugin [None req-4bc25ecf-30f6-401f-9827-005ac58d7999 2105832f3d2a44159fdefb13ebb72eb7 5f10acbf33dc4dd98c757c5fa69e5cac - - default default] TaaS: Handle Delete Port: 4ddda82d-5a80-4995-92cb-afd37e474e73
2026-03-03 13:08:39.170 8 INFO neutron_taas.services.taas.tap_mirror_plugin [None req-4bc25ecf-30f6-401f-9827-005ac58d7999 2105832f3d2a44159fdefb13ebb72eb7 5f10acbf33dc4dd98c757c5fa69e5cac - - default default] Tap Mirror: Handle Delete Port: 4ddda82d-5a80-4995-92cb-afd37e474e73 [pid: 8|app: 0|req: 1766/3534] 10.0.0.48 () {32 vars in 724 bytes} [Tue Mar 3 13:08:39 2026] DELETE /v2.0/networks/668f1912-62e8-4750-ab02-e9a68e89a588 => generated 0 bytes in 460 msecs (HTTP/1.1 204) 3 headers in 131 bytes (1 switches on core 0)
2026-03-03 13:08:39.595 7 INFO neutron.db.segments_db [None req-ee44a5bf-cfdd-4e99-bcc1-94532b519816 2105832f3d2a44159fdefb13ebb72eb7 5f10acbf33dc4dd98c757c5fa69e5cac - - default default] Added segment 8054e4f8-472c-4fdf-bb41-a45b81bb5727 of type geneve for network 056b5518-a22e-44f0-a48d-942c4b096062
2026-03-03 13:08:39.706 7 INFO neutron.db.ovn_revision_numbers_db [None req-ee44a5bf-cfdd-4e99-bcc1-94532b519816 2105832f3d2a44159fdefb13ebb72eb7 5f10acbf33dc4dd98c757c5fa69e5cac - - default default] Successfully bumped revision number for resource 056b5518-a22e-44f0-a48d-942c4b096062 (type: networks) to 1
2026-03-03 13:08:39.845 7 WARNING neutron.scheduler.dhcp_agent_scheduler [None req-ee44a5bf-cfdd-4e99-bcc1-94532b519816 2105832f3d2a44159fdefb13ebb72eb7 5f10acbf33dc4dd98c757c5fa69e5cac - - default default] No more DHCP agents
2026-03-03 13:08:39.846 7 WARNING neutron.api.rpc.agentnotifiers.dhcp_rpc_agent_api [None req-ee44a5bf-cfdd-4e99-bcc1-94532b519816 2105832f3d2a44159fdefb13ebb72eb7 5f10acbf33dc4dd98c757c5fa69e5cac - - default default] Unable to schedule network 056b5518-a22e-44f0-a48d-942c4b096062: no agents available; will retry on subsequent port and subnet creation events.
2026-03-03 13:08:39.896 8 INFO neutron.plugins.ml2.drivers.ovn.mech_driver.mech_driver [None req-f31f4ed7-2cab-49dc-852f-73cee821cba6 - - - - - -] OVN reports status down for port: 8cadfe06-256d-4d59-9547-aec7b0f59eee
2026-03-03 13:08:39.918 7 INFO neutron.db.ovn_revision_numbers_db [None req-ee44a5bf-cfdd-4e99-bcc1-94532b519816 2105832f3d2a44159fdefb13ebb72eb7 5f10acbf33dc4dd98c757c5fa69e5cac - - default default] Successfully bumped revision number for resource 8cadfe06-256d-4d59-9547-aec7b0f59eee (type: ports) to 1
2026-03-03 13:08:39.946 8 INFO neutron.services.segments.plugin [-] Segment 9ce27d70-96af-4ef7-8f6f-819feed4367a resource provider aggregate not found
2026-03-03 13:08:39.948 8 INFO neutron.services.segments.plugin [-] Segment 9ce27d70-96af-4ef7-8f6f-819feed4367a resource provider aggregate not found [pid: 7|app: 0|req: 1769/3535] 10.0.0.48 () {34 vars in 668 bytes} [Tue Mar 3 13:08:39 2026] POST /v2.0/networks => generated 749 bytes in 462 msecs (HTTP/1.1 201) 4 headers in 162 bytes (1 switches on core 0)
2026-03-03 13:08:39.968 8 INFO neutron.services.segments.plugin [-] Segment 9ce27d70-96af-4ef7-8f6f-819feed4367a resource provider not found; error: Placement Client Error (4xx): {"errors": [{"status": 404, "title": "Not Found", "detail": "The resource could not be found.\n\n No resource provider with uuid 9ce27d70-96af-4ef7-8f6f-819feed4367a found for delete ", "request_id": "req-4b941f32-c5d5-43ff-9ca6-b12b64adb0f1"}]}
2026-03-03 13:08:39.976 8 INFO neutron.services.segments.plugin [-] Segment 9ce27d70-96af-4ef7-8f6f-819feed4367a resource provider not found; error: Placement Client Error (4xx): {"errors": [{"status": 404, "title": "Not Found", "detail": "The resource could not be found.\n\n No resource provider with uuid 9ce27d70-96af-4ef7-8f6f-819feed4367a found for delete ", "request_id": "req-bebf9295-3303-40e2-a55b-84f0bb8fbed0"}]}
2026-03-03 13:08:40.107 8 WARNING neutron.scheduler.dhcp_agent_scheduler [None req-54fdcf47-2e21-47d1-b24e-bf6f3ba38165 2105832f3d2a44159fdefb13ebb72eb7 5f10acbf33dc4dd98c757c5fa69e5cac - - default default] No more DHCP agents
2026-03-03 13:08:40.108 8 WARNING neutron.api.rpc.agentnotifiers.dhcp_rpc_agent_api [None req-54fdcf47-2e21-47d1-b24e-bf6f3ba38165 2105832f3d2a44159fdefb13ebb72eb7 5f10acbf33dc4dd98c757c5fa69e5cac - - default default] Unable to schedule network 056b5518-a22e-44f0-a48d-942c4b096062: no agents available; will retry on subsequent port and subnet creation events.
2026-03-03 13:08:40.544 8 INFO neutron.db.ovn_revision_numbers_db [None req-2db2e9ac-f3ca-460b-804b-dfec4377962f - - - - - -] Successfully bumped revision number for resource 8cadfe06-256d-4d59-9547-aec7b0f59eee (type: ports) to 2
2026-03-03 13:08:40.574 8 INFO neutron.db.ovn_revision_numbers_db [None req-2db2e9ac-f3ca-460b-804b-dfec4377962f - - - - - -] Successfully bumped revision number for resource bbf71de0-538d-40d6-8d42-244de11ae491 (type: subnets) to 0 [pid: 8|app: 0|req: 1767/3536] 10.0.0.48 () {34 vars in 667 bytes} [Tue Mar 3 13:08:39 2026] POST /v2.0/subnets => generated 647 bytes in 626 msecs (HTTP/1.1 201) 4 headers in 162 bytes (1 switches on core 0) [pid: 7|app: 0|req: 1770/3537] 10.0.0.48 () {34 vars in 679 bytes} [Tue Mar 3 13:08:40 2026] POST /v2.0/rbac-policies => generated 324 bytes in 213 msecs (HTTP/1.1 201) 4 headers in 162 bytes (1 switches on core 0) [pid: 8|app: 0|req: 1768/3538] 10.0.0.48 () {32 vars in 721 bytes} [Tue Mar 3 13:08:41 2026] GET /v2.0/networks/056b5518-a22e-44f0-a48d-942c4b096062 => generated 693 bytes in 81 msecs (HTTP/1.1 200) 4 headers in 157 bytes (1 switches on core 0)
2026-03-03 13:08:41.650 7 INFO neutron.pecan_wsgi.hooks.translation [None req-ed587ebf-1e1f-47c1-82bf-e61ad345061e 0bee67a173044a5a9ecf9470e317cd60 dd08bf4624404966be2e4c493bd05933 - - default default] GET failed (client error): The resource could not be found. [pid: 7|app: 0|req: 1771/3539] 10.0.0.48 () {32 vars in 721 bytes} [Tue Mar 3 13:08:41 2026] GET /v2.0/networks/056b5518-a22e-44f0-a48d-942c4b096062 => generated 138 bytes in 48 msecs (HTTP/1.1 404) 4 headers in 164 bytes (1 switches on core 0)
2026-03-03 13:08:41.789 8 INFO neutron_taas.services.taas.taas_plugin [None req-182acec9-151a-4820-a97b-e92db9aadb85 2105832f3d2a44159fdefb13ebb72eb7 5f10acbf33dc4dd98c757c5fa69e5cac - - default default] TaaS: Handle Delete Port: 8cadfe06-256d-4d59-9547-aec7b0f59eee
2026-03-03 13:08:41.792 8 INFO neutron_taas.services.taas.tap_mirror_plugin [None req-182acec9-151a-4820-a97b-e92db9aadb85 2105832f3d2a44159fdefb13ebb72eb7 5f10acbf33dc4dd98c757c5fa69e5cac - - default default] Tap Mirror: Handle Delete Port: 8cadfe06-256d-4d59-9547-aec7b0f59eee
2026-03-03 13:08:42.106 8 INFO neutron.services.segments.plugin [-] Segment 8054e4f8-472c-4fdf-bb41-a45b81bb5727 resource provider aggregate not found
2026-03-03 13:08:42.111 8 INFO neutron.services.segments.plugin [-] Segment 8054e4f8-472c-4fdf-bb41-a45b81bb5727 resource provider aggregate not found
2026-03-03 13:08:42.132 8 INFO neutron.services.segments.plugin [-] Segment 8054e4f8-472c-4fdf-bb41-a45b81bb5727 resource provider not found; error: Placement Client Error (4xx): {"errors": [{"status": 404, "title": "Not Found", "detail": "The resource could not be found.\n\n No resource provider with uuid 8054e4f8-472c-4fdf-bb41-a45b81bb5727 found for delete ", "request_id": "req-16cf1b84-e541-4190-9cc5-ae32084d33d1"}]}
2026-03-03 13:08:42.135 8 INFO neutron.services.segments.plugin [-] Segment 8054e4f8-472c-4fdf-bb41-a45b81bb5727 resource provider not found; error: Placement Client Error (4xx): {"errors": [{"status": 404, "title": "Not Found", "detail": "The resource could not be found.\n\n No resource provider with uuid 8054e4f8-472c-4fdf-bb41-a45b81bb5727 found for delete ", "request_id": "req-dd19a528-a097-4095-8ca1-f6c69ce049ca"}]} [pid: 8|app: 0|req: 1769/3540] 10.0.0.48 () {32 vars in 724 bytes} [Tue Mar 3 13:08:41 2026] DELETE /v2.0/networks/056b5518-a22e-44f0-a48d-942c4b096062 => generated 0 bytes in 506 msecs (HTTP/1.1 204) 3 headers in 131 bytes (1 switches on core 0)
2026-03-03 13:08:42.183 7 INFO neutron.pecan_wsgi.hooks.translation [None req-9d7e0ef7-c122-4669-a640-26ceb0c31753 2105832f3d2a44159fdefb13ebb72eb7 5f10acbf33dc4dd98c757c5fa69e5cac - - default default] DELETE failed (client error): The resource could not be found. [pid: 7|app: 0|req: 1772/3541] 10.0.0.48 () {32 vars in 722 bytes} [Tue Mar 3 13:08:42 2026] DELETE /v2.0/subnets/2408aea2-8628-4b19-8867-122b058c01d9 => generated 136 bytes in 17 msecs (HTTP/1.1 404) 4 headers in 164 bytes (1 switches on core 0)
2026-03-03 13:08:42.205 8 INFO neutron.pecan_wsgi.hooks.translation [None req-5701b185-6fa3-4228-9ea3-2bd78d88b268 2105832f3d2a44159fdefb13ebb72eb7 5f10acbf33dc4dd98c757c5fa69e5cac - - default default] DELETE failed (client error): The resource could not be found. [pid: 8|app: 0|req: 1770/3542] 10.0.0.48 () {32 vars in 722 bytes} [Tue Mar 3 13:08:42 2026] DELETE /v2.0/subnets/52a2ff4a-66af-4160-b7ec-0e09c215e967 => generated 136 bytes in 17 msecs (HTTP/1.1 404) 4 headers in 164 bytes (1 switches on core 0)
2026-03-03 13:08:42.225 7 INFO neutron.pecan_wsgi.hooks.translation [None req-4e119e17-393a-47c6-b5ea-b8018535c1be 2105832f3d2a44159fdefb13ebb72eb7 5f10acbf33dc4dd98c757c5fa69e5cac - - default default] DELETE failed (client error): The resource could not be found. [pid: 7|app: 0|req: 1773/3543] 10.0.0.48 () {32 vars in 722 bytes} [Tue Mar 3 13:08:42 2026] DELETE /v2.0/subnets/bbf71de0-538d-40d6-8d42-244de11ae491 => generated 136 bytes in 17 msecs (HTTP/1.1 404) 4 headers in 164 bytes (1 switches on core 0)
2026-03-03 13:08:43.274 8 INFO neutron.db.ovn_revision_numbers_db [None req-383a6170-6415-4c08-948e-0b1590bde38d 41d8eb35839b4767b032deb0c6501764 736e88019bcb4d3688258436da60735e - - default default] Successfully bumped revision number for resource 0144a733-98a5-4219-82a8-2e28dc71f06d (type: security_groups) to 1
2026-03-03 13:08:43.285 8 INFO neutron.db.ovn_revision_numbers_db [None req-383a6170-6415-4c08-948e-0b1590bde38d 41d8eb35839b4767b032deb0c6501764 736e88019bcb4d3688258436da60735e - - default default] Successfully bumped revision number for resource 013419f5-ec9a-45fb-9bde-8d0bba19a63b (type: security_group_rules) to 0
2026-03-03 13:08:43.301 8 INFO neutron.db.ovn_revision_numbers_db [None req-383a6170-6415-4c08-948e-0b1590bde38d 41d8eb35839b4767b032deb0c6501764 736e88019bcb4d3688258436da60735e - - default default] Successfully bumped revision number for resource 45a413e4-734e-44d7-8652-d9013eff65d3 (type: security_group_rules) to 0
2026-03-03 13:08:43.314 8 INFO neutron.db.ovn_revision_numbers_db [None req-383a6170-6415-4c08-948e-0b1590bde38d 41d8eb35839b4767b032deb0c6501764 736e88019bcb4d3688258436da60735e - - default default] Successfully bumped revision number for resource 6e2da6c7-8ebf-4ed0-b31a-a5753c97d311 (type: security_group_rules) to 0
2026-03-03 13:08:43.326 8 INFO neutron.db.ovn_revision_numbers_db [None req-383a6170-6415-4c08-948e-0b1590bde38d 41d8eb35839b4767b032deb0c6501764 736e88019bcb4d3688258436da60735e - - default default] Successfully bumped revision number for resource 78d30f42-6922-45cf-a9bf-c873ee26771c (type: security_group_rules) to 0 [pid: 8|app: 0|req: 1771/3544] 10.0.0.48 () {32 vars in 772 bytes} [Tue Mar 3 13:08:42 2026] GET /v2.0/security-groups?tenant_id=f6366b2fa72b4d1cac943e88c872786d&name=default => generated 2929 bytes in 381 msecs (HTTP/1.1 200) 4 headers in 158 bytes (1 switches on core 0) [pid: 7|app: 0|req: 1774/3545] 10.0.0.48 () {32 vars in 738 bytes} [Tue Mar 3 13:08:43 2026] DELETE /v2.0/security-groups/0144a733-98a5-4219-82a8-2e28dc71f06d => generated 0 bytes in 226 msecs (HTTP/1.1 204) 2 headers in 112 bytes (1 switches on core 0)
2026-03-03 13:08:43.821 8 INFO neutron.db.ovn_revision_numbers_db [None req-85f0a491-10f1-47aa-aaca-cddd3751892f 41d8eb35839b4767b032deb0c6501764 736e88019bcb4d3688258436da60735e - - default default] Successfully bumped revision number for resource f96a46f9-0b1b-4254-b7c0-b3eebd1d965b (type: security_groups) to 1
2026-03-03 13:08:43.835 8 INFO neutron.db.ovn_revision_numbers_db [None req-85f0a491-10f1-47aa-aaca-cddd3751892f 41d8eb35839b4767b032deb0c6501764 736e88019bcb4d3688258436da60735e - - default default] Successfully bumped revision number for resource 2df17993-6fdd-488f-a470-b1e6c220c7c9 (type: security_group_rules) to 0
2026-03-03 13:08:43.850 8 INFO neutron.db.ovn_revision_numbers_db [None req-85f0a491-10f1-47aa-aaca-cddd3751892f 41d8eb35839b4767b032deb0c6501764 736e88019bcb4d3688258436da60735e - - default default] Successfully bumped revision number for resource 56e3764f-4b69-40f9-8e43-4994c19e3c01 (type: security_group_rules) to 0
2026-03-03 13:08:43.862 8 INFO neutron.db.ovn_revision_numbers_db [None req-85f0a491-10f1-47aa-aaca-cddd3751892f 41d8eb35839b4767b032deb0c6501764 736e88019bcb4d3688258436da60735e - - default default] Successfully bumped revision number for resource 6e5aa827-4ec6-4fa3-bcc8-c39f9bd7ff82 (type: security_group_rules) to 0
2026-03-03 13:08:43.873 8 INFO neutron.db.ovn_revision_numbers_db [None req-85f0a491-10f1-47aa-aaca-cddd3751892f 41d8eb35839b4767b032deb0c6501764 736e88019bcb4d3688258436da60735e - - default default] Successfully bumped revision number for resource f28e0d95-a5c0-4768-a10d-ea8b915e4242 (type: security_group_rules) to 0 [pid: 8|app: 0|req: 1772/3546] 10.0.0.48 () {32 vars in 772 bytes} [Tue Mar 3 13:08:43 2026] GET /v2.0/security-groups?tenant_id=dd08bf4624404966be2e4c493bd05933&name=default => generated 2929 bytes in 219 msecs (HTTP/1.1 200) 4 headers in 158 bytes (1 switches on core 0) [pid: 7|app: 0|req: 1775/3547] 10.0.0.48 () {32 vars in 738 bytes} [Tue Mar 3 13:08:43 2026] DELETE /v2.0/security-groups/f96a46f9-0b1b-4254-b7c0-b3eebd1d965b => generated 0 bytes in 219 msecs (HTTP/1.1 204) 2 headers in 112 bytes (1 switches on core 0) [pid: 8|app: 0|req: 1773/3548] 10.0.0.48 () {32 vars in 772 bytes} [Tue Mar 3 13:08:44 2026] GET /v2.0/security-groups?tenant_id=5f10acbf33dc4dd98c757c5fa69e5cac&name=default => generated 2929 bytes in 30 msecs (HTTP/1.1 200) 4 headers in 158 bytes (1 switches on core 0) [pid: 7|app: 0|req: 1776/3549] 10.0.0.48 () {32 vars in 738 bytes} [Tue Mar 3 13:08:44 2026] DELETE /v2.0/security-groups/7261d60c-3d3e-404d-85e6-e9aa0765b8f9 => generated 0 bytes in 240 msecs (HTTP/1.1 204) 2 headers in 112 bytes (1 switches on core 0)
2026-03-03 13:08:48.705 8 INFO neutron.db.ovn_revision_numbers_db [None req-0254ca7f-6628-4435-8519-b69ca588a6af 5f6e2d77929d4968bbc6172d39930a6c d9d45a82b0d944f3b5a7c845e1542ade - - default default] Successfully bumped revision number for resource a75bf47e-8ea3-4f3c-b712-c0318a9b3318 (type: security_groups) to 1
2026-03-03 13:08:48.714 8 INFO neutron.db.ovn_revision_numbers_db [None req-0254ca7f-6628-4435-8519-b69ca588a6af 5f6e2d77929d4968bbc6172d39930a6c d9d45a82b0d944f3b5a7c845e1542ade - - default default] Successfully bumped revision number for resource 8e303ede-9cff-45df-929a-b1d29c9606e1 (type: security_group_rules) to 0
2026-03-03 13:08:48.724 8 INFO neutron.db.ovn_revision_numbers_db [None req-0254ca7f-6628-4435-8519-b69ca588a6af 5f6e2d77929d4968bbc6172d39930a6c d9d45a82b0d944f3b5a7c845e1542ade - - default default] Successfully bumped revision number for resource b060057a-ce69-4473-b0ed-12a8c1fa8d19 (type: security_group_rules) to 0
2026-03-03 13:08:48.735 8 INFO neutron.db.ovn_revision_numbers_db [None req-0254ca7f-6628-4435-8519-b69ca588a6af 5f6e2d77929d4968bbc6172d39930a6c d9d45a82b0d944f3b5a7c845e1542ade - - default default] Successfully bumped revision number for resource c9990257-b40c-4199-b08b-3193d3953057 (type: security_group_rules) to 0
2026-03-03 13:08:48.745 8 INFO neutron.db.ovn_revision_numbers_db [None req-0254ca7f-6628-4435-8519-b69ca588a6af 5f6e2d77929d4968bbc6172d39930a6c d9d45a82b0d944f3b5a7c845e1542ade - - default default] Successfully bumped revision number for resource e43ae439-5962-4912-ae62-44dd81641dbb (type: security_group_rules) to 0
2026-03-03 13:08:48.829 8 INFO neutron.db.ovn_revision_numbers_db [None req-0254ca7f-6628-4435-8519-b69ca588a6af 5f6e2d77929d4968bbc6172d39930a6c d9d45a82b0d944f3b5a7c845e1542ade - - default default] Successfully bumped revision number for resource fd1d9d2b-59bf-40ae-ae83-c86bd3fe99ad (type: security_groups) to 1
2026-03-03 13:08:48.839 8 INFO neutron.db.ovn_revision_numbers_db [None req-0254ca7f-6628-4435-8519-b69ca588a6af 5f6e2d77929d4968bbc6172d39930a6c d9d45a82b0d944f3b5a7c845e1542ade - - default default] Successfully bumped revision number for resource 3307e796-5f32-4552-9b65-39329933cec1 (type: security_group_rules) to 0
2026-03-03 13:08:48.849 8 INFO neutron.db.ovn_revision_numbers_db [None req-0254ca7f-6628-4435-8519-b69ca588a6af 5f6e2d77929d4968bbc6172d39930a6c d9d45a82b0d944f3b5a7c845e1542ade - - default default] Successfully bumped revision number for resource 8084a9c0-9daa-4ac8-a4d6-87d2421f36a9 (type: security_group_rules) to 0 [pid: 8|app: 0|req: 1775/3552] 10.0.0.48 () {34 vars in 682 bytes} [Tue Mar 3 13:08:48 2026] POST /v2.0/security-groups => generated 1603 bytes in 434 msecs (HTTP/1.1 201) 4 headers in 163 bytes (1 switches on core 0)
2026-03-03 13:08:48.999 7 INFO neutron.db.ovn_revision_numbers_db [None req-cd4f0abf-5983-4853-a4d0-221bf72ddf33 5f6e2d77929d4968bbc6172d39930a6c d9d45a82b0d944f3b5a7c845e1542ade - - default default] Successfully bumped revision number for resource 1e334e4f-0483-46e1-b66f-e9019eebc711 (type: security_groups) to 1
2026-03-03 13:08:49.009 7 INFO neutron.db.ovn_revision_numbers_db [None req-cd4f0abf-5983-4853-a4d0-221bf72ddf33 5f6e2d77929d4968bbc6172d39930a6c d9d45a82b0d944f3b5a7c845e1542ade - - default default] Successfully bumped revision number for resource 62b49733-549b-4a9b-81b5-77b589a65425 (type: security_group_rules) to 0
2026-03-03 13:08:49.020 7 INFO neutron.db.ovn_revision_numbers_db [None req-cd4f0abf-5983-4853-a4d0-221bf72ddf33 5f6e2d77929d4968bbc6172d39930a6c d9d45a82b0d944f3b5a7c845e1542ade - - default default] Successfully bumped revision number for resource 8e7dc1d3-f00f-4440-a593-85703355b8d9 (type: security_group_rules) to 0 [pid: 7|app: 0|req: 1778/3553] 10.0.0.48 () {34 vars in 682 bytes} [Tue Mar 3 13:08:48 2026] POST /v2.0/security-groups => generated 1603 bytes in 173 msecs (HTTP/1.1 201) 4 headers in 163 bytes (1 switches on core 0)
2026-03-03 13:08:49.176 8 INFO neutron.db.ovn_revision_numbers_db [None req-cdaad66c-80d5-4269-9c3f-64e31177c2d0 5f6e2d77929d4968bbc6172d39930a6c d9d45a82b0d944f3b5a7c845e1542ade - - default default] Successfully bumped revision number for resource d001865d-00c2-4c0e-a464-3b00f972d815 (type: security_groups) to 1
2026-03-03 13:08:49.188 8 INFO neutron.db.ovn_revision_numbers_db [None req-cdaad66c-80d5-4269-9c3f-64e31177c2d0 5f6e2d77929d4968bbc6172d39930a6c d9d45a82b0d944f3b5a7c845e1542ade - - default default] Successfully bumped revision number for resource 3e74692c-d29d-4c5f-89cb-09766dac099b (type: security_group_rules) to 0
2026-03-03 13:08:49.199 8 INFO neutron.db.ovn_revision_numbers_db [None req-cdaad66c-80d5-4269-9c3f-64e31177c2d0 5f6e2d77929d4968bbc6172d39930a6c d9d45a82b0d944f3b5a7c845e1542ade - - default default] Successfully bumped revision number for resource 9af47469-6019-4e26-acad-daa1da8d5cd9 (type: security_group_rules) to 0 [pid: 8|app: 0|req: 1776/3554] 10.0.0.48 () {34 vars in 682 bytes} [Tue Mar 3 13:08:49 2026] POST /v2.0/security-groups => generated 1603 bytes in 176 msecs (HTTP/1.1 201) 4 headers in 163 bytes (1 switches on core 0)
2026-03-03 13:08:49.354 7 INFO neutron.db.ovn_revision_numbers_db [None req-e607738e-e6ac-445d-960a-5ee1fe3abfc4 5f6e2d77929d4968bbc6172d39930a6c d9d45a82b0d944f3b5a7c845e1542ade - - default default] Successfully bumped revision number for resource 528d39d9-b87a-447b-8708-b134ae537a8d (type: security_groups) to 1
2026-03-03 13:08:49.366 7 INFO neutron.db.ovn_revision_numbers_db [None req-e607738e-e6ac-445d-960a-5ee1fe3abfc4 5f6e2d77929d4968bbc6172d39930a6c d9d45a82b0d944f3b5a7c845e1542ade - - default default] Successfully bumped revision number for resource ad536aa6-45de-44b0-9fb2-a8f7a263828f (type: security_group_rules) to 0
2026-03-03 13:08:49.376 7 INFO neutron.db.ovn_revision_numbers_db [None req-e607738e-e6ac-445d-960a-5ee1fe3abfc4 5f6e2d77929d4968bbc6172d39930a6c d9d45a82b0d944f3b5a7c845e1542ade - - default default] Successfully bumped revision number for resource d6a4b87c-f9fa-4a16-86dc-b3af3d2b6beb (type: security_group_rules) to 0 [pid: 7|app: 0|req: 1779/3555] 10.0.0.48 () {34 vars in 682 bytes} [Tue Mar 3 13:08:49 2026] POST /v2.0/security-groups => generated 1603 bytes in 167 msecs (HTTP/1.1 201) 4 headers in 163 bytes (1 switches on core 0)
2026-03-03 13:08:49.531 8 INFO neutron.db.ovn_revision_numbers_db [None req-97a80288-fb53-48f2-9fde-1eb97974d6c2 5f6e2d77929d4968bbc6172d39930a6c d9d45a82b0d944f3b5a7c845e1542ade - - default default] Successfully bumped revision number for resource d8637e93-3915-45ee-ba75-db17a9ff1271 (type: security_groups) to 1
2026-03-03 13:08:49.543 8 INFO neutron.db.ovn_revision_numbers_db [None req-97a80288-fb53-48f2-9fde-1eb97974d6c2 5f6e2d77929d4968bbc6172d39930a6c d9d45a82b0d944f3b5a7c845e1542ade - - default default] Successfully bumped revision number for resource 25ce6ec7-77da-491b-8007-fa428a2cf292 (type: security_group_rules) to 0
2026-03-03 13:08:49.553 8 INFO neutron.db.ovn_revision_numbers_db [None req-97a80288-fb53-48f2-9fde-1eb97974d6c2 5f6e2d77929d4968bbc6172d39930a6c d9d45a82b0d944f3b5a7c845e1542ade - - default default] Successfully bumped revision number for resource e5a17090-3889-4ad6-ac5e-3979394fd357 (type: security_group_rules) to 0 [pid: 8|app: 0|req: 1777/3556] 10.0.0.48 () {34 vars in 682 bytes} [Tue Mar 3 13:08:49 2026] POST /v2.0/security-groups => generated 1603 bytes in 169 msecs (HTTP/1.1 201) 4 headers in 163 bytes (1 switches on core 0) [pid: 7|app: 0|req: 1780/3557] 10.0.0.48 () {34 vars in 765 bytes} [Tue Mar 3 13:08:49 2026] PUT /v2.0/security-groups/fd1d9d2b-59bf-40ae-ae83-c86bd3fe99ad/tags => generated 17 bytes in 50 msecs (HTTP/1.1 200) 4 headers in 156 bytes (1 switches on core 0) [pid: 8|app: 0|req: 1778/3558] 10.0.0.48 () {34 vars in 765 bytes} [Tue Mar 3 13:08:49 2026] PUT /v2.0/security-groups/1e334e4f-0483-46e1-b66f-e9019eebc711/tags => generated 25 bytes in 53 msecs (HTTP/1.1 200) 4 headers in 156 bytes (1 switches on core 0) [pid: 7|app: 0|req: 1781/3559] 10.0.0.48 () {34 vars in 765 bytes} [Tue Mar 3 13:08:49 2026] PUT /v2.0/security-groups/d001865d-00c2-4c0e-a464-3b00f972d815/tags => generated 34 bytes in 50 msecs (HTTP/1.1 200) 4 headers in 156 bytes (1 switches on core 0) [pid: 8|app: 0|req: 1779/3560] 10.0.0.48 () {34 vars in 765 bytes} [Tue Mar 3 13:08:49 2026] PUT /v2.0/security-groups/528d39d9-b87a-447b-8708-b134ae537a8d/tags => generated 19 bytes in 40 msecs (HTTP/1.1 200) 4 headers in 156 bytes (1 switches on core 0) [pid: 7|app: 0|req: 1782/3561] 10.0.0.48 () {32 vars in 678 bytes} [Tue Mar 3 13:08:49 2026] GET /v2.0/security-groups?tags=red => generated 4810 bytes in 41 msecs (HTTP/1.1 200) 4 headers in 158 bytes (1 switches on core 0) [pid: 8|app: 0|req: 1780/3562] 10.0.0.48 () {32 vars in 692 bytes} [Tue Mar 3 13:08:49 2026] GET /v2.0/security-groups?tags=red%2Cblue => generated 3222 bytes in 41 msecs (HTTP/1.1 200) 4 headers in 158 bytes (1 switches on core 0) [pid: 7|app: 0|req: 1783/3563] 10.0.0.48 () {32 vars in 688 bytes} [Tue Mar 3 13:08:49 2026] GET /v2.0/security-groups?tags-any=blue => generated 3222 bytes in 41 msecs (HTTP/1.1 200) 4 headers in 158 bytes (1 switches on core 0) [pid: 8|app: 0|req: 1781/3564] 10.0.0.48 () {32 vars in 700 bytes} [Tue Mar 3 13:08:49 2026] GET /v2.0/security-groups?tags-any=red%2Cblue => generated 4810 bytes in 40 msecs (HTTP/1.1 200) 4 headers in 158 bytes (1 switches on core 0) [pid: 7|app: 0|req: 1784/3565] 10.0.0.48 () {32 vars in 686 bytes} [Tue Mar 3 13:08:49 2026] GET /v2.0/security-groups?not-tags=red => generated 6102 bytes in 56 msecs (HTTP/1.1 200) 4 headers in 158 bytes (1 switches on core 0) [pid: 8|app: 0|req: 1782/3566] 10.0.0.48 () {32 vars in 700 bytes} [Tue Mar 3 13:08:50 2026] GET /v2.0/security-groups?not-tags=red%2Cblue => generated 7690 bytes in 50 msecs (HTTP/1.1 200) 4 headers in 158 bytes (1 switches on core 0) [pid: 7|app: 0|req: 1785/3567] 10.0.0.48 () {32 vars in 696 bytes} [Tue Mar 3 13:08:50 2026] GET /v2.0/security-groups?not-tags-any=blue => generated 7690 bytes in 48 msecs (HTTP/1.1 200) 4 headers in 158 bytes (1 switches on core 0) [pid: 8|app: 0|req: 1783/3568] 10.0.0.48 () {32 vars in 708 bytes} [Tue Mar 3 13:08:50 2026] GET /v2.0/security-groups?not-tags-any=red%2Cblue => generated 6102 bytes in 39 msecs (HTTP/1.1 200) 4 headers in 158 bytes (1 switches on core 0) [pid: 7|app: 0|req: 1786/3569] 10.0.0.48 () {32 vars in 738 bytes} [Tue Mar 3 13:08:50 2026] DELETE /v2.0/security-groups/fd1d9d2b-59bf-40ae-ae83-c86bd3fe99ad => generated 0 bytes in 114 msecs (HTTP/1.1 204) 2 headers in 112 bytes (1 switches on core 0) [pid: 8|app: 0|req: 1784/3570] 10.0.0.48 () {32 vars in 738 bytes} [Tue Mar 3 13:08:50 2026] DELETE /v2.0/security-groups/1e334e4f-0483-46e1-b66f-e9019eebc711 => generated 0 bytes in 108 msecs (HTTP/1.1 204) 2 headers in 112 bytes (1 switches on core 0) [pid: 7|app: 0|req: 1787/3571] 10.0.0.48 () {32 vars in 738 bytes} [Tue Mar 3 13:08:50 2026] DELETE /v2.0/security-groups/d001865d-00c2-4c0e-a464-3b00f972d815 => generated 0 bytes in 130 msecs (HTTP/1.1 204) 2 headers in 112 bytes (1 switches on core 0) [pid: 8|app: 0|req: 1785/3572] 10.0.0.48 () {32 vars in 738 bytes} [Tue Mar 3 13:08:50 2026] DELETE /v2.0/security-groups/528d39d9-b87a-447b-8708-b134ae537a8d => generated 0 bytes in 96 msecs (HTTP/1.1 204) 2 headers in 112 bytes (1 switches on core 0) [pid: 7|app: 0|req: 1788/3573] 10.0.0.48 () {32 vars in 738 bytes} [Tue Mar 3 13:08:50 2026] DELETE /v2.0/security-groups/d8637e93-3915-45ee-ba75-db17a9ff1271 => generated 0 bytes in 108 msecs (HTTP/1.1 204) 2 headers in 112 bytes (1 switches on core 0)
2026-03-03 13:08:51.831 8 INFO neutron.db.ovn_revision_numbers_db [None req-e8004342-be4a-48fd-869e-66cc151e4c78 41d8eb35839b4767b032deb0c6501764 736e88019bcb4d3688258436da60735e - - default default] Successfully bumped revision number for resource 4f000194-65b3-4d0f-adb2-abac3666751b (type: security_groups) to 1
2026-03-03 13:08:51.866 8 INFO neutron.db.ovn_revision_numbers_db [None req-e8004342-be4a-48fd-869e-66cc151e4c78 41d8eb35839b4767b032deb0c6501764 736e88019bcb4d3688258436da60735e - - default default] Successfully bumped revision number for resource 293a38a1-fb46-4324-8dbd-8b505e670f67 (type: security_group_rules) to 0
2026-03-03 13:08:51.882 8 INFO neutron.db.ovn_revision_numbers_db [None req-e8004342-be4a-48fd-869e-66cc151e4c78 41d8eb35839b4767b032deb0c6501764 736e88019bcb4d3688258436da60735e - - default default] Successfully bumped revision number for resource 7716265a-41b1-4a3a-acf9-93805b335175 (type: security_group_rules) to 0
2026-03-03 13:08:51.913 8 INFO neutron.db.ovn_revision_numbers_db [None req-e8004342-be4a-48fd-869e-66cc151e4c78 41d8eb35839b4767b032deb0c6501764 736e88019bcb4d3688258436da60735e - - default default] Successfully bumped revision number for resource 8726b45c-04cd-47f5-b75c-ccb60873a634 (type: security_group_rules) to 0
2026-03-03 13:08:51.927 8 INFO neutron.db.ovn_revision_numbers_db [None req-e8004342-be4a-48fd-869e-66cc151e4c78 41d8eb35839b4767b032deb0c6501764 736e88019bcb4d3688258436da60735e - - default default] Successfully bumped revision number for resource b5924ca6-1764-4c94-aba7-7f0846208cd5 (type: security_group_rules) to 0 [pid: 8|app: 0|req: 1786/3574] 10.0.0.48 () {32 vars in 772 bytes} [Tue Mar 3 13:08:51 2026] GET /v2.0/security-groups?tenant_id=82daac32b4854816bc6ed8e23c97d9f4&name=default => generated 2929 bytes in 449 msecs (HTTP/1.1 200) 4 headers in 158 bytes (1 switches on core 0) [pid: 7|app: 0|req: 1789/3575] 10.0.0.48 () {32 vars in 738 bytes} [Tue Mar 3 13:08:51 2026] DELETE /v2.0/security-groups/4f000194-65b3-4d0f-adb2-abac3666751b => generated 0 bytes in 249 msecs (HTTP/1.1 204) 2 headers in 112 bytes (1 switches on core 0) [pid: 8|app: 0|req: 1787/3576] 10.0.0.48 () {32 vars in 772 bytes} [Tue Mar 3 13:08:52 2026] GET /v2.0/security-groups?tenant_id=d9d45a82b0d944f3b5a7c845e1542ade&name=default => generated 2929 bytes in 25 msecs (HTTP/1.1 200) 4 headers in 158 bytes (1 switches on core 0) [pid: 7|app: 0|req: 1790/3577] 10.0.0.48 () {32 vars in 738 bytes} [Tue Mar 3 13:08:52 2026] DELETE /v2.0/security-groups/a75bf47e-8ea3-4f3c-b712-c0318a9b3318 => generated 0 bytes in 205 msecs (HTTP/1.1 204) 2 headers in 112 bytes (1 switches on core 0)
2026-03-03 13:08:52.792 8 INFO neutron.db.ovn_revision_numbers_db [None req-c551466c-3ebf-409e-bbec-7c0f09bb1f9f 41d8eb35839b4767b032deb0c6501764 736e88019bcb4d3688258436da60735e - - default default] Successfully bumped revision number for resource 06c6b6af-5644-44f1-9001-41aa8be1bfac (type: security_groups) to 1
2026-03-03 13:08:52.803 8 INFO neutron.db.ovn_revision_numbers_db [None req-c551466c-3ebf-409e-bbec-7c0f09bb1f9f 41d8eb35839b4767b032deb0c6501764 736e88019bcb4d3688258436da60735e - - default default] Successfully bumped revision number for resource 336e6944-efaf-4e95-a841-cebe2010a436 (type: security_group_rules) to 0
2026-03-03 13:08:52.814 8 INFO neutron.db.ovn_revision_numbers_db [None req-c551466c-3ebf-409e-bbec-7c0f09bb1f9f 41d8eb35839b4767b032deb0c6501764 736e88019bcb4d3688258436da60735e - - default default] Successfully bumped revision number for resource 827bb3c2-a5ce-4b49-99c4-7412b8a48858 (type: security_group_rules) to 0
2026-03-03 13:08:52.826 8 INFO neutron.db.ovn_revision_numbers_db [None req-c551466c-3ebf-409e-bbec-7c0f09bb1f9f 41d8eb35839b4767b032deb0c6501764 736e88019bcb4d3688258436da60735e - - default default] Successfully bumped revision number for resource 8c9f6186-c9af-4256-94cd-dec29b0a430f (type: security_group_rules) to 0
2026-03-03 13:08:52.837 8 INFO neutron.db.ovn_revision_numbers_db [None req-c551466c-3ebf-409e-bbec-7c0f09bb1f9f 41d8eb35839b4767b032deb0c6501764 736e88019bcb4d3688258436da60735e - - default default] Successfully bumped revision number for resource 9bad5aca-d2b7-49fc-867d-655157f9644c (type: security_group_rules) to 0 [pid: 8|app: 0|req: 1788/3578] 10.0.0.48 () {32 vars in 772 bytes} [Tue Mar 3 13:08:52 2026] GET /v2.0/security-groups?tenant_id=31ad9aa80c234e7994b14eadec9ca5d4&name=default => generated 2929 bytes in 205 msecs (HTTP/1.1 200) 4 headers in 158 bytes (1 switches on core 0) [pid: 7|app: 0|req: 1791/3579] 10.0.0.48 () {32 vars in 738 bytes} [Tue Mar 3 13:08:52 2026] DELETE /v2.0/security-groups/06c6b6af-5644-44f1-9001-41aa8be1bfac => generated 0 bytes in 199 msecs (HTTP/1.1 204) 2 headers in 112 bytes (1 switches on core 0)
2026-03-03 13:08:57.217 8 INFO neutron.db.ovn_revision_numbers_db [None req-a7de1954-518c-470c-8688-9229f1d61f3d 37903869a3134f728dbd7f8a6b4d2a35 7f23cc4cda1a42b0b68f42f1a5680a6b - - default default] Successfully bumped revision number for resource dfd658c3-d8ee-4fa0-9d55-446a3ee669bf (type: security_groups) to 1
2026-03-03 13:08:57.242 8 INFO neutron.db.ovn_revision_numbers_db [None req-a7de1954-518c-470c-8688-9229f1d61f3d 37903869a3134f728dbd7f8a6b4d2a35 7f23cc4cda1a42b0b68f42f1a5680a6b - - default default] Successfully bumped revision number for resource 0c9abf0b-2d39-44a1-ba00-29c06c451166 (type: security_group_rules) to 0
2026-03-03 13:08:57.281 8 INFO neutron.db.ovn_revision_numbers_db [None req-a7de1954-518c-470c-8688-9229f1d61f3d 37903869a3134f728dbd7f8a6b4d2a35 7f23cc4cda1a42b0b68f42f1a5680a6b - - default default] Successfully bumped revision number for resource 3fe048f1-dadd-40ce-b9e8-17e88d027cde (type: security_group_rules) to 0
2026-03-03 13:08:57.317 8 INFO neutron.db.ovn_revision_numbers_db [None req-a7de1954-518c-470c-8688-9229f1d61f3d 37903869a3134f728dbd7f8a6b4d2a35 7f23cc4cda1a42b0b68f42f1a5680a6b - - default default] Successfully bumped revision number for resource 92150c67-b0db-4154-b699-d8fa8821f830 (type: security_group_rules) to 0
2026-03-03 13:08:57.335 8 INFO neutron.db.ovn_revision_numbers_db [None req-a7de1954-518c-470c-8688-9229f1d61f3d 37903869a3134f728dbd7f8a6b4d2a35 7f23cc4cda1a42b0b68f42f1a5680a6b - - default default] Successfully bumped revision number for resource 971d4171-2d8b-433a-b769-06e4b998dbe1 (type: security_group_rules) to 0
2026-03-03 13:08:57.408 8 INFO neutron.db.segments_db [None req-a7de1954-518c-470c-8688-9229f1d61f3d 37903869a3134f728dbd7f8a6b4d2a35 7f23cc4cda1a42b0b68f42f1a5680a6b - - default default] Added segment fb9374b2-d89b-41a9-a5cc-6ea52d97b965 of type geneve for network 3be431de-ffea-49d8-b41c-694ef8692937
2026-03-03 13:08:57.517 8 INFO neutron.db.ovn_revision_numbers_db [None req-a7de1954-518c-470c-8688-9229f1d61f3d 37903869a3134f728dbd7f8a6b4d2a35 7f23cc4cda1a42b0b68f42f1a5680a6b - - default default] Successfully bumped revision number for resource 3be431de-ffea-49d8-b41c-694ef8692937 (type: networks) to 1
2026-03-03 13:08:57.672 8 WARNING neutron.scheduler.dhcp_agent_scheduler [None req-a7de1954-518c-470c-8688-9229f1d61f3d 37903869a3134f728dbd7f8a6b4d2a35 7f23cc4cda1a42b0b68f42f1a5680a6b - - default default] No more DHCP agents
2026-03-03 13:08:57.673 8 WARNING neutron.api.rpc.agentnotifiers.dhcp_rpc_agent_api [None req-a7de1954-518c-470c-8688-9229f1d61f3d 37903869a3134f728dbd7f8a6b4d2a35 7f23cc4cda1a42b0b68f42f1a5680a6b - - default default] Unable to schedule network 3be431de-ffea-49d8-b41c-694ef8692937: no agents available; will retry on subsequent port and subnet creation events.
2026-03-03 13:08:57.714 8 INFO neutron.plugins.ml2.drivers.ovn.mech_driver.mech_driver [None req-f31f4ed7-2cab-49dc-852f-73cee821cba6 - - - - - -] OVN reports status down for port: 0a0f227c-484e-40c4-b9c7-121438658537
2026-03-03 13:08:57.752 8 INFO neutron.db.ovn_revision_numbers_db [None req-a7de1954-518c-470c-8688-9229f1d61f3d 37903869a3134f728dbd7f8a6b4d2a35 7f23cc4cda1a42b0b68f42f1a5680a6b - - default default] Successfully bumped revision number for resource 0a0f227c-484e-40c4-b9c7-121438658537 (type: ports) to 1 [pid: 8|app: 0|req: 1789/3580] 10.0.0.48 () {34 vars in 668 bytes} [Tue Mar 3 13:08:56 2026] POST /v2.0/networks => generated 651 bytes in 810 msecs (HTTP/1.1 201) 4 headers in 162 bytes (1 switches on core 0)
2026-03-03 13:08:57.961 7 WARNING neutron.scheduler.dhcp_agent_scheduler [None req-53d3901b-2d87-4568-b6c6-7bc237ca103e 37903869a3134f728dbd7f8a6b4d2a35 7f23cc4cda1a42b0b68f42f1a5680a6b - - default default] No more DHCP agents
2026-03-03 13:08:57.962 7 WARNING neutron.api.rpc.agentnotifiers.dhcp_rpc_agent_api [None req-53d3901b-2d87-4568-b6c6-7bc237ca103e 37903869a3134f728dbd7f8a6b4d2a35 7f23cc4cda1a42b0b68f42f1a5680a6b - - default default] Unable to schedule network 3be431de-ffea-49d8-b41c-694ef8692937: no agents available; will retry on subsequent port and subnet creation events.
2026-03-03 13:08:58.451 7 INFO neutron.db.ovn_revision_numbers_db [None req-57195a30-c7ac-4dbd-81c5-1dfb5de38d21 - - - - - -] Successfully bumped revision number for resource 0a0f227c-484e-40c4-b9c7-121438658537 (type: ports) to 2
2026-03-03 13:08:58.482 7 INFO neutron.db.ovn_revision_numbers_db [None req-57195a30-c7ac-4dbd-81c5-1dfb5de38d21 - - - - - -] Successfully bumped revision number for resource cc2f1d52-c748-4c07-a987-d72464143946 (type: subnets) to 0 [pid: 7|app: 0|req: 1792/3581] 10.0.0.48 () {34 vars in 667 bytes} [Tue Mar 3 13:08:57 2026] POST /v2.0/subnets => generated 626 bytes in 714 msecs (HTTP/1.1 201) 4 headers in 162 bytes (1 switches on core 0)
2026-03-03 13:08:58.585 8 INFO neutron.db.segments_db [None req-b9012dba-d9bc-41ec-a137-0b8ee830c979 37903869a3134f728dbd7f8a6b4d2a35 7f23cc4cda1a42b0b68f42f1a5680a6b - - default default] Added segment f286bb62-5a56-4461-955e-cf18fab18aeb of type geneve for network 717a5114-2983-4c83-b3fb-5bb6d57be9a5
2026-03-03 13:08:58.688 8 INFO neutron.db.ovn_revision_numbers_db [None req-b9012dba-d9bc-41ec-a137-0b8ee830c979 37903869a3134f728dbd7f8a6b4d2a35 7f23cc4cda1a42b0b68f42f1a5680a6b - - default default] Successfully bumped revision number for resource 717a5114-2983-4c83-b3fb-5bb6d57be9a5 (type: networks) to 1
2026-03-03 13:08:58.836 8 WARNING neutron.scheduler.dhcp_agent_scheduler [None req-b9012dba-d9bc-41ec-a137-0b8ee830c979 37903869a3134f728dbd7f8a6b4d2a35 7f23cc4cda1a42b0b68f42f1a5680a6b - - default default] No more DHCP agents
2026-03-03 13:08:58.837 8 WARNING neutron.api.rpc.agentnotifiers.dhcp_rpc_agent_api [None req-b9012dba-d9bc-41ec-a137-0b8ee830c979 37903869a3134f728dbd7f8a6b4d2a35 7f23cc4cda1a42b0b68f42f1a5680a6b - - default default] Unable to schedule network 717a5114-2983-4c83-b3fb-5bb6d57be9a5: no agents available; will retry on subsequent port and subnet creation events.
2026-03-03 13:08:58.888 8 INFO neutron.plugins.ml2.drivers.ovn.mech_driver.mech_driver [None req-f31f4ed7-2cab-49dc-852f-73cee821cba6 - - - - - -] OVN reports status down for port: 910a3251-3871-4ca7-9702-d4469265f528
2026-03-03 13:08:58.945 8 INFO neutron.db.ovn_revision_numbers_db [None req-b9012dba-d9bc-41ec-a137-0b8ee830c979 37903869a3134f728dbd7f8a6b4d2a35 7f23cc4cda1a42b0b68f42f1a5680a6b - - default default] Successfully bumped revision number for resource 910a3251-3871-4ca7-9702-d4469265f528 (type: ports) to 1 [pid: 8|app: 0|req: 1790/3582] 10.0.0.48 () {34 vars in 668 bytes} [Tue Mar 3 13:08:58 2026] POST /v2.0/networks => generated 649 bytes in 490 msecs (HTTP/1.1 201) 4 headers in 162 bytes (1 switches on core 0)
2026-03-03 13:08:59.241 7 WARNING neutron.scheduler.dhcp_agent_scheduler [None req-954e947c-d821-4a03-8f57-411f884802a0 37903869a3134f728dbd7f8a6b4d2a35 7f23cc4cda1a42b0b68f42f1a5680a6b - - default default] No more DHCP agents
2026-03-03 13:08:59.242 7 WARNING neutron.api.rpc.agentnotifiers.dhcp_rpc_agent_api [None req-954e947c-d821-4a03-8f57-411f884802a0 37903869a3134f728dbd7f8a6b4d2a35 7f23cc4cda1a42b0b68f42f1a5680a6b - - default default] Unable to schedule network 717a5114-2983-4c83-b3fb-5bb6d57be9a5: no agents available; will retry on subsequent port and subnet creation events.
2026-03-03 13:08:59.602 7 INFO neutron.db.ovn_revision_numbers_db [None req-b0c459fd-ed78-45df-a8d5-7693c92742ec - - - - - -] Successfully bumped revision number for resource 910a3251-3871-4ca7-9702-d4469265f528 (type: ports) to 2
2026-03-03 13:08:59.630 7 INFO neutron.db.ovn_revision_numbers_db [None req-b0c459fd-ed78-45df-a8d5-7693c92742ec - - - - - -] Successfully bumped revision number for resource 1f7e74d6-edd3-4d8f-b860-7a210d385b45 (type: subnets) to 0 [pid: 7|app: 0|req: 1793/3583] 10.0.0.48 () {34 vars in 667 bytes} [Tue Mar 3 13:08:58 2026] POST /v2.0/subnets => generated 629 bytes in 646 msecs (HTTP/1.1 201) 4 headers in 162 bytes (1 switches on core 0)
2026-03-03 13:08:59.727 8 INFO neutron.db.segments_db [None req-c0655202-189e-496e-841d-a5579a5cd13d 37903869a3134f728dbd7f8a6b4d2a35 7f23cc4cda1a42b0b68f42f1a5680a6b - - default default] Added segment ac9c665f-00b8-4dc7-bd2d-ce4e5b9018f6 of type geneve for network 498b0549-d123-4fe0-b80e-b57496f26d95
2026-03-03 13:08:59.813 8 INFO neutron.db.ovn_revision_numbers_db [None req-c0655202-189e-496e-841d-a5579a5cd13d 37903869a3134f728dbd7f8a6b4d2a35 7f23cc4cda1a42b0b68f42f1a5680a6b - - default default] Successfully bumped revision number for resource 498b0549-d123-4fe0-b80e-b57496f26d95 (type: networks) to 1
2026-03-03 13:08:59.968 8 WARNING neutron.scheduler.dhcp_agent_scheduler [None req-c0655202-189e-496e-841d-a5579a5cd13d 37903869a3134f728dbd7f8a6b4d2a35 7f23cc4cda1a42b0b68f42f1a5680a6b - - default default] No more DHCP agents
2026-03-03 13:08:59.969 8 WARNING neutron.api.rpc.agentnotifiers.dhcp_rpc_agent_api [None req-c0655202-189e-496e-841d-a5579a5cd13d 37903869a3134f728dbd7f8a6b4d2a35 7f23cc4cda1a42b0b68f42f1a5680a6b - - default default] Unable to schedule network 498b0549-d123-4fe0-b80e-b57496f26d95: no agents available; will retry on subsequent port and subnet creation events.
2026-03-03 13:09:00.023 8 INFO neutron.plugins.ml2.drivers.ovn.mech_driver.mech_driver [None req-f31f4ed7-2cab-49dc-852f-73cee821cba6 - - - - - -] OVN reports status down for port: f97b0d53-6e5b-4eca-b168-1597911ca718
2026-03-03 13:09:00.079 8 INFO neutron.db.ovn_revision_numbers_db [None req-c0655202-189e-496e-841d-a5579a5cd13d 37903869a3134f728dbd7f8a6b4d2a35 7f23cc4cda1a42b0b68f42f1a5680a6b - - default default] Successfully bumped revision number for resource f97b0d53-6e5b-4eca-b168-1597911ca718 (type: ports) to 1 [pid: 8|app: 0|req: 1791/3584] 10.0.0.48 () {34 vars in 668 bytes} [Tue Mar 3 13:08:59 2026] POST /v2.0/networks => generated 650 bytes in 463 msecs (HTTP/1.1 201) 4 headers in 162 bytes (1 switches on core 0)
2026-03-03 13:09:00.291 7 WARNING neutron.scheduler.dhcp_agent_scheduler [None req-9df10281-27e9-453d-9f9e-fcb00fcee9d6 37903869a3134f728dbd7f8a6b4d2a35 7f23cc4cda1a42b0b68f42f1a5680a6b - - default default] No more DHCP agents
2026-03-03 13:09:00.292 7 WARNING neutron.api.rpc.agentnotifiers.dhcp_rpc_agent_api [None req-9df10281-27e9-453d-9f9e-fcb00fcee9d6 37903869a3134f728dbd7f8a6b4d2a35 7f23cc4cda1a42b0b68f42f1a5680a6b - - default default] Unable to schedule network 498b0549-d123-4fe0-b80e-b57496f26d95: no agents available; will retry on subsequent port and subnet creation events.
2026-03-03 13:09:00.699 7 INFO neutron.db.ovn_revision_numbers_db [None req-6062c8a7-f53b-4c74-bf5b-4b8a87b35fdf - - - - - -] Successfully bumped revision number for resource f97b0d53-6e5b-4eca-b168-1597911ca718 (type: ports) to 2
2026-03-03 13:09:00.728 7 INFO neutron.db.ovn_revision_numbers_db [None req-6062c8a7-f53b-4c74-bf5b-4b8a87b35fdf - - - - - -] Successfully bumped revision number for resource 6f2b5162-e021-4aec-a992-04ffb7b5671a (type: subnets) to 0 [pid: 7|app: 0|req: 1794/3585] 10.0.0.48 () {34 vars in 667 bytes} [Tue Mar 3 13:09:00 2026] POST /v2.0/subnets => generated 629 bytes in 629 msecs (HTTP/1.1 201) 4 headers in 162 bytes (1 switches on core 0)
2026-03-03 13:09:00.834 8 INFO neutron.db.segments_db [None req-6a32e7c6-2287-4215-9b41-741f687fcba4 37903869a3134f728dbd7f8a6b4d2a35 7f23cc4cda1a42b0b68f42f1a5680a6b - - default default] Added segment 8d1f3537-babd-48df-b606-265e38273c43 of type geneve for network e13a9fe9-9f4a-4718-a652-22587cd4e6e0
2026-03-03 13:09:00.934 8 INFO neutron.db.ovn_revision_numbers_db [None req-6a32e7c6-2287-4215-9b41-741f687fcba4 37903869a3134f728dbd7f8a6b4d2a35 7f23cc4cda1a42b0b68f42f1a5680a6b - - default default] Successfully bumped revision number for resource e13a9fe9-9f4a-4718-a652-22587cd4e6e0 (type: networks) to 1
2026-03-03 13:09:01.093 8 WARNING neutron.scheduler.dhcp_agent_scheduler [None req-6a32e7c6-2287-4215-9b41-741f687fcba4 37903869a3134f728dbd7f8a6b4d2a35 7f23cc4cda1a42b0b68f42f1a5680a6b - - default default] No more DHCP agents
2026-03-03 13:09:01.095 8 WARNING neutron.api.rpc.agentnotifiers.dhcp_rpc_agent_api [None req-6a32e7c6-2287-4215-9b41-741f687fcba4 37903869a3134f728dbd7f8a6b4d2a35 7f23cc4cda1a42b0b68f42f1a5680a6b - - default default] Unable to schedule network e13a9fe9-9f4a-4718-a652-22587cd4e6e0: no agents available; will retry on subsequent port and subnet creation events.
2026-03-03 13:09:01.148 7 INFO neutron.plugins.ml2.drivers.ovn.mech_driver.mech_driver [None req-c9895aeb-0969-4ff4-85d3-d62237ac53e9 - - - - - -] OVN reports status down for port: 205a658d-3588-4175-a526-051a29a9ef1a
2026-03-03 13:09:01.174 8 INFO neutron.db.ovn_revision_numbers_db [None req-6a32e7c6-2287-4215-9b41-741f687fcba4 37903869a3134f728dbd7f8a6b4d2a35 7f23cc4cda1a42b0b68f42f1a5680a6b - - default default] Successfully bumped revision number for resource 205a658d-3588-4175-a526-051a29a9ef1a (type: ports) to 1 [pid: 8|app: 0|req: 1792/3586] 10.0.0.48 () {34 vars in 668 bytes} [Tue Mar 3 13:09:00 2026] POST /v2.0/networks => generated 651 bytes in 448 msecs (HTTP/1.1 201) 4 headers in 162 bytes (1 switches on core 0)
2026-03-03 13:09:01.379 7 WARNING neutron.scheduler.dhcp_agent_scheduler [None req-e2b68708-75c8-452e-8d40-1082198b8117 37903869a3134f728dbd7f8a6b4d2a35 7f23cc4cda1a42b0b68f42f1a5680a6b - - default default] No more DHCP agents
2026-03-03 13:09:01.381 7 WARNING neutron.api.rpc.agentnotifiers.dhcp_rpc_agent_api [None req-e2b68708-75c8-452e-8d40-1082198b8117 37903869a3134f728dbd7f8a6b4d2a35 7f23cc4cda1a42b0b68f42f1a5680a6b - - default default] Unable to schedule network e13a9fe9-9f4a-4718-a652-22587cd4e6e0: no agents available; will retry on subsequent port and subnet creation events.
2026-03-03 13:09:01.802 7 INFO neutron.db.ovn_revision_numbers_db [None req-bd60e57e-86ca-49ca-b0ad-08cb937f3075 - - - - - -] Successfully bumped revision number for resource 205a658d-3588-4175-a526-051a29a9ef1a (type: ports) to 2
2026-03-03 13:09:01.837 7 INFO neutron.db.ovn_revision_numbers_db [None req-bd60e57e-86ca-49ca-b0ad-08cb937f3075 - - - - - -] Successfully bumped revision number for resource 4f628143-2e6e-4528-b68c-e7dbd27f22f0 (type: subnets) to 0 [pid: 7|app: 0|req: 1795/3589] 10.0.0.48 () {34 vars in 667 bytes} [Tue Mar 3 13:09:01 2026] POST /v2.0/subnets => generated 629 bytes in 651 msecs (HTTP/1.1 201) 4 headers in 162 bytes (1 switches on core 0)
2026-03-03 13:09:01.943 8 INFO neutron.db.segments_db [None req-32f8dcf8-d56e-47ab-8368-b94ad13423bb 37903869a3134f728dbd7f8a6b4d2a35 7f23cc4cda1a42b0b68f42f1a5680a6b - - default default] Added segment 860f03fd-b460-4bda-9dbc-6103303d59b9 of type geneve for network c7f7bcc9-8668-41ae-b5de-8bb0f39646a4
2026-03-03 13:09:02.051 8 INFO neutron.db.ovn_revision_numbers_db [None req-32f8dcf8-d56e-47ab-8368-b94ad13423bb 37903869a3134f728dbd7f8a6b4d2a35 7f23cc4cda1a42b0b68f42f1a5680a6b - - default default] Successfully bumped revision number for resource c7f7bcc9-8668-41ae-b5de-8bb0f39646a4 (type: networks) to 1
