2026-03-03 13:02:29.820 7 INFO neutron_taas.services.taas.tap_mirror_plugin [None req-e701a651-9ad9-4301-bcb4-40afc4817873 fb477f29516f4228a5f23832c4d65155 b0b2a0174bb4482bb81807ede0d65f63 - - default default] Tap Mirror: Handle Delete Port: 3dff91d0-1d31-4c95-808b-96707e1af5ba [pid: 7|app: 0|req: 787/1543] 10.0.0.48 () {32 vars in 718 bytes} [Tue Mar 3 13:02:29 2026] DELETE /v2.0/ports/3dff91d0-1d31-4c95-808b-96707e1af5ba => generated 0 bytes in 239 msecs (HTTP/1.1 204) 3 headers in 131 bytes (1 switches on core 0) [pid: 7|app: 0|req: 788/1544] 10.0.0.144 () {28 vars in 582 bytes} [Tue Mar 3 13:02:29 2026] GET /v2.0/subnets => generated 3959 bytes in 37 msecs (HTTP/1.1 200) 4 headers in 158 bytes (1 switches on core 0)
2026-03-03 13:02:29.983 7 INFO neutron.pecan_wsgi.hooks.translation [None req-08c83d15-d4a3-4fbe-a963-99efffce909e fb477f29516f4228a5f23832c4d65155 b0b2a0174bb4482bb81807ede0d65f63 - - default default] GET failed (client error): The resource could not be found. [pid: 7|app: 0|req: 789/1545] 10.0.0.48 () {32 vars in 715 bytes} [Tue Mar 3 13:02:29 2026] GET /v2.0/ports/3dff91d0-1d31-4c95-808b-96707e1af5ba => generated 132 bytes in 12 msecs (HTTP/1.1 404) 4 headers in 164 bytes (1 switches on core 0) [pid: 7|app: 0|req: 790/1546] 10.0.0.144 () {28 vars in 582 bytes} [Tue Mar 3 13:02:29 2026] GET /v2.0/subnets => generated 3959 bytes in 37 msecs (HTTP/1.1 200) 4 headers in 158 bytes (1 switches on core 0)
2026-03-03 13:02:30.158 8 INFO neutron.plugins.ml2.drivers.ovn.mech_driver.mech_driver [None req-c10c1690-aaed-43a1-94e8-f24a5d93d2bc - - - - - -] OVN reports status up for port: 4c4f9267-c6d1-47ec-b1ea-4aaf1d641927 [pid: 7|app: 0|req: 791/1547] 10.0.0.48 () {32 vars in 722 bytes} [Tue Mar 3 13:02:30 2026] DELETE /v2.0/subnets/ec620687-ce60-4311-bf5b-370ebf67e71a => generated 0 bytes in 153 msecs (HTTP/1.1 204) 3 headers in 131 bytes (1 switches on core 0) [pid: 7|app: 0|req: 792/1548] 10.0.0.144 () {28 vars in 590 bytes} [Tue Mar 3 13:02:30 2026] GET /v2.0/subnetpools => generated 19 bytes in 8 msecs (HTTP/1.1 200) 4 headers in 156 bytes (1 switches on core 0)
2026-03-03 13:02:30.185 8 INFO neutron.plugins.ml2.plugin [None req-c10c1690-aaed-43a1-94e8-f24a5d93d2bc - - - - - -] Attempt 1 to provision port 4c4f9267-c6d1-47ec-b1ea-4aaf1d641927
2026-03-03 13:02:30.282 7 INFO neutron_taas.services.taas.taas_plugin [None req-f06682c3-fefc-470f-8c93-5b3d75250b7b fb477f29516f4228a5f23832c4d65155 b0b2a0174bb4482bb81807ede0d65f63 - - default default] TaaS: Handle Delete Port: 67a7e388-af97-473b-963b-ba061d199e27
2026-03-03 13:02:30.285 7 INFO neutron_taas.services.taas.tap_mirror_plugin [None req-f06682c3-fefc-470f-8c93-5b3d75250b7b fb477f29516f4228a5f23832c4d65155 b0b2a0174bb4482bb81807ede0d65f63 - - default default] Tap Mirror: Handle Delete Port: 67a7e388-af97-473b-963b-ba061d199e27
2026-03-03 13:02:30.295 8 WARNING neutron.scheduler.dhcp_agent_scheduler [None req-8df8b7af-324f-4c2d-9114-59faf242a9e1 7685ee6f322942a7bf1e27df6b674a30 51e224b38303410ab3a152f4dfbccfad - - default default] No more DHCP agents
2026-03-03 13:02:30.299 8 WARNING neutron.api.rpc.agentnotifiers.dhcp_rpc_agent_api [None req-8df8b7af-324f-4c2d-9114-59faf242a9e1 7685ee6f322942a7bf1e27df6b674a30 51e224b38303410ab3a152f4dfbccfad - - default default] Unable to schedule network f2ddb2c3-6da7-45fe-8b28-63ddd266f781: no agents available; will retry on subsequent port and subnet creation events.
2026-03-03 13:02:30.463 7 INFO neutron.services.segments.plugin [-] Segment 5f76c069-1970-4f92-8b29-e15d21bea146 resource provider aggregate not found
2026-03-03 13:02:30.470 7 INFO neutron.services.segments.plugin [-] Segment 5f76c069-1970-4f92-8b29-e15d21bea146 resource provider aggregate not found
2026-03-03 13:02:30.480 7 INFO neutron.services.segments.plugin [-] Segment 5f76c069-1970-4f92-8b29-e15d21bea146 resource provider not found; error: Placement Client Error (4xx): {"errors": [{"status": 404, "title": "Not Found", "detail": "The resource could not be found.\n\n No resource provider with uuid 5f76c069-1970-4f92-8b29-e15d21bea146 found for delete ", "request_id": "req-91fa601a-90a4-41cd-b589-982a8cd9814e"}]}
2026-03-03 13:02:30.491 7 INFO neutron.services.segments.plugin [-] Segment 5f76c069-1970-4f92-8b29-e15d21bea146 resource provider not found; error: Placement Client Error (4xx): {"errors": [{"status": 404, "title": "Not Found", "detail": "The resource could not be found.\n\n No resource provider with uuid 5f76c069-1970-4f92-8b29-e15d21bea146 found for delete ", "request_id": "req-7e3f2d9a-e0aa-4b13-83c1-a103d71d2278"}]} [pid: 7|app: 0|req: 793/1549] 10.0.0.48 () {32 vars in 724 bytes} [Tue Mar 3 13:02:30 2026] DELETE /v2.0/networks/4f8e38ae-f004-481a-8253-7e7b0cefc8ea => generated 0 bytes in 343 msecs (HTTP/1.1 204) 3 headers in 131 bytes (1 switches on core 0) [pid: 7|app: 0|req: 794/1550] 10.0.0.144 () {28 vars in 582 bytes} [Tue Mar 3 13:02:30 2026] GET /v2.0/routers => generated 1591 bytes in 85 msecs (HTTP/1.1 200) 4 headers in 158 bytes (1 switches on core 0)
2026-03-03 13:02:30.701 8 INFO neutron.db.ovn_revision_numbers_db [None req-8df8b7af-324f-4c2d-9114-59faf242a9e1 7685ee6f322942a7bf1e27df6b674a30 51e224b38303410ab3a152f4dfbccfad - - default default] Successfully bumped revision number for resource 4c4f9267-c6d1-47ec-b1ea-4aaf1d641927 (type: router_ports) to 1 [pid: 8|app: 0|req: 757/1551] 10.0.0.48 () {34 vars in 781 bytes} [Tue Mar 3 13:02:28 2026] PUT /v2.0/routers/77f0c7ba-3ea1-4bc9-9a6f-90d4c467feb1/add_router_interface => generated 309 bytes in 1815 msecs (HTTP/1.1 200) 4 headers in 157 bytes (1 switches on core 0) [pid: 8|app: 0|req: 758/1552] 10.0.0.144 () {28 vars in 623 bytes} [Tue Mar 3 13:02:30 2026] GET /v2.0/agents?binary=ovn-controller => generated 416 bytes in 42 msecs (HTTP/1.1 200) 4 headers in 157 bytes (1 switches on core 0)
2026-03-03 13:02:30.817 7 WARNING neutron.scheduler.dhcp_agent_scheduler [None req-1e043729-825b-47e3-9c0c-16a3674892f3 fb477f29516f4228a5f23832c4d65155 b0b2a0174bb4482bb81807ede0d65f63 - - default default] No more DHCP agents
2026-03-03 13:02:30.818 7 WARNING neutron.api.rpc.agentnotifiers.dhcp_rpc_agent_api [None req-1e043729-825b-47e3-9c0c-16a3674892f3 fb477f29516f4228a5f23832c4d65155 b0b2a0174bb4482bb81807ede0d65f63 - - default default] Unable to schedule network eca6e7d8-b644-41c6-b8c8-9c3275f7ddc2: no agents available; will retry on subsequent port and subnet creation events. [pid: 8|app: 0|req: 759/1553] 10.0.0.48 () {32 vars in 715 bytes} [Tue Mar 3 13:02:30 2026] GET /v2.0/ports/4c4f9267-c6d1-47ec-b1ea-4aaf1d641927 => generated 955 bytes in 123 msecs (HTTP/1.1 200) 4 headers in 157 bytes (1 switches on core 0)
2026-03-03 13:02:30.891 7 INFO neutron.db.ovn_revision_numbers_db [None req-1e043729-825b-47e3-9c0c-16a3674892f3 fb477f29516f4228a5f23832c4d65155 b0b2a0174bb4482bb81807ede0d65f63 - - default default] Successfully bumped revision number for resource 04c2a193-7f81-4d96-a0ab-beb53be73c43 (type: ports) to 1 [pid: 7|app: 0|req: 795/1554] 10.0.0.48 () {34 vars in 663 bytes} [Tue Mar 3 13:02:30 2026] POST /v2.0/ports => generated 779 bytes in 326 msecs (HTTP/1.1 201) 4 headers in 162 bytes (1 switches on core 0) /var/lib/openstack/lib/python3.12/site-packages/pycadf/identifier.py:70: UserWarning: Invalid uuid: neutron. To ensure interoperability, identifiers should be a valid uuid. warnings.warn(('Invalid uuid: %s. To ensure interoperability, ' [pid: 8|app: 0|req: 760/1555] 10.0.0.144 () {28 vars in 590 bytes} [Tue Mar 3 13:02:30 2026] GET /v2.0/floatingips => generated 861 bytes in 86 msecs (HTTP/1.1 200) 4 headers in 157 bytes (1 switches on core 0)
2026-03-03 13:02:30.979 8 INFO neutron.db.ovn_revision_numbers_db [None req-c10c1690-aaed-43a1-94e8-f24a5d93d2bc - - - - - -] Successfully bumped revision number for resource 4c4f9267-c6d1-47ec-b1ea-4aaf1d641927 (type: ports) to 2 [pid: 7|app: 0|req: 796/1556] 10.0.0.48 () {32 vars in 715 bytes} [Tue Mar 3 13:02:30 2026] GET /v2.0/ports/4c4f9267-c6d1-47ec-b1ea-4aaf1d641927 => generated 955 bytes in 96 msecs (HTTP/1.1 200) 4 headers in 157 bytes (1 switches on core 0) [pid: 7|app: 0|req: 797/1557] 10.0.0.144 () {28 vars in 598 bytes} [Tue Mar 3 13:02:31 2026] GET /v2.0/security-groups => generated 28975 bytes in 37 msecs (HTTP/1.1 200) 4 headers in 159 bytes (1 switches on core 0)
2026-03-03 13:02:31.291 8 INFO neutron.db.ovn_revision_numbers_db [None req-f986e5e9-6cdf-4e19-bf49-486446771410 fb477f29516f4228a5f23832c4d65155 b0b2a0174bb4482bb81807ede0d65f63 - - default default] Successfully bumped revision number for resource 04c2a193-7f81-4d96-a0ab-beb53be73c43 (type: ports) to 2
2026-03-03 13:02:31.323 7 INFO neutron_taas.services.taas.taas_plugin [None req-97d57a34-e8b6-4356-a152-2a47ab69d176 7685ee6f322942a7bf1e27df6b674a30 51e224b38303410ab3a152f4dfbccfad - - default default] TaaS: Handle Delete Port: 4c4f9267-c6d1-47ec-b1ea-4aaf1d641927
2026-03-03 13:02:31.326 7 INFO neutron_taas.services.taas.tap_mirror_plugin [None req-97d57a34-e8b6-4356-a152-2a47ab69d176 7685ee6f322942a7bf1e27df6b674a30 51e224b38303410ab3a152f4dfbccfad - - default default] Tap Mirror: Handle Delete Port: 4c4f9267-c6d1-47ec-b1ea-4aaf1d641927 [pid: 8|app: 0|req: 761/1558] 10.0.0.48 () {34 vars in 735 bytes} [Tue Mar 3 13:02:30 2026] PUT /v2.0/ports/04c2a193-7f81-4d96-a0ab-beb53be73c43 => generated 752 bytes in 372 msecs (HTTP/1.1 200) 4 headers in 157 bytes (1 switches on core 0) /var/lib/openstack/lib/python3.12/site-packages/pycadf/identifier.py:70: UserWarning: Invalid uuid: neutron. To ensure interoperability, identifiers should be a valid uuid. warnings.warn(('Invalid uuid: %s. To ensure interoperability, ' [pid: 8|app: 0|req: 762/1559] 10.0.0.144 () {28 vars in 578 bytes} [Tue Mar 3 13:02:31 2026] GET /v2.0/ports => generated 17101 bytes in 95 msecs (HTTP/1.1 200) 4 headers in 159 bytes (1 switches on core 0)
2026-03-03 13:02:31.556 8 INFO neutron_taas.services.taas.taas_plugin [None req-2b7fb7dd-d9c8-4e40-933a-6dad558b82af fb477f29516f4228a5f23832c4d65155 b0b2a0174bb4482bb81807ede0d65f63 - - default default] TaaS: Handle Delete Port: 04c2a193-7f81-4d96-a0ab-beb53be73c43
2026-03-03 13:02:31.561 8 INFO neutron_taas.services.taas.tap_mirror_plugin [None req-2b7fb7dd-d9c8-4e40-933a-6dad558b82af fb477f29516f4228a5f23832c4d65155 b0b2a0174bb4482bb81807ede0d65f63 - - default default] Tap Mirror: Handle Delete Port: 04c2a193-7f81-4d96-a0ab-beb53be73c43 [pid: 7|app: 0|req: 798/1560] 10.0.0.48 () {34 vars in 787 bytes} [Tue Mar 3 13:02:31 2026] PUT /v2.0/routers/77f0c7ba-3ea1-4bc9-9a6f-90d4c467feb1/remove_router_interface => generated 309 bytes in 575 msecs (HTTP/1.1 200) 4 headers in 157 bytes (1 switches on core 0) /var/lib/openstack/lib/python3.12/site-packages/pycadf/identifier.py:70: UserWarning: Invalid uuid: neutron. To ensure interoperability, identifiers should be a valid uuid. warnings.warn(('Invalid uuid: %s. To ensure interoperability, ' [pid: 8|app: 0|req: 763/1563] 10.0.0.48 () {32 vars in 718 bytes} [Tue Mar 3 13:02:31 2026] DELETE /v2.0/ports/04c2a193-7f81-4d96-a0ab-beb53be73c43 => generated 0 bytes in 245 msecs (HTTP/1.1 204) 3 headers in 131 bytes (1 switches on core 0) [pid: 7|app: 0|req: 801/1564] 10.0.0.213 () {34 vars in 989 bytes} [Tue Mar 3 13:02:31 2026] GET /v2.0/ports?device_id=5c10f755-957a-46f6-897c-90373353fb26 => generated 1213 bytes in 55 msecs (HTTP/1.1 200) 4 headers in 158 bytes (1 switches on core 0) [pid: 7|app: 0|req: 802/1565] 10.0.0.48 () {32 vars in 641 bytes} [Tue Mar 3 13:02:31 2026] GET /v2.0/ports => generated 1538 bytes in 42 msecs (HTTP/1.1 200) 4 headers in 158 bytes (1 switches on core 0) [pid: 8|app: 0|req: 764/1566] 10.0.0.48 () {32 vars in 715 bytes} [Tue Mar 3 13:02:31 2026] GET /v2.0/ports/2eee3dd6-1168-438d-bd26-ee5fc71a387d => generated 947 bytes in 76 msecs (HTTP/1.1 200) 4 headers in 157 bytes (1 switches on core 0)
2026-03-03 13:02:31.776 8 INFO neutron.pecan_wsgi.hooks.translation [None req-813fc179-485b-4ad5-a9a6-1631ac949389 fb477f29516f4228a5f23832c4d65155 b0b2a0174bb4482bb81807ede0d65f63 - - default default] GET failed (client error): The resource could not be found. [pid: 8|app: 0|req: 765/1567] 10.0.0.48 () {32 vars in 715 bytes} [Tue Mar 3 13:02:31 2026] GET /v2.0/ports/04c2a193-7f81-4d96-a0ab-beb53be73c43 => generated 132 bytes in 28 msecs (HTTP/1.1 404) 4 headers in 164 bytes (1 switches on core 0) [pid: 7|app: 0|req: 803/1568] 10.0.0.213 () {34 vars in 1039 bytes} [Tue Mar 3 13:02:31 2026] GET /v2.0/security-groups?id=8b3f05d0-5360-4523-a806-66e74d0483ce&fields=id&fields=name => generated 114 bytes in 44 msecs (HTTP/1.1 200) 4 headers in 157 bytes (1 switches on core 0) [pid: 7|app: 0|req: 804/1569] 10.0.0.48 () {32 vars in 641 bytes} [Tue Mar 3 13:02:31 2026] GET /v2.0/ports => generated 1538 bytes in 34 msecs (HTTP/1.1 200) 4 headers in 158 bytes (1 switches on core 0) [pid: 7|app: 0|req: 805/1570] 10.0.0.48 () {32 vars in 715 bytes} [Tue Mar 3 13:02:31 2026] GET /v2.0/ports/6cd7efcc-0119-4985-8171-4f9ccd451240 => generated 779 bytes in 41 msecs (HTTP/1.1 200) 4 headers in 157 bytes (1 switches on core 0)
2026-03-03 13:02:32.086 8 INFO neutron_taas.services.taas.taas_plugin [None req-62ccc751-233d-4775-a39b-8d1a52f565b3 7685ee6f322942a7bf1e27df6b674a30 51e224b38303410ab3a152f4dfbccfad - - default default] TaaS: Handle Delete Port: 2eee3dd6-1168-438d-bd26-ee5fc71a387d
2026-03-03 13:02:32.088 8 INFO neutron_taas.services.taas.tap_mirror_plugin [None req-62ccc751-233d-4775-a39b-8d1a52f565b3 7685ee6f322942a7bf1e27df6b674a30 51e224b38303410ab3a152f4dfbccfad - - default default] Tap Mirror: Handle Delete Port: 2eee3dd6-1168-438d-bd26-ee5fc71a387d
2026-03-03 13:02:32.191 7 INFO neutron.db.ovn_revision_numbers_db [None req-3d42fbc8-a5ce-489b-9004-2b950856f314 895b71fa84d049fbbfcc6a165bdb7341 594b9831280c499ebdf23b1050cebd11 - - default default] Successfully bumped revision number for resource 232ed53a-6442-4e98-8ba2-385c395b4ad3 (type: security_groups) to 1
2026-03-03 13:02:32.208 7 INFO neutron.db.ovn_revision_numbers_db [None req-3d42fbc8-a5ce-489b-9004-2b950856f314 895b71fa84d049fbbfcc6a165bdb7341 594b9831280c499ebdf23b1050cebd11 - - default default] Successfully bumped revision number for resource 03d84136-7f2a-4cd8-887a-72e9716004d2 (type: security_group_rules) to 0
2026-03-03 13:02:32.218 7 INFO neutron.db.ovn_revision_numbers_db [None req-3d42fbc8-a5ce-489b-9004-2b950856f314 895b71fa84d049fbbfcc6a165bdb7341 594b9831280c499ebdf23b1050cebd11 - - default default] Successfully bumped revision number for resource 898f341b-bc47-4a2b-9159-050039f25c12 (type: security_group_rules) to 0
2026-03-03 13:02:32.231 7 INFO neutron.db.ovn_revision_numbers_db [None req-3d42fbc8-a5ce-489b-9004-2b950856f314 895b71fa84d049fbbfcc6a165bdb7341 594b9831280c499ebdf23b1050cebd11 - - default default] Successfully bumped revision number for resource 9bb6b083-d3e9-4306-88f1-fe6bd8aee9d2 (type: security_group_rules) to 0
2026-03-03 13:02:32.244 7 INFO neutron.db.ovn_revision_numbers_db [None req-3d42fbc8-a5ce-489b-9004-2b950856f314 895b71fa84d049fbbfcc6a165bdb7341 594b9831280c499ebdf23b1050cebd11 - - default default] Successfully bumped revision number for resource de9f6bef-134e-4f88-8359-2c51404d2afd (type: security_group_rules) to 0
2026-03-03 13:02:32.310 7 INFO neutron.db.segments_db [None req-3d42fbc8-a5ce-489b-9004-2b950856f314 895b71fa84d049fbbfcc6a165bdb7341 594b9831280c499ebdf23b1050cebd11 - - default default] Added segment 85da180f-5fc0-4ca5-a065-09557b68d24b of type geneve for network c896c06b-f8fe-4968-8ed1-15c6f69d9ca3 [pid: 8|app: 0|req: 766/1571] 10.0.0.48 () {34 vars in 787 bytes} [Tue Mar 3 13:02:31 2026] PUT /v2.0/routers/77f0c7ba-3ea1-4bc9-9a6f-90d4c467feb1/remove_router_interface => generated 309 bytes in 545 msecs (HTTP/1.1 200) 4 headers in 157 bytes (1 switches on core 0) /var/lib/openstack/lib/python3.12/site-packages/pycadf/identifier.py:70: UserWarning: Invalid uuid: neutron. To ensure interoperability, identifiers should be a valid uuid. warnings.warn(('Invalid uuid: %s. To ensure interoperability, '
2026-03-03 13:02:32.346 8 INFO neutron.pecan_wsgi.hooks.translation [None req-2904bc00-9dcc-47ff-bdd9-76cf2ecc3213 fb477f29516f4228a5f23832c4d65155 b0b2a0174bb4482bb81807ede0d65f63 - - default default] DELETE failed (client error): The resource could not be found. [pid: 8|app: 0|req: 767/1572] 10.0.0.48 () {32 vars in 718 bytes} [Tue Mar 3 13:02:32 2026] DELETE /v2.0/ports/3dff91d0-1d31-4c95-808b-96707e1af5ba => generated 132 bytes in 17 msecs (HTTP/1.1 404) 4 headers in 164 bytes (1 switches on core 0) [pid: 8|app: 0|req: 768/1573] 10.0.0.48 () {32 vars in 734 bytes} [Tue Mar 3 13:02:32 2026] GET /v2.0/ports?device_id=77f0c7ba-3ea1-4bc9-9a6f-90d4c467feb1 => generated 12 bytes in 14 msecs (HTTP/1.1 200) 4 headers in 156 bytes (1 switches on core 0)
2026-03-03 13:02:32.374 8 INFO neutron.pecan_wsgi.hooks.translation [None req-4897efda-5995-4b23-81ce-eb34cf98048a fb477f29516f4228a5f23832c4d65155 b0b2a0174bb4482bb81807ede0d65f63 - - default default] DELETE failed (client error): The resource could not be found. [pid: 8|app: 0|req: 769/1574] 10.0.0.48 () {32 vars in 722 bytes} [Tue Mar 3 13:02:32 2026] DELETE /v2.0/subnets/ec620687-ce60-4311-bf5b-370ebf67e71a => generated 136 bytes in 14 msecs (HTTP/1.1 404) 4 headers in 164 bytes (1 switches on core 0)
2026-03-03 13:02:32.411 7 INFO neutron.db.ovn_revision_numbers_db [None req-3d42fbc8-a5ce-489b-9004-2b950856f314 895b71fa84d049fbbfcc6a165bdb7341 594b9831280c499ebdf23b1050cebd11 - - default default] Successfully bumped revision number for resource c896c06b-f8fe-4968-8ed1-15c6f69d9ca3 (type: networks) to 1
2026-03-03 13:02:32.577 7 WARNING neutron.scheduler.dhcp_agent_scheduler [None req-3d42fbc8-a5ce-489b-9004-2b950856f314 895b71fa84d049fbbfcc6a165bdb7341 594b9831280c499ebdf23b1050cebd11 - - default default] No more DHCP agents
2026-03-03 13:02:32.578 7 WARNING neutron.api.rpc.agentnotifiers.dhcp_rpc_agent_api [None req-3d42fbc8-a5ce-489b-9004-2b950856f314 895b71fa84d049fbbfcc6a165bdb7341 594b9831280c499ebdf23b1050cebd11 - - default default] Unable to schedule network c896c06b-f8fe-4968-8ed1-15c6f69d9ca3: no agents available; will retry on subsequent port and subnet creation events. [pid: 8|app: 0|req: 770/1575] 10.0.0.48 () {32 vars in 722 bytes} [Tue Mar 3 13:02:32 2026] DELETE /v2.0/routers/77f0c7ba-3ea1-4bc9-9a6f-90d4c467feb1 => generated 0 bytes in 203 msecs (HTTP/1.1 204) 2 headers in 112 bytes (1 switches on core 0)
2026-03-03 13:02:32.591 8 INFO neutron.pecan_wsgi.hooks.translation [None req-57a7e225-c13b-4fd5-8d3c-f900985dc692 fb477f29516f4228a5f23832c4d65155 b0b2a0174bb4482bb81807ede0d65f63 - - default default] DELETE failed (client error): The resource could not be found. [pid: 8|app: 0|req: 771/1576] 10.0.0.48 () {32 vars in 722 bytes} [Tue Mar 3 13:02:32 2026] DELETE /v2.0/subnets/b2a0dc61-a464-4879-bbe3-701d531e0992 => generated 136 bytes in 11 msecs (HTTP/1.1 404) 4 headers in 164 bytes (1 switches on core 0)
2026-03-03 13:02:32.663 7 INFO neutron.db.ovn_revision_numbers_db [None req-3d42fbc8-a5ce-489b-9004-2b950856f314 895b71fa84d049fbbfcc6a165bdb7341 594b9831280c499ebdf23b1050cebd11 - - default default] Successfully bumped revision number for resource 9db9b90c-2cdc-4c2b-bd17-7ecbe2955b86 (type: ports) to 1 [pid: 7|app: 0|req: 806/1577] 10.0.0.48 () {34 vars in 668 bytes} [Tue Mar 3 13:02:31 2026] POST /v2.0/networks => generated 651 bytes in 811 msecs (HTTP/1.1 201) 4 headers in 162 bytes (1 switches on core 0) [pid: 8|app: 0|req: 772/1578] 10.0.0.48 () {32 vars in 722 bytes} [Tue Mar 3 13:02:32 2026] DELETE /v2.0/subnets/6092e76e-2053-42c7-a08b-0bcfa587d5b7 => generated 0 bytes in 162 msecs (HTTP/1.1 204) 3 headers in 131 bytes (1 switches on core 0)
2026-03-03 13:02:32.800 7 INFO neutron_taas.services.taas.taas_plugin [None req-a582d885-ef0c-41ed-bd99-afc8c05f43cd fb477f29516f4228a5f23832c4d65155 b0b2a0174bb4482bb81807ede0d65f63 - - default default] TaaS: Handle Delete Port: 6cd7efcc-0119-4985-8171-4f9ccd451240
2026-03-03 13:02:32.803 7 INFO neutron_taas.services.taas.tap_mirror_plugin [None req-a582d885-ef0c-41ed-bd99-afc8c05f43cd fb477f29516f4228a5f23832c4d65155 b0b2a0174bb4482bb81807ede0d65f63 - - default default] Tap Mirror: Handle Delete Port: 6cd7efcc-0119-4985-8171-4f9ccd451240
2026-03-03 13:02:32.851 8 INFO neutron.db.segments_db [None req-6d9a1af4-2ac6-44fa-875b-2de051c2b4d5 895b71fa84d049fbbfcc6a165bdb7341 594b9831280c499ebdf23b1050cebd11 - - default default] Added segment 0c316d0f-f36c-4201-919e-08e934137e4f of type geneve for network b57fafad-7ba7-471d-a5c5-14c82d0f0e29 [pid: 7|app: 0|req: 807/1579] 10.0.0.48 () {32 vars in 718 bytes} [Tue Mar 3 13:02:32 2026] DELETE /v2.0/ports/6cd7efcc-0119-4985-8171-4f9ccd451240 => generated 0 bytes in 224 msecs (HTTP/1.1 204) 3 headers in 131 bytes (1 switches on core 0)
2026-03-03 13:02:32.964 8 INFO neutron.db.ovn_revision_numbers_db [None req-6d9a1af4-2ac6-44fa-875b-2de051c2b4d5 895b71fa84d049fbbfcc6a165bdb7341 594b9831280c499ebdf23b1050cebd11 - - default default] Successfully bumped revision number for resource b57fafad-7ba7-471d-a5c5-14c82d0f0e29 (type: networks) to 1 [pid: 7|app: 0|req: 808/1580] 10.0.0.48 () {32 vars in 722 bytes} [Tue Mar 3 13:02:32 2026] DELETE /v2.0/subnets/321f38fe-2093-44ef-b104-33d6809d1a60 => generated 0 bytes in 147 msecs (HTTP/1.1 204) 3 headers in 131 bytes (1 switches on core 0)
2026-03-03 13:02:33.124 8 WARNING neutron.scheduler.dhcp_agent_scheduler [None req-6d9a1af4-2ac6-44fa-875b-2de051c2b4d5 895b71fa84d049fbbfcc6a165bdb7341 594b9831280c499ebdf23b1050cebd11 - - default default] No more DHCP agents
2026-03-03 13:02:33.125 8 WARNING neutron.api.rpc.agentnotifiers.dhcp_rpc_agent_api [None req-6d9a1af4-2ac6-44fa-875b-2de051c2b4d5 895b71fa84d049fbbfcc6a165bdb7341 594b9831280c499ebdf23b1050cebd11 - - default default] Unable to schedule network b57fafad-7ba7-471d-a5c5-14c82d0f0e29: no agents available; will retry on subsequent port and subnet creation events.
2026-03-03 13:02:33.195 8 INFO neutron.db.ovn_revision_numbers_db [None req-6d9a1af4-2ac6-44fa-875b-2de051c2b4d5 895b71fa84d049fbbfcc6a165bdb7341 594b9831280c499ebdf23b1050cebd11 - - default default] Successfully bumped revision number for resource 0c5f4b57-ee49-47c3-aae1-3b618090aee1 (type: ports) to 1
2026-03-03 13:02:33.201 7 INFO neutron_taas.services.taas.taas_plugin [None req-2f1804a3-d434-407b-9387-79d05648ad52 fb477f29516f4228a5f23832c4d65155 b0b2a0174bb4482bb81807ede0d65f63 - - default default] TaaS: Handle Delete Port: b4bbc878-106d-4d98-b4d0-40db505a923d
2026-03-03 13:02:33.204 7 INFO neutron_taas.services.taas.tap_mirror_plugin [None req-2f1804a3-d434-407b-9387-79d05648ad52 fb477f29516f4228a5f23832c4d65155 b0b2a0174bb4482bb81807ede0d65f63 - - default default] Tap Mirror: Handle Delete Port: b4bbc878-106d-4d98-b4d0-40db505a923d [pid: 8|app: 0|req: 773/1581] 10.0.0.48 () {34 vars in 668 bytes} [Tue Mar 3 13:02:32 2026] POST /v2.0/networks => generated 651 bytes in 459 msecs (HTTP/1.1 201) 4 headers in 162 bytes (1 switches on core 0)
2026-03-03 13:02:33.331 8 INFO neutron_taas.services.taas.taas_plugin [None req-c342356f-3349-4ad8-8407-2273f3bdb02a 7685ee6f322942a7bf1e27df6b674a30 51e224b38303410ab3a152f4dfbccfad - - default default] TaaS: Handle Delete Port: 0733bc40-82dc-4686-9d66-2b38de567f56
2026-03-03 13:02:33.335 8 INFO neutron_taas.services.taas.tap_mirror_plugin [None req-c342356f-3349-4ad8-8407-2273f3bdb02a 7685ee6f322942a7bf1e27df6b674a30 51e224b38303410ab3a152f4dfbccfad - - default default] Tap Mirror: Handle Delete Port: 0733bc40-82dc-4686-9d66-2b38de567f56
2026-03-03 13:02:33.352 7 INFO neutron.services.segments.plugin [-] Segment f6236b9a-f632-4c69-8353-fd56816a2659 resource provider aggregate not found
2026-03-03 13:02:33.358 7 INFO neutron.services.segments.plugin [-] Segment f6236b9a-f632-4c69-8353-fd56816a2659 resource provider aggregate not found
2026-03-03 13:02:33.376 7 INFO neutron.services.segments.plugin [-] Segment f6236b9a-f632-4c69-8353-fd56816a2659 resource provider not found; error: Placement Client Error (4xx): {"errors": [{"status": 404, "title": "Not Found", "detail": "The resource could not be found.\n\n No resource provider with uuid f6236b9a-f632-4c69-8353-fd56816a2659 found for delete ", "request_id": "req-fe149a05-6f6d-4d30-97e6-de4d59ba720f"}]}
2026-03-03 13:02:33.380 7 INFO neutron.services.segments.plugin [-] Segment f6236b9a-f632-4c69-8353-fd56816a2659 resource provider not found; error: Placement Client Error (4xx): {"errors": [{"status": 404, "title": "Not Found", "detail": "The resource could not be found.\n\n No resource provider with uuid f6236b9a-f632-4c69-8353-fd56816a2659 found for delete ", "request_id": "req-235eee24-4388-4f3d-93e3-4b0d6128ff15"}]} [pid: 7|app: 0|req: 809/1582] 10.0.0.48 () {32 vars in 724 bytes} [Tue Mar 3 13:02:33 2026] DELETE /v2.0/networks/eca6e7d8-b644-41c6-b8c8-9c3275f7ddc2 => generated 0 bytes in 337 msecs (HTTP/1.1 204) 3 headers in 131 bytes (1 switches on core 0)
2026-03-03 13:02:33.508 7 INFO neutron.db.segments_db [None req-13a037de-07f9-4514-b660-1e4db98b2a4c 895b71fa84d049fbbfcc6a165bdb7341 594b9831280c499ebdf23b1050cebd11 - - default default] Added segment c40f7179-94e3-4307-965f-9ed285a715c9 of type geneve for network b370c3c6-2de5-4ee6-b378-20f870caf100
2026-03-03 13:02:33.526 8 INFO neutron.services.segments.plugin [-] Segment b9ccd27f-2bea-468b-83dc-f176fd596bb9 resource provider aggregate not found
2026-03-03 13:02:33.530 8 INFO neutron.services.segments.plugin [-] Segment b9ccd27f-2bea-468b-83dc-f176fd596bb9 resource provider aggregate not found
2026-03-03 13:02:33.543 8 INFO neutron.services.segments.plugin [-] Segment b9ccd27f-2bea-468b-83dc-f176fd596bb9 resource provider not found; error: Placement Client Error (4xx): {"errors": [{"status": 404, "title": "Not Found", "detail": "The resource could not be found.\n\n No resource provider with uuid b9ccd27f-2bea-468b-83dc-f176fd596bb9 found for delete ", "request_id": "req-5efc6219-3c4c-48fd-8a75-f494310da141"}]}
2026-03-03 13:02:33.549 8 INFO neutron.services.segments.plugin [-] Segment b9ccd27f-2bea-468b-83dc-f176fd596bb9 resource provider not found; error: Placement Client Error (4xx): {"errors": [{"status": 404, "title": "Not Found", "detail": "The resource could not be found.\n\n No resource provider with uuid b9ccd27f-2bea-468b-83dc-f176fd596bb9 found for delete ", "request_id": "req-915f2e30-742e-450d-888f-0a2482d62dff"}]} [pid: 8|app: 0|req: 774/1583] 10.0.0.48 () {32 vars in 724 bytes} [Tue Mar 3 13:02:33 2026] DELETE /v2.0/networks/f2ddb2c3-6da7-45fe-8b28-63ddd266f781 => generated 0 bytes in 361 msecs (HTTP/1.1 204) 3 headers in 131 bytes (1 switches on core 0)
2026-03-03 13:02:33.621 7 INFO neutron.db.ovn_revision_numbers_db [None req-13a037de-07f9-4514-b660-1e4db98b2a4c 895b71fa84d049fbbfcc6a165bdb7341 594b9831280c499ebdf23b1050cebd11 - - default default] Successfully bumped revision number for resource b370c3c6-2de5-4ee6-b378-20f870caf100 (type: networks) to 1
2026-03-03 13:02:33.680 8 INFO neutron_taas.services.taas.taas_plugin [None req-71ff5568-3652-4c9d-85c5-9d0afcfdcb33 7685ee6f322942a7bf1e27df6b674a30 51e224b38303410ab3a152f4dfbccfad - - default default] TaaS: Handle Delete Port: 0749ee1d-fa34-4ccb-9e78-a7578b3221fb
2026-03-03 13:02:33.683 8 INFO neutron_taas.services.taas.tap_mirror_plugin [None req-71ff5568-3652-4c9d-85c5-9d0afcfdcb33 7685ee6f322942a7bf1e27df6b674a30 51e224b38303410ab3a152f4dfbccfad - - default default] Tap Mirror: Handle Delete Port: 0749ee1d-fa34-4ccb-9e78-a7578b3221fb
2026-03-03 13:02:33.684 7 WARNING neutron.plugins.ml2.drivers.ovn.mech_driver.ovsdb.ovn_client [None req-a9bf1f81-727a-4d81-a4e1-a9cbbf65aba4 - - - - - -] No port found with ID 2eee3dd6-1168-438d-bd26-ee5fc71a387d: RuntimeError: No port found with ID 2eee3dd6-1168-438d-bd26-ee5fc71a387d
2026-03-03 13:02:33.712 7 INFO neutron.plugins.ml2.drivers.ovn.mech_driver.mech_driver [None req-a9bf1f81-727a-4d81-a4e1-a9cbbf65aba4 - - - - - -] OVN reports status down for port: 67a7e388-af97-473b-963b-ba061d199e27
2026-03-03 13:02:33.728 7 INFO neutron.plugins.ml2.drivers.ovn.mech_driver.mech_driver [None req-a9bf1f81-727a-4d81-a4e1-a9cbbf65aba4 - - - - - -] OVN reports status down for port: 0c5f4b57-ee49-47c3-aae1-3b618090aee1 [pid: 8|app: 0|req: 775/1584] 10.0.0.48 () {32 vars in 724 bytes} [Tue Mar 3 13:02:33 2026] DELETE /v2.0/networks/90a9c704-53a3-4f84-98e7-83d6a0904347 => generated 0 bytes in 283 msecs (HTTP/1.1 204) 3 headers in 131 bytes (1 switches on core 0)
2026-03-03 13:02:33.871 7 WARNING neutron.scheduler.dhcp_agent_scheduler [None req-13a037de-07f9-4514-b660-1e4db98b2a4c 895b71fa84d049fbbfcc6a165bdb7341 594b9831280c499ebdf23b1050cebd11 - - default default] No more DHCP agents
2026-03-03 13:02:33.873 7 WARNING neutron.api.rpc.agentnotifiers.dhcp_rpc_agent_api [None req-13a037de-07f9-4514-b660-1e4db98b2a4c 895b71fa84d049fbbfcc6a165bdb7341 594b9831280c499ebdf23b1050cebd11 - - default default] Unable to schedule network b370c3c6-2de5-4ee6-b378-20f870caf100: no agents available; will retry on subsequent port and subnet creation events.
2026-03-03 13:02:33.913 7 INFO neutron.plugins.ml2.drivers.ovn.mech_driver.mech_driver [None req-a9bf1f81-727a-4d81-a4e1-a9cbbf65aba4 - - - - - -] OVN reports status down for port: 26337cbf-ccdf-4ace-ac23-76528359ebfb
2026-03-03 13:02:33.958 8 INFO neutron.db.segments_db [None req-1834cbf4-fbc1-417f-9a84-d55aa1085350 7685ee6f322942a7bf1e27df6b674a30 51e224b38303410ab3a152f4dfbccfad - - default default] Added segment 7355e5b2-a50f-47be-aca3-c8530bf75fd5 of type geneve for network 4f382134-d620-4bb8-b03b-5faa787660b8
2026-03-03 13:02:33.974 7 INFO neutron.db.ovn_revision_numbers_db [None req-13a037de-07f9-4514-b660-1e4db98b2a4c 895b71fa84d049fbbfcc6a165bdb7341 594b9831280c499ebdf23b1050cebd11 - - default default] Successfully bumped revision number for resource 26337cbf-ccdf-4ace-ac23-76528359ebfb (type: ports) to 1 [pid: 7|app: 0|req: 810/1585] 10.0.0.48 () {34 vars in 668 bytes} [Tue Mar 3 13:02:33 2026] POST /v2.0/networks => generated 650 bytes in 622 msecs (HTTP/1.1 201) 4 headers in 162 bytes (1 switches on core 0)
2026-03-03 13:02:34.052 8 INFO neutron.db.ovn_revision_numbers_db [None req-1834cbf4-fbc1-417f-9a84-d55aa1085350 7685ee6f322942a7bf1e27df6b674a30 51e224b38303410ab3a152f4dfbccfad - - default default] Successfully bumped revision number for resource 4f382134-d620-4bb8-b03b-5faa787660b8 (type: networks) to 1 [pid: 7|app: 0|req: 811/1586] 10.0.0.48 () {32 vars in 772 bytes} [Tue Mar 3 13:02:34 2026] GET /v2.0/security-groups?tenant_id=b0b2a0174bb4482bb81807ede0d65f63&name=default => generated 2925 bytes in 127 msecs (HTTP/1.1 200) 4 headers in 158 bytes (1 switches on core 0)
2026-03-03 13:02:34.228 7 INFO neutron.db.segments_db [None req-7fee8e0a-e915-48e9-b05a-7fb25ec51155 895b71fa84d049fbbfcc6a165bdb7341 594b9831280c499ebdf23b1050cebd11 - - default default] Added segment a3745e4a-3961-46fe-b0c3-98855eb0211d of type geneve for network e6270aa8-f232-4cf6-8104-4db483036f22
2026-03-03 13:02:34.228 8 WARNING neutron.scheduler.dhcp_agent_scheduler [None req-1834cbf4-fbc1-417f-9a84-d55aa1085350 7685ee6f322942a7bf1e27df6b674a30 51e224b38303410ab3a152f4dfbccfad - - default default] No more DHCP agents
2026-03-03 13:02:34.230 8 WARNING neutron.api.rpc.agentnotifiers.dhcp_rpc_agent_api [None req-1834cbf4-fbc1-417f-9a84-d55aa1085350 7685ee6f322942a7bf1e27df6b674a30 51e224b38303410ab3a152f4dfbccfad - - default default] Unable to schedule network 4f382134-d620-4bb8-b03b-5faa787660b8: no agents available; will retry on subsequent port and subnet creation events.
2026-03-03 13:02:34.296 8 INFO neutron.db.ovn_revision_numbers_db [None req-1834cbf4-fbc1-417f-9a84-d55aa1085350 7685ee6f322942a7bf1e27df6b674a30 51e224b38303410ab3a152f4dfbccfad - - default default] Successfully bumped revision number for resource 3426d4cd-4372-48c5-a1a3-db45c4821989 (type: ports) to 1 [pid: 8|app: 0|req: 776/1587] 10.0.0.48 () {34 vars in 668 bytes} [Tue Mar 3 13:02:33 2026] POST /v2.0/networks => generated 653 bytes in 449 msecs (HTTP/1.1 201) 4 headers in 162 bytes (1 switches on core 0)
2026-03-03 13:02:34.363 7 INFO neutron.db.ovn_revision_numbers_db [None req-7fee8e0a-e915-48e9-b05a-7fb25ec51155 895b71fa84d049fbbfcc6a165bdb7341 594b9831280c499ebdf23b1050cebd11 - - default default] Successfully bumped revision number for resource e6270aa8-f232-4cf6-8104-4db483036f22 (type: networks) to 1
2026-03-03 13:02:34.530 7 WARNING neutron.scheduler.dhcp_agent_scheduler [None req-7fee8e0a-e915-48e9-b05a-7fb25ec51155 895b71fa84d049fbbfcc6a165bdb7341 594b9831280c499ebdf23b1050cebd11 - - default default] No more DHCP agents
2026-03-03 13:02:34.532 7 WARNING neutron.api.rpc.agentnotifiers.dhcp_rpc_agent_api [None req-7fee8e0a-e915-48e9-b05a-7fb25ec51155 895b71fa84d049fbbfcc6a165bdb7341 594b9831280c499ebdf23b1050cebd11 - - default default] Unable to schedule network e6270aa8-f232-4cf6-8104-4db483036f22: no agents available; will retry on subsequent port and subnet creation events. [pid: 8|app: 0|req: 777/1588] 10.0.0.48 () {32 vars in 738 bytes} [Tue Mar 3 13:02:34 2026] DELETE /v2.0/security-groups/ed78d780-5a01-4f9f-8c63-c0387b623950 => generated 0 bytes in 236 msecs (HTTP/1.1 204) 2 headers in 112 bytes (1 switches on core 0)
2026-03-03 13:02:34.572 7 INFO neutron.plugins.ml2.drivers.ovn.mech_driver.mech_driver [None req-a9bf1f81-727a-4d81-a4e1-a9cbbf65aba4 - - - - - -] OVN reports status down for port: d97b0e28-4927-4d8b-88ed-45919d7fcfc5
2026-03-03 13:02:34.629 7 INFO neutron.db.ovn_revision_numbers_db [None req-7fee8e0a-e915-48e9-b05a-7fb25ec51155 895b71fa84d049fbbfcc6a165bdb7341 594b9831280c499ebdf23b1050cebd11 - - default default] Successfully bumped revision number for resource d97b0e28-4927-4d8b-88ed-45919d7fcfc5 (type: ports) to 1 [pid: 7|app: 0|req: 812/1589] 10.0.0.48 () {34 vars in 668 bytes} [Tue Mar 3 13:02:34 2026] POST /v2.0/networks => generated 651 bytes in 532 msecs (HTTP/1.1 201) 4 headers in 162 bytes (1 switches on core 0)
2026-03-03 13:02:34.758 8 WARNING neutron.scheduler.dhcp_agent_scheduler [None req-b80099cd-adf9-4be3-b3d6-89dc9a2cc95a 7685ee6f322942a7bf1e27df6b674a30 51e224b38303410ab3a152f4dfbccfad - - default default] No more DHCP agents
2026-03-03 13:02:34.759 8 WARNING neutron.api.rpc.agentnotifiers.dhcp_rpc_agent_api [None req-b80099cd-adf9-4be3-b3d6-89dc9a2cc95a 7685ee6f322942a7bf1e27df6b674a30 51e224b38303410ab3a152f4dfbccfad - - default default] Unable to schedule network 4f382134-d620-4bb8-b03b-5faa787660b8: no agents available; will retry on subsequent port and subnet creation events.
2026-03-03 13:02:34.782 7 INFO neutron.db.segments_db [None req-943109f4-0068-4676-8340-e45ce2e748c8 895b71fa84d049fbbfcc6a165bdb7341 594b9831280c499ebdf23b1050cebd11 - - default default] Added segment 9f13920b-85e7-4625-b8fc-65d607d79b7a of type geneve for network 8c34bbfb-ccea-48a7-b423-b439127df31f
2026-03-03 13:02:34.789 8 INFO neutron.db.ovn_revision_numbers_db [None req-b80099cd-adf9-4be3-b3d6-89dc9a2cc95a 7685ee6f322942a7bf1e27df6b674a30 51e224b38303410ab3a152f4dfbccfad - - default default] Successfully bumped revision number for resource d91f8224-9a00-45a4-bec6-5e0fa56618ac (type: subnets) to 0 [pid: 8|app: 0|req: 778/1590] 10.0.0.48 () {34 vars in 667 bytes} [Tue Mar 3 13:02:34 2026] POST /v2.0/subnets => generated 646 bytes in 255 msecs (HTTP/1.1 201) 4 headers in 162 bytes (1 switches on core 0)
2026-03-03 13:02:34.897 7 INFO neutron.db.ovn_revision_numbers_db [None req-943109f4-0068-4676-8340-e45ce2e748c8 895b71fa84d049fbbfcc6a165bdb7341 594b9831280c499ebdf23b1050cebd11 - - default default] Successfully bumped revision number for resource 8c34bbfb-ccea-48a7-b423-b439127df31f (type: networks) to 1
2026-03-03 13:02:34.948 8 INFO neutron.db.ovn_revision_numbers_db [None req-2ec48122-70ff-42d5-81a7-6e234d6fbc6b 7685ee6f322942a7bf1e27df6b674a30 51e224b38303410ab3a152f4dfbccfad - - default default] Successfully bumped revision number for resource cb4bc429-deaf-4b53-9874-c3f61aacaa28 (type: routers) to 1 [pid: 8|app: 0|req: 779/1591] 10.0.0.48 () {34 vars in 667 bytes} [Tue Mar 3 13:02:34 2026] POST /v2.0/routers => generated 606 bytes in 147 msecs (HTTP/1.1 201) 4 headers in 162 bytes (1 switches on core 0)
2026-03-03 13:02:35.079 7 WARNING neutron.scheduler.dhcp_agent_scheduler [None req-943109f4-0068-4676-8340-e45ce2e748c8 895b71fa84d049fbbfcc6a165bdb7341 594b9831280c499ebdf23b1050cebd11 - - default default] No more DHCP agents
2026-03-03 13:02:35.083 7 WARNING neutron.api.rpc.agentnotifiers.dhcp_rpc_agent_api [None req-943109f4-0068-4676-8340-e45ce2e748c8 895b71fa84d049fbbfcc6a165bdb7341 594b9831280c499ebdf23b1050cebd11 - - default default] Unable to schedule network 8c34bbfb-ccea-48a7-b423-b439127df31f: no agents available; will retry on subsequent port and subnet creation events.
2026-03-03 13:02:35.122 7 INFO neutron.plugins.ml2.drivers.ovn.mech_driver.mech_driver [None req-a9bf1f81-727a-4d81-a4e1-a9cbbf65aba4 - - - - - -] OVN reports status down for port: 9d0d76e8-28cf-4446-bbfd-423cef655ffa
2026-03-03 13:02:35.185 7 INFO neutron.db.ovn_revision_numbers_db [None req-943109f4-0068-4676-8340-e45ce2e748c8 895b71fa84d049fbbfcc6a165bdb7341 594b9831280c499ebdf23b1050cebd11 - - default default] Successfully bumped revision number for resource 9d0d76e8-28cf-4446-bbfd-423cef655ffa (type: ports) to 1 [pid: 7|app: 0|req: 813/1592] 10.0.0.48 () {34 vars in 668 bytes} [Tue Mar 3 13:02:34 2026] POST /v2.0/networks => generated 650 bytes in 548 msecs (HTTP/1.1 201) 4 headers in 162 bytes (1 switches on core 0)
2026-03-03 13:02:35.264 8 WARNING neutron.scheduler.dhcp_agent_scheduler [None req-672198ff-28cd-4fc0-8f65-c861a9cc2208 7685ee6f322942a7bf1e27df6b674a30 51e224b38303410ab3a152f4dfbccfad - - default default] No more DHCP agents
2026-03-03 13:02:35.265 8 WARNING neutron.api.rpc.agentnotifiers.dhcp_rpc_agent_api [None req-672198ff-28cd-4fc0-8f65-c861a9cc2208 7685ee6f322942a7bf1e27df6b674a30 51e224b38303410ab3a152f4dfbccfad - - default default] Unable to schedule network 4f382134-d620-4bb8-b03b-5faa787660b8: no agents available; will retry on subsequent port and subnet creation events. [pid: 7|app: 0|req: 814/1593] 10.0.0.48 () {34 vars in 751 bytes} [Tue Mar 3 13:02:35 2026] PUT /v2.0/networks/c896c06b-f8fe-4968-8ed1-15c6f69d9ca3/tags => generated 17 bytes in 60 msecs (HTTP/1.1 200) 4 headers in 156 bytes (1 switches on core 0)
2026-03-03 13:02:35.337 7 INFO neutron.plugins.ml2.drivers.ovn.mech_driver.mech_driver [None req-a9bf1f81-727a-4d81-a4e1-a9cbbf65aba4 - - - - - -] OVN reports status down for port: f119e12a-8853-4f10-beea-a6166939e6ae
2026-03-03 13:02:35.365 8 INFO neutron.db.ovn_revision_numbers_db [None req-672198ff-28cd-4fc0-8f65-c861a9cc2208 7685ee6f322942a7bf1e27df6b674a30 51e224b38303410ab3a152f4dfbccfad - - default default] Successfully bumped revision number for resource f119e12a-8853-4f10-beea-a6166939e6ae (type: ports) to 1 [pid: 8|app: 0|req: 780/1594] 10.0.0.48 () {34 vars in 663 bytes} [Tue Mar 3 13:02:34 2026] POST /v2.0/ports => generated 960 bytes in 414 msecs (HTTP/1.1 201) 4 headers in 162 bytes (1 switches on core 0) /var/lib/openstack/lib/python3.12/site-packages/pycadf/identifier.py:70: UserWarning: Invalid uuid: neutron. To ensure interoperability, identifiers should be a valid uuid. warnings.warn(('Invalid uuid: %s. To ensure interoperability, ' [pid: 7|app: 0|req: 815/1595] 10.0.0.48 () {34 vars in 751 bytes} [Tue Mar 3 13:02:35 2026] PUT /v2.0/networks/b57fafad-7ba7-471d-a5c5-14c82d0f0e29/tags => generated 25 bytes in 139 msecs (HTTP/1.1 200) 4 headers in 156 bytes (1 switches on core 0) [pid: 7|app: 0|req: 816/1596] 10.0.0.48 () {34 vars in 751 bytes} [Tue Mar 3 13:02:35 2026] PUT /v2.0/networks/b370c3c6-2de5-4ee6-b378-20f870caf100/tags => generated 34 bytes in 65 msecs (HTTP/1.1 200) 4 headers in 156 bytes (1 switches on core 0)
2026-03-03 13:02:35.572 8 INFO neutron.services.segments.plugin [-] Segment 8738b37c-f427-4475-8a1d-464742ae8759 resource provider aggregate not found
2026-03-03 13:02:35.576 8 INFO neutron.services.segments.plugin [-] Segment 8738b37c-f427-4475-8a1d-464742ae8759 resource provider aggregate not found [pid: 7|app: 0|req: 817/1597] 10.0.0.48 () {34 vars in 751 bytes} [Tue Mar 3 13:02:35 2026] PUT /v2.0/networks/e6270aa8-f232-4cf6-8104-4db483036f22/tags => generated 19 bytes in 63 msecs (HTTP/1.1 200) 4 headers in 156 bytes (1 switches on core 0)
2026-03-03 13:02:35.599 8 INFO neutron.services.segments.plugin [-] Segment 8738b37c-f427-4475-8a1d-464742ae8759 resource provider not found; error: Placement Client Error (4xx): {"errors": [{"status": 404, "title": "Not Found", "detail": "The resource could not be found.\n\n No resource provider with uuid 8738b37c-f427-4475-8a1d-464742ae8759 found for delete ", "request_id": "req-3d983766-8de9-4843-b70a-9311fdcb473c"}]}
2026-03-03 13:02:35.626 8 INFO neutron.services.segments.plugin [-] Segment 8738b37c-f427-4475-8a1d-464742ae8759 resource provider not found; error: Placement Client Error (4xx): {"errors": [{"status": 404, "title": "Not Found", "detail": "The resource could not be found.\n\n No resource provider with uuid 8738b37c-f427-4475-8a1d-464742ae8759 found for delete ", "request_id": "req-3944c0f9-5303-4168-8e9b-01323e87efe2"}]} [pid: 7|app: 0|req: 818/1598] 10.0.0.48 () {32 vars in 664 bytes} [Tue Mar 3 13:02:35 2026] GET /v2.0/networks?tags=red => generated 1988 bytes in 62 msecs (HTTP/1.1 200) 4 headers in 158 bytes (1 switches on core 0) [pid: 7|app: 0|req: 819/1599] 10.0.0.48 () {32 vars in 678 bytes} [Tue Mar 3 13:02:35 2026] GET /v2.0/networks?tags=red%2Cblue => generated 1337 bytes in 71 msecs (HTTP/1.1 200) 4 headers in 158 bytes (1 switches on core 0) [pid: 7|app: 0|req: 820/1600] 10.0.0.48 () {32 vars in 674 bytes} [Tue Mar 3 13:02:35 2026] GET /v2.0/networks?tags-any=blue => generated 1337 bytes in 59 msecs (HTTP/1.1 200) 4 headers in 158 bytes (1 switches on core 0)
2026-03-03 13:02:35.849 7 INFO neutron.plugins.ml2.drivers.ovn.mech_driver.mech_driver [None req-a9bf1f81-727a-4d81-a4e1-a9cbbf65aba4 - - - - - -] OVN reports status up for port: f119e12a-8853-4f10-beea-a6166939e6ae [pid: 7|app: 0|req: 821/1601] 10.0.0.48 () {32 vars in 686 bytes} [Tue Mar 3 13:02:35 2026] GET /v2.0/networks?tags-any=red%2Cblue => generated 1988 bytes in 87 msecs (HTTP/1.1 200) 4 headers in 158 bytes (1 switches on core 0)
2026-03-03 13:02:35.890 7 INFO neutron.plugins.ml2.plugin [None req-a9bf1f81-727a-4d81-a4e1-a9cbbf65aba4 - - - - - -] Attempt 1 to provision port f119e12a-8853-4f10-beea-a6166939e6ae
2026-03-03 13:02:35.893 8 INFO neutron.db.ovn_revision_numbers_db [None req-ec8a0fd9-6257-4778-9525-39b3e88d2bdb 7685ee6f322942a7bf1e27df6b674a30 51e224b38303410ab3a152f4dfbccfad - - default default] Successfully bumped revision number for resource f119e12a-8853-4f10-beea-a6166939e6ae (type: ports) to 2 [pid: 7|app: 0|req: 822/1602] 10.0.0.48 () {32 vars in 672 bytes} [Tue Mar 3 13:02:35 2026] GET /v2.0/networks?not-tags=red => generated 1987 bytes in 100 msecs (HTTP/1.1 200) 4 headers in 158 bytes (1 switches on core 0) [pid: 7|app: 0|req: 823/1603] 10.0.0.48 () {32 vars in 686 bytes} [Tue Mar 3 13:02:36 2026] GET /v2.0/networks?not-tags=red%2Cblue => generated 2638 bytes in 157 msecs (HTTP/1.1 200) 4 headers in 158 bytes (1 switches on core 0) [pid: 7|app: 0|req: 824/1604] 10.0.0.48 () {32 vars in 682 bytes} [Tue Mar 3 13:02:36 2026] GET /v2.0/networks?not-tags-any=blue => generated 2638 bytes in 114 msecs (HTTP/1.1 200) 4 headers in 158 bytes (1 switches on core 0)
2026-03-03 13:02:36.374 8 WARNING neutron.plugins.ml2.drivers.ovn.mech_driver.ovsdb.ovn_client [None req-ee8dff46-4e2b-4a78-81cf-03d341974d3a - - - - - -] No port found with ID 4c4f9267-c6d1-47ec-b1ea-4aaf1d641927: RuntimeError: No port found with ID 4c4f9267-c6d1-47ec-b1ea-4aaf1d641927
2026-03-03 13:02:36.390 8 INFO neutron.plugins.ml2.drivers.ovn.mech_driver.mech_driver [None req-ee8dff46-4e2b-4a78-81cf-03d341974d3a - - - - - -] OVN reports status down for port: 04c2a193-7f81-4d96-a0ab-beb53be73c43
2026-03-03 13:02:36.396 7 INFO neutron.db.ovn_revision_numbers_db [None req-a9bf1f81-727a-4d81-a4e1-a9cbbf65aba4 - - - - - -] Successfully bumped revision number for resource f119e12a-8853-4f10-beea-a6166939e6ae (type: ports) to 3
2026-03-03 13:02:36.399 8 INFO neutron.plugins.ml2.drivers.ovn.mech_driver.mech_driver [None req-ee8dff46-4e2b-4a78-81cf-03d341974d3a - - - - - -] OVN reports status down for port: 04c2a193-7f81-4d96-a0ab-beb53be73c43
2026-03-03 13:02:36.406 8 INFO neutron.plugins.ml2.drivers.ovn.mech_driver.mech_driver [None req-ee8dff46-4e2b-4a78-81cf-03d341974d3a - - - - - -] OVN reports status down for port: 9db9b90c-2cdc-4c2b-bd17-7ecbe2955b86 /var/lib/openstack/lib/python3.12/site-packages/pycadf/identifier.py:70: UserWarning: Invalid uuid: neutron. To ensure interoperability, identifiers should be a valid uuid. warnings.warn(('Invalid uuid: %s. To ensure interoperability, '
2026-03-03 13:02:36.465 8 INFO neutron.plugins.ml2.drivers.ovn.mech_driver.mech_driver [None req-ee8dff46-4e2b-4a78-81cf-03d341974d3a - - - - - -] OVN reports status down for port: 3426d4cd-4372-48c5-a1a3-db45c4821989
2026-03-03 13:02:36.585 7 INFO neutron.db.ovn_revision_numbers_db [None req-0896bc63-b348-4f36-9338-de4c2820c1c8 f67875922e14477aab3d941822e8b01c cd6d6c7d64cb44ce988a79b627becc68 - - default default] Successfully bumped revision number for resource 2860e7fe-32f5-407b-ad55-ca51edaeab12 (type: security_groups) to 1
2026-03-03 13:02:36.597 7 INFO neutron.db.ovn_revision_numbers_db [None req-0896bc63-b348-4f36-9338-de4c2820c1c8 f67875922e14477aab3d941822e8b01c cd6d6c7d64cb44ce988a79b627becc68 - - default default] Successfully bumped revision number for resource 295514e0-4e5a-412a-bd1a-883efd853847 (type: security_group_rules) to 0
2026-03-03 13:02:36.608 7 INFO neutron.db.ovn_revision_numbers_db [None req-0896bc63-b348-4f36-9338-de4c2820c1c8 f67875922e14477aab3d941822e8b01c cd6d6c7d64cb44ce988a79b627becc68 - - default default] Successfully bumped revision number for resource 29badfbc-3d4c-4d50-a7e3-f6781dd7f59a (type: security_group_rules) to 0
2026-03-03 13:02:36.621 7 INFO neutron.db.ovn_revision_numbers_db [None req-0896bc63-b348-4f36-9338-de4c2820c1c8 f67875922e14477aab3d941822e8b01c cd6d6c7d64cb44ce988a79b627becc68 - - default default] Successfully bumped revision number for resource 3c01ca51-ea90-42b6-a440-7ef6ce390951 (type: security_group_rules) to 0
2026-03-03 13:02:36.632 7 INFO neutron.db.ovn_revision_numbers_db [None req-0896bc63-b348-4f36-9338-de4c2820c1c8 f67875922e14477aab3d941822e8b01c cd6d6c7d64cb44ce988a79b627becc68 - - default default] Successfully bumped revision number for resource 7afe54e9-ff72-4613-9508-6fcf5beb018f (type: security_group_rules) to 0
2026-03-03 13:02:36.709 7 INFO neutron.db.segments_db [None req-0896bc63-b348-4f36-9338-de4c2820c1c8 f67875922e14477aab3d941822e8b01c cd6d6c7d64cb44ce988a79b627becc68 - - default default] Added segment f0f45c78-cc94-4075-8972-ee83f0aa2644 of type geneve for network 1819ce60-203b-45c4-a8e9-9e8ecc15d492
2026-03-03 13:02:36.806 7 INFO neutron.db.ovn_revision_numbers_db [None req-0896bc63-b348-4f36-9338-de4c2820c1c8 f67875922e14477aab3d941822e8b01c cd6d6c7d64cb44ce988a79b627becc68 - - default default] Successfully bumped revision number for resource 1819ce60-203b-45c4-a8e9-9e8ecc15d492 (type: networks) to 1
2026-03-03 13:02:36.962 7 WARNING neutron.scheduler.dhcp_agent_scheduler [None req-0896bc63-b348-4f36-9338-de4c2820c1c8 f67875922e14477aab3d941822e8b01c cd6d6c7d64cb44ce988a79b627becc68 - - default default] No more DHCP agents
2026-03-03 13:02:36.963 7 WARNING neutron.api.rpc.agentnotifiers.dhcp_rpc_agent_api [None req-0896bc63-b348-4f36-9338-de4c2820c1c8 f67875922e14477aab3d941822e8b01c cd6d6c7d64cb44ce988a79b627becc68 - - default default] Unable to schedule network 1819ce60-203b-45c4-a8e9-9e8ecc15d492: no agents available; will retry on subsequent port and subnet creation events.
2026-03-03 13:02:37.039 7 INFO neutron.db.ovn_revision_numbers_db [None req-0896bc63-b348-4f36-9338-de4c2820c1c8 f67875922e14477aab3d941822e8b01c cd6d6c7d64cb44ce988a79b627becc68 - - default default] Successfully bumped revision number for resource 40c54110-9c13-4daa-973e-9098dfafaef9 (type: ports) to 1 [pid: 7|app: 0|req: 825/1605] 10.0.0.48 () {34 vars in 668 bytes} [Tue Mar 3 13:02:36 2026] POST /v2.0/networks => generated 649 bytes in 782 msecs (HTTP/1.1 201) 4 headers in 162 bytes (1 switches on core 0)
2026-03-03 13:02:37.114 8 WARNING neutron.scheduler.dhcp_agent_scheduler [None req-ec8a0fd9-6257-4778-9525-39b3e88d2bdb 7685ee6f322942a7bf1e27df6b674a30 51e224b38303410ab3a152f4dfbccfad - - default default] No more DHCP agents
2026-03-03 13:02:37.115 8 WARNING neutron.api.rpc.agentnotifiers.dhcp_rpc_agent_api [None req-ec8a0fd9-6257-4778-9525-39b3e88d2bdb 7685ee6f322942a7bf1e27df6b674a30 51e224b38303410ab3a152f4dfbccfad - - default default] Unable to schedule network 4f382134-d620-4bb8-b03b-5faa787660b8: no agents available; will retry on subsequent port and subnet creation events. [pid: 7|app: 0|req: 826/1606] 10.0.0.48 () {32 vars in 694 bytes} [Tue Mar 3 13:02:37 2026] GET /v2.0/networks?not-tags-any=red%2Cblue => generated 1987 bytes in 51 msecs (HTTP/1.1 200) 4 headers in 158 bytes (1 switches on core 0)
2026-03-03 13:02:37.202 7 INFO neutron.db.segments_db [None req-ac71757d-7929-4cdf-987c-400e72a0880e f67875922e14477aab3d941822e8b01c cd6d6c7d64cb44ce988a79b627becc68 - - default default] Added segment 55ecbb7a-2ef7-43a9-8505-c01e76249db4 of type geneve for network 9b348560-389d-454b-818d-eebef235ce91
