2026-03-03 13:02:54.843 7 INFO neutron.plugins.ml2.drivers.ovn.mech_driver.mech_driver [None req-4095d097-d415-4696-86b0-347c75bbc085 - - - - - -] OVN reports status down for port: c691b1a3-8cc2-47cd-a48d-841e81bedf65 [pid: 7|app: 0|req: 898/1728] 10.0.0.48 () {34 vars in 745 bytes} [Tue Mar 3 13:02:54 2026] PUT /v2.0/ports/d1b7f58f-b6f3-4365-835a-adf54f4da1f8/tags => generated 19 bytes in 98 msecs (HTTP/1.1 200) 4 headers in 156 bytes (1 switches on core 0) /var/lib/openstack/lib/python3.12/site-packages/pycadf/identifier.py:70: UserWarning: Invalid uuid: neutron. To ensure interoperability, identifiers should be a valid uuid. warnings.warn(('Invalid uuid: %s. To ensure interoperability, '
2026-03-03 13:02:54.991 8 INFO neutron.db.ovn_revision_numbers_db [None req-a8584caa-b623-41ad-ab24-4c0dfb1d4dfc - - - - - -] Successfully bumped revision number for resource 3e9390e6-273e-4ae5-bd12-6f566d3a11b7 (type: ports) to 2
2026-03-03 13:02:55.013 8 INFO neutron.db.ovn_revision_numbers_db [None req-a8584caa-b623-41ad-ab24-4c0dfb1d4dfc - - - - - -] Successfully bumped revision number for resource fc06290c-49f6-4ca5-90a2-1a2c06acf451 (type: subnets) to 0
2026-03-03 13:02:55.015 7 INFO neutron.plugins.ml2.drivers.ovn.mech_driver.mech_driver [None req-4095d097-d415-4696-86b0-347c75bbc085 - - - - - -] OVN reports status down for port: 7bfbdc37-9b93-4cc7-996c-563796cf8ca8 [pid: 8|app: 0|req: 831/1729] 10.0.0.48 () {34 vars in 667 bytes} [Tue Mar 3 13:02:54 2026] POST /v2.0/subnets => generated 626 bytes in 622 msecs (HTTP/1.1 201) 4 headers in 162 bytes (1 switches on core 0) [pid: 7|app: 0|req: 899/1730] 10.0.0.48 () {32 vars in 658 bytes} [Tue Mar 3 13:02:54 2026] GET /v2.0/ports?tags=red => generated 2253 bytes in 203 msecs (HTTP/1.1 200) 4 headers in 158 bytes (1 switches on core 0)
2026-03-03 13:02:55.130 8 INFO neutron.db.ovn_revision_numbers_db [None req-ee752863-8e8c-48a7-903c-bee5a0b6b64b f67875922e14477aab3d941822e8b01c cd6d6c7d64cb44ce988a79b627becc68 - - default default] Successfully bumped revision number for resource fa320ff0-fbb1-4b7c-be91-1bde79e59484 (type: routers) to 1 [pid: 8|app: 0|req: 832/1731] 10.0.0.48 () {34 vars in 667 bytes} [Tue Mar 3 13:02:55 2026] POST /v2.0/routers => generated 603 bytes in 115 msecs (HTTP/1.1 201) 4 headers in 162 bytes (1 switches on core 0) [pid: 7|app: 0|req: 900/1732] 10.0.0.48 () {32 vars in 672 bytes} [Tue Mar 3 13:02:55 2026] GET /v2.0/ports?tags=red%2Cblue => generated 1513 bytes in 116 msecs (HTTP/1.1 200) 4 headers in 158 bytes (1 switches on core 0)
2026-03-03 13:02:55.174 7 INFO neutron.plugins.ml2.drivers.ovn.mech_driver.mech_driver [None req-4095d097-d415-4696-86b0-347c75bbc085 - - - - - -] OVN reports status down for port: 2ccd9aa6-861f-4daa-a678-cf87eb75305f [pid: 7|app: 0|req: 901/1733] 10.0.0.48 () {32 vars in 668 bytes} [Tue Mar 3 13:02:55 2026] GET /v2.0/ports?tags-any=blue => generated 1513 bytes in 90 msecs (HTTP/1.1 200) 4 headers in 158 bytes (1 switches on core 0)
2026-03-03 13:02:55.313 7 INFO neutron.plugins.ml2.drivers.ovn.mech_driver.mech_driver [None req-4095d097-d415-4696-86b0-347c75bbc085 - - - - - -] OVN reports status down for port: c57977e6-bcbf-4dda-b380-29005e8f5ec6
2026-03-03 13:02:55.317 8 INFO neutron.services.segments.plugin [-] Segment f0f45c78-cc94-4075-8972-ee83f0aa2644 resource provider aggregate not found
2026-03-03 13:02:55.329 8 INFO neutron.services.segments.plugin [-] Segment f0f45c78-cc94-4075-8972-ee83f0aa2644 resource provider aggregate not found
2026-03-03 13:02:55.339 8 INFO neutron.services.segments.plugin [-] Segment f0f45c78-cc94-4075-8972-ee83f0aa2644 resource provider not found; error: Placement Client Error (4xx): {"errors": [{"status": 404, "title": "Not Found", "detail": "The resource could not be found.\n\n No resource provider with uuid f0f45c78-cc94-4075-8972-ee83f0aa2644 found for delete ", "request_id": "req-f97c14f9-32a7-4576-b440-1353f275f4b9"}]}
2026-03-03 13:02:55.343 8 INFO neutron.services.segments.plugin [-] Segment f0f45c78-cc94-4075-8972-ee83f0aa2644 resource provider not found; error: Placement Client Error (4xx): {"errors": [{"status": 404, "title": "Not Found", "detail": "The resource could not be found.\n\n No resource provider with uuid f0f45c78-cc94-4075-8972-ee83f0aa2644 found for delete ", "request_id": "req-3c11751f-8258-4453-a3f4-88ec185e09d6"}]} [pid: 7|app: 0|req: 902/1734] 10.0.0.48 () {32 vars in 680 bytes} [Tue Mar 3 13:02:55 2026] GET /v2.0/ports?tags-any=red%2Cblue => generated 2253 bytes in 90 msecs (HTTP/1.1 200) 4 headers in 158 bytes (1 switches on core 0)
2026-03-03 13:02:55.422 8 WARNING neutron.scheduler.dhcp_agent_scheduler [None req-1fc2befd-d682-41e2-9abf-ad9b757a7eb8 f67875922e14477aab3d941822e8b01c cd6d6c7d64cb44ce988a79b627becc68 - - default default] No more DHCP agents
2026-03-03 13:02:55.423 8 WARNING neutron.api.rpc.agentnotifiers.dhcp_rpc_agent_api [None req-1fc2befd-d682-41e2-9abf-ad9b757a7eb8 f67875922e14477aab3d941822e8b01c cd6d6c7d64cb44ce988a79b627becc68 - - default default] Unable to schedule network 0f87f8b3-e4f5-4687-8bc5-a760f2d70552: no agents available; will retry on subsequent port and subnet creation events.
2026-03-03 13:02:55.447 7 INFO neutron.plugins.ml2.drivers.ovn.mech_driver.mech_driver [None req-4095d097-d415-4696-86b0-347c75bbc085 - - - - - -] OVN reports status down for port: d1b7f58f-b6f3-4365-835a-adf54f4da1f8
2026-03-03 13:02:55.560 8 INFO neutron.db.ovn_revision_numbers_db [None req-1fc2befd-d682-41e2-9abf-ad9b757a7eb8 f67875922e14477aab3d941822e8b01c cd6d6c7d64cb44ce988a79b627becc68 - - default default] Successfully bumped revision number for resource 385f1188-952e-4331-a684-e362e15d4d66 (type: ports) to 1 [pid: 8|app: 0|req: 833/1735] 10.0.0.48 () {34 vars in 663 bytes} [Tue Mar 3 13:02:55 2026] POST /v2.0/ports => generated 948 bytes in 437 msecs (HTTP/1.1 201) 4 headers in 162 bytes (1 switches on core 0) /var/lib/openstack/lib/python3.12/site-packages/pycadf/identifier.py:70: UserWarning: Invalid uuid: neutron. To ensure interoperability, identifiers should be a valid uuid. warnings.warn(('Invalid uuid: %s. To ensure interoperability, ' [pid: 7|app: 0|req: 903/1736] 10.0.0.48 () {32 vars in 666 bytes} [Tue Mar 3 13:02:55 2026] GET /v2.0/ports?not-tags=red => generated 5268 bytes in 239 msecs (HTTP/1.1 200) 4 headers in 158 bytes (1 switches on core 0)
2026-03-03 13:02:55.676 7 INFO neutron.plugins.ml2.drivers.ovn.mech_driver.mech_driver [None req-4095d097-d415-4696-86b0-347c75bbc085 - - - - - -] OVN reports status down for port: 3e9390e6-273e-4ae5-bd12-6f566d3a11b7 [pid: 7|app: 0|req: 904/1737] 10.0.0.48 () {32 vars in 680 bytes} [Tue Mar 3 13:02:55 2026] GET /v2.0/ports?not-tags=red%2Cblue => generated 6008 bytes in 154 msecs (HTTP/1.1 200) 4 headers in 158 bytes (1 switches on core 0)
2026-03-03 13:02:55.789 7 INFO neutron.plugins.ml2.drivers.ovn.mech_driver.mech_driver [None req-4095d097-d415-4696-86b0-347c75bbc085 - - - - - -] OVN reports status down for port: f6355829-788a-473d-a0b9-436f376cb264
2026-03-03 13:02:55.845 7 INFO neutron.plugins.ml2.drivers.ovn.mech_driver.mech_driver [None req-4095d097-d415-4696-86b0-347c75bbc085 - - - - - -] OVN reports status down for port: 385f1188-952e-4331-a684-e362e15d4d66
2026-03-03 13:02:56.006 7 INFO neutron.db.ovn_revision_numbers_db [None req-10f62309-d2b8-4a06-af2a-b7b8402572e1 41d8eb35839b4767b032deb0c6501764 736e88019bcb4d3688258436da60735e - - default default] Successfully bumped revision number for resource ca701c60-0628-4af2-9fda-c9250b6a265b (type: security_groups) to 1
2026-03-03 13:02:56.026 7 INFO neutron.db.ovn_revision_numbers_db [None req-10f62309-d2b8-4a06-af2a-b7b8402572e1 41d8eb35839b4767b032deb0c6501764 736e88019bcb4d3688258436da60735e - - default default] Successfully bumped revision number for resource 34d8c2b1-a674-49c7-943f-d7e6350d233a (type: security_group_rules) to 0
2026-03-03 13:02:56.032 7 INFO neutron.plugins.ml2.drivers.ovn.mech_driver.mech_driver [None req-4095d097-d415-4696-86b0-347c75bbc085 - - - - - -] OVN reports status up for port: 385f1188-952e-4331-a684-e362e15d4d66
2026-03-03 13:02:56.044 7 INFO neutron.db.ovn_revision_numbers_db [None req-10f62309-d2b8-4a06-af2a-b7b8402572e1 41d8eb35839b4767b032deb0c6501764 736e88019bcb4d3688258436da60735e - - default default] Successfully bumped revision number for resource 7933088a-97fa-4cf3-abec-e6371042c5cd (type: security_group_rules) to 0
2026-03-03 13:02:56.047 8 INFO neutron.db.ovn_revision_numbers_db [None req-22a2f2bd-3349-466c-bbc2-e1ccd09eba87 f67875922e14477aab3d941822e8b01c cd6d6c7d64cb44ce988a79b627becc68 - - default default] Successfully bumped revision number for resource 385f1188-952e-4331-a684-e362e15d4d66 (type: ports) to 2
2026-03-03 13:02:56.049 7 INFO neutron.plugins.ml2.plugin [None req-4095d097-d415-4696-86b0-347c75bbc085 - - - - - -] Attempt 1 to provision port 385f1188-952e-4331-a684-e362e15d4d66
2026-03-03 13:02:56.059 7 INFO neutron.db.ovn_revision_numbers_db [None req-10f62309-d2b8-4a06-af2a-b7b8402572e1 41d8eb35839b4767b032deb0c6501764 736e88019bcb4d3688258436da60735e - - default default] Successfully bumped revision number for resource 9a466211-7265-47ea-927c-eeb467f56b29 (type: security_group_rules) to 0
2026-03-03 13:02:56.074 7 INFO neutron.db.ovn_revision_numbers_db [None req-10f62309-d2b8-4a06-af2a-b7b8402572e1 41d8eb35839b4767b032deb0c6501764 736e88019bcb4d3688258436da60735e - - default default] Successfully bumped revision number for resource 9f6e6d24-9d6c-4d4e-9805-85dd8c3efeb1 (type: security_group_rules) to 0 [pid: 7|app: 0|req: 905/1738] 10.0.0.48 () {32 vars in 772 bytes} [Tue Mar 3 13:02:55 2026] GET /v2.0/security-groups?tenant_id=97db68387c354ed08430fca6062c693f&name=default => generated 2925 bytes in 382 msecs (HTTP/1.1 200) 4 headers in 158 bytes (1 switches on core 0) [pid: 7|app: 0|req: 906/1739] 10.0.0.48 () {32 vars in 676 bytes} [Tue Mar 3 13:02:56 2026] GET /v2.0/ports?not-tags-any=blue => generated 6008 bytes in 242 msecs (HTTP/1.1 200) 4 headers in 158 bytes (1 switches on core 0)
2026-03-03 13:02:56.641 7 INFO neutron.db.ovn_revision_numbers_db [None req-4095d097-d415-4696-86b0-347c75bbc085 - - - - - -] Successfully bumped revision number for resource 385f1188-952e-4331-a684-e362e15d4d66 (type: ports) to 3 [pid: 7|app: 0|req: 907/1740] 10.0.0.48 () {32 vars in 738 bytes} [Tue Mar 3 13:02:56 2026] DELETE /v2.0/security-groups/ca701c60-0628-4af2-9fda-c9250b6a265b => generated 0 bytes in 398 msecs (HTTP/1.1 204) 2 headers in 112 bytes (1 switches on core 0) /var/lib/openstack/lib/python3.12/site-packages/pycadf/identifier.py:70: UserWarning: Invalid uuid: neutron. To ensure interoperability, identifiers should be a valid uuid. warnings.warn(('Invalid uuid: %s. To ensure interoperability, ' [pid: 7|app: 0|req: 908/1741] 10.0.0.48 () {32 vars in 688 bytes} [Tue Mar 3 13:02:56 2026] GET /v2.0/ports?not-tags-any=red%2Cblue => generated 5268 bytes in 56 msecs (HTTP/1.1 200) 4 headers in 158 bytes (1 switches on core 0)
2026-03-03 13:02:56.964 7 INFO neutron_taas.services.taas.taas_plugin [None req-f99ee73f-6e26-403d-ad32-d424257dc03a 728cd3224cf24173b3fe6f6b5582d31e a3966d50cbbc4a6aabee89bef99a761c - - default default] TaaS: Handle Delete Port: c1a513e2-3d43-419f-ba4b-ebfeb7ef278f
2026-03-03 13:02:56.968 7 INFO neutron_taas.services.taas.tap_mirror_plugin [None req-f99ee73f-6e26-403d-ad32-d424257dc03a 728cd3224cf24173b3fe6f6b5582d31e a3966d50cbbc4a6aabee89bef99a761c - - default default] Tap Mirror: Handle Delete Port: c1a513e2-3d43-419f-ba4b-ebfeb7ef278f [pid: 7|app: 0|req: 909/1742] 10.0.0.48 () {32 vars in 718 bytes} [Tue Mar 3 13:02:56 2026] DELETE /v2.0/ports/c1a513e2-3d43-419f-ba4b-ebfeb7ef278f => generated 0 bytes in 240 msecs (HTTP/1.1 204) 3 headers in 131 bytes (1 switches on core 0)
2026-03-03 13:02:57.233 7 INFO neutron.db.ovn_revision_numbers_db [None req-62fa97d8-6556-4ab7-b029-0c7721e7c14b 41d8eb35839b4767b032deb0c6501764 736e88019bcb4d3688258436da60735e - - default default] Successfully bumped revision number for resource 3839a423-0be9-4fd2-a4d3-21fb4c24c435 (type: security_groups) to 1
2026-03-03 13:02:57.245 7 INFO neutron.db.ovn_revision_numbers_db [None req-62fa97d8-6556-4ab7-b029-0c7721e7c14b 41d8eb35839b4767b032deb0c6501764 736e88019bcb4d3688258436da60735e - - default default] Successfully bumped revision number for resource 2b224310-a4f3-4869-870f-8d934285a5e2 (type: security_group_rules) to 0
2026-03-03 13:02:57.256 7 INFO neutron.db.ovn_revision_numbers_db [None req-62fa97d8-6556-4ab7-b029-0c7721e7c14b 41d8eb35839b4767b032deb0c6501764 736e88019bcb4d3688258436da60735e - - default default] Successfully bumped revision number for resource 68030466-dbfa-46a3-9d01-0863e19daac2 (type: security_group_rules) to 0
2026-03-03 13:02:57.269 7 INFO neutron.db.ovn_revision_numbers_db [None req-62fa97d8-6556-4ab7-b029-0c7721e7c14b 41d8eb35839b4767b032deb0c6501764 736e88019bcb4d3688258436da60735e - - default default] Successfully bumped revision number for resource b72ddb41-2931-4aff-992d-83e9ea5b8c1b (type: security_group_rules) to 0
2026-03-03 13:02:57.280 8 WARNING neutron.scheduler.dhcp_agent_scheduler [None req-22a2f2bd-3349-466c-bbc2-e1ccd09eba87 f67875922e14477aab3d941822e8b01c cd6d6c7d64cb44ce988a79b627becc68 - - default default] No more DHCP agents
2026-03-03 13:02:57.280 7 INFO neutron.db.ovn_revision_numbers_db [None req-62fa97d8-6556-4ab7-b029-0c7721e7c14b 41d8eb35839b4767b032deb0c6501764 736e88019bcb4d3688258436da60735e - - default default] Successfully bumped revision number for resource c59e25ec-0d59-48eb-b37d-8a2a9075b390 (type: security_group_rules) to 0
2026-03-03 13:02:57.295 8 WARNING neutron.api.rpc.agentnotifiers.dhcp_rpc_agent_api [None req-22a2f2bd-3349-466c-bbc2-e1ccd09eba87 f67875922e14477aab3d941822e8b01c cd6d6c7d64cb44ce988a79b627becc68 - - default default] Unable to schedule network 0f87f8b3-e4f5-4687-8bc5-a760f2d70552: no agents available; will retry on subsequent port and subnet creation events. [pid: 7|app: 0|req: 910/1743] 10.0.0.48 () {32 vars in 772 bytes} [Tue Mar 3 13:02:57 2026] GET /v2.0/security-groups?tenant_id=3eb74f0e99ee4f75b8e9a7077d9d884e&name=default => generated 2925 bytes in 253 msecs (HTTP/1.1 200) 4 headers in 158 bytes (1 switches on core 0)
2026-03-03 13:02:57.463 8 INFO neutron.db.ovn_revision_numbers_db [None req-22a2f2bd-3349-466c-bbc2-e1ccd09eba87 f67875922e14477aab3d941822e8b01c cd6d6c7d64cb44ce988a79b627becc68 - - default default] Successfully bumped revision number for resource 385f1188-952e-4331-a684-e362e15d4d66 (type: router_ports) to 3 [pid: 8|app: 0|req: 834/1744] 10.0.0.48 () {34 vars in 781 bytes} [Tue Mar 3 13:02:55 2026] PUT /v2.0/routers/fa320ff0-fbb1-4b7c-be91-1bde79e59484/add_router_interface => generated 309 bytes in 1876 msecs (HTTP/1.1 200) 4 headers in 157 bytes (1 switches on core 0) /var/lib/openstack/lib/python3.12/site-packages/pycadf/identifier.py:70: UserWarning: Invalid uuid: neutron. To ensure interoperability, identifiers should be a valid uuid. warnings.warn(('Invalid uuid: %s. To ensure interoperability, '
2026-03-03 13:02:57.520 7 INFO neutron_taas.services.taas.taas_plugin [None req-5e250533-d7e4-45bb-9b81-c1bc4cefe504 728cd3224cf24173b3fe6f6b5582d31e a3966d50cbbc4a6aabee89bef99a761c - - default default] TaaS: Handle Delete Port: 7bfbdc37-9b93-4cc7-996c-563796cf8ca8
2026-03-03 13:02:57.524 7 INFO neutron_taas.services.taas.tap_mirror_plugin [None req-5e250533-d7e4-45bb-9b81-c1bc4cefe504 728cd3224cf24173b3fe6f6b5582d31e a3966d50cbbc4a6aabee89bef99a761c - - default default] Tap Mirror: Handle Delete Port: 7bfbdc37-9b93-4cc7-996c-563796cf8ca8 [pid: 7|app: 0|req: 911/1745] 10.0.0.48 () {32 vars in 718 bytes} [Tue Mar 3 13:02:57 2026] DELETE /v2.0/ports/7bfbdc37-9b93-4cc7-996c-563796cf8ca8 => generated 0 bytes in 348 msecs (HTTP/1.1 204) 3 headers in 131 bytes (1 switches on core 0) [pid: 8|app: 0|req: 835/1746] 10.0.0.48 () {32 vars in 738 bytes} [Tue Mar 3 13:02:57 2026] DELETE /v2.0/security-groups/3839a423-0be9-4fd2-a4d3-21fb4c24c435 => generated 0 bytes in 229 msecs (HTTP/1.1 204) 2 headers in 112 bytes (1 switches on core 0) [pid: 7|app: 0|req: 912/1747] 10.0.0.48 () {32 vars in 715 bytes} [Tue Mar 3 13:02:57 2026] GET /v2.0/ports/385f1188-952e-4331-a684-e362e15d4d66 => generated 1010 bytes in 94 msecs (HTTP/1.1 200) 4 headers in 158 bytes (1 switches on core 0)
2026-03-03 13:02:57.842 8 INFO neutron_taas.services.taas.taas_plugin [None req-b175df32-0c3a-470a-8435-4236de2b8d25 728cd3224cf24173b3fe6f6b5582d31e a3966d50cbbc4a6aabee89bef99a761c - - default default] TaaS: Handle Delete Port: ad3b0b86-78ca-4d03-a6ac-cd6cc1abf47f
2026-03-03 13:02:57.845 8 INFO neutron_taas.services.taas.tap_mirror_plugin [None req-b175df32-0c3a-470a-8435-4236de2b8d25 728cd3224cf24173b3fe6f6b5582d31e a3966d50cbbc4a6aabee89bef99a761c - - default default] Tap Mirror: Handle Delete Port: ad3b0b86-78ca-4d03-a6ac-cd6cc1abf47f [pid: 8|app: 0|req: 836/1748] 10.0.0.48 () {32 vars in 718 bytes} [Tue Mar 3 13:02:57 2026] DELETE /v2.0/ports/ad3b0b86-78ca-4d03-a6ac-cd6cc1abf47f => generated 0 bytes in 268 msecs (HTTP/1.1 204) 3 headers in 131 bytes (1 switches on core 0)
2026-03-03 13:02:58.105 7 INFO neutron_taas.services.taas.taas_plugin [None req-8cbfc980-90eb-4e46-bd27-168f5b76cefe f67875922e14477aab3d941822e8b01c cd6d6c7d64cb44ce988a79b627becc68 - - default default] TaaS: Handle Delete Port: 385f1188-952e-4331-a684-e362e15d4d66
2026-03-03 13:02:58.110 7 INFO neutron_taas.services.taas.tap_mirror_plugin [None req-8cbfc980-90eb-4e46-bd27-168f5b76cefe f67875922e14477aab3d941822e8b01c cd6d6c7d64cb44ce988a79b627becc68 - - default default] Tap Mirror: Handle Delete Port: 385f1188-952e-4331-a684-e362e15d4d66
2026-03-03 13:02:58.121 8 INFO neutron_taas.services.taas.taas_plugin [None req-f7376cb8-28d3-45cc-ac9b-275c097f6dd2 728cd3224cf24173b3fe6f6b5582d31e a3966d50cbbc4a6aabee89bef99a761c - - default default] TaaS: Handle Delete Port: d1b7f58f-b6f3-4365-835a-adf54f4da1f8
2026-03-03 13:02:58.128 8 INFO neutron_taas.services.taas.tap_mirror_plugin [None req-f7376cb8-28d3-45cc-ac9b-275c097f6dd2 728cd3224cf24173b3fe6f6b5582d31e a3966d50cbbc4a6aabee89bef99a761c - - default default] Tap Mirror: Handle Delete Port: d1b7f58f-b6f3-4365-835a-adf54f4da1f8 [pid: 8|app: 0|req: 837/1749] 10.0.0.48 () {32 vars in 718 bytes} [Tue Mar 3 13:02:57 2026] DELETE /v2.0/ports/d1b7f58f-b6f3-4365-835a-adf54f4da1f8 => generated 0 bytes in 294 msecs (HTTP/1.1 204) 3 headers in 131 bytes (1 switches on core 0)
2026-03-03 13:02:58.395 8 INFO neutron_taas.services.taas.taas_plugin [None req-76eb38cf-e9e0-4208-9ec2-83daf61c0b97 728cd3224cf24173b3fe6f6b5582d31e a3966d50cbbc4a6aabee89bef99a761c - - default default] TaaS: Handle Delete Port: f6355829-788a-473d-a0b9-436f376cb264
2026-03-03 13:02:58.399 8 INFO neutron_taas.services.taas.tap_mirror_plugin [None req-76eb38cf-e9e0-4208-9ec2-83daf61c0b97 728cd3224cf24173b3fe6f6b5582d31e a3966d50cbbc4a6aabee89bef99a761c - - default default] Tap Mirror: Handle Delete Port: f6355829-788a-473d-a0b9-436f376cb264 [pid: 7|app: 0|req: 913/1750] 10.0.0.48 () {34 vars in 787 bytes} [Tue Mar 3 13:02:57 2026] PUT /v2.0/routers/fa320ff0-fbb1-4b7c-be91-1bde79e59484/remove_router_interface => generated 309 bytes in 698 msecs (HTTP/1.1 200) 4 headers in 157 bytes (1 switches on core 0) /var/lib/openstack/lib/python3.12/site-packages/pycadf/identifier.py:70: UserWarning: Invalid uuid: neutron. To ensure interoperability, identifiers should be a valid uuid. warnings.warn(('Invalid uuid: %s. To ensure interoperability, ' [pid: 8|app: 0|req: 838/1751] 10.0.0.48 () {32 vars in 718 bytes} [Tue Mar 3 13:02:58 2026] DELETE /v2.0/ports/f6355829-788a-473d-a0b9-436f376cb264 => generated 0 bytes in 246 msecs (HTTP/1.1 204) 3 headers in 131 bytes (1 switches on core 0)
2026-03-03 13:02:58.568 7 INFO neutron.api.v2.resource [None req-6a851a06-7b8e-4607-a389-afd658d8b7dd f67875922e14477aab3d941822e8b01c cd6d6c7d64cb44ce988a79b627becc68 - - default default] remove_router_interface failed (client error): The resource could not be found. [pid: 7|app: 0|req: 914/1752] 10.0.0.48 () {34 vars in 787 bytes} [Tue Mar 3 13:02:58 2026] PUT /v2.0/routers/fa320ff0-fbb1-4b7c-be91-1bde79e59484/remove_router_interface => generated 197 bytes in 76 msecs (HTTP/1.1 404) 4 headers in 164 bytes (1 switches on core 0) [pid: 7|app: 0|req: 915/1753] 10.0.0.48 () {32 vars in 734 bytes} [Tue Mar 3 13:02:58 2026] GET /v2.0/ports?device_id=fa320ff0-fbb1-4b7c-be91-1bde79e59484 => generated 12 bytes in 16 msecs (HTTP/1.1 200) 4 headers in 156 bytes (1 switches on core 0)
2026-03-03 13:02:58.650 8 INFO neutron_taas.services.taas.taas_plugin [None req-a93ef2de-19b1-4c78-8e9d-69ed3c0dc8da 728cd3224cf24173b3fe6f6b5582d31e a3966d50cbbc4a6aabee89bef99a761c - - default default] TaaS: Handle Delete Port: ed4fa8aa-6367-45ee-a385-6598d997c4df
2026-03-03 13:02:58.654 8 INFO neutron_taas.services.taas.tap_mirror_plugin [None req-a93ef2de-19b1-4c78-8e9d-69ed3c0dc8da 728cd3224cf24173b3fe6f6b5582d31e a3966d50cbbc4a6aabee89bef99a761c - - default default] Tap Mirror: Handle Delete Port: ed4fa8aa-6367-45ee-a385-6598d997c4df [pid: 7|app: 0|req: 916/1754] 10.0.0.48 () {32 vars in 722 bytes} [Tue Mar 3 13:02:58 2026] DELETE /v2.0/routers/fa320ff0-fbb1-4b7c-be91-1bde79e59484 => generated 0 bytes in 224 msecs (HTTP/1.1 204) 2 headers in 112 bytes (1 switches on core 0)
2026-03-03 13:02:58.851 8 INFO neutron.services.segments.plugin [-] Segment c2889929-13b1-4f9e-a4a6-21ce59eb540e resource provider aggregate not found
2026-03-03 13:02:58.858 8 INFO neutron.services.segments.plugin [-] Segment c2889929-13b1-4f9e-a4a6-21ce59eb540e resource provider aggregate not found
2026-03-03 13:02:58.870 8 INFO neutron.services.segments.plugin [-] Segment c2889929-13b1-4f9e-a4a6-21ce59eb540e resource provider not found; error: Placement Client Error (4xx): {"errors": [{"status": 404, "title": "Not Found", "detail": "The resource could not be found.\n\n No resource provider with uuid c2889929-13b1-4f9e-a4a6-21ce59eb540e found for delete ", "request_id": "req-f719a3a4-f2d9-4678-82ad-2a46f3072b56"}]}
2026-03-03 13:02:58.882 8 INFO neutron.services.segments.plugin [-] Segment c2889929-13b1-4f9e-a4a6-21ce59eb540e resource provider not found; error: Placement Client Error (4xx): {"errors": [{"status": 404, "title": "Not Found", "detail": "The resource could not be found.\n\n No resource provider with uuid c2889929-13b1-4f9e-a4a6-21ce59eb540e found for delete ", "request_id": "req-47e8e2e9-d112-408e-bc80-2f80c9f174e8"}]} [pid: 8|app: 0|req: 839/1755] 10.0.0.48 () {32 vars in 724 bytes} [Tue Mar 3 13:02:58 2026] DELETE /v2.0/networks/4333f9c3-8e08-4086-850c-23b6c38da73b => generated 0 bytes in 395 msecs (HTTP/1.1 204) 3 headers in 131 bytes (1 switches on core 0) [pid: 8|app: 0|req: 840/1756] 10.0.0.48 () {32 vars in 722 bytes} [Tue Mar 3 13:02:58 2026] DELETE /v2.0/subnets/fc06290c-49f6-4ca5-90a2-1a2c06acf451 => generated 0 bytes in 154 msecs (HTTP/1.1 204) 3 headers in 131 bytes (1 switches on core 0)
2026-03-03 13:02:59.128 7 INFO neutron.db.ovn_revision_numbers_db [None req-4e0ebaf6-cda0-4cee-bb3c-7c463d5b91f8 41d8eb35839b4767b032deb0c6501764 736e88019bcb4d3688258436da60735e - - default default] Successfully bumped revision number for resource 6eb8befb-6fd9-4b9e-9520-ef927818b021 (type: security_groups) to 1
2026-03-03 13:02:59.138 7 INFO neutron.db.ovn_revision_numbers_db [None req-4e0ebaf6-cda0-4cee-bb3c-7c463d5b91f8 41d8eb35839b4767b032deb0c6501764 736e88019bcb4d3688258436da60735e - - default default] Successfully bumped revision number for resource 5b566c9d-4959-493c-a82d-caabf850999f (type: security_group_rules) to 0
2026-03-03 13:02:59.147 7 INFO neutron.db.ovn_revision_numbers_db [None req-4e0ebaf6-cda0-4cee-bb3c-7c463d5b91f8 41d8eb35839b4767b032deb0c6501764 736e88019bcb4d3688258436da60735e - - default default] Successfully bumped revision number for resource 84cc6227-e7a9-40e9-89c0-0d80a79034fc (type: security_group_rules) to 0
2026-03-03 13:02:59.169 7 INFO neutron.db.ovn_revision_numbers_db [None req-4e0ebaf6-cda0-4cee-bb3c-7c463d5b91f8 41d8eb35839b4767b032deb0c6501764 736e88019bcb4d3688258436da60735e - - default default] Successfully bumped revision number for resource da928d02-1577-422e-b07a-419d4778a37d (type: security_group_rules) to 0
2026-03-03 13:02:59.183 7 INFO neutron.db.ovn_revision_numbers_db [None req-4e0ebaf6-cda0-4cee-bb3c-7c463d5b91f8 41d8eb35839b4767b032deb0c6501764 736e88019bcb4d3688258436da60735e - - default default] Successfully bumped revision number for resource e180ac6e-ae5a-468f-8d48-7fd7e259afd8 (type: security_group_rules) to 0
2026-03-03 13:02:59.188 8 INFO neutron_taas.services.taas.taas_plugin [None req-71c32a92-8765-4298-8717-415b7245e970 728cd3224cf24173b3fe6f6b5582d31e a3966d50cbbc4a6aabee89bef99a761c - - default default] TaaS: Handle Delete Port: c691b1a3-8cc2-47cd-a48d-841e81bedf65
2026-03-03 13:02:59.191 8 INFO neutron_taas.services.taas.tap_mirror_plugin [None req-71c32a92-8765-4298-8717-415b7245e970 728cd3224cf24173b3fe6f6b5582d31e a3966d50cbbc4a6aabee89bef99a761c - - default default] Tap Mirror: Handle Delete Port: c691b1a3-8cc2-47cd-a48d-841e81bedf65 [pid: 7|app: 0|req: 917/1757] 10.0.0.48 () {32 vars in 772 bytes} [Tue Mar 3 13:02:58 2026] GET /v2.0/security-groups?tenant_id=1776f9a5c1a34b7699eb98072acf567d&name=default => generated 2925 bytes in 408 msecs (HTTP/1.1 200) 4 headers in 158 bytes (1 switches on core 0)
2026-03-03 13:02:59.348 7 INFO neutron_taas.services.taas.taas_plugin [None req-232f8996-4a09-43a6-9150-d39897b71cc6 f67875922e14477aab3d941822e8b01c cd6d6c7d64cb44ce988a79b627becc68 - - default default] TaaS: Handle Delete Port: 3e9390e6-273e-4ae5-bd12-6f566d3a11b7
2026-03-03 13:02:59.351 7 INFO neutron_taas.services.taas.tap_mirror_plugin [None req-232f8996-4a09-43a6-9150-d39897b71cc6 f67875922e14477aab3d941822e8b01c cd6d6c7d64cb44ce988a79b627becc68 - - default default] Tap Mirror: Handle Delete Port: 3e9390e6-273e-4ae5-bd12-6f566d3a11b7 [pid: 8|app: 0|req: 841/1758] 10.0.0.48 () {32 vars in 724 bytes} [Tue Mar 3 13:02:59 2026] DELETE /v2.0/networks/434abd24-065c-4dbe-8570-d65ec4089dba => generated 0 bytes in 329 msecs (HTTP/1.1 204) 3 headers in 131 bytes (1 switches on core 0)
2026-03-03 13:02:59.556 7 INFO neutron.services.segments.plugin [-] Segment ceba8b65-f3b8-45d8-9c16-efe54285b68f resource provider aggregate not found
2026-03-03 13:02:59.557 7 INFO neutron.services.segments.plugin [-] Segment ceba8b65-f3b8-45d8-9c16-efe54285b68f resource provider aggregate not found
2026-03-03 13:02:59.573 7 INFO neutron.services.segments.plugin [-] Segment ceba8b65-f3b8-45d8-9c16-efe54285b68f resource provider not found; error: Placement Client Error (4xx): {"errors": [{"status": 404, "title": "Not Found", "detail": "The resource could not be found.\n\n No resource provider with uuid ceba8b65-f3b8-45d8-9c16-efe54285b68f found for delete ", "request_id": "req-0318c2a9-0bb1-4478-ada1-cfcced731a07"}]}
2026-03-03 13:02:59.583 7 INFO neutron.services.segments.plugin [-] Segment ceba8b65-f3b8-45d8-9c16-efe54285b68f resource provider not found; error: Placement Client Error (4xx): {"errors": [{"status": 404, "title": "Not Found", "detail": "The resource could not be found.\n\n No resource provider with uuid ceba8b65-f3b8-45d8-9c16-efe54285b68f found for delete ", "request_id": "req-cdbd96bb-b6a0-45e4-a9b9-fc7c3f670c5b"}]} [pid: 7|app: 0|req: 918/1759] 10.0.0.48 () {32 vars in 724 bytes} [Tue Mar 3 13:02:59 2026] DELETE /v2.0/networks/0f87f8b3-e4f5-4687-8bc5-a760f2d70552 => generated 0 bytes in 389 msecs (HTTP/1.1 204) 3 headers in 131 bytes (1 switches on core 0) [pid: 8|app: 0|req: 842/1760] 10.0.0.48 () {32 vars in 738 bytes} [Tue Mar 3 13:02:59 2026] DELETE /v2.0/security-groups/6eb8befb-6fd9-4b9e-9520-ef927818b021 => generated 0 bytes in 229 msecs (HTTP/1.1 204) 2 headers in 112 bytes (1 switches on core 0)
2026-03-03 13:02:59.715 8 INFO neutron.db.segments_db [None req-801b27d2-f4ba-4dc4-9402-f3f292397e25 f67875922e14477aab3d941822e8b01c cd6d6c7d64cb44ce988a79b627becc68 - - default default] Added segment d01a5f18-2769-4be4-9dd3-817c3bfea9dc of type geneve for network 5517f681-a9f3-4f21-b33a-aab3cd7d2bd1
2026-03-03 13:02:59.739 7 INFO neutron_taas.services.taas.taas_plugin [None req-6e968457-1a32-4ae8-a4a1-118042e00ce2 728cd3224cf24173b3fe6f6b5582d31e a3966d50cbbc4a6aabee89bef99a761c - - default default] TaaS: Handle Delete Port: 2ccd9aa6-861f-4daa-a678-cf87eb75305f
2026-03-03 13:02:59.741 7 INFO neutron_taas.services.taas.tap_mirror_plugin [None req-6e968457-1a32-4ae8-a4a1-118042e00ce2 728cd3224cf24173b3fe6f6b5582d31e a3966d50cbbc4a6aabee89bef99a761c - - default default] Tap Mirror: Handle Delete Port: 2ccd9aa6-861f-4daa-a678-cf87eb75305f
2026-03-03 13:02:59.807 8 INFO neutron.db.ovn_revision_numbers_db [None req-801b27d2-f4ba-4dc4-9402-f3f292397e25 f67875922e14477aab3d941822e8b01c cd6d6c7d64cb44ce988a79b627becc68 - - default default] Successfully bumped revision number for resource 5517f681-a9f3-4f21-b33a-aab3cd7d2bd1 (type: networks) to 1 [pid: 7|app: 0|req: 919/1761] 10.0.0.48 () {32 vars in 724 bytes} [Tue Mar 3 13:02:59 2026] DELETE /v2.0/networks/c17e6786-f7dd-4ac9-b9da-6f254e467b75 => generated 0 bytes in 353 msecs (HTTP/1.1 204) 3 headers in 131 bytes (1 switches on core 0)
2026-03-03 13:02:59.997 8 WARNING neutron.scheduler.dhcp_agent_scheduler [None req-801b27d2-f4ba-4dc4-9402-f3f292397e25 f67875922e14477aab3d941822e8b01c cd6d6c7d64cb44ce988a79b627becc68 - - default default] No more DHCP agents
2026-03-03 13:02:59.998 8 WARNING neutron.api.rpc.agentnotifiers.dhcp_rpc_agent_api [None req-801b27d2-f4ba-4dc4-9402-f3f292397e25 f67875922e14477aab3d941822e8b01c cd6d6c7d64cb44ce988a79b627becc68 - - default default] Unable to schedule network 5517f681-a9f3-4f21-b33a-aab3cd7d2bd1: no agents available; will retry on subsequent port and subnet creation events.
2026-03-03 13:03:00.045 8 INFO neutron.plugins.ml2.drivers.ovn.mech_driver.mech_driver [None req-5e0928aa-6d7a-4e04-8beb-3b792d011045 - - - - - -] OVN reports status down for port: aa938615-772a-46b1-b358-81d254032766
2026-03-03 13:03:00.113 8 INFO neutron.db.ovn_revision_numbers_db [None req-801b27d2-f4ba-4dc4-9402-f3f292397e25 f67875922e14477aab3d941822e8b01c cd6d6c7d64cb44ce988a79b627becc68 - - default default] Successfully bumped revision number for resource aa938615-772a-46b1-b358-81d254032766 (type: ports) to 1
2026-03-03 13:03:00.132 7 INFO neutron.db.ovn_revision_numbers_db [None req-0d5eb4f3-6f06-4212-b673-7f379cd20820 41d8eb35839b4767b032deb0c6501764 736e88019bcb4d3688258436da60735e - - default default] Successfully bumped revision number for resource 11fdfd7e-ceeb-4016-a680-967d8d04e2ef (type: security_groups) to 1
2026-03-03 13:03:00.170 7 INFO neutron.db.ovn_revision_numbers_db [None req-0d5eb4f3-6f06-4212-b673-7f379cd20820 41d8eb35839b4767b032deb0c6501764 736e88019bcb4d3688258436da60735e - - default default] Successfully bumped revision number for resource 1f7a1b9f-c155-41d9-a08c-02ec30245dc4 (type: security_group_rules) to 0 [pid: 8|app: 0|req: 843/1762] 10.0.0.48 () {34 vars in 668 bytes} [Tue Mar 3 13:02:59 2026] POST /v2.0/networks => generated 648 bytes in 570 msecs (HTTP/1.1 201) 4 headers in 162 bytes (1 switches on core 0)
2026-03-03 13:03:00.203 7 INFO neutron.db.ovn_revision_numbers_db [None req-0d5eb4f3-6f06-4212-b673-7f379cd20820 41d8eb35839b4767b032deb0c6501764 736e88019bcb4d3688258436da60735e - - default default] Successfully bumped revision number for resource 40faa9e9-5d61-404c-b3eb-393ef503a01b (type: security_group_rules) to 0
2026-03-03 13:03:00.215 7 INFO neutron.db.ovn_revision_numbers_db [None req-0d5eb4f3-6f06-4212-b673-7f379cd20820 41d8eb35839b4767b032deb0c6501764 736e88019bcb4d3688258436da60735e - - default default] Successfully bumped revision number for resource cc5acc03-dbb6-491e-b5de-a16656324b1b (type: security_group_rules) to 0
2026-03-03 13:03:00.226 7 INFO neutron.db.ovn_revision_numbers_db [None req-0d5eb4f3-6f06-4212-b673-7f379cd20820 41d8eb35839b4767b032deb0c6501764 736e88019bcb4d3688258436da60735e - - default default] Successfully bumped revision number for resource d4b53f89-7707-4abd-9a88-e5cd69eb41bb (type: security_group_rules) to 0 [pid: 7|app: 0|req: 920/1763] 10.0.0.48 () {32 vars in 772 bytes} [Tue Mar 3 13:02:59 2026] GET /v2.0/security-groups?tenant_id=05a87cdcfbf44fd7bcb39f1229e66167&name=default => generated 2925 bytes in 288 msecs (HTTP/1.1 200) 4 headers in 158 bytes (1 switches on core 0)
2026-03-03 13:03:00.335 8 INFO neutron_taas.services.taas.taas_plugin [None req-b6c020fb-964b-4fc2-8edc-949277161715 728cd3224cf24173b3fe6f6b5582d31e a3966d50cbbc4a6aabee89bef99a761c - - default default] TaaS: Handle Delete Port: c57977e6-bcbf-4dda-b380-29005e8f5ec6
2026-03-03 13:03:00.339 8 INFO neutron_taas.services.taas.tap_mirror_plugin [None req-b6c020fb-964b-4fc2-8edc-949277161715 728cd3224cf24173b3fe6f6b5582d31e a3966d50cbbc4a6aabee89bef99a761c - - default default] Tap Mirror: Handle Delete Port: c57977e6-bcbf-4dda-b380-29005e8f5ec6
2026-03-03 13:03:00.419 7 WARNING neutron.scheduler.dhcp_agent_scheduler [None req-15482aea-481a-4a1f-9e88-424ce91a860b f67875922e14477aab3d941822e8b01c cd6d6c7d64cb44ce988a79b627becc68 - - default default] No more DHCP agents
2026-03-03 13:03:00.425 7 WARNING neutron.api.rpc.agentnotifiers.dhcp_rpc_agent_api [None req-15482aea-481a-4a1f-9e88-424ce91a860b f67875922e14477aab3d941822e8b01c cd6d6c7d64cb44ce988a79b627becc68 - - default default] Unable to schedule network 5517f681-a9f3-4f21-b33a-aab3cd7d2bd1: no agents available; will retry on subsequent port and subnet creation events. [pid: 8|app: 0|req: 844/1764] 10.0.0.48 () {32 vars in 724 bytes} [Tue Mar 3 13:03:00 2026] DELETE /v2.0/networks/0ca106ff-6a7f-4286-83c3-9edb7f39f844 => generated 0 bytes in 361 msecs (HTTP/1.1 204) 3 headers in 131 bytes (1 switches on core 0) [pid: 8|app: 0|req: 845/1765] 10.0.0.48 () {32 vars in 738 bytes} [Tue Mar 3 13:03:00 2026] DELETE /v2.0/security-groups/11fdfd7e-ceeb-4016-a680-967d8d04e2ef => generated 0 bytes in 231 msecs (HTTP/1.1 204) 2 headers in 112 bytes (1 switches on core 0)
2026-03-03 13:03:00.892 8 INFO neutron.services.segments.plugin [-] Segment 80c95ea6-59c2-4f0d-a06a-312a68ca88e7 resource provider aggregate not found
2026-03-03 13:03:00.907 8 INFO neutron.services.segments.plugin [-] Segment 80c95ea6-59c2-4f0d-a06a-312a68ca88e7 resource provider aggregate not found
2026-03-03 13:03:00.914 8 INFO neutron.services.segments.plugin [-] Segment 80c95ea6-59c2-4f0d-a06a-312a68ca88e7 resource provider not found; error: Placement Client Error (4xx): {"errors": [{"status": 404, "title": "Not Found", "detail": "The resource could not be found.\n\n No resource provider with uuid 80c95ea6-59c2-4f0d-a06a-312a68ca88e7 found for delete ", "request_id": "req-8bc50754-ea19-4ec7-b4f0-3184d1bce088"}]}
2026-03-03 13:03:00.926 7 INFO neutron.db.ovn_revision_numbers_db [None req-fae81009-2370-4f51-8d9b-da907dbbc81e - - - - - -] Successfully bumped revision number for resource aa938615-772a-46b1-b358-81d254032766 (type: ports) to 2
2026-03-03 13:03:00.926 8 INFO neutron.services.segments.plugin [-] Segment 80c95ea6-59c2-4f0d-a06a-312a68ca88e7 resource provider not found; error: Placement Client Error (4xx): {"errors": [{"status": 404, "title": "Not Found", "detail": "The resource could not be found.\n\n No resource provider with uuid 80c95ea6-59c2-4f0d-a06a-312a68ca88e7 found for delete ", "request_id": "req-ee174e2c-e868-48a6-a323-f3042a3400cb"}]}
2026-03-03 13:03:00.939 8 INFO neutron.services.segments.plugin [-] Segment 84aa49d2-ed24-47b4-b3ce-8a7b4d0a7718 resource provider aggregate not found
2026-03-03 13:03:00.945 8 INFO neutron.services.segments.plugin [-] Segment 84aa49d2-ed24-47b4-b3ce-8a7b4d0a7718 resource provider aggregate not found
2026-03-03 13:03:00.950 8 INFO neutron_taas.services.taas.taas_plugin [None req-264d1449-0504-40d3-93af-4974131f590e 728cd3224cf24173b3fe6f6b5582d31e a3966d50cbbc4a6aabee89bef99a761c - - default default] TaaS: Handle Delete Port: 97e40c1f-b8ab-497c-86b1-be8eb1f7b597
2026-03-03 13:03:00.956 8 INFO neutron_taas.services.taas.tap_mirror_plugin [None req-264d1449-0504-40d3-93af-4974131f590e 728cd3224cf24173b3fe6f6b5582d31e a3966d50cbbc4a6aabee89bef99a761c - - default default] Tap Mirror: Handle Delete Port: 97e40c1f-b8ab-497c-86b1-be8eb1f7b597
2026-03-03 13:03:00.958 8 INFO neutron.services.segments.plugin [-] Segment 84aa49d2-ed24-47b4-b3ce-8a7b4d0a7718 resource provider not found; error: Placement Client Error (4xx): {"errors": [{"status": 404, "title": "Not Found", "detail": "The resource could not be found.\n\n No resource provider with uuid 84aa49d2-ed24-47b4-b3ce-8a7b4d0a7718 found for delete ", "request_id": "req-8e1113c5-285b-42fc-a2ca-ffc9596a93ad"}]}
2026-03-03 13:03:00.961 8 INFO neutron.services.segments.plugin [-] Segment 84aa49d2-ed24-47b4-b3ce-8a7b4d0a7718 resource provider not found; error: Placement Client Error (4xx): {"errors": [{"status": 404, "title": "Not Found", "detail": "The resource could not be found.\n\n No resource provider with uuid 84aa49d2-ed24-47b4-b3ce-8a7b4d0a7718 found for delete ", "request_id": "req-5ba6d938-401c-47bd-9655-c69ad24e213f"}]}
2026-03-03 13:03:00.966 7 INFO neutron.db.ovn_revision_numbers_db [None req-fae81009-2370-4f51-8d9b-da907dbbc81e - - - - - -] Successfully bumped revision number for resource 3359b242-e67b-46fc-a479-e948b0399cb9 (type: subnets) to 0 [pid: 7|app: 0|req: 921/1766] 10.0.0.48 () {34 vars in 667 bytes} [Tue Mar 3 13:03:00 2026] POST /v2.0/subnets => generated 626 bytes in 721 msecs (HTTP/1.1 201) 4 headers in 162 bytes (1 switches on core 0)
2026-03-03 13:03:01.114 7 INFO neutron.db.ovn_revision_numbers_db [None req-32d7914d-18b2-4d5f-9233-4de680f97b01 f67875922e14477aab3d941822e8b01c cd6d6c7d64cb44ce988a79b627becc68 - - default default] Successfully bumped revision number for resource f83aa590-04ba-4631-9c68-52b2a55aca19 (type: routers) to 1 [pid: 7|app: 0|req: 922/1767] 10.0.0.48 () {34 vars in 667 bytes} [Tue Mar 3 13:03:00 2026] POST /v2.0/routers => generated 602 bytes in 146 msecs (HTTP/1.1 201) 4 headers in 162 bytes (1 switches on core 0) [pid: 8|app: 0|req: 846/1768] 10.0.0.48 () {32 vars in 724 bytes} [Tue Mar 3 13:03:00 2026] DELETE /v2.0/networks/c3573ccc-7539-40fd-a926-6fb1096be503 => generated 0 bytes in 393 msecs (HTTP/1.1 204) 3 headers in 131 bytes (1 switches on core 0)
2026-03-03 13:03:01.365 7 WARNING neutron.plugins.ml2.drivers.ovn.mech_driver.ovsdb.ovn_client [None req-e970f898-deb5-4fa3-8521-78f25a7768cc - - - - - -] No port found with ID 385f1188-952e-4331-a684-e362e15d4d66: RuntimeError: No port found with ID 385f1188-952e-4331-a684-e362e15d4d66
2026-03-03 13:03:01.531 7 WARNING neutron.scheduler.dhcp_agent_scheduler [None req-21953123-0230-456b-9c9b-5f1534bc4fdf f67875922e14477aab3d941822e8b01c cd6d6c7d64cb44ce988a79b627becc68 - - default default] No more DHCP agents
2026-03-03 13:03:01.532 7 WARNING neutron.api.rpc.agentnotifiers.dhcp_rpc_agent_api [None req-21953123-0230-456b-9c9b-5f1534bc4fdf f67875922e14477aab3d941822e8b01c cd6d6c7d64cb44ce988a79b627becc68 - - default default] Unable to schedule network 5517f681-a9f3-4f21-b33a-aab3cd7d2bd1: no agents available; will retry on subsequent port and subnet creation events.
2026-03-03 13:03:01.597 7 INFO neutron.services.segments.plugin [-] Segment 888507e0-f203-4bc5-b3ba-352e2df6ccab resource provider aggregate not found
2026-03-03 13:03:01.604 7 INFO neutron.services.segments.plugin [-] Segment 888507e0-f203-4bc5-b3ba-352e2df6ccab resource provider aggregate not found
2026-03-03 13:03:01.611 7 INFO neutron.services.segments.plugin [-] Segment 888507e0-f203-4bc5-b3ba-352e2df6ccab resource provider not found; error: Placement Client Error (4xx): {"errors": [{"status": 404, "title": "Not Found", "detail": "The resource could not be found.\n\n No resource provider with uuid 888507e0-f203-4bc5-b3ba-352e2df6ccab found for delete ", "request_id": "req-318b830c-2516-4e43-b09f-6e0eb17fc328"}]}
2026-03-03 13:03:01.622 7 INFO neutron.services.segments.plugin [-] Segment 888507e0-f203-4bc5-b3ba-352e2df6ccab resource provider not found; error: Placement Client Error (4xx): {"errors": [{"status": 404, "title": "Not Found", "detail": "The resource could not be found.\n\n No resource provider with uuid 888507e0-f203-4bc5-b3ba-352e2df6ccab found for delete ", "request_id": "req-a89460af-9700-41e8-9b6f-c6bf45144712"}]}
2026-03-03 13:03:01.671 7 INFO neutron.plugins.ml2.drivers.ovn.mech_driver.mech_driver [None req-e970f898-deb5-4fa3-8521-78f25a7768cc - - - - - -] OVN reports status down for port: 34e11711-3796-4727-9a99-f2e37e3119fc
2026-03-03 13:03:01.713 8 INFO neutron.db.ovn_revision_numbers_db [None req-0818139d-83cb-4be1-9430-c3cc0b54ee19 41d8eb35839b4767b032deb0c6501764 736e88019bcb4d3688258436da60735e - - default default] Successfully bumped revision number for resource 14c1629f-2aa3-4b16-a99f-66bcd2a340e7 (type: security_groups) to 1
2026-03-03 13:03:01.728 8 INFO neutron.db.ovn_revision_numbers_db [None req-0818139d-83cb-4be1-9430-c3cc0b54ee19 41d8eb35839b4767b032deb0c6501764 736e88019bcb4d3688258436da60735e - - default default] Successfully bumped revision number for resource 366130cc-35cd-40ec-b75f-2cf2b89200fc (type: security_group_rules) to 0
2026-03-03 13:03:01.742 8 INFO neutron.db.ovn_revision_numbers_db [None req-0818139d-83cb-4be1-9430-c3cc0b54ee19 41d8eb35839b4767b032deb0c6501764 736e88019bcb4d3688258436da60735e - - default default] Successfully bumped revision number for resource 486dd39f-1533-4b48-a226-e3260fe8c6a3 (type: security_group_rules) to 0
2026-03-03 13:03:01.752 7 INFO neutron.db.ovn_revision_numbers_db [None req-21953123-0230-456b-9c9b-5f1534bc4fdf f67875922e14477aab3d941822e8b01c cd6d6c7d64cb44ce988a79b627becc68 - - default default] Successfully bumped revision number for resource 34e11711-3796-4727-9a99-f2e37e3119fc (type: ports) to 1
2026-03-03 13:03:01.766 8 INFO neutron.db.ovn_revision_numbers_db [None req-0818139d-83cb-4be1-9430-c3cc0b54ee19 41d8eb35839b4767b032deb0c6501764 736e88019bcb4d3688258436da60735e - - default default] Successfully bumped revision number for resource a034f6d6-a3b1-41ac-80d1-fd0a0cbe8e4c (type: security_group_rules) to 0
2026-03-03 13:03:01.779 8 INFO neutron.db.ovn_revision_numbers_db [None req-0818139d-83cb-4be1-9430-c3cc0b54ee19 41d8eb35839b4767b032deb0c6501764 736e88019bcb4d3688258436da60735e - - default default] Successfully bumped revision number for resource c773adfd-5428-48c5-8cbc-6039d0bef8c7 (type: security_group_rules) to 0 [pid: 8|app: 0|req: 847/1769] 10.0.0.48 () {32 vars in 772 bytes} [Tue Mar 3 13:03:01 2026] GET /v2.0/security-groups?tenant_id=859f3aaed83c412fbc2018fca6c72c9e&name=default => generated 2925 bytes in 402 msecs (HTTP/1.1 200) 4 headers in 158 bytes (1 switches on core 0) [pid: 8|app: 0|req: 850/1772] 10.0.0.48 () {32 vars in 738 bytes} [Tue Mar 3 13:03:01 2026] DELETE /v2.0/security-groups/14c1629f-2aa3-4b16-a99f-66bcd2a340e7 => generated 0 bytes in 237 msecs (HTTP/1.1 204) 2 headers in 112 bytes (1 switches on core 0)
2026-03-03 13:03:02.271 7 INFO neutron.plugins.ml2.drivers.ovn.mech_driver.mech_driver [None req-e970f898-deb5-4fa3-8521-78f25a7768cc - - - - - -] OVN reports status up for port: 34e11711-3796-4727-9a99-f2e37e3119fc
2026-03-03 13:03:02.291 7 INFO neutron.plugins.ml2.plugin [None req-e970f898-deb5-4fa3-8521-78f25a7768cc - - - - - -] Attempt 1 to provision port 34e11711-3796-4727-9a99-f2e37e3119fc [pid: 8|app: 0|req: 851/1773] 10.0.0.48 () {32 vars in 772 bytes} [Tue Mar 3 13:03:02 2026] GET /v2.0/security-groups?tenant_id=a3966d50cbbc4a6aabee89bef99a761c&name=default => generated 2925 bytes in 244 msecs (HTTP/1.1 200) 4 headers in 158 bytes (1 switches on core 0)
2026-03-03 13:03:02.367 7 WARNING neutron.scheduler.dhcp_agent_scheduler [None req-21953123-0230-456b-9c9b-5f1534bc4fdf f67875922e14477aab3d941822e8b01c cd6d6c7d64cb44ce988a79b627becc68 - - default default] No more DHCP agents
2026-03-03 13:03:02.370 7 WARNING neutron.api.rpc.agentnotifiers.dhcp_rpc_agent_api [None req-21953123-0230-456b-9c9b-5f1534bc4fdf f67875922e14477aab3d941822e8b01c cd6d6c7d64cb44ce988a79b627becc68 - - default default] Unable to schedule network 5517f681-a9f3-4f21-b33a-aab3cd7d2bd1: no agents available; will retry on subsequent port and subnet creation events.
2026-03-03 13:03:02.426 8 INFO neutron.db.ovn_revision_numbers_db [None req-3149b27b-f896-4edc-8573-86d2eea80330 41d8eb35839b4767b032deb0c6501764 736e88019bcb4d3688258436da60735e - - default default] Successfully bumped revision number for resource d6f7faef-5184-40bc-a7c9-7a48bd6d0e93 (type: security_groups) to 1
2026-03-03 13:03:02.437 8 INFO neutron.db.ovn_revision_numbers_db [None req-3149b27b-f896-4edc-8573-86d2eea80330 41d8eb35839b4767b032deb0c6501764 736e88019bcb4d3688258436da60735e - - default default] Successfully bumped revision number for resource 0c7a99db-4486-4c3a-b424-2a88b56e108c (type: security_group_rules) to 0
2026-03-03 13:03:02.451 8 INFO neutron.db.ovn_revision_numbers_db [None req-3149b27b-f896-4edc-8573-86d2eea80330 41d8eb35839b4767b032deb0c6501764 736e88019bcb4d3688258436da60735e - - default default] Successfully bumped revision number for resource 1e0742b3-0ffb-428f-8348-a613ba1c32bd (type: security_group_rules) to 0
2026-03-03 13:03:02.463 8 INFO neutron.db.ovn_revision_numbers_db [None req-3149b27b-f896-4edc-8573-86d2eea80330 41d8eb35839b4767b032deb0c6501764 736e88019bcb4d3688258436da60735e - - default default] Successfully bumped revision number for resource 7708bca8-db3e-4932-a2d9-aa05db719af0 (type: security_group_rules) to 0
2026-03-03 13:03:02.473 8 INFO neutron.db.ovn_revision_numbers_db [None req-3149b27b-f896-4edc-8573-86d2eea80330 41d8eb35839b4767b032deb0c6501764 736e88019bcb4d3688258436da60735e - - default default] Successfully bumped revision number for resource c4140566-f765-4e02-8d1e-937a760e30d5 (type: security_group_rules) to 0 [pid: 8|app: 0|req: 852/1774] 10.0.0.48 () {32 vars in 772 bytes} [Tue Mar 3 13:03:02 2026] GET /v2.0/security-groups?tenant_id=e32638e621ad4764a540e9681ee2c50b&name=default => generated 2925 bytes in 207 msecs (HTTP/1.1 200) 4 headers in 158 bytes (1 switches on core 0) [pid: 8|app: 0|req: 853/1775] 10.0.0.48 () {32 vars in 738 bytes} [Tue Mar 3 13:03:02 2026] DELETE /v2.0/security-groups/525173fa-4e68-4902-973e-c2c3046a8458 => generated 0 bytes in 222 msecs (HTTP/1.1 204) 2 headers in 112 bytes (1 switches on core 0)
2026-03-03 13:03:02.764 7 INFO neutron.db.ovn_revision_numbers_db [None req-21953123-0230-456b-9c9b-5f1534bc4fdf f67875922e14477aab3d941822e8b01c cd6d6c7d64cb44ce988a79b627becc68 - - default default] Successfully bumped revision number for resource 34e11711-3796-4727-9a99-f2e37e3119fc (type: router_ports) to 1 [pid: 7|app: 0|req: 923/1776] 10.0.0.48 () {34 vars in 781 bytes} [Tue Mar 3 13:03:01 2026] PUT /v2.0/routers/f83aa590-04ba-4631-9c68-52b2a55aca19/add_router_interface => generated 309 bytes in 1640 msecs (HTTP/1.1 200) 4 headers in 157 bytes (1 switches on core 0)
2026-03-03 13:03:02.912 7 INFO neutron.db.ovn_revision_numbers_db [None req-e970f898-deb5-4fa3-8521-78f25a7768cc - - - - - -] Successfully bumped revision number for resource 34e11711-3796-4727-9a99-f2e37e3119fc (type: ports) to 2 [pid: 8|app: 0|req: 854/1777] 10.0.0.48 () {32 vars in 738 bytes} [Tue Mar 3 13:03:02 2026] DELETE /v2.0/security-groups/d6f7faef-5184-40bc-a7c9-7a48bd6d0e93 => generated 0 bytes in 235 msecs (HTTP/1.1 204) 2 headers in 112 bytes (1 switches on core 0)
2026-03-03 13:03:02.981 8 INFO neutron.services.segments.plugin [-] Segment c07deca2-4a42-4da3-a1e6-45496400218e resource provider aggregate not found
2026-03-03 13:03:02.987 8 INFO neutron.services.segments.plugin [-] Segment c07deca2-4a42-4da3-a1e6-45496400218e resource provider aggregate not found
2026-03-03 13:03:03.007 8 INFO neutron.services.segments.plugin [-] Segment c07deca2-4a42-4da3-a1e6-45496400218e resource provider not found; error: Placement Client Error (4xx): {"errors": [{"status": 404, "title": "Not Found", "detail": "The resource could not be found.\n\n No resource provider with uuid c07deca2-4a42-4da3-a1e6-45496400218e found for delete ", "request_id": "req-4149401f-5f67-441e-81be-e86a21664ecd"}]}
2026-03-03 13:03:03.009 8 INFO neutron.services.segments.plugin [-] Segment c07deca2-4a42-4da3-a1e6-45496400218e resource provider not found; error: Placement Client Error (4xx): {"errors": [{"status": 404, "title": "Not Found", "detail": "The resource could not be found.\n\n No resource provider with uuid c07deca2-4a42-4da3-a1e6-45496400218e found for delete ", "request_id": "req-5ff56d86-1677-43c2-a90a-5e988340bf14"}]} [pid: 8|app: 0|req: 855/1778] 10.0.0.48 () {32 vars in 715 bytes} [Tue Mar 3 13:03:02 2026] GET /v2.0/ports/34e11711-3796-4727-9a99-f2e37e3119fc => generated 943 bytes in 86 msecs (HTTP/1.1 200) 4 headers in 157 bytes (1 switches on core 0)
2026-03-03 13:03:03.133 7 INFO neutron.db.ovn_revision_numbers_db [None req-5b148060-90df-4704-8fd9-4aa45facdf0a 41d8eb35839b4767b032deb0c6501764 736e88019bcb4d3688258436da60735e - - default default] Successfully bumped revision number for resource 7f2f059d-c06b-4878-bbf7-26c2e562e895 (type: security_groups) to 1
2026-03-03 13:03:03.146 7 INFO neutron.db.ovn_revision_numbers_db [None req-5b148060-90df-4704-8fd9-4aa45facdf0a 41d8eb35839b4767b032deb0c6501764 736e88019bcb4d3688258436da60735e - - default default] Successfully bumped revision number for resource 6dc1e164-abc4-4370-84e4-1d7e2e2afcbc (type: security_group_rules) to 0
2026-03-03 13:03:03.159 7 INFO neutron.db.ovn_revision_numbers_db [None req-5b148060-90df-4704-8fd9-4aa45facdf0a 41d8eb35839b4767b032deb0c6501764 736e88019bcb4d3688258436da60735e - - default default] Successfully bumped revision number for resource 8a7c23e3-2e1e-4896-b621-768287621781 (type: security_group_rules) to 0
