2026-03-02 19:47:55.724 9 INFO placement.requestlog [None req-caa7c6cc-5dfe-4f8a-975c-208c2c4114e8 d3c1c6297903446b8b020c10e25389b4 38b9a45190504dc496b305fb7c846951 - - 5b5b5c73c63a4a5c943cf8976c652467 5b5b5c73c63a4a5c943cf8976c652467] 10.0.0.161 "DELETE /resource_providers/af4403f2-c56b-4b60-97aa-0fef56d6b700" status: 404 len: 246 microversion: 1.1 [pid: 9|app: 0|req: 613/1221] 10.0.0.161 () {34 vars in 816 bytes} [Mon Mar 2 19:47:55 2026] DELETE /resource_providers/af4403f2-c56b-4b60-97aa-0fef56d6b700 => generated 246 bytes in 11 msecs (HTTP/1.1 404) 6 headers in 231 bytes (1 switches on core 0)
2026-03-02 19:47:55.735 8 INFO placement.requestlog [None req-24cbecf6-78fd-46d4-bd6f-44daa81df44f d3c1c6297903446b8b020c10e25389b4 38b9a45190504dc496b305fb7c846951 - - 5b5b5c73c63a4a5c943cf8976c652467 5b5b5c73c63a4a5c943cf8976c652467] 10.0.0.161 "GET /resource_providers/b30bc025-6121-4d92-9ec2-136259bfd938/aggregates" status: 404 len: 235 microversion: 1.1 [pid: 8|app: 0|req: 609/1222] 10.0.0.161 () {32 vars in 816 bytes} [Mon Mar 2 19:47:55 2026] GET /resource_providers/b30bc025-6121-4d92-9ec2-136259bfd938/aggregates => generated 235 bytes in 11 msecs (HTTP/1.1 404) 5 headers in 202 bytes (1 switches on core 0)
2026-03-02 19:47:55.741 9 INFO placement.requestlog [None req-94172f74-1a73-49a6-976d-7ffce4734592 d3c1c6297903446b8b020c10e25389b4 38b9a45190504dc496b305fb7c846951 - - 5b5b5c73c63a4a5c943cf8976c652467 5b5b5c73c63a4a5c943cf8976c652467] 10.0.0.161 "GET /resource_providers/b30bc025-6121-4d92-9ec2-136259bfd938/aggregates" status: 404 len: 235 microversion: 1.1 [pid: 9|app: 0|req: 614/1223] 10.0.0.161 () {32 vars in 816 bytes} [Mon Mar 2 19:47:55 2026] GET /resource_providers/b30bc025-6121-4d92-9ec2-136259bfd938/aggregates => generated 235 bytes in 9 msecs (HTTP/1.1 404) 5 headers in 202 bytes (1 switches on core 0)
2026-03-02 19:47:55.755 8 INFO placement.requestlog [None req-fa0ab70b-42f7-43f9-999d-fef6903184b3 d3c1c6297903446b8b020c10e25389b4 38b9a45190504dc496b305fb7c846951 - - 5b5b5c73c63a4a5c943cf8976c652467 5b5b5c73c63a4a5c943cf8976c652467] 10.0.0.161 "DELETE /resource_providers/b30bc025-6121-4d92-9ec2-136259bfd938" status: 404 len: 246 microversion: 1.1 [pid: 8|app: 0|req: 610/1224] 10.0.0.161 () {34 vars in 816 bytes} [Mon Mar 2 19:47:55 2026] DELETE /resource_providers/b30bc025-6121-4d92-9ec2-136259bfd938 => generated 246 bytes in 7 msecs (HTTP/1.1 404) 6 headers in 231 bytes (1 switches on core 0)
2026-03-02 19:47:55.759 9 INFO placement.requestlog [None req-56f3f742-3540-403b-97c7-1efedaf16026 d3c1c6297903446b8b020c10e25389b4 38b9a45190504dc496b305fb7c846951 - - 5b5b5c73c63a4a5c943cf8976c652467 5b5b5c73c63a4a5c943cf8976c652467] 10.0.0.161 "DELETE /resource_providers/b30bc025-6121-4d92-9ec2-136259bfd938" status: 404 len: 246 microversion: 1.1 [pid: 9|app: 0|req: 615/1225] 10.0.0.161 () {34 vars in 816 bytes} [Mon Mar 2 19:47:55 2026] DELETE /resource_providers/b30bc025-6121-4d92-9ec2-136259bfd938 => generated 246 bytes in 9 msecs (HTTP/1.1 404) 6 headers in 231 bytes (1 switches on core 0)
2026-03-02 19:48:04.944 8 INFO placement.requestlog [None req-b59aaf52-5bd8-4df6-b23e-80eee183f000 - - - - - -] 10.0.0.159 "GET /" status: 200 len: 136 microversion: 1.0
2026-03-02 19:48:04.944 9 INFO placement.requestlog [None req-af66db3e-57ef-4376-a090-a44d7741442f - - - - - -] 10.0.0.159 "GET /" status: 200 len: 136 microversion: 1.0
2026-03-02 19:48:14.945 8 INFO placement.requestlog [None req-272131d9-589e-4f97-82f9-c9244c9ee270 - - - - - -] 10.0.0.159 "GET /" status: 200 len: 136 microversion: 1.0
2026-03-02 19:48:14.946 9 INFO placement.requestlog [None req-110a5d84-5909-458b-a957-4b7b46078227 - - - - - -] 10.0.0.159 "GET /" status: 200 len: 136 microversion: 1.0
2026-03-02 19:48:17.650 8 INFO placement.requestlog [None req-eecd9df1-0f56-4293-b9db-1afbe7c2f685 d3c1c6297903446b8b020c10e25389b4 38b9a45190504dc496b305fb7c846951 - - 5b5b5c73c63a4a5c943cf8976c652467 5b5b5c73c63a4a5c943cf8976c652467] 10.0.0.161 "GET /resource_providers/c471c464-b5b4-4cf2-9b78-328a1d1f3796/aggregates" status: 404 len: 235 microversion: 1.1 [pid: 8|app: 0|req: 613/1230] 10.0.0.161 () {32 vars in 816 bytes} [Mon Mar 2 19:48:17 2026] GET /resource_providers/c471c464-b5b4-4cf2-9b78-328a1d1f3796/aggregates => generated 235 bytes in 9 msecs (HTTP/1.1 404) 5 headers in 202 bytes (1 switches on core 0)
2026-03-02 19:48:17.652 9 INFO placement.requestlog [None req-6c5725ae-7c45-49e0-bb1d-e448248c84b2 d3c1c6297903446b8b020c10e25389b4 38b9a45190504dc496b305fb7c846951 - - 5b5b5c73c63a4a5c943cf8976c652467 5b5b5c73c63a4a5c943cf8976c652467] 10.0.0.161 "GET /resource_providers/c471c464-b5b4-4cf2-9b78-328a1d1f3796/aggregates" status: 404 len: 235 microversion: 1.1 [pid: 9|app: 0|req: 618/1231] 10.0.0.161 () {32 vars in 816 bytes} [Mon Mar 2 19:48:17 2026] GET /resource_providers/c471c464-b5b4-4cf2-9b78-328a1d1f3796/aggregates => generated 235 bytes in 9 msecs (HTTP/1.1 404) 5 headers in 202 bytes (1 switches on core 0)
2026-03-02 19:48:17.676 8 INFO placement.requestlog [None req-0a896ad1-d885-4eb0-9e75-fae3b12ccdb2 d3c1c6297903446b8b020c10e25389b4 38b9a45190504dc496b305fb7c846951 - - 5b5b5c73c63a4a5c943cf8976c652467 5b5b5c73c63a4a5c943cf8976c652467] 10.0.0.161 "DELETE /resource_providers/c471c464-b5b4-4cf2-9b78-328a1d1f3796" status: 404 len: 246 microversion: 1.1 [pid: 8|app: 0|req: 614/1232] 10.0.0.161 () {34 vars in 816 bytes} [Mon Mar 2 19:48:17 2026] DELETE /resource_providers/c471c464-b5b4-4cf2-9b78-328a1d1f3796 => generated 246 bytes in 9 msecs (HTTP/1.1 404) 6 headers in 231 bytes (1 switches on core 0)
2026-03-02 19:48:17.678 9 INFO placement.requestlog [None req-98da84a6-eed4-4c57-804c-4e23c61b96c9 d3c1c6297903446b8b020c10e25389b4 38b9a45190504dc496b305fb7c846951 - - 5b5b5c73c63a4a5c943cf8976c652467 5b5b5c73c63a4a5c943cf8976c652467] 10.0.0.161 "DELETE /resource_providers/c471c464-b5b4-4cf2-9b78-328a1d1f3796" status: 404 len: 246 microversion: 1.1 [pid: 9|app: 0|req: 619/1233] 10.0.0.161 () {34 vars in 816 bytes} [Mon Mar 2 19:48:17 2026] DELETE /resource_providers/c471c464-b5b4-4cf2-9b78-328a1d1f3796 => generated 246 bytes in 11 msecs (HTTP/1.1 404) 6 headers in 231 bytes (1 switches on core 0)
2026-03-02 19:48:24.945 9 INFO placement.requestlog [None req-dcae5916-5163-45de-88b9-1248daeca19e - - - - - -] 10.0.0.159 "GET /" status: 200 len: 136 microversion: 1.0
2026-03-02 19:48:24.945 8 INFO placement.requestlog [None req-79549e32-5fea-46b3-8d75-04facc9bb2b3 - - - - - -] 10.0.0.159 "GET /" status: 200 len: 136 microversion: 1.0
2026-03-02 19:48:30.485 9 INFO placement.requestlog [req-ef87a4c1-1ff0-4f60-8908-a69c0b47b31d req-6ced66e7-378d-44ef-a6e5-dc83f3d55a9d 7a441482c1b242009abcbb7cec4a95cd 38b9a45190504dc496b305fb7c846951 - - 5b5b5c73c63a4a5c943cf8976c652467 5b5b5c73c63a4a5c943cf8976c652467] 199.204.45.138 "GET /resource_providers/55d6543b-9331-4870-80b2-1ee8e55be1ed/allocations" status: 200 len: 340 microversion: 1.0 [pid: 9|app: 0|req: 621/1236] 199.204.45.138 () {32 vars in 857 bytes} [Mon Mar 2 19:48:30 2026] GET /resource_providers/55d6543b-9331-4870-80b2-1ee8e55be1ed/allocations => generated 340 bytes in 18 msecs (HTTP/1.1 200) 6 headers in 224 bytes (1 switches on core 0)
2026-03-02 19:48:30.506 8 INFO placement.requestlog [req-ef87a4c1-1ff0-4f60-8908-a69c0b47b31d req-889b9769-0c62-4f76-8b8e-1bb8005c5658 7a441482c1b242009abcbb7cec4a95cd 38b9a45190504dc496b305fb7c846951 - - 5b5b5c73c63a4a5c943cf8976c652467 5b5b5c73c63a4a5c943cf8976c652467] 199.204.45.138 "GET /resource_providers/55d6543b-9331-4870-80b2-1ee8e55be1ed/allocations" status: 200 len: 340 microversion: 1.0 [pid: 8|app: 0|req: 616/1237] 199.204.45.138 () {32 vars in 857 bytes} [Mon Mar 2 19:48:30 2026] GET /resource_providers/55d6543b-9331-4870-80b2-1ee8e55be1ed/allocations => generated 340 bytes in 14 msecs (HTTP/1.1 200) 6 headers in 224 bytes (1 switches on core 0)
2026-03-02 19:48:30.526 9 INFO placement.requestlog [req-ef87a4c1-1ff0-4f60-8908-a69c0b47b31d req-3769eefb-1788-4ce0-82b1-2923c92fe36f 7a441482c1b242009abcbb7cec4a95cd 38b9a45190504dc496b305fb7c846951 - - 5b5b5c73c63a4a5c943cf8976c652467 5b5b5c73c63a4a5c943cf8976c652467] 199.204.45.138 "GET /allocations/c42c54e8-e9f2-4c52-bf25-591a96c69e95" status: 200 len: 245 microversion: 1.28 [pid: 9|app: 0|req: 622/1238] 199.204.45.138 () {34 vars in 863 bytes} [Mon Mar 2 19:48:30 2026] GET /allocations/c42c54e8-e9f2-4c52-bf25-591a96c69e95 => generated 245 bytes in 13 msecs (HTTP/1.1 200) 8 headers in 296 bytes (1 switches on core 0)
2026-03-02 19:48:30.543 8 INFO placement.requestlog [req-ef87a4c1-1ff0-4f60-8908-a69c0b47b31d req-420275cf-a253-48ae-ae1c-d418bb052cf4 7a441482c1b242009abcbb7cec4a95cd 38b9a45190504dc496b305fb7c846951 - - 5b5b5c73c63a4a5c943cf8976c652467 5b5b5c73c63a4a5c943cf8976c652467] 199.204.45.138 "GET /allocations/50165933-8a54-4a5d-84ca-f99f7c03e64e" status: 200 len: 258 microversion: 1.28 [pid: 8|app: 0|req: 617/1239] 199.204.45.138 () {34 vars in 863 bytes} [Mon Mar 2 19:48:30 2026] GET /allocations/50165933-8a54-4a5d-84ca-f99f7c03e64e => generated 258 bytes in 12 msecs (HTTP/1.1 200) 8 headers in 296 bytes (1 switches on core 0)
2026-03-02 19:48:30.567 9 INFO placement.requestlog [req-ef87a4c1-1ff0-4f60-8908-a69c0b47b31d req-cb0a1c67-f512-4347-b96f-ed47cf3dca6f 7a441482c1b242009abcbb7cec4a95cd 38b9a45190504dc496b305fb7c846951 - - 5b5b5c73c63a4a5c943cf8976c652467 5b5b5c73c63a4a5c943cf8976c652467] 199.204.45.138 "GET /allocations/ce5303d8-bc00-4c68-a40b-1f8b4f43d6cb" status: 200 len: 258 microversion: 1.28 [pid: 9|app: 0|req: 623/1240] 199.204.45.138 () {34 vars in 863 bytes} [Mon Mar 2 19:48:30 2026] GET /allocations/ce5303d8-bc00-4c68-a40b-1f8b4f43d6cb => generated 258 bytes in 17 msecs (HTTP/1.1 200) 8 headers in 296 bytes (1 switches on core 0)
2026-03-02 19:48:34.944 9 INFO placement.requestlog [None req-1085be5f-ee1d-4fea-a3a7-2c4c5aa86586 - - - - - -] 10.0.0.159 "GET /" status: 200 len: 136 microversion: 1.0
2026-03-02 19:48:34.945 8 INFO placement.requestlog [None req-c926d757-5764-411e-ab11-dbd3f34c4022 - - - - - -] 10.0.0.159 "GET /" status: 200 len: 136 microversion: 1.0
2026-03-02 19:48:35.463 9 INFO placement.requestlog [None req-1522c960-3308-4c18-a321-1dd6ac32b01d 2c969bbcea424f4f98dc0d92e0996b69 1a37696a51444277b3d3f568f00e3f2f - - default default] 10.0.0.181 "GET /resource_providers" status: 200 len: 406 microversion: 1.0 [pid: 9|app: 0|req: 625/1243] 10.0.0.181 () {28 vars in 593 bytes} [Mon Mar 2 19:48:35 2026] GET /resource_providers => generated 406 bytes in 209 msecs (HTTP/1.1 200) 6 headers in 224 bytes (1 switches on core 0)
2026-03-02 19:48:35.490 8 INFO placement.requestlog [None req-2e0b94bc-12b7-476e-b187-4b3c047c716c 2c969bbcea424f4f98dc0d92e0996b69 1a37696a51444277b3d3f568f00e3f2f - - default default] 10.0.0.181 "GET /resource_providers/55d6543b-9331-4870-80b2-1ee8e55be1ed/inventories" status: 200 len: 401 microversion: 1.0 [pid: 8|app: 0|req: 619/1244] 10.0.0.181 () {28 vars in 691 bytes} [Mon Mar 2 19:48:35 2026] GET /resource_providers/55d6543b-9331-4870-80b2-1ee8e55be1ed/inventories => generated 401 bytes in 23 msecs (HTTP/1.1 200) 6 headers in 224 bytes (1 switches on core 0)
2026-03-02 19:48:35.531 9 INFO placement.requestlog [None req-00639ecf-7529-4840-997f-d1d01c3838a7 2c969bbcea424f4f98dc0d92e0996b69 1a37696a51444277b3d3f568f00e3f2f - - default default] 10.0.0.181 "GET /resource_providers/55d6543b-9331-4870-80b2-1ee8e55be1ed/usages" status: 200 len: 92 microversion: 1.0 [pid: 9|app: 0|req: 626/1245] 10.0.0.181 () {28 vars in 681 bytes} [Mon Mar 2 19:48:35 2026] GET /resource_providers/55d6543b-9331-4870-80b2-1ee8e55be1ed/usages => generated 92 bytes in 35 msecs (HTTP/1.1 200) 6 headers in 223 bytes (1 switches on core 0)
2026-03-02 19:48:44.944 8 INFO placement.requestlog [None req-4f869821-3b0c-4234-98f5-a058b6d0350c - - - - - -] 10.0.0.159 "GET /" status: 200 len: 136 microversion: 1.0
2026-03-02 19:48:44.945 9 INFO placement.requestlog [None req-66163871-e236-4d6b-a7a9-92e21c11ca6a - - - - - -] 10.0.0.159 "GET /" status: 200 len: 136 microversion: 1.0
2026-03-02 19:48:54.945 8 INFO placement.requestlog [None req-3c75f457-8754-431c-a06e-532f397140e6 - - - - - -] 10.0.0.159 "GET /" status: 200 len: 136 microversion: 1.0
2026-03-02 19:48:54.945 9 INFO placement.requestlog [None req-a7f35384-eeaa-4af9-b722-c6682251eede - - - - - -] 10.0.0.159 "GET /" status: 200 len: 136 microversion: 1.0
2026-03-02 19:49:04.945 8 INFO placement.requestlog [None req-aa1f577f-f2c9-4560-a8cf-3e9f3e5106aa - - - - - -] 10.0.0.159 "GET /" status: 200 len: 136 microversion: 1.0
2026-03-02 19:49:04.945 9 INFO placement.requestlog [None req-41a87294-f6ed-40d6-8bba-479b43c0a1f6 - - - - - -] 10.0.0.159 "GET /" status: 200 len: 136 microversion: 1.0
2026-03-02 19:49:14.945 9 INFO placement.requestlog [None req-9cd0af4d-d733-45ac-9444-3ef4673e4444 - - - - - -] 10.0.0.159 "GET /" status: 200 len: 136 microversion: 1.0
2026-03-02 19:49:14.945 8 INFO placement.requestlog [None req-ff70c879-cd33-4a7b-9360-55384e6263cc - - - - - -] 10.0.0.159 "GET /" status: 200 len: 136 microversion: 1.0
2026-03-02 19:49:24.945 8 INFO placement.requestlog [None req-52ff1b1d-c9ba-4f2f-aedc-88ed22768f3a - - - - - -] 10.0.0.159 "GET /" status: 200 len: 136 microversion: 1.0
2026-03-02 19:49:24.945 9 INFO placement.requestlog [None req-826375d5-f03c-4c1c-bda9-b8817a03070d - - - - - -] 10.0.0.159 "GET /" status: 200 len: 136 microversion: 1.0
2026-03-02 19:49:30.684 8 INFO placement.requestlog [req-14580ee8-6c79-4d66-a539-15ce13314f47 req-d4e07acf-4f7e-43fd-a4fd-03244d5c18e1 7a441482c1b242009abcbb7cec4a95cd 38b9a45190504dc496b305fb7c846951 - - 5b5b5c73c63a4a5c943cf8976c652467 5b5b5c73c63a4a5c943cf8976c652467] 199.204.45.138 "GET /resource_providers/55d6543b-9331-4870-80b2-1ee8e55be1ed/allocations" status: 200 len: 340 microversion: 1.0 [pid: 8|app: 0|req: 625/1256] 199.204.45.138 () {32 vars in 857 bytes} [Mon Mar 2 19:49:30 2026] GET /resource_providers/55d6543b-9331-4870-80b2-1ee8e55be1ed/allocations => generated 340 bytes in 78 msecs (HTTP/1.1 200) 6 headers in 224 bytes (1 switches on core 0)
2026-03-02 19:49:30.709 9 INFO placement.requestlog [req-14580ee8-6c79-4d66-a539-15ce13314f47 req-6a37bbfc-e52b-44ed-ad5b-a94c6d3a9ed0 7a441482c1b242009abcbb7cec4a95cd 38b9a45190504dc496b305fb7c846951 - - 5b5b5c73c63a4a5c943cf8976c652467 5b5b5c73c63a4a5c943cf8976c652467] 199.204.45.138 "GET /resource_providers?in_tree=55d6543b-9331-4870-80b2-1ee8e55be1ed" status: 200 len: 798 microversion: 1.14 [pid: 9|app: 0|req: 632/1257] 199.204.45.138 () {34 vars in 892 bytes} [Mon Mar 2 19:49:30 2026] GET /resource_providers?in_tree=55d6543b-9331-4870-80b2-1ee8e55be1ed => generated 798 bytes in 18 msecs (HTTP/1.1 200) 6 headers in 225 bytes (1 switches on core 0)
2026-03-02 19:49:30.732 8 INFO placement.requestlog [req-14580ee8-6c79-4d66-a539-15ce13314f47 req-7efe7a06-d3b1-4a2e-a546-7412844e13a3 7a441482c1b242009abcbb7cec4a95cd 38b9a45190504dc496b305fb7c846951 - - 5b5b5c73c63a4a5c943cf8976c652467 5b5b5c73c63a4a5c943cf8976c652467] 199.204.45.138 "GET /resource_providers/55d6543b-9331-4870-80b2-1ee8e55be1ed/inventories" status: 200 len: 401 microversion: 1.0 [pid: 8|app: 0|req: 626/1258] 199.204.45.138 () {32 vars in 857 bytes} [Mon Mar 2 19:49:30 2026] GET /resource_providers/55d6543b-9331-4870-80b2-1ee8e55be1ed/inventories => generated 401 bytes in 16 msecs (HTTP/1.1 200) 6 headers in 224 bytes (1 switches on core 0)
2026-03-02 19:49:30.751 9 INFO placement.requestlog [req-14580ee8-6c79-4d66-a539-15ce13314f47 req-18b78bee-ef5c-4702-ac24-1a607520c710 7a441482c1b242009abcbb7cec4a95cd 38b9a45190504dc496b305fb7c846951 - - 5b5b5c73c63a4a5c943cf8976c652467 5b5b5c73c63a4a5c943cf8976c652467] 199.204.45.138 "GET /resource_providers/55d6543b-9331-4870-80b2-1ee8e55be1ed/aggregates" status: 200 len: 54 microversion: 1.19 [pid: 9|app: 0|req: 633/1259] 199.204.45.138 () {34 vars in 899 bytes} [Mon Mar 2 19:49:30 2026] GET /resource_providers/55d6543b-9331-4870-80b2-1ee8e55be1ed/aggregates => generated 54 bytes in 12 msecs (HTTP/1.1 200) 8 headers in 295 bytes (1 switches on core 0)
2026-03-02 19:49:30.778 8 INFO placement.requestlog [req-14580ee8-6c79-4d66-a539-15ce13314f47 req-06c4ac79-df66-4032-9d82-ba18b634644e 7a441482c1b242009abcbb7cec4a95cd 38b9a45190504dc496b305fb7c846951 - - 5b5b5c73c63a4a5c943cf8976c652467 5b5b5c73c63a4a5c943cf8976c652467] 199.204.45.138 "GET /resource_providers/55d6543b-9331-4870-80b2-1ee8e55be1ed/traits" status: 200 len: 2317 microversion: 1.6 [pid: 8|app: 0|req: 627/1260] 199.204.45.138 () {34 vars in 890 bytes} [Mon Mar 2 19:49:30 2026] GET /resource_providers/55d6543b-9331-4870-80b2-1ee8e55be1ed/traits => generated 2317 bytes in 21 msecs (HTTP/1.1 200) 6 headers in 225 bytes (1 switches on core 0)
2026-03-02 19:49:30.806 9 INFO placement.requestlog [req-14580ee8-6c79-4d66-a539-15ce13314f47 req-ee316883-26d1-4675-9978-81846043b109 7a441482c1b242009abcbb7cec4a95cd 38b9a45190504dc496b305fb7c846951 - - 5b5b5c73c63a4a5c943cf8976c652467 5b5b5c73c63a4a5c943cf8976c652467] 199.204.45.138 "GET /resource_providers/55d6543b-9331-4870-80b2-1ee8e55be1ed/allocations" status: 200 len: 340 microversion: 1.0 [pid: 9|app: 0|req: 634/1261] 199.204.45.138 () {32 vars in 857 bytes} [Mon Mar 2 19:49:30 2026] GET /resource_providers/55d6543b-9331-4870-80b2-1ee8e55be1ed/allocations => generated 340 bytes in 17 msecs (HTTP/1.1 200) 6 headers in 224 bytes (1 switches on core 0)
2026-03-02 19:49:30.825 8 INFO placement.requestlog [req-14580ee8-6c79-4d66-a539-15ce13314f47 req-2a56dfa4-bc9b-486c-8088-14a7644cf7c9 7a441482c1b242009abcbb7cec4a95cd 38b9a45190504dc496b305fb7c846951 - - 5b5b5c73c63a4a5c943cf8976c652467 5b5b5c73c63a4a5c943cf8976c652467] 199.204.45.138 "GET /allocations/c42c54e8-e9f2-4c52-bf25-591a96c69e95" status: 200 len: 245 microversion: 1.28 [pid: 8|app: 0|req: 628/1262] 199.204.45.138 () {34 vars in 863 bytes} [Mon Mar 2 19:49:30 2026] GET /allocations/c42c54e8-e9f2-4c52-bf25-591a96c69e95 => generated 245 bytes in 12 msecs (HTTP/1.1 200) 8 headers in 296 bytes (1 switches on core 0)
2026-03-02 19:49:30.845 9 INFO placement.requestlog [req-14580ee8-6c79-4d66-a539-15ce13314f47 req-945f2f42-6f0f-44a5-8770-9724f207cbea 7a441482c1b242009abcbb7cec4a95cd 38b9a45190504dc496b305fb7c846951 - - 5b5b5c73c63a4a5c943cf8976c652467 5b5b5c73c63a4a5c943cf8976c652467] 199.204.45.138 "GET /allocations/50165933-8a54-4a5d-84ca-f99f7c03e64e" status: 200 len: 258 microversion: 1.28 [pid: 9|app: 0|req: 635/1263] 199.204.45.138 () {34 vars in 863 bytes} [Mon Mar 2 19:49:30 2026] GET /allocations/50165933-8a54-4a5d-84ca-f99f7c03e64e => generated 258 bytes in 15 msecs (HTTP/1.1 200) 8 headers in 296 bytes (1 switches on core 0)
2026-03-02 19:49:30.865 8 INFO placement.requestlog [req-14580ee8-6c79-4d66-a539-15ce13314f47 req-5006cbc4-3ba2-41ee-a18a-28bb134f4033 7a441482c1b242009abcbb7cec4a95cd 38b9a45190504dc496b305fb7c846951 - - 5b5b5c73c63a4a5c943cf8976c652467 5b5b5c73c63a4a5c943cf8976c652467] 199.204.45.138 "GET /allocations/ce5303d8-bc00-4c68-a40b-1f8b4f43d6cb" status: 200 len: 258 microversion: 1.28 [pid: 8|app: 0|req: 629/1264] 199.204.45.138 () {34 vars in 863 bytes} [Mon Mar 2 19:49:30 2026] GET /allocations/ce5303d8-bc00-4c68-a40b-1f8b4f43d6cb => generated 258 bytes in 12 msecs (HTTP/1.1 200) 8 headers in 296 bytes (1 switches on core 0)
2026-03-02 19:49:34.945 9 INFO placement.requestlog [None req-83a13ed1-aab0-4631-9a3c-42852037a1e1 - - - - - -] 10.0.0.159 "GET /" status: 200 len: 136 microversion: 1.0
2026-03-02 19:49:34.945 8 INFO placement.requestlog [None req-04e7996e-7719-4bde-90ac-390e79f13a88 - - - - - -] 10.0.0.159 "GET /" status: 200 len: 136 microversion: 1.0
2026-03-02 19:49:35.329 9 INFO placement.requestlog [None req-970bf64d-5d97-4de6-a5a4-a742b50f8d17 2c969bbcea424f4f98dc0d92e0996b69 1a37696a51444277b3d3f568f00e3f2f - - default default] 10.0.0.181 "GET /resource_providers" status: 200 len: 406 microversion: 1.0 [pid: 9|app: 0|req: 637/1267] 10.0.0.181 () {28 vars in 593 bytes} [Mon Mar 2 19:49:35 2026] GET /resource_providers => generated 406 bytes in 81 msecs (HTTP/1.1 200) 6 headers in 224 bytes (1 switches on core 0)
2026-03-02 19:49:35.353 8 INFO placement.requestlog [None req-173f09c8-6f47-4da8-8ed4-84f06bdd44eb 2c969bbcea424f4f98dc0d92e0996b69 1a37696a51444277b3d3f568f00e3f2f - - default default] 10.0.0.181 "GET /resource_providers/55d6543b-9331-4870-80b2-1ee8e55be1ed/inventories" status: 200 len: 401 microversion: 1.0 [pid: 8|app: 0|req: 631/1268] 10.0.0.181 () {28 vars in 691 bytes} [Mon Mar 2 19:49:35 2026] GET /resource_providers/55d6543b-9331-4870-80b2-1ee8e55be1ed/inventories => generated 401 bytes in 18 msecs (HTTP/1.1 200) 6 headers in 224 bytes (1 switches on core 0)
2026-03-02 19:49:35.381 9 INFO placement.requestlog [None req-434392de-eadc-4cc1-a202-0e4092b5c464 2c969bbcea424f4f98dc0d92e0996b69 1a37696a51444277b3d3f568f00e3f2f - - default default] 10.0.0.181 "GET /resource_providers/55d6543b-9331-4870-80b2-1ee8e55be1ed/usages" status: 200 len: 92 microversion: 1.0 [pid: 9|app: 0|req: 638/1269] 10.0.0.181 () {28 vars in 681 bytes} [Mon Mar 2 19:49:35 2026] GET /resource_providers/55d6543b-9331-4870-80b2-1ee8e55be1ed/usages => generated 92 bytes in 24 msecs (HTTP/1.1 200) 6 headers in 223 bytes (1 switches on core 0)
2026-03-02 19:49:44.944 9 INFO placement.requestlog [None req-e648127e-d5bb-4e3a-9461-c02ff00d679f - - - - - -] 10.0.0.159 "GET /" status: 200 len: 136 microversion: 1.0
2026-03-02 19:49:44.945 8 INFO placement.requestlog [None req-a1d3e77d-74bc-4770-bd0a-9332c9ab20ac - - - - - -] 10.0.0.159 "GET /" status: 200 len: 136 microversion: 1.0
2026-03-02 19:49:51.205 9 INFO placement.requestlog [req-80249763-9450-4233-ae3d-7bc8ca12ce6f req-0489cf07-5522-49d6-aed6-85cfe309f556 7a441482c1b242009abcbb7cec4a95cd 38b9a45190504dc496b305fb7c846951 - - 5b5b5c73c63a4a5c943cf8976c652467 5b5b5c73c63a4a5c943cf8976c652467] 199.204.45.138 "GET /resource_providers/55d6543b-9331-4870-80b2-1ee8e55be1ed/allocations" status: 200 len: 340 microversion: 1.0 [pid: 9|app: 0|req: 640/1272] 199.204.45.138 () {32 vars in 857 bytes} [Mon Mar 2 19:49:51 2026] GET /resource_providers/55d6543b-9331-4870-80b2-1ee8e55be1ed/allocations => generated 340 bytes in 28 msecs (HTTP/1.1 200) 6 headers in 224 bytes (1 switches on core 0)
2026-03-02 19:49:51.229 8 INFO placement.requestlog [req-80249763-9450-4233-ae3d-7bc8ca12ce6f req-67e77ad3-5349-4491-be58-571dbe0ce426 7a441482c1b242009abcbb7cec4a95cd 38b9a45190504dc496b305fb7c846951 - - 5b5b5c73c63a4a5c943cf8976c652467 5b5b5c73c63a4a5c943cf8976c652467] 199.204.45.138 "GET /allocations/c42c54e8-e9f2-4c52-bf25-591a96c69e95" status: 200 len: 245 microversion: 1.28 [pid: 8|app: 0|req: 633/1273] 199.204.45.138 () {34 vars in 863 bytes} [Mon Mar 2 19:49:51 2026] GET /allocations/c42c54e8-e9f2-4c52-bf25-591a96c69e95 => generated 245 bytes in 17 msecs (HTTP/1.1 200) 8 headers in 296 bytes (1 switches on core 0)
2026-03-02 19:49:51.255 9 INFO placement.requestlog [req-80249763-9450-4233-ae3d-7bc8ca12ce6f req-f8dbdb9f-1d6c-48ff-a718-2b096cf82670 7a441482c1b242009abcbb7cec4a95cd 38b9a45190504dc496b305fb7c846951 - - 5b5b5c73c63a4a5c943cf8976c652467 5b5b5c73c63a4a5c943cf8976c652467] 199.204.45.138 "GET /allocations/50165933-8a54-4a5d-84ca-f99f7c03e64e" status: 200 len: 258 microversion: 1.28 [pid: 9|app: 0|req: 641/1274] 199.204.45.138 () {34 vars in 863 bytes} [Mon Mar 2 19:49:51 2026] GET /allocations/50165933-8a54-4a5d-84ca-f99f7c03e64e => generated 258 bytes in 15 msecs (HTTP/1.1 200) 8 headers in 296 bytes (1 switches on core 0)
2026-03-02 19:49:51.283 8 INFO placement.requestlog [req-80249763-9450-4233-ae3d-7bc8ca12ce6f req-4c59ceff-3f6b-4815-af52-45b321169a80 7a441482c1b242009abcbb7cec4a95cd 38b9a45190504dc496b305fb7c846951 - - 5b5b5c73c63a4a5c943cf8976c652467 5b5b5c73c63a4a5c943cf8976c652467] 199.204.45.138 "GET /allocations/ce5303d8-bc00-4c68-a40b-1f8b4f43d6cb" status: 200 len: 258 microversion: 1.28 [pid: 8|app: 0|req: 634/1275] 199.204.45.138 () {34 vars in 863 bytes} [Mon Mar 2 19:49:51 2026] GET /allocations/ce5303d8-bc00-4c68-a40b-1f8b4f43d6cb => generated 258 bytes in 20 msecs (HTTP/1.1 200) 8 headers in 296 bytes (1 switches on core 0)
2026-03-02 19:49:52.334 9 INFO placement.requestlog [req-80249763-9450-4233-ae3d-7bc8ca12ce6f req-9eea561e-5d19-469a-abe8-559b0c448949 7a441482c1b242009abcbb7cec4a95cd 38b9a45190504dc496b305fb7c846951 - - 5b5b5c73c63a4a5c943cf8976c652467 5b5b5c73c63a4a5c943cf8976c652467] 199.204.45.138 "DELETE /allocations/c42c54e8-e9f2-4c52-bf25-591a96c69e95" status: 204 len: 0 microversion: 1.0 [pid: 9|app: 0|req: 642/1276] 199.204.45.138 () {34 vars in 841 bytes} [Mon Mar 2 19:49:52 2026] DELETE /allocations/c42c54e8-e9f2-4c52-bf25-591a96c69e95 => generated 0 bytes in 22 msecs (HTTP/1.1 204) 5 headers in 198 bytes (1 switches on core 0)
2026-03-02 19:49:54.388 8 INFO placement.requestlog [req-36254232-09b0-4f6f-b9e0-797f91c62b23 req-fcfcac36-a0a4-4c51-8eb7-f6ad09eac741 7a441482c1b242009abcbb7cec4a95cd 38b9a45190504dc496b305fb7c846951 - - 5b5b5c73c63a4a5c943cf8976c652467 5b5b5c73c63a4a5c943cf8976c652467] 199.204.45.138 "GET /resource_providers/55d6543b-9331-4870-80b2-1ee8e55be1ed/allocations" status: 200 len: 253 microversion: 1.0 [pid: 8|app: 0|req: 635/1277] 199.204.45.138 () {32 vars in 857 bytes} [Mon Mar 2 19:49:54 2026] GET /resource_providers/55d6543b-9331-4870-80b2-1ee8e55be1ed/allocations => generated 253 bytes in 18 msecs (HTTP/1.1 200) 6 headers in 224 bytes (1 switches on core 0)
2026-03-02 19:49:54.406 9 INFO placement.requestlog [req-36254232-09b0-4f6f-b9e0-797f91c62b23 req-2029f97d-d197-4ca0-b56b-328d0a3e2b2b 7a441482c1b242009abcbb7cec4a95cd 38b9a45190504dc496b305fb7c846951 - - 5b5b5c73c63a4a5c943cf8976c652467 5b5b5c73c63a4a5c943cf8976c652467] 199.204.45.138 "GET /allocations/50165933-8a54-4a5d-84ca-f99f7c03e64e" status: 200 len: 258 microversion: 1.28 [pid: 9|app: 0|req: 643/1278] 199.204.45.138 () {34 vars in 863 bytes} [Mon Mar 2 19:49:54 2026] GET /allocations/50165933-8a54-4a5d-84ca-f99f7c03e64e => generated 258 bytes in 13 msecs (HTTP/1.1 200) 8 headers in 296 bytes (1 switches on core 0)
2026-03-02 19:49:54.427 8 INFO placement.requestlog [req-36254232-09b0-4f6f-b9e0-797f91c62b23 req-a916aed1-4213-4d94-a4b9-af12f9b489a9 7a441482c1b242009abcbb7cec4a95cd 38b9a45190504dc496b305fb7c846951 - - 5b5b5c73c63a4a5c943cf8976c652467 5b5b5c73c63a4a5c943cf8976c652467] 199.204.45.138 "GET /allocations/ce5303d8-bc00-4c68-a40b-1f8b4f43d6cb" status: 200 len: 258 microversion: 1.28 [pid: 8|app: 0|req: 636/1279] 199.204.45.138 () {34 vars in 863 bytes} [Mon Mar 2 19:49:54 2026] GET /allocations/ce5303d8-bc00-4c68-a40b-1f8b4f43d6cb => generated 258 bytes in 15 msecs (HTTP/1.1 200) 8 headers in 296 bytes (1 switches on core 0)
2026-03-02 19:49:54.945 8 INFO placement.requestlog [None req-188a2356-d3d5-4eb7-89bd-bd8f65bb1e49 - - - - - -] 10.0.0.159 "GET /" status: 200 len: 136 microversion: 1.0
2026-03-02 19:49:54.945 9 INFO placement.requestlog [None req-3cda20d3-4b35-4b91-add4-94b9e9293bf6 - - - - - -] 10.0.0.159 "GET /" status: 200 len: 136 microversion: 1.0
2026-03-02 19:49:55.474 8 INFO placement.requestlog [req-36254232-09b0-4f6f-b9e0-797f91c62b23 req-3f35edd1-87b6-492f-96a5-a4e52387fdbf 7a441482c1b242009abcbb7cec4a95cd 38b9a45190504dc496b305fb7c846951 - - 5b5b5c73c63a4a5c943cf8976c652467 5b5b5c73c63a4a5c943cf8976c652467] 199.204.45.138 "DELETE /allocations/50165933-8a54-4a5d-84ca-f99f7c03e64e" status: 204 len: 0 microversion: 1.0 [pid: 8|app: 0|req: 638/1282] 199.204.45.138 () {34 vars in 841 bytes} [Mon Mar 2 19:49:55 2026] DELETE /allocations/50165933-8a54-4a5d-84ca-f99f7c03e64e => generated 0 bytes in 24 msecs (HTTP/1.1 204) 5 headers in 198 bytes (1 switches on core 0)
2026-03-02 19:50:04.945 8 INFO placement.requestlog [None req-c305b484-0916-49a2-9634-91cc1ffbce7e - - - - - -] 10.0.0.159 "GET /" status: 200 len: 136 microversion: 1.0
2026-03-02 19:50:04.945 9 INFO placement.requestlog [None req-89ebcad2-87b4-4c9b-a7c4-d36e19b54698 - - - - - -] 10.0.0.159 "GET /" status: 200 len: 136 microversion: 1.0
2026-03-02 19:50:05.332 8 INFO placement.requestlog [req-7b5c61cc-467e-4912-96ef-e61518b7f656 req-a7bb1e80-1b7f-4f80-b900-320b8a9bb9ec 7a441482c1b242009abcbb7cec4a95cd 38b9a45190504dc496b305fb7c846951 - - 5b5b5c73c63a4a5c943cf8976c652467 5b5b5c73c63a4a5c943cf8976c652467] 199.204.45.138 "GET /resource_providers/55d6543b-9331-4870-80b2-1ee8e55be1ed/allocations" status: 200 len: 153 microversion: 1.0 [pid: 8|app: 0|req: 640/1285] 199.204.45.138 () {32 vars in 857 bytes} [Mon Mar 2 19:50:05 2026] GET /resource_providers/55d6543b-9331-4870-80b2-1ee8e55be1ed/allocations => generated 153 bytes in 15 msecs (HTTP/1.1 200) 6 headers in 224 bytes (1 switches on core 0)
2026-03-02 19:50:05.347 9 INFO placement.requestlog [req-7b5c61cc-467e-4912-96ef-e61518b7f656 req-ca4777b0-fe0f-4797-81fa-17af423f3500 7a441482c1b242009abcbb7cec4a95cd 38b9a45190504dc496b305fb7c846951 - - 5b5b5c73c63a4a5c943cf8976c652467 5b5b5c73c63a4a5c943cf8976c652467] 199.204.45.138 "GET /allocations/ce5303d8-bc00-4c68-a40b-1f8b4f43d6cb" status: 200 len: 258 microversion: 1.28 [pid: 9|app: 0|req: 646/1286] 199.204.45.138 () {34 vars in 863 bytes} [Mon Mar 2 19:50:05 2026] GET /allocations/ce5303d8-bc00-4c68-a40b-1f8b4f43d6cb => generated 258 bytes in 11 msecs (HTTP/1.1 200) 8 headers in 296 bytes (1 switches on core 0)
2026-03-02 19:50:06.398 8 INFO placement.requestlog [req-7b5c61cc-467e-4912-96ef-e61518b7f656 req-e1efa6ae-36a7-453b-ade5-b0de8692de66 7a441482c1b242009abcbb7cec4a95cd 38b9a45190504dc496b305fb7c846951 - - 5b5b5c73c63a4a5c943cf8976c652467 5b5b5c73c63a4a5c943cf8976c652467] 199.204.45.138 "DELETE /allocations/ce5303d8-bc00-4c68-a40b-1f8b4f43d6cb" status: 204 len: 0 microversion: 1.0 [pid: 8|app: 0|req: 641/1287] 199.204.45.138 () {34 vars in 841 bytes} [Mon Mar 2 19:50:06 2026] DELETE /allocations/ce5303d8-bc00-4c68-a40b-1f8b4f43d6cb => generated 0 bytes in 25 msecs (HTTP/1.1 204) 5 headers in 198 bytes (1 switches on core 0)
2026-03-02 19:50:14.945 8 INFO placement.requestlog [None req-100d368e-6a6f-4544-a6fb-f6b063319bbc - - - - - -] 10.0.0.159 "GET /" status: 200 len: 136 microversion: 1.0
2026-03-02 19:50:14.945 9 INFO placement.requestlog [None req-14e64cc9-48c1-4d6a-ba36-f33494781d60 - - - - - -] 10.0.0.159 "GET /" status: 200 len: 136 microversion: 1.0
2026-03-02 19:50:18.315 8 INFO placement.requestlog [None req-976c7005-20e6-4cf2-8ae9-f1c40968d625 d3c1c6297903446b8b020c10e25389b4 38b9a45190504dc496b305fb7c846951 - - 5b5b5c73c63a4a5c943cf8976c652467 5b5b5c73c63a4a5c943cf8976c652467] 10.0.0.161 "GET /resource_providers/2e6cdac1-00f2-4b47-8784-56cbdf270264/aggregates" status: 404 len: 235 microversion: 1.1 [pid: 8|app: 0|req: 643/1290] 10.0.0.161 () {32 vars in 816 bytes} [Mon Mar 2 19:50:18 2026] GET /resource_providers/2e6cdac1-00f2-4b47-8784-56cbdf270264/aggregates => generated 235 bytes in 9 msecs (HTTP/1.1 404) 5 headers in 202 bytes (1 switches on core 0)
2026-03-02 19:50:18.321 9 INFO placement.requestlog [None req-e6a158dc-a629-4c78-a9ba-a4771f63de5f d3c1c6297903446b8b020c10e25389b4 38b9a45190504dc496b305fb7c846951 - - 5b5b5c73c63a4a5c943cf8976c652467 5b5b5c73c63a4a5c943cf8976c652467] 10.0.0.161 "GET /resource_providers/2e6cdac1-00f2-4b47-8784-56cbdf270264/aggregates" status: 404 len: 235 microversion: 1.1 [pid: 9|app: 0|req: 648/1291] 10.0.0.161 () {32 vars in 816 bytes} [Mon Mar 2 19:50:18 2026] GET /resource_providers/2e6cdac1-00f2-4b47-8784-56cbdf270264/aggregates => generated 235 bytes in 10 msecs (HTTP/1.1 404) 5 headers in 202 bytes (1 switches on core 0)
2026-03-02 19:50:18.336 8 INFO placement.requestlog [None req-56ff4de7-0fef-47f6-a47a-a250ff528fa0 d3c1c6297903446b8b020c10e25389b4 38b9a45190504dc496b305fb7c846951 - - 5b5b5c73c63a4a5c943cf8976c652467 5b5b5c73c63a4a5c943cf8976c652467] 10.0.0.161 "DELETE /resource_providers/2e6cdac1-00f2-4b47-8784-56cbdf270264" status: 404 len: 246 microversion: 1.1 [pid: 8|app: 0|req: 644/1292] 10.0.0.161 () {34 vars in 816 bytes} [Mon Mar 2 19:50:18 2026] DELETE /resource_providers/2e6cdac1-00f2-4b47-8784-56cbdf270264 => generated 246 bytes in 8 msecs (HTTP/1.1 404) 6 headers in 231 bytes (1 switches on core 0)
2026-03-02 19:50:18.343 9 INFO placement.requestlog [None req-5211e696-fd8b-4c22-a548-de643fe368b1 d3c1c6297903446b8b020c10e25389b4 38b9a45190504dc496b305fb7c846951 - - 5b5b5c73c63a4a5c943cf8976c652467 5b5b5c73c63a4a5c943cf8976c652467] 10.0.0.161 "DELETE /resource_providers/2e6cdac1-00f2-4b47-8784-56cbdf270264" status: 404 len: 246 microversion: 1.1 [pid: 9|app: 0|req: 649/1293] 10.0.0.161 () {34 vars in 816 bytes} [Mon Mar 2 19:50:18 2026] DELETE /resource_providers/2e6cdac1-00f2-4b47-8784-56cbdf270264 => generated 246 bytes in 8 msecs (HTTP/1.1 404) 6 headers in 231 bytes (1 switches on core 0)
2026-03-02 19:50:20.356 8 INFO placement.requestlog [None req-271f29d1-83be-477c-a271-2698138c3eb7 d3c1c6297903446b8b020c10e25389b4 38b9a45190504dc496b305fb7c846951 - - 5b5b5c73c63a4a5c943cf8976c652467 5b5b5c73c63a4a5c943cf8976c652467] 10.0.0.161 "GET /resource_providers/8f6383a0-0f21-4244-9ed7-7a6e55e81e87/aggregates" status: 404 len: 235 microversion: 1.1 [pid: 8|app: 0|req: 645/1294] 10.0.0.161 () {32 vars in 816 bytes} [Mon Mar 2 19:50:20 2026] GET /resource_providers/8f6383a0-0f21-4244-9ed7-7a6e55e81e87/aggregates => generated 235 bytes in 13 msecs (HTTP/1.1 404) 5 headers in 202 bytes (1 switches on core 0)
2026-03-02 19:50:20.362 9 INFO placement.requestlog [None req-09b7ce15-46bb-4ea2-8361-7e93e2851c19 d3c1c6297903446b8b020c10e25389b4 38b9a45190504dc496b305fb7c846951 - - 5b5b5c73c63a4a5c943cf8976c652467 5b5b5c73c63a4a5c943cf8976c652467] 10.0.0.161 "GET /resource_providers/8f6383a0-0f21-4244-9ed7-7a6e55e81e87/aggregates" status: 404 len: 235 microversion: 1.1 [pid: 9|app: 0|req: 650/1295] 10.0.0.161 () {32 vars in 816 bytes} [Mon Mar 2 19:50:20 2026] GET /resource_providers/8f6383a0-0f21-4244-9ed7-7a6e55e81e87/aggregates => generated 235 bytes in 8 msecs (HTTP/1.1 404) 5 headers in 202 bytes (1 switches on core 0)
2026-03-02 19:50:20.375 8 INFO placement.requestlog [None req-51303fad-2d5a-4182-b8a4-c20b6eadbcfe d3c1c6297903446b8b020c10e25389b4 38b9a45190504dc496b305fb7c846951 - - 5b5b5c73c63a4a5c943cf8976c652467 5b5b5c73c63a4a5c943cf8976c652467] 10.0.0.161 "DELETE /resource_providers/8f6383a0-0f21-4244-9ed7-7a6e55e81e87" status: 404 len: 246 microversion: 1.1 [pid: 8|app: 0|req: 646/1296] 10.0.0.161 () {34 vars in 816 bytes} [Mon Mar 2 19:50:20 2026] DELETE /resource_providers/8f6383a0-0f21-4244-9ed7-7a6e55e81e87 => generated 246 bytes in 9 msecs (HTTP/1.1 404) 6 headers in 231 bytes (1 switches on core 0)
2026-03-02 19:50:20.376 9 INFO placement.requestlog [None req-dbaccccf-cfb1-47ef-8247-aad93797930d d3c1c6297903446b8b020c10e25389b4 38b9a45190504dc496b305fb7c846951 - - 5b5b5c73c63a4a5c943cf8976c652467 5b5b5c73c63a4a5c943cf8976c652467] 10.0.0.161 "DELETE /resource_providers/8f6383a0-0f21-4244-9ed7-7a6e55e81e87" status: 404 len: 246 microversion: 1.1 [pid: 9|app: 0|req: 651/1297] 10.0.0.161 () {34 vars in 816 bytes} [Mon Mar 2 19:50:20 2026] DELETE /resource_providers/8f6383a0-0f21-4244-9ed7-7a6e55e81e87 => generated 246 bytes in 6 msecs (HTTP/1.1 404) 6 headers in 231 bytes (1 switches on core 0)
2026-03-02 19:50:20.394 8 INFO placement.requestlog [None req-3b94e10c-8c65-4e38-8fb2-9d846691b26f d3c1c6297903446b8b020c10e25389b4 38b9a45190504dc496b305fb7c846951 - - 5b5b5c73c63a4a5c943cf8976c652467 5b5b5c73c63a4a5c943cf8976c652467] 10.0.0.161 "GET /resource_providers/5cec9435-9729-4f1e-8710-2e324eff7a74/aggregates" status: 404 len: 235 microversion: 1.1 [pid: 8|app: 0|req: 647/1298] 10.0.0.161 () {32 vars in 816 bytes} [Mon Mar 2 19:50:20 2026] GET /resource_providers/5cec9435-9729-4f1e-8710-2e324eff7a74/aggregates => generated 235 bytes in 8 msecs (HTTP/1.1 404) 5 headers in 202 bytes (1 switches on core 0)
2026-03-02 19:50:20.394 9 INFO placement.requestlog [None req-2c7f58c1-fab4-41ab-aa81-ac7f322deda2 d3c1c6297903446b8b020c10e25389b4 38b9a45190504dc496b305fb7c846951 - - 5b5b5c73c63a4a5c943cf8976c652467 5b5b5c73c63a4a5c943cf8976c652467] 10.0.0.161 "GET /resource_providers/5cec9435-9729-4f1e-8710-2e324eff7a74/aggregates" status: 404 len: 235 microversion: 1.1 [pid: 9|app: 0|req: 652/1299] 10.0.0.161 () {32 vars in 816 bytes} [Mon Mar 2 19:50:20 2026] GET /resource_providers/5cec9435-9729-4f1e-8710-2e324eff7a74/aggregates => generated 235 bytes in 7 msecs (HTTP/1.1 404) 5 headers in 202 bytes (1 switches on core 0)
2026-03-02 19:50:20.411 9 INFO placement.requestlog [None req-a38c4b52-2989-4d16-8b65-51a95a195386 d3c1c6297903446b8b020c10e25389b4 38b9a45190504dc496b305fb7c846951 - - 5b5b5c73c63a4a5c943cf8976c652467 5b5b5c73c63a4a5c943cf8976c652467] 10.0.0.161 "DELETE /resource_providers/5cec9435-9729-4f1e-8710-2e324eff7a74" status: 404 len: 246 microversion: 1.1 [pid: 9|app: 0|req: 653/1300] 10.0.0.161 () {34 vars in 816 bytes} [Mon Mar 2 19:50:20 2026] DELETE /resource_providers/5cec9435-9729-4f1e-8710-2e324eff7a74 => generated 246 bytes in 6 msecs (HTTP/1.1 404) 6 headers in 231 bytes (1 switches on core 0)
2026-03-02 19:50:20.411 8 INFO placement.requestlog [None req-edc60a0c-3d82-411b-ae0f-e3b690aa079a d3c1c6297903446b8b020c10e25389b4 38b9a45190504dc496b305fb7c846951 - - 5b5b5c73c63a4a5c943cf8976c652467 5b5b5c73c63a4a5c943cf8976c652467] 10.0.0.161 "DELETE /resource_providers/5cec9435-9729-4f1e-8710-2e324eff7a74" status: 404 len: 246 microversion: 1.1 [pid: 8|app: 0|req: 648/1301] 10.0.0.161 () {34 vars in 816 bytes} [Mon Mar 2 19:50:20 2026] DELETE /resource_providers/5cec9435-9729-4f1e-8710-2e324eff7a74 => generated 246 bytes in 8 msecs (HTTP/1.1 404) 6 headers in 231 bytes (1 switches on core 0)
2026-03-02 19:50:24.945 8 INFO placement.requestlog [None req-f92c9634-9916-4eb6-ad7b-54379e126de3 - - - - - -] 10.0.0.159 "GET /" status: 200 len: 136 microversion: 1.0
2026-03-02 19:50:24.945 9 INFO placement.requestlog [None req-b03edcda-6322-4011-88cc-20b22abc5f1d - - - - - -] 10.0.0.159 "GET /" status: 200 len: 136 microversion: 1.0
2026-03-02 19:50:31.093 9 INFO placement.requestlog [req-a23902fa-3159-47a8-afdb-55909cc89bff req-2e0e1742-ba1d-46e3-a5e5-02fdaaaff9dc 7a441482c1b242009abcbb7cec4a95cd 38b9a45190504dc496b305fb7c846951 - - 5b5b5c73c63a4a5c943cf8976c652467 5b5b5c73c63a4a5c943cf8976c652467] 199.204.45.138 "GET /resource_providers/55d6543b-9331-4870-80b2-1ee8e55be1ed/allocations" status: 200 len: 55 microversion: 1.0 [pid: 9|app: 0|req: 655/1304] 199.204.45.138 () {32 vars in 857 bytes} [Mon Mar 2 19:50:31 2026] GET /resource_providers/55d6543b-9331-4870-80b2-1ee8e55be1ed/allocations => generated 55 bytes in 14 msecs (HTTP/1.1 200) 6 headers in 223 bytes (1 switches on core 0)
2026-03-02 19:50:31.134 8 INFO placement.requestlog [req-a23902fa-3159-47a8-afdb-55909cc89bff req-120c491d-15b9-4f90-b4c6-65e97a3e99f8 7a441482c1b242009abcbb7cec4a95cd 38b9a45190504dc496b305fb7c846951 - - 5b5b5c73c63a4a5c943cf8976c652467 5b5b5c73c63a4a5c943cf8976c652467] 199.204.45.138 "GET /resource_providers/55d6543b-9331-4870-80b2-1ee8e55be1ed/allocations" status: 200 len: 55 microversion: 1.0 [pid: 8|app: 0|req: 650/1305] 199.204.45.138 () {32 vars in 857 bytes} [Mon Mar 2 19:50:31 2026] GET /resource_providers/55d6543b-9331-4870-80b2-1ee8e55be1ed/allocations => generated 55 bytes in 31 msecs (HTTP/1.1 200) 6 headers in 223 bytes (1 switches on core 0)
2026-03-02 19:50:34.945 9 INFO placement.requestlog [None req-93866298-24df-4419-82d1-aecde76b6e91 - - - - - -] 10.0.0.159 "GET /" status: 200 len: 136 microversion: 1.0
2026-03-02 19:50:34.945 8 INFO placement.requestlog [None req-2bd6df22-ecbb-4bba-ad4d-c1e0c50ae99c - - - - - -] 10.0.0.159 "GET /" status: 200 len: 136 microversion: 1.0
2026-03-02 19:50:35.776 8 INFO placement.requestlog [None req-db69204f-5bca-4d07-8b2a-d5337b16323d 2c969bbcea424f4f98dc0d92e0996b69 1a37696a51444277b3d3f568f00e3f2f - - default default] 10.0.0.181 "GET /resource_providers" status: 200 len: 406 microversion: 1.0 [pid: 8|app: 0|req: 652/1308] 10.0.0.181 () {28 vars in 593 bytes} [Mon Mar 2 19:50:35 2026] GET /resource_providers => generated 406 bytes in 151 msecs (HTTP/1.1 200) 6 headers in 224 bytes (1 switches on core 0)
2026-03-02 19:50:35.795 9 INFO placement.requestlog [None req-12f4e581-0274-423f-8cb7-8959199b3204 2c969bbcea424f4f98dc0d92e0996b69 1a37696a51444277b3d3f568f00e3f2f - - default default] 10.0.0.181 "GET /resource_providers/55d6543b-9331-4870-80b2-1ee8e55be1ed/inventories" status: 200 len: 401 microversion: 1.0 [pid: 9|app: 0|req: 657/1309] 10.0.0.181 () {28 vars in 691 bytes} [Mon Mar 2 19:50:35 2026] GET /resource_providers/55d6543b-9331-4870-80b2-1ee8e55be1ed/inventories => generated 401 bytes in 16 msecs (HTTP/1.1 200) 6 headers in 224 bytes (1 switches on core 0)
2026-03-02 19:50:35.819 8 INFO placement.requestlog [None req-06478d58-1976-477a-ba86-86dd2b3657b7 2c969bbcea424f4f98dc0d92e0996b69 1a37696a51444277b3d3f568f00e3f2f - - default default] 10.0.0.181 "GET /resource_providers/55d6543b-9331-4870-80b2-1ee8e55be1ed/usages" status: 200 len: 89 microversion: 1.0 [pid: 8|app: 0|req: 653/1310] 10.0.0.181 () {28 vars in 681 bytes} [Mon Mar 2 19:50:35 2026] GET /resource_providers/55d6543b-9331-4870-80b2-1ee8e55be1ed/usages => generated 89 bytes in 19 msecs (HTTP/1.1 200) 6 headers in 223 bytes (1 switches on core 0)
2026-03-02 19:50:44.944 9 INFO placement.requestlog [None req-4eee465e-325e-4e15-bf02-3d0c7d55c50d - - - - - -] 10.0.0.159 "GET /" status: 200 len: 136 microversion: 1.0
2026-03-02 19:50:44.944 8 INFO placement.requestlog [None req-f3991f9d-cddf-47bb-b8dc-a769ab44184e - - - - - -] 10.0.0.159 "GET /" status: 200 len: 136 microversion: 1.0
2026-03-02 19:50:54.670 9 INFO placement.requestlog [None req-fdb59f5d-c675-4b37-af0a-664e06e94141 d3c1c6297903446b8b020c10e25389b4 38b9a45190504dc496b305fb7c846951 - - 5b5b5c73c63a4a5c943cf8976c652467 5b5b5c73c63a4a5c943cf8976c652467] 10.0.0.161 "GET /resource_providers/31f5c86d-3e4e-490f-a02c-cb96a2ba3738/aggregates" status: 404 len: 235 microversion: 1.1
2026-03-02 19:50:54.670 8 INFO placement.requestlog [None req-ca31f00d-7a75-498a-8882-524da6c68b5d d3c1c6297903446b8b020c10e25389b4 38b9a45190504dc496b305fb7c846951 - - 5b5b5c73c63a4a5c943cf8976c652467 5b5b5c73c63a4a5c943cf8976c652467] 10.0.0.161 "GET /resource_providers/31f5c86d-3e4e-490f-a02c-cb96a2ba3738/aggregates" status: 404 len: 235 microversion: 1.1 [pid: 9|app: 0|req: 659/1313] 10.0.0.161 () {32 vars in 816 bytes} [Mon Mar 2 19:50:54 2026] GET /resource_providers/31f5c86d-3e4e-490f-a02c-cb96a2ba3738/aggregates => generated 235 bytes in 21 msecs (HTTP/1.1 404) 5 headers in 202 bytes (1 switches on core 0) [pid: 8|app: 0|req: 655/1314] 10.0.0.161 () {32 vars in 816 bytes} [Mon Mar 2 19:50:54 2026] GET /resource_providers/31f5c86d-3e4e-490f-a02c-cb96a2ba3738/aggregates => generated 235 bytes in 21 msecs (HTTP/1.1 404) 5 headers in 202 bytes (1 switches on core 0)
2026-03-02 19:50:54.689 9 INFO placement.requestlog [None req-8b94ebdf-72c5-4257-b82e-7baf9c098f45 d3c1c6297903446b8b020c10e25389b4 38b9a45190504dc496b305fb7c846951 - - 5b5b5c73c63a4a5c943cf8976c652467 5b5b5c73c63a4a5c943cf8976c652467] 10.0.0.161 "DELETE /resource_providers/31f5c86d-3e4e-490f-a02c-cb96a2ba3738" status: 404 len: 246 microversion: 1.1 [pid: 9|app: 0|req: 660/1315] 10.0.0.161 () {34 vars in 816 bytes} [Mon Mar 2 19:50:54 2026] DELETE /resource_providers/31f5c86d-3e4e-490f-a02c-cb96a2ba3738 => generated 246 bytes in 9 msecs (HTTP/1.1 404) 6 headers in 231 bytes (1 switches on core 0)
2026-03-02 19:50:54.695 8 INFO placement.requestlog [None req-89f28e17-cd73-450c-9465-6156d205ae1e d3c1c6297903446b8b020c10e25389b4 38b9a45190504dc496b305fb7c846951 - - 5b5b5c73c63a4a5c943cf8976c652467 5b5b5c73c63a4a5c943cf8976c652467] 10.0.0.161 "DELETE /resource_providers/31f5c86d-3e4e-490f-a02c-cb96a2ba3738" status: 404 len: 246 microversion: 1.1 [pid: 8|app: 0|req: 656/1316] 10.0.0.161 () {34 vars in 816 bytes} [Mon Mar 2 19:50:54 2026] DELETE /resource_providers/31f5c86d-3e4e-490f-a02c-cb96a2ba3738 => generated 246 bytes in 12 msecs (HTTP/1.1 404) 6 headers in 231 bytes (1 switches on core 0)
2026-03-02 19:50:54.945 8 INFO placement.requestlog [None req-946e493f-ae5b-424b-bbf9-405c1b084289 - - - - - -] 10.0.0.159 "GET /" status: 200 len: 136 microversion: 1.0
2026-03-02 19:50:54.946 9 INFO placement.requestlog [None req-c8fcc705-6134-4936-ad09-e834f664f4dd - - - - - -] 10.0.0.159 "GET /" status: 200 len: 136 microversion: 1.0
2026-03-02 19:51:04.944 8 INFO placement.requestlog [None req-55d03235-d118-413a-920b-0b8de66a4e00 - - - - - -] 10.0.0.159 "GET /" status: 200 len: 136 microversion: 1.0
2026-03-02 19:51:04.944 9 INFO placement.requestlog [None req-6d65ca04-e57d-426b-8ce1-d05411eea31a - - - - - -] 10.0.0.159 "GET /" status: 200 len: 136 microversion: 1.0
2026-03-02 19:51:14.945 9 INFO placement.requestlog [None req-35ffbfc2-9835-4fa8-adb5-1e1a14b060c3 - - - - - -] 10.0.0.159 "GET /" status: 200 len: 136 microversion: 1.0
2026-03-02 19:51:14.945 8 INFO placement.requestlog [None req-9b97db41-f462-4a87-bcb7-32d10d0c9b32 - - - - - -] 10.0.0.159 "GET /" status: 200 len: 136 microversion: 1.0
2026-03-02 19:51:24.944 9 INFO placement.requestlog [None req-68ce3b08-aa4c-42c9-b075-7a45bd4e6fa9 - - - - - -] 10.0.0.159 "GET /" status: 200 len: 136 microversion: 1.0
2026-03-02 19:51:24.945 8 INFO placement.requestlog [None req-c41fe76f-19fa-41cd-9cea-8cd6e53c2855 - - - - - -] 10.0.0.159 "GET /" status: 200 len: 136 microversion: 1.0
2026-03-02 19:51:33.618 9 INFO placement.requestlog [req-f7304e04-7649-4b76-96e0-607a96b077b8 req-b8a4a051-072d-4477-85b9-5e4232cca404 7a441482c1b242009abcbb7cec4a95cd 38b9a45190504dc496b305fb7c846951 - - 5b5b5c73c63a4a5c943cf8976c652467 5b5b5c73c63a4a5c943cf8976c652467] 199.204.45.138 "GET /resource_providers/55d6543b-9331-4870-80b2-1ee8e55be1ed/allocations" status: 200 len: 55 microversion: 1.0 [pid: 9|app: 0|req: 665/1325] 199.204.45.138 () {32 vars in 857 bytes} [Mon Mar 2 19:51:33 2026] GET /resource_providers/55d6543b-9331-4870-80b2-1ee8e55be1ed/allocations => generated 55 bytes in 21 msecs (HTTP/1.1 200) 6 headers in 223 bytes (1 switches on core 0)
2026-03-02 19:51:33.637 8 INFO placement.requestlog [req-f7304e04-7649-4b76-96e0-607a96b077b8 req-1af95783-16bf-4dd7-8ebd-e84ce326cee5 7a441482c1b242009abcbb7cec4a95cd 38b9a45190504dc496b305fb7c846951 - - 5b5b5c73c63a4a5c943cf8976c652467 5b5b5c73c63a4a5c943cf8976c652467] 199.204.45.138 "GET /resource_providers/55d6543b-9331-4870-80b2-1ee8e55be1ed/allocations" status: 200 len: 55 microversion: 1.0 [pid: 8|app: 0|req: 661/1326] 199.204.45.138 () {32 vars in 857 bytes} [Mon Mar 2 19:51:33 2026] GET /resource_providers/55d6543b-9331-4870-80b2-1ee8e55be1ed/allocations => generated 55 bytes in 13 msecs (HTTP/1.1 200) 6 headers in 223 bytes (1 switches on core 0)
2026-03-02 19:51:34.945 8 INFO placement.requestlog [None req-0583470c-3d49-4eaf-a47d-8f12c086ed1d - - - - - -] 10.0.0.159 "GET /" status: 200 len: 136 microversion: 1.0
2026-03-02 19:51:34.945 9 INFO placement.requestlog [None req-e9fc799a-b2da-4900-8346-9d92445d3779 - - - - - -] 10.0.0.159 "GET /" status: 200 len: 136 microversion: 1.0
2026-03-02 19:51:35.553 8 INFO placement.requestlog [None req-7ebacb43-ac59-4a22-b5bd-c154dd77804d 2c969bbcea424f4f98dc0d92e0996b69 1a37696a51444277b3d3f568f00e3f2f - - default default] 10.0.0.181 "GET /resource_providers" status: 200 len: 406 microversion: 1.0 [pid: 8|app: 0|req: 663/1329] 10.0.0.181 () {28 vars in 593 bytes} [Mon Mar 2 19:51:35 2026] GET /resource_providers => generated 406 bytes in 258 msecs (HTTP/1.1 200) 6 headers in 224 bytes (1 switches on core 0)
2026-03-02 19:51:35.572 9 INFO placement.requestlog [None req-417e1f33-b8d5-4947-9ee2-cc22baa90fea 2c969bbcea424f4f98dc0d92e0996b69 1a37696a51444277b3d3f568f00e3f2f - - default default] 10.0.0.181 "GET /resource_providers/55d6543b-9331-4870-80b2-1ee8e55be1ed/inventories" status: 200 len: 401 microversion: 1.0 [pid: 9|app: 0|req: 667/1330] 10.0.0.181 () {28 vars in 691 bytes} [Mon Mar 2 19:51:35 2026] GET /resource_providers/55d6543b-9331-4870-80b2-1ee8e55be1ed/inventories => generated 401 bytes in 15 msecs (HTTP/1.1 200) 6 headers in 224 bytes (1 switches on core 0)
2026-03-02 19:51:35.596 8 INFO placement.requestlog [None req-6f66a324-4fb2-4943-8f7f-57f90b98ba64 2c969bbcea424f4f98dc0d92e0996b69 1a37696a51444277b3d3f568f00e3f2f - - default default] 10.0.0.181 "GET /resource_providers/55d6543b-9331-4870-80b2-1ee8e55be1ed/usages" status: 200 len: 89 microversion: 1.0 [pid: 8|app: 0|req: 664/1331] 10.0.0.181 () {28 vars in 681 bytes} [Mon Mar 2 19:51:35 2026] GET /resource_providers/55d6543b-9331-4870-80b2-1ee8e55be1ed/usages => generated 89 bytes in 20 msecs (HTTP/1.1 200) 6 headers in 223 bytes (1 switches on core 0)
2026-03-02 19:51:44.944 8 INFO placement.requestlog [None req-5f246de2-7098-46ab-85b4-3e7c578b3399 - - - - - -] 10.0.0.159 "GET /" status: 200 len: 136 microversion: 1.0
2026-03-02 19:51:44.944 9 INFO placement.requestlog [None req-9ca7792a-5aad-42ad-a1c2-96d0f226c81b - - - - - -] 10.0.0.159 "GET /" status: 200 len: 136 microversion: 1.0
2026-03-02 19:51:54.944 9 INFO placement.requestlog [None req-524f3a6f-4957-4d57-966d-556f7dc79379 - - - - - -] 10.0.0.159 "GET /" status: 200 len: 136 microversion: 1.0
2026-03-02 19:51:54.944 8 INFO placement.requestlog [None req-8575a9f7-6701-42ce-b223-51f590fe0abc - - - - - -] 10.0.0.159 "GET /" status: 200 len: 136 microversion: 1.0
2026-03-02 19:52:04.944 8 INFO placement.requestlog [None req-4124231b-f91a-465c-a5ba-8e24e72857aa - - - - - -] 10.0.0.159 "GET /" status: 200 len: 136 microversion: 1.0
2026-03-02 19:52:04.944 9 INFO placement.requestlog [None req-abbf4c0c-40a3-40eb-8bc9-77d2f48360dd - - - - - -] 10.0.0.159 "GET /" status: 200 len: 136 microversion: 1.0
2026-03-02 19:52:14.944 9 INFO placement.requestlog [None req-a7f80180-6c5b-4ad2-a62c-c0e7342fc94b - - - - - -] 10.0.0.159 "GET /" status: 200 len: 136 microversion: 1.0
