2026-03-02 19:44:17.767 7 WARNING neutron.api.rpc.agentnotifiers.dhcp_rpc_agent_api [None req-7ad9a014-393d-4a84-acdb-89ef97ff7b6c 5fdc32ee13de4ea8aa44b1d34aaeab7b 2c8356ca96c44e0b9e8c0e6a9232b42c - - default default] Unable to schedule network 6b986ac3-a0ca-4d01-989c-e8608f9812c1: no agents available; will retry on subsequent port and subnet creation events. [pid: 8|app: 0|req: 898/1737] 10.0.0.58 () {32 vars in 716 bytes} [Mon Mar 2 19:44:17 2026] GET /v2.0/ports/2ef7b455-547b-4444-8b32-f03d08e1a35b => generated 778 bytes in 50 msecs (HTTP/1.1 200) 4 headers in 157 bytes (1 switches on core 0)
2026-03-02 19:44:17.849 8 INFO neutron.pecan_wsgi.hooks.translation [None req-6857e849-cecb-4a9e-84c5-21c74b21328c 36e68812ef9b4297a41fe433d2e77380 f1d0e6f107ba4f6e88bd2299c98fe358 - - default default] DELETE failed (client error): The resource could not be found. [pid: 8|app: 0|req: 899/1738] 10.0.0.58 () {32 vars in 719 bytes} [Mon Mar 2 19:44:17 2026] DELETE /v2.0/ports/030911ef-7799-49d0-9c05-d53bf553db13 => generated 132 bytes in 31 msecs (HTTP/1.1 404) 4 headers in 164 bytes (1 switches on core 0)
2026-03-02 19:44:17.864 7 INFO neutron.db.ovn_revision_numbers_db [None req-7ad9a014-393d-4a84-acdb-89ef97ff7b6c 5fdc32ee13de4ea8aa44b1d34aaeab7b 2c8356ca96c44e0b9e8c0e6a9232b42c - - default default] Successfully bumped revision number for resource 6a972ee1-188d-4a2b-9fee-ce867a651bc1 (type: ports) to 1
2026-03-02 19:44:17.875 8 INFO neutron.pecan_wsgi.hooks.translation [None req-37fecb80-aec2-45a7-ac1e-70fc444b6184 36e68812ef9b4297a41fe433d2e77380 f1d0e6f107ba4f6e88bd2299c98fe358 - - default default] DELETE failed (client error): The resource could not be found. [pid: 8|app: 0|req: 900/1739] 10.0.0.58 () {32 vars in 723 bytes} [Mon Mar 2 19:44:17 2026] DELETE /v2.0/subnets/a1900a26-af90-439b-80e8-5fc476589110 => generated 136 bytes in 21 msecs (HTTP/1.1 404) 4 headers in 164 bytes (1 switches on core 0) [pid: 8|app: 0|req: 901/1740] 10.0.0.191 () {34 vars in 990 bytes} [Mon Mar 2 19:44:17 2026] GET /v2.0/ports?device_id=f553bc7f-2d87-44c0-be79-9216aa34082c => generated 12 bytes in 14 msecs (HTTP/1.1 200) 4 headers in 156 bytes (1 switches on core 0)
2026-03-02 19:44:17.916 8 INFO neutron.pecan_wsgi.hooks.translation [None req-efc9c372-3458-4c7f-9d35-7b70d64241fd 36e68812ef9b4297a41fe433d2e77380 f1d0e6f107ba4f6e88bd2299c98fe358 - - default default] DELETE failed (client error): The resource could not be found. [pid: 8|app: 0|req: 902/1741] 10.0.0.58 () {32 vars in 723 bytes} [Mon Mar 2 19:44:17 2026] DELETE /v2.0/subnets/dc33da81-daf0-4673-ac15-b25f22849102 => generated 136 bytes in 28 msecs (HTTP/1.1 404) 4 headers in 164 bytes (1 switches on core 0)
2026-03-02 19:44:17.950 7 INFO neutron.db.ovn_revision_numbers_db [None req-7ad9a014-393d-4a84-acdb-89ef97ff7b6c 5fdc32ee13de4ea8aa44b1d34aaeab7b 2c8356ca96c44e0b9e8c0e6a9232b42c - - default default] Successfully bumped revision number for resource 97dd4fa7-04e2-4da5-9d9e-0172b3110db6 (type: networks) to 1
2026-03-02 19:44:18.043 8 INFO neutron_taas.services.taas.taas_plugin [None req-9f369393-08a2-4da5-994f-e55b12cee058 36e68812ef9b4297a41fe433d2e77380 f1d0e6f107ba4f6e88bd2299c98fe358 - - default default] TaaS: Handle Delete Port: 2ef7b455-547b-4444-8b32-f03d08e1a35b
2026-03-02 19:44:18.046 8 INFO neutron_taas.services.taas.tap_mirror_plugin [None req-9f369393-08a2-4da5-994f-e55b12cee058 36e68812ef9b4297a41fe433d2e77380 f1d0e6f107ba4f6e88bd2299c98fe358 - - default default] Tap Mirror: Handle Delete Port: 2ef7b455-547b-4444-8b32-f03d08e1a35b
2026-03-02 19:44:18.104 7 WARNING neutron.scheduler.dhcp_agent_scheduler [None req-7ad9a014-393d-4a84-acdb-89ef97ff7b6c 5fdc32ee13de4ea8aa44b1d34aaeab7b 2c8356ca96c44e0b9e8c0e6a9232b42c - - default default] No more DHCP agents
2026-03-02 19:44:18.106 7 WARNING neutron.api.rpc.agentnotifiers.dhcp_rpc_agent_api [None req-7ad9a014-393d-4a84-acdb-89ef97ff7b6c 5fdc32ee13de4ea8aa44b1d34aaeab7b 2c8356ca96c44e0b9e8c0e6a9232b42c - - default default] Unable to schedule network 97dd4fa7-04e2-4da5-9d9e-0172b3110db6: no agents available; will retry on subsequent port and subnet creation events. [pid: 8|app: 0|req: 903/1742] 10.0.0.58 () {32 vars in 719 bytes} [Mon Mar 2 19:44:17 2026] DELETE /v2.0/ports/2ef7b455-547b-4444-8b32-f03d08e1a35b => generated 0 bytes in 254 msecs (HTTP/1.1 204) 3 headers in 131 bytes (1 switches on core 0)
2026-03-02 19:44:18.260 7 INFO neutron.db.ovn_revision_numbers_db [None req-7ad9a014-393d-4a84-acdb-89ef97ff7b6c 5fdc32ee13de4ea8aa44b1d34aaeab7b 2c8356ca96c44e0b9e8c0e6a9232b42c - - default default] Successfully bumped revision number for resource ff9cf9cd-1a3b-4037-83c0-1f48a967ddd3 (type: ports) to 1 [pid: 7|app: 0|req: 840/1743] 10.0.0.58 () {34 vars in 669 bytes} [Mon Mar 2 19:44:16 2026] POST /v2.0/networks => generated 1284 bytes in 1436 msecs (HTTP/1.1 201) 4 headers in 163 bytes (1 switches on core 0)
2026-03-02 19:44:18.343 8 INFO neutron_taas.services.taas.taas_plugin [None req-eaa18137-4cd1-482d-8606-5af0fe57b217 36e68812ef9b4297a41fe433d2e77380 f1d0e6f107ba4f6e88bd2299c98fe358 - - default default] TaaS: Handle Delete Port: 6fe7f3e0-b881-40bb-a503-9f47b0f078c8 [pid: 7|app: 0|req: 841/1744] 10.0.0.58 () {32 vars in 648 bytes} [Mon Mar 2 19:44:18 2026] GET /v2.0/networks => generated 1971 bytes in 56 msecs (HTTP/1.1 200) 4 headers in 158 bytes (1 switches on core 0)
2026-03-02 19:44:18.346 8 INFO neutron_taas.services.taas.tap_mirror_plugin [None req-eaa18137-4cd1-482d-8606-5af0fe57b217 36e68812ef9b4297a41fe433d2e77380 f1d0e6f107ba4f6e88bd2299c98fe358 - - default default] Tap Mirror: Handle Delete Port: 6fe7f3e0-b881-40bb-a503-9f47b0f078c8
2026-03-02 19:44:18.496 7 INFO neutron_taas.services.taas.taas_plugin [None req-173dcdea-51fb-44c6-8475-0aff8e64b4b1 5fdc32ee13de4ea8aa44b1d34aaeab7b 2c8356ca96c44e0b9e8c0e6a9232b42c - - default default] TaaS: Handle Delete Port: 6a972ee1-188d-4a2b-9fee-ce867a651bc1
2026-03-02 19:44:18.499 7 INFO neutron_taas.services.taas.tap_mirror_plugin [None req-173dcdea-51fb-44c6-8475-0aff8e64b4b1 5fdc32ee13de4ea8aa44b1d34aaeab7b 2c8356ca96c44e0b9e8c0e6a9232b42c - - default default] Tap Mirror: Handle Delete Port: 6a972ee1-188d-4a2b-9fee-ce867a651bc1
2026-03-02 19:44:18.538 8 INFO neutron.services.segments.plugin [-] Segment 19b307d0-56c1-4f9b-9a9a-1c8cdca2ad9b resource provider aggregate not found
2026-03-02 19:44:18.539 8 INFO neutron.services.segments.plugin [-] Segment 19b307d0-56c1-4f9b-9a9a-1c8cdca2ad9b resource provider aggregate not found
2026-03-02 19:44:18.558 8 INFO neutron.services.segments.plugin [-] Segment 19b307d0-56c1-4f9b-9a9a-1c8cdca2ad9b resource provider not found; error: Placement Client Error (4xx): {"errors": [{"status": 404, "title": "Not Found", "detail": "The resource could not be found.\n\n No resource provider with uuid 19b307d0-56c1-4f9b-9a9a-1c8cdca2ad9b found for delete ", "request_id": "req-d12dcc9d-7219-4989-962d-fceb1b1e4842"}]}
2026-03-02 19:44:18.558 8 INFO neutron.services.segments.plugin [-] Segment 19b307d0-56c1-4f9b-9a9a-1c8cdca2ad9b resource provider not found; error: Placement Client Error (4xx): {"errors": [{"status": 404, "title": "Not Found", "detail": "The resource could not be found.\n\n No resource provider with uuid 19b307d0-56c1-4f9b-9a9a-1c8cdca2ad9b found for delete ", "request_id": "req-281a72df-693a-4672-a31e-1bd30785e525"}]} [pid: 8|app: 0|req: 904/1745] 10.0.0.58 () {32 vars in 725 bytes} [Mon Mar 2 19:44:18 2026] DELETE /v2.0/networks/4ce66a33-ac05-4460-85ea-d62a6fdc8e06 => generated 0 bytes in 412 msecs (HTTP/1.1 204) 3 headers in 131 bytes (1 switches on core 0)
2026-03-02 19:44:18.725 7 INFO neutron.services.segments.plugin [-] Segment ec8a21d7-f10f-442e-aae1-d7cbfa810bf0 resource provider aggregate not found
2026-03-02 19:44:18.730 7 INFO neutron.services.segments.plugin [-] Segment ec8a21d7-f10f-442e-aae1-d7cbfa810bf0 resource provider aggregate not found
2026-03-02 19:44:18.741 7 INFO neutron.services.segments.plugin [-] Segment ec8a21d7-f10f-442e-aae1-d7cbfa810bf0 resource provider not found; error: Placement Client Error (4xx): {"errors": [{"status": 404, "title": "Not Found", "detail": "The resource could not be found.\n\n No resource provider with uuid ec8a21d7-f10f-442e-aae1-d7cbfa810bf0 found for delete ", "request_id": "req-0fd95950-c02a-48ba-ac09-3763e5d05dc3"}]}
2026-03-02 19:44:18.748 7 INFO neutron.services.segments.plugin [-] Segment ec8a21d7-f10f-442e-aae1-d7cbfa810bf0 resource provider not found; error: Placement Client Error (4xx): {"errors": [{"status": 404, "title": "Not Found", "detail": "The resource could not be found.\n\n No resource provider with uuid ec8a21d7-f10f-442e-aae1-d7cbfa810bf0 found for delete ", "request_id": "req-4b90b7e4-357b-48d7-9fd6-99b91788c5a2"}]} [pid: 7|app: 0|req: 842/1746] 10.0.0.58 () {32 vars in 725 bytes} [Mon Mar 2 19:44:18 2026] DELETE /v2.0/networks/6b986ac3-a0ca-4d01-989c-e8608f9812c1 => generated 0 bytes in 432 msecs (HTTP/1.1 204) 3 headers in 131 bytes (1 switches on core 0)
2026-03-02 19:44:18.890 8 INFO neutron_taas.services.taas.taas_plugin [None req-e3ab837d-0185-4cb8-a55e-1bc830502b30 5fdc32ee13de4ea8aa44b1d34aaeab7b 2c8356ca96c44e0b9e8c0e6a9232b42c - - default default] TaaS: Handle Delete Port: ff9cf9cd-1a3b-4037-83c0-1f48a967ddd3
2026-03-02 19:44:18.893 8 INFO neutron_taas.services.taas.tap_mirror_plugin [None req-e3ab837d-0185-4cb8-a55e-1bc830502b30 5fdc32ee13de4ea8aa44b1d34aaeab7b 2c8356ca96c44e0b9e8c0e6a9232b42c - - default default] Tap Mirror: Handle Delete Port: ff9cf9cd-1a3b-4037-83c0-1f48a967ddd3 [pid: 7|app: 0|req: 843/1747] 10.0.0.191 () {34 vars in 990 bytes} [Mon Mar 2 19:44:18 2026] GET /v2.0/ports?device_id=f553bc7f-2d87-44c0-be79-9216aa34082c => generated 12 bytes in 28 msecs (HTTP/1.1 200) 4 headers in 156 bytes (1 switches on core 0) [pid: 8|app: 0|req: 905/1748] 10.0.0.58 () {32 vars in 725 bytes} [Mon Mar 2 19:44:18 2026] DELETE /v2.0/networks/97dd4fa7-04e2-4da5-9d9e-0172b3110db6 => generated 0 bytes in 350 msecs (HTTP/1.1 204) 3 headers in 131 bytes (1 switches on core 0) [pid: 7|app: 0|req: 844/1749] 10.0.0.58 () {32 vars in 773 bytes} [Mon Mar 2 19:44:19 2026] GET /v2.0/security-groups?tenant_id=f1d0e6f107ba4f6e88bd2299c98fe358&name=default => generated 2925 bytes in 112 msecs (HTTP/1.1 200) 4 headers in 158 bytes (1 switches on core 0) [pid: 8|app: 0|req: 906/1750] 10.0.0.58 () {32 vars in 648 bytes} [Mon Mar 2 19:44:19 2026] GET /v2.0/networks => generated 689 bytes in 58 msecs (HTTP/1.1 200) 4 headers in 157 bytes (1 switches on core 0)
2026-03-02 19:44:19.290 8 INFO neutron.db.segments_db [None req-4c9cf418-de42-422b-bf0b-e5348353b244 5fdc32ee13de4ea8aa44b1d34aaeab7b 2c8356ca96c44e0b9e8c0e6a9232b42c - - default default] Added segment 431fd59b-e808-46e5-bfd9-134a4140eed1 of type geneve for network a3afbf89-1e4a-40ff-b56d-2074bc074d3c
2026-03-02 19:44:19.435 8 INFO neutron.db.ovn_revision_numbers_db [None req-4c9cf418-de42-422b-bf0b-e5348353b244 5fdc32ee13de4ea8aa44b1d34aaeab7b 2c8356ca96c44e0b9e8c0e6a9232b42c - - default default] Successfully bumped revision number for resource a3afbf89-1e4a-40ff-b56d-2074bc074d3c (type: networks) to 1 [pid: 7|app: 0|req: 845/1751] 10.0.0.58 () {32 vars in 739 bytes} [Mon Mar 2 19:44:19 2026] DELETE /v2.0/security-groups/59962be2-19fc-4dd1-895f-e8feefa0ed95 => generated 0 bytes in 269 msecs (HTTP/1.1 204) 2 headers in 112 bytes (1 switches on core 0)
2026-03-02 19:44:19.611 8 WARNING neutron.scheduler.dhcp_agent_scheduler [None req-4c9cf418-de42-422b-bf0b-e5348353b244 5fdc32ee13de4ea8aa44b1d34aaeab7b 2c8356ca96c44e0b9e8c0e6a9232b42c - - default default] No more DHCP agents
2026-03-02 19:44:19.613 8 WARNING neutron.api.rpc.agentnotifiers.dhcp_rpc_agent_api [None req-4c9cf418-de42-422b-bf0b-e5348353b244 5fdc32ee13de4ea8aa44b1d34aaeab7b 2c8356ca96c44e0b9e8c0e6a9232b42c - - default default] Unable to schedule network a3afbf89-1e4a-40ff-b56d-2074bc074d3c: no agents available; will retry on subsequent port and subnet creation events.
2026-03-02 19:44:19.724 8 INFO neutron.db.ovn_revision_numbers_db [None req-4c9cf418-de42-422b-bf0b-e5348353b244 5fdc32ee13de4ea8aa44b1d34aaeab7b 2c8356ca96c44e0b9e8c0e6a9232b42c - - default default] Successfully bumped revision number for resource 178c5628-c6bf-4651-ad3d-2921faa8878e (type: ports) to 1 [pid: 8|app: 0|req: 907/1752] 10.0.0.58 () {34 vars in 669 bytes} [Mon Mar 2 19:44:19 2026] POST /v2.0/networks => generated 667 bytes in 539 msecs (HTTP/1.1 201) 4 headers in 162 bytes (1 switches on core 0)
2026-03-02 19:44:19.837 7 INFO neutron.db.segments_db [None req-9992b8bd-5964-401d-a6c0-e9d62ec2943e 5fdc32ee13de4ea8aa44b1d34aaeab7b 2c8356ca96c44e0b9e8c0e6a9232b42c - - default default] Added segment 469f6814-ce9d-432f-8763-f95eeb00f76c of type geneve for network d3528f01-33f1-4397-b178-84eed00f7d90
2026-03-02 19:44:19.959 7 INFO neutron.db.ovn_revision_numbers_db [None req-9992b8bd-5964-401d-a6c0-e9d62ec2943e 5fdc32ee13de4ea8aa44b1d34aaeab7b 2c8356ca96c44e0b9e8c0e6a9232b42c - - default default] Successfully bumped revision number for resource d3528f01-33f1-4397-b178-84eed00f7d90 (type: networks) to 1 [pid: 8|app: 0|req: 908/1753] 10.0.0.191 () {34 vars in 990 bytes} [Mon Mar 2 19:44:20 2026] GET /v2.0/ports?device_id=f553bc7f-2d87-44c0-be79-9216aa34082c => generated 12 bytes in 28 msecs (HTTP/1.1 200) 4 headers in 156 bytes (1 switches on core 0)
2026-03-02 19:44:20.178 7 WARNING neutron.scheduler.dhcp_agent_scheduler [None req-9992b8bd-5964-401d-a6c0-e9d62ec2943e 5fdc32ee13de4ea8aa44b1d34aaeab7b 2c8356ca96c44e0b9e8c0e6a9232b42c - - default default] No more DHCP agents
2026-03-02 19:44:20.180 7 WARNING neutron.api.rpc.agentnotifiers.dhcp_rpc_agent_api [None req-9992b8bd-5964-401d-a6c0-e9d62ec2943e 5fdc32ee13de4ea8aa44b1d34aaeab7b 2c8356ca96c44e0b9e8c0e6a9232b42c - - default default] Unable to schedule network d3528f01-33f1-4397-b178-84eed00f7d90: no agents available; will retry on subsequent port and subnet creation events.
2026-03-02 19:44:20.307 7 INFO neutron.db.ovn_revision_numbers_db [None req-9992b8bd-5964-401d-a6c0-e9d62ec2943e 5fdc32ee13de4ea8aa44b1d34aaeab7b 2c8356ca96c44e0b9e8c0e6a9232b42c - - default default] Successfully bumped revision number for resource ea89e83a-7868-4631-88a5-016ad3629505 (type: ports) to 1 [pid: 7|app: 0|req: 846/1754] 10.0.0.58 () {34 vars in 669 bytes} [Mon Mar 2 19:44:19 2026] POST /v2.0/networks => generated 668 bytes in 583 msecs (HTTP/1.1 201) 4 headers in 162 bytes (1 switches on core 0)
2026-03-02 19:44:20.593 8 INFO neutron.services.segments.plugin [-] Segment bb48efad-535f-4514-b2d8-f28c23f89fc0 resource provider aggregate not found
2026-03-02 19:44:20.600 8 INFO neutron.services.segments.plugin [-] Segment bb48efad-535f-4514-b2d8-f28c23f89fc0 resource provider aggregate not found
2026-03-02 19:44:20.630 8 INFO neutron.services.segments.plugin [-] Segment bb48efad-535f-4514-b2d8-f28c23f89fc0 resource provider not found; error: Placement Client Error (4xx): {"errors": [{"status": 404, "title": "Not Found", "detail": "The resource could not be found.\n\n No resource provider with uuid bb48efad-535f-4514-b2d8-f28c23f89fc0 found for delete ", "request_id": "req-22874af2-3220-4e0f-a8d9-2c81191e8fe1"}]}
2026-03-02 19:44:20.632 8 INFO neutron.services.segments.plugin [-] Segment bb48efad-535f-4514-b2d8-f28c23f89fc0 resource provider not found; error: Placement Client Error (4xx): {"errors": [{"status": 404, "title": "Not Found", "detail": "The resource could not be found.\n\n No resource provider with uuid bb48efad-535f-4514-b2d8-f28c23f89fc0 found for delete ", "request_id": "req-41be53a0-cb73-41b3-a6d0-ee3857abf6d7"}]}
2026-03-02 19:44:20.758 8 WARNING neutron.scheduler.dhcp_agent_scheduler [None req-2da4ef46-c67e-454d-b9b7-77be9b6fb9d9 5fdc32ee13de4ea8aa44b1d34aaeab7b 2c8356ca96c44e0b9e8c0e6a9232b42c - - default default] No more DHCP agents
2026-03-02 19:44:20.759 8 WARNING neutron.api.rpc.agentnotifiers.dhcp_rpc_agent_api [None req-2da4ef46-c67e-454d-b9b7-77be9b6fb9d9 5fdc32ee13de4ea8aa44b1d34aaeab7b 2c8356ca96c44e0b9e8c0e6a9232b42c - - default default] Unable to schedule network a3afbf89-1e4a-40ff-b56d-2074bc074d3c: no agents available; will retry on subsequent port and subnet creation events.
2026-03-02 19:44:20.886 8 INFO neutron.db.ovn_revision_numbers_db [None req-2da4ef46-c67e-454d-b9b7-77be9b6fb9d9 5fdc32ee13de4ea8aa44b1d34aaeab7b 2c8356ca96c44e0b9e8c0e6a9232b42c - - default default] Successfully bumped revision number for resource d70e4bcb-d11a-4a00-bc43-c1f610e6f809 (type: ports) to 1
2026-03-02 19:44:20.939 8 WARNING neutron.scheduler.dhcp_agent_scheduler [None req-2da4ef46-c67e-454d-b9b7-77be9b6fb9d9 5fdc32ee13de4ea8aa44b1d34aaeab7b 2c8356ca96c44e0b9e8c0e6a9232b42c - - default default] No more DHCP agents
2026-03-02 19:44:20.941 8 WARNING neutron.api.rpc.agentnotifiers.dhcp_rpc_agent_api [None req-2da4ef46-c67e-454d-b9b7-77be9b6fb9d9 5fdc32ee13de4ea8aa44b1d34aaeab7b 2c8356ca96c44e0b9e8c0e6a9232b42c - - default default] Unable to schedule network d3528f01-33f1-4397-b178-84eed00f7d90: no agents available; will retry on subsequent port and subnet creation events.
2026-03-02 19:44:21.065 8 INFO neutron.db.ovn_revision_numbers_db [None req-2da4ef46-c67e-454d-b9b7-77be9b6fb9d9 5fdc32ee13de4ea8aa44b1d34aaeab7b 2c8356ca96c44e0b9e8c0e6a9232b42c - - default default] Successfully bumped revision number for resource 01a86bda-b126-4e30-8900-94eef6e437c0 (type: ports) to 1 [pid: 8|app: 0|req: 909/1755] 10.0.0.58 () {34 vars in 664 bytes} [Mon Mar 2 19:44:20 2026] POST /v2.0/ports => generated 1506 bytes in 811 msecs (HTTP/1.1 201) 4 headers in 163 bytes (1 switches on core 0) /var/lib/openstack/lib/python3.12/site-packages/pycadf/identifier.py:70: UserWarning: Invalid uuid: neutron. To ensure interoperability, identifiers should be a valid uuid. warnings.warn(('Invalid uuid: %s. To ensure interoperability, ' [pid: 8|app: 0|req: 910/1756] 10.0.0.58 () {32 vars in 642 bytes} [Mon Mar 2 19:44:21 2026] GET /v2.0/ports => generated 3018 bytes in 47 msecs (HTTP/1.1 200) 4 headers in 158 bytes (1 switches on core 0) [pid: 8|app: 0|req: 911/1757] 10.0.0.191 () {34 vars in 990 bytes} [Mon Mar 2 19:44:21 2026] GET /v2.0/ports?device_id=f553bc7f-2d87-44c0-be79-9216aa34082c => generated 12 bytes in 15 msecs (HTTP/1.1 200) 4 headers in 156 bytes (1 switches on core 0)
2026-03-02 19:44:21.227 7 WARNING neutron.plugins.ml2.drivers.ovn.mech_driver.ovsdb.ovn_client [None req-21a5d3d7-61a9-42c0-9b24-03c42a7af6a0 - - - - - -] No hosting information found for port f7ebf539-6123-49e0-929e-013c3971cef5: RuntimeError: No hosting information found for port f7ebf539-6123-49e0-929e-013c3971cef5
2026-03-02 19:44:21.228 7 INFO neutron.plugins.ml2.drivers.ovn.mech_driver.mech_driver [None req-21a5d3d7-61a9-42c0-9b24-03c42a7af6a0 - - - - - -] OVN reports status down for port: ddc08567-ac13-4efb-929e-c3d0514328e2
2026-03-02 19:44:21.350 8 INFO neutron_taas.services.taas.taas_plugin [None req-9d63a5f6-cd52-4ea2-88a3-8c464e94ccd4 5fdc32ee13de4ea8aa44b1d34aaeab7b 2c8356ca96c44e0b9e8c0e6a9232b42c - - default default] TaaS: Handle Delete Port: d70e4bcb-d11a-4a00-bc43-c1f610e6f809
2026-03-02 19:44:21.353 8 INFO neutron_taas.services.taas.tap_mirror_plugin [None req-9d63a5f6-cd52-4ea2-88a3-8c464e94ccd4 5fdc32ee13de4ea8aa44b1d34aaeab7b 2c8356ca96c44e0b9e8c0e6a9232b42c - - default default] Tap Mirror: Handle Delete Port: d70e4bcb-d11a-4a00-bc43-c1f610e6f809
2026-03-02 19:44:21.367 7 INFO neutron.db.ovn_revision_numbers_db [None req-21a5d3d7-61a9-42c0-9b24-03c42a7af6a0 - - - - - -] Successfully bumped revision number for resource f7ebf539-6123-49e0-929e-013c3971cef5 (type: router_ports) to 2
2026-03-02 19:44:21.367 7 INFO neutron.plugins.ml2.drivers.ovn.mech_driver.mech_driver [None req-21a5d3d7-61a9-42c0-9b24-03c42a7af6a0 - - - - - -] OVN reports status down for port: 030911ef-7799-49d0-9c05-d53bf553db13
2026-03-02 19:44:21.471 7 INFO neutron.plugins.ml2.drivers.ovn.mech_driver.mech_driver [None req-21a5d3d7-61a9-42c0-9b24-03c42a7af6a0 - - - - - -] OVN reports status down for port: 6e5c90cc-873f-4668-ad22-3578fd2d7bc0
2026-03-02 19:44:21.493 7 INFO neutron.plugins.ml2.drivers.ovn.mech_driver.mech_driver [None req-21a5d3d7-61a9-42c0-9b24-03c42a7af6a0 - - - - - -] OVN reports status down for port: 6e5c90cc-873f-4668-ad22-3578fd2d7bc0
2026-03-02 19:44:21.508 7 INFO neutron.plugins.ml2.drivers.ovn.mech_driver.mech_driver [None req-21a5d3d7-61a9-42c0-9b24-03c42a7af6a0 - - - - - -] OVN reports status down for port: 6a972ee1-188d-4a2b-9fee-ce867a651bc1
2026-03-02 19:44:21.527 7 INFO neutron.plugins.ml2.drivers.ovn.mech_driver.mech_driver [None req-21a5d3d7-61a9-42c0-9b24-03c42a7af6a0 - - - - - -] OVN reports status down for port: ff9cf9cd-1a3b-4037-83c0-1f48a967ddd3
2026-03-02 19:44:21.608 7 INFO neutron.plugins.ml2.drivers.ovn.mech_driver.mech_driver [None req-21a5d3d7-61a9-42c0-9b24-03c42a7af6a0 - - - - - -] OVN reports status down for port: 178c5628-c6bf-4651-ad3d-2921faa8878e
2026-03-02 19:44:21.621 7 INFO neutron.db.ovn_revision_numbers_db [None req-92a6a677-510d-49e1-a1a5-2b186f9ab821 62474f74e1204767973556a2d79b27e7 ff578f39989f4289852c0ae7574eecd1 - - default default] Successfully bumped revision number for resource 0d5a871b-9842-4e6d-99c9-aa9ecbc71531 (type: security_groups) to 1
2026-03-02 19:44:21.644 7 INFO neutron.db.ovn_revision_numbers_db [None req-92a6a677-510d-49e1-a1a5-2b186f9ab821 62474f74e1204767973556a2d79b27e7 ff578f39989f4289852c0ae7574eecd1 - - default default] Successfully bumped revision number for resource 02fb40ee-0b62-4995-9ecd-322c7c14b48f (type: security_group_rules) to 0
2026-03-02 19:44:21.661 7 INFO neutron.db.ovn_revision_numbers_db [None req-92a6a677-510d-49e1-a1a5-2b186f9ab821 62474f74e1204767973556a2d79b27e7 ff578f39989f4289852c0ae7574eecd1 - - default default] Successfully bumped revision number for resource 65d8f4d4-8479-41ff-a790-f3e94516a003 (type: security_group_rules) to 0
2026-03-02 19:44:21.683 7 INFO neutron.db.ovn_revision_numbers_db [None req-92a6a677-510d-49e1-a1a5-2b186f9ab821 62474f74e1204767973556a2d79b27e7 ff578f39989f4289852c0ae7574eecd1 - - default default] Successfully bumped revision number for resource 704077cb-74bb-4725-a4dc-c5301271ab4c (type: security_group_rules) to 0
2026-03-02 19:44:21.689 7 INFO neutron.plugins.ml2.drivers.ovn.mech_driver.mech_driver [None req-21a5d3d7-61a9-42c0-9b24-03c42a7af6a0 - - - - - -] OVN reports status down for port: ea89e83a-7868-4631-88a5-016ad3629505
2026-03-02 19:44:21.706 7 INFO neutron.db.ovn_revision_numbers_db [None req-92a6a677-510d-49e1-a1a5-2b186f9ab821 62474f74e1204767973556a2d79b27e7 ff578f39989f4289852c0ae7574eecd1 - - default default] Successfully bumped revision number for resource b3b597c2-045c-403e-9d59-2e70ad5d819e (type: security_group_rules) to 0
2026-03-02 19:44:21.773 7 INFO neutron.plugins.ml2.drivers.ovn.mech_driver.mech_driver [None req-21a5d3d7-61a9-42c0-9b24-03c42a7af6a0 - - - - - -] OVN reports status down for port: d70e4bcb-d11a-4a00-bc43-c1f610e6f809
2026-03-02 19:44:21.782 7 INFO neutron.plugins.ml2.drivers.ovn.mech_driver.mech_driver [None req-21a5d3d7-61a9-42c0-9b24-03c42a7af6a0 - - - - - -] OVN reports status down for port: 01a86bda-b126-4e30-8900-94eef6e437c0
2026-03-02 19:44:21.800 7 INFO neutron.db.segments_db [None req-92a6a677-510d-49e1-a1a5-2b186f9ab821 62474f74e1204767973556a2d79b27e7 ff578f39989f4289852c0ae7574eecd1 - - default default] Added segment 3c2da2e3-3a38-479a-be6f-4d09950ad97f of type geneve for network 291a91fe-8ebc-436c-9a37-b879e8b921d0
2026-03-02 19:44:21.974 7 INFO neutron.db.ovn_revision_numbers_db [None req-92a6a677-510d-49e1-a1a5-2b186f9ab821 62474f74e1204767973556a2d79b27e7 ff578f39989f4289852c0ae7574eecd1 - - default default] Successfully bumped revision number for resource 291a91fe-8ebc-436c-9a37-b879e8b921d0 (type: networks) to 1 [pid: 8|app: 0|req: 912/1758] 10.0.0.58 () {32 vars in 719 bytes} [Mon Mar 2 19:44:21 2026] DELETE /v2.0/ports/d70e4bcb-d11a-4a00-bc43-c1f610e6f809 => generated 0 bytes in 786 msecs (HTTP/1.1 204) 3 headers in 131 bytes (1 switches on core 0) [pid: 8|app: 0|req: 913/1759] 10.0.0.191 () {34 vars in 990 bytes} [Mon Mar 2 19:44:22 2026] GET /v2.0/ports?device_id=e5a4931e-bc6a-46f8-b69f-71b05d9bca9f => generated 1014 bytes in 94 msecs (HTTP/1.1 200) 4 headers in 158 bytes (1 switches on core 0)
2026-03-02 19:44:22.210 7 WARNING neutron.scheduler.dhcp_agent_scheduler [None req-92a6a677-510d-49e1-a1a5-2b186f9ab821 62474f74e1204767973556a2d79b27e7 ff578f39989f4289852c0ae7574eecd1 - - default default] No more DHCP agents
2026-03-02 19:44:22.212 7 WARNING neutron.api.rpc.agentnotifiers.dhcp_rpc_agent_api [None req-92a6a677-510d-49e1-a1a5-2b186f9ab821 62474f74e1204767973556a2d79b27e7 ff578f39989f4289852c0ae7574eecd1 - - default default] Unable to schedule network 291a91fe-8ebc-436c-9a37-b879e8b921d0: no agents available; will retry on subsequent port and subnet creation events.
2026-03-02 19:44:22.226 8 INFO neutron_taas.services.taas.taas_plugin [None req-87afe427-3b54-4654-849b-f953cf955965 5fdc32ee13de4ea8aa44b1d34aaeab7b 2c8356ca96c44e0b9e8c0e6a9232b42c - - default default] TaaS: Handle Delete Port: 01a86bda-b126-4e30-8900-94eef6e437c0
2026-03-02 19:44:22.231 8 INFO neutron_taas.services.taas.tap_mirror_plugin [None req-87afe427-3b54-4654-849b-f953cf955965 5fdc32ee13de4ea8aa44b1d34aaeab7b 2c8356ca96c44e0b9e8c0e6a9232b42c - - default default] Tap Mirror: Handle Delete Port: 01a86bda-b126-4e30-8900-94eef6e437c0
2026-03-02 19:44:22.286 7 INFO neutron.plugins.ml2.drivers.ovn.mech_driver.mech_driver [None req-21a5d3d7-61a9-42c0-9b24-03c42a7af6a0 - - - - - -] OVN reports status down for port: 24f849b6-f41f-4fe4-93bc-7ed42a78f127
2026-03-02 19:44:22.353 7 INFO neutron.db.ovn_revision_numbers_db [None req-92a6a677-510d-49e1-a1a5-2b186f9ab821 62474f74e1204767973556a2d79b27e7 ff578f39989f4289852c0ae7574eecd1 - - default default] Successfully bumped revision number for resource 24f849b6-f41f-4fe4-93bc-7ed42a78f127 (type: ports) to 1 [pid: 8|app: 0|req: 914/1760] 10.0.0.58 () {32 vars in 719 bytes} [Mon Mar 2 19:44:22 2026] DELETE /v2.0/ports/01a86bda-b126-4e30-8900-94eef6e437c0 => generated 0 bytes in 337 msecs (HTTP/1.1 204) 3 headers in 131 bytes (1 switches on core 0) [pid: 7|app: 0|req: 847/1761] 10.0.0.58 () {34 vars in 669 bytes} [Mon Mar 2 19:44:21 2026] POST /v2.0/networks => generated 664 bytes in 1346 msecs (HTTP/1.1 201) 4 headers in 162 bytes (1 switches on core 0) [pid: 8|app: 0|req: 915/1762] 10.0.0.191 () {34 vars in 1120 bytes} [Mon Mar 2 19:44:22 2026] GET /v2.0/security-groups?id=4caf00fd-8cc0-4fc0-921c-970adff44fa0&id=e55bf68f-4f89-46cf-b214-a20e4eed7128&fields=id&fields=name => generated 205 bytes in 34 msecs (HTTP/1.1 200) 4 headers in 157 bytes (1 switches on core 0) [pid: 8|app: 0|req: 916/1763] 10.0.0.191 () {34 vars in 990 bytes} [Mon Mar 2 19:44:22 2026] GET /v2.0/ports?device_id=f553bc7f-2d87-44c0-be79-9216aa34082c => generated 12 bytes in 20 msecs (HTTP/1.1 200) 4 headers in 156 bytes (1 switches on core 0) [pid: 7|app: 0|req: 848/1764] 199.204.45.138 () {34 vars in 986 bytes} [Mon Mar 2 19:44:22 2026] GET /v2.0/networks?id=ced6c7c9-ca99-4b08-bd43-124cdb8bbff5 => generated 710 bytes in 67 msecs (HTTP/1.1 200) 4 headers in 157 bytes (1 switches on core 0) [pid: 8|app: 0|req: 917/1765] 10.0.0.58 () {32 vars in 642 bytes} [Mon Mar 2 19:44:22 2026] GET /v2.0/ports => generated 1523 bytes in 42 msecs (HTTP/1.1 200) 4 headers in 158 bytes (1 switches on core 0) [pid: 8|app: 0|req: 918/1766] 10.0.0.58 () {32 vars in 735 bytes} [Mon Mar 2 19:44:22 2026] GET /v2.0/ports?device_id=e5a4931e-bc6a-46f8-b69f-71b05d9bca9f => generated 1252 bytes in 159 msecs (HTTP/1.1 200) 4 headers in 158 bytes (1 switches on core 0)
2026-03-02 19:44:22.754 7 WARNING neutron.scheduler.dhcp_agent_scheduler [None req-645c1118-5872-4e70-9ff3-d98a63a7b17d 62474f74e1204767973556a2d79b27e7 ff578f39989f4289852c0ae7574eecd1 - - default default] No more DHCP agents
2026-03-02 19:44:22.755 7 WARNING neutron.api.rpc.agentnotifiers.dhcp_rpc_agent_api [None req-645c1118-5872-4e70-9ff3-d98a63a7b17d 62474f74e1204767973556a2d79b27e7 ff578f39989f4289852c0ae7574eecd1 - - default default] Unable to schedule network 291a91fe-8ebc-436c-9a37-b879e8b921d0: no agents available; will retry on subsequent port and subnet creation events.
2026-03-02 19:44:22.832 7 INFO neutron.plugins.ml2.drivers.ovn.mech_driver.mech_driver [None req-21a5d3d7-61a9-42c0-9b24-03c42a7af6a0 - - - - - -] OVN reports status down for port: 184d34bc-e18c-48c4-a264-1e6765f46451
2026-03-02 19:44:22.913 7 INFO neutron.db.ovn_revision_numbers_db [None req-645c1118-5872-4e70-9ff3-d98a63a7b17d 62474f74e1204767973556a2d79b27e7 ff578f39989f4289852c0ae7574eecd1 - - default default] Successfully bumped revision number for resource 184d34bc-e18c-48c4-a264-1e6765f46451 (type: ports) to 1 [pid: 7|app: 0|req: 849/1767] 10.0.0.58 () {34 vars in 664 bytes} [Mon Mar 2 19:44:22 2026] POST /v2.0/ports => generated 775 bytes in 474 msecs (HTTP/1.1 201) 4 headers in 162 bytes (1 switches on core 0) /var/lib/openstack/lib/python3.12/site-packages/pycadf/identifier.py:70: UserWarning: Invalid uuid: neutron. To ensure interoperability, identifiers should be a valid uuid. warnings.warn(('Invalid uuid: %s. To ensure interoperability, '
2026-03-02 19:44:23.017 8 WARNING neutron.scheduler.dhcp_agent_scheduler [req-67575d6a-f5e4-434d-bfce-e1525e4a7ab5 req-253622af-c718-4bef-8ed2-57b31fd74721 242ccf2c60fc415a92a00d7a35d2d1e8 ac406df4a87a4050a92028673f31c659 - - default default] No more DHCP agents
2026-03-02 19:44:23.018 8 WARNING neutron.api.rpc.agentnotifiers.dhcp_rpc_agent_api [req-67575d6a-f5e4-434d-bfce-e1525e4a7ab5 req-253622af-c718-4bef-8ed2-57b31fd74721 242ccf2c60fc415a92a00d7a35d2d1e8 ac406df4a87a4050a92028673f31c659 - - default default] Unable to schedule network ced6c7c9-ca99-4b08-bd43-124cdb8bbff5: no agents available; will retry on subsequent port and subnet creation events.
2026-03-02 19:44:23.077 7 INFO neutron.db.segments_db [None req-808da4bf-5b78-43ec-b6f6-1e01d7db9b98 5fdc32ee13de4ea8aa44b1d34aaeab7b 2c8356ca96c44e0b9e8c0e6a9232b42c - - default default] Added segment 54e19b0e-de32-4485-b791-bafede25a5ce of type geneve for network 753dfba7-59d0-42e5-b889-3324f21ff4e6
2026-03-02 19:44:23.168 7 INFO neutron.plugins.ml2.drivers.ovn.mech_driver.mech_driver [None req-21a5d3d7-61a9-42c0-9b24-03c42a7af6a0 - - - - - -] OVN reports status down for port: ce9ca5e4-11c2-4bdc-9f9e-347bdaf0350d
2026-03-02 19:44:23.206 8 INFO neutron.db.ovn_revision_numbers_db [req-67575d6a-f5e4-434d-bfce-e1525e4a7ab5 req-253622af-c718-4bef-8ed2-57b31fd74721 242ccf2c60fc415a92a00d7a35d2d1e8 ac406df4a87a4050a92028673f31c659 - - default default] Successfully bumped revision number for resource ce9ca5e4-11c2-4bdc-9f9e-347bdaf0350d (type: ports) to 1
2026-03-02 19:44:23.262 7 INFO neutron.db.ovn_revision_numbers_db [None req-808da4bf-5b78-43ec-b6f6-1e01d7db9b98 5fdc32ee13de4ea8aa44b1d34aaeab7b 2c8356ca96c44e0b9e8c0e6a9232b42c - - default default] Successfully bumped revision number for resource 753dfba7-59d0-42e5-b889-3324f21ff4e6 (type: networks) to 1 [pid: 8|app: 0|req: 919/1768] 199.204.45.138 () {38 vars in 955 bytes} [Mon Mar 2 19:44:22 2026] POST /v2.0/ports => generated 954 bytes in 591 msecs (HTTP/1.1 201) 4 headers in 162 bytes (1 switches on core 0) /var/lib/openstack/lib/python3.12/site-packages/pycadf/identifier.py:70: UserWarning: Invalid uuid: neutron. To ensure interoperability, identifiers should be a valid uuid. warnings.warn(('Invalid uuid: %s. To ensure interoperability, ' [pid: 8|app: 0|req: 920/1769] 10.0.0.58 () {32 vars in 857 bytes} [Mon Mar 2 19:44:23 2026] GET /v2.0/floatingips?floating_network_id=b24bf81c-ae49-4fb5-ab1f-a78c0e662b80&port_id=6b7c0926-3fc6-4cf3-afb9-6aa297a463e8 => generated 861 bytes in 65 msecs (HTTP/1.1 200) 4 headers in 157 bytes (1 switches on core 0)
2026-03-02 19:44:23.435 8 INFO neutron.db.segments_db [None req-b8251bd1-75ac-491c-b936-d1cf3f59026a 62474f74e1204767973556a2d79b27e7 ff578f39989f4289852c0ae7574eecd1 - - default default] Added segment d72b575a-14b3-4806-ac28-28a3694a0e2d of type geneve for network d1f68b04-ebe6-4c1a-a45d-ebd9dd381389
2026-03-02 19:44:23.464 7 WARNING neutron.scheduler.dhcp_agent_scheduler [None req-808da4bf-5b78-43ec-b6f6-1e01d7db9b98 5fdc32ee13de4ea8aa44b1d34aaeab7b 2c8356ca96c44e0b9e8c0e6a9232b42c - - default default] No more DHCP agents
2026-03-02 19:44:23.465 7 WARNING neutron.api.rpc.agentnotifiers.dhcp_rpc_agent_api [None req-808da4bf-5b78-43ec-b6f6-1e01d7db9b98 5fdc32ee13de4ea8aa44b1d34aaeab7b 2c8356ca96c44e0b9e8c0e6a9232b42c - - default default] Unable to schedule network 753dfba7-59d0-42e5-b889-3324f21ff4e6: no agents available; will retry on subsequent port and subnet creation events.
2026-03-02 19:44:23.543 7 INFO neutron.plugins.ml2.drivers.ovn.mech_driver.mech_driver [None req-21a5d3d7-61a9-42c0-9b24-03c42a7af6a0 - - - - - -] OVN reports status down for port: 851d63f3-0802-4dbc-a250-34e6264083e0
2026-03-02 19:44:23.611 8 INFO neutron.db.ovn_revision_numbers_db [None req-b8251bd1-75ac-491c-b936-d1cf3f59026a 62474f74e1204767973556a2d79b27e7 ff578f39989f4289852c0ae7574eecd1 - - default default] Successfully bumped revision number for resource d1f68b04-ebe6-4c1a-a45d-ebd9dd381389 (type: networks) to 1
2026-03-02 19:44:23.634 7 INFO neutron.db.ovn_revision_numbers_db [None req-808da4bf-5b78-43ec-b6f6-1e01d7db9b98 5fdc32ee13de4ea8aa44b1d34aaeab7b 2c8356ca96c44e0b9e8c0e6a9232b42c - - default default] Successfully bumped revision number for resource 851d63f3-0802-4dbc-a250-34e6264083e0 (type: ports) to 1 [pid: 7|app: 0|req: 850/1770] 10.0.0.58 () {34 vars in 669 bytes} [Mon Mar 2 19:44:23 2026] POST /v2.0/networks => generated 668 bytes in 682 msecs (HTTP/1.1 201) 4 headers in 162 bytes (1 switches on core 0)
2026-03-02 19:44:23.783 8 WARNING neutron.scheduler.dhcp_agent_scheduler [None req-b8251bd1-75ac-491c-b936-d1cf3f59026a 62474f74e1204767973556a2d79b27e7 ff578f39989f4289852c0ae7574eecd1 - - default default] No more DHCP agents
2026-03-02 19:44:23.784 8 WARNING neutron.api.rpc.agentnotifiers.dhcp_rpc_agent_api [None req-b8251bd1-75ac-491c-b936-d1cf3f59026a 62474f74e1204767973556a2d79b27e7 ff578f39989f4289852c0ae7574eecd1 - - default default] Unable to schedule network d1f68b04-ebe6-4c1a-a45d-ebd9dd381389: no agents available; will retry on subsequent port and subnet creation events.
2026-03-02 19:44:23.861 7 INFO neutron.plugins.ml2.drivers.ovn.mech_driver.mech_driver [None req-21a5d3d7-61a9-42c0-9b24-03c42a7af6a0 - - - - - -] OVN reports status down for port: 12f9bd3d-28a3-40ca-ad3f-abb14a7de71f
2026-03-02 19:44:23.903 8 INFO neutron.db.ovn_revision_numbers_db [None req-b8251bd1-75ac-491c-b936-d1cf3f59026a 62474f74e1204767973556a2d79b27e7 ff578f39989f4289852c0ae7574eecd1 - - default default] Successfully bumped revision number for resource 12f9bd3d-28a3-40ca-ad3f-abb14a7de71f (type: ports) to 1 [pid: 8|app: 0|req: 921/1771] 10.0.0.58 () {34 vars in 669 bytes} [Mon Mar 2 19:44:23 2026] POST /v2.0/networks => generated 651 bytes in 577 msecs (HTTP/1.1 201) 4 headers in 162 bytes (1 switches on core 0) [pid: 8|app: 0|req: 922/1772] 10.0.0.234 () {34 vars in 990 bytes} [Mon Mar 2 19:44:23 2026] GET /v2.0/ports?device_id=e5a4931e-bc6a-46f8-b69f-71b05d9bca9f => generated 1252 bytes in 37 msecs (HTTP/1.1 200) 4 headers in 158 bytes (1 switches on core 0)
2026-03-02 19:44:24.053 8 INFO neutron.db.segments_db [None req-fe03df13-49f4-459d-9636-17701ec9c940 5fdc32ee13de4ea8aa44b1d34aaeab7b 2c8356ca96c44e0b9e8c0e6a9232b42c - - default default] Added segment addffafa-50a2-4960-b513-ac105568099b of type geneve for network d04b4874-2e28-4e3e-9e60-7e8c9290e43a
2026-03-02 19:44:24.226 8 INFO neutron.db.ovn_revision_numbers_db [None req-fe03df13-49f4-459d-9636-17701ec9c940 5fdc32ee13de4ea8aa44b1d34aaeab7b 2c8356ca96c44e0b9e8c0e6a9232b42c - - default default] Successfully bumped revision number for resource d04b4874-2e28-4e3e-9e60-7e8c9290e43a (type: networks) to 1
2026-03-02 19:44:24.246 7 INFO neutron.db.ovn_revision_numbers_db [req-67575d6a-f5e4-434d-bfce-e1525e4a7ab5 req-37da236b-96a9-4494-a2e2-911f1b702082 d3c1c6297903446b8b020c10e25389b4 38b9a45190504dc496b305fb7c846951 - - 5b5b5c73c63a4a5c943cf8976c652467 5b5b5c73c63a4a5c943cf8976c652467] Successfully bumped revision number for resource ce9ca5e4-11c2-4bdc-9f9e-347bdaf0350d (type: ports) to 2
2026-03-02 19:44:24.396 8 WARNING neutron.scheduler.dhcp_agent_scheduler [None req-fe03df13-49f4-459d-9636-17701ec9c940 5fdc32ee13de4ea8aa44b1d34aaeab7b 2c8356ca96c44e0b9e8c0e6a9232b42c - - default default] No more DHCP agents
2026-03-02 19:44:24.397 8 WARNING neutron.api.rpc.agentnotifiers.dhcp_rpc_agent_api [None req-fe03df13-49f4-459d-9636-17701ec9c940 5fdc32ee13de4ea8aa44b1d34aaeab7b 2c8356ca96c44e0b9e8c0e6a9232b42c - - default default] Unable to schedule network d04b4874-2e28-4e3e-9e60-7e8c9290e43a: no agents available; will retry on subsequent port and subnet creation events.
2026-03-02 19:44:24.486 7 INFO neutron.db.ovn_revision_numbers_db [req-67575d6a-f5e4-434d-bfce-e1525e4a7ab5 req-37da236b-96a9-4494-a2e2-911f1b702082 d3c1c6297903446b8b020c10e25389b4 38b9a45190504dc496b305fb7c846951 - - 5b5b5c73c63a4a5c943cf8976c652467 5b5b5c73c63a4a5c943cf8976c652467] Successfully bumped revision number for resource ce9ca5e4-11c2-4bdc-9f9e-347bdaf0350d (type: ports) to 4 [pid: 7|app: 0|req: 851/1773] 199.204.45.138 () {38 vars in 1028 bytes} [Mon Mar 2 19:44:23 2026] PUT /v2.0/ports/ce9ca5e4-11c2-4bdc-9f9e-347bdaf0350d => generated 1204 bytes in 826 msecs (HTTP/1.1 200) 4 headers in 158 bytes (1 switches on core 0)
2026-03-02 19:44:24.512 8 INFO neutron.db.ovn_revision_numbers_db [None req-fe03df13-49f4-459d-9636-17701ec9c940 5fdc32ee13de4ea8aa44b1d34aaeab7b 2c8356ca96c44e0b9e8c0e6a9232b42c - - default default] Successfully bumped revision number for resource a3294221-a973-4bc8-b6f5-890c51aec58e (type: ports) to 1
2026-03-02 19:44:24.513 7 INFO neutron.plugins.ml2.drivers.ovn.mech_driver.mech_driver [None req-21a5d3d7-61a9-42c0-9b24-03c42a7af6a0 - - - - - -] OVN reports status down for port: a3294221-a973-4bc8-b6f5-890c51aec58e /var/lib/openstack/lib/python3.12/site-packages/pycadf/identifier.py:70: UserWarning: Invalid uuid: neutron. To ensure interoperability, identifiers should be a valid uuid. warnings.warn(('Invalid uuid: %s. To ensure interoperability, ' [pid: 8|app: 0|req: 923/1774] 10.0.0.58 () {34 vars in 669 bytes} [Mon Mar 2 19:44:23 2026] POST /v2.0/networks => generated 668 bytes in 566 msecs (HTTP/1.1 201) 4 headers in 162 bytes (1 switches on core 0)
2026-03-02 19:44:24.557 7 INFO neutron.notifiers.nova [-] Nova event matching ['req-a4dc2a1a-716e-4e73-b71e-d68e2395f38f'] response: {'name': 'network-changed', 'server_uuid': 'f553bc7f-2d87-44c0-be79-9216aa34082c', 'tag': 'ce9ca5e4-11c2-4bdc-9f9e-347bdaf0350d', 'status': 'completed', 'code': 200} [pid: 7|app: 0|req: 852/1777] 10.0.0.191 () {34 vars in 990 bytes} [Mon Mar 2 19:44:24 2026] GET /v2.0/ports?device_id=f553bc7f-2d87-44c0-be79-9216aa34082c => generated 969 bytes in 140 msecs (HTTP/1.1 200) 4 headers in 157 bytes (1 switches on core 0) [pid: 7|app: 0|req: 853/1778] 10.0.0.234 () {34 vars in 1120 bytes} [Mon Mar 2 19:44:24 2026] GET /v2.0/security-groups?id=4caf00fd-8cc0-4fc0-921c-970adff44fa0&id=e55bf68f-4f89-46cf-b214-a20e4eed7128&fields=id&fields=name => generated 205 bytes in 39 msecs (HTTP/1.1 200) 4 headers in 157 bytes (1 switches on core 0)
2026-03-02 19:44:24.709 8 WARNING neutron.scheduler.dhcp_agent_scheduler [None req-689eb9f5-a810-4a62-bc3b-6fb092e89456 62474f74e1204767973556a2d79b27e7 ff578f39989f4289852c0ae7574eecd1 - - default default] No more DHCP agents
2026-03-02 19:44:24.710 8 WARNING neutron.api.rpc.agentnotifiers.dhcp_rpc_agent_api [None req-689eb9f5-a810-4a62-bc3b-6fb092e89456 62474f74e1204767973556a2d79b27e7 ff578f39989f4289852c0ae7574eecd1 - - default default] Unable to schedule network d1f68b04-ebe6-4c1a-a45d-ebd9dd381389: no agents available; will retry on subsequent port and subnet creation events.
2026-03-02 19:44:24.973 7 WARNING neutron.scheduler.dhcp_agent_scheduler [None req-251fc1e9-809b-421a-91c3-c4abfb80d423 5fdc32ee13de4ea8aa44b1d34aaeab7b 2c8356ca96c44e0b9e8c0e6a9232b42c - - default default] No more DHCP agents
2026-03-02 19:44:24.975 7 WARNING neutron.api.rpc.agentnotifiers.dhcp_rpc_agent_api [None req-251fc1e9-809b-421a-91c3-c4abfb80d423 5fdc32ee13de4ea8aa44b1d34aaeab7b 2c8356ca96c44e0b9e8c0e6a9232b42c - - default default] Unable to schedule network 753dfba7-59d0-42e5-b889-3324f21ff4e6: no agents available; will retry on subsequent port and subnet creation events.
2026-03-02 19:44:25.141 8 INFO neutron.db.ovn_revision_numbers_db [None req-d7f4f177-917c-429a-9ae9-10ab9ab6482c - - - - - -] Successfully bumped revision number for resource 12f9bd3d-28a3-40ca-ad3f-abb14a7de71f (type: ports) to 2
2026-03-02 19:44:25.174 8 INFO neutron.db.ovn_revision_numbers_db [None req-d7f4f177-917c-429a-9ae9-10ab9ab6482c - - - - - -] Successfully bumped revision number for resource 0e91a01c-3bff-44e7-af27-a588e97e1fc9 (type: subnets) to 0 [pid: 8|app: 0|req: 926/1779] 10.0.0.58 () {34 vars in 668 bytes} [Mon Mar 2 19:44:24 2026] POST /v2.0/subnets => generated 626 bytes in 656 msecs (HTTP/1.1 201) 4 headers in 162 bytes (1 switches on core 0) [pid: 8|app: 0|req: 927/1780] 10.0.0.191 () {34 vars in 1040 bytes} [Mon Mar 2 19:44:25 2026] GET /v2.0/security-groups?id=6315e624-0dc9-4e6e-9292-6b243e99801a&fields=id&fields=name => generated 88 bytes in 27 msecs (HTTP/1.1 200) 4 headers in 156 bytes (1 switches on core 0) [pid: 8|app: 0|req: 928/1781] 199.204.45.138 () {34 vars in 1080 bytes} [Mon Mar 2 19:44:25 2026] GET /v2.0/ports?tenant_id=ac406df4a87a4050a92028673f31c659&device_id=f553bc7f-2d87-44c0-be79-9216aa34082c => generated 1207 bytes in 37 msecs (HTTP/1.1 200) 4 headers in 158 bytes (1 switches on core 0)
2026-03-02 19:44:25.468 7 INFO neutron.db.ovn_revision_numbers_db [None req-dad7a349-61eb-417d-9fcc-159920e2b81b - - - - - -] Successfully bumped revision number for resource 851d63f3-0802-4dbc-a250-34e6264083e0 (type: ports) to 2
2026-03-02 19:44:25.507 7 INFO neutron.db.ovn_revision_numbers_db [None req-dad7a349-61eb-417d-9fcc-159920e2b81b - - - - - -] Successfully bumped revision number for resource a63c46de-1ccc-4e65-9244-526a8ffacaea (type: subnets) to 0
2026-03-02 19:44:25.538 7 WARNING neutron.scheduler.dhcp_agent_scheduler [None req-251fc1e9-809b-421a-91c3-c4abfb80d423 5fdc32ee13de4ea8aa44b1d34aaeab7b 2c8356ca96c44e0b9e8c0e6a9232b42c - - default default] No more DHCP agents
2026-03-02 19:44:25.539 7 WARNING neutron.api.rpc.agentnotifiers.dhcp_rpc_agent_api [None req-251fc1e9-809b-421a-91c3-c4abfb80d423 5fdc32ee13de4ea8aa44b1d34aaeab7b 2c8356ca96c44e0b9e8c0e6a9232b42c - - default default] Unable to schedule network d04b4874-2e28-4e3e-9e60-7e8c9290e43a: no agents available; will retry on subsequent port and subnet creation events.
2026-03-02 19:44:25.560 8 WARNING neutron.scheduler.dhcp_agent_scheduler [None req-fb2782ba-49cb-4f5d-add5-431a13734a11 62474f74e1204767973556a2d79b27e7 ff578f39989f4289852c0ae7574eecd1 - - default default] No more DHCP agents
2026-03-02 19:44:25.562 8 WARNING neutron.api.rpc.agentnotifiers.dhcp_rpc_agent_api [None req-fb2782ba-49cb-4f5d-add5-431a13734a11 62474f74e1204767973556a2d79b27e7 ff578f39989f4289852c0ae7574eecd1 - - default default] Unable to schedule network d1f68b04-ebe6-4c1a-a45d-ebd9dd381389: no agents available; will retry on subsequent port and subnet creation events.
2026-03-02 19:44:25.751 7 INFO neutron.plugins.ml2.drivers.ovn.mech_driver.mech_driver [None req-21a5d3d7-61a9-42c0-9b24-03c42a7af6a0 - - - - - -] OVN reports status down for port: 75569599-ee77-44af-a84a-6343bf8fa1ed
2026-03-02 19:44:25.766 8 INFO neutron.db.ovn_revision_numbers_db [None req-fb2782ba-49cb-4f5d-add5-431a13734a11 62474f74e1204767973556a2d79b27e7 ff578f39989f4289852c0ae7574eecd1 - - default default] Successfully bumped revision number for resource 75569599-ee77-44af-a84a-6343bf8fa1ed (type: ports) to 1 [pid: 8|app: 0|req: 929/1782] 10.0.0.58 () {34 vars in 664 bytes} [Mon Mar 2 19:44:25 2026] POST /v2.0/ports => generated 950 bytes in 535 msecs (HTTP/1.1 201) 4 headers in 162 bytes (1 switches on core 0) /var/lib/openstack/lib/python3.12/site-packages/pycadf/identifier.py:70: UserWarning: Invalid uuid: neutron. To ensure interoperability, identifiers should be a valid uuid. warnings.warn(('Invalid uuid: %s. To ensure interoperability, ' [pid: 8|app: 0|req: 930/1783] 199.204.45.138 () {34 vars in 1018 bytes} [Mon Mar 2 19:44:25 2026] GET /v2.0/networks?tenant_id=ac406df4a87a4050a92028673f31c659&shared=False => generated 809 bytes in 55 msecs (HTTP/1.1 200) 4 headers in 157 bytes (1 switches on core 0)
2026-03-02 19:44:25.982 8 INFO neutron_taas.services.taas.taas_plugin [None req-1c503cb6-9c7a-4d5c-a13e-25d753183a93 62474f74e1204767973556a2d79b27e7 ff578f39989f4289852c0ae7574eecd1 - - default default] TaaS: Handle Delete Port: 75569599-ee77-44af-a84a-6343bf8fa1ed
2026-03-02 19:44:25.985 8 INFO neutron_taas.services.taas.tap_mirror_plugin [None req-1c503cb6-9c7a-4d5c-a13e-25d753183a93 62474f74e1204767973556a2d79b27e7 ff578f39989f4289852c0ae7574eecd1 - - default default] Tap Mirror: Handle Delete Port: 75569599-ee77-44af-a84a-6343bf8fa1ed
2026-03-02 19:44:26.113 7 INFO neutron.db.ovn_revision_numbers_db [None req-2cb326da-a264-4631-91f3-a3d6a96cfbe3 - - - - - -] Successfully bumped revision number for resource a3294221-a973-4bc8-b6f5-890c51aec58e (type: ports) to 2
2026-03-02 19:44:26.185 7 INFO neutron.db.ovn_revision_numbers_db [None req-2cb326da-a264-4631-91f3-a3d6a96cfbe3 - - - - - -] Successfully bumped revision number for resource 524c0932-141f-4b6a-aa9d-b4929082587f (type: subnets) to 0 [pid: 8|app: 0|req: 931/1784] 10.0.0.58 () {32 vars in 719 bytes} [Mon Mar 2 19:44:25 2026] DELETE /v2.0/ports/75569599-ee77-44af-a84a-6343bf8fa1ed => generated 0 bytes in 342 msecs (HTTP/1.1 204) 3 headers in 131 bytes (1 switches on core 0) [pid: 7|app: 0|req: 854/1785] 10.0.0.58 () {34 vars in 668 bytes} [Mon Mar 2 19:44:24 2026] POST /v2.0/subnets => generated 1274 bytes in 1519 msecs (HTTP/1.1 201) 4 headers in 163 bytes (1 switches on core 0)
2026-03-02 19:44:26.232 7 INFO neutron.pecan_wsgi.hooks.translation [None req-7220d962-a5ae-4e58-bc7e-2d318fb09d9d 62474f74e1204767973556a2d79b27e7 ff578f39989f4289852c0ae7574eecd1 - - default default] DELETE failed (client error): The resource could not be found. [pid: 7|app: 0|req: 855/1786] 10.0.0.58 () {32 vars in 719 bytes} [Mon Mar 2 19:44:26 2026] DELETE /v2.0/ports/75569599-ee77-44af-a84a-6343bf8fa1ed => generated 132 bytes in 27 msecs (HTTP/1.1 404) 4 headers in 164 bytes (1 switches on core 0) [pid: 8|app: 0|req: 932/1787] 199.204.45.138 () {34 vars in 930 bytes} [Mon Mar 2 19:44:26 2026] GET /v2.0/networks?shared=True => generated 791 bytes in 49 msecs (HTTP/1.1 200) 4 headers in 157 bytes (1 switches on core 0)
2026-03-02 19:44:26.257 8 INFO neutron.pecan_wsgi.hooks.translation [None req-a6ddb926-1d8c-40c8-940e-93ded35dd83a 62474f74e1204767973556a2d79b27e7 ff578f39989f4289852c0ae7574eecd1 - - default default] GET failed (client error): The resource could not be found. [pid: 8|app: 0|req: 933/1788] 10.0.0.58 () {32 vars in 716 bytes} [Mon Mar 2 19:44:26 2026] GET /v2.0/ports/75569599-ee77-44af-a84a-6343bf8fa1ed => generated 132 bytes in 16 msecs (HTTP/1.1 404) 4 headers in 164 bytes (1 switches on core 0) [pid: 7|app: 0|req: 856/1789] 10.0.0.58 () {32 vars in 646 bytes} [Mon Mar 2 19:44:26 2026] GET /v2.0/subnets => generated 1910 bytes in 50 msecs (HTTP/1.1 200) 4 headers in 158 bytes (1 switches on core 0) [pid: 7|app: 0|req: 857/1790] 10.0.0.191 () {34 vars in 990 bytes} [Mon Mar 2 19:44:26 2026] GET /v2.0/ports?device_id=f553bc7f-2d87-44c0-be79-9216aa34082c => generated 969 bytes in 41 msecs (HTTP/1.1 200) 4 headers in 157 bytes (1 switches on core 0) [pid: 8|app: 0|req: 934/1791] 10.0.0.58 () {32 vars in 723 bytes} [Mon Mar 2 19:44:26 2026] DELETE /v2.0/subnets/0e91a01c-3bff-44e7-af27-a588e97e1fc9 => generated 0 bytes in 189 msecs (HTTP/1.1 204) 3 headers in 131 bytes (1 switches on core 0) [pid: 8|app: 0|req: 935/1792] 10.0.0.191 () {34 vars in 1040 bytes} [Mon Mar 2 19:44:26 2026] GET /v2.0/security-groups?id=6315e624-0dc9-4e6e-9292-6b243e99801a&fields=id&fields=name => generated 88 bytes in 28 msecs (HTTP/1.1 200) 4 headers in 156 bytes (1 switches on core 0) [pid: 7|app: 0|req: 858/1793] 10.0.0.58 () {32 vars in 723 bytes} [Mon Mar 2 19:44:26 2026] DELETE /v2.0/subnets/a63c46de-1ccc-4e65-9244-526a8ffacaea => generated 0 bytes in 212 msecs (HTTP/1.1 204) 3 headers in 131 bytes (1 switches on core 0)
2026-03-02 19:44:26.623 8 INFO neutron_taas.services.taas.taas_plugin [None req-c427f62c-1d83-4b49-8b55-2aaa28803516 62474f74e1204767973556a2d79b27e7 ff578f39989f4289852c0ae7574eecd1 - - default default] TaaS: Handle Delete Port: 12f9bd3d-28a3-40ca-ad3f-abb14a7de71f
2026-03-02 19:44:26.626 8 INFO neutron_taas.services.taas.tap_mirror_plugin [None req-c427f62c-1d83-4b49-8b55-2aaa28803516 62474f74e1204767973556a2d79b27e7 ff578f39989f4289852c0ae7574eecd1 - - default default] Tap Mirror: Handle Delete Port: 12f9bd3d-28a3-40ca-ad3f-abb14a7de71f [pid: 7|app: 0|req: 859/1794] 10.0.0.58 () {32 vars in 723 bytes} [Mon Mar 2 19:44:26 2026] DELETE /v2.0/subnets/524c0932-141f-4b6a-aa9d-b4929082587f => generated 0 bytes in 202 msecs (HTTP/1.1 204) 3 headers in 131 bytes (1 switches on core 0) [pid: 7|app: 0|req: 860/1795] 10.0.0.191 () {34 vars in 990 bytes} [Mon Mar 2 19:44:26 2026] GET /v2.0/ports?device_id=e5a4931e-bc6a-46f8-b69f-71b05d9bca9f => generated 1014 bytes in 90 msecs (HTTP/1.1 200) 4 headers in 158 bytes (1 switches on core 0)
