2026-03-02 19:44:50.019 7 WARNING neutron.api.rpc.agentnotifiers.dhcp_rpc_agent_api [None req-ba722a35-f622-4584-8ed6-37cee72900ee 3c24cb5fb44647789519ceb374cda0a9 dd9cc4dee3024067a08b20c567787bb9 - - default default] Unable to schedule network 70c5e6ff-bc3c-4ccd-9ab2-64f21bbbb856: no agents available; will retry on subsequent port and subnet creation events. [pid: 8|app: 0|req: 1002/1924] 10.0.0.58 () {32 vars in 723 bytes} [Mon Mar 2 19:44:49 2026] DELETE /v2.0/routers/c20ebae7-2267-4ac8-a864-3541b40209f2 => generated 0 bytes in 279 msecs (HTTP/1.1 204) 2 headers in 112 bytes (1 switches on core 0) [pid: 8|app: 0|req: 1003/1925] 10.0.0.58 () {32 vars in 723 bytes} [Mon Mar 2 19:44:50 2026] DELETE /v2.0/subnets/063f9065-3711-4d92-9135-3a5f17c2c65d => generated 0 bytes in 229 msecs (HTTP/1.1 204) 3 headers in 131 bytes (1 switches on core 0)
2026-03-02 19:44:50.603 7 INFO neutron.db.ovn_revision_numbers_db [None req-2844c0e8-5e2a-4eb7-a7d3-928aa67e204d - - - - - -] Successfully bumped revision number for resource b97ae240-3754-4000-8a49-cdc56ad6ec2a (type: ports) to 2
2026-03-02 19:44:50.654 7 INFO neutron.db.ovn_revision_numbers_db [None req-2844c0e8-5e2a-4eb7-a7d3-928aa67e204d - - - - - -] Successfully bumped revision number for resource cf8673ee-d2f5-419e-8e58-965c90ccb54a (type: subnets) to 0 [pid: 8|app: 0|req: 1004/1926] 10.0.0.58 () {32 vars in 723 bytes} [Mon Mar 2 19:44:50 2026] DELETE /v2.0/subnets/99fcae76-0d7c-4205-a664-b7ce1e638519 => generated 0 bytes in 231 msecs (HTTP/1.1 204) 3 headers in 131 bytes (1 switches on core 0) [pid: 7|app: 0|req: 923/1927] 10.0.0.58 () {34 vars in 668 bytes} [Mon Mar 2 19:44:49 2026] POST /v2.0/subnets => generated 647 bytes in 862 msecs (HTTP/1.1 201) 4 headers in 162 bytes (1 switches on core 0)
2026-03-02 19:44:50.681 7 WARNING neutron.api.v2.base [None req-9c663613-66e2-4b6d-9812-22dc44c9abaf 3c24cb5fb44647789519ceb374cda0a9 dd9cc4dee3024067a08b20c567787bb9 - - default default] An exception happened while processing the request body. The exception message is [Invalid input for target_tenant. Reason: '1234123412341234123412341234123412341234123412341234123412341234123412341234123412341234123412341234123412341234123412341234123412341234123412341234123412341234123412341234123412341234123412341234123412341234123412341234123412341234123412341234123412341234123412341234123412341234123412341234123412341234123412341234123412341234123412341234123412341234123412341234123412341234123412341234123412341234' exceeds maximum length of 255.].: webob.exc.HTTPBadRequest: Invalid input for target_tenant. Reason: '1234123412341234123412341234123412341234123412341234123412341234123412341234123412341234123412341234123412341234123412341234123412341234123412341234123412341234123412341234123412341234123412341234123412341234123412341234123412341234123412341234123412341234123412341234123412341234123412341234123412341234123412341234123412341234123412341234123412341234123412341234123412341234123412341234123412341234' exceeds maximum length of 255.
2026-03-02 19:44:50.682 7 INFO neutron.api.v2.resource [None req-9c663613-66e2-4b6d-9812-22dc44c9abaf 3c24cb5fb44647789519ceb374cda0a9 dd9cc4dee3024067a08b20c567787bb9 - - default default] create failed (client error): Invalid input for target_tenant. Reason: '1234123412341234123412341234123412341234123412341234123412341234123412341234123412341234123412341234123412341234123412341234123412341234123412341234123412341234123412341234123412341234123412341234123412341234123412341234123412341234123412341234123412341234123412341234123412341234123412341234123412341234123412341234123412341234123412341234123412341234123412341234123412341234123412341234123412341234' exceeds maximum length of 255. [pid: 7|app: 0|req: 924/1928] 10.0.0.58 () {34 vars in 680 bytes} [Mon Mar 2 19:44:50 2026] POST /v2.0/rbac-policies => generated 547 bytes in 8 msecs (HTTP/1.1 400) 4 headers in 166 bytes (1 switches on core 0)
2026-03-02 19:44:50.794 8 INFO neutron_taas.services.taas.taas_plugin [None req-6a7fcb36-35ad-406b-8b04-d1f36823e817 ace4f7fd82c04244be94d3116d38ec35 2a0c5ca351a842e490d8a3c16c8f251f - - default default] TaaS: Handle Delete Port: 56410be3-18cb-498b-ba1c-def9433190a2
2026-03-02 19:44:50.797 8 INFO neutron_taas.services.taas.tap_mirror_plugin [None req-6a7fcb36-35ad-406b-8b04-d1f36823e817 ace4f7fd82c04244be94d3116d38ec35 2a0c5ca351a842e490d8a3c16c8f251f - - default default] Tap Mirror: Handle Delete Port: 56410be3-18cb-498b-ba1c-def9433190a2
2026-03-02 19:44:50.828 7 INFO neutron_taas.services.taas.taas_plugin [None req-540b8642-8bc1-4e6b-b3de-5d95a49af4e5 3c24cb5fb44647789519ceb374cda0a9 dd9cc4dee3024067a08b20c567787bb9 - - default default] TaaS: Handle Delete Port: b97ae240-3754-4000-8a49-cdc56ad6ec2a
2026-03-02 19:44:50.830 7 INFO neutron_taas.services.taas.tap_mirror_plugin [None req-540b8642-8bc1-4e6b-b3de-5d95a49af4e5 3c24cb5fb44647789519ceb374cda0a9 dd9cc4dee3024067a08b20c567787bb9 - - default default] Tap Mirror: Handle Delete Port: b97ae240-3754-4000-8a49-cdc56ad6ec2a
2026-03-02 19:44:51.012 8 INFO neutron.services.segments.plugin [-] Segment 78d311c0-084c-4335-9462-a4a930bfaeac resource provider aggregate not found
2026-03-02 19:44:51.020 8 INFO neutron.services.segments.plugin [-] Segment 78d311c0-084c-4335-9462-a4a930bfaeac resource provider aggregate not found
2026-03-02 19:44:51.043 8 INFO neutron.services.segments.plugin [-] Segment 78d311c0-084c-4335-9462-a4a930bfaeac resource provider not found; error: Placement Client Error (4xx): {"errors": [{"status": 404, "title": "Not Found", "detail": "The resource could not be found.\n\n No resource provider with uuid 78d311c0-084c-4335-9462-a4a930bfaeac found for delete ", "request_id": "req-0cb42898-77ba-460e-a982-c7c17fdc5acd"}]}
2026-03-02 19:44:51.049 8 INFO neutron.services.segments.plugin [-] Segment 78d311c0-084c-4335-9462-a4a930bfaeac resource provider not found; error: Placement Client Error (4xx): {"errors": [{"status": 404, "title": "Not Found", "detail": "The resource could not be found.\n\n No resource provider with uuid 78d311c0-084c-4335-9462-a4a930bfaeac found for delete ", "request_id": "req-6c6d96fc-859b-4aae-8c25-1bd55ec8f135"}]} [pid: 8|app: 0|req: 1005/1929] 10.0.0.58 () {32 vars in 725 bytes} [Mon Mar 2 19:44:50 2026] DELETE /v2.0/networks/7d170ed0-db91-447c-87ec-66f132e22c52 => generated 0 bytes in 433 msecs (HTTP/1.1 204) 3 headers in 131 bytes (1 switches on core 0)
2026-03-02 19:44:51.271 8 INFO neutron_taas.services.taas.taas_plugin [None req-8efbbeb6-311d-4203-90ff-a74ae3d032ce ace4f7fd82c04244be94d3116d38ec35 2a0c5ca351a842e490d8a3c16c8f251f - - default default] TaaS: Handle Delete Port: 956f0cd6-1699-42d4-8a60-34d45cb4193b
2026-03-02 19:44:51.274 8 INFO neutron_taas.services.taas.tap_mirror_plugin [None req-8efbbeb6-311d-4203-90ff-a74ae3d032ce ace4f7fd82c04244be94d3116d38ec35 2a0c5ca351a842e490d8a3c16c8f251f - - default default] Tap Mirror: Handle Delete Port: 956f0cd6-1699-42d4-8a60-34d45cb4193b [pid: 7|app: 0|req: 925/1930] 10.0.0.58 () {32 vars in 725 bytes} [Mon Mar 2 19:44:50 2026] DELETE /v2.0/networks/70c5e6ff-bc3c-4ccd-9ab2-64f21bbbb856 => generated 0 bytes in 594 msecs (HTTP/1.1 204) 3 headers in 131 bytes (1 switches on core 0)
2026-03-02 19:44:51.390 7 INFO neutron.db.segments_db [None req-d8c6af8d-7e1c-44f9-a744-73f1bb572d95 3c24cb5fb44647789519ceb374cda0a9 dd9cc4dee3024067a08b20c567787bb9 - - default default] Added segment c16aebdb-437b-4219-a8be-456cff992191 of type geneve for network 838fc442-95dd-4255-9972-5d84625fee99
2026-03-02 19:44:51.562 7 INFO neutron.db.ovn_revision_numbers_db [None req-d8c6af8d-7e1c-44f9-a744-73f1bb572d95 3c24cb5fb44647789519ceb374cda0a9 dd9cc4dee3024067a08b20c567787bb9 - - default default] Successfully bumped revision number for resource 838fc442-95dd-4255-9972-5d84625fee99 (type: networks) to 1 [pid: 8|app: 0|req: 1006/1931] 10.0.0.58 () {32 vars in 725 bytes} [Mon Mar 2 19:44:51 2026] DELETE /v2.0/networks/d3d369a8-7abc-4b89-b559-c6409a4fd740 => generated 0 bytes in 454 msecs (HTTP/1.1 204) 3 headers in 131 bytes (1 switches on core 0)
2026-03-02 19:44:51.675 8 INFO neutron.db.segments_db [None req-9aad2d72-8414-47d4-8a68-ceb9556b724d ace4f7fd82c04244be94d3116d38ec35 2a0c5ca351a842e490d8a3c16c8f251f - - default default] Added segment 2168db01-9db8-4402-8189-e56cc493ed82 of type geneve for network f012f280-4b37-44db-ab90-ec778b8a7938
2026-03-02 19:44:51.731 7 WARNING neutron.scheduler.dhcp_agent_scheduler [None req-d8c6af8d-7e1c-44f9-a744-73f1bb572d95 3c24cb5fb44647789519ceb374cda0a9 dd9cc4dee3024067a08b20c567787bb9 - - default default] No more DHCP agents
2026-03-02 19:44:51.732 7 WARNING neutron.api.rpc.agentnotifiers.dhcp_rpc_agent_api [None req-d8c6af8d-7e1c-44f9-a744-73f1bb572d95 3c24cb5fb44647789519ceb374cda0a9 dd9cc4dee3024067a08b20c567787bb9 - - default default] Unable to schedule network 838fc442-95dd-4255-9972-5d84625fee99: no agents available; will retry on subsequent port and subnet creation events.
2026-03-02 19:44:51.806 7 INFO neutron.plugins.ml2.drivers.ovn.mech_driver.mech_driver [None req-8e33a3b9-eb43-4448-b44e-9908c6d541f2 - - - - - -] OVN reports status down for port: 43c2d71f-67ec-48a2-bee6-3eb9819846fd
2026-03-02 19:44:51.881 8 INFO neutron.db.ovn_revision_numbers_db [None req-9aad2d72-8414-47d4-8a68-ceb9556b724d ace4f7fd82c04244be94d3116d38ec35 2a0c5ca351a842e490d8a3c16c8f251f - - default default] Successfully bumped revision number for resource f012f280-4b37-44db-ab90-ec778b8a7938 (type: networks) to 1
2026-03-02 19:44:51.907 7 INFO neutron.services.segments.plugin [-] Segment 5537254a-c6d6-40b7-bd35-12ff95be9385 resource provider aggregate not found
2026-03-02 19:44:51.918 7 INFO neutron.services.segments.plugin [-] Segment 5537254a-c6d6-40b7-bd35-12ff95be9385 resource provider aggregate not found
2026-03-02 19:44:51.923 7 INFO neutron.db.ovn_revision_numbers_db [None req-d8c6af8d-7e1c-44f9-a744-73f1bb572d95 3c24cb5fb44647789519ceb374cda0a9 dd9cc4dee3024067a08b20c567787bb9 - - default default] Successfully bumped revision number for resource 43c2d71f-67ec-48a2-bee6-3eb9819846fd (type: ports) to 1
2026-03-02 19:44:51.927 7 INFO neutron.services.segments.plugin [-] Segment 5537254a-c6d6-40b7-bd35-12ff95be9385 resource provider not found; error: Placement Client Error (4xx): {"errors": [{"status": 404, "title": "Not Found", "detail": "The resource could not be found.\n\n No resource provider with uuid 5537254a-c6d6-40b7-bd35-12ff95be9385 found for delete ", "request_id": "req-1b96b96f-08e8-440a-879a-159669c7da06"}]}
2026-03-02 19:44:51.944 7 INFO neutron.services.segments.plugin [-] Segment 5537254a-c6d6-40b7-bd35-12ff95be9385 resource provider not found; error: Placement Client Error (4xx): {"errors": [{"status": 404, "title": "Not Found", "detail": "The resource could not be found.\n\n No resource provider with uuid 5537254a-c6d6-40b7-bd35-12ff95be9385 found for delete ", "request_id": "req-e5c5fac1-4701-4f1b-b163-6d4151d6d245"}]} [pid: 7|app: 0|req: 926/1932] 10.0.0.58 () {34 vars in 669 bytes} [Mon Mar 2 19:44:51 2026] POST /v2.0/networks => generated 749 bytes in 699 msecs (HTTP/1.1 201) 4 headers in 162 bytes (1 switches on core 0)
2026-03-02 19:44:52.090 8 WARNING neutron.scheduler.dhcp_agent_scheduler [None req-9aad2d72-8414-47d4-8a68-ceb9556b724d ace4f7fd82c04244be94d3116d38ec35 2a0c5ca351a842e490d8a3c16c8f251f - - default default] No more DHCP agents
2026-03-02 19:44:52.092 8 WARNING neutron.api.rpc.agentnotifiers.dhcp_rpc_agent_api [None req-9aad2d72-8414-47d4-8a68-ceb9556b724d ace4f7fd82c04244be94d3116d38ec35 2a0c5ca351a842e490d8a3c16c8f251f - - default default] Unable to schedule network f012f280-4b37-44db-ab90-ec778b8a7938: no agents available; will retry on subsequent port and subnet creation events.
2026-03-02 19:44:52.186 7 WARNING neutron.scheduler.dhcp_agent_scheduler [None req-99131858-d69e-457f-a64c-563e03491dac 3c24cb5fb44647789519ceb374cda0a9 dd9cc4dee3024067a08b20c567787bb9 - - default default] No more DHCP agents
2026-03-02 19:44:52.188 7 WARNING neutron.api.rpc.agentnotifiers.dhcp_rpc_agent_api [None req-99131858-d69e-457f-a64c-563e03491dac 3c24cb5fb44647789519ceb374cda0a9 dd9cc4dee3024067a08b20c567787bb9 - - default default] Unable to schedule network 838fc442-95dd-4255-9972-5d84625fee99: no agents available; will retry on subsequent port and subnet creation events.
2026-03-02 19:44:52.212 7 INFO neutron.plugins.ml2.drivers.ovn.mech_driver.mech_driver [None req-8e33a3b9-eb43-4448-b44e-9908c6d541f2 - - - - - -] OVN reports status down for port: c1e0de62-3cee-4d2a-ab2e-a1b46c36c892
2026-03-02 19:44:52.235 8 INFO neutron.db.ovn_revision_numbers_db [None req-9aad2d72-8414-47d4-8a68-ceb9556b724d ace4f7fd82c04244be94d3116d38ec35 2a0c5ca351a842e490d8a3c16c8f251f - - default default] Successfully bumped revision number for resource c1e0de62-3cee-4d2a-ab2e-a1b46c36c892 (type: ports) to 1 [pid: 8|app: 0|req: 1007/1933] 10.0.0.58 () {34 vars in 669 bytes} [Mon Mar 2 19:44:51 2026] POST /v2.0/networks => generated 648 bytes in 698 msecs (HTTP/1.1 201) 4 headers in 162 bytes (1 switches on core 0)
2026-03-02 19:44:52.467 8 WARNING neutron.scheduler.dhcp_agent_scheduler [None req-43b0c969-f7fb-414a-957d-48de07b052ea ace4f7fd82c04244be94d3116d38ec35 2a0c5ca351a842e490d8a3c16c8f251f - - default default] No more DHCP agents
2026-03-02 19:44:52.469 8 WARNING neutron.api.rpc.agentnotifiers.dhcp_rpc_agent_api [None req-43b0c969-f7fb-414a-957d-48de07b052ea ace4f7fd82c04244be94d3116d38ec35 2a0c5ca351a842e490d8a3c16c8f251f - - default default] Unable to schedule network f012f280-4b37-44db-ab90-ec778b8a7938: no agents available; will retry on subsequent port and subnet creation events.
2026-03-02 19:44:52.764 7 INFO neutron.db.ovn_revision_numbers_db [None req-3cf295a2-67ed-4451-b5e8-025160af2146 - - - - - -] Successfully bumped revision number for resource 43c2d71f-67ec-48a2-bee6-3eb9819846fd (type: ports) to 2
2026-03-02 19:44:52.798 7 INFO neutron.db.ovn_revision_numbers_db [None req-3cf295a2-67ed-4451-b5e8-025160af2146 - - - - - -] Successfully bumped revision number for resource 46e83b6f-d5a5-4e82-a58c-39dee47023af (type: subnets) to 0 [pid: 7|app: 0|req: 927/1934] 10.0.0.58 () {34 vars in 668 bytes} [Mon Mar 2 19:44:51 2026] POST /v2.0/subnets => generated 647 bytes in 825 msecs (HTTP/1.1 201) 4 headers in 162 bytes (1 switches on core 0)
2026-03-02 19:44:53.068 8 INFO neutron.services.segments.plugin [-] Segment 6b021245-8e29-40db-97e8-96fa95719618 resource provider aggregate not found
2026-03-02 19:44:53.075 8 INFO neutron.services.segments.plugin [-] Segment 6b021245-8e29-40db-97e8-96fa95719618 resource provider aggregate not found
2026-03-02 19:44:53.094 8 INFO neutron.services.segments.plugin [-] Segment 6b021245-8e29-40db-97e8-96fa95719618 resource provider not found; error: Placement Client Error (4xx): {"errors": [{"status": 404, "title": "Not Found", "detail": "The resource could not be found.\n\n No resource provider with uuid 6b021245-8e29-40db-97e8-96fa95719618 found for delete ", "request_id": "req-511f84d1-2ca7-4049-8c23-53f00a7bbc0c"}]}
2026-03-02 19:44:53.101 8 INFO neutron.services.segments.plugin [-] Segment 6b021245-8e29-40db-97e8-96fa95719618 resource provider not found; error: Placement Client Error (4xx): {"errors": [{"status": 404, "title": "Not Found", "detail": "The resource could not be found.\n\n No resource provider with uuid 6b021245-8e29-40db-97e8-96fa95719618 found for delete ", "request_id": "req-2e172cd7-17e7-4ff7-ae6d-97c8e9dbe1f0"}]}
2026-03-02 19:44:53.123 8 INFO neutron.db.ovn_revision_numbers_db [None req-410ad217-d860-434b-9752-ee62721d8ff3 - - - - - -] Successfully bumped revision number for resource c1e0de62-3cee-4d2a-ab2e-a1b46c36c892 (type: ports) to 2 [pid: 7|app: 0|req: 928/1935] 10.0.0.58 () {34 vars in 680 bytes} [Mon Mar 2 19:44:52 2026] POST /v2.0/rbac-policies => generated 324 bytes in 315 msecs (HTTP/1.1 201) 4 headers in 162 bytes (1 switches on core 0)
2026-03-02 19:44:53.166 8 INFO neutron.db.ovn_revision_numbers_db [None req-410ad217-d860-434b-9752-ee62721d8ff3 - - - - - -] Successfully bumped revision number for resource 2b0dd1d2-73e8-4993-9d00-6e2c07b81149 (type: subnets) to 0 [pid: 8|app: 0|req: 1008/1936] 10.0.0.58 () {34 vars in 668 bytes} [Mon Mar 2 19:44:52 2026] POST /v2.0/subnets => generated 626 bytes in 899 msecs (HTTP/1.1 201) 4 headers in 162 bytes (1 switches on core 0)
2026-03-02 19:44:53.303 7 INFO neutron.db.ovn_revision_numbers_db [None req-97b83f5c-f3c3-47ae-bc79-3ff299aca44e ace4f7fd82c04244be94d3116d38ec35 2a0c5ca351a842e490d8a3c16c8f251f - - default default] Successfully bumped revision number for resource baaf524c-f04a-4902-a34b-7156f114cb4d (type: routers) to 1 [pid: 7|app: 0|req: 929/1937] 10.0.0.58 () {34 vars in 668 bytes} [Mon Mar 2 19:44:53 2026] POST /v2.0/routers => generated 603 bytes in 131 msecs (HTTP/1.1 201) 4 headers in 162 bytes (1 switches on core 0)
2026-03-02 19:44:53.626 7 WARNING neutron.scheduler.dhcp_agent_scheduler [None req-bae6558f-1bdc-46e9-8e93-99953e4603db ace4f7fd82c04244be94d3116d38ec35 2a0c5ca351a842e490d8a3c16c8f251f - - default default] No more DHCP agents
2026-03-02 19:44:53.631 7 WARNING neutron.api.rpc.agentnotifiers.dhcp_rpc_agent_api [None req-bae6558f-1bdc-46e9-8e93-99953e4603db ace4f7fd82c04244be94d3116d38ec35 2a0c5ca351a842e490d8a3c16c8f251f - - default default] Unable to schedule network f012f280-4b37-44db-ab90-ec778b8a7938: no agents available; will retry on subsequent port and subnet creation events.
2026-03-02 19:44:53.699 8 INFO neutron.db.ovn_revision_numbers_db [None req-645ea0ec-f7d1-4416-bf77-c2eb49726ff8 11805f12d60b4d528a4985078719c8a1 558ce909e5774889af8b1f907382725e - - default default] Successfully bumped revision number for resource 9f57ecbe-a52a-478f-a59f-bfcde5e77d25 (type: security_groups) to 1
2026-03-02 19:44:53.712 8 INFO neutron.db.ovn_revision_numbers_db [None req-645ea0ec-f7d1-4416-bf77-c2eb49726ff8 11805f12d60b4d528a4985078719c8a1 558ce909e5774889af8b1f907382725e - - default default] Successfully bumped revision number for resource 2566c1c5-d8b1-4181-ac10-d900cfb45fe0 (type: security_group_rules) to 0
2026-03-02 19:44:53.722 8 INFO neutron.db.ovn_revision_numbers_db [None req-645ea0ec-f7d1-4416-bf77-c2eb49726ff8 11805f12d60b4d528a4985078719c8a1 558ce909e5774889af8b1f907382725e - - default default] Successfully bumped revision number for resource 40cc2177-a670-4afa-b385-eac76d2bb2e2 (type: security_group_rules) to 0
2026-03-02 19:44:53.733 8 INFO neutron.db.ovn_revision_numbers_db [None req-645ea0ec-f7d1-4416-bf77-c2eb49726ff8 11805f12d60b4d528a4985078719c8a1 558ce909e5774889af8b1f907382725e - - default default] Successfully bumped revision number for resource 921becd0-7ad8-4c6a-9dd1-9472ad50666f (type: security_group_rules) to 0
2026-03-02 19:44:53.744 8 INFO neutron.db.ovn_revision_numbers_db [None req-645ea0ec-f7d1-4416-bf77-c2eb49726ff8 11805f12d60b4d528a4985078719c8a1 558ce909e5774889af8b1f907382725e - - default default] Successfully bumped revision number for resource e4aa8dc6-f244-4bdc-9fc2-7f86f8b6d5e3 (type: security_group_rules) to 0
2026-03-02 19:44:53.809 7 INFO neutron.plugins.ml2.drivers.ovn.mech_driver.mech_driver [None req-8e33a3b9-eb43-4448-b44e-9908c6d541f2 - - - - - -] OVN reports status down for port: e7000d0a-b7ec-463e-acda-3cb168529724
2026-03-02 19:44:53.848 8 INFO neutron.db.segments_db [None req-645ea0ec-f7d1-4416-bf77-c2eb49726ff8 11805f12d60b4d528a4985078719c8a1 558ce909e5774889af8b1f907382725e - - default default] Added segment 90b19087-1f2e-49bc-a8e7-df81fc4673d4 of type geneve for network 67af76e3-17bb-4a0f-8c89-aa8819071178
2026-03-02 19:44:53.876 7 INFO neutron.db.ovn_revision_numbers_db [None req-bae6558f-1bdc-46e9-8e93-99953e4603db ace4f7fd82c04244be94d3116d38ec35 2a0c5ca351a842e490d8a3c16c8f251f - - default default] Successfully bumped revision number for resource e7000d0a-b7ec-463e-acda-3cb168529724 (type: ports) to 1
2026-03-02 19:44:53.968 8 INFO neutron.db.ovn_revision_numbers_db [None req-645ea0ec-f7d1-4416-bf77-c2eb49726ff8 11805f12d60b4d528a4985078719c8a1 558ce909e5774889af8b1f907382725e - - default default] Successfully bumped revision number for resource 67af76e3-17bb-4a0f-8c89-aa8819071178 (type: networks) to 1 [pid: 7|app: 0|req: 930/1938] 10.0.0.58 () {34 vars in 664 bytes} [Mon Mar 2 19:44:53 2026] POST /v2.0/ports => generated 952 bytes in 653 msecs (HTTP/1.1 201) 4 headers in 162 bytes (1 switches on core 0) /var/lib/openstack/lib/python3.12/site-packages/pycadf/identifier.py:70: UserWarning: Invalid uuid: neutron. To ensure interoperability, identifiers should be a valid uuid. warnings.warn(('Invalid uuid: %s. To ensure interoperability, ' [pid: 7|app: 0|req: 931/1939] 10.0.0.58 () {32 vars in 722 bytes} [Mon Mar 2 19:44:53 2026] GET /v2.0/networks/838fc442-95dd-4255-9972-5d84625fee99 => generated 693 bytes in 135 msecs (HTTP/1.1 200) 4 headers in 157 bytes (1 switches on core 0)
2026-03-02 19:44:54.137 8 WARNING neutron.scheduler.dhcp_agent_scheduler [None req-645ea0ec-f7d1-4416-bf77-c2eb49726ff8 11805f12d60b4d528a4985078719c8a1 558ce909e5774889af8b1f907382725e - - default default] No more DHCP agents
2026-03-02 19:44:54.138 8 WARNING neutron.api.rpc.agentnotifiers.dhcp_rpc_agent_api [None req-645ea0ec-f7d1-4416-bf77-c2eb49726ff8 11805f12d60b4d528a4985078719c8a1 558ce909e5774889af8b1f907382725e - - default default] Unable to schedule network 67af76e3-17bb-4a0f-8c89-aa8819071178: no agents available; will retry on subsequent port and subnet creation events.
2026-03-02 19:44:54.224 7 INFO neutron.plugins.ml2.drivers.ovn.mech_driver.mech_driver [None req-8e33a3b9-eb43-4448-b44e-9908c6d541f2 - - - - - -] OVN reports status down for port: 5e27f67b-587e-4c5e-8e4e-e33682b77ffa
2026-03-02 19:44:54.234 8 INFO neutron.db.ovn_revision_numbers_db [None req-645ea0ec-f7d1-4416-bf77-c2eb49726ff8 11805f12d60b4d528a4985078719c8a1 558ce909e5774889af8b1f907382725e - - default default] Successfully bumped revision number for resource 5e27f67b-587e-4c5e-8e4e-e33682b77ffa (type: ports) to 1 [pid: 8|app: 0|req: 1009/1940] 10.0.0.58 () {34 vars in 669 bytes} [Mon Mar 2 19:44:53 2026] POST /v2.0/networks => generated 651 bytes in 1010 msecs (HTTP/1.1 201) 4 headers in 162 bytes (1 switches on core 0)
2026-03-02 19:44:54.354 7 INFO neutron.db.ovn_revision_numbers_db [None req-e806a74a-57d3-4e26-951f-f46e71c69bb0 2c969bbcea424f4f98dc0d92e0996b69 1a37696a51444277b3d3f568f00e3f2f - - default default] Successfully bumped revision number for resource 56d9cd4a-2459-4a15-b50b-73621201adc6 (type: security_groups) to 1
2026-03-02 19:44:54.380 7 INFO neutron.db.ovn_revision_numbers_db [None req-e806a74a-57d3-4e26-951f-f46e71c69bb0 2c969bbcea424f4f98dc0d92e0996b69 1a37696a51444277b3d3f568f00e3f2f - - default default] Successfully bumped revision number for resource 1dc1db2c-4255-48b3-a85d-8e0878b11fdd (type: security_group_rules) to 0
2026-03-02 19:44:54.401 7 INFO neutron.db.ovn_revision_numbers_db [None req-e806a74a-57d3-4e26-951f-f46e71c69bb0 2c969bbcea424f4f98dc0d92e0996b69 1a37696a51444277b3d3f568f00e3f2f - - default default] Successfully bumped revision number for resource 546f7e24-99d4-4f07-9c9e-cb2749514123 (type: security_group_rules) to 0
2026-03-02 19:44:54.417 7 INFO neutron.db.ovn_revision_numbers_db [None req-e806a74a-57d3-4e26-951f-f46e71c69bb0 2c969bbcea424f4f98dc0d92e0996b69 1a37696a51444277b3d3f568f00e3f2f - - default default] Successfully bumped revision number for resource bdf955da-219d-44b1-b370-9579eef099ca (type: security_group_rules) to 0
2026-03-02 19:44:54.433 7 INFO neutron.db.ovn_revision_numbers_db [None req-e806a74a-57d3-4e26-951f-f46e71c69bb0 2c969bbcea424f4f98dc0d92e0996b69 1a37696a51444277b3d3f568f00e3f2f - - default default] Successfully bumped revision number for resource d7d34e3e-4b52-43f1-b704-1fcd4fa99105 (type: security_group_rules) to 0 [pid: 7|app: 0|req: 932/1943] 10.0.0.58 () {32 vars in 773 bytes} [Mon Mar 2 19:44:54 2026] GET /v2.0/security-groups?tenant_id=7e59337b92fd4ad1b20509dce0e65e61&name=default => generated 2925 bytes in 364 msecs (HTTP/1.1 200) 4 headers in 158 bytes (1 switches on core 0)
2026-03-02 19:44:54.668 7 WARNING neutron.scheduler.dhcp_agent_scheduler [None req-28ba4b18-d8b3-45cb-9791-02c3ad3505ed 11805f12d60b4d528a4985078719c8a1 558ce909e5774889af8b1f907382725e - - default default] No more DHCP agents
2026-03-02 19:44:54.670 7 WARNING neutron.api.rpc.agentnotifiers.dhcp_rpc_agent_api [None req-28ba4b18-d8b3-45cb-9791-02c3ad3505ed 11805f12d60b4d528a4985078719c8a1 558ce909e5774889af8b1f907382725e - - default default] Unable to schedule network 67af76e3-17bb-4a0f-8c89-aa8819071178: no agents available; will retry on subsequent port and subnet creation events.
2026-03-02 19:44:54.735 7 INFO neutron.plugins.ml2.drivers.ovn.mech_driver.mech_driver [None req-8e33a3b9-eb43-4448-b44e-9908c6d541f2 - - - - - -] OVN reports status down for port: b08c9476-d275-45a7-8083-0fd949842cf6
2026-03-02 19:44:54.807 7 INFO neutron.db.ovn_revision_numbers_db [None req-28ba4b18-d8b3-45cb-9791-02c3ad3505ed 11805f12d60b4d528a4985078719c8a1 558ce909e5774889af8b1f907382725e - - default default] Successfully bumped revision number for resource b08c9476-d275-45a7-8083-0fd949842cf6 (type: ports) to 1 [pid: 7|app: 0|req: 933/1944] 10.0.0.58 () {34 vars in 663 bytes} [Mon Mar 2 19:44:54 2026] POST /v2.0/ports => generated 743 bytes in 429 msecs (HTTP/1.1 201) 4 headers in 162 bytes (1 switches on core 0) /var/lib/openstack/lib/python3.12/site-packages/pycadf/identifier.py:70: UserWarning: Invalid uuid: neutron. To ensure interoperability, identifiers should be a valid uuid. warnings.warn(('Invalid uuid: %s. To ensure interoperability, '
2026-03-02 19:44:54.940 8 INFO neutron.db.ovn_revision_numbers_db [None req-950d5ee3-233e-4b38-8782-29f9e13d3d16 ace4f7fd82c04244be94d3116d38ec35 2a0c5ca351a842e490d8a3c16c8f251f - - default default] Successfully bumped revision number for resource e7000d0a-b7ec-463e-acda-3cb168529724 (type: ports) to 2
2026-03-02 19:44:54.957 7 INFO neutron.pecan_wsgi.hooks.translation [None req-eec2878b-0dcd-4c27-a839-0e8d96bf5b0a 9ea15127f7a449ae8586490317953c7a 1804dbf60338493b9591403060899cde - - default default] GET failed (client error): The resource could not be found. [pid: 7|app: 0|req: 934/1945] 10.0.0.58 () {32 vars in 722 bytes} [Mon Mar 2 19:44:54 2026] GET /v2.0/networks/838fc442-95dd-4255-9972-5d84625fee99 => generated 138 bytes in 55 msecs (HTTP/1.1 404) 4 headers in 164 bytes (1 switches on core 0)
2026-03-02 19:44:54.979 7 INFO neutron.plugins.ml2.drivers.ovn.mech_driver.mech_driver [None req-8e33a3b9-eb43-4448-b44e-9908c6d541f2 - - - - - -] OVN reports status up for port: e7000d0a-b7ec-463e-acda-3cb168529724
2026-03-02 19:44:55.002 7 INFO neutron.plugins.ml2.plugin [None req-8e33a3b9-eb43-4448-b44e-9908c6d541f2 - - - - - -] Attempt 1 to provision port e7000d0a-b7ec-463e-acda-3cb168529724 [pid: 7|app: 0|req: 935/1946] 10.0.0.58 () {32 vars in 739 bytes} [Mon Mar 2 19:44:54 2026] DELETE /v2.0/security-groups/56d9cd4a-2459-4a15-b50b-73621201adc6 => generated 0 bytes in 449 msecs (HTTP/1.1 204) 2 headers in 112 bytes (1 switches on core 0)
2026-03-02 19:44:55.530 7 INFO neutron.db.ovn_revision_numbers_db [None req-8e33a3b9-eb43-4448-b44e-9908c6d541f2 - - - - - -] Successfully bumped revision number for resource e7000d0a-b7ec-463e-acda-3cb168529724 (type: ports) to 3
2026-03-02 19:44:55.572 7 INFO neutron.db.segments_db [None req-1b0c460b-ef96-4502-96cb-aa6b4db64dd4 11805f12d60b4d528a4985078719c8a1 558ce909e5774889af8b1f907382725e - - default default] Added segment 30436985-9eb7-4ec0-8fa6-6f5c0e0e973a of type geneve for network a5f26d35-3a5f-4ec2-a900-2bb67d237460
2026-03-02 19:44:55.735 7 INFO neutron.db.ovn_revision_numbers_db [None req-1b0c460b-ef96-4502-96cb-aa6b4db64dd4 11805f12d60b4d528a4985078719c8a1 558ce909e5774889af8b1f907382725e - - default default] Successfully bumped revision number for resource a5f26d35-3a5f-4ec2-a900-2bb67d237460 (type: networks) to 1
2026-03-02 19:44:55.889 7 WARNING neutron.scheduler.dhcp_agent_scheduler [None req-1b0c460b-ef96-4502-96cb-aa6b4db64dd4 11805f12d60b4d528a4985078719c8a1 558ce909e5774889af8b1f907382725e - - default default] No more DHCP agents
2026-03-02 19:44:55.891 7 WARNING neutron.api.rpc.agentnotifiers.dhcp_rpc_agent_api [None req-1b0c460b-ef96-4502-96cb-aa6b4db64dd4 11805f12d60b4d528a4985078719c8a1 558ce909e5774889af8b1f907382725e - - default default] Unable to schedule network a5f26d35-3a5f-4ec2-a900-2bb67d237460: no agents available; will retry on subsequent port and subnet creation events.
2026-03-02 19:44:55.992 7 INFO neutron.db.ovn_revision_numbers_db [None req-1b0c460b-ef96-4502-96cb-aa6b4db64dd4 11805f12d60b4d528a4985078719c8a1 558ce909e5774889af8b1f907382725e - - default default] Successfully bumped revision number for resource 810eef04-c719-4407-8765-b31ae38d5c1f (type: ports) to 1 [pid: 7|app: 0|req: 936/1947] 10.0.0.58 () {34 vars in 669 bytes} [Mon Mar 2 19:44:55 2026] POST /v2.0/networks => generated 651 bytes in 607 msecs (HTTP/1.1 201) 4 headers in 162 bytes (1 switches on core 0) /var/lib/openstack/lib/python3.12/site-packages/pycadf/identifier.py:70: UserWarning: Invalid uuid: neutron. To ensure interoperability, identifiers should be a valid uuid. warnings.warn(('Invalid uuid: %s. To ensure interoperability, '
2026-03-02 19:44:56.137 7 INFO neutron_taas.services.taas.taas_plugin [None req-872a5fa7-c2f0-4e71-9873-43a0aaebf5ca 3c24cb5fb44647789519ceb374cda0a9 dd9cc4dee3024067a08b20c567787bb9 - - default default] TaaS: Handle Delete Port: 43c2d71f-67ec-48a2-bee6-3eb9819846fd
2026-03-02 19:44:56.139 7 INFO neutron_taas.services.taas.tap_mirror_plugin [None req-872a5fa7-c2f0-4e71-9873-43a0aaebf5ca 3c24cb5fb44647789519ceb374cda0a9 dd9cc4dee3024067a08b20c567787bb9 - - default default] Tap Mirror: Handle Delete Port: 43c2d71f-67ec-48a2-bee6-3eb9819846fd
2026-03-02 19:44:56.292 8 WARNING neutron.scheduler.dhcp_agent_scheduler [None req-950d5ee3-233e-4b38-8782-29f9e13d3d16 ace4f7fd82c04244be94d3116d38ec35 2a0c5ca351a842e490d8a3c16c8f251f - - default default] No more DHCP agents
2026-03-02 19:44:56.297 8 WARNING neutron.api.rpc.agentnotifiers.dhcp_rpc_agent_api [None req-950d5ee3-233e-4b38-8782-29f9e13d3d16 ace4f7fd82c04244be94d3116d38ec35 2a0c5ca351a842e490d8a3c16c8f251f - - default default] Unable to schedule network f012f280-4b37-44db-ab90-ec778b8a7938: no agents available; will retry on subsequent port and subnet creation events.
2026-03-02 19:44:56.454 7 INFO neutron.services.segments.plugin [-] Segment c16aebdb-437b-4219-a8be-456cff992191 resource provider aggregate not found
2026-03-02 19:44:56.460 7 INFO neutron.services.segments.plugin [-] Segment c16aebdb-437b-4219-a8be-456cff992191 resource provider aggregate not found
2026-03-02 19:44:56.478 7 INFO neutron.services.segments.plugin [-] Segment c16aebdb-437b-4219-a8be-456cff992191 resource provider not found; error: Placement Client Error (4xx): {"errors": [{"status": 404, "title": "Not Found", "detail": "The resource could not be found.\n\n No resource provider with uuid c16aebdb-437b-4219-a8be-456cff992191 found for delete ", "request_id": "req-1c3947a5-4362-403d-82e4-19ecc3da054d"}]}
2026-03-02 19:44:56.482 7 INFO neutron.services.segments.plugin [-] Segment c16aebdb-437b-4219-a8be-456cff992191 resource provider not found; error: Placement Client Error (4xx): {"errors": [{"status": 404, "title": "Not Found", "detail": "The resource could not be found.\n\n No resource provider with uuid c16aebdb-437b-4219-a8be-456cff992191 found for delete ", "request_id": "req-d4c6226a-35fe-4fff-9859-788b866726d8"}]}
2026-03-02 19:44:56.534 8 INFO neutron.db.ovn_revision_numbers_db [None req-950d5ee3-233e-4b38-8782-29f9e13d3d16 ace4f7fd82c04244be94d3116d38ec35 2a0c5ca351a842e490d8a3c16c8f251f - - default default] Successfully bumped revision number for resource e7000d0a-b7ec-463e-acda-3cb168529724 (type: router_ports) to 3 [pid: 8|app: 0|req: 1012/1948] 10.0.0.58 () {34 vars in 782 bytes} [Mon Mar 2 19:44:54 2026] PUT /v2.0/routers/baaf524c-f04a-4902-a34b-7156f114cb4d/add_router_interface => generated 309 bytes in 2274 msecs (HTTP/1.1 200) 4 headers in 157 bytes (1 switches on core 0) /var/lib/openstack/lib/python3.12/site-packages/pycadf/identifier.py:70: UserWarning: Invalid uuid: neutron. To ensure interoperability, identifiers should be a valid uuid. warnings.warn(('Invalid uuid: %s. To ensure interoperability, ' [pid: 7|app: 0|req: 937/1949] 10.0.0.58 () {32 vars in 725 bytes} [Mon Mar 2 19:44:56 2026] DELETE /v2.0/networks/838fc442-95dd-4255-9972-5d84625fee99 => generated 0 bytes in 584 msecs (HTTP/1.1 204) 3 headers in 131 bytes (1 switches on core 0) [pid: 7|app: 0|req: 938/1950] 10.0.0.58 () {32 vars in 716 bytes} [Mon Mar 2 19:44:56 2026] GET /v2.0/ports/e7000d0a-b7ec-463e-acda-3cb168529724 => generated 1014 bytes in 39 msecs (HTTP/1.1 200) 4 headers in 158 bytes (1 switches on core 0)
2026-03-02 19:44:56.654 7 INFO neutron.pecan_wsgi.hooks.translation [None req-c9360a15-8892-46ac-a89e-a2edc6ee50e5 3c24cb5fb44647789519ceb374cda0a9 dd9cc4dee3024067a08b20c567787bb9 - - default default] DELETE failed (client error): The resource could not be found. [pid: 7|app: 0|req: 939/1951] 10.0.0.58 () {32 vars in 723 bytes} [Mon Mar 2 19:44:56 2026] DELETE /v2.0/subnets/11523646-31ef-403d-a14e-d2b3b00acb14 => generated 136 bytes in 13 msecs (HTTP/1.1 404) 4 headers in 164 bytes (1 switches on core 0)
2026-03-02 19:44:56.790 8 WARNING neutron.scheduler.dhcp_agent_scheduler [None req-aec3066f-e394-4429-bee1-ea48af2d5b51 11805f12d60b4d528a4985078719c8a1 558ce909e5774889af8b1f907382725e - - default default] No more DHCP agents
2026-03-02 19:44:56.792 8 WARNING neutron.api.rpc.agentnotifiers.dhcp_rpc_agent_api [None req-aec3066f-e394-4429-bee1-ea48af2d5b51 11805f12d60b4d528a4985078719c8a1 558ce909e5774889af8b1f907382725e - - default default] Unable to schedule network a5f26d35-3a5f-4ec2-a900-2bb67d237460: no agents available; will retry on subsequent port and subnet creation events.
2026-03-02 19:44:56.926 8 INFO neutron.db.ovn_revision_numbers_db [None req-aec3066f-e394-4429-bee1-ea48af2d5b51 11805f12d60b4d528a4985078719c8a1 558ce909e5774889af8b1f907382725e - - default default] Successfully bumped revision number for resource 6f2d7d74-cada-409a-9c0b-01960ccd09f7 (type: ports) to 1 [pid: 8|app: 0|req: 1013/1952] 10.0.0.58 () {34 vars in 663 bytes} [Mon Mar 2 19:44:56 2026] POST /v2.0/ports => generated 743 bytes in 441 msecs (HTTP/1.1 201) 4 headers in 162 bytes (1 switches on core 0) /var/lib/openstack/lib/python3.12/site-packages/pycadf/identifier.py:70: UserWarning: Invalid uuid: neutron. To ensure interoperability, identifiers should be a valid uuid. warnings.warn(('Invalid uuid: %s. To ensure interoperability, '
2026-03-02 19:44:56.991 7 INFO neutron_taas.services.taas.taas_plugin [None req-8b18106d-2609-408a-b594-6217546eecdd ace4f7fd82c04244be94d3116d38ec35 2a0c5ca351a842e490d8a3c16c8f251f - - default default] TaaS: Handle Delete Port: e7000d0a-b7ec-463e-acda-3cb168529724
2026-03-02 19:44:56.994 8 INFO neutron.pecan_wsgi.hooks.translation [None req-b4b7e59e-47f3-412d-94b2-ac7228ce86bf 3c24cb5fb44647789519ceb374cda0a9 dd9cc4dee3024067a08b20c567787bb9 - - default default] DELETE failed (client error): The resource could not be found.
2026-03-02 19:44:56.994 7 INFO neutron_taas.services.taas.tap_mirror_plugin [None req-8b18106d-2609-408a-b594-6217546eecdd ace4f7fd82c04244be94d3116d38ec35 2a0c5ca351a842e490d8a3c16c8f251f - - default default] Tap Mirror: Handle Delete Port: e7000d0a-b7ec-463e-acda-3cb168529724 [pid: 8|app: 0|req: 1014/1953] 10.0.0.58 () {32 vars in 723 bytes} [Mon Mar 2 19:44:56 2026] DELETE /v2.0/subnets/cf8673ee-d2f5-419e-8e58-965c90ccb54a => generated 136 bytes in 13 msecs (HTTP/1.1 404) 4 headers in 164 bytes (1 switches on core 0)
2026-03-02 19:44:57.087 8 INFO neutron.db.segments_db [None req-81552713-c785-4a3a-8720-48370a327319 11805f12d60b4d528a4985078719c8a1 558ce909e5774889af8b1f907382725e - - default default] Added segment dc6e239f-ce7f-4e05-aeb0-e748445bf7cd of type geneve for network bdc8b237-ff36-4710-bf54-42e06b5d1ba3
2026-03-02 19:44:57.236 8 INFO neutron.db.ovn_revision_numbers_db [None req-81552713-c785-4a3a-8720-48370a327319 11805f12d60b4d528a4985078719c8a1 558ce909e5774889af8b1f907382725e - - default default] Successfully bumped revision number for resource bdc8b237-ff36-4710-bf54-42e06b5d1ba3 (type: networks) to 1 [pid: 7|app: 0|req: 940/1954] 10.0.0.58 () {34 vars in 788 bytes} [Mon Mar 2 19:44:56 2026] PUT /v2.0/routers/baaf524c-f04a-4902-a34b-7156f114cb4d/remove_router_interface => generated 309 bytes in 719 msecs (HTTP/1.1 200) 4 headers in 157 bytes (1 switches on core 0) /var/lib/openstack/lib/python3.12/site-packages/pycadf/identifier.py:70: UserWarning: Invalid uuid: neutron. To ensure interoperability, identifiers should be a valid uuid. warnings.warn(('Invalid uuid: %s. To ensure interoperability, '
2026-03-02 19:44:57.402 7 INFO neutron.pecan_wsgi.hooks.translation [None req-0269c1b2-d13a-4319-aa37-93092373cf06 3c24cb5fb44647789519ceb374cda0a9 dd9cc4dee3024067a08b20c567787bb9 - - default default] DELETE failed (client error): The resource could not be found. [pid: 7|app: 0|req: 941/1955] 10.0.0.58 () {32 vars in 723 bytes} [Mon Mar 2 19:44:57 2026] DELETE /v2.0/subnets/46e83b6f-d5a5-4e82-a58c-39dee47023af => generated 136 bytes in 29 msecs (HTTP/1.1 404) 4 headers in 164 bytes (1 switches on core 0)
2026-03-02 19:44:57.431 8 WARNING neutron.scheduler.dhcp_agent_scheduler [None req-81552713-c785-4a3a-8720-48370a327319 11805f12d60b4d528a4985078719c8a1 558ce909e5774889af8b1f907382725e - - default default] No more DHCP agents
2026-03-02 19:44:57.433 8 WARNING neutron.api.rpc.agentnotifiers.dhcp_rpc_agent_api [None req-81552713-c785-4a3a-8720-48370a327319 11805f12d60b4d528a4985078719c8a1 558ce909e5774889af8b1f907382725e - - default default] Unable to schedule network bdc8b237-ff36-4710-bf54-42e06b5d1ba3: no agents available; will retry on subsequent port and subnet creation events.
2026-03-02 19:44:57.482 7 INFO neutron.api.v2.resource [None req-7430444d-946d-4072-aa9d-8c111dece61a ace4f7fd82c04244be94d3116d38ec35 2a0c5ca351a842e490d8a3c16c8f251f - - default default] remove_router_interface failed (client error): The resource could not be found. [pid: 7|app: 0|req: 942/1956] 10.0.0.58 () {34 vars in 788 bytes} [Mon Mar 2 19:44:57 2026] PUT /v2.0/routers/baaf524c-f04a-4902-a34b-7156f114cb4d/remove_router_interface => generated 197 bytes in 82 msecs (HTTP/1.1 404) 4 headers in 164 bytes (1 switches on core 0) [pid: 7|app: 0|req: 943/1957] 10.0.0.58 () {32 vars in 735 bytes} [Mon Mar 2 19:44:57 2026] GET /v2.0/ports?device_id=baaf524c-f04a-4902-a34b-7156f114cb4d => generated 12 bytes in 33 msecs (HTTP/1.1 200) 4 headers in 156 bytes (1 switches on core 0)
2026-03-02 19:44:57.538 8 INFO neutron.db.ovn_revision_numbers_db [None req-81552713-c785-4a3a-8720-48370a327319 11805f12d60b4d528a4985078719c8a1 558ce909e5774889af8b1f907382725e - - default default] Successfully bumped revision number for resource aa3c1655-7c68-4651-b35e-6ffdf56cb06f (type: ports) to 1 [pid: 8|app: 0|req: 1015/1958] 10.0.0.58 () {34 vars in 669 bytes} [Mon Mar 2 19:44:56 2026] POST /v2.0/networks => generated 650 bytes in 573 msecs (HTTP/1.1 201) 4 headers in 162 bytes (1 switches on core 0) [pid: 7|app: 0|req: 944/1959] 10.0.0.58 () {32 vars in 723 bytes} [Mon Mar 2 19:44:57 2026] DELETE /v2.0/routers/baaf524c-f04a-4902-a34b-7156f114cb4d => generated 0 bytes in 216 msecs (HTTP/1.1 204) 2 headers in 112 bytes (1 switches on core 0)
2026-03-02 19:44:57.776 8 WARNING neutron.scheduler.dhcp_agent_scheduler [None req-7e376062-cc95-4995-86dd-5009ad3b5430 11805f12d60b4d528a4985078719c8a1 558ce909e5774889af8b1f907382725e - - default default] No more DHCP agents
2026-03-02 19:44:57.778 8 WARNING neutron.api.rpc.agentnotifiers.dhcp_rpc_agent_api [None req-7e376062-cc95-4995-86dd-5009ad3b5430 11805f12d60b4d528a4985078719c8a1 558ce909e5774889af8b1f907382725e - - default default] Unable to schedule network bdc8b237-ff36-4710-bf54-42e06b5d1ba3: no agents available; will retry on subsequent port and subnet creation events.
2026-03-02 19:44:57.927 8 INFO neutron.db.ovn_revision_numbers_db [None req-7e376062-cc95-4995-86dd-5009ad3b5430 11805f12d60b4d528a4985078719c8a1 558ce909e5774889af8b1f907382725e - - default default] Successfully bumped revision number for resource fd411dae-a688-481c-9ce3-113f1ecc78d5 (type: ports) to 1 [pid: 7|app: 0|req: 945/1960] 10.0.0.58 () {32 vars in 723 bytes} [Mon Mar 2 19:44:57 2026] DELETE /v2.0/subnets/2b0dd1d2-73e8-4993-9d00-6e2c07b81149 => generated 0 bytes in 218 msecs (HTTP/1.1 204) 3 headers in 131 bytes (1 switches on core 0) [pid: 8|app: 0|req: 1016/1961] 10.0.0.58 () {34 vars in 663 bytes} [Mon Mar 2 19:44:57 2026] POST /v2.0/ports => generated 743 bytes in 420 msecs (HTTP/1.1 201) 4 headers in 162 bytes (1 switches on core 0) /var/lib/openstack/lib/python3.12/site-packages/pycadf/identifier.py:70: UserWarning: Invalid uuid: neutron. To ensure interoperability, identifiers should be a valid uuid. warnings.warn(('Invalid uuid: %s. To ensure interoperability, '
2026-03-02 19:44:58.085 8 INFO neutron.db.segments_db [None req-c3e60833-1197-422b-82e8-d9beea6cd459 11805f12d60b4d528a4985078719c8a1 558ce909e5774889af8b1f907382725e - - default default] Added segment e9d2ace2-113f-4fab-b7a7-55370a06bd1c of type geneve for network 88eadf58-5633-4480-b2e4-45438ae81f11
2026-03-02 19:44:58.111 7 INFO neutron_taas.services.taas.taas_plugin [None req-f2d9d610-1217-48b3-b3f4-f0c1fc5e84a4 ace4f7fd82c04244be94d3116d38ec35 2a0c5ca351a842e490d8a3c16c8f251f - - default default] TaaS: Handle Delete Port: c1e0de62-3cee-4d2a-ab2e-a1b46c36c892
2026-03-02 19:44:58.113 7 INFO neutron_taas.services.taas.tap_mirror_plugin [None req-f2d9d610-1217-48b3-b3f4-f0c1fc5e84a4 ace4f7fd82c04244be94d3116d38ec35 2a0c5ca351a842e490d8a3c16c8f251f - - default default] Tap Mirror: Handle Delete Port: c1e0de62-3cee-4d2a-ab2e-a1b46c36c892
2026-03-02 19:44:58.213 8 INFO neutron.db.ovn_revision_numbers_db [None req-c3e60833-1197-422b-82e8-d9beea6cd459 11805f12d60b4d528a4985078719c8a1 558ce909e5774889af8b1f907382725e - - default default] Successfully bumped revision number for resource 88eadf58-5633-4480-b2e4-45438ae81f11 (type: networks) to 1 [pid: 7|app: 0|req: 946/1962] 10.0.0.58 () {32 vars in 725 bytes} [Mon Mar 2 19:44:57 2026] DELETE /v2.0/networks/f012f280-4b37-44db-ab90-ec778b8a7938 => generated 0 bytes in 397 msecs (HTTP/1.1 204) 3 headers in 131 bytes (1 switches on core 0)
2026-03-02 19:44:58.424 8 WARNING neutron.scheduler.dhcp_agent_scheduler [None req-c3e60833-1197-422b-82e8-d9beea6cd459 11805f12d60b4d528a4985078719c8a1 558ce909e5774889af8b1f907382725e - - default default] No more DHCP agents
2026-03-02 19:44:58.426 8 WARNING neutron.api.rpc.agentnotifiers.dhcp_rpc_agent_api [None req-c3e60833-1197-422b-82e8-d9beea6cd459 11805f12d60b4d528a4985078719c8a1 558ce909e5774889af8b1f907382725e - - default default] Unable to schedule network 88eadf58-5633-4480-b2e4-45438ae81f11: no agents available; will retry on subsequent port and subnet creation events.
2026-03-02 19:44:58.508 7 INFO neutron.services.segments.plugin [-] Segment 2168db01-9db8-4402-8189-e56cc493ed82 resource provider aggregate not found
2026-03-02 19:44:58.512 7 INFO neutron.services.segments.plugin [-] Segment 2168db01-9db8-4402-8189-e56cc493ed82 resource provider aggregate not found
2026-03-02 19:44:58.529 7 INFO neutron.services.segments.plugin [-] Segment 2168db01-9db8-4402-8189-e56cc493ed82 resource provider not found; error: Placement Client Error (4xx): {"errors": [{"status": 404, "title": "Not Found", "detail": "The resource could not be found.\n\n No resource provider with uuid 2168db01-9db8-4402-8189-e56cc493ed82 found for delete ", "request_id": "req-0ecb4bd3-9abf-4415-af6b-f28b460ef6f6"}]}
2026-03-02 19:44:58.532 7 INFO neutron.services.segments.plugin [-] Segment 2168db01-9db8-4402-8189-e56cc493ed82 resource provider not found; error: Placement Client Error (4xx): {"errors": [{"status": 404, "title": "Not Found", "detail": "The resource could not be found.\n\n No resource provider with uuid 2168db01-9db8-4402-8189-e56cc493ed82 found for delete ", "request_id": "req-61480082-65b8-46fd-bcf4-b2cc882976e7"}]}
2026-03-02 19:44:58.533 8 INFO neutron.db.ovn_revision_numbers_db [None req-c3e60833-1197-422b-82e8-d9beea6cd459 11805f12d60b4d528a4985078719c8a1 558ce909e5774889af8b1f907382725e - - default default] Successfully bumped revision number for resource 2c589ca9-1237-4a19-b4d2-cab0794f9472 (type: ports) to 1 [pid: 8|app: 0|req: 1017/1963] 10.0.0.58 () {34 vars in 669 bytes} [Mon Mar 2 19:44:57 2026] POST /v2.0/networks => generated 651 bytes in 557 msecs (HTTP/1.1 201) 4 headers in 162 bytes (1 switches on core 0)
2026-03-02 19:44:58.638 8 INFO neutron.db.segments_db [None req-56383f89-7be9-4fd5-9b50-542a45ef3865 ace4f7fd82c04244be94d3116d38ec35 2a0c5ca351a842e490d8a3c16c8f251f - - default default] Added segment 0a42d6a8-7658-42d7-b6de-ca2ba8bc01dc of type geneve for network a0b65254-60ad-43c9-b033-0c1661847e9d
2026-03-02 19:44:58.691 7 INFO neutron.db.ovn_revision_numbers_db [None req-0fc6bb66-9601-4315-a2be-9ffcda46ea88 2c969bbcea424f4f98dc0d92e0996b69 1a37696a51444277b3d3f568f00e3f2f - - default default] Successfully bumped revision number for resource e3d30174-f89f-49b5-a996-e53ccae9f7fe (type: security_groups) to 1
2026-03-02 19:44:58.700 7 INFO neutron.db.ovn_revision_numbers_db [None req-0fc6bb66-9601-4315-a2be-9ffcda46ea88 2c969bbcea424f4f98dc0d92e0996b69 1a37696a51444277b3d3f568f00e3f2f - - default default] Successfully bumped revision number for resource 2974e0bd-6aab-4cd9-a423-867b6ab9c78f (type: security_group_rules) to 0
2026-03-02 19:44:58.710 7 INFO neutron.db.ovn_revision_numbers_db [None req-0fc6bb66-9601-4315-a2be-9ffcda46ea88 2c969bbcea424f4f98dc0d92e0996b69 1a37696a51444277b3d3f568f00e3f2f - - default default] Successfully bumped revision number for resource 71daca4b-c17e-410b-b571-703f6fe12f43 (type: security_group_rules) to 0
2026-03-02 19:44:58.719 7 INFO neutron.db.ovn_revision_numbers_db [None req-0fc6bb66-9601-4315-a2be-9ffcda46ea88 2c969bbcea424f4f98dc0d92e0996b69 1a37696a51444277b3d3f568f00e3f2f - - default default] Successfully bumped revision number for resource a0f8aeca-6f8e-414c-9f28-2812b96e5cd6 (type: security_group_rules) to 0
2026-03-02 19:44:58.732 7 INFO neutron.db.ovn_revision_numbers_db [None req-0fc6bb66-9601-4315-a2be-9ffcda46ea88 2c969bbcea424f4f98dc0d92e0996b69 1a37696a51444277b3d3f568f00e3f2f - - default default] Successfully bumped revision number for resource d6ddd51c-f12d-4853-a90d-f942b8f96757 (type: security_group_rules) to 0 [pid: 7|app: 0|req: 947/1964] 10.0.0.58 () {32 vars in 773 bytes} [Mon Mar 2 19:44:58 2026] GET /v2.0/security-groups?tenant_id=3e5b813f37444130bbeb65c4ec35aa14&name=default => generated 2925 bytes in 404 msecs (HTTP/1.1 200) 4 headers in 158 bytes (1 switches on core 0)
2026-03-02 19:44:58.788 8 INFO neutron.db.ovn_revision_numbers_db [None req-56383f89-7be9-4fd5-9b50-542a45ef3865 ace4f7fd82c04244be94d3116d38ec35 2a0c5ca351a842e490d8a3c16c8f251f - - default default] Successfully bumped revision number for resource a0b65254-60ad-43c9-b033-0c1661847e9d (type: networks) to 1 [pid: 7|app: 0|req: 948/1965] 10.0.0.171 () {32 vars in 801 bytes} [Mon Mar 2 19:44:58 2026] GET /v2.0/extensions => generated 20541 bytes in 35 msecs (HTTP/1.1 200) 4 headers in 159 bytes (1 switches on core 0)
2026-03-02 19:44:58.953 8 WARNING neutron.scheduler.dhcp_agent_scheduler [None req-56383f89-7be9-4fd5-9b50-542a45ef3865 ace4f7fd82c04244be94d3116d38ec35 2a0c5ca351a842e490d8a3c16c8f251f - - default default] No more DHCP agents
2026-03-02 19:44:58.954 8 WARNING neutron.api.rpc.agentnotifiers.dhcp_rpc_agent_api [None req-56383f89-7be9-4fd5-9b50-542a45ef3865 ace4f7fd82c04244be94d3116d38ec35 2a0c5ca351a842e490d8a3c16c8f251f - - default default] Unable to schedule network a0b65254-60ad-43c9-b033-0c1661847e9d: no agents available; will retry on subsequent port and subnet creation events.
2026-03-02 19:44:59.065 8 INFO neutron.db.ovn_revision_numbers_db [None req-56383f89-7be9-4fd5-9b50-542a45ef3865 ace4f7fd82c04244be94d3116d38ec35 2a0c5ca351a842e490d8a3c16c8f251f - - default default] Successfully bumped revision number for resource cf93d052-c7e5-4600-982a-b462eaec79f3 (type: ports) to 1
2026-03-02 19:44:59.067 7 WARNING neutron.scheduler.dhcp_agent_scheduler [None req-a0b6f9aa-5b0e-4818-81c5-49202c5fd72f 11805f12d60b4d528a4985078719c8a1 558ce909e5774889af8b1f907382725e - - default default] No more DHCP agents
2026-03-02 19:44:59.070 7 WARNING neutron.api.rpc.agentnotifiers.dhcp_rpc_agent_api [None req-a0b6f9aa-5b0e-4818-81c5-49202c5fd72f 11805f12d60b4d528a4985078719c8a1 558ce909e5774889af8b1f907382725e - - default default] Unable to schedule network 88eadf58-5633-4480-b2e4-45438ae81f11: no agents available; will retry on subsequent port and subnet creation events. [pid: 8|app: 0|req: 1018/1966] 10.0.0.58 () {34 vars in 669 bytes} [Mon Mar 2 19:44:58 2026] POST /v2.0/networks => generated 648 bytes in 536 msecs (HTTP/1.1 201) 4 headers in 162 bytes (1 switches on core 0)
