Jun 29 04:56:19.783943 np0000183407 systemd[1]: Starting devstack@n-api-meta.service - Devstack devstack@n-api-meta.service...
Jun 29 04:56:19.794335 np0000183407 devstack@n-api-meta.service[109511]: [uWSGI] getting INI configuration from /etc/nova/nova-metadata-uwsgi.ini
Jun 29 04:56:19.797773 np0000183407 devstack@n-api-meta.service[109511]: *** Starting uWSGI 2.0.24-debian (64bit) on [Mon Jun 29 04:56:19 2026] ***
Jun 29 04:56:19.797773 np0000183407 devstack@n-api-meta.service[109511]: compiled with version: 13.2.0 on 17 April 2024 16:23:48
Jun 29 04:56:19.797773 np0000183407 devstack@n-api-meta.service[109511]: os: Linux-6.8.0-124-generic #124-Ubuntu SMP PREEMPT_DYNAMIC Tue May 26 13:00:45 UTC 2026
Jun 29 04:56:19.797773 np0000183407 devstack@n-api-meta.service[109511]: nodename: np0000183407
Jun 29 04:56:19.797773 np0000183407 devstack@n-api-meta.service[109511]: machine: x86_64
Jun 29 04:56:19.797773 np0000183407 devstack@n-api-meta.service[109511]: clock source: unix
Jun 29 04:56:19.797773 np0000183407 devstack@n-api-meta.service[109511]: pcre jit disabled
Jun 29 04:56:19.797773 np0000183407 devstack@n-api-meta.service[109511]: detected number of CPU cores: 16
Jun 29 04:56:19.797773 np0000183407 devstack@n-api-meta.service[109511]: current working directory: /
Jun 29 04:56:19.797773 np0000183407 devstack@n-api-meta.service[109511]: detected binary path: /usr/bin/uwsgi-core
Jun 29 04:56:19.797773 np0000183407 devstack@n-api-meta.service[109511]: your processes number limit is 256917
Jun 29 04:56:19.797773 np0000183407 devstack@n-api-meta.service[109511]: your memory page size is 4096 bytes
Jun 29 04:56:19.797773 np0000183407 devstack@n-api-meta.service[109511]: detected max file descriptor number: 2048
Jun 29 04:56:19.797773 np0000183407 devstack@n-api-meta.service[109511]: lock engine: pthread robust mutexes
Jun 29 04:56:19.798594 np0000183407 devstack@n-api-meta.service[109511]: thunder lock: enabled
Jun 29 04:56:19.798594 np0000183407 devstack@n-api-meta.service[109511]: uWSGI http bound on 0.0.0.0:8775 fd 5
Jun 29 04:56:19.798594 np0000183407 devstack@n-api-meta.service[109511]: uwsgi socket 0 bound to TCP address 127.0.0.1:33933 (port auto-assigned) fd 4
Jun 29 04:56:19.798594 np0000183407 devstack@n-api-meta.service[109511]: Python version: 3.12.3 (main, Mar 23 2026, 19:04:32) [GCC 13.3.0]
Jun 29 04:56:19.798594 np0000183407 devstack@n-api-meta.service[109511]: PEP 405 virtualenv detected: /opt/stack/data/venv
Jun 29 04:56:19.798594 np0000183407 devstack@n-api-meta.service[109511]: Set PythonHome to /opt/stack/data/venv
Jun 29 04:56:19.837258 np0000183407 devstack@n-api-meta.service[109511]: Python main interpreter initialized at 0x73bc3d8a3668
Jun 29 04:56:19.837258 np0000183407 devstack@n-api-meta.service[109511]: python threads support enabled
Jun 29 04:56:19.837258 np0000183407 devstack@n-api-meta.service[109511]: your server socket listen backlog is limited to 100 connections
Jun 29 04:56:19.837258 np0000183407 devstack@n-api-meta.service[109511]: your mercy for graceful operations on workers is 80 seconds
Jun 29 04:56:19.837882 np0000183407 devstack@n-api-meta.service[109511]: mapped 671795 bytes (656 KB) for 4 cores
Jun 29 04:56:19.837961 np0000183407 devstack@n-api-meta.service[109511]: *** Operational MODE: preforking ***
Jun 29 04:56:19.838171 np0000183407 devstack@n-api-meta.service[109511]: *** uWSGI is running in multiple interpreter mode ***
Jun 29 04:56:19.838171 np0000183407 devstack@n-api-meta.service[109511]: spawned uWSGI master process (pid: 109511)
Jun 29 04:56:19.838292 np0000183407 systemd[1]: Started devstack@n-api-meta.service - Devstack devstack@n-api-meta.service.
Jun 29 04:56:19.839002 np0000183407 devstack@n-api-meta.service[109511]: spawned uWSGI worker 1 (pid: 109512, cores: 1)
Jun 29 04:56:19.839783 np0000183407 devstack@n-api-meta.service[109511]: spawned uWSGI worker 2 (pid: 109513, cores: 1)
Jun 29 04:56:19.840276 np0000183407 devstack@n-api-meta.service[109511]: spawned uWSGI worker 3 (pid: 109514, cores: 1)
Jun 29 04:56:19.840797 np0000183407 devstack@n-api-meta.service[109511]: spawned uWSGI worker 4 (pid: 109515, cores: 1)
Jun 29 04:56:19.841276 np0000183407 devstack@n-api-meta.service[109511]: spawned uWSGI http 1 (pid: 109516)
Jun 29 04:56:19.841276 np0000183407 devstack@n-api-meta.service[109511]: running "unix_signal:15 gracefully_kill_them_all" (master-start)...
Jun 29 04:56:21.842915 np0000183407 devstack@n-api-meta.service[109515]: INFO dbcounter [None req-b6f58c1f-308a-4684-9201-3ee8835a3d4f None None] Registered counter for database nova_api
Jun 29 04:56:21.847601 np0000183407 devstack@n-api-meta.service[109513]: INFO dbcounter [None req-c791ab34-e7c4-4809-95ca-36a18cce4c76 None None] Registered counter for database nova_api
Jun 29 04:56:21.892161 np0000183407 devstack@n-api-meta.service[109515]: DEBUG oslo_db.sqlalchemy.engines [None req-b6f58c1f-308a-4684-9201-3ee8835a3d4f None None] MySQL server mode set to STRICT_TRANS_TABLES,STRICT_ALL_TABLES,NO_ZERO_IN_DATE,NO_ZERO_DATE,ERROR_FOR_DIVISION_BY_ZERO,TRADITIONAL,NO_ENGINE_SUBSTITUTION {{(pid=109515) _check_effective_sql_mode /opt/stack/data/venv/lib/python3.12/site-packages/oslo_db/sqlalchemy/engines.py:325}}
Jun 29 04:56:21.905488 np0000183407 devstack@n-api-meta.service[109513]: DEBUG oslo_db.sqlalchemy.engines [None req-c791ab34-e7c4-4809-95ca-36a18cce4c76 None None] MySQL server mode set to STRICT_TRANS_TABLES,STRICT_ALL_TABLES,NO_ZERO_IN_DATE,NO_ZERO_DATE,ERROR_FOR_DIVISION_BY_ZERO,TRADITIONAL,NO_ENGINE_SUBSTITUTION {{(pid=109513) _check_effective_sql_mode /opt/stack/data/venv/lib/python3.12/site-packages/oslo_db/sqlalchemy/engines.py:325}}
Jun 29 04:56:21.905628 np0000183407 devstack@n-api-meta.service[109512]: INFO dbcounter [None req-f9bae540-2634-4f36-b253-7d68ba868164 None None] Registered counter for database nova_api
Jun 29 04:56:21.911460 np0000183407 devstack@n-api-meta.service[109514]: INFO dbcounter [None req-cf88b75c-a2a3-4a7f-89c1-566791e76b60 None None] Registered counter for database nova_api
Jun 29 04:56:21.932770 np0000183407 devstack@n-api-meta.service[109515]: DEBUG dbcounter [-] [109515] Writer thread running {{(pid=109515) stat_writer /opt/stack/data/venv/lib/python3.12/site-packages/dbcounter.py:102}}
Jun 29 04:56:21.936293 np0000183407 devstack@n-api-meta.service[109515]: DEBUG nova.context [None req-b6f58c1f-308a-4684-9201-3ee8835a3d4f None None] Found 2 cells: 00000000-0000-0000-0000-000000000000(cell0),9c5b7a11-2a6b-4b1d-8764-50315df15ad6(cell1) {{(pid=109515) load_cells /opt/stack/nova/nova/context.py:509}}
Jun 29 04:56:21.936668 np0000183407 devstack@n-api-meta.service[109515]: INFO nova.utils [None req-b6f58c1f-308a-4684-9201-3ee8835a3d4f None None] The cell worker thread pool MainProcess.cell_worker is initialized
Jun 29 04:56:21.938261 np0000183407 devstack@n-api-meta.service[109513]: DEBUG dbcounter [-] [109513] Writer thread running {{(pid=109513) stat_writer /opt/stack/data/venv/lib/python3.12/site-packages/dbcounter.py:102}}
Jun 29 04:56:21.939451 np0000183407 devstack@n-api-meta.service[109515]: DEBUG oslo_concurrency.lockutils [None req-b6f58c1f-308a-4684-9201-3ee8835a3d4f None None] Acquiring lock "00000000-0000-0000-0000-000000000000" by "nova.context.set_target_cell..get_or_set_cached_cell_and_set_connections" {{(pid=109515) inner /opt/stack/data/venv/lib/python3.12/site-packages/oslo_concurrency/lockutils.py:511}}
Jun 29 04:56:21.939707 np0000183407 devstack@n-api-meta.service[109515]: DEBUG oslo_concurrency.lockutils [None req-b6f58c1f-308a-4684-9201-3ee8835a3d4f None None] Lock "00000000-0000-0000-0000-000000000000" acquired by "nova.context.set_target_cell..get_or_set_cached_cell_and_set_connections" :: waited 0.000s {{(pid=109515) inner /opt/stack/data/venv/lib/python3.12/site-packages/oslo_concurrency/lockutils.py:524}}
Jun 29 04:56:21.940262 np0000183407 devstack@n-api-meta.service[109515]: DEBUG oslo_concurrency.lockutils [None req-b6f58c1f-308a-4684-9201-3ee8835a3d4f None None] Lock "00000000-0000-0000-0000-000000000000" "released" by "nova.context.set_target_cell..get_or_set_cached_cell_and_set_connections" :: held 0.001s {{(pid=109515) inner /opt/stack/data/venv/lib/python3.12/site-packages/oslo_concurrency/lockutils.py:543}}
Jun 29 04:56:21.941297 np0000183407 devstack@n-api-meta.service[109513]: DEBUG nova.context [None req-c791ab34-e7c4-4809-95ca-36a18cce4c76 None None] Found 2 cells: 00000000-0000-0000-0000-000000000000(cell0),9c5b7a11-2a6b-4b1d-8764-50315df15ad6(cell1) {{(pid=109513) load_cells /opt/stack/nova/nova/context.py:509}}
Jun 29 04:56:21.941437 np0000183407 devstack@n-api-meta.service[109515]: DEBUG oslo_concurrency.lockutils [None req-b6f58c1f-308a-4684-9201-3ee8835a3d4f None None] Acquiring lock "9c5b7a11-2a6b-4b1d-8764-50315df15ad6" by "nova.context.set_target_cell..get_or_set_cached_cell_and_set_connections" {{(pid=109515) inner /opt/stack/data/venv/lib/python3.12/site-packages/oslo_concurrency/lockutils.py:511}}
Jun 29 04:56:21.941568 np0000183407 devstack@n-api-meta.service[109513]: INFO nova.utils [None req-c791ab34-e7c4-4809-95ca-36a18cce4c76 None None] The cell worker thread pool MainProcess.cell_worker is initialized
Jun 29 04:56:21.941649 np0000183407 devstack@n-api-meta.service[109515]: DEBUG oslo_concurrency.lockutils [None req-b6f58c1f-308a-4684-9201-3ee8835a3d4f None None] Lock "9c5b7a11-2a6b-4b1d-8764-50315df15ad6" acquired by "nova.context.set_target_cell..get_or_set_cached_cell_and_set_connections" :: waited 0.000s {{(pid=109515) inner /opt/stack/data/venv/lib/python3.12/site-packages/oslo_concurrency/lockutils.py:524}}
Jun 29 04:56:21.942914 np0000183407 devstack@n-api-meta.service[109515]: DEBUG oslo_concurrency.lockutils [None req-b6f58c1f-308a-4684-9201-3ee8835a3d4f None None] Lock "9c5b7a11-2a6b-4b1d-8764-50315df15ad6" "released" by "nova.context.set_target_cell..get_or_set_cached_cell_and_set_connections" :: held 0.001s {{(pid=109515) inner /opt/stack/data/venv/lib/python3.12/site-packages/oslo_concurrency/lockutils.py:543}}
Jun 29 04:56:21.943575 np0000183407 devstack@n-api-meta.service[109513]: DEBUG oslo_concurrency.lockutils [None req-c791ab34-e7c4-4809-95ca-36a18cce4c76 None None] Acquiring lock "00000000-0000-0000-0000-000000000000" by "nova.context.set_target_cell..get_or_set_cached_cell_and_set_connections" {{(pid=109513) inner /opt/stack/data/venv/lib/python3.12/site-packages/oslo_concurrency/lockutils.py:511}}
Jun 29 04:56:21.943748 np0000183407 devstack@n-api-meta.service[109513]: DEBUG oslo_concurrency.lockutils [None req-c791ab34-e7c4-4809-95ca-36a18cce4c76 None None] Lock "00000000-0000-0000-0000-000000000000" acquired by "nova.context.set_target_cell..get_or_set_cached_cell_and_set_connections" :: waited 0.000s {{(pid=109513) inner /opt/stack/data/venv/lib/python3.12/site-packages/oslo_concurrency/lockutils.py:524}}
Jun 29 04:56:21.944149 np0000183407 devstack@n-api-meta.service[109513]: DEBUG oslo_concurrency.lockutils [None req-c791ab34-e7c4-4809-95ca-36a18cce4c76 None None] Lock "00000000-0000-0000-0000-000000000000" "released" by "nova.context.set_target_cell..get_or_set_cached_cell_and_set_connections" :: held 0.000s {{(pid=109513) inner /opt/stack/data/venv/lib/python3.12/site-packages/oslo_concurrency/lockutils.py:543}}
Jun 29 04:56:21.944956 np0000183407 devstack@n-api-meta.service[109513]: DEBUG oslo_concurrency.lockutils [None req-c791ab34-e7c4-4809-95ca-36a18cce4c76 None None] Acquiring lock "9c5b7a11-2a6b-4b1d-8764-50315df15ad6" by "nova.context.set_target_cell..get_or_set_cached_cell_and_set_connections" {{(pid=109513) inner /opt/stack/data/venv/lib/python3.12/site-packages/oslo_concurrency/lockutils.py:511}}
Jun 29 04:56:21.945101 np0000183407 devstack@n-api-meta.service[109513]: DEBUG oslo_concurrency.lockutils [None req-c791ab34-e7c4-4809-95ca-36a18cce4c76 None None] Lock "9c5b7a11-2a6b-4b1d-8764-50315df15ad6" acquired by "nova.context.set_target_cell..get_or_set_cached_cell_and_set_connections" :: waited 0.000s {{(pid=109513) inner /opt/stack/data/venv/lib/python3.12/site-packages/oslo_concurrency/lockutils.py:524}}
Jun 29 04:56:21.946096 np0000183407 devstack@n-api-meta.service[109513]: DEBUG oslo_concurrency.lockutils [None req-c791ab34-e7c4-4809-95ca-36a18cce4c76 None None] Lock "9c5b7a11-2a6b-4b1d-8764-50315df15ad6" "released" by "nova.context.set_target_cell..get_or_set_cached_cell_and_set_connections" :: held 0.001s {{(pid=109513) inner /opt/stack/data/venv/lib/python3.12/site-packages/oslo_concurrency/lockutils.py:543}}
Jun 29 04:56:21.946644 np0000183407 devstack@n-api-meta.service[109515]: INFO dbcounter [None req-b6f58c1f-308a-4684-9201-3ee8835a3d4f None None] Registered counter for database nova_cell0
Jun 29 04:56:21.952399 np0000183407 devstack@n-api-meta.service[109513]: INFO dbcounter [None req-c791ab34-e7c4-4809-95ca-36a18cce4c76 None None] Registered counter for database nova_cell0
Jun 29 04:56:21.952594 np0000183407 devstack@n-api-meta.service[109512]: DEBUG oslo_db.sqlalchemy.engines [None req-f9bae540-2634-4f36-b253-7d68ba868164 None None] MySQL server mode set to STRICT_TRANS_TABLES,STRICT_ALL_TABLES,NO_ZERO_IN_DATE,NO_ZERO_DATE,ERROR_FOR_DIVISION_BY_ZERO,TRADITIONAL,NO_ENGINE_SUBSTITUTION {{(pid=109512) _check_effective_sql_mode /opt/stack/data/venv/lib/python3.12/site-packages/oslo_db/sqlalchemy/engines.py:325}}
Jun 29 04:56:21.952782 np0000183407 devstack@n-api-meta.service[109515]: INFO dbcounter [None req-b6f58c1f-308a-4684-9201-3ee8835a3d4f None None] Registered counter for database nova_cell1
Jun 29 04:56:21.956262 np0000183407 devstack@n-api-meta.service[109513]: INFO dbcounter [None req-c791ab34-e7c4-4809-95ca-36a18cce4c76 None None] Registered counter for database nova_cell1
Jun 29 04:56:21.958666 np0000183407 devstack@n-api-meta.service[109514]: DEBUG oslo_db.sqlalchemy.engines [None req-cf88b75c-a2a3-4a7f-89c1-566791e76b60 None None] MySQL server mode set to STRICT_TRANS_TABLES,STRICT_ALL_TABLES,NO_ZERO_IN_DATE,NO_ZERO_DATE,ERROR_FOR_DIVISION_BY_ZERO,TRADITIONAL,NO_ENGINE_SUBSTITUTION {{(pid=109514) _check_effective_sql_mode /opt/stack/data/venv/lib/python3.12/site-packages/oslo_db/sqlalchemy/engines.py:325}}
Jun 29 04:56:22.003069 np0000183407 devstack@n-api-meta.service[109514]: DEBUG dbcounter [-] [109514] Writer thread running {{(pid=109514) stat_writer /opt/stack/data/venv/lib/python3.12/site-packages/dbcounter.py:102}}
Jun 29 04:56:22.006681 np0000183407 devstack@n-api-meta.service[109514]: DEBUG nova.context [None req-cf88b75c-a2a3-4a7f-89c1-566791e76b60 None None] Found 2 cells: 00000000-0000-0000-0000-000000000000(cell0),9c5b7a11-2a6b-4b1d-8764-50315df15ad6(cell1) {{(pid=109514) load_cells /opt/stack/nova/nova/context.py:509}}
Jun 29 04:56:22.007009 np0000183407 devstack@n-api-meta.service[109514]: INFO nova.utils [None req-cf88b75c-a2a3-4a7f-89c1-566791e76b60 None None] The cell worker thread pool MainProcess.cell_worker is initialized
Jun 29 04:56:22.008970 np0000183407 devstack@n-api-meta.service[109512]: DEBUG dbcounter [-] [109512] Writer thread running {{(pid=109512) stat_writer /opt/stack/data/venv/lib/python3.12/site-packages/dbcounter.py:102}}
Jun 29 04:56:22.009622 np0000183407 devstack@n-api-meta.service[109514]: DEBUG oslo_concurrency.lockutils [None req-cf88b75c-a2a3-4a7f-89c1-566791e76b60 None None] Acquiring lock "00000000-0000-0000-0000-000000000000" by "nova.context.set_target_cell..get_or_set_cached_cell_and_set_connections" {{(pid=109514) inner /opt/stack/data/venv/lib/python3.12/site-packages/oslo_concurrency/lockutils.py:511}}
Jun 29 04:56:22.009844 np0000183407 devstack@n-api-meta.service[109514]: DEBUG oslo_concurrency.lockutils [None req-cf88b75c-a2a3-4a7f-89c1-566791e76b60 None None] Lock "00000000-0000-0000-0000-000000000000" acquired by "nova.context.set_target_cell..get_or_set_cached_cell_and_set_connections" :: waited 0.000s {{(pid=109514) inner /opt/stack/data/venv/lib/python3.12/site-packages/oslo_concurrency/lockutils.py:524}}
Jun 29 04:56:22.010356 np0000183407 devstack@n-api-meta.service[109514]: DEBUG oslo_concurrency.lockutils [None req-cf88b75c-a2a3-4a7f-89c1-566791e76b60 None None] Lock "00000000-0000-0000-0000-000000000000" "released" by "nova.context.set_target_cell..get_or_set_cached_cell_and_set_connections" :: held 0.000s {{(pid=109514) inner /opt/stack/data/venv/lib/python3.12/site-packages/oslo_concurrency/lockutils.py:543}}
Jun 29 04:56:22.011400 np0000183407 devstack@n-api-meta.service[109514]: DEBUG oslo_concurrency.lockutils [None req-cf88b75c-a2a3-4a7f-89c1-566791e76b60 None None] Acquiring lock "9c5b7a11-2a6b-4b1d-8764-50315df15ad6" by "nova.context.set_target_cell..get_or_set_cached_cell_and_set_connections" {{(pid=109514) inner /opt/stack/data/venv/lib/python3.12/site-packages/oslo_concurrency/lockutils.py:511}}
Jun 29 04:56:22.012377 np0000183407 devstack@n-api-meta.service[109514]: DEBUG oslo_concurrency.lockutils [None req-cf88b75c-a2a3-4a7f-89c1-566791e76b60 None None] Lock "9c5b7a11-2a6b-4b1d-8764-50315df15ad6" acquired by "nova.context.set_target_cell..get_or_set_cached_cell_and_set_connections" :: waited 0.000s {{(pid=109514) inner /opt/stack/data/venv/lib/python3.12/site-packages/oslo_concurrency/lockutils.py:524}}
Jun 29 04:56:22.012556 np0000183407 devstack@n-api-meta.service[109512]: DEBUG nova.context [None req-f9bae540-2634-4f36-b253-7d68ba868164 None None] Found 2 cells: 00000000-0000-0000-0000-000000000000(cell0),9c5b7a11-2a6b-4b1d-8764-50315df15ad6(cell1) {{(pid=109512) load_cells /opt/stack/nova/nova/context.py:509}}
Jun 29 04:56:22.012827 np0000183407 devstack@n-api-meta.service[109514]: DEBUG oslo_concurrency.lockutils [None req-cf88b75c-a2a3-4a7f-89c1-566791e76b60 None None] Lock "9c5b7a11-2a6b-4b1d-8764-50315df15ad6" "released" by "nova.context.set_target_cell..get_or_set_cached_cell_and_set_connections" :: held 0.001s {{(pid=109514) inner /opt/stack/data/venv/lib/python3.12/site-packages/oslo_concurrency/lockutils.py:543}}
Jun 29 04:56:22.013116 np0000183407 devstack@n-api-meta.service[109512]: INFO nova.utils [None req-f9bae540-2634-4f36-b253-7d68ba868164 None None] The cell worker thread pool MainProcess.cell_worker is initialized
Jun 29 04:56:22.016770 np0000183407 devstack@n-api-meta.service[109514]: INFO dbcounter [None req-cf88b75c-a2a3-4a7f-89c1-566791e76b60 None None] Registered counter for database nova_cell0
Jun 29 04:56:22.016981 np0000183407 devstack@n-api-meta.service[109512]: DEBUG oslo_concurrency.lockutils [None req-f9bae540-2634-4f36-b253-7d68ba868164 None None] Acquiring lock "00000000-0000-0000-0000-000000000000" by "nova.context.set_target_cell..get_or_set_cached_cell_and_set_connections" {{(pid=109512) inner /opt/stack/data/venv/lib/python3.12/site-packages/oslo_concurrency/lockutils.py:511}}
Jun 29 04:56:22.017351 np0000183407 devstack@n-api-meta.service[109512]: DEBUG oslo_concurrency.lockutils [None req-f9bae540-2634-4f36-b253-7d68ba868164 None None] Lock "00000000-0000-0000-0000-000000000000" acquired by "nova.context.set_target_cell..get_or_set_cached_cell_and_set_connections" :: waited 0.000s {{(pid=109512) inner /opt/stack/data/venv/lib/python3.12/site-packages/oslo_concurrency/lockutils.py:524}}
Jun 29 04:56:22.018181 np0000183407 devstack@n-api-meta.service[109512]: DEBUG oslo_concurrency.lockutils [None req-f9bae540-2634-4f36-b253-7d68ba868164 None None] Lock "00000000-0000-0000-0000-000000000000" "released" by "nova.context.set_target_cell..get_or_set_cached_cell_and_set_connections" :: held 0.001s {{(pid=109512) inner /opt/stack/data/venv/lib/python3.12/site-packages/oslo_concurrency/lockutils.py:543}}
Jun 29 04:56:22.019177 np0000183407 devstack@n-api-meta.service[109512]: DEBUG oslo_concurrency.lockutils [None req-f9bae540-2634-4f36-b253-7d68ba868164 None None] Acquiring lock "9c5b7a11-2a6b-4b1d-8764-50315df15ad6" by "nova.context.set_target_cell..get_or_set_cached_cell_and_set_connections" {{(pid=109512) inner /opt/stack/data/venv/lib/python3.12/site-packages/oslo_concurrency/lockutils.py:511}}
Jun 29 04:56:22.019325 np0000183407 devstack@n-api-meta.service[109512]: DEBUG oslo_concurrency.lockutils [None req-f9bae540-2634-4f36-b253-7d68ba868164 None None] Lock "9c5b7a11-2a6b-4b1d-8764-50315df15ad6" acquired by "nova.context.set_target_cell..get_or_set_cached_cell_and_set_connections" :: waited 0.000s {{(pid=109512) inner /opt/stack/data/venv/lib/python3.12/site-packages/oslo_concurrency/lockutils.py:524}}
Jun 29 04:56:22.020264 np0000183407 devstack@n-api-meta.service[109512]: DEBUG oslo_concurrency.lockutils [None req-f9bae540-2634-4f36-b253-7d68ba868164 None None] Lock "9c5b7a11-2a6b-4b1d-8764-50315df15ad6" "released" by "nova.context.set_target_cell..get_or_set_cached_cell_and_set_connections" :: held 0.001s {{(pid=109512) inner /opt/stack/data/venv/lib/python3.12/site-packages/oslo_concurrency/lockutils.py:543}}
Jun 29 04:56:22.022108 np0000183407 devstack@n-api-meta.service[109514]: INFO dbcounter [None req-cf88b75c-a2a3-4a7f-89c1-566791e76b60 None None] Registered counter for database nova_cell1
Jun 29 04:56:22.023709 np0000183407 devstack@n-api-meta.service[109512]: INFO dbcounter [None req-f9bae540-2634-4f36-b253-7d68ba868164 None None] Registered counter for database nova_cell0
Jun 29 04:56:22.029047 np0000183407 devstack@n-api-meta.service[109515]: DEBUG oslo_db.sqlalchemy.engines [None req-b6f58c1f-308a-4684-9201-3ee8835a3d4f None None] MySQL server mode set to STRICT_TRANS_TABLES,STRICT_ALL_TABLES,NO_ZERO_IN_DATE,NO_ZERO_DATE,ERROR_FOR_DIVISION_BY_ZERO,TRADITIONAL,NO_ENGINE_SUBSTITUTION {{(pid=109515) _check_effective_sql_mode /opt/stack/data/venv/lib/python3.12/site-packages/oslo_db/sqlalchemy/engines.py:325}}
Jun 29 04:56:22.031503 np0000183407 devstack@n-api-meta.service[109512]: INFO dbcounter [None req-f9bae540-2634-4f36-b253-7d68ba868164 None None] Registered counter for database nova_cell1
Jun 29 04:56:22.048526 np0000183407 devstack@n-api-meta.service[109515]: DEBUG oslo_db.sqlalchemy.engines [None req-b6f58c1f-308a-4684-9201-3ee8835a3d4f None None] MySQL server mode set to STRICT_TRANS_TABLES,STRICT_ALL_TABLES,NO_ZERO_IN_DATE,NO_ZERO_DATE,ERROR_FOR_DIVISION_BY_ZERO,TRADITIONAL,NO_ENGINE_SUBSTITUTION {{(pid=109515) _check_effective_sql_mode /opt/stack/data/venv/lib/python3.12/site-packages/oslo_db/sqlalchemy/engines.py:325}}
Jun 29 04:56:22.059051 np0000183407 devstack@n-api-meta.service[109513]: DEBUG oslo_db.sqlalchemy.engines [None req-c791ab34-e7c4-4809-95ca-36a18cce4c76 None None] MySQL server mode set to STRICT_TRANS_TABLES,STRICT_ALL_TABLES,NO_ZERO_IN_DATE,NO_ZERO_DATE,ERROR_FOR_DIVISION_BY_ZERO,TRADITIONAL,NO_ENGINE_SUBSTITUTION {{(pid=109513) _check_effective_sql_mode /opt/stack/data/venv/lib/python3.12/site-packages/oslo_db/sqlalchemy/engines.py:325}}
Jun 29 04:56:22.078997 np0000183407 devstack@n-api-meta.service[109513]: DEBUG oslo_db.sqlalchemy.engines [None req-c791ab34-e7c4-4809-95ca-36a18cce4c76 None None] MySQL server mode set to STRICT_TRANS_TABLES,STRICT_ALL_TABLES,NO_ZERO_IN_DATE,NO_ZERO_DATE,ERROR_FOR_DIVISION_BY_ZERO,TRADITIONAL,NO_ENGINE_SUBSTITUTION {{(pid=109513) _check_effective_sql_mode /opt/stack/data/venv/lib/python3.12/site-packages/oslo_db/sqlalchemy/engines.py:325}}
Jun 29 04:56:22.098045 np0000183407 devstack@n-api-meta.service[109512]: DEBUG oslo_db.sqlalchemy.engines [None req-f9bae540-2634-4f36-b253-7d68ba868164 None None] MySQL server mode set to STRICT_TRANS_TABLES,STRICT_ALL_TABLES,NO_ZERO_IN_DATE,NO_ZERO_DATE,ERROR_FOR_DIVISION_BY_ZERO,TRADITIONAL,NO_ENGINE_SUBSTITUTION {{(pid=109512) _check_effective_sql_mode /opt/stack/data/venv/lib/python3.12/site-packages/oslo_db/sqlalchemy/engines.py:325}}
Jun 29 04:56:22.114604 np0000183407 devstack@n-api-meta.service[109514]: DEBUG oslo_db.sqlalchemy.engines [None req-cf88b75c-a2a3-4a7f-89c1-566791e76b60 None None] MySQL server mode set to STRICT_TRANS_TABLES,STRICT_ALL_TABLES,NO_ZERO_IN_DATE,NO_ZERO_DATE,ERROR_FOR_DIVISION_BY_ZERO,TRADITIONAL,NO_ENGINE_SUBSTITUTION {{(pid=109514) _check_effective_sql_mode /opt/stack/data/venv/lib/python3.12/site-packages/oslo_db/sqlalchemy/engines.py:325}}
Jun 29 04:56:22.133062 np0000183407 devstack@n-api-meta.service[109514]: DEBUG oslo_db.sqlalchemy.engines [None req-cf88b75c-a2a3-4a7f-89c1-566791e76b60 None None] MySQL server mode set to STRICT_TRANS_TABLES,STRICT_ALL_TABLES,NO_ZERO_IN_DATE,NO_ZERO_DATE,ERROR_FOR_DIVISION_BY_ZERO,TRADITIONAL,NO_ENGINE_SUBSTITUTION {{(pid=109514) _check_effective_sql_mode /opt/stack/data/venv/lib/python3.12/site-packages/oslo_db/sqlalchemy/engines.py:325}}
Jun 29 04:56:22.135622 np0000183407 devstack@n-api-meta.service[109515]: DEBUG dbcounter [-] [109515] Writer thread running {{(pid=109515) stat_writer /opt/stack/data/venv/lib/python3.12/site-packages/dbcounter.py:102}}
Jun 29 04:56:22.144264 np0000183407 devstack@n-api-meta.service[109515]: DEBUG dbcounter [-] [109515] Writer thread running {{(pid=109515) stat_writer /opt/stack/data/venv/lib/python3.12/site-packages/dbcounter.py:102}}
Jun 29 04:56:22.144528 np0000183407 devstack@n-api-meta.service[109512]: DEBUG oslo_db.sqlalchemy.engines [None req-f9bae540-2634-4f36-b253-7d68ba868164 None None] MySQL server mode set to STRICT_TRANS_TABLES,STRICT_ALL_TABLES,NO_ZERO_IN_DATE,NO_ZERO_DATE,ERROR_FOR_DIVISION_BY_ZERO,TRADITIONAL,NO_ENGINE_SUBSTITUTION {{(pid=109512) _check_effective_sql_mode /opt/stack/data/venv/lib/python3.12/site-packages/oslo_db/sqlalchemy/engines.py:325}}
Jun 29 04:56:22.149447 np0000183407 devstack@n-api-meta.service[109515]: INFO dbcounter [None req-b6f58c1f-308a-4684-9201-3ee8835a3d4f None None] Registered counter for database nova_cell0
Jun 29 04:56:22.156754 np0000183407 devstack@n-api-meta.service[109513]: DEBUG dbcounter [-] [109513] Writer thread running {{(pid=109513) stat_writer /opt/stack/data/venv/lib/python3.12/site-packages/dbcounter.py:102}}
Jun 29 04:56:22.164879 np0000183407 devstack@n-api-meta.service[109513]: DEBUG dbcounter [-] [109513] Writer thread running {{(pid=109513) stat_writer /opt/stack/data/venv/lib/python3.12/site-packages/dbcounter.py:102}}
Jun 29 04:56:22.171405 np0000183407 devstack@n-api-meta.service[109513]: INFO dbcounter [None req-c791ab34-e7c4-4809-95ca-36a18cce4c76 None None] Registered counter for database nova_cell0
Jun 29 04:56:22.204469 np0000183407 devstack@n-api-meta.service[109512]: DEBUG dbcounter [-] [109512] Writer thread running {{(pid=109512) stat_writer /opt/stack/data/venv/lib/python3.12/site-packages/dbcounter.py:102}}
Jun 29 04:56:22.205610 np0000183407 devstack@n-api-meta.service[109515]: DEBUG oslo_db.sqlalchemy.engines [None req-b6f58c1f-308a-4684-9201-3ee8835a3d4f None None] MySQL server mode set to STRICT_TRANS_TABLES,STRICT_ALL_TABLES,NO_ZERO_IN_DATE,NO_ZERO_DATE,ERROR_FOR_DIVISION_BY_ZERO,TRADITIONAL,NO_ENGINE_SUBSTITUTION {{(pid=109515) _check_effective_sql_mode /opt/stack/data/venv/lib/python3.12/site-packages/oslo_db/sqlalchemy/engines.py:325}}
Jun 29 04:56:22.212340 np0000183407 devstack@n-api-meta.service[109514]: DEBUG dbcounter [-] [109514] Writer thread running {{(pid=109514) stat_writer /opt/stack/data/venv/lib/python3.12/site-packages/dbcounter.py:102}}
Jun 29 04:56:22.214620 np0000183407 devstack@n-api-meta.service[109515]: DEBUG dbcounter [-] [109515] Writer thread running {{(pid=109515) stat_writer /opt/stack/data/venv/lib/python3.12/site-packages/dbcounter.py:102}}
Jun 29 04:56:22.220375 np0000183407 devstack@n-api-meta.service[109514]: DEBUG dbcounter [-] [109514] Writer thread running {{(pid=109514) stat_writer /opt/stack/data/venv/lib/python3.12/site-packages/dbcounter.py:102}}
Jun 29 04:56:22.223622 np0000183407 devstack@n-api-meta.service[109513]: DEBUG oslo_db.sqlalchemy.engines [None req-c791ab34-e7c4-4809-95ca-36a18cce4c76 None None] MySQL server mode set to STRICT_TRANS_TABLES,STRICT_ALL_TABLES,NO_ZERO_IN_DATE,NO_ZERO_DATE,ERROR_FOR_DIVISION_BY_ZERO,TRADITIONAL,NO_ENGINE_SUBSTITUTION {{(pid=109513) _check_effective_sql_mode /opt/stack/data/venv/lib/python3.12/site-packages/oslo_db/sqlalchemy/engines.py:325}}
Jun 29 04:56:22.223849 np0000183407 devstack@n-api-meta.service[109512]: DEBUG dbcounter [-] [109512] Writer thread running {{(pid=109512) stat_writer /opt/stack/data/venv/lib/python3.12/site-packages/dbcounter.py:102}}
Jun 29 04:56:22.227345 np0000183407 devstack@n-api-meta.service[109514]: INFO dbcounter [None req-cf88b75c-a2a3-4a7f-89c1-566791e76b60 None None] Registered counter for database nova_cell0
Jun 29 04:56:22.229145 np0000183407 devstack@n-api-meta.service[109512]: INFO dbcounter [None req-f9bae540-2634-4f36-b253-7d68ba868164 None None] Registered counter for database nova_cell0
Jun 29 04:56:22.233350 np0000183407 devstack@n-api-meta.service[109513]: DEBUG dbcounter [-] [109513] Writer thread running {{(pid=109513) stat_writer /opt/stack/data/venv/lib/python3.12/site-packages/dbcounter.py:102}}
Jun 29 04:56:22.271566 np0000183407 devstack@n-api-meta.service[109514]: DEBUG oslo_db.sqlalchemy.engines [None req-cf88b75c-a2a3-4a7f-89c1-566791e76b60 None None] MySQL server mode set to STRICT_TRANS_TABLES,STRICT_ALL_TABLES,NO_ZERO_IN_DATE,NO_ZERO_DATE,ERROR_FOR_DIVISION_BY_ZERO,TRADITIONAL,NO_ENGINE_SUBSTITUTION {{(pid=109514) _check_effective_sql_mode /opt/stack/data/venv/lib/python3.12/site-packages/oslo_db/sqlalchemy/engines.py:325}}
Jun 29 04:56:22.275736 np0000183407 devstack@n-api-meta.service[109512]: DEBUG oslo_db.sqlalchemy.engines [None req-f9bae540-2634-4f36-b253-7d68ba868164 None None] MySQL server mode set to STRICT_TRANS_TABLES,STRICT_ALL_TABLES,NO_ZERO_IN_DATE,NO_ZERO_DATE,ERROR_FOR_DIVISION_BY_ZERO,TRADITIONAL,NO_ENGINE_SUBSTITUTION {{(pid=109512) _check_effective_sql_mode /opt/stack/data/venv/lib/python3.12/site-packages/oslo_db/sqlalchemy/engines.py:325}}
Jun 29 04:56:22.282323 np0000183407 devstack@n-api-meta.service[109514]: DEBUG dbcounter [-] [109514] Writer thread running {{(pid=109514) stat_writer /opt/stack/data/venv/lib/python3.12/site-packages/dbcounter.py:102}}
Jun 29 04:56:22.287053 np0000183407 devstack@n-api-meta.service[109512]: DEBUG dbcounter [-] [109512] Writer thread running {{(pid=109512) stat_writer /opt/stack/data/venv/lib/python3.12/site-packages/dbcounter.py:102}}
Jun 29 04:56:22.323202 np0000183407 devstack@n-api-meta.service[109515]: WARNING nova.api.metadata.handler [None req-b6f58c1f-308a-4684-9201-3ee8835a3d4f None None] metadata_proxy_shared_secret is not configured, the metadata information returned by the proxy cannot be trusted
Jun 29 04:56:22.325837 np0000183407 devstack@n-api-meta.service[109515]: DEBUG nova.api.openstack.wsgi_app [None req-b6f58c1f-308a-4684-9201-3ee8835a3d4f None None] ******************************************************************************** {{(pid=109515) log_opt_values /opt/stack/data/venv/lib/python3.12/site-packages/oslo_config/cfg.py:3226}}
Jun 29 04:56:22.325962 np0000183407 devstack@n-api-meta.service[109515]: DEBUG nova.api.openstack.wsgi_app [None req-b6f58c1f-308a-4684-9201-3ee8835a3d4f None None] Configuration options gathered from: {{(pid=109515) log_opt_values /opt/stack/data/venv/lib/python3.12/site-packages/oslo_config/cfg.py:3227}}
Jun 29 04:56:22.326187 np0000183407 devstack@n-api-meta.service[109515]: DEBUG nova.api.openstack.wsgi_app [None req-b6f58c1f-308a-4684-9201-3ee8835a3d4f None None] command line args: [] {{(pid=109515) log_opt_values /opt/stack/data/venv/lib/python3.12/site-packages/oslo_config/cfg.py:3228}}
Jun 29 04:56:22.326258 np0000183407 devstack@n-api-meta.service[109515]: DEBUG nova.api.openstack.wsgi_app [None req-b6f58c1f-308a-4684-9201-3ee8835a3d4f None None] config files: ['/etc/nova/api-paste.ini', '/etc/nova/nova.conf'] {{(pid=109515) log_opt_values /opt/stack/data/venv/lib/python3.12/site-packages/oslo_config/cfg.py:3229}}
Jun 29 04:56:22.326315 np0000183407 devstack@n-api-meta.service[109515]: DEBUG nova.api.openstack.wsgi_app [None req-b6f58c1f-308a-4684-9201-3ee8835a3d4f None None] ================================================================================ {{(pid=109515) log_opt_values /opt/stack/data/venv/lib/python3.12/site-packages/oslo_config/cfg.py:3234}}
Jun 29 04:56:22.326526 np0000183407 devstack@n-api-meta.service[109515]: DEBUG nova.api.openstack.wsgi_app [None req-b6f58c1f-308a-4684-9201-3ee8835a3d4f None None] allow_resize_to_same_host = True {{(pid=109515) log_opt_values /opt/stack/data/venv/lib/python3.12/site-packages/oslo_config/cfg.py:3242}}
Jun 29 04:56:22.326670 np0000183407 devstack@n-api-meta.service[109515]: DEBUG nova.api.openstack.wsgi_app [None req-b6f58c1f-308a-4684-9201-3ee8835a3d4f None None] arq_binding_timeout = 300 {{(pid=109515) log_opt_values /opt/stack/data/venv/lib/python3.12/site-packages/oslo_config/cfg.py:3242}}
Jun 29 04:56:22.326804 np0000183407 devstack@n-api-meta.service[109515]: DEBUG nova.api.openstack.wsgi_app [None req-b6f58c1f-308a-4684-9201-3ee8835a3d4f None None] block_device_allocate_retries = 60 {{(pid=109515) log_opt_values /opt/stack/data/venv/lib/python3.12/site-packages/oslo_config/cfg.py:3242}}
Jun 29 04:56:22.326928 np0000183407 devstack@n-api-meta.service[109515]: DEBUG nova.api.openstack.wsgi_app [None req-b6f58c1f-308a-4684-9201-3ee8835a3d4f None None] block_device_allocate_retries_interval = 3 {{(pid=109515) log_opt_values /opt/stack/data/venv/lib/python3.12/site-packages/oslo_config/cfg.py:3242}}
Jun 29 04:56:22.327058 np0000183407 devstack@n-api-meta.service[109515]: DEBUG nova.api.openstack.wsgi_app [None req-b6f58c1f-308a-4684-9201-3ee8835a3d4f None None] cell_worker_thread_pool_size = 5 {{(pid=109515) log_opt_values /opt/stack/data/venv/lib/python3.12/site-packages/oslo_config/cfg.py:3242}}
Jun 29 04:56:22.327194 np0000183407 devstack@n-api-meta.service[109515]: DEBUG nova.api.openstack.wsgi_app [None req-b6f58c1f-308a-4684-9201-3ee8835a3d4f None None] cert = self.pem {{(pid=109515) log_opt_values /opt/stack/data/venv/lib/python3.12/site-packages/oslo_config/cfg.py:3242}}
Jun 29 04:56:22.327331 np0000183407 devstack@n-api-meta.service[109515]: DEBUG nova.api.openstack.wsgi_app [None req-b6f58c1f-308a-4684-9201-3ee8835a3d4f None None] compute_driver = libvirt.LibvirtDriver {{(pid=109515) log_opt_values /opt/stack/data/venv/lib/python3.12/site-packages/oslo_config/cfg.py:3242}}
Jun 29 04:56:22.327492 np0000183407 devstack@n-api-meta.service[109515]: DEBUG nova.api.openstack.wsgi_app [None req-b6f58c1f-308a-4684-9201-3ee8835a3d4f None None] compute_monitors = [] {{(pid=109515) log_opt_values /opt/stack/data/venv/lib/python3.12/site-packages/oslo_config/cfg.py:3242}}
Jun 29 04:56:22.327621 np0000183407 devstack@n-api-meta.service[109515]: DEBUG nova.api.openstack.wsgi_app [None req-b6f58c1f-308a-4684-9201-3ee8835a3d4f None None] config_dir = [] {{(pid=109515) log_opt_values /opt/stack/data/venv/lib/python3.12/site-packages/oslo_config/cfg.py:3242}}
Jun 29 04:56:22.327761 np0000183407 devstack@n-api-meta.service[109515]: DEBUG nova.api.openstack.wsgi_app [None req-b6f58c1f-308a-4684-9201-3ee8835a3d4f None None] config_drive_format = iso9660 {{(pid=109515) log_opt_values /opt/stack/data/venv/lib/python3.12/site-packages/oslo_config/cfg.py:3242}}
Jun 29 04:56:22.327865 np0000183407 devstack@n-api-meta.service[109515]: DEBUG nova.api.openstack.wsgi_app [None req-b6f58c1f-308a-4684-9201-3ee8835a3d4f None None] config_file = ['/etc/nova/api-paste.ini', '/etc/nova/nova.conf'] {{(pid=109515) log_opt_values /opt/stack/data/venv/lib/python3.12/site-packages/oslo_config/cfg.py:3242}}
Jun 29 04:56:22.328002 np0000183407 devstack@n-api-meta.service[109515]: DEBUG nova.api.openstack.wsgi_app [None req-b6f58c1f-308a-4684-9201-3ee8835a3d4f None None] config_source = [] {{(pid=109515) log_opt_values /opt/stack/data/venv/lib/python3.12/site-packages/oslo_config/cfg.py:3242}}
Jun 29 04:56:22.328139 np0000183407 devstack@n-api-meta.service[109515]: DEBUG nova.api.openstack.wsgi_app [None req-b6f58c1f-308a-4684-9201-3ee8835a3d4f None None] console_host = np0000183407 {{(pid=109515) log_opt_values /opt/stack/data/venv/lib/python3.12/site-packages/oslo_config/cfg.py:3242}}
Jun 29 04:56:22.328273 np0000183407 devstack@n-api-meta.service[109515]: DEBUG nova.api.openstack.wsgi_app [None req-b6f58c1f-308a-4684-9201-3ee8835a3d4f None None] control_exchange = nova {{(pid=109515) log_opt_values /opt/stack/data/venv/lib/python3.12/site-packages/oslo_config/cfg.py:3242}}
Jun 29 04:56:22.328584 np0000183407 devstack@n-api-meta.service[109515]: DEBUG nova.api.openstack.wsgi_app [None req-b6f58c1f-308a-4684-9201-3ee8835a3d4f None None] cpu_allocation_ratio = None {{(pid=109515) log_opt_values /opt/stack/data/venv/lib/python3.12/site-packages/oslo_config/cfg.py:3242}}
Jun 29 04:56:22.328584 np0000183407 devstack@n-api-meta.service[109515]: DEBUG nova.api.openstack.wsgi_app [None req-b6f58c1f-308a-4684-9201-3ee8835a3d4f None None] daemon = False {{(pid=109515) log_opt_values /opt/stack/data/venv/lib/python3.12/site-packages/oslo_config/cfg.py:3242}}
Jun 29 04:56:22.328717 np0000183407 devstack@n-api-meta.service[109515]: DEBUG nova.api.openstack.wsgi_app [None req-b6f58c1f-308a-4684-9201-3ee8835a3d4f None None] debug = True {{(pid=109515) log_opt_values /opt/stack/data/venv/lib/python3.12/site-packages/oslo_config/cfg.py:3242}}
Jun 29 04:56:22.328843 np0000183407 devstack@n-api-meta.service[109515]: DEBUG nova.api.openstack.wsgi_app [None req-b6f58c1f-308a-4684-9201-3ee8835a3d4f None None] default_access_ip_network_name = None {{(pid=109515) log_opt_values /opt/stack/data/venv/lib/python3.12/site-packages/oslo_config/cfg.py:3242}}
Jun 29 04:56:22.328982 np0000183407 devstack@n-api-meta.service[109515]: DEBUG nova.api.openstack.wsgi_app [None req-b6f58c1f-308a-4684-9201-3ee8835a3d4f None None] default_availability_zone = nova {{(pid=109515) log_opt_values /opt/stack/data/venv/lib/python3.12/site-packages/oslo_config/cfg.py:3242}}
Jun 29 04:56:22.329113 np0000183407 devstack@n-api-meta.service[109515]: DEBUG nova.api.openstack.wsgi_app [None req-b6f58c1f-308a-4684-9201-3ee8835a3d4f None None] default_ephemeral_format = ext4 {{(pid=109515) log_opt_values /opt/stack/data/venv/lib/python3.12/site-packages/oslo_config/cfg.py:3242}}
Jun 29 04:56:22.329243 np0000183407 devstack@n-api-meta.service[109515]: DEBUG nova.api.openstack.wsgi_app [None req-b6f58c1f-308a-4684-9201-3ee8835a3d4f None None] default_green_pool_size = 1000 {{(pid=109515) log_opt_values /opt/stack/data/venv/lib/python3.12/site-packages/oslo_config/cfg.py:3242}}
Jun 29 04:56:22.329474 np0000183407 devstack@n-api-meta.service[109515]: DEBUG nova.api.openstack.wsgi_app [None req-b6f58c1f-308a-4684-9201-3ee8835a3d4f None None] default_log_levels = ['amqp=WARN', 'boto=WARN', 'sqlalchemy=WARN', 'suds=INFO', 'oslo.messaging=INFO', 'oslo_messaging=INFO', 'iso8601=WARN', 'requests.packages.urllib3.connectionpool=WARN', 'urllib3.connectionpool=WARN', 'websocket=WARN', 'requests.packages.urllib3.util.retry=WARN', 'urllib3.util.retry=WARN', 'keystonemiddleware=WARN', 'routes.middleware=WARN', 'stevedore=WARN', 'taskflow=WARN', 'keystoneauth=WARN', 'oslo.cache=INFO', 'oslo_policy=INFO', 'dogpile.core.dogpile=INFO', 'glanceclient=WARN', 'oslo.privsep.daemon=INFO'] {{(pid=109515) log_opt_values /opt/stack/data/venv/lib/python3.12/site-packages/oslo_config/cfg.py:3242}}
Jun 29 04:56:22.329627 np0000183407 devstack@n-api-meta.service[109515]: DEBUG nova.api.openstack.wsgi_app [None req-b6f58c1f-308a-4684-9201-3ee8835a3d4f None None] default_schedule_zone = None {{(pid=109515) log_opt_values /opt/stack/data/venv/lib/python3.12/site-packages/oslo_config/cfg.py:3242}}
Jun 29 04:56:22.329739 np0000183407 devstack@n-api-meta.service[109515]: DEBUG nova.api.openstack.wsgi_app [None req-b6f58c1f-308a-4684-9201-3ee8835a3d4f None None] default_thread_pool_size = 10 {{(pid=109515) log_opt_values /opt/stack/data/venv/lib/python3.12/site-packages/oslo_config/cfg.py:3242}}
Jun 29 04:56:22.329866 np0000183407 devstack@n-api-meta.service[109515]: DEBUG nova.api.openstack.wsgi_app [None req-b6f58c1f-308a-4684-9201-3ee8835a3d4f None None] disk_allocation_ratio = None {{(pid=109515) log_opt_values /opt/stack/data/venv/lib/python3.12/site-packages/oslo_config/cfg.py:3242}}
Jun 29 04:56:22.329994 np0000183407 devstack@n-api-meta.service[109515]: DEBUG nova.api.openstack.wsgi_app [None req-b6f58c1f-308a-4684-9201-3ee8835a3d4f None None] enable_new_services = True {{(pid=109515) log_opt_values /opt/stack/data/venv/lib/python3.12/site-packages/oslo_config/cfg.py:3242}}
Jun 29 04:56:22.330121 np0000183407 devstack@n-api-meta.service[109515]: DEBUG nova.api.openstack.wsgi_app [None req-b6f58c1f-308a-4684-9201-3ee8835a3d4f None None] flat_injected = False {{(pid=109515) log_opt_values /opt/stack/data/venv/lib/python3.12/site-packages/oslo_config/cfg.py:3242}}
Jun 29 04:56:22.330250 np0000183407 devstack@n-api-meta.service[109515]: DEBUG nova.api.openstack.wsgi_app [None req-b6f58c1f-308a-4684-9201-3ee8835a3d4f None None] force_config_drive = False {{(pid=109515) log_opt_values /opt/stack/data/venv/lib/python3.12/site-packages/oslo_config/cfg.py:3242}}
Jun 29 04:56:22.330397 np0000183407 devstack@n-api-meta.service[109515]: DEBUG nova.api.openstack.wsgi_app [None req-b6f58c1f-308a-4684-9201-3ee8835a3d4f None None] force_raw_images = True {{(pid=109515) log_opt_values /opt/stack/data/venv/lib/python3.12/site-packages/oslo_config/cfg.py:3242}}
Jun 29 04:56:22.330539 np0000183407 devstack@n-api-meta.service[109515]: DEBUG nova.api.openstack.wsgi_app [None req-b6f58c1f-308a-4684-9201-3ee8835a3d4f None None] graceful_shutdown_timeout = 5 {{(pid=109515) log_opt_values /opt/stack/data/venv/lib/python3.12/site-packages/oslo_config/cfg.py:3242}}
Jun 29 04:56:22.330668 np0000183407 devstack@n-api-meta.service[109515]: DEBUG nova.api.openstack.wsgi_app [None req-b6f58c1f-308a-4684-9201-3ee8835a3d4f None None] heal_instance_info_cache_interval = -1 {{(pid=109515) log_opt_values /opt/stack/data/venv/lib/python3.12/site-packages/oslo_config/cfg.py:3242}}
Jun 29 04:56:22.330859 np0000183407 devstack@n-api-meta.service[109515]: DEBUG nova.api.openstack.wsgi_app [None req-b6f58c1f-308a-4684-9201-3ee8835a3d4f None None] host = np0000183407 {{(pid=109515) log_opt_values /opt/stack/data/venv/lib/python3.12/site-packages/oslo_config/cfg.py:3242}}
Jun 29 04:56:22.331000 np0000183407 devstack@n-api-meta.service[109515]: DEBUG nova.api.openstack.wsgi_app [None req-b6f58c1f-308a-4684-9201-3ee8835a3d4f None None] initial_cpu_allocation_ratio = 4.0 {{(pid=109515) log_opt_values /opt/stack/data/venv/lib/python3.12/site-packages/oslo_config/cfg.py:3242}}
Jun 29 04:56:22.331129 np0000183407 devstack@n-api-meta.service[109515]: DEBUG nova.api.openstack.wsgi_app [None req-b6f58c1f-308a-4684-9201-3ee8835a3d4f None None] initial_disk_allocation_ratio = 1.0 {{(pid=109515) log_opt_values /opt/stack/data/venv/lib/python3.12/site-packages/oslo_config/cfg.py:3242}}
Jun 29 04:56:22.331282 np0000183407 devstack@n-api-meta.service[109515]: DEBUG nova.api.openstack.wsgi_app [None req-b6f58c1f-308a-4684-9201-3ee8835a3d4f None None] initial_ram_allocation_ratio = 1.0 {{(pid=109515) log_opt_values /opt/stack/data/venv/lib/python3.12/site-packages/oslo_config/cfg.py:3242}}
Jun 29 04:56:22.331623 np0000183407 devstack@n-api-meta.service[109515]: DEBUG nova.api.openstack.wsgi_app [None req-b6f58c1f-308a-4684-9201-3ee8835a3d4f None None] injected_network_template = /opt/stack/nova/nova/virt/interfaces.template {{(pid=109515) log_opt_values /opt/stack/data/venv/lib/python3.12/site-packages/oslo_config/cfg.py:3242}}
Jun 29 04:56:22.331623 np0000183407 devstack@n-api-meta.service[109515]: DEBUG nova.api.openstack.wsgi_app [None req-b6f58c1f-308a-4684-9201-3ee8835a3d4f None None] instance_build_timeout = 0 {{(pid=109515) log_opt_values /opt/stack/data/venv/lib/python3.12/site-packages/oslo_config/cfg.py:3242}}
Jun 29 04:56:22.331717 np0000183407 devstack@n-api-meta.service[109515]: DEBUG nova.api.openstack.wsgi_app [None req-b6f58c1f-308a-4684-9201-3ee8835a3d4f None None] instance_delete_interval = 300 {{(pid=109515) log_opt_values /opt/stack/data/venv/lib/python3.12/site-packages/oslo_config/cfg.py:3242}}
Jun 29 04:56:22.332022 np0000183407 devstack@n-api-meta.service[109515]: DEBUG nova.api.openstack.wsgi_app [None req-b6f58c1f-308a-4684-9201-3ee8835a3d4f None None] instance_format = [instance: %(uuid)s] {{(pid=109515) log_opt_values /opt/stack/data/venv/lib/python3.12/site-packages/oslo_config/cfg.py:3242}}
Jun 29 04:56:22.332022 np0000183407 devstack@n-api-meta.service[109515]: DEBUG nova.api.openstack.wsgi_app [None req-b6f58c1f-308a-4684-9201-3ee8835a3d4f None None] instance_name_template = instance-%08x {{(pid=109515) log_opt_values /opt/stack/data/venv/lib/python3.12/site-packages/oslo_config/cfg.py:3242}}
Jun 29 04:56:22.332108 np0000183407 devstack@n-api-meta.service[109515]: DEBUG nova.api.openstack.wsgi_app [None req-b6f58c1f-308a-4684-9201-3ee8835a3d4f None None] instance_usage_audit = False {{(pid=109515) log_opt_values /opt/stack/data/venv/lib/python3.12/site-packages/oslo_config/cfg.py:3242}}
Jun 29 04:56:22.332228 np0000183407 devstack@n-api-meta.service[109515]: DEBUG nova.api.openstack.wsgi_app [None req-b6f58c1f-308a-4684-9201-3ee8835a3d4f None None] instance_usage_audit_period = month {{(pid=109515) log_opt_values /opt/stack/data/venv/lib/python3.12/site-packages/oslo_config/cfg.py:3242}}
Jun 29 04:56:22.332358 np0000183407 devstack@n-api-meta.service[109515]: DEBUG nova.api.openstack.wsgi_app [None req-b6f58c1f-308a-4684-9201-3ee8835a3d4f None None] instance_uuid_format = [instance: %(uuid)s] {{(pid=109515) log_opt_values /opt/stack/data/venv/lib/python3.12/site-packages/oslo_config/cfg.py:3242}}
Jun 29 04:56:22.332523 np0000183407 devstack@n-api-meta.service[109515]: DEBUG nova.api.openstack.wsgi_app [None req-b6f58c1f-308a-4684-9201-3ee8835a3d4f None None] instances_path = /opt/stack/data/nova/instances {{(pid=109515) log_opt_values /opt/stack/data/venv/lib/python3.12/site-packages/oslo_config/cfg.py:3242}}
Jun 29 04:56:22.332655 np0000183407 devstack@n-api-meta.service[109515]: DEBUG nova.api.openstack.wsgi_app [None req-b6f58c1f-308a-4684-9201-3ee8835a3d4f None None] internal_service_availability_zone = internal {{(pid=109515) log_opt_values /opt/stack/data/venv/lib/python3.12/site-packages/oslo_config/cfg.py:3242}}
Jun 29 04:56:22.332780 np0000183407 devstack@n-api-meta.service[109515]: DEBUG nova.api.openstack.wsgi_app [None req-b6f58c1f-308a-4684-9201-3ee8835a3d4f None None] key = None {{(pid=109515) log_opt_values /opt/stack/data/venv/lib/python3.12/site-packages/oslo_config/cfg.py:3242}}
Jun 29 04:56:22.332908 np0000183407 devstack@n-api-meta.service[109515]: DEBUG nova.api.openstack.wsgi_app [None req-b6f58c1f-308a-4684-9201-3ee8835a3d4f None None] live_migration_retry_count = 30 {{(pid=109515) log_opt_values /opt/stack/data/venv/lib/python3.12/site-packages/oslo_config/cfg.py:3242}}
Jun 29 04:56:22.333044 np0000183407 devstack@n-api-meta.service[109515]: DEBUG nova.api.openstack.wsgi_app [None req-b6f58c1f-308a-4684-9201-3ee8835a3d4f None None] log_color = False {{(pid=109515) log_opt_values /opt/stack/data/venv/lib/python3.12/site-packages/oslo_config/cfg.py:3242}}
Jun 29 04:56:22.333176 np0000183407 devstack@n-api-meta.service[109515]: DEBUG nova.api.openstack.wsgi_app [None req-b6f58c1f-308a-4684-9201-3ee8835a3d4f None None] log_config_append = None {{(pid=109515) log_opt_values /opt/stack/data/venv/lib/python3.12/site-packages/oslo_config/cfg.py:3242}}
Jun 29 04:56:22.333310 np0000183407 devstack@n-api-meta.service[109515]: DEBUG nova.api.openstack.wsgi_app [None req-b6f58c1f-308a-4684-9201-3ee8835a3d4f None None] log_date_format = %Y-%m-%d %H:%M:%S {{(pid=109515) log_opt_values /opt/stack/data/venv/lib/python3.12/site-packages/oslo_config/cfg.py:3242}}
Jun 29 04:56:22.333458 np0000183407 devstack@n-api-meta.service[109515]: DEBUG nova.api.openstack.wsgi_app [None req-b6f58c1f-308a-4684-9201-3ee8835a3d4f None None] log_dir = None {{(pid=109515) log_opt_values /opt/stack/data/venv/lib/python3.12/site-packages/oslo_config/cfg.py:3242}}
Jun 29 04:56:22.333587 np0000183407 devstack@n-api-meta.service[109515]: DEBUG nova.api.openstack.wsgi_app [None req-b6f58c1f-308a-4684-9201-3ee8835a3d4f None None] log_file = None {{(pid=109515) log_opt_values /opt/stack/data/venv/lib/python3.12/site-packages/oslo_config/cfg.py:3242}}
Jun 29 04:56:22.333689 np0000183407 devstack@n-api-meta.service[109515]: DEBUG nova.api.openstack.wsgi_app [None req-b6f58c1f-308a-4684-9201-3ee8835a3d4f None None] log_options = True {{(pid=109515) log_opt_values /opt/stack/data/venv/lib/python3.12/site-packages/oslo_config/cfg.py:3242}}
Jun 29 04:56:22.333816 np0000183407 devstack@n-api-meta.service[109515]: DEBUG nova.api.openstack.wsgi_app [None req-b6f58c1f-308a-4684-9201-3ee8835a3d4f None None] log_rotate_interval = 1 {{(pid=109515) log_opt_values /opt/stack/data/venv/lib/python3.12/site-packages/oslo_config/cfg.py:3242}}
Jun 29 04:56:22.333953 np0000183407 devstack@n-api-meta.service[109515]: DEBUG nova.api.openstack.wsgi_app [None req-b6f58c1f-308a-4684-9201-3ee8835a3d4f None None] log_rotate_interval_type = days {{(pid=109515) log_opt_values /opt/stack/data/venv/lib/python3.12/site-packages/oslo_config/cfg.py:3242}}
Jun 29 04:56:22.334085 np0000183407 devstack@n-api-meta.service[109515]: DEBUG nova.api.openstack.wsgi_app [None req-b6f58c1f-308a-4684-9201-3ee8835a3d4f None None] log_rotation_type = none {{(pid=109515) log_opt_values /opt/stack/data/venv/lib/python3.12/site-packages/oslo_config/cfg.py:3242}}
Jun 29 04:56:22.334188 np0000183407 devstack@n-api-meta.service[109515]: DEBUG nova.api.openstack.wsgi_app [None req-b6f58c1f-308a-4684-9201-3ee8835a3d4f None None] logging_context_format_string = %(color)s%(levelname)s %(name)s [%(global_request_id)s %(request_id)s %(project_name)s %(user_name)s%(color)s] %(instance)s%(color)s%(message)s {{(pid=109515) log_opt_values /opt/stack/data/venv/lib/python3.12/site-packages/oslo_config/cfg.py:3242}}
