Mar 31 22:25:15.348685 np0000162002 devstack@neutron-api.service[102779]: DEBUG neutron_lib.callbacks.manager [None req-2e384996-6610-4cdf-8a2f-7a5afaf4ea0b None None] Subscribe: > network after_create 55550000, False {{(pid=102779) subscribe /opt/stack/data/venv/lib/python3.12/site-packages/neutron_lib/callbacks/manager.py:52}}
Mar 31 22:25:15.348768 np0000162002 devstack@neutron-api.service[102779]: DEBUG neutron_lib.callbacks.manager [None req-2e384996-6610-4cdf-8a2f-7a5afaf4ea0b None None] Subscribe: > network after_update 55550000, False {{(pid=102779) subscribe /opt/stack/data/venv/lib/python3.12/site-packages/neutron_lib/callbacks/manager.py:52}}
Mar 31 22:25:15.348848 np0000162002 devstack@neutron-api.service[102779]: DEBUG neutron_lib.callbacks.manager [None req-2e384996-6610-4cdf-8a2f-7a5afaf4ea0b None None] Subscribe: > network after_delete 55550000, False {{(pid=102779) subscribe /opt/stack/data/venv/lib/python3.12/site-packages/neutron_lib/callbacks/manager.py:52}}
Mar 31 22:25:15.348888 np0000162002 devstack@neutron-api.service[102781]: DEBUG neutron.api.extensions [None req-47404c60-5f84-452d-8324-b18b624d4421 None None] Ext name="Subnet SegmentID (writable)" alias="subnet-segmentid-writable" description="Provides a writable segment_id attribute for a subnet resource." updated="2018-03-12T00:00:00-00:00" {{(pid=102781) _check_extension /opt/stack/neutron/neutron/api/extensions.py:415}}
Mar 31 22:25:15.348946 np0000162002 devstack@neutron-api.service[102778]: DEBUG neutron.services.provider_configuration [None req-9b932bce-7ec2-48da-bf60-6c6be0003bd3 None None] Service providers = [] {{(pid=102778) parse_service_provider_opt /opt/stack/neutron/neutron/services/provider_configuration.py:170}}
Mar 31 22:25:15.348977 np0000162002 devstack@neutron-api.service[102779]: DEBUG neutron_lib.callbacks.manager [None req-2e384996-6610-4cdf-8a2f-7a5afaf4ea0b None None] Subscribe: > security_group after_create 55550000, False {{(pid=102779) subscribe /opt/stack/data/venv/lib/python3.12/site-packages/neutron_lib/callbacks/manager.py:52}}
Mar 31 22:25:15.349013 np0000162002 devstack@neutron-api.service[102778]: DEBUG neutron.db.servicetype_db [None req-9b932bce-7ec2-48da-bf60-6c6be0003bd3 None None] Adding provider configuration for service L3_ROUTER_NAT {{(pid=102778) add_provider_configuration /opt/stack/neutron/neutron/db/servicetype_db.py:42}}
Mar 31 22:25:15.349039 np0000162002 devstack@neutron-api.service[102781]: INFO neutron.api.extensions [None req-47404c60-5f84-452d-8324-b18b624d4421 None None] Extension subnet-segmentid-writable not supported by any of loaded plugins
Mar 31 22:25:15.349064 np0000162002 devstack@neutron-api.service[102779]: DEBUG neutron_lib.callbacks.manager [None req-2e384996-6610-4cdf-8a2f-7a5afaf4ea0b None None] Subscribe: > security_group after_update 55550000, False {{(pid=102779) subscribe /opt/stack/data/venv/lib/python3.12/site-packages/neutron_lib/callbacks/manager.py:52}}
Mar 31 22:25:15.349120 np0000162002 devstack@neutron-api.service[102781]: DEBUG neutron.api.extensions [None req-47404c60-5f84-452d-8324-b18b624d4421 None None] Loading extension file: subnet_service_types.py {{(pid=102781) _load_all_extensions_from_path /opt/stack/neutron/neutron/api/extensions.py:449}}
Mar 31 22:25:15.349150 np0000162002 devstack@neutron-api.service[102779]: DEBUG neutron_lib.callbacks.manager [None req-2e384996-6610-4cdf-8a2f-7a5afaf4ea0b None None] Subscribe: > security_group after_delete 55550000, False {{(pid=102779) subscribe /opt/stack/data/venv/lib/python3.12/site-packages/neutron_lib/callbacks/manager.py:52}}
Mar 31 22:25:15.349328 np0000162002 devstack@neutron-api.service[102779]: DEBUG neutron_lib.callbacks.manager [None req-2e384996-6610-4cdf-8a2f-7a5afaf4ea0b None None] Subscribe: > security_group_rule after_create 55550000, False {{(pid=102779) subscribe /opt/stack/data/venv/lib/python3.12/site-packages/neutron_lib/callbacks/manager.py:52}}
Mar 31 22:25:15.349328 np0000162002 devstack@neutron-api.service[102779]: DEBUG neutron_lib.callbacks.manager [None req-2e384996-6610-4cdf-8a2f-7a5afaf4ea0b None None] Subscribe: > security_group_rule after_update 55550000, False {{(pid=102779) subscribe /opt/stack/data/venv/lib/python3.12/site-packages/neutron_lib/callbacks/manager.py:52}}
Mar 31 22:25:15.349456 np0000162002 devstack@neutron-api.service[102781]: DEBUG neutron.api.extensions [None req-47404c60-5f84-452d-8324-b18b624d4421 None None] Ext name="Subnet service types" alias="subnet-service-types" description="Provides ability to set the subnet service_types field" updated="2016-03-15T18:00:00-00:00" {{(pid=102781) _check_extension /opt/stack/neutron/neutron/api/extensions.py:415}}
Mar 31 22:25:15.349511 np0000162002 devstack@neutron-api.service[102779]: DEBUG neutron_lib.callbacks.manager [None req-2e384996-6610-4cdf-8a2f-7a5afaf4ea0b None None] Subscribe: > security_group_rule after_delete 55550000, False {{(pid=102779) subscribe /opt/stack/data/venv/lib/python3.12/site-packages/neutron_lib/callbacks/manager.py:52}}
Mar 31 22:25:15.349573 np0000162002 devstack@neutron-api.service[102781]: INFO neutron.api.extensions [None req-47404c60-5f84-452d-8324-b18b624d4421 None None] Loaded extension: subnet-service-types
Mar 31 22:25:15.349603 np0000162002 devstack@neutron-api.service[102779]: DEBUG neutron_lib.callbacks.manager [None req-2e384996-6610-4cdf-8a2f-7a5afaf4ea0b None None] Subscribe: > address_group after_create 55550000, False {{(pid=102779) subscribe /opt/stack/data/venv/lib/python3.12/site-packages/neutron_lib/callbacks/manager.py:52}}
Mar 31 22:25:15.349656 np0000162002 devstack@neutron-api.service[102781]: DEBUG neutron.api.extensions [None req-47404c60-5f84-452d-8324-b18b624d4421 None None] Loading extension file: subnetallocation.py {{(pid=102781) _load_all_extensions_from_path /opt/stack/neutron/neutron/api/extensions.py:449}}
Mar 31 22:25:15.349682 np0000162002 devstack@neutron-api.service[102779]: DEBUG neutron_lib.callbacks.manager [None req-2e384996-6610-4cdf-8a2f-7a5afaf4ea0b None None] Subscribe: > address_group after_update 55550000, False {{(pid=102779) subscribe /opt/stack/data/venv/lib/python3.12/site-packages/neutron_lib/callbacks/manager.py:52}}
Mar 31 22:25:15.349682 np0000162002 devstack@neutron-api.service[102779]: DEBUG neutron_lib.callbacks.manager [None req-2e384996-6610-4cdf-8a2f-7a5afaf4ea0b None None] Subscribe: > address_group after_delete 55550000, False {{(pid=102779) subscribe /opt/stack/data/venv/lib/python3.12/site-packages/neutron_lib/callbacks/manager.py:52}}
Mar 31 22:25:15.349785 np0000162002 devstack@neutron-api.service[102779]: DEBUG neutron.plugins.ml2.ovo_rpc [None req-2e384996-6610-4cdf-8a2f-7a5afaf4ea0b None None] ML2 OVO RPC backend initialized. {{(pid=102779) __init__ /opt/stack/neutron/neutron/plugins/ml2/ovo_rpc.py:117}}
Mar 31 22:25:15.350495 np0000162002 devstack@neutron-api.service[102781]: DEBUG neutron.api.extensions [None req-47404c60-5f84-452d-8324-b18b624d4421 None None] Ext name="Subnet Allocation" alias="subnet_allocation" description="Enables allocation of subnets from a subnet pool" updated="2015-03-30T10:00:00-00:00" {{(pid=102781) _check_extension /opt/stack/neutron/neutron/api/extensions.py:415}}
Mar 31 22:25:15.350495 np0000162002 devstack@neutron-api.service[102781]: INFO neutron.api.extensions [None req-47404c60-5f84-452d-8324-b18b624d4421 None None] Loaded extension: subnet_allocation
Mar 31 22:25:15.350495 np0000162002 devstack@neutron-api.service[102781]: DEBUG neutron.api.extensions [None req-47404c60-5f84-452d-8324-b18b624d4421 None None] Loading extension file: subnetpool_prefix_ops.py {{(pid=102781) _load_all_extensions_from_path /opt/stack/neutron/neutron/api/extensions.py:449}}
Mar 31 22:25:15.350773 np0000162002 devstack@neutron-api.service[102778]: DEBUG neutron_lib.callbacks.manager [None req-9b932bce-7ec2-48da-bf60-6c6be0003bd3 None None] Subscribe: > router precommit_create 55549900, False {{(pid=102778) subscribe /opt/stack/data/venv/lib/python3.12/site-packages/neutron_lib/callbacks/manager.py:52}}
Mar 31 22:25:15.350773 np0000162002 devstack@neutron-api.service[102778]: DEBUG neutron_lib.callbacks.manager [None req-9b932bce-7ec2-48da-bf60-6c6be0003bd3 None None] Subscribe: > router_interface after_create 55550000, False {{(pid=102778) subscribe /opt/stack/data/venv/lib/python3.12/site-packages/neutron_lib/callbacks/manager.py:52}}
Mar 31 22:25:15.351009 np0000162002 devstack@neutron-api.service[102781]: DEBUG neutron.api.extensions [None req-47404c60-5f84-452d-8324-b18b624d4421 None None] Ext name="Subnet Pool Prefix Operations" alias="subnetpool-prefix-ops" description="Provides support for adjusting the prefix list of subnet pools" updated="2019-02-08T10:00:00-00:00" {{(pid=102781) _check_extension /opt/stack/neutron/neutron/api/extensions.py:415}}
Mar 31 22:25:15.351106 np0000162002 devstack@neutron-api.service[102778]: DEBUG neutron_lib.callbacks.manager [None req-9b932bce-7ec2-48da-bf60-6c6be0003bd3 None None] Subscribe: > floatingip after_create 55550000, False {{(pid=102778) subscribe /opt/stack/data/venv/lib/python3.12/site-packages/neutron_lib/callbacks/manager.py:52}}
Mar 31 22:25:15.351194 np0000162002 devstack@neutron-api.service[102779]: INFO neutron.quota [None req-2e384996-6610-4cdf-8a2f-7a5afaf4ea0b None None] Loaded quota_driver: .
Mar 31 22:25:15.351251 np0000162002 devstack@neutron-api.service[102778]: DEBUG neutron_lib.callbacks.manager [None req-9b932bce-7ec2-48da-bf60-6c6be0003bd3 None None] Subscribe: > floatingip precommit_create 55550000, False {{(pid=102778) subscribe /opt/stack/data/venv/lib/python3.12/site-packages/neutron_lib/callbacks/manager.py:52}}
Mar 31 22:25:15.351305 np0000162002 devstack@neutron-api.service[102781]: INFO neutron.api.extensions [None req-47404c60-5f84-452d-8324-b18b624d4421 None None] Loaded extension: subnetpool-prefix-ops
Mar 31 22:25:15.351329 np0000162002 devstack@neutron-api.service[102779]: INFO neutron.plugins.ml2.plugin [None req-2e384996-6610-4cdf-8a2f-7a5afaf4ea0b None None] Modular L2 Plugin initialization complete
Mar 31 22:25:15.351391 np0000162002 devstack@neutron-api.service[102778]: DEBUG neutron_lib.callbacks.manager [None req-9b932bce-7ec2-48da-bf60-6c6be0003bd3 None None] Subscribe: > floatingip precommit_update 55550000, False {{(pid=102778) subscribe /opt/stack/data/venv/lib/python3.12/site-packages/neutron_lib/callbacks/manager.py:52}}
Mar 31 22:25:15.351424 np0000162002 devstack@neutron-api.service[102781]: DEBUG neutron.api.extensions [None req-47404c60-5f84-452d-8324-b18b624d4421 None None] Loading extension file: tag_creation.py {{(pid=102781) _load_all_extensions_from_path /opt/stack/neutron/neutron/api/extensions.py:449}}
Mar 31 22:25:15.351477 np0000162002 devstack@neutron-api.service[102778]: DEBUG neutron_lib.callbacks.manager [None req-9b932bce-7ec2-48da-bf60-6c6be0003bd3 None None] Subscribe: > floatingip after_delete 55550000, False {{(pid=102778) subscribe /opt/stack/data/venv/lib/python3.12/site-packages/neutron_lib/callbacks/manager.py:52}}
Mar 31 22:25:15.351513 np0000162002 devstack@neutron-api.service[102779]: DEBUG neutron.manager [None req-2e384996-6610-4cdf-8a2f-7a5afaf4ea0b None None] Loading services supported by the core plugin {{(pid=102779) _load_services_from_core_plugin /opt/stack/neutron/neutron/manager.py:170}}
Mar 31 22:25:15.351568 np0000162002 devstack@neutron-api.service[102778]: DEBUG neutron_lib.callbacks.manager [None req-9b932bce-7ec2-48da-bf60-6c6be0003bd3 None None] Subscribe: > floatingip after_status_update 55550000, False {{(pid=102778) subscribe /opt/stack/data/venv/lib/python3.12/site-packages/neutron_lib/callbacks/manager.py:52}}
Mar 31 22:25:15.351630 np0000162002 devstack@neutron-api.service[102779]: INFO neutron.plugins.ml2.managers [None req-2e384996-6610-4cdf-8a2f-7a5afaf4ea0b None None] Got port-security extension from driver 'port_security'
Mar 31 22:25:15.351681 np0000162002 devstack@neutron-api.service[102781]: DEBUG neutron.api.extensions [None req-47404c60-5f84-452d-8324-b18b624d4421 None None] Ext name="Tag creation extension" alias="tag-creation" description="Allow to create multiple tags for a resource" updated="2024-23-07T10:00:00-00:00" {{(pid=102781) _check_extension /opt/stack/neutron/neutron/api/extensions.py:415}}
Mar 31 22:25:15.351708 np0000162002 devstack@neutron-api.service[102778]: DEBUG neutron_lib.callbacks.manager [None req-9b932bce-7ec2-48da-bf60-6c6be0003bd3 None None] Subscribe: > floatingip after_update 55550000, False {{(pid=102778) subscribe /opt/stack/data/venv/lib/python3.12/site-packages/neutron_lib/callbacks/manager.py:52}}
Mar 31 22:25:15.351708 np0000162002 devstack@neutron-api.service[102778]: DEBUG neutron_lib.callbacks.manager [None req-9b932bce-7ec2-48da-bf60-6c6be0003bd3 None None] Subscribe: > port_forwarding after_create 55550000, False {{(pid=102778) subscribe /opt/stack/data/venv/lib/python3.12/site-packages/neutron_lib/callbacks/manager.py:52}}
Mar 31 22:25:15.351759 np0000162002 devstack@neutron-api.service[102781]: INFO neutron.api.extensions [None req-47404c60-5f84-452d-8324-b18b624d4421 None None] Loaded extension: tag-creation
Mar 31 22:25:15.351840 np0000162002 devstack@neutron-api.service[102779]: DEBUG neutron.manager [None req-2e384996-6610-4cdf-8a2f-7a5afaf4ea0b None None] Loading service plugins: ['ovn-router', 'auto_allocate', 'tag', 'timestamp', 'network_ip_availability', 'flavors', 'revisions'] {{(pid=102779) _load_service_plugins /opt/stack/neutron/neutron/manager.py:195}}
Mar 31 22:25:15.351882 np0000162002 devstack@neutron-api.service[102778]: DEBUG neutron_lib.callbacks.manager [None req-9b932bce-7ec2-48da-bf60-6c6be0003bd3 None None] Subscribe: > router_interface after_delete 55550000, False {{(pid=102778) subscribe /opt/stack/data/venv/lib/python3.12/site-packages/neutron_lib/callbacks/manager.py:52}}
Mar 31 22:25:15.351941 np0000162002 devstack@neutron-api.service[102781]: DEBUG neutron.api.extensions [None req-47404c60-5f84-452d-8324-b18b624d4421 None None] Loading extension file: tag_ports_during_bulk_creation.py {{(pid=102781) _load_all_extensions_from_path /opt/stack/neutron/neutron/api/extensions.py:449}}
Mar 31 22:25:15.351967 np0000162002 devstack@neutron-api.service[102779]: INFO neutron.manager [None req-2e384996-6610-4cdf-8a2f-7a5afaf4ea0b None None] Loading Plugin: ovn-router
Mar 31 22:25:15.352042 np0000162002 devstack@neutron-api.service[102778]: DEBUG neutron_lib.callbacks.manager [None req-9b932bce-7ec2-48da-bf60-6c6be0003bd3 None None] Subscribe: > router after_create 55550000, False {{(pid=102778) subscribe /opt/stack/data/venv/lib/python3.12/site-packages/neutron_lib/callbacks/manager.py:52}}
Mar 31 22:25:15.352042 np0000162002 devstack@neutron-api.service[102778]: DEBUG neutron_lib.callbacks.manager [None req-9b932bce-7ec2-48da-bf60-6c6be0003bd3 None None] Subscribe: > router precommit_create 55550000, False {{(pid=102778) subscribe /opt/stack/data/venv/lib/python3.12/site-packages/neutron_lib/callbacks/manager.py:52}}
Mar 31 22:25:15.352098 np0000162002 devstack@neutron-api.service[102781]: DEBUG neutron.api.extensions [None req-47404c60-5f84-452d-8324-b18b624d4421 None None] Ext name="Tag Ports During Bulk Creation" alias="tag-ports-during-bulk-creation" description="Allow to tag ports during bulk creation" updated="2019-12-29T19:00:00-00:00" {{(pid=102781) _check_extension /opt/stack/neutron/neutron/api/extensions.py:415}}
Mar 31 22:25:15.352168 np0000162002 devstack@neutron-api.service[102778]: DEBUG neutron_lib.callbacks.manager [None req-9b932bce-7ec2-48da-bf60-6c6be0003bd3 None None] Subscribe: > router after_delete 55550000, False {{(pid=102778) subscribe /opt/stack/data/venv/lib/python3.12/site-packages/neutron_lib/callbacks/manager.py:52}}
Mar 31 22:25:15.352168 np0000162002 devstack@neutron-api.service[102778]: DEBUG neutron_lib.callbacks.manager [None req-9b932bce-7ec2-48da-bf60-6c6be0003bd3 None None] Subscribe: > router after_update 55550000, False {{(pid=102778) subscribe /opt/stack/data/venv/lib/python3.12/site-packages/neutron_lib/callbacks/manager.py:52}}
Mar 31 22:25:15.352220 np0000162002 devstack@neutron-api.service[102781]: INFO neutron.api.extensions [None req-47404c60-5f84-452d-8324-b18b624d4421 None None] Extension tag-ports-during-bulk-creation not supported by any of loaded plugins
Mar 31 22:25:15.352311 np0000162002 devstack@neutron-api.service[102778]: DEBUG neutron.services.service_base [None req-9b932bce-7ec2-48da-bf60-6c6be0003bd3 None None] Loaded 'neutron.services.ovn_l3.service_providers.ovn.OvnDriver' provider for service L3_ROUTER_NAT {{(pid=102778) load_drivers /opt/stack/neutron/neutron/services/service_base.py:49}}
Mar 31 22:25:15.352364 np0000162002 devstack@neutron-api.service[102781]: DEBUG neutron.api.extensions [None req-47404c60-5f84-452d-8324-b18b624d4421 None None] Loading extension file: tagging.py {{(pid=102781) _load_all_extensions_from_path /opt/stack/neutron/neutron/api/extensions.py:449}}
Mar 31 22:25:15.352392 np0000162002 devstack@neutron-api.service[102778]: DEBUG neutron_lib.callbacks.manager [None req-9b932bce-7ec2-48da-bf60-6c6be0003bd3 None None] Subscribe: > process after_init 55550001, True {{(pid=102778) subscribe /opt/stack/data/venv/lib/python3.12/site-packages/neutron_lib/callbacks/manager.py:52}}
Mar 31 22:25:15.352392 np0000162002 devstack@neutron-api.service[102778]: DEBUG neutron.manager [None req-9b932bce-7ec2-48da-bf60-6c6be0003bd3 None None] Successfully loaded L3_ROUTER_NAT plugin. Description: L3 Router Service Plugin for basic L3 forwarding using OVN {{(pid=102778) _create_and_add_service_plugin /opt/stack/neutron/neutron/manager.py:239}}
Mar 31 22:25:15.352392 np0000162002 devstack@neutron-api.service[102778]: INFO neutron.manager [None req-9b932bce-7ec2-48da-bf60-6c6be0003bd3 None None] Loading Plugin: auto_allocate
Mar 31 22:25:15.352519 np0000162002 devstack@neutron-api.service[102781]: DEBUG neutron.api.extensions [None req-47404c60-5f84-452d-8324-b18b624d4421 None None] Ext name="Tag support for resources with standard attribute: port, subnet, subnetpool, network, security_group, router, floatingip, policy, trunk, network_segment_range" alias="standard-attr-tag" description="Enables to set tag on resources with standard attribute." updated="2017-01-01T00:00:00-00:00" {{(pid=102781) _check_extension /opt/stack/neutron/neutron/api/extensions.py:415}}
Mar 31 22:25:15.352566 np0000162002 devstack@neutron-api.service[102781]: INFO neutron.api.extensions [None req-47404c60-5f84-452d-8324-b18b624d4421 None None] Loaded extension: standard-attr-tag
Mar 31 22:25:15.352628 np0000162002 devstack@neutron-api.service[102781]: DEBUG neutron.api.extensions [None req-47404c60-5f84-452d-8324-b18b624d4421 None None] Loading extension file: timestamp.py {{(pid=102781) _load_all_extensions_from_path /opt/stack/neutron/neutron/api/extensions.py:449}}
Mar 31 22:25:15.352873 np0000162002 devstack@neutron-api.service[102778]: DEBUG neutron_lib.callbacks.manager [None req-9b932bce-7ec2-48da-bf60-6c6be0003bd3 None None] Subscribe: network precommit_update 55550000, False {{(pid=102778) subscribe /opt/stack/data/venv/lib/python3.12/site-packages/neutron_lib/callbacks/manager.py:52}}
Mar 31 22:25:15.352914 np0000162002 devstack@neutron-api.service[102781]: DEBUG neutron.api.extensions [None req-47404c60-5f84-452d-8324-b18b624d4421 None None] Ext name="Resource timestamps" alias="standard-attr-timestamp" description="Adds created_at and updated_at fields to all Neutron resources that have Neutron standard attributes." updated="2016-09-12T10:00:00-00:00" {{(pid=102781) _check_extension /opt/stack/neutron/neutron/api/extensions.py:415}}
Mar 31 22:25:15.352968 np0000162002 devstack@neutron-api.service[102778]: DEBUG neutron_lib.callbacks.manager [None req-9b932bce-7ec2-48da-bf60-6c6be0003bd3 None None] Subscribe: network precommit_create 55550000, False {{(pid=102778) subscribe /opt/stack/data/venv/lib/python3.12/site-packages/neutron_lib/callbacks/manager.py:52}}
Mar 31 22:25:15.353076 np0000162002 devstack@neutron-api.service[102781]: INFO neutron.api.extensions [None req-47404c60-5f84-452d-8324-b18b624d4421 None None] Loaded extension: standard-attr-timestamp
Mar 31 22:25:15.353132 np0000162002 devstack@neutron-api.service[102781]: DEBUG neutron.api.extensions [None req-47404c60-5f84-452d-8324-b18b624d4421 None None] Loading extension file: trunk.py {{(pid=102781) _load_all_extensions_from_path /opt/stack/neutron/neutron/api/extensions.py:449}}
Mar 31 22:25:15.353198 np0000162002 devstack@neutron-api.service[102778]: DEBUG neutron.manager [None req-9b932bce-7ec2-48da-bf60-6c6be0003bd3 None None] Successfully loaded auto-allocated-topology plugin. Description: Auto Allocated Topology - aka get me a network. {{(pid=102778) _create_and_add_service_plugin /opt/stack/neutron/neutron/manager.py:239}}
Mar 31 22:25:15.353318 np0000162002 devstack@neutron-api.service[102778]: INFO neutron.manager [None req-9b932bce-7ec2-48da-bf60-6c6be0003bd3 None None] Loading Plugin: tag
Mar 31 22:25:15.353361 np0000162002 devstack@neutron-api.service[102781]: DEBUG neutron.api.extensions [None req-47404c60-5f84-452d-8324-b18b624d4421 None None] Ext name="Trunk Extension" alias="trunk" description="Provides support for trunk ports" updated="2016-01-01T10:00:00-00:00" {{(pid=102781) _check_extension /opt/stack/neutron/neutron/api/extensions.py:415}}
Mar 31 22:25:15.353528 np0000162002 devstack@neutron-api.service[102781]: INFO neutron.api.extensions [None req-47404c60-5f84-452d-8324-b18b624d4421 None None] Extension trunk not supported by any of loaded plugins
Mar 31 22:25:15.353617 np0000162002 devstack@neutron-api.service[102781]: DEBUG neutron.api.extensions [None req-47404c60-5f84-452d-8324-b18b624d4421 None None] Loading extension file: trunk_details.py {{(pid=102781) _load_all_extensions_from_path /opt/stack/neutron/neutron/api/extensions.py:449}}
Mar 31 22:25:15.353837 np0000162002 devstack@neutron-api.service[102781]: DEBUG neutron.api.extensions [None req-47404c60-5f84-452d-8324-b18b624d4421 None None] Ext name="Trunk port details" alias="trunk-details" description="Expose trunk port details" updated="2016-01-01T10:00:00-00:00" {{(pid=102781) _check_extension /opt/stack/neutron/neutron/api/extensions.py:415}}
Mar 31 22:25:15.354033 np0000162002 devstack@neutron-api.service[102781]: INFO neutron.api.extensions [None req-47404c60-5f84-452d-8324-b18b624d4421 None None] Extension trunk-details not supported by any of loaded plugins
Mar 31 22:25:15.354113 np0000162002 devstack@neutron-api.service[102781]: DEBUG neutron.api.extensions [None req-47404c60-5f84-452d-8324-b18b624d4421 None None] Loading extension file: uplink_status_propagation.py {{(pid=102781) _load_all_extensions_from_path /opt/stack/neutron/neutron/api/extensions.py:449}}
Mar 31 22:25:15.354924 np0000162002 devstack@neutron-api.service[102781]: DEBUG neutron.api.extensions [None req-47404c60-5f84-452d-8324-b18b624d4421 None None] Ext name="Uplink status propagation extension" alias="uplink-status-propagation" description="Provides ability to propagate port uplink status." updated="2018-05-31T18:00:00-00:00" {{(pid=102781) _check_extension /opt/stack/neutron/neutron/api/extensions.py:415}}
Mar 31 22:25:15.354924 np0000162002 devstack@neutron-api.service[102781]: INFO neutron.api.extensions [None req-47404c60-5f84-452d-8324-b18b624d4421 None None] Extension uplink-status-propagation not supported by any of loaded plugins
Mar 31 22:25:15.354924 np0000162002 devstack@neutron-api.service[102781]: DEBUG neutron.api.extensions [None req-47404c60-5f84-452d-8324-b18b624d4421 None None] Loading extension file: uplink_status_propagation_updatable.py {{(pid=102781) _load_all_extensions_from_path /opt/stack/neutron/neutron/api/extensions.py:449}}
Mar 31 22:25:15.354924 np0000162002 devstack@neutron-api.service[102781]: DEBUG neutron.api.extensions [None req-47404c60-5f84-452d-8324-b18b624d4421 None None] Ext name="Uplink status propagation updatable extension" alias="uplink-status-propagation-updatable" description="Provides ability to update the port uplink status." updated="2024-09-03T18:00:00-00:00" {{(pid=102781) _check_extension /opt/stack/neutron/neutron/api/extensions.py:415}}
Mar 31 22:25:15.355089 np0000162002 devstack@neutron-api.service[102781]: INFO neutron.api.extensions [None req-47404c60-5f84-452d-8324-b18b624d4421 None None] Extension uplink-status-propagation-updatable not supported by any of loaded plugins
Mar 31 22:25:15.355089 np0000162002 devstack@neutron-api.service[102781]: DEBUG neutron.api.extensions [None req-47404c60-5f84-452d-8324-b18b624d4421 None None] Loading extension file: vlantransparent.py {{(pid=102781) _load_all_extensions_from_path /opt/stack/neutron/neutron/api/extensions.py:449}}
Mar 31 22:25:15.355399 np0000162002 devstack@neutron-api.service[102781]: DEBUG neutron.api.extensions [None req-47404c60-5f84-452d-8324-b18b624d4421 None None] Ext name="Vlantransparent" alias="vlan-transparent" description="Provides Vlan Transparent Networks" updated="2015-03-23T09:00:00-00:00" {{(pid=102781) _check_extension /opt/stack/neutron/neutron/api/extensions.py:415}}
Mar 31 22:25:15.355498 np0000162002 devstack@neutron-api.service[102781]: INFO neutron.api.extensions [None req-47404c60-5f84-452d-8324-b18b624d4421 None None] Loaded extension: vlan-transparent
Mar 31 22:25:15.356266 np0000162002 devstack@neutron-api.service[102778]: DEBUG neutron.manager [None req-9b932bce-7ec2-48da-bf60-6c6be0003bd3 None None] Successfully loaded TAG plugin. Description: Tag support {{(pid=102778) _create_and_add_service_plugin /opt/stack/neutron/neutron/manager.py:239}}
Mar 31 22:25:15.356391 np0000162002 devstack@neutron-api.service[102778]: INFO neutron.manager [None req-9b932bce-7ec2-48da-bf60-6c6be0003bd3 None None] Loading Plugin: timestamp
Mar 31 22:25:15.357039 np0000162002 devstack@neutron-api.service[102781]: INFO neutron.quota.resource_registry [None req-47404c60-5f84-452d-8324-b18b624d4421 None None] Creating instance of TrackedResource for resource:network
Mar 31 22:25:15.357226 np0000162002 devstack@neutron-api.service[102781]: INFO neutron.quota.resource_registry [None req-47404c60-5f84-452d-8324-b18b624d4421 None None] Creating instance of TrackedResource for resource:subnet
Mar 31 22:25:15.357359 np0000162002 devstack@neutron-api.service[102781]: INFO neutron.quota.resource_registry [None req-47404c60-5f84-452d-8324-b18b624d4421 None None] Creating instance of TrackedResource for resource:subnetpool
Mar 31 22:25:15.357444 np0000162002 devstack@neutron-api.service[102781]: INFO neutron.quota.resource_registry [None req-47404c60-5f84-452d-8324-b18b624d4421 None None] Creating instance of TrackedResource for resource:port
Mar 31 22:25:15.357522 np0000162002 devstack@neutron-api.service[102778]: DEBUG neutron.manager [None req-9b932bce-7ec2-48da-bf60-6c6be0003bd3 None None] Successfully loaded timestamp plugin. Description: Adds timestamps to Neutron resources with standard attributes {{(pid=102778) _create_and_add_service_plugin /opt/stack/neutron/neutron/manager.py:239}}
Mar 31 22:25:15.357599 np0000162002 devstack@neutron-api.service[102778]: INFO neutron.manager [None req-9b932bce-7ec2-48da-bf60-6c6be0003bd3 None None] Loading Plugin: network_ip_availability
Mar 31 22:25:15.358870 np0000162002 devstack@neutron-api.service[102781]: DEBUG neutron.api.v2.resource_helper [None req-47404c60-5f84-452d-8324-b18b624d4421 None None] Service L3_ROUTER_NAT assigned prefix: {{(pid=102781) build_resource_info /opt/stack/neutron/neutron/api/v2/resource_helper.py:77}}
Mar 31 22:25:15.359012 np0000162002 devstack@neutron-api.service[102778]: DEBUG neutron.manager [None req-9b932bce-7ec2-48da-bf60-6c6be0003bd3 None None] Successfully loaded network-ip-availability plugin. Description: Provides IP availability data for each network and subnet. {{(pid=102778) _create_and_add_service_plugin /opt/stack/neutron/neutron/manager.py:239}}
Mar 31 22:25:15.359102 np0000162002 devstack@neutron-api.service[102778]: INFO neutron.manager [None req-9b932bce-7ec2-48da-bf60-6c6be0003bd3 None None] Loading Plugin: flavors
Mar 31 22:25:15.359276 np0000162002 devstack@neutron-api.service[102781]: DEBUG neutron.api.v2.resource_helper [None req-47404c60-5f84-452d-8324-b18b624d4421 None None] Service FLAVORS assigned prefix: {{(pid=102781) build_resource_info /opt/stack/neutron/neutron/api/v2/resource_helper.py:77}}
Mar 31 22:25:15.360194 np0000162002 devstack@neutron-api.service[102779]: DEBUG neutron_lib.callbacks.manager [None req-2e384996-6610-4cdf-8a2f-7a5afaf4ea0b None None] Subscribe: > router before_delete 55550000, False {{(pid=102779) subscribe /opt/stack/data/venv/lib/python3.12/site-packages/neutron_lib/callbacks/manager.py:52}}
Mar 31 22:25:15.360317 np0000162002 devstack@neutron-api.service[102778]: DEBUG neutron.manager [None req-9b932bce-7ec2-48da-bf60-6c6be0003bd3 None None] Successfully loaded FLAVORS plugin. Description: Neutron Flavors and Service Profiles manager plugin {{(pid=102778) _create_and_add_service_plugin /opt/stack/neutron/neutron/manager.py:239}}
Mar 31 22:25:15.360394 np0000162002 devstack@neutron-api.service[102779]: DEBUG neutron_lib.callbacks.manager [None req-2e384996-6610-4cdf-8a2f-7a5afaf4ea0b None None] Subscribe: port after_update 55550000, False {{(pid=102779) subscribe /opt/stack/data/venv/lib/python3.12/site-packages/neutron_lib/callbacks/manager.py:52}}
Mar 31 22:25:15.360470 np0000162002 devstack@neutron-api.service[102778]: INFO neutron.manager [None req-9b932bce-7ec2-48da-bf60-6c6be0003bd3 None None] Loading Plugin: revisions
Mar 31 22:25:15.360539 np0000162002 devstack@neutron-api.service[102781]: DEBUG neutron.api.v2.resource_helper [None req-47404c60-5f84-452d-8324-b18b624d4421 None None] Service L3_ROUTER_NAT assigned prefix: {{(pid=102781) build_resource_info /opt/stack/neutron/neutron/api/v2/resource_helper.py:77}}
Mar 31 22:25:15.360616 np0000162002 devstack@neutron-api.service[102779]: DEBUG neutron_lib.callbacks.manager [None req-2e384996-6610-4cdf-8a2f-7a5afaf4ea0b None None] Subscribe: port after_delete 55550000, False {{(pid=102779) subscribe /opt/stack/data/venv/lib/python3.12/site-packages/neutron_lib/callbacks/manager.py:52}}
Mar 31 22:25:15.360616 np0000162002 devstack@neutron-api.service[102779]: DEBUG neutron_lib.callbacks.manager [None req-2e384996-6610-4cdf-8a2f-7a5afaf4ea0b None None] Subscribe: subnet after_update 55550000, False {{(pid=102779) subscribe /opt/stack/data/venv/lib/python3.12/site-packages/neutron_lib/callbacks/manager.py:52}}
Mar 31 22:25:15.360616 np0000162002 devstack@neutron-api.service[102779]: DEBUG neutron_lib.callbacks.manager [None req-2e384996-6610-4cdf-8a2f-7a5afaf4ea0b None None] Subscribe: subnetpool_address_scope after_update 55550000, False {{(pid=102779) subscribe /opt/stack/data/venv/lib/python3.12/site-packages/neutron_lib/callbacks/manager.py:52}}
Mar 31 22:25:15.360759 np0000162002 devstack@neutron-api.service[102781]: DEBUG neutron.api.v2.resource_helper [None req-47404c60-5f84-452d-8324-b18b624d4421 None None] Service L3_ROUTER_NAT assigned prefix: {{(pid=102781) build_resource_info /opt/stack/neutron/neutron/api/v2/resource_helper.py:77}}
Mar 31 22:25:15.360840 np0000162002 devstack@neutron-api.service[102779]: DEBUG neutron_lib.callbacks.manager [None req-2e384996-6610-4cdf-8a2f-7a5afaf4ea0b None None] Subscribe: port before_update 55550000, False {{(pid=102779) subscribe /opt/stack/data/venv/lib/python3.12/site-packages/neutron_lib/callbacks/manager.py:52}}
Mar 31 22:25:15.360840 np0000162002 devstack@neutron-api.service[102779]: DEBUG neutron_lib.callbacks.manager [None req-2e384996-6610-4cdf-8a2f-7a5afaf4ea0b None None] Subscribe: port after_update 55550000, False {{(pid=102779) subscribe /opt/stack/data/venv/lib/python3.12/site-packages/neutron_lib/callbacks/manager.py:52}}
Mar 31 22:25:15.361151 np0000162002 devstack@neutron-api.service[102781]: INFO neutron.quota.resource_registry [None req-47404c60-5f84-452d-8324-b18b624d4421 None None] Creating instance of TrackedResource for resource:router
Mar 31 22:25:15.361234 np0000162002 devstack@neutron-api.service[102779]: DEBUG neutron_lib.callbacks.manager [None req-2e384996-6610-4cdf-8a2f-7a5afaf4ea0b None None] Subscribe: > port precommit_delete 55550000, False {{(pid=102779) subscribe /opt/stack/data/venv/lib/python3.12/site-packages/neutron_lib/callbacks/manager.py:52}}
Mar 31 22:25:15.361234 np0000162002 devstack@neutron-api.service[102779]: DEBUG neutron_lib.callbacks.manager [None req-2e384996-6610-4cdf-8a2f-7a5afaf4ea0b None None] Subscribe: port before_update 55550000, False {{(pid=102779) subscribe /opt/stack/data/venv/lib/python3.12/site-packages/neutron_lib/callbacks/manager.py:52}}
Mar 31 22:25:15.361234 np0000162002 devstack@neutron-api.service[102779]: DEBUG neutron_lib.callbacks.manager [None req-2e384996-6610-4cdf-8a2f-7a5afaf4ea0b None None] Subscribe: port before_delete 55550000, False {{(pid=102779) subscribe /opt/stack/data/venv/lib/python3.12/site-packages/neutron_lib/callbacks/manager.py:52}}
Mar 31 22:25:15.361234 np0000162002 devstack@neutron-api.service[102779]: DEBUG neutron_lib.callbacks.manager [None req-2e384996-6610-4cdf-8a2f-7a5afaf4ea0b None None] Subscribe: > router precommit_create 55550000, False {{(pid=102779) subscribe /opt/stack/data/venv/lib/python3.12/site-packages/neutron_lib/callbacks/manager.py:52}}
Mar 31 22:25:15.361368 np0000162002 devstack@neutron-api.service[102781]: INFO neutron.quota.resource_registry [None req-47404c60-5f84-452d-8324-b18b624d4421 None None] Creating instance of TrackedResource for resource:floatingip
Mar 31 22:25:15.361420 np0000162002 devstack@neutron-api.service[102778]: DEBUG neutron.manager [None req-9b932bce-7ec2-48da-bf60-6c6be0003bd3 None None] Successfully loaded revision_plugin plugin. Description: Adds revision numbers to resources. {{(pid=102778) _create_and_add_service_plugin /opt/stack/neutron/neutron/manager.py:239}}
Mar 31 22:25:15.361480 np0000162002 devstack@neutron-api.service[102779]: DEBUG neutron_lib.callbacks.manager [None req-2e384996-6610-4cdf-8a2f-7a5afaf4ea0b None None] Subscribe: > router precommit_create 55550000, False {{(pid=102779) subscribe /opt/stack/data/venv/lib/python3.12/site-packages/neutron_lib/callbacks/manager.py:52}}
Mar 31 22:25:15.361589 np0000162002 devstack@neutron-api.service[102778]: DEBUG oslo_concurrency.lockutils [None req-9b932bce-7ec2-48da-bf60-6c6be0003bd3 None None] Lock "manager" "released" by "neutron.manager.NeutronManager._create_instance" :: held 4.497s {{(pid=102778) inner /opt/stack/data/venv/lib/python3.12/site-packages/oslo_concurrency/lockutils.py:538}}
Mar 31 22:25:15.361642 np0000162002 devstack@neutron-api.service[102779]: DEBUG neutron_lib.callbacks.manager [None req-2e384996-6610-4cdf-8a2f-7a5afaf4ea0b None None] Subscribe: > router precommit_update 55550000, False {{(pid=102779) subscribe /opt/stack/data/venv/lib/python3.12/site-packages/neutron_lib/callbacks/manager.py:52}}
Mar 31 22:25:15.361642 np0000162002 devstack@neutron-api.service[102779]: DEBUG neutron_lib.callbacks.manager [None req-2e384996-6610-4cdf-8a2f-7a5afaf4ea0b None None] Subscribe: subnet after_update 55550000, False {{(pid=102779) subscribe /opt/stack/data/venv/lib/python3.12/site-packages/neutron_lib/callbacks/manager.py:52}}
Mar 31 22:25:15.361769 np0000162002 devstack@neutron-api.service[102778]: DEBUG neutron.api.extensions [None req-9b932bce-7ec2-48da-bf60-6c6be0003bd3 None None] get_extension_paths = OrderedDict({'/opt/stack/neutron/neutron/extensions': 1}) {{(pid=102778) get_extensions_path /opt/stack/neutron/neutron/api/extensions.py:640}}
Mar 31 22:25:15.361769 np0000162002 devstack@neutron-api.service[102778]: INFO neutron.api.extensions [None req-9b932bce-7ec2-48da-bf60-6c6be0003bd3 None None] Initializing extension manager.
Mar 31 22:25:15.361769 np0000162002 devstack@neutron-api.service[102778]: DEBUG neutron.api.extensions [None req-9b932bce-7ec2-48da-bf60-6c6be0003bd3 None None] Loading extension file: __init__.py {{(pid=102778) _load_all_extensions_from_path /opt/stack/neutron/neutron/api/extensions.py:449}}
Mar 31 22:25:15.361898 np0000162002 devstack@neutron-api.service[102778]: DEBUG neutron.api.extensions [None req-9b932bce-7ec2-48da-bf60-6c6be0003bd3 None None] Loading extension file: __pycache__ {{(pid=102778) _load_all_extensions_from_path /opt/stack/neutron/neutron/api/extensions.py:449}}
Mar 31 22:25:15.361898 np0000162002 devstack@neutron-api.service[102778]: DEBUG neutron.api.extensions [None req-9b932bce-7ec2-48da-bf60-6c6be0003bd3 None None] Loading extension file: address_group.py {{(pid=102778) _load_all_extensions_from_path /opt/stack/neutron/neutron/api/extensions.py:449}}
Mar 31 22:25:15.361995 np0000162002 devstack@neutron-api.service[102781]: INFO neutron.quota.resource_registry [None req-47404c60-5f84-452d-8324-b18b624d4421 None None] Creating instance of CountableResource for resource:rbac_policy
Mar 31 22:25:15.362054 np0000162002 devstack@neutron-api.service[102779]: DEBUG neutron.quota.resource_registry [None req-2e384996-6610-4cdf-8a2f-7a5afaf4ea0b None None] Tracking information for resource: router configured {{(pid=102779) set_tracked_resource /opt/stack/neutron/neutron/quota/resource_registry.py:203}}
Mar 31 22:25:15.362181 np0000162002 devstack@neutron-api.service[102779]: DEBUG neutron.quota.resource_registry [None req-2e384996-6610-4cdf-8a2f-7a5afaf4ea0b None None] Tracking information for resource: floatingip configured {{(pid=102779) set_tracked_resource /opt/stack/neutron/neutron/quota/resource_registry.py:203}}
Mar 31 22:25:15.362181 np0000162002 devstack@neutron-api.service[102779]: INFO neutron.services.ovn_l3.plugin [None req-2e384996-6610-4cdf-8a2f-7a5afaf4ea0b None None] Starting OVNL3RouterPlugin
Mar 31 22:25:15.362261 np0000162002 devstack@neutron-api.service[102778]: DEBUG neutron.api.extensions [None req-9b932bce-7ec2-48da-bf60-6c6be0003bd3 None None] Ext name="Address group" alias="address-group" description="Support address group" updated="2020-07-15T10:00:00-00:00" {{(pid=102778) _check_extension /opt/stack/neutron/neutron/api/extensions.py:415}}
Mar 31 22:25:15.362458 np0000162002 devstack@neutron-api.service[102779]: DEBUG neutron_lib.callbacks.manager [None req-2e384996-6610-4cdf-8a2f-7a5afaf4ea0b None None] Subscribe: > port_forwarding_plugin after_init 55550000, False {{(pid=102779) subscribe /opt/stack/data/venv/lib/python3.12/site-packages/neutron_lib/callbacks/manager.py:52}}
Mar 31 22:25:15.362596 np0000162002 devstack@neutron-api.service[102778]: INFO neutron.api.extensions [None req-9b932bce-7ec2-48da-bf60-6c6be0003bd3 None None] Loaded extension: address-group
Mar 31 22:25:15.362654 np0000162002 devstack@neutron-api.service[102781]: INFO neutron.quota.resource_registry [None req-47404c60-5f84-452d-8324-b18b624d4421 None None] Creating instance of TrackedResource for resource:security_group
Mar 31 22:25:15.362727 np0000162002 devstack@neutron-api.service[102778]: DEBUG neutron.api.extensions [None req-9b932bce-7ec2-48da-bf60-6c6be0003bd3 None None] Loading extension file: address_scope.py {{(pid=102778) _load_all_extensions_from_path /opt/stack/neutron/neutron/api/extensions.py:449}}
Mar 31 22:25:15.362784 np0000162002 devstack@neutron-api.service[102779]: DEBUG neutron_lib.callbacks.manager [None req-2e384996-6610-4cdf-8a2f-7a5afaf4ea0b None None] Subscribe: > router before_create 55550100, False {{(pid=102779) subscribe /opt/stack/data/venv/lib/python3.12/site-packages/neutron_lib/callbacks/manager.py:52}}
Mar 31 22:25:15.362784 np0000162002 devstack@neutron-api.service[102779]: DEBUG neutron_lib.callbacks.manager [None req-2e384996-6610-4cdf-8a2f-7a5afaf4ea0b None None] Subscribe: > router precommit_delete 55550100, False {{(pid=102779) subscribe /opt/stack/data/venv/lib/python3.12/site-packages/neutron_lib/callbacks/manager.py:52}}
Mar 31 22:25:15.362784 np0000162002 devstack@neutron-api.service[102779]: DEBUG neutron_lib.callbacks.manager [None req-2e384996-6610-4cdf-8a2f-7a5afaf4ea0b None None] Subscribe: > router precommit_create 55550100, False {{(pid=102779) subscribe /opt/stack/data/venv/lib/python3.12/site-packages/neutron_lib/callbacks/manager.py:52}}
Mar 31 22:25:15.363307 np0000162002 devstack@neutron-api.service[102778]: DEBUG neutron.api.extensions [None req-9b932bce-7ec2-48da-bf60-6c6be0003bd3 None None] Ext name="Address scope" alias="address-scope" description="Address scopes extension." updated="2015-07-26T10:00:00-00:00" {{(pid=102778) _check_extension /opt/stack/neutron/neutron/api/extensions.py:415}}
Mar 31 22:25:15.363368 np0000162002 devstack@neutron-api.service[102779]: DEBUG neutron_lib.callbacks.manager [None req-2e384996-6610-4cdf-8a2f-7a5afaf4ea0b None None] Subscribe: > router precommit_update 55550100, False {{(pid=102779) subscribe /opt/stack/data/venv/lib/python3.12/site-packages/neutron_lib/callbacks/manager.py:52}}
Mar 31 22:25:15.363452 np0000162002 devstack@neutron-api.service[102781]: INFO neutron.quota.resource_registry [None req-47404c60-5f84-452d-8324-b18b624d4421 None None] Creating instance of TrackedResource for resource:security_group_rule
Mar 31 22:25:15.363510 np0000162002 devstack@neutron-api.service[102778]: INFO neutron.api.extensions [None req-9b932bce-7ec2-48da-bf60-6c6be0003bd3 None None] Loaded extension: address-scope
Mar 31 22:25:15.363510 np0000162002 devstack@neutron-api.service[102778]: DEBUG neutron.api.extensions [None req-9b932bce-7ec2-48da-bf60-6c6be0003bd3 None None] Loading extension file: admin_state_down_before_update.py {{(pid=102778) _load_all_extensions_from_path /opt/stack/neutron/neutron/api/extensions.py:449}}
Mar 31 22:25:15.363510 np0000162002 devstack@neutron-api.service[102778]: DEBUG neutron.api.extensions [None req-9b932bce-7ec2-48da-bf60-6c6be0003bd3 None None] Ext name="Enforce Router's Admin State Down Before Update Extension" alias="router-admin-state-down-before-update" description="Ensure that the admin state of a router is DOWN (admin_state_up=False) before updating the distributed attribute" updated="2019-07-02T15:56:00" {{(pid=102778) _check_extension /opt/stack/neutron/neutron/api/extensions.py:415}}
Mar 31 22:25:15.363639 np0000162002 devstack@neutron-api.service[102781]: DEBUG neutron.api.v2.resource_helper [None req-47404c60-5f84-452d-8324-b18b624d4421 None None] Service CORE assigned prefix: {{(pid=102781) build_resource_info /opt/stack/neutron/neutron/api/v2/resource_helper.py:77}}
Mar 31 22:25:15.363639 np0000162002 devstack@neutron-api.service[102781]: INFO neutron.quota.resource_registry [None req-47404c60-5f84-452d-8324-b18b624d4421 None None] Creating instance of TrackedResource for resource:subnetpool
Mar 31 22:25:15.363714 np0000162002 devstack@neutron-api.service[102778]: INFO neutron.api.extensions [None req-9b932bce-7ec2-48da-bf60-6c6be0003bd3 None None] Extension router-admin-state-down-before-update not supported by any of loaded plugins
Mar 31 22:25:15.363714 np0000162002 devstack@neutron-api.service[102778]: DEBUG neutron.api.extensions [None req-9b932bce-7ec2-48da-bf60-6c6be0003bd3 None None] Loading extension file: agent.py {{(pid=102778) _load_all_extensions_from_path /opt/stack/neutron/neutron/api/extensions.py:449}}
Mar 31 22:25:15.363815 np0000162002 devstack@neutron-api.service[102781]: WARNING neutron.quota.resource_registry [None req-47404c60-5f84-452d-8324-b18b624d4421 None None] subnetpool is already registered
Mar 31 22:25:15.364126 np0000162002 devstack@neutron-api.service[102778]: DEBUG neutron.api.extensions [None req-9b932bce-7ec2-48da-bf60-6c6be0003bd3 None None] Ext name="agent" alias="agent" description="The agent management extension." updated="2013-02-03T10:00:00-00:00" {{(pid=102778) _check_extension /opt/stack/neutron/neutron/api/extensions.py:415}}
Mar 31 22:25:15.364284 np0000162002 devstack@neutron-api.service[102778]: INFO neutron.api.extensions [None req-9b932bce-7ec2-48da-bf60-6c6be0003bd3 None None] Loaded extension: agent
Mar 31 22:25:15.364284 np0000162002 devstack@neutron-api.service[102778]: DEBUG neutron.api.extensions [None req-9b932bce-7ec2-48da-bf60-6c6be0003bd3 None None] Loading extension file: agent_resources_synced.py {{(pid=102778) _load_all_extensions_from_path /opt/stack/neutron/neutron/api/extensions.py:449}}
Mar 31 22:25:15.364551 np0000162002 devstack@neutron-api.service[102778]: DEBUG neutron.api.extensions [None req-9b932bce-7ec2-48da-bf60-6c6be0003bd3 None None] Ext name="Agent's Resource View Synced to Placement" alias="agent-resources-synced" description="Stores success/failure of last sync to Placement" updated="2018-12-19T00:00:00-00:00" {{(pid=102778) _check_extension /opt/stack/neutron/neutron/api/extensions.py:415}}
Mar 31 22:25:15.364633 np0000162002 devstack@neutron-api.service[102778]: INFO neutron.api.extensions [None req-9b932bce-7ec2-48da-bf60-6c6be0003bd3 None None] Extension agent-resources-synced not supported by any of loaded plugins
Mar 31 22:25:15.364761 np0000162002 devstack@neutron-api.service[102778]: DEBUG neutron.api.extensions [None req-9b932bce-7ec2-48da-bf60-6c6be0003bd3 None None] Loading extension file: allowedaddresspairs.py {{(pid=102778) _load_all_extensions_from_path /opt/stack/neutron/neutron/api/extensions.py:449}}
Mar 31 22:25:15.365403 np0000162002 devstack@neutron-api.service[102778]: DEBUG neutron.api.extensions [None req-9b932bce-7ec2-48da-bf60-6c6be0003bd3 None None] Ext name="Allowed Address Pairs" alias="allowed-address-pairs" description="Provides allowed address pairs" updated="2013-07-23T10:00:00-00:00" {{(pid=102778) _check_extension /opt/stack/neutron/neutron/api/extensions.py:415}}
Mar 31 22:25:15.365589 np0000162002 devstack@neutron-api.service[102778]: INFO neutron.api.extensions [None req-9b932bce-7ec2-48da-bf60-6c6be0003bd3 None None] Loaded extension: allowed-address-pairs
Mar 31 22:25:15.365656 np0000162002 devstack@neutron-api.service[102778]: DEBUG neutron.api.extensions [None req-9b932bce-7ec2-48da-bf60-6c6be0003bd3 None None] Loading extension file: auto_allocated_topology.py {{(pid=102778) _load_all_extensions_from_path /opt/stack/neutron/neutron/api/extensions.py:449}}
Mar 31 22:25:15.365713 np0000162002 devstack@neutron-api.service[102781]: DEBUG neutron.api.v2.resource_helper [None req-47404c60-5f84-452d-8324-b18b624d4421 None None] Service L3_ROUTER_NAT assigned prefix: {{(pid=102781) build_resource_info /opt/stack/neutron/neutron/api/v2/resource_helper.py:77}}
Mar 31 22:25:15.365943 np0000162002 devstack@neutron-api.service[102778]: DEBUG neutron.api.extensions [None req-9b932bce-7ec2-48da-bf60-6c6be0003bd3 None None] Ext name="Auto Allocated Topology Services" alias="auto-allocated-topology" description="Auto Allocated Topology Services." updated="2016-01-01T00:00:00-00:00" {{(pid=102778) _check_extension /opt/stack/neutron/neutron/api/extensions.py:415}}
Mar 31 22:25:15.366101 np0000162002 devstack@neutron-api.service[102778]: INFO neutron.api.extensions [None req-9b932bce-7ec2-48da-bf60-6c6be0003bd3 None None] Loaded extension: auto-allocated-topology
Mar 31 22:25:15.366162 np0000162002 devstack@neutron-api.service[102781]: DEBUG neutron.api.v2.resource_helper [None req-47404c60-5f84-452d-8324-b18b624d4421 None None] Service FLAVORS assigned prefix: {{(pid=102781) build_resource_info /opt/stack/neutron/neutron/api/v2/resource_helper.py:77}}
Mar 31 22:25:15.366216 np0000162002 devstack@neutron-api.service[102778]: DEBUG neutron.api.extensions [None req-9b932bce-7ec2-48da-bf60-6c6be0003bd3 None None] Loading extension file: availability_zone.py {{(pid=102778) _load_all_extensions_from_path /opt/stack/neutron/neutron/api/extensions.py:449}}
Mar 31 22:25:15.366319 np0000162002 devstack@neutron-api.service[102779]: DEBUG neutron.services.provider_configuration [None req-2e384996-6610-4cdf-8a2f-7a5afaf4ea0b None None] Service providers = [] {{(pid=102779) parse_service_provider_opt /opt/stack/neutron/neutron/services/provider_configuration.py:170}}
Mar 31 22:25:15.366429 np0000162002 devstack@neutron-api.service[102778]: DEBUG neutron.api.extensions [None req-9b932bce-7ec2-48da-bf60-6c6be0003bd3 None None] Ext name="Availability Zone" alias="availability_zone" description="The availability zone extension." updated="2015-01-01T10:00:00-00:00" {{(pid=102778) _check_extension /opt/stack/neutron/neutron/api/extensions.py:415}}
Mar 31 22:25:15.366486 np0000162002 devstack@neutron-api.service[102779]: DEBUG neutron.db.servicetype_db [None req-2e384996-6610-4cdf-8a2f-7a5afaf4ea0b None None] Adding provider configuration for service L3_ROUTER_NAT {{(pid=102779) add_provider_configuration /opt/stack/neutron/neutron/db/servicetype_db.py:42}}
Mar 31 22:25:15.366602 np0000162002 devstack@neutron-api.service[102778]: INFO neutron.api.extensions [None req-9b932bce-7ec2-48da-bf60-6c6be0003bd3 None None] Loaded extension: availability_zone
Mar 31 22:25:15.366684 np0000162002 devstack@neutron-api.service[102778]: DEBUG neutron.api.extensions [None req-9b932bce-7ec2-48da-bf60-6c6be0003bd3 None None] Loading extension file: availability_zone_filter.py {{(pid=102778) _load_all_extensions_from_path /opt/stack/neutron/neutron/api/extensions.py:449}}
Mar 31 22:25:15.366917 np0000162002 devstack@neutron-api.service[102778]: DEBUG neutron.api.extensions [None req-9b932bce-7ec2-48da-bf60-6c6be0003bd3 None None] Ext name="Availability Zone Filter Extension" alias="availability_zone_filter" description="Add filter parameters to AvailabilityZone resource" updated="2018-06-22T10:00:00-00:00" {{(pid=102778) _check_extension /opt/stack/neutron/neutron/api/extensions.py:415}}
Mar 31 22:25:15.367059 np0000162002 devstack@neutron-api.service[102781]: DEBUG neutron.api.v2.resource_helper [None req-47404c60-5f84-452d-8324-b18b624d4421 None None] Service L3_ROUTER_NAT assigned prefix: {{(pid=102781) build_resource_info /opt/stack/neutron/neutron/api/v2/resource_helper.py:77}}
