Mar 31 22:25:15.331677 np0000162002 devstack@neutron-api.service[102778]: DEBUG neutron_lib.callbacks.manager [None req-9b932bce-7ec2-48da-bf60-6c6be0003bd3 None None] Subscribe: > security_group after_delete 55550000, False {{(pid=102778) subscribe /opt/stack/data/venv/lib/python3.12/site-packages/neutron_lib/callbacks/manager.py:52}}
Mar 31 22:25:15.331777 np0000162002 devstack@neutron-api.service[102778]: DEBUG neutron_lib.callbacks.manager [None req-9b932bce-7ec2-48da-bf60-6c6be0003bd3 None None] Subscribe: > security_group_rule after_create 55550000, False {{(pid=102778) subscribe /opt/stack/data/venv/lib/python3.12/site-packages/neutron_lib/callbacks/manager.py:52}}
Mar 31 22:25:15.331892 np0000162002 devstack@neutron-api.service[102778]: DEBUG neutron_lib.callbacks.manager [None req-9b932bce-7ec2-48da-bf60-6c6be0003bd3 None None] Subscribe: > security_group_rule after_update 55550000, False {{(pid=102778) subscribe /opt/stack/data/venv/lib/python3.12/site-packages/neutron_lib/callbacks/manager.py:52}}
Mar 31 22:25:15.331992 np0000162002 devstack@neutron-api.service[102778]: DEBUG neutron_lib.callbacks.manager [None req-9b932bce-7ec2-48da-bf60-6c6be0003bd3 None None] Subscribe: > security_group_rule after_delete 55550000, False {{(pid=102778) subscribe /opt/stack/data/venv/lib/python3.12/site-packages/neutron_lib/callbacks/manager.py:52}}
Mar 31 22:25:15.332092 np0000162002 devstack@neutron-api.service[102778]: DEBUG neutron_lib.callbacks.manager [None req-9b932bce-7ec2-48da-bf60-6c6be0003bd3 None None] Subscribe: > address_group after_create 55550000, False {{(pid=102778) subscribe /opt/stack/data/venv/lib/python3.12/site-packages/neutron_lib/callbacks/manager.py:52}}
Mar 31 22:25:15.332190 np0000162002 devstack@neutron-api.service[102778]: DEBUG neutron_lib.callbacks.manager [None req-9b932bce-7ec2-48da-bf60-6c6be0003bd3 None None] Subscribe: > address_group after_update 55550000, False {{(pid=102778) subscribe /opt/stack/data/venv/lib/python3.12/site-packages/neutron_lib/callbacks/manager.py:52}}
Mar 31 22:25:15.332323 np0000162002 devstack@neutron-api.service[102778]: DEBUG neutron_lib.callbacks.manager [None req-9b932bce-7ec2-48da-bf60-6c6be0003bd3 None None] Subscribe: > address_group after_delete 55550000, False {{(pid=102778) subscribe /opt/stack/data/venv/lib/python3.12/site-packages/neutron_lib/callbacks/manager.py:52}}
Mar 31 22:25:15.332464 np0000162002 devstack@neutron-api.service[102778]: DEBUG neutron.plugins.ml2.ovo_rpc [None req-9b932bce-7ec2-48da-bf60-6c6be0003bd3 None None] ML2 OVO RPC backend initialized. {{(pid=102778) __init__ /opt/stack/neutron/neutron/plugins/ml2/ovo_rpc.py:117}}
Mar 31 22:25:15.332578 np0000162002 devstack@neutron-api.service[102781]: DEBUG neutron.api.extensions [None req-47404c60-5f84-452d-8324-b18b624d4421 None None] Ext name="Quota management support" alias="quotas" description="Expose functions for quotas management per project" updated="2012-07-29T10:00:00-00:00" {{(pid=102781) _check_extension /opt/stack/neutron/neutron/api/extensions.py:415}}
Mar 31 22:25:15.332677 np0000162002 devstack@neutron-api.service[102781]: INFO neutron.api.extensions [None req-47404c60-5f84-452d-8324-b18b624d4421 None None] Loaded extension: quotas
Mar 31 22:25:15.332768 np0000162002 devstack@neutron-api.service[102781]: DEBUG neutron.api.extensions [None req-47404c60-5f84-452d-8324-b18b624d4421 None None] Loading extension file: quotasv2_detail.py {{(pid=102781) _load_all_extensions_from_path /opt/stack/neutron/neutron/api/extensions.py:449}}
Mar 31 22:25:15.333115 np0000162002 devstack@neutron-api.service[102781]: DEBUG neutron.api.extensions [None req-47404c60-5f84-452d-8324-b18b624d4421 None None] Ext name="Quota details management support" alias="quota_details" description="Expose functions for quotas usage statistics per project" updated="2017-02-10T10:00:00-00:00" {{(pid=102781) _check_extension /opt/stack/neutron/neutron/api/extensions.py:415}}
Mar 31 22:25:15.333210 np0000162002 devstack@neutron-api.service[102781]: INFO neutron.api.extensions [None req-47404c60-5f84-452d-8324-b18b624d4421 None None] Loaded extension: quota_details
Mar 31 22:25:15.333299 np0000162002 devstack@neutron-api.service[102781]: DEBUG neutron.api.extensions [None req-47404c60-5f84-452d-8324-b18b624d4421 None None] Loading extension file: rbac.py {{(pid=102781) _load_all_extensions_from_path /opt/stack/neutron/neutron/api/extensions.py:449}}
Mar 31 22:25:15.333340 np0000162002 devstack@neutron-api.service[102778]: INFO neutron.quota [None req-9b932bce-7ec2-48da-bf60-6c6be0003bd3 None None] Loaded quota_driver: .
Mar 31 22:25:15.333459 np0000162002 devstack@neutron-api.service[102778]: INFO neutron.plugins.ml2.plugin [None req-9b932bce-7ec2-48da-bf60-6c6be0003bd3 None None] Modular L2 Plugin initialization complete
Mar 31 22:25:15.333586 np0000162002 devstack@neutron-api.service[102778]: DEBUG neutron.manager [None req-9b932bce-7ec2-48da-bf60-6c6be0003bd3 None None] Loading services supported by the core plugin {{(pid=102778) _load_services_from_core_plugin /opt/stack/neutron/neutron/manager.py:170}}
Mar 31 22:25:15.333704 np0000162002 devstack@neutron-api.service[102778]: INFO neutron.plugins.ml2.managers [None req-9b932bce-7ec2-48da-bf60-6c6be0003bd3 None None] Got port-security extension from driver 'port_security'
Mar 31 22:25:15.333758 np0000162002 devstack@neutron-api.service[102781]: DEBUG neutron.api.extensions [None req-47404c60-5f84-452d-8324-b18b624d4421 None None] Ext name="RBAC Policies" alias="rbac-policies" description="Allows creation and modification of policies that control tenant access to resources." updated="2015-06-17T12:15:12-00:00" {{(pid=102781) _check_extension /opt/stack/neutron/neutron/api/extensions.py:415}}
Mar 31 22:25:15.333958 np0000162002 devstack@neutron-api.service[102781]: INFO neutron.api.extensions [None req-47404c60-5f84-452d-8324-b18b624d4421 None None] Loaded extension: rbac-policies
Mar 31 22:25:15.334003 np0000162002 devstack@neutron-api.service[102778]: DEBUG neutron.manager [None req-9b932bce-7ec2-48da-bf60-6c6be0003bd3 None None] Loading service plugins: ['ovn-router', 'auto_allocate', 'tag', 'timestamp', 'network_ip_availability', 'flavors', 'revisions'] {{(pid=102778) _load_service_plugins /opt/stack/neutron/neutron/manager.py:195}}
Mar 31 22:25:15.334044 np0000162002 devstack@neutron-api.service[102781]: DEBUG neutron.api.extensions [None req-47404c60-5f84-452d-8324-b18b624d4421 None None] Loading extension file: rbac_address_group.py {{(pid=102781) _load_all_extensions_from_path /opt/stack/neutron/neutron/api/extensions.py:449}}
Mar 31 22:25:15.334075 np0000162002 devstack@neutron-api.service[102778]: INFO neutron.manager [None req-9b932bce-7ec2-48da-bf60-6c6be0003bd3 None None] Loading Plugin: ovn-router
Mar 31 22:25:15.334269 np0000162002 devstack@neutron-api.service[102781]: DEBUG neutron.api.extensions [None req-47404c60-5f84-452d-8324-b18b624d4421 None None] Ext name="Add address_group type to RBAC" alias="rbac-address-group" description="Add address_group type to network RBAC" updated="2021-01-20T00:00:00-00:00" {{(pid=102781) _check_extension /opt/stack/neutron/neutron/api/extensions.py:415}}
Mar 31 22:25:15.334435 np0000162002 devstack@neutron-api.service[102781]: INFO neutron.api.extensions [None req-47404c60-5f84-452d-8324-b18b624d4421 None None] Extension rbac-address-group not supported by any of loaded plugins
Mar 31 22:25:15.335062 np0000162002 devstack@neutron-api.service[102781]: DEBUG neutron.api.extensions [None req-47404c60-5f84-452d-8324-b18b624d4421 None None] Loading extension file: rbac_address_scope.py {{(pid=102781) _load_all_extensions_from_path /opt/stack/neutron/neutron/api/extensions.py:449}}
Mar 31 22:25:15.335062 np0000162002 devstack@neutron-api.service[102781]: DEBUG neutron.api.extensions [None req-47404c60-5f84-452d-8324-b18b624d4421 None None] Ext name="Add address_scope type to RBAC" alias="rbac-address-scope" description="Add address_scope type to RBAC" updated="2020-02-12T00:00:00-00:00" {{(pid=102781) _check_extension /opt/stack/neutron/neutron/api/extensions.py:415}}
Mar 31 22:25:15.335062 np0000162002 devstack@neutron-api.service[102781]: INFO neutron.api.extensions [None req-47404c60-5f84-452d-8324-b18b624d4421 None None] Loaded extension: rbac-address-scope
Mar 31 22:25:15.335062 np0000162002 devstack@neutron-api.service[102781]: DEBUG neutron.api.extensions [None req-47404c60-5f84-452d-8324-b18b624d4421 None None] Loading extension file: rbac_security_groups.py {{(pid=102781) _load_all_extensions_from_path /opt/stack/neutron/neutron/api/extensions.py:449}}
Mar 31 22:25:15.335245 np0000162002 devstack@neutron-api.service[102781]: DEBUG neutron.api.extensions [None req-47404c60-5f84-452d-8324-b18b624d4421 None None] Ext name="Add security_group type to network RBAC" alias="rbac-security-groups" description="Add security_group type to network RBAC" updated="2019-02-14T00:00:00-00:00" {{(pid=102781) _check_extension /opt/stack/neutron/neutron/api/extensions.py:415}}
Mar 31 22:25:15.335408 np0000162002 devstack@neutron-api.service[102781]: INFO neutron.api.extensions [None req-47404c60-5f84-452d-8324-b18b624d4421 None None] Loaded extension: rbac-security-groups
Mar 31 22:25:15.335495 np0000162002 devstack@neutron-api.service[102781]: DEBUG neutron.api.extensions [None req-47404c60-5f84-452d-8324-b18b624d4421 None None] Loading extension file: rbac_subnetpool.py {{(pid=102781) _load_all_extensions_from_path /opt/stack/neutron/neutron/api/extensions.py:449}}
Mar 31 22:25:15.335712 np0000162002 devstack@neutron-api.service[102781]: DEBUG neutron.api.extensions [None req-47404c60-5f84-452d-8324-b18b624d4421 None None] Ext name="Add subnetpool type to RBAC" alias="rbac-subnetpool" description="Add subnetpool type to RBAC" updated="2020-02-05T00:00:00-00:00" {{(pid=102781) _check_extension /opt/stack/neutron/neutron/api/extensions.py:415}}
Mar 31 22:25:15.335893 np0000162002 devstack@neutron-api.service[102781]: INFO neutron.api.extensions [None req-47404c60-5f84-452d-8324-b18b624d4421 None None] Extension rbac-subnetpool not supported by any of loaded plugins
Mar 31 22:25:15.335982 np0000162002 devstack@neutron-api.service[102781]: DEBUG neutron.api.extensions [None req-47404c60-5f84-452d-8324-b18b624d4421 None None] Loading extension file: revisionifmatch.py {{(pid=102781) _load_all_extensions_from_path /opt/stack/neutron/neutron/api/extensions.py:449}}
Mar 31 22:25:15.336207 np0000162002 devstack@neutron-api.service[102781]: DEBUG neutron.api.extensions [None req-47404c60-5f84-452d-8324-b18b624d4421 None None] Ext name="If-Match constraints based on revision_number" alias="revision-if-match" description="Extension indicating that If-Match based on revision_number is supported." updated="2016-12-11T00:00:00-00:00" {{(pid=102781) _check_extension /opt/stack/neutron/neutron/api/extensions.py:415}}
Mar 31 22:25:15.336369 np0000162002 devstack@neutron-api.service[102781]: INFO neutron.api.extensions [None req-47404c60-5f84-452d-8324-b18b624d4421 None None] Loaded extension: revision-if-match
Mar 31 22:25:15.336457 np0000162002 devstack@neutron-api.service[102781]: DEBUG neutron.api.extensions [None req-47404c60-5f84-452d-8324-b18b624d4421 None None] Loading extension file: revisions.py {{(pid=102781) _load_all_extensions_from_path /opt/stack/neutron/neutron/api/extensions.py:449}}
Mar 31 22:25:15.336693 np0000162002 devstack@neutron-api.service[102781]: DEBUG neutron.api.extensions [None req-47404c60-5f84-452d-8324-b18b624d4421 None None] Ext name="Resource revision numbers" alias="standard-attr-revisions" description="This extension will display the revision number of neutron resources." updated="2016-04-11T10:00:00-00:00" {{(pid=102781) _check_extension /opt/stack/neutron/neutron/api/extensions.py:415}}
Mar 31 22:25:15.336872 np0000162002 devstack@neutron-api.service[102781]: INFO neutron.api.extensions [None req-47404c60-5f84-452d-8324-b18b624d4421 None None] Loaded extension: standard-attr-revisions
Mar 31 22:25:15.336963 np0000162002 devstack@neutron-api.service[102781]: DEBUG neutron.api.extensions [None req-47404c60-5f84-452d-8324-b18b624d4421 None None] Loading extension file: router_availability_zone.py {{(pid=102781) _load_all_extensions_from_path /opt/stack/neutron/neutron/api/extensions.py:449}}
Mar 31 22:25:15.337215 np0000162002 devstack@neutron-api.service[102781]: DEBUG neutron.api.extensions [None req-47404c60-5f84-452d-8324-b18b624d4421 None None] Ext name="Router Availability Zone" alias="router_availability_zone" description="Availability zone support for router." updated="2015-01-01T10:00:00-00:00" {{(pid=102781) _check_extension /opt/stack/neutron/neutron/api/extensions.py:415}}
Mar 31 22:25:15.337380 np0000162002 devstack@neutron-api.service[102781]: INFO neutron.api.extensions [None req-47404c60-5f84-452d-8324-b18b624d4421 None None] Loaded extension: router_availability_zone
Mar 31 22:25:15.337470 np0000162002 devstack@neutron-api.service[102781]: DEBUG neutron.api.extensions [None req-47404c60-5f84-452d-8324-b18b624d4421 None None] Loading extension file: router_enable_snat.py {{(pid=102781) _load_all_extensions_from_path /opt/stack/neutron/neutron/api/extensions.py:449}}
Mar 31 22:25:15.337689 np0000162002 devstack@neutron-api.service[102781]: DEBUG neutron.api.extensions [None req-47404c60-5f84-452d-8324-b18b624d4421 None None] Ext name="Exposes the router "enable_snat" read-only configuration flag" alias="router-enable-snat" description="Exposes the router "enable_snat" read-only configuration flag" updated="2025-09-18T18:00:00-00:00" {{(pid=102781) _check_extension /opt/stack/neutron/neutron/api/extensions.py:415}}
Mar 31 22:25:15.337864 np0000162002 devstack@neutron-api.service[102781]: INFO neutron.api.extensions [None req-47404c60-5f84-452d-8324-b18b624d4421 None None] Loaded extension: router-enable-snat
Mar 31 22:25:15.337954 np0000162002 devstack@neutron-api.service[102781]: DEBUG neutron.api.extensions [None req-47404c60-5f84-452d-8324-b18b624d4421 None None] Loading extension file: routerservicetype.py {{(pid=102781) _load_all_extensions_from_path /opt/stack/neutron/neutron/api/extensions.py:449}}
Mar 31 22:25:15.338178 np0000162002 devstack@neutron-api.service[102781]: DEBUG neutron.api.extensions [None req-47404c60-5f84-452d-8324-b18b624d4421 None None] Ext name="Router Service Type" alias="router-service-type" description="Provides router service type" updated="2013-01-29T00:00:00-00:00" {{(pid=102781) _check_extension /opt/stack/neutron/neutron/api/extensions.py:415}}
Mar 31 22:25:15.338341 np0000162002 devstack@neutron-api.service[102781]: INFO neutron.api.extensions [None req-47404c60-5f84-452d-8324-b18b624d4421 None None] Extension router-service-type not supported by any of loaded plugins
Mar 31 22:25:15.338428 np0000162002 devstack@neutron-api.service[102781]: DEBUG neutron.api.extensions [None req-47404c60-5f84-452d-8324-b18b624d4421 None None] Loading extension file: security_groups_default_rules.py {{(pid=102781) _load_all_extensions_from_path /opt/stack/neutron/neutron/api/extensions.py:449}}
Mar 31 22:25:15.338837 np0000162002 devstack@neutron-api.service[102781]: DEBUG neutron.api.extensions [None req-47404c60-5f84-452d-8324-b18b624d4421 None None] Ext name="Default rules for security groups" alias="security-groups-default-rules" description="Configure set of security group rules used as default rules for every new security group" updated="2022-12-19T10:00:00-00:00" {{(pid=102781) _check_extension /opt/stack/neutron/neutron/api/extensions.py:415}}
Mar 31 22:25:15.339023 np0000162002 devstack@neutron-api.service[102781]: INFO neutron.api.extensions [None req-47404c60-5f84-452d-8324-b18b624d4421 None None] Loaded extension: security-groups-default-rules
Mar 31 22:25:15.339133 np0000162002 devstack@neutron-api.service[102781]: DEBUG neutron.api.extensions [None req-47404c60-5f84-452d-8324-b18b624d4421 None None] Loading extension file: security_groups_normalized_cidr.py {{(pid=102781) _load_all_extensions_from_path /opt/stack/neutron/neutron/api/extensions.py:449}}
Mar 31 22:25:15.339830 np0000162002 devstack@neutron-api.service[102781]: DEBUG neutron.api.extensions [None req-47404c60-5f84-452d-8324-b18b624d4421 None None] Ext name="Normalized CIDR field for security group rules" alias="security-groups-normalized-cidr" description="Add new field with normalized remote_ip_prefix cidr in SG rule" updated="2020-07-28T10:00:00-00:00" {{(pid=102781) _check_extension /opt/stack/neutron/neutron/api/extensions.py:415}}
Mar 31 22:25:15.339830 np0000162002 devstack@neutron-api.service[102781]: INFO neutron.api.extensions [None req-47404c60-5f84-452d-8324-b18b624d4421 None None] Loaded extension: security-groups-normalized-cidr
Mar 31 22:25:15.339830 np0000162002 devstack@neutron-api.service[102781]: DEBUG neutron.api.extensions [None req-47404c60-5f84-452d-8324-b18b624d4421 None None] Loading extension file: security_groups_port_filtering.py {{(pid=102781) _load_all_extensions_from_path /opt/stack/neutron/neutron/api/extensions.py:449}}
Mar 31 22:25:15.339830 np0000162002 devstack@neutron-api.service[102781]: DEBUG neutron.api.extensions [None req-47404c60-5f84-452d-8324-b18b624d4421 None None] Ext name="Port filtering on security groups" alias="port-security-groups-filtering" description="Provides security groups filtering when listing ports" updated="2018-01-09T09:00:00-00:00" {{(pid=102781) _check_extension /opt/stack/neutron/neutron/api/extensions.py:415}}
Mar 31 22:25:15.340014 np0000162002 devstack@neutron-api.service[102781]: INFO neutron.api.extensions [None req-47404c60-5f84-452d-8324-b18b624d4421 None None] Extension port-security-groups-filtering not supported by any of loaded plugins
Mar 31 22:25:15.340109 np0000162002 devstack@neutron-api.service[102781]: DEBUG neutron.api.extensions [None req-47404c60-5f84-452d-8324-b18b624d4421 None None] Loading extension file: security_groups_remote_address_group.py {{(pid=102781) _load_all_extensions_from_path /opt/stack/neutron/neutron/api/extensions.py:449}}
Mar 31 22:25:15.340330 np0000162002 devstack@neutron-api.service[102781]: DEBUG neutron.api.extensions [None req-47404c60-5f84-452d-8324-b18b624d4421 None None] Ext name="Remote address group id field for security group rules" alias="security-groups-remote-address-group" description="Add new field of remote address group id in SG rules" updated="2020-08-25T10:00:00-00:00" {{(pid=102781) _check_extension /opt/stack/neutron/neutron/api/extensions.py:415}}
Mar 31 22:25:15.340491 np0000162002 devstack@neutron-api.service[102781]: INFO neutron.api.extensions [None req-47404c60-5f84-452d-8324-b18b624d4421 None None] Loaded extension: security-groups-remote-address-group
Mar 31 22:25:15.340582 np0000162002 devstack@neutron-api.service[102781]: DEBUG neutron.api.extensions [None req-47404c60-5f84-452d-8324-b18b624d4421 None None] Loading extension file: security_groups_rules_belongs_to_default_sg.py {{(pid=102781) _load_all_extensions_from_path /opt/stack/neutron/neutron/api/extensions.py:449}}
Mar 31 22:25:15.340807 np0000162002 devstack@neutron-api.service[102781]: DEBUG neutron.api.extensions [None req-47404c60-5f84-452d-8324-b18b624d4421 None None] Ext name="Security group rule belongs to the project's default security group" alias="security-groups-rules-belongs-to-default-sg" description="Flag to determine if the security group rule belongs to the project's default security group" updated="2023-05-23T10:00:00-00:00" {{(pid=102781) _check_extension /opt/stack/neutron/neutron/api/extensions.py:415}}
Mar 31 22:25:15.340985 np0000162002 devstack@neutron-api.service[102781]: INFO neutron.api.extensions [None req-47404c60-5f84-452d-8324-b18b624d4421 None None] Loaded extension: security-groups-rules-belongs-to-default-sg
Mar 31 22:25:15.341075 np0000162002 devstack@neutron-api.service[102781]: DEBUG neutron.api.extensions [None req-47404c60-5f84-452d-8324-b18b624d4421 None None] Loading extension file: security_groups_shared_filtering.py {{(pid=102781) _load_all_extensions_from_path /opt/stack/neutron/neutron/api/extensions.py:449}}
Mar 31 22:25:15.341294 np0000162002 devstack@neutron-api.service[102781]: DEBUG neutron.api.extensions [None req-47404c60-5f84-452d-8324-b18b624d4421 None None] Ext name="Security group filtering on the shared field" alias="security-groups-shared-filtering" description="Support filtering security groups on the shared field" updated="2021-10-05T09:00:00-00:00" {{(pid=102781) _check_extension /opt/stack/neutron/neutron/api/extensions.py:415}}
Mar 31 22:25:15.341433 np0000162002 devstack@neutron-api.service[102779]: INFO neutron.plugins.ml2.drivers.type_vlan [None req-2e384996-6610-4cdf-8a2f-7a5afaf4ea0b None None] VlanTypeDriver initialization complete
Mar 31 22:25:15.341639 np0000162002 devstack@neutron-api.service[102781]: INFO neutron.api.extensions [None req-47404c60-5f84-452d-8324-b18b624d4421 None None] Loaded extension: security-groups-shared-filtering
Mar 31 22:25:15.341639 np0000162002 devstack@neutron-api.service[102781]: DEBUG neutron.api.extensions [None req-47404c60-5f84-452d-8324-b18b624d4421 None None] Loading extension file: securitygroup.py {{(pid=102781) _load_all_extensions_from_path /opt/stack/neutron/neutron/api/extensions.py:449}}
Mar 31 22:25:15.341695 np0000162002 devstack@neutron-api.service[102779]: INFO neutron.plugins.ml2.managers [None req-2e384996-6610-4cdf-8a2f-7a5afaf4ea0b None None] Initializing extension driver 'port_security'
Mar 31 22:25:15.341695 np0000162002 devstack@neutron-api.service[102779]: INFO neutron.plugins.ml2.extensions.port_security [None req-2e384996-6610-4cdf-8a2f-7a5afaf4ea0b None None] PortSecurityExtensionDriver initialization complete
Mar 31 22:25:15.341743 np0000162002 devstack@neutron-api.service[102779]: INFO neutron.plugins.ml2.managers [None req-2e384996-6610-4cdf-8a2f-7a5afaf4ea0b None None] Initializing extension driver 'qos'
Mar 31 22:25:15.341872 np0000162002 devstack@neutron-api.service[102779]: DEBUG neutron.plugins.ml2.extensions.qos [None req-2e384996-6610-4cdf-8a2f-7a5afaf4ea0b None None] QosExtensionDriver initialization complete {{(pid=102779) initialize /opt/stack/neutron/neutron/plugins/ml2/extensions/qos.py:31}}
Mar 31 22:25:15.341974 np0000162002 devstack@neutron-api.service[102779]: INFO neutron.plugins.ml2.managers [None req-2e384996-6610-4cdf-8a2f-7a5afaf4ea0b None None] Initializing mechanism driver 'ovn'
Mar 31 22:25:15.342085 np0000162002 devstack@neutron-api.service[102779]: INFO neutron.plugins.ml2.drivers.ovn.mech_driver.mech_driver [None req-2e384996-6610-4cdf-8a2f-7a5afaf4ea0b None None] Starting OVNMechanismDriver
Mar 31 22:25:15.342586 np0000162002 devstack@neutron-api.service[102778]: DEBUG neutron_lib.callbacks.manager [None req-9b932bce-7ec2-48da-bf60-6c6be0003bd3 None None] Subscribe: > router before_delete 55550000, False {{(pid=102778) subscribe /opt/stack/data/venv/lib/python3.12/site-packages/neutron_lib/callbacks/manager.py:52}}
Mar 31 22:25:15.342737 np0000162002 devstack@neutron-api.service[102778]: DEBUG neutron_lib.callbacks.manager [None req-9b932bce-7ec2-48da-bf60-6c6be0003bd3 None None] Subscribe: port after_update 55550000, False {{(pid=102778) subscribe /opt/stack/data/venv/lib/python3.12/site-packages/neutron_lib/callbacks/manager.py:52}}
Mar 31 22:25:15.342847 np0000162002 devstack@neutron-api.service[102778]: DEBUG neutron_lib.callbacks.manager [None req-9b932bce-7ec2-48da-bf60-6c6be0003bd3 None None] Subscribe: port after_delete 55550000, False {{(pid=102778) subscribe /opt/stack/data/venv/lib/python3.12/site-packages/neutron_lib/callbacks/manager.py:52}}
Mar 31 22:25:15.342975 np0000162002 devstack@neutron-api.service[102778]: DEBUG neutron_lib.callbacks.manager [None req-9b932bce-7ec2-48da-bf60-6c6be0003bd3 None None] Subscribe: subnet after_update 55550000, False {{(pid=102778) subscribe /opt/stack/data/venv/lib/python3.12/site-packages/neutron_lib/callbacks/manager.py:52}}
Mar 31 22:25:15.343080 np0000162002 devstack@neutron-api.service[102778]: DEBUG neutron_lib.callbacks.manager [None req-9b932bce-7ec2-48da-bf60-6c6be0003bd3 None None] Subscribe: subnetpool_address_scope after_update 55550000, False {{(pid=102778) subscribe /opt/stack/data/venv/lib/python3.12/site-packages/neutron_lib/callbacks/manager.py:52}}
Mar 31 22:25:15.343239 np0000162002 devstack@neutron-api.service[102781]: DEBUG neutron.api.extensions [None req-47404c60-5f84-452d-8324-b18b624d4421 None None] Ext name="security-group" alias="security-group" description="The security groups extension." updated="2012-10-05T10:00:00-00:00" {{(pid=102781) _check_extension /opt/stack/neutron/neutron/api/extensions.py:415}}
Mar 31 22:25:15.343279 np0000162002 devstack@neutron-api.service[102778]: DEBUG neutron_lib.callbacks.manager [None req-9b932bce-7ec2-48da-bf60-6c6be0003bd3 None None] Subscribe: port before_update 55550000, False {{(pid=102778) subscribe /opt/stack/data/venv/lib/python3.12/site-packages/neutron_lib/callbacks/manager.py:52}}
Mar 31 22:25:15.343354 np0000162002 devstack@neutron-api.service[102778]: DEBUG neutron_lib.callbacks.manager [None req-9b932bce-7ec2-48da-bf60-6c6be0003bd3 None None] Subscribe: port after_update 55550000, False {{(pid=102778) subscribe /opt/stack/data/venv/lib/python3.12/site-packages/neutron_lib/callbacks/manager.py:52}}
Mar 31 22:25:15.343412 np0000162002 devstack@neutron-api.service[102781]: INFO neutron.api.extensions [None req-47404c60-5f84-452d-8324-b18b624d4421 None None] Loaded extension: security-group
Mar 31 22:25:15.343452 np0000162002 devstack@neutron-api.service[102778]: DEBUG neutron_lib.callbacks.manager [None req-9b932bce-7ec2-48da-bf60-6c6be0003bd3 None None] Subscribe: > port precommit_delete 55550000, False {{(pid=102778) subscribe /opt/stack/data/venv/lib/python3.12/site-packages/neutron_lib/callbacks/manager.py:52}}
Mar 31 22:25:15.343504 np0000162002 devstack@neutron-api.service[102781]: DEBUG neutron.api.extensions [None req-47404c60-5f84-452d-8324-b18b624d4421 None None] Loading extension file: segment.py {{(pid=102781) _load_all_extensions_from_path /opt/stack/neutron/neutron/api/extensions.py:449}}
Mar 31 22:25:15.343554 np0000162002 devstack@neutron-api.service[102778]: DEBUG neutron_lib.callbacks.manager [None req-9b932bce-7ec2-48da-bf60-6c6be0003bd3 None None] Subscribe: port before_update 55550000, False {{(pid=102778) subscribe /opt/stack/data/venv/lib/python3.12/site-packages/neutron_lib/callbacks/manager.py:52}}
Mar 31 22:25:15.343912 np0000162002 devstack@neutron-api.service[102779]: DEBUG neutron_lib.callbacks.manager [None req-2e384996-6610-4cdf-8a2f-7a5afaf4ea0b None None] Subscribe: > process before_spawn 55550000, False {{(pid=102779) subscribe /opt/stack/data/venv/lib/python3.12/site-packages/neutron_lib/callbacks/manager.py:52}}
Mar 31 22:25:15.344030 np0000162002 devstack@neutron-api.service[102778]: DEBUG neutron_lib.callbacks.manager [None req-9b932bce-7ec2-48da-bf60-6c6be0003bd3 None None] Subscribe: port before_delete 55550000, False {{(pid=102778) subscribe /opt/stack/data/venv/lib/python3.12/site-packages/neutron_lib/callbacks/manager.py:52}}
Mar 31 22:25:15.344030 np0000162002 devstack@neutron-api.service[102778]: DEBUG neutron_lib.callbacks.manager [None req-9b932bce-7ec2-48da-bf60-6c6be0003bd3 None None] Subscribe: > router precommit_create 55550000, False {{(pid=102778) subscribe /opt/stack/data/venv/lib/python3.12/site-packages/neutron_lib/callbacks/manager.py:52}}
Mar 31 22:25:15.344080 np0000162002 devstack@neutron-api.service[102779]: DEBUG neutron_lib.callbacks.manager [None req-2e384996-6610-4cdf-8a2f-7a5afaf4ea0b None None] Subscribe: > process after_init 55550000, True {{(pid=102779) subscribe /opt/stack/data/venv/lib/python3.12/site-packages/neutron_lib/callbacks/manager.py:52}}
Mar 31 22:25:15.344110 np0000162002 devstack@neutron-api.service[102781]: DEBUG neutron.api.extensions [None req-47404c60-5f84-452d-8324-b18b624d4421 None None] Ext name="Segment" alias="segment" description="Segments extension." updated="2016-02-24T17:00:00-00:00" {{(pid=102781) _check_extension /opt/stack/neutron/neutron/api/extensions.py:415}}
Mar 31 22:25:15.344139 np0000162002 devstack@neutron-api.service[102778]: DEBUG neutron_lib.callbacks.manager [None req-9b932bce-7ec2-48da-bf60-6c6be0003bd3 None None] Subscribe: > router precommit_create 55550000, False {{(pid=102778) subscribe /opt/stack/data/venv/lib/python3.12/site-packages/neutron_lib/callbacks/manager.py:52}}
Mar 31 22:25:15.344200 np0000162002 devstack@neutron-api.service[102779]: DEBUG neutron_lib.callbacks.manager [None req-2e384996-6610-4cdf-8a2f-7a5afaf4ea0b None None] Subscribe: > segment after_create 55550000, False {{(pid=102779) subscribe /opt/stack/data/venv/lib/python3.12/site-packages/neutron_lib/callbacks/manager.py:52}}
Mar 31 22:25:15.344253 np0000162002 devstack@neutron-api.service[102778]: DEBUG neutron_lib.callbacks.manager [None req-9b932bce-7ec2-48da-bf60-6c6be0003bd3 None None] Subscribe: > router precommit_update 55550000, False {{(pid=102778) subscribe /opt/stack/data/venv/lib/python3.12/site-packages/neutron_lib/callbacks/manager.py:52}}
Mar 31 22:25:15.344284 np0000162002 devstack@neutron-api.service[102781]: INFO neutron.api.extensions [None req-47404c60-5f84-452d-8324-b18b624d4421 None None] Extension segment not supported by any of loaded plugins
Mar 31 22:25:15.344318 np0000162002 devstack@neutron-api.service[102779]: DEBUG neutron_lib.callbacks.manager [None req-2e384996-6610-4cdf-8a2f-7a5afaf4ea0b None None] Subscribe: > segment after_create 55550000, False {{(pid=102779) subscribe /opt/stack/data/venv/lib/python3.12/site-packages/neutron_lib/callbacks/manager.py:52}}
Mar 31 22:25:15.344345 np0000162002 devstack@neutron-api.service[102778]: DEBUG neutron_lib.callbacks.manager [None req-9b932bce-7ec2-48da-bf60-6c6be0003bd3 None None] Subscribe: subnet after_update 55550000, False {{(pid=102778) subscribe /opt/stack/data/venv/lib/python3.12/site-packages/neutron_lib/callbacks/manager.py:52}}
Mar 31 22:25:15.344372 np0000162002 devstack@neutron-api.service[102781]: DEBUG neutron.api.extensions [None req-47404c60-5f84-452d-8324-b18b624d4421 None None] Loading extension file: segments_peer_subnet_host_routes.py {{(pid=102781) _load_all_extensions_from_path /opt/stack/neutron/neutron/api/extensions.py:449}}
Mar 31 22:25:15.344429 np0000162002 devstack@neutron-api.service[102779]: DEBUG neutron_lib.callbacks.manager [None req-2e384996-6610-4cdf-8a2f-7a5afaf4ea0b None None] Subscribe: > segment after_delete 55550000, False {{(pid=102779) subscribe /opt/stack/data/venv/lib/python3.12/site-packages/neutron_lib/callbacks/manager.py:52}}
Mar 31 22:25:15.344429 np0000162002 devstack@neutron-api.service[102779]: DEBUG neutron_lib.callbacks.manager [None req-2e384996-6610-4cdf-8a2f-7a5afaf4ea0b None None] Subscribe: > allowed_address_pair before_create 55550000, False {{(pid=102779) subscribe /opt/stack/data/venv/lib/python3.12/site-packages/neutron_lib/callbacks/manager.py:52}}
Mar 31 22:25:15.344484 np0000162002 devstack@neutron-api.service[102781]: DEBUG neutron.api.extensions [None req-47404c60-5f84-452d-8324-b18b624d4421 None None] Ext name="Segments peer-subnet host routes" alias="segments-peer-subnet-host-routes" description="Add host routes to subnets on a routed network (segments)" updated="2018-06-12T10:00:00-00:00" {{(pid=102781) _check_extension /opt/stack/neutron/neutron/api/extensions.py:415}}
Mar 31 22:25:15.344517 np0000162002 devstack@neutron-api.service[102779]: DEBUG neutron_lib.callbacks.manager [None req-2e384996-6610-4cdf-8a2f-7a5afaf4ea0b None None] Subscribe: > security_group precommit_create 55550000, False {{(pid=102779) subscribe /opt/stack/data/venv/lib/python3.12/site-packages/neutron_lib/callbacks/manager.py:52}}
Mar 31 22:25:15.344517 np0000162002 devstack@neutron-api.service[102779]: DEBUG neutron_lib.callbacks.manager [None req-2e384996-6610-4cdf-8a2f-7a5afaf4ea0b None None] Subscribe: > security_group after_update 55550000, False {{(pid=102779) subscribe /opt/stack/data/venv/lib/python3.12/site-packages/neutron_lib/callbacks/manager.py:52}}
Mar 31 22:25:15.344592 np0000162002 devstack@neutron-api.service[102781]: INFO neutron.api.extensions [None req-47404c60-5f84-452d-8324-b18b624d4421 None None] Extension segments-peer-subnet-host-routes not supported by any of loaded plugins
Mar 31 22:25:15.344628 np0000162002 devstack@neutron-api.service[102779]: DEBUG neutron_lib.callbacks.manager [None req-2e384996-6610-4cdf-8a2f-7a5afaf4ea0b None None] Subscribe: > security_group after_create 55550000, False {{(pid=102779) subscribe /opt/stack/data/venv/lib/python3.12/site-packages/neutron_lib/callbacks/manager.py:52}}
Mar 31 22:25:15.344658 np0000162002 devstack@neutron-api.service[102781]: DEBUG neutron.api.extensions [None req-47404c60-5f84-452d-8324-b18b624d4421 None None] Loading extension file: servicetype.py {{(pid=102781) _load_all_extensions_from_path /opt/stack/neutron/neutron/api/extensions.py:449}}
Mar 31 22:25:15.344713 np0000162002 devstack@neutron-api.service[102779]: DEBUG neutron_lib.callbacks.manager [None req-2e384996-6610-4cdf-8a2f-7a5afaf4ea0b None None] Subscribe: > security_group precommit_delete 55550000, False {{(pid=102779) subscribe /opt/stack/data/venv/lib/python3.12/site-packages/neutron_lib/callbacks/manager.py:52}}
Mar 31 22:25:15.344713 np0000162002 devstack@neutron-api.service[102779]: DEBUG neutron_lib.callbacks.manager [None req-2e384996-6610-4cdf-8a2f-7a5afaf4ea0b None None] Subscribe: > security_group after_delete 55550000, False {{(pid=102779) subscribe /opt/stack/data/venv/lib/python3.12/site-packages/neutron_lib/callbacks/manager.py:52}}
Mar 31 22:25:15.344768 np0000162002 devstack@neutron-api.service[102778]: DEBUG neutron.quota.resource_registry [None req-9b932bce-7ec2-48da-bf60-6c6be0003bd3 None None] Tracking information for resource: router configured {{(pid=102778) set_tracked_resource /opt/stack/neutron/neutron/quota/resource_registry.py:203}}
Mar 31 22:25:15.344798 np0000162002 devstack@neutron-api.service[102781]: DEBUG neutron.api.extensions [None req-47404c60-5f84-452d-8324-b18b624d4421 None None] Ext name="Neutron Service Type Management" alias="service-type" description="API for retrieving service providers for Neutron advanced services" updated="2013-01-20T00:00:00-00:00" {{(pid=102781) _check_extension /opt/stack/neutron/neutron/api/extensions.py:415}}
Mar 31 22:25:15.344825 np0000162002 devstack@neutron-api.service[102779]: DEBUG neutron_lib.callbacks.manager [None req-2e384996-6610-4cdf-8a2f-7a5afaf4ea0b None None] Subscribe: > security_group_rule precommit_create 55550000, False {{(pid=102779) subscribe /opt/stack/data/venv/lib/python3.12/site-packages/neutron_lib/callbacks/manager.py:52}}
Mar 31 22:25:15.344867 np0000162002 devstack@neutron-api.service[102778]: DEBUG neutron.quota.resource_registry [None req-9b932bce-7ec2-48da-bf60-6c6be0003bd3 None None] Tracking information for resource: floatingip configured {{(pid=102778) set_tracked_resource /opt/stack/neutron/neutron/quota/resource_registry.py:203}}
Mar 31 22:25:15.344898 np0000162002 devstack@neutron-api.service[102779]: DEBUG neutron_lib.callbacks.manager [None req-2e384996-6610-4cdf-8a2f-7a5afaf4ea0b None None] Subscribe: > security_group_rule after_create 55550000, False {{(pid=102779) subscribe /opt/stack/data/venv/lib/python3.12/site-packages/neutron_lib/callbacks/manager.py:52}}
Mar 31 22:25:15.344934 np0000162002 devstack@neutron-api.service[102778]: INFO neutron.services.ovn_l3.plugin [None req-9b932bce-7ec2-48da-bf60-6c6be0003bd3 None None] Starting OVNL3RouterPlugin
Mar 31 22:25:15.344960 np0000162002 devstack@neutron-api.service[102781]: INFO neutron.api.extensions [None req-47404c60-5f84-452d-8324-b18b624d4421 None None] Loaded extension: service-type
Mar 31 22:25:15.345020 np0000162002 devstack@neutron-api.service[102779]: DEBUG neutron_lib.callbacks.manager [None req-2e384996-6610-4cdf-8a2f-7a5afaf4ea0b None None] Subscribe: > security_group_rule before_delete 55550000, False {{(pid=102779) subscribe /opt/stack/data/venv/lib/python3.12/site-packages/neutron_lib/callbacks/manager.py:52}}
Mar 31 22:25:15.345052 np0000162002 devstack@neutron-api.service[102781]: DEBUG neutron.api.extensions [None req-47404c60-5f84-452d-8324-b18b624d4421 None None] Loading extension file: sorting.py {{(pid=102781) _load_all_extensions_from_path /opt/stack/neutron/neutron/api/extensions.py:449}}
Mar 31 22:25:15.345893 np0000162002 devstack@neutron-api.service[102779]: DEBUG neutron_lib.callbacks.manager [None req-2e384996-6610-4cdf-8a2f-7a5afaf4ea0b None None] Subscribe: > address_group after_create 55550000, False {{(pid=102779) subscribe /opt/stack/data/venv/lib/python3.12/site-packages/neutron_lib/callbacks/manager.py:52}}
Mar 31 22:25:15.345923 np0000162002 devstack@neutron-api.service[102778]: DEBUG neutron_lib.callbacks.manager [None req-9b932bce-7ec2-48da-bf60-6c6be0003bd3 None None] Subscribe: > port_forwarding_plugin after_init 55550000, False {{(pid=102778) subscribe /opt/stack/data/venv/lib/python3.12/site-packages/neutron_lib/callbacks/manager.py:52}}
Mar 31 22:25:15.345951 np0000162002 devstack@neutron-api.service[102779]: DEBUG neutron_lib.callbacks.manager [None req-2e384996-6610-4cdf-8a2f-7a5afaf4ea0b None None] Subscribe: > address_group after_update 55550000, False {{(pid=102779) subscribe /opt/stack/data/venv/lib/python3.12/site-packages/neutron_lib/callbacks/manager.py:52}}
Mar 31 22:25:15.345984 np0000162002 devstack@neutron-api.service[102781]: DEBUG neutron.api.extensions [None req-47404c60-5f84-452d-8324-b18b624d4421 None None] Ext name="Sorting support" alias="sorting" description="Extension that indicates that sorting is enabled." updated="2016-06-12T00:00:00-00:00" {{(pid=102781) _check_extension /opt/stack/neutron/neutron/api/extensions.py:415}}
Mar 31 22:25:15.346036 np0000162002 devstack@neutron-api.service[102779]: DEBUG neutron_lib.callbacks.manager [None req-2e384996-6610-4cdf-8a2f-7a5afaf4ea0b None None] Subscribe: > address_group after_delete 55550000, False {{(pid=102779) subscribe /opt/stack/data/venv/lib/python3.12/site-packages/neutron_lib/callbacks/manager.py:52}}
Mar 31 22:25:15.346060 np0000162002 devstack@neutron-api.service[102778]: DEBUG neutron_lib.callbacks.manager [None req-9b932bce-7ec2-48da-bf60-6c6be0003bd3 None None] Subscribe: > router before_create 55550100, False {{(pid=102778) subscribe /opt/stack/data/venv/lib/python3.12/site-packages/neutron_lib/callbacks/manager.py:52}}
Mar 31 22:25:15.346096 np0000162002 devstack@neutron-api.service[102781]: INFO neutron.api.extensions [None req-47404c60-5f84-452d-8324-b18b624d4421 None None] Loaded extension: sorting
Mar 31 22:25:15.346096 np0000162002 devstack@neutron-api.service[102781]: DEBUG neutron.api.extensions [None req-47404c60-5f84-452d-8324-b18b624d4421 None None] Loading extension file: standard_attr_segment.py {{(pid=102781) _load_all_extensions_from_path /opt/stack/neutron/neutron/api/extensions.py:449}}
Mar 31 22:25:15.346149 np0000162002 devstack@neutron-api.service[102778]: DEBUG neutron_lib.callbacks.manager [None req-9b932bce-7ec2-48da-bf60-6c6be0003bd3 None None] Subscribe: > router precommit_delete 55550100, False {{(pid=102778) subscribe /opt/stack/data/venv/lib/python3.12/site-packages/neutron_lib/callbacks/manager.py:52}}
Mar 31 22:25:15.346224 np0000162002 devstack@neutron-api.service[102779]: DEBUG neutron_lib.callbacks.manager [None req-2e384996-6610-4cdf-8a2f-7a5afaf4ea0b None None] Subscribe: > qos_plugin after_init 55550000, False {{(pid=102779) subscribe /opt/stack/data/venv/lib/python3.12/site-packages/neutron_lib/callbacks/manager.py:52}}
Mar 31 22:25:15.346279 np0000162002 devstack@neutron-api.service[102778]: DEBUG neutron_lib.callbacks.manager [None req-9b932bce-7ec2-48da-bf60-6c6be0003bd3 None None] Subscribe: > router precommit_create 55550100, False {{(pid=102778) subscribe /opt/stack/data/venv/lib/python3.12/site-packages/neutron_lib/callbacks/manager.py:52}}
Mar 31 22:25:15.346306 np0000162002 devstack@neutron-api.service[102781]: DEBUG neutron.api.extensions [None req-47404c60-5f84-452d-8324-b18b624d4421 None None] Ext name="Standard Attribute Segment Extension" alias="standard-attr-segment" description="Add standard attributes to Segment resource" updated="2018-04-09T10:00:00-00:00" {{(pid=102781) _check_extension /opt/stack/neutron/neutron/api/extensions.py:415}}
Mar 31 22:25:15.346333 np0000162002 devstack@neutron-api.service[102778]: DEBUG neutron_lib.callbacks.manager [None req-9b932bce-7ec2-48da-bf60-6c6be0003bd3 None None] Subscribe: > router precommit_update 55550100, False {{(pid=102778) subscribe /opt/stack/data/venv/lib/python3.12/site-packages/neutron_lib/callbacks/manager.py:52}}
Mar 31 22:25:15.346368 np0000162002 devstack@neutron-api.service[102779]: DEBUG neutron_lib.callbacks.manager [None req-2e384996-6610-4cdf-8a2f-7a5afaf4ea0b None None] Subscribe: > trunk_plugin after_init 55550000, False {{(pid=102779) subscribe /opt/stack/data/venv/lib/python3.12/site-packages/neutron_lib/callbacks/manager.py:52}}
Mar 31 22:25:15.346426 np0000162002 devstack@neutron-api.service[102781]: INFO neutron.api.extensions [None req-47404c60-5f84-452d-8324-b18b624d4421 None None] Extension standard-attr-segment not supported by any of loaded plugins
Mar 31 22:25:15.346476 np0000162002 devstack@neutron-api.service[102779]: DEBUG neutron_lib.callbacks.manager [None req-2e384996-6610-4cdf-8a2f-7a5afaf4ea0b None None] Subscribe: > logging-plugin after_init 55550000, False {{(pid=102779) subscribe /opt/stack/data/venv/lib/python3.12/site-packages/neutron_lib/callbacks/manager.py:52}}
Mar 31 22:25:15.346502 np0000162002 devstack@neutron-api.service[102781]: DEBUG neutron.api.extensions [None req-47404c60-5f84-452d-8324-b18b624d4421 None None] Loading extension file: standardattrdescription.py {{(pid=102781) _load_all_extensions_from_path /opt/stack/neutron/neutron/api/extensions.py:449}}
Mar 31 22:25:15.346502 np0000162002 devstack@neutron-api.service[102781]: DEBUG neutron.api.extensions [None req-47404c60-5f84-452d-8324-b18b624d4421 None None] Ext name="standard-attr-description" alias="standard-attr-description" description="Extension to add descriptions to standard attributes" updated="2016-02-10T10:00:00-00:00" {{(pid=102781) _check_extension /opt/stack/neutron/neutron/api/extensions.py:415}}
Mar 31 22:25:15.346502 np0000162002 devstack@neutron-api.service[102781]: INFO neutron.api.extensions [None req-47404c60-5f84-452d-8324-b18b624d4421 None None] Loaded extension: standard-attr-description
Mar 31 22:25:15.346568 np0000162002 devstack@neutron-api.service[102779]: INFO neutron.services.logapi.drivers.ovn.driver [None req-2e384996-6610-4cdf-8a2f-7a5afaf4ea0b None None] OVN logging driver registered
Mar 31 22:25:15.346632 np0000162002 devstack@neutron-api.service[102781]: DEBUG neutron.api.extensions [None req-47404c60-5f84-452d-8324-b18b624d4421 None None] Loading extension file: stateful_security_group.py {{(pid=102781) _load_all_extensions_from_path /opt/stack/neutron/neutron/api/extensions.py:449}}
Mar 31 22:25:15.346632 np0000162002 devstack@neutron-api.service[102781]: DEBUG neutron.api.extensions [None req-47404c60-5f84-452d-8324-b18b624d4421 None None] Ext name="Stateful security group" alias="stateful-security-group" description="Indicates if the security group is stateful or not" updated="2019-11-26T09:00:00-00:00" {{(pid=102781) _check_extension /opt/stack/neutron/neutron/api/extensions.py:415}}
Mar 31 22:25:15.346780 np0000162002 devstack@neutron-api.service[102781]: INFO neutron.api.extensions [None req-47404c60-5f84-452d-8324-b18b624d4421 None None] Loaded extension: stateful-security-group
Mar 31 22:25:15.346871 np0000162002 devstack@neutron-api.service[102781]: DEBUG neutron.api.extensions [None req-47404c60-5f84-452d-8324-b18b624d4421 None None] Loading extension file: stdattrs_common.py {{(pid=102781) _load_all_extensions_from_path /opt/stack/neutron/neutron/api/extensions.py:449}}
Mar 31 22:25:15.347066 np0000162002 devstack@neutron-api.service[102781]: WARNING neutron.api.extensions [None req-47404c60-5f84-452d-8324-b18b624d4421 None None] Did not find expected name "Stdattrs_common" in /opt/stack/neutron/neutron/extensions/stdattrs_common.py
Mar 31 22:25:15.347188 np0000162002 devstack@neutron-api.service[102781]: DEBUG neutron.api.extensions [None req-47404c60-5f84-452d-8324-b18b624d4421 None None] Loading extension file: subnet_dns_publish_fixed_ip.py {{(pid=102781) _load_all_extensions_from_path /opt/stack/neutron/neutron/api/extensions.py:449}}
Mar 31 22:25:15.347409 np0000162002 devstack@neutron-api.service[102781]: DEBUG neutron.api.extensions [None req-47404c60-5f84-452d-8324-b18b624d4421 None None] Ext name="Subnet DNS publish fixed IP" alias="subnet-dns-publish-fixed-ip" description="Support choosing to publish DNS records for IPs from a subnet" updated="2019-05-24T10:00:00-00:00" {{(pid=102781) _check_extension /opt/stack/neutron/neutron/api/extensions.py:415}}
Mar 31 22:25:15.347576 np0000162002 devstack@neutron-api.service[102781]: INFO neutron.api.extensions [None req-47404c60-5f84-452d-8324-b18b624d4421 None None] Loaded extension: subnet-dns-publish-fixed-ip
Mar 31 22:25:15.347665 np0000162002 devstack@neutron-api.service[102781]: DEBUG neutron.api.extensions [None req-47404c60-5f84-452d-8324-b18b624d4421 None None] Loading extension file: subnet_external_network.py {{(pid=102781) _load_all_extensions_from_path /opt/stack/neutron/neutron/api/extensions.py:449}}
Mar 31 22:25:15.347745 np0000162002 devstack@neutron-api.service[102779]: DEBUG neutron.plugins.ml2.plugin [None req-2e384996-6610-4cdf-8a2f-7a5afaf4ea0b None None] neutron.plugins.ml2.plugin.Ml2Plugin method _start_rpc_notifiers called with arguments () {} {{(pid=102779) wrapper /opt/stack/data/venv/lib/python3.12/site-packages/oslo_log/helpers.py:77}}
Mar 31 22:25:15.347900 np0000162002 devstack@neutron-api.service[102781]: DEBUG neutron.api.extensions [None req-47404c60-5f84-452d-8324-b18b624d4421 None None] Ext name="Subnet belongs to an external network" alias="subnet-external-network" description="Informs if the subnet belongs to an external network" updated="2024-02-05T18:00:00-00:00" {{(pid=102781) _check_extension /opt/stack/neutron/neutron/api/extensions.py:415}}
Mar 31 22:25:15.348028 np0000162002 devstack@neutron-api.service[102779]: DEBUG neutron_lib.callbacks.manager [None req-2e384996-6610-4cdf-8a2f-7a5afaf4ea0b None None] Subscribe: > port after_create 55550000, False {{(pid=102779) subscribe /opt/stack/data/venv/lib/python3.12/site-packages/neutron_lib/callbacks/manager.py:52}}
Mar 31 22:25:15.348084 np0000162002 devstack@neutron-api.service[102781]: INFO neutron.api.extensions [None req-47404c60-5f84-452d-8324-b18b624d4421 None None] Loaded extension: subnet-external-network
Mar 31 22:25:15.348146 np0000162002 devstack@neutron-api.service[102779]: DEBUG neutron_lib.callbacks.manager [None req-2e384996-6610-4cdf-8a2f-7a5afaf4ea0b None None] Subscribe: > port after_update 55550000, False {{(pid=102779) subscribe /opt/stack/data/venv/lib/python3.12/site-packages/neutron_lib/callbacks/manager.py:52}}
Mar 31 22:25:15.348205 np0000162002 devstack@neutron-api.service[102781]: DEBUG neutron.api.extensions [None req-47404c60-5f84-452d-8324-b18b624d4421 None None] Loading extension file: subnet_onboard.py {{(pid=102781) _load_all_extensions_from_path /opt/stack/neutron/neutron/api/extensions.py:449}}
Mar 31 22:25:15.348250 np0000162002 devstack@neutron-api.service[102779]: DEBUG neutron_lib.callbacks.manager [None req-2e384996-6610-4cdf-8a2f-7a5afaf4ea0b None None] Subscribe: > port after_delete 55550000, False {{(pid=102779) subscribe /opt/stack/data/venv/lib/python3.12/site-packages/neutron_lib/callbacks/manager.py:52}}
Mar 31 22:25:15.348354 np0000162002 devstack@neutron-api.service[102779]: DEBUG neutron_lib.callbacks.manager [None req-2e384996-6610-4cdf-8a2f-7a5afaf4ea0b None None] Subscribe: > subnet after_create 55550000, False {{(pid=102779) subscribe /opt/stack/data/venv/lib/python3.12/site-packages/neutron_lib/callbacks/manager.py:52}}
Mar 31 22:25:15.348382 np0000162002 devstack@neutron-api.service[102781]: DEBUG neutron.api.extensions [None req-47404c60-5f84-452d-8324-b18b624d4421 None None] Ext name="Subnet Onboard" alias="subnet_onboard" description="Provides support for onboarding subnets into subnet pools" updated="2018-12-18T09:00:00-00:00" {{(pid=102781) _check_extension /opt/stack/neutron/neutron/api/extensions.py:415}}
Mar 31 22:25:15.348460 np0000162002 devstack@neutron-api.service[102779]: DEBUG neutron_lib.callbacks.manager [None req-2e384996-6610-4cdf-8a2f-7a5afaf4ea0b None None] Subscribe: > subnet after_update 55550000, False {{(pid=102779) subscribe /opt/stack/data/venv/lib/python3.12/site-packages/neutron_lib/callbacks/manager.py:52}}
Mar 31 22:25:15.348539 np0000162002 devstack@neutron-api.service[102781]: INFO neutron.api.extensions [None req-47404c60-5f84-452d-8324-b18b624d4421 None None] Extension subnet_onboard not supported by any of loaded plugins
Mar 31 22:25:15.348572 np0000162002 devstack@neutron-api.service[102779]: DEBUG neutron_lib.callbacks.manager [None req-2e384996-6610-4cdf-8a2f-7a5afaf4ea0b None None] Subscribe: > subnet after_delete 55550000, False {{(pid=102779) subscribe /opt/stack/data/venv/lib/python3.12/site-packages/neutron_lib/callbacks/manager.py:52}}
Mar 31 22:25:15.348659 np0000162002 devstack@neutron-api.service[102781]: DEBUG neutron.api.extensions [None req-47404c60-5f84-452d-8324-b18b624d4421 None None] Loading extension file: subnet_segmentid_writable.py {{(pid=102781) _load_all_extensions_from_path /opt/stack/neutron/neutron/api/extensions.py:449}}
