Mar 31 22:25:46.614556 np0000162002 nova-scheduler[108060]: DEBUG cotyledon.oslo_config_glue [-] vnc.server_listen = 127.0.0.1 {{(pid=108060) log_opt_values /opt/stack/data/venv/lib/python3.12/site-packages/oslo_config/cfg.py:3006}}
Mar 31 22:25:46.614773 np0000162002 nova-scheduler[108060]: DEBUG cotyledon.oslo_config_glue [-] vnc.server_proxyclient_address = 127.0.0.1 {{(pid=108060) log_opt_values /opt/stack/data/venv/lib/python3.12/site-packages/oslo_config/cfg.py:3006}}
Mar 31 22:25:46.614773 np0000162002 nova-scheduler[108060]: DEBUG cotyledon.oslo_config_glue [-] vnc.vencrypt_ca_certs = None {{(pid=108060) log_opt_values /opt/stack/data/venv/lib/python3.12/site-packages/oslo_config/cfg.py:3006}}
Mar 31 22:25:46.614773 np0000162002 nova-scheduler[108060]: DEBUG cotyledon.oslo_config_glue [-] vnc.vencrypt_client_cert = None {{(pid=108060) log_opt_values /opt/stack/data/venv/lib/python3.12/site-packages/oslo_config/cfg.py:3006}}
Mar 31 22:25:46.614773 np0000162002 nova-scheduler[108060]: DEBUG cotyledon.oslo_config_glue [-] vnc.vencrypt_client_key = None {{(pid=108060) log_opt_values /opt/stack/data/venv/lib/python3.12/site-packages/oslo_config/cfg.py:3006}}
Mar 31 22:25:46.614773 np0000162002 nova-scheduler[108060]: DEBUG cotyledon.oslo_config_glue [-] workarounds.disable_compute_service_check_for_ffu = False {{(pid=108060) log_opt_values /opt/stack/data/venv/lib/python3.12/site-packages/oslo_config/cfg.py:3006}}
Mar 31 22:25:46.614773 np0000162002 nova-scheduler[108060]: DEBUG cotyledon.oslo_config_glue [-] workarounds.disable_deep_image_inspection = False {{(pid=108060) log_opt_values /opt/stack/data/venv/lib/python3.12/site-packages/oslo_config/cfg.py:3006}}
Mar 31 22:25:46.614773 np0000162002 nova-scheduler[108060]: DEBUG cotyledon.oslo_config_glue [-] workarounds.disable_fallback_pcpu_query = False {{(pid=108060) log_opt_values /opt/stack/data/venv/lib/python3.12/site-packages/oslo_config/cfg.py:3006}}
Mar 31 22:25:46.614773 np0000162002 nova-scheduler[108060]: DEBUG cotyledon.oslo_config_glue [-] workarounds.disable_group_policy_check_upcall = False {{(pid=108060) log_opt_values /opt/stack/data/venv/lib/python3.12/site-packages/oslo_config/cfg.py:3006}}
Mar 31 22:25:46.614773 np0000162002 nova-scheduler[108060]: DEBUG cotyledon.oslo_config_glue [-] workarounds.disable_libvirt_livesnapshot = False {{(pid=108060) log_opt_values /opt/stack/data/venv/lib/python3.12/site-packages/oslo_config/cfg.py:3006}}
Mar 31 22:25:46.615091 np0000162002 nova-scheduler[108060]: DEBUG cotyledon.oslo_config_glue [-] workarounds.disable_rootwrap = False {{(pid=108060) log_opt_values /opt/stack/data/venv/lib/python3.12/site-packages/oslo_config/cfg.py:3006}}
Mar 31 22:25:46.615091 np0000162002 nova-scheduler[108060]: DEBUG cotyledon.oslo_config_glue [-] workarounds.enable_numa_live_migration = False {{(pid=108060) log_opt_values /opt/stack/data/venv/lib/python3.12/site-packages/oslo_config/cfg.py:3006}}
Mar 31 22:25:46.615091 np0000162002 nova-scheduler[108060]: DEBUG cotyledon.oslo_config_glue [-] workarounds.enable_qemu_monitor_announce_self = False {{(pid=108060) log_opt_values /opt/stack/data/venv/lib/python3.12/site-packages/oslo_config/cfg.py:3006}}
Mar 31 22:25:46.615091 np0000162002 nova-scheduler[108060]: DEBUG cotyledon.oslo_config_glue [-] workarounds.ensure_libvirt_rbd_instance_dir_cleanup = False {{(pid=108060) log_opt_values /opt/stack/data/venv/lib/python3.12/site-packages/oslo_config/cfg.py:3006}}
Mar 31 22:25:46.615091 np0000162002 nova-scheduler[108060]: DEBUG cotyledon.oslo_config_glue [-] workarounds.handle_virt_lifecycle_events = True {{(pid=108060) log_opt_values /opt/stack/data/venv/lib/python3.12/site-packages/oslo_config/cfg.py:3006}}
Mar 31 22:25:46.615091 np0000162002 nova-scheduler[108060]: DEBUG cotyledon.oslo_config_glue [-] workarounds.libvirt_disable_apic = False {{(pid=108060) log_opt_values /opt/stack/data/venv/lib/python3.12/site-packages/oslo_config/cfg.py:3006}}
Mar 31 22:25:46.615091 np0000162002 nova-scheduler[108060]: DEBUG cotyledon.oslo_config_glue [-] workarounds.never_download_image_if_on_rbd = False {{(pid=108060) log_opt_values /opt/stack/data/venv/lib/python3.12/site-packages/oslo_config/cfg.py:3006}}
Mar 31 22:25:46.615091 np0000162002 nova-scheduler[108060]: DEBUG cotyledon.oslo_config_glue [-] workarounds.qemu_monitor_announce_self_count = 3 {{(pid=108060) log_opt_values /opt/stack/data/venv/lib/python3.12/site-packages/oslo_config/cfg.py:3006}}
Mar 31 22:25:46.615091 np0000162002 nova-scheduler[108060]: DEBUG cotyledon.oslo_config_glue [-] workarounds.qemu_monitor_announce_self_interval = 1 {{(pid=108060) log_opt_values /opt/stack/data/venv/lib/python3.12/site-packages/oslo_config/cfg.py:3006}}
Mar 31 22:25:46.615351 np0000162002 nova-scheduler[108060]: DEBUG cotyledon.oslo_config_glue [-] workarounds.reserve_disk_resource_for_image_cache = False {{(pid=108060) log_opt_values /opt/stack/data/venv/lib/python3.12/site-packages/oslo_config/cfg.py:3006}}
Mar 31 22:25:46.615351 np0000162002 nova-scheduler[108060]: DEBUG cotyledon.oslo_config_glue [-] workarounds.skip_cpu_compare_at_startup = False {{(pid=108060) log_opt_values /opt/stack/data/venv/lib/python3.12/site-packages/oslo_config/cfg.py:3006}}
Mar 31 22:25:46.615351 np0000162002 nova-scheduler[108060]: DEBUG cotyledon.oslo_config_glue [-] workarounds.skip_cpu_compare_on_dest = False {{(pid=108060) log_opt_values /opt/stack/data/venv/lib/python3.12/site-packages/oslo_config/cfg.py:3006}}
Mar 31 22:25:46.615351 np0000162002 nova-scheduler[108060]: DEBUG cotyledon.oslo_config_glue [-] workarounds.skip_hypervisor_version_check_on_lm = False {{(pid=108060) log_opt_values /opt/stack/data/venv/lib/python3.12/site-packages/oslo_config/cfg.py:3006}}
Mar 31 22:25:46.615351 np0000162002 nova-scheduler[108060]: DEBUG cotyledon.oslo_config_glue [-] workarounds.skip_reserve_in_use_ironic_nodes = False {{(pid=108060) log_opt_values /opt/stack/data/venv/lib/python3.12/site-packages/oslo_config/cfg.py:3006}}
Mar 31 22:25:46.615351 np0000162002 nova-scheduler[108060]: DEBUG cotyledon.oslo_config_glue [-] workarounds.unified_limits_count_pcpu_as_vcpu = False {{(pid=108060) log_opt_values /opt/stack/data/venv/lib/python3.12/site-packages/oslo_config/cfg.py:3006}}
Mar 31 22:25:46.615351 np0000162002 nova-scheduler[108060]: DEBUG cotyledon.oslo_config_glue [-] workarounds.wait_for_vif_plugged_event_during_hard_reboot = [] {{(pid=108060) log_opt_values /opt/stack/data/venv/lib/python3.12/site-packages/oslo_config/cfg.py:3006}}
Mar 31 22:25:46.615351 np0000162002 nova-scheduler[108060]: DEBUG cotyledon.oslo_config_glue [-] wsgi.api_paste_config = /etc/nova/api-paste.ini {{(pid=108060) log_opt_values /opt/stack/data/venv/lib/python3.12/site-packages/oslo_config/cfg.py:3006}}
Mar 31 22:25:46.615605 np0000162002 nova-scheduler[108060]: DEBUG cotyledon.oslo_config_glue [-] wsgi.secure_proxy_ssl_header = None {{(pid=108060) log_opt_values /opt/stack/data/venv/lib/python3.12/site-packages/oslo_config/cfg.py:3006}}
Mar 31 22:25:46.615605 np0000162002 nova-scheduler[108060]: DEBUG cotyledon.oslo_config_glue [-] zvm.ca_file = None {{(pid=108060) log_opt_values /opt/stack/data/venv/lib/python3.12/site-packages/oslo_config/cfg.py:3006}}
Mar 31 22:25:46.615605 np0000162002 nova-scheduler[108060]: DEBUG cotyledon.oslo_config_glue [-] zvm.cloud_connector_url = None {{(pid=108060) log_opt_values /opt/stack/data/venv/lib/python3.12/site-packages/oslo_config/cfg.py:3006}}
Mar 31 22:25:46.615605 np0000162002 nova-scheduler[108060]: DEBUG cotyledon.oslo_config_glue [-] zvm.image_tmp_path = /opt/stack/data/nova/images {{(pid=108060) log_opt_values /opt/stack/data/venv/lib/python3.12/site-packages/oslo_config/cfg.py:3006}}
Mar 31 22:25:46.615605 np0000162002 nova-scheduler[108060]: DEBUG cotyledon.oslo_config_glue [-] zvm.reachable_timeout = 300 {{(pid=108060) log_opt_values /opt/stack/data/venv/lib/python3.12/site-packages/oslo_config/cfg.py:3006}}
Mar 31 22:25:46.615605 np0000162002 nova-scheduler[108060]: DEBUG cotyledon.oslo_config_glue [-] oslo_versionedobjects.fatal_exception_format_errors = False {{(pid=108060) log_opt_values /opt/stack/data/venv/lib/python3.12/site-packages/oslo_config/cfg.py:3006}}
Mar 31 22:25:46.615605 np0000162002 nova-scheduler[108060]: DEBUG cotyledon.oslo_config_glue [-] oslo_middleware.http_basic_auth_user_file = /etc/htpasswd {{(pid=108060) log_opt_values /opt/stack/data/venv/lib/python3.12/site-packages/oslo_config/cfg.py:3006}}
Mar 31 22:25:46.615605 np0000162002 nova-scheduler[108060]: DEBUG cotyledon.oslo_config_glue [-] oslo_messaging_metrics.metrics_buffer_size = 1000 {{(pid=108060) log_opt_values /opt/stack/data/venv/lib/python3.12/site-packages/oslo_config/cfg.py:3006}}
Mar 31 22:25:46.615605 np0000162002 nova-scheduler[108060]: DEBUG cotyledon.oslo_config_glue [-] oslo_messaging_metrics.metrics_enabled = False {{(pid=108060) log_opt_values /opt/stack/data/venv/lib/python3.12/site-packages/oslo_config/cfg.py:3006}}
Mar 31 22:25:46.615825 np0000162002 nova-scheduler[108060]: DEBUG cotyledon.oslo_config_glue [-] oslo_messaging_metrics.metrics_process_name = {{(pid=108060) log_opt_values /opt/stack/data/venv/lib/python3.12/site-packages/oslo_config/cfg.py:3006}}
Mar 31 22:25:46.615825 np0000162002 nova-scheduler[108060]: DEBUG cotyledon.oslo_config_glue [-] oslo_messaging_metrics.metrics_socket_file = /var/tmp/metrics_collector.sock {{(pid=108060) log_opt_values /opt/stack/data/venv/lib/python3.12/site-packages/oslo_config/cfg.py:3006}}
Mar 31 22:25:46.615825 np0000162002 nova-scheduler[108060]: DEBUG cotyledon.oslo_config_glue [-] oslo_messaging_metrics.metrics_thread_stop_timeout = 10 {{(pid=108060) log_opt_values /opt/stack/data/venv/lib/python3.12/site-packages/oslo_config/cfg.py:3006}}
Mar 31 22:25:46.615825 np0000162002 nova-scheduler[108060]: DEBUG cotyledon.oslo_config_glue [-] profiler.connection_string = messaging:// {{(pid=108060) log_opt_values /opt/stack/data/venv/lib/python3.12/site-packages/oslo_config/cfg.py:3006}}
Mar 31 22:25:46.615825 np0000162002 nova-scheduler[108060]: DEBUG cotyledon.oslo_config_glue [-] profiler.enabled = False {{(pid=108060) log_opt_values /opt/stack/data/venv/lib/python3.12/site-packages/oslo_config/cfg.py:3006}}
Mar 31 22:25:46.615825 np0000162002 nova-scheduler[108060]: DEBUG cotyledon.oslo_config_glue [-] profiler.es_doc_type = notification {{(pid=108060) log_opt_values /opt/stack/data/venv/lib/python3.12/site-packages/oslo_config/cfg.py:3006}}
Mar 31 22:25:46.615825 np0000162002 nova-scheduler[108060]: DEBUG cotyledon.oslo_config_glue [-] profiler.es_scroll_size = 10000 {{(pid=108060) log_opt_values /opt/stack/data/venv/lib/python3.12/site-packages/oslo_config/cfg.py:3006}}
Mar 31 22:25:46.615825 np0000162002 nova-scheduler[108060]: DEBUG cotyledon.oslo_config_glue [-] profiler.es_scroll_time = 2m {{(pid=108060) log_opt_values /opt/stack/data/venv/lib/python3.12/site-packages/oslo_config/cfg.py:3006}}
Mar 31 22:25:46.615825 np0000162002 nova-scheduler[108060]: DEBUG cotyledon.oslo_config_glue [-] profiler.filter_error_trace = False {{(pid=108060) log_opt_values /opt/stack/data/venv/lib/python3.12/site-packages/oslo_config/cfg.py:3006}}
Mar 31 22:25:46.616066 np0000162002 nova-scheduler[108060]: DEBUG cotyledon.oslo_config_glue [-] profiler.hmac_keys = **** {{(pid=108060) log_opt_values /opt/stack/data/venv/lib/python3.12/site-packages/oslo_config/cfg.py:3006}}
Mar 31 22:25:46.616066 np0000162002 nova-scheduler[108060]: DEBUG cotyledon.oslo_config_glue [-] profiler.sentinel_service_name = mymaster {{(pid=108060) log_opt_values /opt/stack/data/venv/lib/python3.12/site-packages/oslo_config/cfg.py:3006}}
Mar 31 22:25:46.616066 np0000162002 nova-scheduler[108060]: DEBUG cotyledon.oslo_config_glue [-] profiler.socket_timeout = 0.1 {{(pid=108060) log_opt_values /opt/stack/data/venv/lib/python3.12/site-packages/oslo_config/cfg.py:3006}}
Mar 31 22:25:46.616066 np0000162002 nova-scheduler[108060]: DEBUG cotyledon.oslo_config_glue [-] profiler.trace_requests = False {{(pid=108060) log_opt_values /opt/stack/data/venv/lib/python3.12/site-packages/oslo_config/cfg.py:3006}}
Mar 31 22:25:46.616066 np0000162002 nova-scheduler[108060]: DEBUG cotyledon.oslo_config_glue [-] profiler.trace_sqlalchemy = False {{(pid=108060) log_opt_values /opt/stack/data/venv/lib/python3.12/site-packages/oslo_config/cfg.py:3006}}
Mar 31 22:25:46.616066 np0000162002 nova-scheduler[108060]: DEBUG cotyledon.oslo_config_glue [-] profiler_jaeger.process_tags = {} {{(pid=108060) log_opt_values /opt/stack/data/venv/lib/python3.12/site-packages/oslo_config/cfg.py:3006}}
Mar 31 22:25:46.616066 np0000162002 nova-scheduler[108060]: DEBUG cotyledon.oslo_config_glue [-] profiler_jaeger.service_name_prefix = None {{(pid=108060) log_opt_values /opt/stack/data/venv/lib/python3.12/site-packages/oslo_config/cfg.py:3006}}
Mar 31 22:25:46.616066 np0000162002 nova-scheduler[108060]: DEBUG cotyledon.oslo_config_glue [-] profiler_otlp.service_name_prefix = None {{(pid=108060) log_opt_values /opt/stack/data/venv/lib/python3.12/site-packages/oslo_config/cfg.py:3006}}
Mar 31 22:25:46.616066 np0000162002 nova-scheduler[108060]: DEBUG cotyledon.oslo_config_glue [-] oslo_messaging_rabbit.amqp_auto_delete = False {{(pid=108060) log_opt_values /opt/stack/data/venv/lib/python3.12/site-packages/oslo_config/cfg.py:3006}}
Mar 31 22:25:46.616355 np0000162002 nova-scheduler[108060]: DEBUG cotyledon.oslo_config_glue [-] oslo_messaging_rabbit.amqp_durable_queues = False {{(pid=108060) log_opt_values /opt/stack/data/venv/lib/python3.12/site-packages/oslo_config/cfg.py:3006}}
Mar 31 22:25:46.616355 np0000162002 nova-scheduler[108060]: DEBUG cotyledon.oslo_config_glue [-] oslo_messaging_rabbit.conn_pool_min_size = 2 {{(pid=108060) log_opt_values /opt/stack/data/venv/lib/python3.12/site-packages/oslo_config/cfg.py:3006}}
Mar 31 22:25:46.616355 np0000162002 nova-scheduler[108060]: DEBUG cotyledon.oslo_config_glue [-] oslo_messaging_rabbit.conn_pool_ttl = 1200 {{(pid=108060) log_opt_values /opt/stack/data/venv/lib/python3.12/site-packages/oslo_config/cfg.py:3006}}
Mar 31 22:25:46.616355 np0000162002 nova-scheduler[108060]: DEBUG cotyledon.oslo_config_glue [-] oslo_messaging_rabbit.direct_mandatory_flag = True {{(pid=108060) log_opt_values /opt/stack/data/venv/lib/python3.12/site-packages/oslo_config/cfg.py:3006}}
Mar 31 22:25:46.616355 np0000162002 nova-scheduler[108060]: DEBUG cotyledon.oslo_config_glue [-] oslo_messaging_rabbit.enable_cancel_on_failover = False {{(pid=108060) log_opt_values /opt/stack/data/venv/lib/python3.12/site-packages/oslo_config/cfg.py:3006}}
Mar 31 22:25:46.616355 np0000162002 nova-scheduler[108060]: DEBUG cotyledon.oslo_config_glue [-] oslo_messaging_rabbit.heartbeat_in_pthread = False {{(pid=108060) log_opt_values /opt/stack/data/venv/lib/python3.12/site-packages/oslo_config/cfg.py:3006}}
Mar 31 22:25:46.616355 np0000162002 nova-scheduler[108060]: DEBUG cotyledon.oslo_config_glue [-] oslo_messaging_rabbit.heartbeat_rate = 3 {{(pid=108060) log_opt_values /opt/stack/data/venv/lib/python3.12/site-packages/oslo_config/cfg.py:3006}}
Mar 31 22:25:46.616355 np0000162002 nova-scheduler[108060]: DEBUG cotyledon.oslo_config_glue [-] oslo_messaging_rabbit.heartbeat_timeout_threshold = 60 {{(pid=108060) log_opt_values /opt/stack/data/venv/lib/python3.12/site-packages/oslo_config/cfg.py:3006}}
Mar 31 22:25:46.616355 np0000162002 nova-scheduler[108060]: DEBUG cotyledon.oslo_config_glue [-] oslo_messaging_rabbit.hostname = np0000162002 {{(pid=108060) log_opt_values /opt/stack/data/venv/lib/python3.12/site-packages/oslo_config/cfg.py:3006}}
Mar 31 22:25:46.616564 np0000162002 nova-scheduler[108060]: DEBUG cotyledon.oslo_config_glue [-] oslo_messaging_rabbit.kombu_compression = None {{(pid=108060) log_opt_values /opt/stack/data/venv/lib/python3.12/site-packages/oslo_config/cfg.py:3006}}
Mar 31 22:25:46.616564 np0000162002 nova-scheduler[108060]: DEBUG cotyledon.oslo_config_glue [-] oslo_messaging_rabbit.kombu_failover_strategy = round-robin {{(pid=108060) log_opt_values /opt/stack/data/venv/lib/python3.12/site-packages/oslo_config/cfg.py:3006}}
Mar 31 22:25:46.616564 np0000162002 nova-scheduler[108060]: DEBUG cotyledon.oslo_config_glue [-] oslo_messaging_rabbit.kombu_missing_consumer_retry_timeout = 60 {{(pid=108060) log_opt_values /opt/stack/data/venv/lib/python3.12/site-packages/oslo_config/cfg.py:3006}}
Mar 31 22:25:46.616564 np0000162002 nova-scheduler[108060]: DEBUG cotyledon.oslo_config_glue [-] oslo_messaging_rabbit.kombu_reconnect_delay = 1.0 {{(pid=108060) log_opt_values /opt/stack/data/venv/lib/python3.12/site-packages/oslo_config/cfg.py:3006}}
Mar 31 22:25:46.616564 np0000162002 nova-scheduler[108060]: DEBUG cotyledon.oslo_config_glue [-] oslo_messaging_rabbit.kombu_reconnect_splay = 0.0 {{(pid=108060) log_opt_values /opt/stack/data/venv/lib/python3.12/site-packages/oslo_config/cfg.py:3006}}
Mar 31 22:25:46.616564 np0000162002 nova-scheduler[108060]: DEBUG cotyledon.oslo_config_glue [-] oslo_messaging_rabbit.processname = nova-scheduler {{(pid=108060) log_opt_values /opt/stack/data/venv/lib/python3.12/site-packages/oslo_config/cfg.py:3006}}
Mar 31 22:25:46.616564 np0000162002 nova-scheduler[108060]: DEBUG cotyledon.oslo_config_glue [-] oslo_messaging_rabbit.rabbit_ha_queues = False {{(pid=108060) log_opt_values /opt/stack/data/venv/lib/python3.12/site-packages/oslo_config/cfg.py:3006}}
Mar 31 22:25:46.616564 np0000162002 nova-scheduler[108060]: DEBUG cotyledon.oslo_config_glue [-] oslo_messaging_rabbit.rabbit_interval_max = 30 {{(pid=108060) log_opt_values /opt/stack/data/venv/lib/python3.12/site-packages/oslo_config/cfg.py:3006}}
Mar 31 22:25:46.616755 np0000162002 nova-scheduler[108060]: DEBUG cotyledon.oslo_config_glue [-] oslo_messaging_rabbit.rabbit_login_method = AMQPLAIN {{(pid=108060) log_opt_values /opt/stack/data/venv/lib/python3.12/site-packages/oslo_config/cfg.py:3006}}
Mar 31 22:25:46.616755 np0000162002 nova-scheduler[108060]: DEBUG cotyledon.oslo_config_glue [-] oslo_messaging_rabbit.rabbit_qos_prefetch_count = 0 {{(pid=108060) log_opt_values /opt/stack/data/venv/lib/python3.12/site-packages/oslo_config/cfg.py:3006}}
Mar 31 22:25:46.616755 np0000162002 nova-scheduler[108060]: DEBUG cotyledon.oslo_config_glue [-] oslo_messaging_rabbit.rabbit_quorum_delivery_limit = 0 {{(pid=108060) log_opt_values /opt/stack/data/venv/lib/python3.12/site-packages/oslo_config/cfg.py:3006}}
Mar 31 22:25:46.616755 np0000162002 nova-scheduler[108060]: DEBUG cotyledon.oslo_config_glue [-] oslo_messaging_rabbit.rabbit_quorum_max_memory_bytes = 0 {{(pid=108060) log_opt_values /opt/stack/data/venv/lib/python3.12/site-packages/oslo_config/cfg.py:3006}}
Mar 31 22:25:46.616755 np0000162002 nova-scheduler[108060]: DEBUG cotyledon.oslo_config_glue [-] oslo_messaging_rabbit.rabbit_quorum_max_memory_length = 0 {{(pid=108060) log_opt_values /opt/stack/data/venv/lib/python3.12/site-packages/oslo_config/cfg.py:3006}}
Mar 31 22:25:46.616755 np0000162002 nova-scheduler[108060]: DEBUG cotyledon.oslo_config_glue [-] oslo_messaging_rabbit.rabbit_quorum_queue = False {{(pid=108060) log_opt_values /opt/stack/data/venv/lib/python3.12/site-packages/oslo_config/cfg.py:3006}}
Mar 31 22:25:46.616755 np0000162002 nova-scheduler[108060]: DEBUG cotyledon.oslo_config_glue [-] oslo_messaging_rabbit.rabbit_retry_backoff = 2 {{(pid=108060) log_opt_values /opt/stack/data/venv/lib/python3.12/site-packages/oslo_config/cfg.py:3006}}
Mar 31 22:25:46.616755 np0000162002 nova-scheduler[108060]: DEBUG cotyledon.oslo_config_glue [-] oslo_messaging_rabbit.rabbit_retry_interval = 1 {{(pid=108060) log_opt_values /opt/stack/data/venv/lib/python3.12/site-packages/oslo_config/cfg.py:3006}}
Mar 31 22:25:46.616952 np0000162002 nova-scheduler[108060]: DEBUG cotyledon.oslo_config_glue [-] oslo_messaging_rabbit.rabbit_stream_fanout = False {{(pid=108060) log_opt_values /opt/stack/data/venv/lib/python3.12/site-packages/oslo_config/cfg.py:3006}}
Mar 31 22:25:46.616952 np0000162002 nova-scheduler[108060]: DEBUG cotyledon.oslo_config_glue [-] oslo_messaging_rabbit.rabbit_transient_queues_ttl = 1800 {{(pid=108060) log_opt_values /opt/stack/data/venv/lib/python3.12/site-packages/oslo_config/cfg.py:3006}}
Mar 31 22:25:46.616952 np0000162002 nova-scheduler[108060]: DEBUG cotyledon.oslo_config_glue [-] oslo_messaging_rabbit.rabbit_transient_quorum_queue = False {{(pid=108060) log_opt_values /opt/stack/data/venv/lib/python3.12/site-packages/oslo_config/cfg.py:3006}}
Mar 31 22:25:46.616952 np0000162002 nova-scheduler[108060]: DEBUG cotyledon.oslo_config_glue [-] oslo_messaging_rabbit.rpc_conn_pool_size = 30 {{(pid=108060) log_opt_values /opt/stack/data/venv/lib/python3.12/site-packages/oslo_config/cfg.py:3006}}
Mar 31 22:25:46.616952 np0000162002 nova-scheduler[108060]: DEBUG cotyledon.oslo_config_glue [-] oslo_messaging_rabbit.ssl = False {{(pid=108060) log_opt_values /opt/stack/data/venv/lib/python3.12/site-packages/oslo_config/cfg.py:3006}}
Mar 31 22:25:46.616952 np0000162002 nova-scheduler[108060]: DEBUG cotyledon.oslo_config_glue [-] oslo_messaging_rabbit.ssl_ca_file = {{(pid=108060) log_opt_values /opt/stack/data/venv/lib/python3.12/site-packages/oslo_config/cfg.py:3006}}
Mar 31 22:25:46.616952 np0000162002 nova-scheduler[108060]: DEBUG cotyledon.oslo_config_glue [-] oslo_messaging_rabbit.ssl_cert_file = {{(pid=108060) log_opt_values /opt/stack/data/venv/lib/python3.12/site-packages/oslo_config/cfg.py:3006}}
Mar 31 22:25:46.616952 np0000162002 nova-scheduler[108060]: DEBUG cotyledon.oslo_config_glue [-] oslo_messaging_rabbit.ssl_enforce_fips_mode = False {{(pid=108060) log_opt_values /opt/stack/data/venv/lib/python3.12/site-packages/oslo_config/cfg.py:3006}}
Mar 31 22:25:46.616952 np0000162002 nova-scheduler[108060]: DEBUG cotyledon.oslo_config_glue [-] oslo_messaging_rabbit.ssl_key_file = {{(pid=108060) log_opt_values /opt/stack/data/venv/lib/python3.12/site-packages/oslo_config/cfg.py:3006}}
Mar 31 22:25:46.617167 np0000162002 nova-scheduler[108060]: DEBUG cotyledon.oslo_config_glue [-] oslo_messaging_rabbit.ssl_version = {{(pid=108060) log_opt_values /opt/stack/data/venv/lib/python3.12/site-packages/oslo_config/cfg.py:3006}}
Mar 31 22:25:46.617167 np0000162002 nova-scheduler[108060]: DEBUG cotyledon.oslo_config_glue [-] oslo_messaging_rabbit.use_queue_manager = False {{(pid=108060) log_opt_values /opt/stack/data/venv/lib/python3.12/site-packages/oslo_config/cfg.py:3006}}
Mar 31 22:25:46.617167 np0000162002 nova-scheduler[108060]: DEBUG cotyledon.oslo_config_glue [-] oslo_messaging_notifications.driver = ['messagingv2'] {{(pid=108060) log_opt_values /opt/stack/data/venv/lib/python3.12/site-packages/oslo_config/cfg.py:3006}}
Mar 31 22:25:46.617167 np0000162002 nova-scheduler[108060]: DEBUG cotyledon.oslo_config_glue [-] oslo_messaging_notifications.retry = -1 {{(pid=108060) log_opt_values /opt/stack/data/venv/lib/python3.12/site-packages/oslo_config/cfg.py:3006}}
Mar 31 22:25:46.617167 np0000162002 nova-scheduler[108060]: DEBUG cotyledon.oslo_config_glue [-] oslo_messaging_notifications.topics = ['notifications'] {{(pid=108060) log_opt_values /opt/stack/data/venv/lib/python3.12/site-packages/oslo_config/cfg.py:3006}}
Mar 31 22:25:46.617167 np0000162002 nova-scheduler[108060]: DEBUG cotyledon.oslo_config_glue [-] oslo_messaging_notifications.transport_url = **** {{(pid=108060) log_opt_values /opt/stack/data/venv/lib/python3.12/site-packages/oslo_config/cfg.py:3006}}
Mar 31 22:25:46.617167 np0000162002 nova-scheduler[108060]: DEBUG cotyledon.oslo_config_glue [-] oslo_limit.auth_section = None {{(pid=108060) log_opt_values /opt/stack/data/venv/lib/python3.12/site-packages/oslo_config/cfg.py:3006}}
Mar 31 22:25:46.617167 np0000162002 nova-scheduler[108060]: DEBUG cotyledon.oslo_config_glue [-] oslo_limit.auth_type = None {{(pid=108060) log_opt_values /opt/stack/data/venv/lib/python3.12/site-packages/oslo_config/cfg.py:3006}}
Mar 31 22:25:46.617167 np0000162002 nova-scheduler[108060]: DEBUG cotyledon.oslo_config_glue [-] oslo_limit.cafile = None {{(pid=108060) log_opt_values /opt/stack/data/venv/lib/python3.12/site-packages/oslo_config/cfg.py:3006}}
Mar 31 22:25:46.617384 np0000162002 nova-scheduler[108060]: DEBUG cotyledon.oslo_config_glue [-] oslo_limit.certfile = None {{(pid=108060) log_opt_values /opt/stack/data/venv/lib/python3.12/site-packages/oslo_config/cfg.py:3006}}
Mar 31 22:25:46.617384 np0000162002 nova-scheduler[108060]: DEBUG cotyledon.oslo_config_glue [-] oslo_limit.collect_timing = False {{(pid=108060) log_opt_values /opt/stack/data/venv/lib/python3.12/site-packages/oslo_config/cfg.py:3006}}
Mar 31 22:25:46.617384 np0000162002 nova-scheduler[108060]: DEBUG cotyledon.oslo_config_glue [-] oslo_limit.connect_retries = None {{(pid=108060) log_opt_values /opt/stack/data/venv/lib/python3.12/site-packages/oslo_config/cfg.py:3006}}
Mar 31 22:25:46.617384 np0000162002 nova-scheduler[108060]: DEBUG cotyledon.oslo_config_glue [-] oslo_limit.connect_retry_delay = None {{(pid=108060) log_opt_values /opt/stack/data/venv/lib/python3.12/site-packages/oslo_config/cfg.py:3006}}
Mar 31 22:25:46.617384 np0000162002 nova-scheduler[108060]: DEBUG cotyledon.oslo_config_glue [-] oslo_limit.endpoint_id = None {{(pid=108060) log_opt_values /opt/stack/data/venv/lib/python3.12/site-packages/oslo_config/cfg.py:3006}}
Mar 31 22:25:46.617384 np0000162002 nova-scheduler[108060]: DEBUG cotyledon.oslo_config_glue [-] oslo_limit.endpoint_interface = public {{(pid=108060) log_opt_values /opt/stack/data/venv/lib/python3.12/site-packages/oslo_config/cfg.py:3006}}
Mar 31 22:25:46.617384 np0000162002 nova-scheduler[108060]: DEBUG cotyledon.oslo_config_glue [-] oslo_limit.endpoint_override = None {{(pid=108060) log_opt_values /opt/stack/data/venv/lib/python3.12/site-packages/oslo_config/cfg.py:3006}}
Mar 31 22:25:46.617384 np0000162002 nova-scheduler[108060]: DEBUG cotyledon.oslo_config_glue [-] oslo_limit.endpoint_region_name = None {{(pid=108060) log_opt_values /opt/stack/data/venv/lib/python3.12/site-packages/oslo_config/cfg.py:3006}}
Mar 31 22:25:46.617384 np0000162002 nova-scheduler[108060]: DEBUG cotyledon.oslo_config_glue [-] oslo_limit.endpoint_service_name = None {{(pid=108060) log_opt_values /opt/stack/data/venv/lib/python3.12/site-packages/oslo_config/cfg.py:3006}}
Mar 31 22:25:46.617591 np0000162002 nova-scheduler[108060]: DEBUG cotyledon.oslo_config_glue [-] oslo_limit.endpoint_service_type = None {{(pid=108060) log_opt_values /opt/stack/data/venv/lib/python3.12/site-packages/oslo_config/cfg.py:3006}}
Mar 31 22:25:46.617591 np0000162002 nova-scheduler[108060]: DEBUG cotyledon.oslo_config_glue [-] oslo_limit.insecure = False {{(pid=108060) log_opt_values /opt/stack/data/venv/lib/python3.12/site-packages/oslo_config/cfg.py:3006}}
Mar 31 22:25:46.617591 np0000162002 nova-scheduler[108060]: DEBUG cotyledon.oslo_config_glue [-] oslo_limit.keyfile = None {{(pid=108060) log_opt_values /opt/stack/data/venv/lib/python3.12/site-packages/oslo_config/cfg.py:3006}}
Mar 31 22:25:46.617591 np0000162002 nova-scheduler[108060]: DEBUG cotyledon.oslo_config_glue [-] oslo_limit.max_version = None {{(pid=108060) log_opt_values /opt/stack/data/venv/lib/python3.12/site-packages/oslo_config/cfg.py:3006}}
Mar 31 22:25:46.617591 np0000162002 nova-scheduler[108060]: DEBUG cotyledon.oslo_config_glue [-] oslo_limit.min_version = None {{(pid=108060) log_opt_values /opt/stack/data/venv/lib/python3.12/site-packages/oslo_config/cfg.py:3006}}
Mar 31 22:25:46.617591 np0000162002 nova-scheduler[108060]: DEBUG cotyledon.oslo_config_glue [-] oslo_limit.region_name = None {{(pid=108060) log_opt_values /opt/stack/data/venv/lib/python3.12/site-packages/oslo_config/cfg.py:3006}}
Mar 31 22:25:46.617591 np0000162002 nova-scheduler[108060]: DEBUG cotyledon.oslo_config_glue [-] oslo_limit.retriable_status_codes = None {{(pid=108060) log_opt_values /opt/stack/data/venv/lib/python3.12/site-packages/oslo_config/cfg.py:3006}}
Mar 31 22:25:46.617591 np0000162002 nova-scheduler[108060]: DEBUG cotyledon.oslo_config_glue [-] oslo_limit.service_name = None {{(pid=108060) log_opt_values /opt/stack/data/venv/lib/python3.12/site-packages/oslo_config/cfg.py:3006}}
Mar 31 22:25:46.617591 np0000162002 nova-scheduler[108060]: DEBUG cotyledon.oslo_config_glue [-] oslo_limit.service_type = None {{(pid=108060) log_opt_values /opt/stack/data/venv/lib/python3.12/site-packages/oslo_config/cfg.py:3006}}
Mar 31 22:25:46.617797 np0000162002 nova-scheduler[108060]: DEBUG cotyledon.oslo_config_glue [-] oslo_limit.split_loggers = False {{(pid=108060) log_opt_values /opt/stack/data/venv/lib/python3.12/site-packages/oslo_config/cfg.py:3006}}
Mar 31 22:25:46.617797 np0000162002 nova-scheduler[108060]: DEBUG cotyledon.oslo_config_glue [-] oslo_limit.status_code_retries = None {{(pid=108060) log_opt_values /opt/stack/data/venv/lib/python3.12/site-packages/oslo_config/cfg.py:3006}}
Mar 31 22:25:46.617797 np0000162002 nova-scheduler[108060]: DEBUG cotyledon.oslo_config_glue [-] oslo_limit.status_code_retry_delay = None {{(pid=108060) log_opt_values /opt/stack/data/venv/lib/python3.12/site-packages/oslo_config/cfg.py:3006}}
Mar 31 22:25:46.617797 np0000162002 nova-scheduler[108060]: DEBUG cotyledon.oslo_config_glue [-] oslo_limit.timeout = None {{(pid=108060) log_opt_values /opt/stack/data/venv/lib/python3.12/site-packages/oslo_config/cfg.py:3006}}
Mar 31 22:25:46.617797 np0000162002 nova-scheduler[108060]: DEBUG cotyledon.oslo_config_glue [-] oslo_limit.valid_interfaces = None {{(pid=108060) log_opt_values /opt/stack/data/venv/lib/python3.12/site-packages/oslo_config/cfg.py:3006}}
Mar 31 22:25:46.617797 np0000162002 nova-scheduler[108060]: DEBUG cotyledon.oslo_config_glue [-] oslo_limit.version = None {{(pid=108060) log_opt_values /opt/stack/data/venv/lib/python3.12/site-packages/oslo_config/cfg.py:3006}}
Mar 31 22:25:46.617797 np0000162002 nova-scheduler[108060]: DEBUG cotyledon.oslo_config_glue [-] oslo_reports.file_event_handler = None {{(pid=108060) log_opt_values /opt/stack/data/venv/lib/python3.12/site-packages/oslo_config/cfg.py:3006}}
Mar 31 22:25:46.617797 np0000162002 nova-scheduler[108060]: DEBUG cotyledon.oslo_config_glue [-] oslo_reports.file_event_handler_interval = 1 {{(pid=108060) log_opt_values /opt/stack/data/venv/lib/python3.12/site-packages/oslo_config/cfg.py:3006}}
Mar 31 22:25:46.617797 np0000162002 nova-scheduler[108060]: DEBUG cotyledon.oslo_config_glue [-] oslo_reports.log_dir = None {{(pid=108060) log_opt_values /opt/stack/data/venv/lib/python3.12/site-packages/oslo_config/cfg.py:3006}}
Mar 31 22:25:46.618113 np0000162002 nova-scheduler[108060]: DEBUG cotyledon.oslo_config_glue [-] ******************************************************************************** {{(pid=108060) log_opt_values /opt/stack/data/venv/lib/python3.12/site-packages/oslo_config/cfg.py:3013}}
Mar 31 22:25:46.618113 np0000162002 nova-scheduler[108060]: DEBUG cotyledon._service_worker [-] Run service ServiceWrapper(3) [108060] {{(pid=108060) wait_forever /opt/stack/data/venv/lib/python3.12/site-packages/cotyledon/_service_worker.py:218}}
Mar 31 22:25:46.618161 np0000162002 nova-scheduler[108042]: DEBUG nova.service [None req-290436a5-8be3-490e-a515-ec255c89d6be None None] Creating RPC server for service: nova-scheduler on topic: scheduler {{(pid=108042) start /opt/stack/nova/nova/service.py:195}}
Mar 31 22:25:46.618193 np0000162002 nova-scheduler[108060]: INFO nova.service [-] Starting scheduler node (version 33.1.0)
Mar 31 22:25:46.618221 np0000162002 nova-scheduler[108053]: DEBUG nova.service [None req-90774f10-cf8e-4b1e-83e7-0d31a65542c5 None None] Creating RPC server for service: nova-scheduler on topic: scheduler {{(pid=108053) start /opt/stack/nova/nova/service.py:195}}
Mar 31 22:25:46.619105 np0000162002 nova-scheduler[108060]: INFO dbcounter [None req-7bc17acb-3e72-4d3b-86c9-4b4b5afbdf05 None None] Registered counter for database nova_cell0
Mar 31 22:25:46.621438 np0000162002 nova-scheduler[108042]: DEBUG nova.service [None req-290436a5-8be3-490e-a515-ec255c89d6be None None] Join ServiceGroup membership for this service scheduler {{(pid=108042) start /opt/stack/nova/nova/service.py:221}}
Mar 31 22:25:46.621644 np0000162002 nova-scheduler[108042]: DEBUG nova.servicegroup.drivers.db [None req-290436a5-8be3-490e-a515-ec255c89d6be None None] DB_Driver: join new ServiceGroup member np0000162002 to the scheduler group, service = {{(pid=108042) join /opt/stack/nova/nova/servicegroup/drivers/db.py:44}}
Mar 31 22:25:46.621867 np0000162002 nova-scheduler[108036]: DEBUG nova.service [None req-9311896a-e376-4724-bbb3-9b3cea5fc1e5 None None] Join ServiceGroup membership for this service scheduler {{(pid=108036) start /opt/stack/nova/nova/service.py:221}}
Mar 31 22:25:46.622420 np0000162002 nova-scheduler[108036]: DEBUG nova.servicegroup.drivers.db [None req-9311896a-e376-4724-bbb3-9b3cea5fc1e5 None None] DB_Driver: join new ServiceGroup member np0000162002 to the scheduler group, service = {{(pid=108036) join /opt/stack/nova/nova/servicegroup/drivers/db.py:44}}
Mar 31 22:25:46.629129 np0000162002 nova-scheduler[108053]: DEBUG nova.service [None req-90774f10-cf8e-4b1e-83e7-0d31a65542c5 None None] Join ServiceGroup membership for this service scheduler {{(pid=108053) start /opt/stack/nova/nova/service.py:221}}
Mar 31 22:25:46.629283 np0000162002 nova-scheduler[108060]: DEBUG oslo_db.sqlalchemy.engines [None req-7bc17acb-3e72-4d3b-86c9-4b4b5afbdf05 None None] MySQL server mode set to STRICT_TRANS_TABLES,STRICT_ALL_TABLES,NO_ZERO_IN_DATE,NO_ZERO_DATE,ERROR_FOR_DIVISION_BY_ZERO,TRADITIONAL,NO_ENGINE_SUBSTITUTION {{(pid=108060) _check_effective_sql_mode /opt/stack/data/venv/lib/python3.12/site-packages/oslo_db/sqlalchemy/engines.py:325}}
Mar 31 22:25:46.629353 np0000162002 nova-scheduler[108053]: DEBUG nova.servicegroup.drivers.db [None req-90774f10-cf8e-4b1e-83e7-0d31a65542c5 None None] DB_Driver: join new ServiceGroup member np0000162002 to the scheduler group, service = {{(pid=108053) join /opt/stack/nova/nova/servicegroup/drivers/db.py:44}}
Mar 31 22:25:46.642143 np0000162002 nova-scheduler[108060]: DEBUG dbcounter [-] [108060] Writer thread running {{(pid=108060) stat_writer /opt/stack/data/venv/lib/python3.12/site-packages/dbcounter.py:102}}
Mar 31 22:25:46.644644 np0000162002 nova-scheduler[108060]: DEBUG nova.service [None req-7bc17acb-3e72-4d3b-86c9-4b4b5afbdf05 None None] Creating RPC server for service: nova-scheduler on topic: scheduler {{(pid=108060) start /opt/stack/nova/nova/service.py:195}}
Mar 31 22:25:46.662900 np0000162002 nova-scheduler[108060]: DEBUG nova.service [None req-7bc17acb-3e72-4d3b-86c9-4b4b5afbdf05 None None] Join ServiceGroup membership for this service scheduler {{(pid=108060) start /opt/stack/nova/nova/service.py:221}}
Mar 31 22:25:46.663094 np0000162002 nova-scheduler[108060]: DEBUG nova.servicegroup.drivers.db [None req-7bc17acb-3e72-4d3b-86c9-4b4b5afbdf05 None None] DB_Driver: join new ServiceGroup member np0000162002 to the scheduler group, service = {{(pid=108060) join /opt/stack/nova/nova/servicegroup/drivers/db.py:44}}
Mar 31 22:25:51.642419 np0000162002 nova-scheduler[108042]: DEBUG oslo.service.backend._threading.loopingcall [-] Fixed interval looping call 'nova.servicegroup.drivers.db.DbDriver._report_state' sleeping for 119.98 seconds {{(pid=108042) _run_loop /opt/stack/data/venv/lib/python3.12/site-packages/oslo_service/backend/_threading/loopingcall.py:125}}
Mar 31 22:25:51.643086 np0000162002 nova-scheduler[108036]: DEBUG oslo.service.backend._threading.loopingcall [-] Fixed interval looping call 'nova.servicegroup.drivers.db.DbDriver._report_state' sleeping for 119.98 seconds {{(pid=108036) _run_loop /opt/stack/data/venv/lib/python3.12/site-packages/oslo_service/backend/_threading/loopingcall.py:125}}
Mar 31 22:25:51.643921 np0000162002 nova-scheduler[108053]: DEBUG oslo.service.backend._threading.loopingcall [-] Fixed interval looping call 'nova.servicegroup.drivers.db.DbDriver._report_state' sleeping for 119.99 seconds {{(pid=108053) _run_loop /opt/stack/data/venv/lib/python3.12/site-packages/oslo_service/backend/_threading/loopingcall.py:125}}
Mar 31 22:25:51.678084 np0000162002 nova-scheduler[108060]: DEBUG oslo.service.backend._threading.loopingcall [-] Fixed interval looping call 'nova.servicegroup.drivers.db.DbDriver._report_state' sleeping for 119.99 seconds {{(pid=108060) _run_loop /opt/stack/data/venv/lib/python3.12/site-packages/oslo_service/backend/_threading/loopingcall.py:125}}
Mar 31 22:25:55.243318 np0000162002 nova-scheduler[107310]: DEBUG dbcounter [-] [107310] Writing DB stats nova_api:SELECT=3 {{(pid=107310) stat_writer /opt/stack/data/venv/lib/python3.12/site-packages/dbcounter.py:115}}
Mar 31 22:25:55.341668 np0000162002 nova-scheduler[107310]: DEBUG dbcounter [-] [107310] Writing DB stats nova_cell0:SELECT=1 {{(pid=107310) stat_writer /opt/stack/data/venv/lib/python3.12/site-packages/dbcounter.py:115}}
Mar 31 22:25:55.346823 np0000162002 nova-scheduler[107310]: DEBUG dbcounter [-] [107310] Writing DB stats nova_cell1:SELECT=1 {{(pid=107310) stat_writer /opt/stack/data/venv/lib/python3.12/site-packages/dbcounter.py:115}}
Mar 31 22:26:00.633070 np0000162002 nova-scheduler[108053]: DEBUG oslo.service.backend._threading.loopingcall [None req-446d4786-dfb6-4667-9318-286b3bd953e4 None None] Dynamic interval looping call 'nova.service.Service.periodic_tasks' sleeping for 60.00 seconds {{(pid=108053) _run_loop /opt/stack/data/venv/lib/python3.12/site-packages/oslo_service/backend/_threading/loopingcall.py:125}}
Mar 31 22:26:01.634997 np0000162002 nova-scheduler[108042]: DEBUG dbcounter [-] [108042] Writing DB stats nova_cell0:SELECT=5,nova_cell0:INSERT=1,nova_cell0:UPDATE=1 {{(pid=108042) stat_writer /opt/stack/data/venv/lib/python3.12/site-packages/dbcounter.py:115}}
Mar 31 22:26:01.635632 np0000162002 nova-scheduler[108036]: DEBUG dbcounter [-] [108036] Writing DB stats nova_cell0:SELECT=4,nova_cell0:INSERT=1,nova_cell0:UPDATE=1 {{(pid=108036) stat_writer /opt/stack/data/venv/lib/python3.12/site-packages/dbcounter.py:115}}
Mar 31 22:26:01.638948 np0000162002 nova-scheduler[108053]: DEBUG dbcounter [-] [108053] Writing DB stats nova_cell0:SELECT=4,nova_cell0:INSERT=1,nova_cell0:UPDATE=1 {{(pid=108053) stat_writer /opt/stack/data/venv/lib/python3.12/site-packages/dbcounter.py:115}}
Mar 31 22:26:01.675078 np0000162002 nova-scheduler[108060]: DEBUG dbcounter [-] [108060] Writing DB stats nova_cell0:SELECT=3 {{(pid=108060) stat_writer /opt/stack/data/venv/lib/python3.12/site-packages/dbcounter.py:115}}
Mar 31 22:26:14.666067 np0000162002 nova-scheduler[108060]: DEBUG oslo.service.backend._threading.loopingcall [None req-98e296df-74dd-4b87-b97c-aa96c956fb8d None None] Dynamic interval looping call 'nova.service.Service.periodic_tasks' sleeping for 60.00 seconds {{(pid=108060) _run_loop /opt/stack/data/venv/lib/python3.12/site-packages/oslo_service/backend/_threading/loopingcall.py:125}}
Mar 31 22:26:42.624966 np0000162002 nova-scheduler[108042]: DEBUG oslo.service.backend._threading.loopingcall [None req-77505e95-ce55-43d7-a030-7fe641a83e85 None None] Dynamic interval looping call 'nova.service.Service.periodic_tasks' sleeping for 60.00 seconds {{(pid=108042) _run_loop /opt/stack/data/venv/lib/python3.12/site-packages/oslo_service/backend/_threading/loopingcall.py:125}}
Mar 31 22:26:42.625692 np0000162002 nova-scheduler[108036]: DEBUG oslo.service.backend._threading.loopingcall [None req-d744aca3-3214-49e0-9d5e-dc8b1ff4d733 None None] Dynamic interval looping call 'nova.service.Service.periodic_tasks' sleeping for 60.00 seconds {{(pid=108036) _run_loop /opt/stack/data/venv/lib/python3.12/site-packages/oslo_service/backend/_threading/loopingcall.py:125}}
Mar 31 22:27:00.633838 np0000162002 nova-scheduler[108053]: DEBUG oslo.service.backend._threading.loopingcall [None req-446d4786-dfb6-4667-9318-286b3bd953e4 None None] Dynamic interval looping call 'nova.service.Service.periodic_tasks' sleeping for 60.00 seconds {{(pid=108053) _run_loop /opt/stack/data/venv/lib/python3.12/site-packages/oslo_service/backend/_threading/loopingcall.py:125}}
Mar 31 22:27:14.667015 np0000162002 nova-scheduler[108060]: DEBUG oslo.service.backend._threading.loopingcall [None req-98e296df-74dd-4b87-b97c-aa96c956fb8d None None] Dynamic interval looping call 'nova.service.Service.periodic_tasks' sleeping for 60.00 seconds {{(pid=108060) _run_loop /opt/stack/data/venv/lib/python3.12/site-packages/oslo_service/backend/_threading/loopingcall.py:125}}
Mar 31 22:27:42.625432 np0000162002 nova-scheduler[108042]: DEBUG oslo.service.backend._threading.loopingcall [None req-77505e95-ce55-43d7-a030-7fe641a83e85 None None] Dynamic interval looping call 'nova.service.Service.periodic_tasks' sleeping for 60.00 seconds {{(pid=108042) _run_loop /opt/stack/data/venv/lib/python3.12/site-packages/oslo_service/backend/_threading/loopingcall.py:125}}
Mar 31 22:27:42.626531 np0000162002 nova-scheduler[108036]: DEBUG oslo.service.backend._threading.loopingcall [None req-d744aca3-3214-49e0-9d5e-dc8b1ff4d733 None None] Dynamic interval looping call 'nova.service.Service.periodic_tasks' sleeping for 60.00 seconds {{(pid=108036) _run_loop /opt/stack/data/venv/lib/python3.12/site-packages/oslo_service/backend/_threading/loopingcall.py:125}}
Mar 31 22:27:51.632983 np0000162002 nova-scheduler[108042]: DEBUG oslo.service.backend._threading.loopingcall [-] Fixed interval looping call 'nova.servicegroup.drivers.db.DbDriver._report_state' sleeping for 119.99 seconds {{(pid=108042) _run_loop /opt/stack/data/venv/lib/python3.12/site-packages/oslo_service/backend/_threading/loopingcall.py:125}}
Mar 31 22:27:51.633488 np0000162002 nova-scheduler[108036]: DEBUG oslo.service.backend._threading.loopingcall [-] Fixed interval looping call 'nova.servicegroup.drivers.db.DbDriver._report_state' sleeping for 119.99 seconds {{(pid=108036) _run_loop /opt/stack/data/venv/lib/python3.12/site-packages/oslo_service/backend/_threading/loopingcall.py:125}}
Mar 31 22:27:51.639168 np0000162002 nova-scheduler[108053]: DEBUG oslo.service.backend._threading.loopingcall [-] Fixed interval looping call 'nova.servicegroup.drivers.db.DbDriver._report_state' sleeping for 120.00 seconds {{(pid=108053) _run_loop /opt/stack/data/venv/lib/python3.12/site-packages/oslo_service/backend/_threading/loopingcall.py:125}}
Mar 31 22:27:51.672051 np0000162002 nova-scheduler[108060]: DEBUG oslo.service.backend._threading.loopingcall [-] Fixed interval looping call 'nova.servicegroup.drivers.db.DbDriver._report_state' sleeping for 120.00 seconds {{(pid=108060) _run_loop /opt/stack/data/venv/lib/python3.12/site-packages/oslo_service/backend/_threading/loopingcall.py:125}}
Mar 31 22:28:00.634313 np0000162002 nova-scheduler[108053]: DEBUG oslo.service.backend._threading.loopingcall [None req-446d4786-dfb6-4667-9318-286b3bd953e4 None None] Dynamic interval looping call 'nova.service.Service.periodic_tasks' sleeping for 60.00 seconds {{(pid=108053) _run_loop /opt/stack/data/venv/lib/python3.12/site-packages/oslo_service/backend/_threading/loopingcall.py:125}}
Mar 31 22:28:01.626960 np0000162002 nova-scheduler[108042]: DEBUG dbcounter [-] [108042] Writing DB stats nova_cell0:SELECT=1,nova_cell0:UPDATE=1 {{(pid=108042) stat_writer /opt/stack/data/venv/lib/python3.12/site-packages/dbcounter.py:115}}
Mar 31 22:28:01.628461 np0000162002 nova-scheduler[108036]: DEBUG dbcounter [-] [108036] Writing DB stats nova_cell0:SELECT=1,nova_cell0:UPDATE=1 {{(pid=108036) stat_writer /opt/stack/data/venv/lib/python3.12/site-packages/dbcounter.py:115}}
Mar 31 22:28:01.637191 np0000162002 nova-scheduler[108053]: DEBUG dbcounter [-] [108053] Writing DB stats nova_cell0:SELECT=1 {{(pid=108053) stat_writer /opt/stack/data/venv/lib/python3.12/site-packages/dbcounter.py:115}}
Mar 31 22:28:01.670513 np0000162002 nova-scheduler[108060]: DEBUG dbcounter [-] [108060] Writing DB stats nova_cell0:SELECT=1 {{(pid=108060) stat_writer /opt/stack/data/venv/lib/python3.12/site-packages/dbcounter.py:115}}
Mar 31 22:28:14.667732 np0000162002 nova-scheduler[108060]: DEBUG oslo.service.backend._threading.loopingcall [None req-98e296df-74dd-4b87-b97c-aa96c956fb8d None None] Dynamic interval looping call 'nova.service.Service.periodic_tasks' sleeping for 60.00 seconds {{(pid=108060) _run_loop /opt/stack/data/venv/lib/python3.12/site-packages/oslo_service/backend/_threading/loopingcall.py:125}}
Mar 31 22:28:42.629824 np0000162002 nova-scheduler[108036]: DEBUG oslo.service.backend._threading.loopingcall [None req-d744aca3-3214-49e0-9d5e-dc8b1ff4d733 None None] Dynamic interval looping call 'nova.service.Service.periodic_tasks' sleeping for 60.00 seconds {{(pid=108036) _run_loop /opt/stack/data/venv/lib/python3.12/site-packages/oslo_service/backend/_threading/loopingcall.py:125}}
Mar 31 22:28:42.631113 np0000162002 nova-scheduler[108042]: DEBUG oslo.service.backend._threading.loopingcall [None req-77505e95-ce55-43d7-a030-7fe641a83e85 None None] Dynamic interval looping call 'nova.service.Service.periodic_tasks' sleeping for 60.00 seconds {{(pid=108042) _run_loop /opt/stack/data/venv/lib/python3.12/site-packages/oslo_service/backend/_threading/loopingcall.py:125}}
Mar 31 22:29:00.635033 np0000162002 nova-scheduler[108053]: DEBUG oslo.service.backend._threading.loopingcall [None req-446d4786-dfb6-4667-9318-286b3bd953e4 None None] Dynamic interval looping call 'nova.service.Service.periodic_tasks' sleeping for 60.00 seconds {{(pid=108053) _run_loop /opt/stack/data/venv/lib/python3.12/site-packages/oslo_service/backend/_threading/loopingcall.py:125}}
Mar 31 22:29:14.668455 np0000162002 nova-scheduler[108060]: DEBUG oslo.service.backend._threading.loopingcall [None req-98e296df-74dd-4b87-b97c-aa96c956fb8d None None] Dynamic interval looping call 'nova.service.Service.periodic_tasks' sleeping for 60.00 seconds {{(pid=108060) _run_loop /opt/stack/data/venv/lib/python3.12/site-packages/oslo_service/backend/_threading/loopingcall.py:125}}
Mar 31 22:29:32.417150 np0000162002 nova-scheduler[108042]: DEBUG nova.scheduler.manager [None req-fe997228-413b-4814-8283-b5b3c06366d4 demo demo] Starting to schedule for instances: ['af351bb1-38f1-44c3-902d-ca69a61f12f9'] {{(pid=108042) select_destinations /opt/stack/nova/nova/scheduler/manager.py:210}}
Mar 31 22:29:32.419063 np0000162002 nova-scheduler[108042]: DEBUG oslo_db.sqlalchemy.engines [None req-fe997228-413b-4814-8283-b5b3c06366d4 demo demo] Parent process 107310 forked (108042) with an open database connection, which is being discarded and recreated. {{(pid=108042) checkout /opt/stack/data/venv/lib/python3.12/site-packages/oslo_db/sqlalchemy/engines.py:402}}
Mar 31 22:29:32.427400 np0000162002 nova-scheduler[108042]: DEBUG dbcounter [-] [108042] Writer thread running {{(pid=108042) stat_writer /opt/stack/data/venv/lib/python3.12/site-packages/dbcounter.py:102}}
Mar 31 22:29:32.430109 np0000162002 nova-scheduler[108042]: DEBUG nova.scheduler.request_filter [None req-fe997228-413b-4814-8283-b5b3c06366d4 demo demo] Request filter 'map_az_to_placement_aggregate' took 0.0 seconds {{(pid=108042) wrapper /opt/stack/nova/nova/scheduler/request_filter.py:46}}
Mar 31 22:29:32.430419 np0000162002 nova-scheduler[108042]: DEBUG nova.scheduler.request_filter [None req-fe997228-413b-4814-8283-b5b3c06366d4 demo demo] compute_status_filter request filter added forbidden trait COMPUTE_STATUS_DISABLED {{(pid=108042) compute_status_filter /opt/stack/nova/nova/scheduler/request_filter.py:253}}
Mar 31 22:29:32.430513 np0000162002 nova-scheduler[108042]: DEBUG nova.scheduler.request_filter [None req-fe997228-413b-4814-8283-b5b3c06366d4 demo demo] Request filter 'compute_status_filter' took 0.0 seconds {{(pid=108042) wrapper /opt/stack/nova/nova/scheduler/request_filter.py:46}}
Mar 31 22:29:32.431393 np0000162002 nova-scheduler[108042]: DEBUG nova.scheduler.request_filter [None req-fe997228-413b-4814-8283-b5b3c06366d4 demo demo] Request filter 'accelerators_filter' took 0.0 seconds {{(pid=108042) wrapper /opt/stack/nova/nova/scheduler/request_filter.py:46}}
Mar 31 22:29:32.431393 np0000162002 nova-scheduler[108042]: DEBUG nova.scheduler.request_filter [None req-fe997228-413b-4814-8283-b5b3c06366d4 demo demo] Request filter 'packed_virtqueue_filter' took 0.0 seconds {{(pid=108042) wrapper /opt/stack/nova/nova/scheduler/request_filter.py:46}}
Mar 31 22:29:32.433620 np0000162002 nova-scheduler[108042]: WARNING neutronclient.v2_0.client [None req-fe997228-413b-4814-8283-b5b3c06366d4 demo demo] The python binding code in neutronclient is deprecated in favor of OpenstackSDK, please use that as this will be removed in a future release.
Mar 31 22:29:32.668137 np0000162002 nova-scheduler[108042]: DEBUG nova.scheduler.request_filter [None req-fe997228-413b-4814-8283-b5b3c06366d4 demo demo] Request filter 'remote_managed_ports_filter' took 0.2 seconds {{(pid=108042) wrapper /opt/stack/nova/nova/scheduler/request_filter.py:46}}
Mar 31 22:29:32.668414 np0000162002 nova-scheduler[108042]: DEBUG nova.scheduler.request_filter [None req-fe997228-413b-4814-8283-b5b3c06366d4 demo demo] ephemeral_encryption_filter skipped {{(pid=108042) ephemeral_encryption_filter /opt/stack/nova/nova/scheduler/request_filter.py:426}}
Mar 31 22:29:32.668701 np0000162002 nova-scheduler[108042]: DEBUG nova.scheduler.request_filter [None req-fe997228-413b-4814-8283-b5b3c06366d4 demo demo] virtio_sound_filter skipped {{(pid=108042) virtio_sound_filter /opt/stack/nova/nova/scheduler/request_filter.py:460}}
Mar 31 22:29:32.669011 np0000162002 nova-scheduler[108042]: DEBUG nova.scheduler.request_filter [None req-fe997228-413b-4814-8283-b5b3c06366d4 demo demo] tpm_secret_security_filter skipped {{(pid=108042) tpm_secret_security_filter /opt/stack/nova/nova/scheduler/request_filter.py:477}}
Mar 31 22:29:32.900360 np0000162002 nova-scheduler[108042]: INFO nova.utils [None req-fe997228-413b-4814-8283-b5b3c06366d4 demo demo] The cell worker thread pool ForkProcess-2.cell_worker is initialized
