+ exec neutron-metadata-agent --config-file /etc/neutron/neutron.conf --config-file /tmp/pod-shared/neutron-agent.ini --config-file /etc/neutron/metadata_agent.ini /var/lib/openstack/lib/python3.10/site-packages/neutron/common/utils.py:54: UserWarning: pkg_resources is deprecated as an API. See https://setuptools.pypa.io/en/latest/pkg_resources.html. The pkg_resources package is slated for removal as early as 2025-11-30. Refrain from using this package or pin to Setuptools<81. import pkg_resources
2026-06-18 15:49:21.649 39 INFO neutron.common.config [-] Logging enabled!
2026-06-18 15:49:21.650 39 INFO neutron.common.config [-] /var/lib/openstack/bin/neutron-metadata-agent version 21.2.2.dev24 /var/lib/openstack/lib/python3.10/site-packages/memcache.py:1303: SyntaxWarning: "is" with a literal. Did you mean "=="? if key is '': /var/lib/openstack/lib/python3.10/site-packages/memcache.py:1304: SyntaxWarning: "is" with a literal. Did you mean "=="? if key_extra_len is 0:
2026-06-18 15:49:21.668 39 INFO oslo_service.service [None req-329e66c0-1b07-4fc4-9fdb-972d28060fe2 - - - - - -] Starting 2 workers
2026-06-18 15:49:21.677 47 INFO eventlet.wsgi.server [-] (47) wsgi starting up on http:/var/lib/neutron/openstack-helm/metadata_proxy
2026-06-18 15:49:21.677 48 INFO eventlet.wsgi.server [-] (48) wsgi starting up on http:/var/lib/neutron/openstack-helm/metadata_proxy
2026-06-18 15:49:52.759 47 INFO eventlet.wsgi.server [-] 169.254.169.254, "GET / HTTP/1.1" status: 404 len: 176 time: 0.1336844
2026-06-18 15:49:53.932 47 INFO eventlet.wsgi.server [-] 169.254.169.254, "GET / HTTP/1.1" status: 404 len: 176 time: 0.0057497
2026-06-18 15:53:02.701 47 INFO eventlet.wsgi.server [-] 169.254.169.254, "GET / HTTP/1.1" status: 404 len: 176 time: 0.0061176
2026-06-18 15:56:12.616 47 INFO eventlet.wsgi.server [-] 169.254.169.254, "GET / HTTP/1.1" status: 404 len: 176 time: 0.0085187
2026-06-18 15:56:42.623 47 INFO eventlet.wsgi.server [-] 169.254.169.254, "GET / HTTP/1.1" status: 404 len: 176 time: 0.0069427
2026-06-18 15:59:22.732 48 INFO eventlet.wsgi.server [-] 169.254.169.254, "GET / HTTP/1.1" status: 404 len: 176 time: 0.0112178
2026-06-18 16:02:32.734 48 INFO eventlet.wsgi.server [-] 169.254.169.254, "GET / HTTP/1.1" status: 404 len: 176 time: 0.1169691
2026-06-18 16:05:42.774 48 INFO eventlet.wsgi.server [-] 169.254.169.254, "GET / HTTP/1.1" status: 404 len: 176 time: 0.0100067
2026-06-18 16:06:42.602 47 INFO eventlet.wsgi.server [-] 169.254.169.254, "GET / HTTP/1.1" status: 404 len: 176 time: 0.0076787
2026-06-18 16:08:52.583 47 INFO eventlet.wsgi.server [-] 169.254.169.254, "GET / HTTP/1.1" status: 404 len: 176 time: 0.0050361
2026-06-18 16:12:02.671 47 INFO eventlet.wsgi.server [-] 169.254.169.254, "GET / HTTP/1.1" status: 404 len: 176 time: 0.0088406
2026-06-18 16:15:12.644 48 INFO eventlet.wsgi.server [-] 169.254.169.254, "GET / HTTP/1.1" status: 404 len: 176 time: 0.0494404
2026-06-18 16:16:42.641 48 INFO eventlet.wsgi.server [-] 169.254.169.254, "GET / HTTP/1.1" status: 404 len: 176 time: 0.0083592
2026-06-18 16:18:22.616 48 INFO eventlet.wsgi.server [-] 169.254.169.254, "GET / HTTP/1.1" status: 404 len: 176 time: 0.0080709
2026-06-18 16:21:32.663 48 INFO eventlet.wsgi.server [-] 169.254.169.254, "GET / HTTP/1.1" status: 404 len: 176 time: 0.0070379
2026-06-18 16:24:42.626 47 INFO eventlet.wsgi.server [-] 169.254.169.254, "GET / HTTP/1.1" status: 404 len: 176 time: 0.0060527
2026-06-18 16:25:18.842 47 INFO eventlet.wsgi.server [-] 10.100.0.7, "GET /2009-04-04/meta-data/instance-id HTTP/1.1" status: 200 len: 146 time: 3.9689462
2026-06-18 16:25:18.877 47 INFO eventlet.wsgi.server [-] 10.100.0.7, "GET /2009-04-04/meta-data/public-keys HTTP/1.1" status: 200 len: 164 time: 0.0262139
2026-06-18 16:25:18.898 47 INFO eventlet.wsgi.server [-] 10.100.0.7, "GET /2009-04-04/meta-data/public-keys/0/openssh-key HTTP/1.1" status: 200 len: 341 time: 0.0161943
2026-06-18 16:25:18.927 47 INFO eventlet.wsgi.server [-] 10.100.0.7, "GET /2009-04-04/meta-data/instance-id HTTP/1.1" status: 200 len: 146 time: 0.0226700
2026-06-18 16:25:18.948 47 INFO eventlet.wsgi.server [-] 10.100.0.7, "GET /2009-04-04/meta-data/ami-launch-index HTTP/1.1" status: 200 len: 136 time: 0.0145686
2026-06-18 16:25:18.965 47 INFO eventlet.wsgi.server [-] 10.100.0.7, "GET /2009-04-04/meta-data/instance-type HTTP/1.1" status: 200 len: 142 time: 0.0109746
2026-06-18 16:25:18.981 47 INFO eventlet.wsgi.server [-] 10.100.0.7, "GET /2009-04-04/meta-data/local-ipv4 HTTP/1.1" status: 200 len: 146 time: 0.0105622
2026-06-18 16:25:19.008 47 INFO eventlet.wsgi.server [-] 10.100.0.7, "GET /2009-04-04/meta-data/public-ipv4 HTTP/1.1" status: 200 len: 149 time: 0.0142527
2026-06-18 16:25:19.025 47 INFO eventlet.wsgi.server [-] 10.100.0.7, "GET /2009-04-04/meta-data/hostname HTTP/1.1" status: 200 len: 200 time: 0.0117550
2026-06-18 16:25:19.052 47 INFO eventlet.wsgi.server [-] 10.100.0.7, "GET /2009-04-04/meta-data/local-hostname HTTP/1.1" status: 200 len: 200 time: 0.0206387
2026-06-18 16:25:19.073 47 INFO eventlet.wsgi.server [-] 10.100.0.7, "GET /2009-04-04/user-data HTTP/1.1" status: 200 len: 231 time: 0.0138659
2026-06-18 16:25:19.093 47 INFO eventlet.wsgi.server [-] 10.100.0.7, "GET /2009-04-04/meta-data/block-device-mapping HTTP/1.1" status: 200 len: 143 time: 0.0118558
2026-06-18 16:25:19.111 47 INFO eventlet.wsgi.server [-] 10.100.0.7, "GET /2009-04-04/meta-data/block-device-mapping/ami HTTP/1.1" status: 200 len: 138 time: 0.0135574
2026-06-18 16:25:19.130 47 INFO eventlet.wsgi.server [-] 10.100.0.7, "GET /2009-04-04/meta-data/block-device-mapping/root HTTP/1.1" status: 200 len: 143 time: 0.0118778
2026-06-18 16:25:19.150 47 INFO eventlet.wsgi.server [-] 10.100.0.7, "GET /2009-04-04/meta-data/public-hostname HTTP/1.1" status: 200 len: 200 time: 0.0122955
2026-06-18 16:25:19.179 48 INFO eventlet.wsgi.server [-] 10.100.0.7, "GET /2009-04-04/meta-data/placement/availability-zone HTTP/1.1" status: 200 len: 139 time: 0.0203741
2026-06-18 16:25:41.465 47 INFO eventlet.wsgi.server [-] 10.100.0.3, "GET /2009-04-04/meta-data/instance-id HTTP/1.1" status: 200 len: 146 time: 1.5207973
2026-06-18 16:25:41.496 47 INFO eventlet.wsgi.server [-] 10.100.0.3, "GET /2009-04-04/meta-data/public-keys HTTP/1.1" status: 200 len: 164 time: 0.0193577
2026-06-18 16:25:41.520 47 INFO eventlet.wsgi.server [-] 10.100.0.3, "GET /2009-04-04/meta-data/public-keys/0/openssh-key HTTP/1.1" status: 200 len: 341 time: 0.0174589
2026-06-18 16:25:41.544 47 INFO eventlet.wsgi.server [-] 10.100.0.3, "GET /2009-04-04/meta-data/instance-id HTTP/1.1" status: 200 len: 146 time: 0.0162864
2026-06-18 16:25:41.570 47 INFO eventlet.wsgi.server [-] 10.100.0.3, "GET /2009-04-04/meta-data/ami-launch-index HTTP/1.1" status: 200 len: 136 time: 0.0198030
2026-06-18 16:25:41.593 47 INFO eventlet.wsgi.server [-] 10.100.0.3, "GET /2009-04-04/meta-data/instance-type HTTP/1.1" status: 200 len: 142 time: 0.0168014
2026-06-18 16:25:41.614 47 INFO eventlet.wsgi.server [-] 10.100.0.3, "GET /2009-04-04/meta-data/local-ipv4 HTTP/1.1" status: 200 len: 146 time: 0.0145175
2026-06-18 16:25:41.636 47 INFO eventlet.wsgi.server [-] 10.100.0.3, "GET /2009-04-04/meta-data/public-ipv4 HTTP/1.1" status: 200 len: 149 time: 0.0156987
2026-06-18 16:25:41.654 47 INFO eventlet.wsgi.server [-] 10.100.0.3, "GET /2009-04-04/meta-data/hostname HTTP/1.1" status: 200 len: 191 time: 0.0121486
2026-06-18 16:25:41.678 47 INFO eventlet.wsgi.server [-] 10.100.0.3, "GET /2009-04-04/meta-data/local-hostname HTTP/1.1" status: 200 len: 191 time: 0.0113089
2026-06-18 16:25:41.699 48 INFO eventlet.wsgi.server [-] 10.100.0.3, "GET /2009-04-04/user-data HTTP/1.1" status: 200 len: 231 time: 0.0139799
2026-06-18 16:25:41.720 48 INFO eventlet.wsgi.server [-] 10.100.0.3, "GET /2009-04-04/meta-data/block-device-mapping HTTP/1.1" status: 200 len: 143 time: 0.0134676
2026-06-18 16:25:41.740 48 INFO eventlet.wsgi.server [-] 10.100.0.3, "GET /2009-04-04/meta-data/block-device-mapping/ami HTTP/1.1" status: 200 len: 138 time: 0.0142953
2026-06-18 16:25:41.756 48 INFO eventlet.wsgi.server [-] 10.100.0.3, "GET /2009-04-04/meta-data/block-device-mapping/root HTTP/1.1" status: 200 len: 143 time: 0.0107915
2026-06-18 16:25:41.772 47 INFO eventlet.wsgi.server [-] 10.100.0.3, "GET /2009-04-04/meta-data/public-hostname HTTP/1.1" status: 200 len: 191 time: 0.0101810
2026-06-18 16:25:41.790 47 INFO eventlet.wsgi.server [-] 10.100.0.3, "GET /2009-04-04/meta-data/placement/availability-zone HTTP/1.1" status: 200 len: 139 time: 0.0128365
2026-06-18 16:26:02.144 47 INFO eventlet.wsgi.server [-] 10.100.0.3, "GET /2009-04-04/meta-data/instance-id HTTP/1.1" status: 200 len: 146 time: 1.4363394
2026-06-18 16:26:02.185 47 INFO eventlet.wsgi.server [-] 10.100.0.3, "GET /2009-04-04/meta-data/public-keys HTTP/1.1" status: 200 len: 164 time: 0.0296025
2026-06-18 16:26:02.205 47 INFO eventlet.wsgi.server [-] 10.100.0.3, "GET /2009-04-04/meta-data/public-keys/0/openssh-key HTTP/1.1" status: 200 len: 341 time: 0.0140564
2026-06-18 16:26:02.225 47 INFO eventlet.wsgi.server [-] 10.100.0.3, "GET /2009-04-04/meta-data/instance-id HTTP/1.1" status: 200 len: 146 time: 0.0145621
2026-06-18 16:26:02.243 47 INFO eventlet.wsgi.server [-] 10.100.0.3, "GET /2009-04-04/meta-data/ami-launch-index HTTP/1.1" status: 200 len: 136 time: 0.0125589
2026-06-18 16:26:02.269 47 INFO eventlet.wsgi.server [-] 10.100.0.3, "GET /2009-04-04/meta-data/instance-type HTTP/1.1" status: 200 len: 142 time: 0.0198228
2026-06-18 16:26:02.306 47 INFO eventlet.wsgi.server [-] 10.100.0.3, "GET /2009-04-04/meta-data/local-ipv4 HTTP/1.1" status: 200 len: 146 time: 0.0327199
2026-06-18 16:26:02.327 48 INFO eventlet.wsgi.server [-] 10.100.0.3, "GET /2009-04-04/meta-data/public-ipv4 HTTP/1.1" status: 200 len: 149 time: 0.0126686
2026-06-18 16:26:02.345 47 INFO eventlet.wsgi.server [-] 10.100.0.3, "GET /2009-04-04/meta-data/hostname HTTP/1.1" status: 200 len: 191 time: 0.0110314
2026-06-18 16:26:02.368 48 INFO eventlet.wsgi.server [-] 10.100.0.3, "GET /2009-04-04/meta-data/local-hostname HTTP/1.1" status: 200 len: 191 time: 0.0145540
2026-06-18 16:26:02.388 47 INFO eventlet.wsgi.server [-] 10.100.0.3, "GET /2009-04-04/user-data HTTP/1.1" status: 200 len: 231 time: 0.0114555
2026-06-18 16:26:02.407 48 INFO eventlet.wsgi.server [-] 10.100.0.3, "GET /2009-04-04/meta-data/block-device-mapping HTTP/1.1" status: 200 len: 143 time: 0.0122011
2026-06-18 16:26:02.423 47 INFO eventlet.wsgi.server [-] 10.100.0.3, "GET /2009-04-04/meta-data/block-device-mapping/ami HTTP/1.1" status: 200 len: 138 time: 0.0116251
2026-06-18 16:26:02.440 48 INFO eventlet.wsgi.server [-] 10.100.0.3, "GET /2009-04-04/meta-data/block-device-mapping/root HTTP/1.1" status: 200 len: 143 time: 0.0113683
2026-06-18 16:26:02.461 47 INFO eventlet.wsgi.server [-] 10.100.0.3, "GET /2009-04-04/meta-data/public-hostname HTTP/1.1" status: 200 len: 191 time: 0.0117285
2026-06-18 16:26:02.477 48 INFO eventlet.wsgi.server [-] 10.100.0.3, "GET /2009-04-04/meta-data/placement/availability-zone HTTP/1.1" status: 200 len: 139 time: 0.0107167
2026-06-18 16:26:42.681 47 INFO eventlet.wsgi.server [-] 169.254.169.254, "GET / HTTP/1.1" status: 404 len: 176 time: 0.0741227
2026-06-18 16:26:55.340 48 INFO eventlet.wsgi.server [-] 10.100.0.8, "GET /latest/meta-data/public-ipv4 HTTP/1.1" status: 200 len: 149 time: 0.2171693
2026-06-18 16:26:55.653 48 INFO eventlet.wsgi.server [-] 10.100.0.8, "POST /openstack/2013-10-17/password HTTP/1.1" status: 200 len: 134 time: 0.2368221
2026-06-18 16:27:52.696 48 INFO eventlet.wsgi.server [-] 169.254.169.254, "GET / HTTP/1.1" status: 404 len: 176 time: 0.0121040
2026-06-18 16:28:34.357 47 INFO eventlet.wsgi.server [-] 10.100.0.6, "GET /2009-04-04/meta-data/instance-id HTTP/1.1" status: 200 len: 146 time: 0.1828396
2026-06-18 16:28:34.396 47 INFO eventlet.wsgi.server [-] 10.100.0.6, "GET /2009-04-04/meta-data/public-keys HTTP/1.1" status: 200 len: 176 time: 0.0257318
2026-06-18 16:28:34.423 47 INFO eventlet.wsgi.server [-] 10.100.0.6, "GET /2009-04-04/meta-data/public-keys/0/openssh-key HTTP/1.1" status: 200 len: 341 time: 0.0204611
2026-06-18 16:28:34.440 47 INFO eventlet.wsgi.server [-] 10.100.0.6, "GET /2009-04-04/meta-data/instance-id HTTP/1.1" status: 200 len: 146 time: 0.0129952
2026-06-18 16:28:34.458 48 INFO eventlet.wsgi.server [-] 10.100.0.6, "GET /2009-04-04/meta-data/ami-launch-index HTTP/1.1" status: 200 len: 136 time: 0.0124967
2026-06-18 16:28:34.473 48 INFO eventlet.wsgi.server [-] 10.100.0.6, "GET /2009-04-04/meta-data/instance-type HTTP/1.1" status: 200 len: 142 time: 0.0106211
2026-06-18 16:28:34.489 48 INFO eventlet.wsgi.server [-] 10.100.0.6, "GET /2009-04-04/meta-data/local-ipv4 HTTP/1.1" status: 200 len: 146 time: 0.0123532
2026-06-18 16:28:34.505 48 INFO eventlet.wsgi.server [-] 10.100.0.6, "GET /2009-04-04/meta-data/public-ipv4 HTTP/1.1" status: 200 len: 149 time: 0.0115535
2026-06-18 16:28:34.526 48 INFO eventlet.wsgi.server [-] 10.100.0.6, "GET /2009-04-04/meta-data/hostname HTTP/1.1" status: 200 len: 191 time: 0.0149801
2026-06-18 16:28:34.549 48 INFO eventlet.wsgi.server [-] 10.100.0.6, "GET /2009-04-04/meta-data/local-hostname HTTP/1.1" status: 200 len: 191 time: 0.0166957
2026-06-18 16:28:34.593 47 INFO neutron.agent.metadata.agent [-] The instance: 3caa0fef-a515-40d2-8529-c3c195e8fd45 is not present anymore, skipping cache...
2026-06-18 16:28:34.675 47 INFO eventlet.wsgi.server [-] 10.100.0.6, "GET /2009-04-04/user-data HTTP/1.1" status: 404 len: 297 time: 0.0957298
2026-06-18 16:28:34.701 47 INFO eventlet.wsgi.server [-] 10.100.0.6, "GET /2009-04-04/meta-data/block-device-mapping HTTP/1.1" status: 200 len: 143 time: 0.0153334
2026-06-18 16:28:34.721 48 INFO eventlet.wsgi.server [-] 10.100.0.6, "GET /2009-04-04/meta-data/block-device-mapping/ami HTTP/1.1" status: 200 len: 138 time: 0.0128040
2026-06-18 16:28:34.742 47 INFO eventlet.wsgi.server [-] 10.100.0.6, "GET /2009-04-04/meta-data/block-device-mapping/root HTTP/1.1" status: 200 len: 143 time: 0.0123634
2026-06-18 16:28:34.759 47 INFO eventlet.wsgi.server [-] 10.100.0.6, "GET /2009-04-04/meta-data/public-hostname HTTP/1.1" status: 200 len: 191 time: 0.0106318
2026-06-18 16:28:34.779 47 INFO eventlet.wsgi.server [-] 10.100.0.6, "GET /2009-04-04/meta-data/placement/availability-zone HTTP/1.1" status: 200 len: 139 time: 0.0136988
2026-06-18 16:28:48.410 47 INFO eventlet.wsgi.server [-] 10.2.1.129, "GET /2009-04-04/meta-data/instance-id HTTP/1.1" status: 200 len: 146 time: 0.4039099
2026-06-18 16:28:48.432 47 INFO eventlet.wsgi.server [-] 10.2.1.129, "GET /2009-04-04/meta-data/public-keys HTTP/1.1" status: 200 len: 174 time: 0.0137341
2026-06-18 16:28:48.451 47 INFO eventlet.wsgi.server [-] 10.2.1.129, "GET /2009-04-04/meta-data/public-keys/0/openssh-key HTTP/1.1" status: 200 len: 341 time: 0.0143926
2026-06-18 16:28:48.470 47 INFO eventlet.wsgi.server [-] 10.2.1.129, "GET /2009-04-04/meta-data/instance-id HTTP/1.1" status: 200 len: 146 time: 0.0140281
2026-06-18 16:28:48.496 48 INFO eventlet.wsgi.server [-] 10.2.1.129, "GET /2009-04-04/meta-data/ami-launch-index HTTP/1.1" status: 200 len: 136 time: 0.0189307
2026-06-18 16:28:48.518 47 INFO eventlet.wsgi.server [-] 10.2.1.129, "GET /2009-04-04/meta-data/instance-type HTTP/1.1" status: 200 len: 142 time: 0.0160522
2026-06-18 16:28:48.545 47 INFO eventlet.wsgi.server [-] 10.2.1.129, "GET /2009-04-04/meta-data/local-ipv4 HTTP/1.1" status: 200 len: 146 time: 0.0185392
2026-06-18 16:28:48.567 48 INFO eventlet.wsgi.server [-] 10.2.1.129, "GET /2009-04-04/meta-data/public-ipv4 HTTP/1.1" status: 200 len: 149 time: 0.0176487
2026-06-18 16:28:48.587 47 INFO eventlet.wsgi.server [-] 10.2.1.129, "GET /2009-04-04/meta-data/hostname HTTP/1.1" status: 200 len: 184 time: 0.0119028
2026-06-18 16:28:48.608 47 INFO eventlet.wsgi.server [-] 10.2.1.129, "GET /2009-04-04/meta-data/local-hostname HTTP/1.1" status: 200 len: 184 time: 0.0132296
2026-06-18 16:28:48.646 47 INFO neutron.agent.metadata.agent [-] The instance: 22ebf2f8-4824-447b-a0a3-b537b7ec959e is not present anymore, skipping cache...
2026-06-18 16:28:48.699 47 INFO eventlet.wsgi.server [-] 10.2.1.129, "GET /2009-04-04/user-data HTTP/1.1" status: 404 len: 297 time: 0.0680733
2026-06-18 16:28:48.725 48 INFO eventlet.wsgi.server [-] 10.2.1.129, "GET /2009-04-04/meta-data/block-device-mapping HTTP/1.1" status: 200 len: 143 time: 0.0131822
2026-06-18 16:28:48.750 48 INFO eventlet.wsgi.server [-] 10.2.1.129, "GET /2009-04-04/meta-data/block-device-mapping/ami HTTP/1.1" status: 200 len: 138 time: 0.0203052
2026-06-18 16:28:48.768 48 INFO eventlet.wsgi.server [-] 10.2.1.129, "GET /2009-04-04/meta-data/block-device-mapping/root HTTP/1.1" status: 200 len: 143 time: 0.0132275
2026-06-18 16:28:48.789 48 INFO eventlet.wsgi.server [-] 10.2.1.129, "GET /2009-04-04/meta-data/public-hostname HTTP/1.1" status: 200 len: 184 time: 0.0136414
2026-06-18 16:28:48.809 48 INFO eventlet.wsgi.server [-] 10.2.1.129, "GET /2009-04-04/meta-data/placement/availability-zone HTTP/1.1" status: 200 len: 139 time: 0.0124834
2026-06-18 16:29:03.018 47 INFO eventlet.wsgi.server [-] 10.2.2.231, "GET /2009-04-04/meta-data/instance-id HTTP/1.1" status: 200 len: 146 time: 0.2002275
2026-06-18 16:29:03.040 47 INFO eventlet.wsgi.server [-] 10.2.2.231, "GET /2009-04-04/meta-data/public-keys HTTP/1.1" status: 200 len: 174 time: 0.0138526
2026-06-18 16:29:03.057 47 INFO eventlet.wsgi.server [-] 10.2.2.231, "GET /2009-04-04/meta-data/public-keys/0/openssh-key HTTP/1.1" status: 200 len: 341 time: 0.0124805
2026-06-18 16:29:03.079 47 INFO eventlet.wsgi.server [-] 10.2.2.231, "GET /2009-04-04/meta-data/instance-id HTTP/1.1" status: 200 len: 146 time: 0.0139434
2026-06-18 16:29:03.097 47 INFO eventlet.wsgi.server [-] 10.2.2.231, "GET /2009-04-04/meta-data/ami-launch-index HTTP/1.1" status: 200 len: 136 time: 0.0112386
2026-06-18 16:29:03.118 47 INFO eventlet.wsgi.server [-] 10.2.2.231, "GET /2009-04-04/meta-data/instance-type HTTP/1.1" status: 200 len: 142 time: 0.0133097
2026-06-18 16:29:03.136 48 INFO eventlet.wsgi.server [-] 10.2.2.231, "GET /2009-04-04/meta-data/local-ipv4 HTTP/1.1" status: 200 len: 146 time: 0.0126841
2026-06-18 16:29:03.157 48 INFO eventlet.wsgi.server [-] 10.2.2.231, "GET /2009-04-04/meta-data/public-ipv4 HTTP/1.1" status: 200 len: 149 time: 0.0120988
2026-06-18 16:29:03.171 48 INFO eventlet.wsgi.server [-] 10.2.2.231, "GET /2009-04-04/meta-data/hostname HTTP/1.1" status: 200 len: 184 time: 0.0090709
2026-06-18 16:29:03.188 48 INFO eventlet.wsgi.server [-] 10.2.2.231, "GET /2009-04-04/meta-data/local-hostname HTTP/1.1" status: 200 len: 184 time: 0.0114741
2026-06-18 16:29:03.230 48 INFO neutron.agent.metadata.agent [-] The instance: 988b6076-5192-41c6-8104-70a4140d032c is not present anymore, skipping cache...
2026-06-18 16:29:03.277 48 INFO eventlet.wsgi.server [-] 10.2.2.231, "GET /2009-04-04/user-data HTTP/1.1" status: 404 len: 297 time: 0.0618281
2026-06-18 16:29:03.302 48 INFO eventlet.wsgi.server [-] 10.2.2.231, "GET /2009-04-04/meta-data/block-device-mapping HTTP/1.1" status: 200 len: 143 time: 0.0133793
2026-06-18 16:29:03.316 47 INFO eventlet.wsgi.server [-] 10.2.2.231, "GET /2009-04-04/meta-data/block-device-mapping/ami HTTP/1.1" status: 200 len: 138 time: 0.0094364
2026-06-18 16:29:03.331 47 INFO eventlet.wsgi.server [-] 10.2.2.231, "GET /2009-04-04/meta-data/block-device-mapping/root HTTP/1.1" status: 200 len: 143 time: 0.0103474
2026-06-18 16:29:03.347 47 INFO eventlet.wsgi.server [-] 10.2.2.231, "GET /2009-04-04/meta-data/public-hostname HTTP/1.1" status: 200 len: 184 time: 0.0092137
2026-06-18 16:29:03.369 47 INFO eventlet.wsgi.server [-] 10.2.2.231, "GET /2009-04-04/meta-data/placement/availability-zone HTTP/1.1" status: 200 len: 139 time: 0.0146775
2026-06-18 16:29:04.968 47 INFO eventlet.wsgi.server [-] 10.100.0.3, "GET /2009-04-04/meta-data/instance-id HTTP/1.1" status: 200 len: 146 time: 0.1877792
2026-06-18 16:29:04.995 48 INFO eventlet.wsgi.server [-] 10.100.0.3, "GET /2009-04-04/meta-data/public-keys HTTP/1.1" status: 200 len: 176 time: 0.0175612
2026-06-18 16:29:05.014 48 INFO eventlet.wsgi.server [-] 10.100.0.3, "GET /2009-04-04/meta-data/public-keys/0/openssh-key HTTP/1.1" status: 200 len: 341 time: 0.0142324
2026-06-18 16:29:05.035 48 INFO eventlet.wsgi.server [-] 10.100.0.3, "GET /2009-04-04/meta-data/instance-id HTTP/1.1" status: 200 len: 146 time: 0.0157218
2026-06-18 16:29:05.053 47 INFO eventlet.wsgi.server [-] 10.100.0.3, "GET /2009-04-04/meta-data/ami-launch-index HTTP/1.1" status: 200 len: 136 time: 0.0119977
2026-06-18 16:29:05.074 47 INFO eventlet.wsgi.server [-] 10.100.0.3, "GET /2009-04-04/meta-data/instance-type HTTP/1.1" status: 200 len: 142 time: 0.0131092
2026-06-18 16:29:05.093 47 INFO eventlet.wsgi.server [-] 10.100.0.3, "GET /2009-04-04/meta-data/local-ipv4 HTTP/1.1" status: 200 len: 146 time: 0.0124376
2026-06-18 16:29:05.115 47 INFO eventlet.wsgi.server [-] 10.100.0.3, "GET /2009-04-04/meta-data/public-ipv4 HTTP/1.1" status: 200 len: 149 time: 0.0139441
2026-06-18 16:29:05.139 48 INFO eventlet.wsgi.server [-] 10.100.0.3, "GET /2009-04-04/meta-data/hostname HTTP/1.1" status: 200 len: 190 time: 0.0163920
2026-06-18 16:29:05.157 48 INFO eventlet.wsgi.server [-] 10.100.0.3, "GET /2009-04-04/meta-data/local-hostname HTTP/1.1" status: 200 len: 190 time: 0.0109556
2026-06-18 16:29:05.176 48 INFO neutron.agent.metadata.agent [-] The instance: 8b86c7c1-347a-4f18-8ee9-b6d9ba6c6267 is not present anymore, skipping cache...
2026-06-18 16:29:05.220 48 INFO eventlet.wsgi.server [-] 10.100.0.3, "GET /2009-04-04/user-data HTTP/1.1" status: 404 len: 297 time: 0.0572531
2026-06-18 16:29:05.244 48 INFO eventlet.wsgi.server [-] 10.100.0.3, "GET /2009-04-04/meta-data/block-device-mapping HTTP/1.1" status: 200 len: 143 time: 0.0134363
2026-06-18 16:29:05.259 48 INFO eventlet.wsgi.server [-] 10.100.0.3, "GET /2009-04-04/meta-data/block-device-mapping/ami HTTP/1.1" status: 200 len: 138 time: 0.0097659
2026-06-18 16:29:05.278 48 INFO eventlet.wsgi.server [-] 10.100.0.3, "GET /2009-04-04/meta-data/block-device-mapping/root HTTP/1.1" status: 200 len: 143 time: 0.0129702
2026-06-18 16:29:05.298 48 INFO eventlet.wsgi.server [-] 10.100.0.3, "GET /2009-04-04/meta-data/public-hostname HTTP/1.1" status: 200 len: 190 time: 0.0144851
2026-06-18 16:29:05.319 48 INFO eventlet.wsgi.server [-] 10.100.0.3, "GET /2009-04-04/meta-data/placement/availability-zone HTTP/1.1" status: 200 len: 139 time: 0.0138969
2026-06-18 16:31:02.649 48 INFO eventlet.wsgi.server [-] 169.254.169.254, "GET / HTTP/1.1" status: 404 len: 176 time: 0.0083911
2026-06-18 16:34:12.752 47 INFO eventlet.wsgi.server [-] 169.254.169.254, "GET / HTTP/1.1" status: 404 len: 176 time: 0.0111418
2026-06-18 16:36:42.773 47 INFO eventlet.wsgi.server [-] 169.254.169.254, "GET / HTTP/1.1" status: 404 len: 176 time: 0.0657077