Jun 18 00:56:57.223050 np0000181712 nova-conductor[114733]: DEBUG cotyledon.oslo_config_glue [-] vnc.server_listen = 127.0.0.1 {{(pid=114733) log_opt_values /opt/stack/data/venv/lib/python3.12/site-packages/oslo_config/cfg.py:3253}}
Jun 18 00:56:57.223050 np0000181712 nova-conductor[114733]: DEBUG cotyledon.oslo_config_glue [-] vnc.server_proxyclient_address = 127.0.0.1 {{(pid=114733) log_opt_values /opt/stack/data/venv/lib/python3.12/site-packages/oslo_config/cfg.py:3253}}
Jun 18 00:56:57.223050 np0000181712 nova-conductor[114733]: DEBUG cotyledon.oslo_config_glue [-] vnc.vencrypt_ca_certs = None {{(pid=114733) log_opt_values /opt/stack/data/venv/lib/python3.12/site-packages/oslo_config/cfg.py:3253}}
Jun 18 00:56:57.223050 np0000181712 nova-conductor[114733]: DEBUG cotyledon.oslo_config_glue [-] vnc.vencrypt_client_cert = None {{(pid=114733) log_opt_values /opt/stack/data/venv/lib/python3.12/site-packages/oslo_config/cfg.py:3253}}
Jun 18 00:56:57.223050 np0000181712 nova-conductor[114733]: DEBUG cotyledon.oslo_config_glue [-] vnc.vencrypt_client_key = None {{(pid=114733) log_opt_values /opt/stack/data/venv/lib/python3.12/site-packages/oslo_config/cfg.py:3253}}
Jun 18 00:56:57.223050 np0000181712 nova-conductor[114733]: DEBUG cotyledon.oslo_config_glue [-] workarounds.disable_compute_service_check_for_ffu = False {{(pid=114733) log_opt_values /opt/stack/data/venv/lib/python3.12/site-packages/oslo_config/cfg.py:3253}}
Jun 18 00:56:57.223050 np0000181712 nova-conductor[114733]: DEBUG cotyledon.oslo_config_glue [-] workarounds.disable_deep_image_inspection = False {{(pid=114733) log_opt_values /opt/stack/data/venv/lib/python3.12/site-packages/oslo_config/cfg.py:3253}}
Jun 18 00:56:57.223050 np0000181712 nova-conductor[114733]: DEBUG cotyledon.oslo_config_glue [-] workarounds.disable_fallback_pcpu_query = False {{(pid=114733) log_opt_values /opt/stack/data/venv/lib/python3.12/site-packages/oslo_config/cfg.py:3253}}
Jun 18 00:56:57.223050 np0000181712 nova-conductor[114733]: DEBUG cotyledon.oslo_config_glue [-] workarounds.disable_group_policy_check_upcall = False {{(pid=114733) log_opt_values /opt/stack/data/venv/lib/python3.12/site-packages/oslo_config/cfg.py:3253}}
Jun 18 00:56:57.223262 np0000181712 nova-conductor[114733]: DEBUG cotyledon.oslo_config_glue [-] workarounds.disable_libvirt_livesnapshot = False {{(pid=114733) log_opt_values /opt/stack/data/venv/lib/python3.12/site-packages/oslo_config/cfg.py:3253}}
Jun 18 00:56:57.223262 np0000181712 nova-conductor[114733]: DEBUG cotyledon.oslo_config_glue [-] workarounds.disable_rootwrap = False {{(pid=114733) log_opt_values /opt/stack/data/venv/lib/python3.12/site-packages/oslo_config/cfg.py:3253}}
Jun 18 00:56:57.223262 np0000181712 nova-conductor[114733]: DEBUG cotyledon.oslo_config_glue [-] workarounds.enable_numa_live_migration = False {{(pid=114733) log_opt_values /opt/stack/data/venv/lib/python3.12/site-packages/oslo_config/cfg.py:3253}}
Jun 18 00:56:57.223262 np0000181712 nova-conductor[114733]: DEBUG cotyledon.oslo_config_glue [-] workarounds.enable_qemu_monitor_announce_self = False {{(pid=114733) log_opt_values /opt/stack/data/venv/lib/python3.12/site-packages/oslo_config/cfg.py:3253}}
Jun 18 00:56:57.223262 np0000181712 nova-conductor[114733]: DEBUG cotyledon.oslo_config_glue [-] workarounds.ensure_libvirt_rbd_instance_dir_cleanup = False {{(pid=114733) log_opt_values /opt/stack/data/venv/lib/python3.12/site-packages/oslo_config/cfg.py:3253}}
Jun 18 00:56:57.223262 np0000181712 nova-conductor[114733]: DEBUG cotyledon.oslo_config_glue [-] workarounds.handle_virt_lifecycle_events = True {{(pid=114733) log_opt_values /opt/stack/data/venv/lib/python3.12/site-packages/oslo_config/cfg.py:3253}}
Jun 18 00:56:57.223262 np0000181712 nova-conductor[114733]: DEBUG cotyledon.oslo_config_glue [-] workarounds.libvirt_disable_apic = False {{(pid=114733) log_opt_values /opt/stack/data/venv/lib/python3.12/site-packages/oslo_config/cfg.py:3253}}
Jun 18 00:56:57.223262 np0000181712 nova-conductor[114733]: DEBUG cotyledon.oslo_config_glue [-] workarounds.never_download_image_if_on_rbd = False {{(pid=114733) log_opt_values /opt/stack/data/venv/lib/python3.12/site-packages/oslo_config/cfg.py:3253}}
Jun 18 00:56:57.223262 np0000181712 nova-conductor[114733]: DEBUG cotyledon.oslo_config_glue [-] workarounds.qemu_monitor_announce_self_count = 3 {{(pid=114733) log_opt_values /opt/stack/data/venv/lib/python3.12/site-packages/oslo_config/cfg.py:3253}}
Jun 18 00:56:57.223484 np0000181712 nova-conductor[114733]: DEBUG cotyledon.oslo_config_glue [-] workarounds.qemu_monitor_announce_self_interval = 1 {{(pid=114733) log_opt_values /opt/stack/data/venv/lib/python3.12/site-packages/oslo_config/cfg.py:3253}}
Jun 18 00:56:57.223484 np0000181712 nova-conductor[114733]: DEBUG cotyledon.oslo_config_glue [-] workarounds.reserve_disk_resource_for_image_cache = False {{(pid=114733) log_opt_values /opt/stack/data/venv/lib/python3.12/site-packages/oslo_config/cfg.py:3253}}
Jun 18 00:56:57.223484 np0000181712 nova-conductor[114733]: DEBUG cotyledon.oslo_config_glue [-] workarounds.skip_cpu_compare_at_startup = False {{(pid=114733) log_opt_values /opt/stack/data/venv/lib/python3.12/site-packages/oslo_config/cfg.py:3253}}
Jun 18 00:56:57.223484 np0000181712 nova-conductor[114733]: DEBUG cotyledon.oslo_config_glue [-] workarounds.skip_cpu_compare_on_dest = False {{(pid=114733) log_opt_values /opt/stack/data/venv/lib/python3.12/site-packages/oslo_config/cfg.py:3253}}
Jun 18 00:56:57.223484 np0000181712 nova-conductor[114733]: DEBUG cotyledon.oslo_config_glue [-] workarounds.skip_hypervisor_version_check_on_lm = False {{(pid=114733) log_opt_values /opt/stack/data/venv/lib/python3.12/site-packages/oslo_config/cfg.py:3253}}
Jun 18 00:56:57.223484 np0000181712 nova-conductor[114733]: DEBUG cotyledon.oslo_config_glue [-] workarounds.skip_reserve_in_use_ironic_nodes = False {{(pid=114733) log_opt_values /opt/stack/data/venv/lib/python3.12/site-packages/oslo_config/cfg.py:3253}}
Jun 18 00:56:57.223484 np0000181712 nova-conductor[114733]: DEBUG cotyledon.oslo_config_glue [-] workarounds.unified_limits_count_pcpu_as_vcpu = False {{(pid=114733) log_opt_values /opt/stack/data/venv/lib/python3.12/site-packages/oslo_config/cfg.py:3253}}
Jun 18 00:56:57.223484 np0000181712 nova-conductor[114733]: DEBUG cotyledon.oslo_config_glue [-] workarounds.wait_for_vif_plugged_event_during_hard_reboot = [] {{(pid=114733) log_opt_values /opt/stack/data/venv/lib/python3.12/site-packages/oslo_config/cfg.py:3253}}
Jun 18 00:56:57.223681 np0000181712 nova-conductor[114733]: DEBUG cotyledon.oslo_config_glue [-] wsgi.api_paste_config = /etc/nova/api-paste.ini {{(pid=114733) log_opt_values /opt/stack/data/venv/lib/python3.12/site-packages/oslo_config/cfg.py:3253}}
Jun 18 00:56:57.223681 np0000181712 nova-conductor[114733]: DEBUG cotyledon.oslo_config_glue [-] wsgi.secure_proxy_ssl_header = None {{(pid=114733) log_opt_values /opt/stack/data/venv/lib/python3.12/site-packages/oslo_config/cfg.py:3253}}
Jun 18 00:56:57.223681 np0000181712 nova-conductor[114733]: DEBUG cotyledon.oslo_config_glue [-] zvm.ca_file = None {{(pid=114733) log_opt_values /opt/stack/data/venv/lib/python3.12/site-packages/oslo_config/cfg.py:3253}}
Jun 18 00:56:57.223681 np0000181712 nova-conductor[114733]: DEBUG cotyledon.oslo_config_glue [-] zvm.cloud_connector_url = None {{(pid=114733) log_opt_values /opt/stack/data/venv/lib/python3.12/site-packages/oslo_config/cfg.py:3253}}
Jun 18 00:56:57.223681 np0000181712 nova-conductor[114733]: DEBUG cotyledon.oslo_config_glue [-] zvm.image_tmp_path = /opt/stack/data/nova/images {{(pid=114733) log_opt_values /opt/stack/data/venv/lib/python3.12/site-packages/oslo_config/cfg.py:3253}}
Jun 18 00:56:57.223681 np0000181712 nova-conductor[114733]: DEBUG cotyledon.oslo_config_glue [-] zvm.reachable_timeout = 300 {{(pid=114733) log_opt_values /opt/stack/data/venv/lib/python3.12/site-packages/oslo_config/cfg.py:3253}}
Jun 18 00:56:57.223681 np0000181712 nova-conductor[114733]: DEBUG cotyledon.oslo_config_glue [-] oslo_versionedobjects.fatal_exception_format_errors = False {{(pid=114733) log_opt_values /opt/stack/data/venv/lib/python3.12/site-packages/oslo_config/cfg.py:3253}}
Jun 18 00:56:57.223681 np0000181712 nova-conductor[114733]: DEBUG cotyledon.oslo_config_glue [-] oslo_middleware.http_basic_auth_user_file = /etc/htpasswd {{(pid=114733) log_opt_values /opt/stack/data/venv/lib/python3.12/site-packages/oslo_config/cfg.py:3253}}
Jun 18 00:56:57.223681 np0000181712 nova-conductor[114733]: DEBUG cotyledon.oslo_config_glue [-] profiler.connection_string = messaging:// {{(pid=114733) log_opt_values /opt/stack/data/venv/lib/python3.12/site-packages/oslo_config/cfg.py:3253}}
Jun 18 00:56:57.223893 np0000181712 nova-conductor[114733]: DEBUG cotyledon.oslo_config_glue [-] profiler.enabled = False {{(pid=114733) log_opt_values /opt/stack/data/venv/lib/python3.12/site-packages/oslo_config/cfg.py:3253}}
Jun 18 00:56:57.223893 np0000181712 nova-conductor[114733]: DEBUG cotyledon.oslo_config_glue [-] profiler.es_doc_type = notification {{(pid=114733) log_opt_values /opt/stack/data/venv/lib/python3.12/site-packages/oslo_config/cfg.py:3253}}
Jun 18 00:56:57.223893 np0000181712 nova-conductor[114733]: DEBUG cotyledon.oslo_config_glue [-] profiler.es_scroll_size = 10000 {{(pid=114733) log_opt_values /opt/stack/data/venv/lib/python3.12/site-packages/oslo_config/cfg.py:3253}}
Jun 18 00:56:57.223893 np0000181712 nova-conductor[114733]: DEBUG cotyledon.oslo_config_glue [-] profiler.es_scroll_time = 2m {{(pid=114733) log_opt_values /opt/stack/data/venv/lib/python3.12/site-packages/oslo_config/cfg.py:3253}}
Jun 18 00:56:57.223893 np0000181712 nova-conductor[114733]: DEBUG cotyledon.oslo_config_glue [-] profiler.filter_error_trace = False {{(pid=114733) log_opt_values /opt/stack/data/venv/lib/python3.12/site-packages/oslo_config/cfg.py:3253}}
Jun 18 00:56:57.223893 np0000181712 nova-conductor[114733]: DEBUG cotyledon.oslo_config_glue [-] profiler.hmac_keys = **** {{(pid=114733) log_opt_values /opt/stack/data/venv/lib/python3.12/site-packages/oslo_config/cfg.py:3253}}
Jun 18 00:56:57.223893 np0000181712 nova-conductor[114733]: DEBUG cotyledon.oslo_config_glue [-] profiler.sentinel_service_name = mymaster {{(pid=114733) log_opt_values /opt/stack/data/venv/lib/python3.12/site-packages/oslo_config/cfg.py:3253}}
Jun 18 00:56:57.223893 np0000181712 nova-conductor[114733]: DEBUG cotyledon.oslo_config_glue [-] profiler.socket_timeout = 0.1 {{(pid=114733) log_opt_values /opt/stack/data/venv/lib/python3.12/site-packages/oslo_config/cfg.py:3253}}
Jun 18 00:56:57.223893 np0000181712 nova-conductor[114733]: DEBUG cotyledon.oslo_config_glue [-] profiler.trace_requests = False {{(pid=114733) log_opt_values /opt/stack/data/venv/lib/python3.12/site-packages/oslo_config/cfg.py:3253}}
Jun 18 00:56:57.224398 np0000181712 nova-conductor[114733]: DEBUG cotyledon.oslo_config_glue [-] profiler.trace_sqlalchemy = False {{(pid=114733) log_opt_values /opt/stack/data/venv/lib/python3.12/site-packages/oslo_config/cfg.py:3253}}
Jun 18 00:56:57.224398 np0000181712 nova-conductor[114733]: DEBUG cotyledon.oslo_config_glue [-] profiler_jaeger.process_tags = {} {{(pid=114733) log_opt_values /opt/stack/data/venv/lib/python3.12/site-packages/oslo_config/cfg.py:3253}}
Jun 18 00:56:57.224398 np0000181712 nova-conductor[114733]: DEBUG cotyledon.oslo_config_glue [-] profiler_jaeger.service_name_prefix = None {{(pid=114733) log_opt_values /opt/stack/data/venv/lib/python3.12/site-packages/oslo_config/cfg.py:3253}}
Jun 18 00:56:57.224398 np0000181712 nova-conductor[114733]: DEBUG cotyledon.oslo_config_glue [-] profiler_otlp.service_name_prefix = None {{(pid=114733) log_opt_values /opt/stack/data/venv/lib/python3.12/site-packages/oslo_config/cfg.py:3253}}
Jun 18 00:56:57.224398 np0000181712 nova-conductor[114733]: DEBUG cotyledon.oslo_config_glue [-] oslo_messaging_rabbit.amqp_auto_delete = False {{(pid=114733) log_opt_values /opt/stack/data/venv/lib/python3.12/site-packages/oslo_config/cfg.py:3253}}
Jun 18 00:56:57.224398 np0000181712 nova-conductor[114733]: DEBUG cotyledon.oslo_config_glue [-] oslo_messaging_rabbit.amqp_durable_queues = False {{(pid=114733) log_opt_values /opt/stack/data/venv/lib/python3.12/site-packages/oslo_config/cfg.py:3253}}
Jun 18 00:56:57.224398 np0000181712 nova-conductor[114733]: DEBUG cotyledon.oslo_config_glue [-] oslo_messaging_rabbit.conn_pool_min_size = 2 {{(pid=114733) log_opt_values /opt/stack/data/venv/lib/python3.12/site-packages/oslo_config/cfg.py:3253}}
Jun 18 00:56:57.224398 np0000181712 nova-conductor[114733]: DEBUG cotyledon.oslo_config_glue [-] oslo_messaging_rabbit.conn_pool_ttl = 1200 {{(pid=114733) log_opt_values /opt/stack/data/venv/lib/python3.12/site-packages/oslo_config/cfg.py:3253}}
Jun 18 00:56:57.224398 np0000181712 nova-conductor[114733]: DEBUG cotyledon.oslo_config_glue [-] oslo_messaging_rabbit.direct_mandatory_flag = True {{(pid=114733) log_opt_values /opt/stack/data/venv/lib/python3.12/site-packages/oslo_config/cfg.py:3253}}
Jun 18 00:56:57.224625 np0000181712 nova-conductor[114733]: DEBUG cotyledon.oslo_config_glue [-] oslo_messaging_rabbit.enable_cancel_on_failover = False {{(pid=114733) log_opt_values /opt/stack/data/venv/lib/python3.12/site-packages/oslo_config/cfg.py:3253}}
Jun 18 00:56:57.224625 np0000181712 nova-conductor[114733]: DEBUG cotyledon.oslo_config_glue [-] oslo_messaging_rabbit.heartbeat_rate = 3 {{(pid=114733) log_opt_values /opt/stack/data/venv/lib/python3.12/site-packages/oslo_config/cfg.py:3253}}
Jun 18 00:56:57.224625 np0000181712 nova-conductor[114733]: DEBUG cotyledon.oslo_config_glue [-] oslo_messaging_rabbit.heartbeat_timeout_threshold = 60 {{(pid=114733) log_opt_values /opt/stack/data/venv/lib/python3.12/site-packages/oslo_config/cfg.py:3253}}
Jun 18 00:56:57.224625 np0000181712 nova-conductor[114733]: DEBUG cotyledon.oslo_config_glue [-] oslo_messaging_rabbit.hostname = np0000181712 {{(pid=114733) log_opt_values /opt/stack/data/venv/lib/python3.12/site-packages/oslo_config/cfg.py:3253}}
Jun 18 00:56:57.224625 np0000181712 nova-conductor[114733]: DEBUG cotyledon.oslo_config_glue [-] oslo_messaging_rabbit.kombu_compression = None {{(pid=114733) log_opt_values /opt/stack/data/venv/lib/python3.12/site-packages/oslo_config/cfg.py:3253}}
Jun 18 00:56:57.224625 np0000181712 nova-conductor[114733]: DEBUG cotyledon.oslo_config_glue [-] oslo_messaging_rabbit.kombu_failover_strategy = round-robin {{(pid=114733) log_opt_values /opt/stack/data/venv/lib/python3.12/site-packages/oslo_config/cfg.py:3253}}
Jun 18 00:56:57.224625 np0000181712 nova-conductor[114733]: DEBUG cotyledon.oslo_config_glue [-] oslo_messaging_rabbit.kombu_missing_consumer_retry_timeout = 60 {{(pid=114733) log_opt_values /opt/stack/data/venv/lib/python3.12/site-packages/oslo_config/cfg.py:3253}}
Jun 18 00:56:57.224625 np0000181712 nova-conductor[114733]: DEBUG cotyledon.oslo_config_glue [-] oslo_messaging_rabbit.kombu_reconnect_delay = 1.0 {{(pid=114733) log_opt_values /opt/stack/data/venv/lib/python3.12/site-packages/oslo_config/cfg.py:3253}}
Jun 18 00:56:57.224803 np0000181712 nova-conductor[114733]: DEBUG cotyledon.oslo_config_glue [-] oslo_messaging_rabbit.kombu_reconnect_splay = 0.0 {{(pid=114733) log_opt_values /opt/stack/data/venv/lib/python3.12/site-packages/oslo_config/cfg.py:3253}}
Jun 18 00:56:57.224803 np0000181712 nova-conductor[114733]: DEBUG cotyledon.oslo_config_glue [-] oslo_messaging_rabbit.processname = nova-conductor {{(pid=114733) log_opt_values /opt/stack/data/venv/lib/python3.12/site-packages/oslo_config/cfg.py:3253}}
Jun 18 00:56:57.224803 np0000181712 nova-conductor[114733]: DEBUG cotyledon.oslo_config_glue [-] oslo_messaging_rabbit.rabbit_ha_queues = False {{(pid=114733) log_opt_values /opt/stack/data/venv/lib/python3.12/site-packages/oslo_config/cfg.py:3253}}
Jun 18 00:56:57.224803 np0000181712 nova-conductor[114733]: DEBUG cotyledon.oslo_config_glue [-] oslo_messaging_rabbit.rabbit_interval_max = 30 {{(pid=114733) log_opt_values /opt/stack/data/venv/lib/python3.12/site-packages/oslo_config/cfg.py:3253}}
Jun 18 00:56:57.224803 np0000181712 nova-conductor[114733]: DEBUG cotyledon.oslo_config_glue [-] oslo_messaging_rabbit.rabbit_login_method = AMQPLAIN {{(pid=114733) log_opt_values /opt/stack/data/venv/lib/python3.12/site-packages/oslo_config/cfg.py:3253}}
Jun 18 00:56:57.224803 np0000181712 nova-conductor[114733]: DEBUG cotyledon.oslo_config_glue [-] oslo_messaging_rabbit.rabbit_qos_prefetch_count = 0 {{(pid=114733) log_opt_values /opt/stack/data/venv/lib/python3.12/site-packages/oslo_config/cfg.py:3253}}
Jun 18 00:56:57.224803 np0000181712 nova-conductor[114733]: DEBUG cotyledon.oslo_config_glue [-] oslo_messaging_rabbit.rabbit_quorum_delivery_limit = 0 {{(pid=114733) log_opt_values /opt/stack/data/venv/lib/python3.12/site-packages/oslo_config/cfg.py:3253}}
Jun 18 00:56:57.224803 np0000181712 nova-conductor[114733]: DEBUG cotyledon.oslo_config_glue [-] oslo_messaging_rabbit.rabbit_quorum_max_memory_bytes = 0 {{(pid=114733) log_opt_values /opt/stack/data/venv/lib/python3.12/site-packages/oslo_config/cfg.py:3253}}
Jun 18 00:56:57.224992 np0000181712 nova-conductor[114733]: DEBUG cotyledon.oslo_config_glue [-] oslo_messaging_rabbit.rabbit_quorum_max_memory_length = 0 {{(pid=114733) log_opt_values /opt/stack/data/venv/lib/python3.12/site-packages/oslo_config/cfg.py:3253}}
Jun 18 00:56:57.224992 np0000181712 nova-conductor[114733]: DEBUG cotyledon.oslo_config_glue [-] oslo_messaging_rabbit.rabbit_quorum_queue = False {{(pid=114733) log_opt_values /opt/stack/data/venv/lib/python3.12/site-packages/oslo_config/cfg.py:3253}}
Jun 18 00:56:57.224992 np0000181712 nova-conductor[114733]: DEBUG cotyledon.oslo_config_glue [-] oslo_messaging_rabbit.rabbit_retry_backoff = 2 {{(pid=114733) log_opt_values /opt/stack/data/venv/lib/python3.12/site-packages/oslo_config/cfg.py:3253}}
Jun 18 00:56:57.224992 np0000181712 nova-conductor[114733]: DEBUG cotyledon.oslo_config_glue [-] oslo_messaging_rabbit.rabbit_retry_interval = 1 {{(pid=114733) log_opt_values /opt/stack/data/venv/lib/python3.12/site-packages/oslo_config/cfg.py:3253}}
Jun 18 00:56:57.224992 np0000181712 nova-conductor[114733]: DEBUG cotyledon.oslo_config_glue [-] oslo_messaging_rabbit.rabbit_stream_fanout = False {{(pid=114733) log_opt_values /opt/stack/data/venv/lib/python3.12/site-packages/oslo_config/cfg.py:3253}}
Jun 18 00:56:57.224992 np0000181712 nova-conductor[114733]: DEBUG cotyledon.oslo_config_glue [-] oslo_messaging_rabbit.rabbit_transient_queues_ttl = 1800 {{(pid=114733) log_opt_values /opt/stack/data/venv/lib/python3.12/site-packages/oslo_config/cfg.py:3253}}
Jun 18 00:56:57.224992 np0000181712 nova-conductor[114733]: DEBUG cotyledon.oslo_config_glue [-] oslo_messaging_rabbit.rabbit_transient_quorum_queue = False {{(pid=114733) log_opt_values /opt/stack/data/venv/lib/python3.12/site-packages/oslo_config/cfg.py:3253}}
Jun 18 00:56:57.224992 np0000181712 nova-conductor[114733]: DEBUG cotyledon.oslo_config_glue [-] oslo_messaging_rabbit.rpc_conn_pool_size = 30 {{(pid=114733) log_opt_values /opt/stack/data/venv/lib/python3.12/site-packages/oslo_config/cfg.py:3253}}
Jun 18 00:56:57.224992 np0000181712 nova-conductor[114733]: DEBUG cotyledon.oslo_config_glue [-] oslo_messaging_rabbit.ssl = False {{(pid=114733) log_opt_values /opt/stack/data/venv/lib/python3.12/site-packages/oslo_config/cfg.py:3253}}
Jun 18 00:56:57.225199 np0000181712 nova-conductor[114733]: DEBUG cotyledon.oslo_config_glue [-] oslo_messaging_rabbit.ssl_ca_file = {{(pid=114733) log_opt_values /opt/stack/data/venv/lib/python3.12/site-packages/oslo_config/cfg.py:3253}}
Jun 18 00:56:57.225199 np0000181712 nova-conductor[114733]: DEBUG cotyledon.oslo_config_glue [-] oslo_messaging_rabbit.ssl_cert_file = {{(pid=114733) log_opt_values /opt/stack/data/venv/lib/python3.12/site-packages/oslo_config/cfg.py:3253}}
Jun 18 00:56:57.225199 np0000181712 nova-conductor[114733]: DEBUG cotyledon.oslo_config_glue [-] oslo_messaging_rabbit.ssl_enforce_fips_mode = False {{(pid=114733) log_opt_values /opt/stack/data/venv/lib/python3.12/site-packages/oslo_config/cfg.py:3253}}
Jun 18 00:56:57.225199 np0000181712 nova-conductor[114733]: DEBUG cotyledon.oslo_config_glue [-] oslo_messaging_rabbit.ssl_enforce_hostname_verification = True {{(pid=114733) log_opt_values /opt/stack/data/venv/lib/python3.12/site-packages/oslo_config/cfg.py:3253}}
Jun 18 00:56:57.225199 np0000181712 nova-conductor[114733]: DEBUG cotyledon.oslo_config_glue [-] oslo_messaging_rabbit.ssl_key_file = {{(pid=114733) log_opt_values /opt/stack/data/venv/lib/python3.12/site-packages/oslo_config/cfg.py:3253}}
Jun 18 00:56:57.225199 np0000181712 nova-conductor[114733]: DEBUG cotyledon.oslo_config_glue [-] oslo_messaging_rabbit.ssl_version = {{(pid=114733) log_opt_values /opt/stack/data/venv/lib/python3.12/site-packages/oslo_config/cfg.py:3253}}
Jun 18 00:56:57.225199 np0000181712 nova-conductor[114733]: DEBUG cotyledon.oslo_config_glue [-] oslo_messaging_rabbit.use_queue_manager = False {{(pid=114733) log_opt_values /opt/stack/data/venv/lib/python3.12/site-packages/oslo_config/cfg.py:3253}}
Jun 18 00:56:57.225199 np0000181712 nova-conductor[114733]: DEBUG cotyledon.oslo_config_glue [-] oslo_messaging_notifications.driver = ['messagingv2'] {{(pid=114733) log_opt_values /opt/stack/data/venv/lib/python3.12/site-packages/oslo_config/cfg.py:3253}}
Jun 18 00:56:57.225199 np0000181712 nova-conductor[114733]: DEBUG cotyledon.oslo_config_glue [-] oslo_messaging_notifications.retry = -1 {{(pid=114733) log_opt_values /opt/stack/data/venv/lib/python3.12/site-packages/oslo_config/cfg.py:3253}}
Jun 18 00:56:57.225402 np0000181712 nova-conductor[114733]: DEBUG cotyledon.oslo_config_glue [-] oslo_messaging_notifications.topics = ['notifications'] {{(pid=114733) log_opt_values /opt/stack/data/venv/lib/python3.12/site-packages/oslo_config/cfg.py:3253}}
Jun 18 00:56:57.225402 np0000181712 nova-conductor[114733]: DEBUG cotyledon.oslo_config_glue [-] oslo_messaging_notifications.transport_url = **** {{(pid=114733) log_opt_values /opt/stack/data/venv/lib/python3.12/site-packages/oslo_config/cfg.py:3253}}
Jun 18 00:56:57.225402 np0000181712 nova-conductor[114733]: DEBUG cotyledon.oslo_config_glue [-] oslo_limit.auth_section = None {{(pid=114733) log_opt_values /opt/stack/data/venv/lib/python3.12/site-packages/oslo_config/cfg.py:3253}}
Jun 18 00:56:57.225402 np0000181712 nova-conductor[114733]: DEBUG cotyledon.oslo_config_glue [-] oslo_limit.auth_type = None {{(pid=114733) log_opt_values /opt/stack/data/venv/lib/python3.12/site-packages/oslo_config/cfg.py:3253}}
Jun 18 00:56:57.225402 np0000181712 nova-conductor[114733]: DEBUG cotyledon.oslo_config_glue [-] oslo_limit.cafile = None {{(pid=114733) log_opt_values /opt/stack/data/venv/lib/python3.12/site-packages/oslo_config/cfg.py:3253}}
Jun 18 00:56:57.225402 np0000181712 nova-conductor[114733]: DEBUG cotyledon.oslo_config_glue [-] oslo_limit.certfile = None {{(pid=114733) log_opt_values /opt/stack/data/venv/lib/python3.12/site-packages/oslo_config/cfg.py:3253}}
Jun 18 00:56:57.225402 np0000181712 nova-conductor[114733]: DEBUG cotyledon.oslo_config_glue [-] oslo_limit.collect_timing = False {{(pid=114733) log_opt_values /opt/stack/data/venv/lib/python3.12/site-packages/oslo_config/cfg.py:3253}}
Jun 18 00:56:57.225402 np0000181712 nova-conductor[114733]: DEBUG cotyledon.oslo_config_glue [-] oslo_limit.connect_retries = None {{(pid=114733) log_opt_values /opt/stack/data/venv/lib/python3.12/site-packages/oslo_config/cfg.py:3253}}
Jun 18 00:56:57.225402 np0000181712 nova-conductor[114733]: DEBUG cotyledon.oslo_config_glue [-] oslo_limit.connect_retry_delay = None {{(pid=114733) log_opt_values /opt/stack/data/venv/lib/python3.12/site-packages/oslo_config/cfg.py:3253}}
Jun 18 00:56:57.225628 np0000181712 nova-conductor[114733]: DEBUG cotyledon.oslo_config_glue [-] oslo_limit.endpoint_id = None {{(pid=114733) log_opt_values /opt/stack/data/venv/lib/python3.12/site-packages/oslo_config/cfg.py:3253}}
Jun 18 00:56:57.225628 np0000181712 nova-conductor[114733]: DEBUG cotyledon.oslo_config_glue [-] oslo_limit.endpoint_interface = public {{(pid=114733) log_opt_values /opt/stack/data/venv/lib/python3.12/site-packages/oslo_config/cfg.py:3253}}
Jun 18 00:56:57.225628 np0000181712 nova-conductor[114733]: DEBUG cotyledon.oslo_config_glue [-] oslo_limit.endpoint_override = None {{(pid=114733) log_opt_values /opt/stack/data/venv/lib/python3.12/site-packages/oslo_config/cfg.py:3253}}
Jun 18 00:56:57.225628 np0000181712 nova-conductor[114733]: DEBUG cotyledon.oslo_config_glue [-] oslo_limit.endpoint_region_name = None {{(pid=114733) log_opt_values /opt/stack/data/venv/lib/python3.12/site-packages/oslo_config/cfg.py:3253}}
Jun 18 00:56:57.225628 np0000181712 nova-conductor[114733]: DEBUG cotyledon.oslo_config_glue [-] oslo_limit.endpoint_service_name = None {{(pid=114733) log_opt_values /opt/stack/data/venv/lib/python3.12/site-packages/oslo_config/cfg.py:3253}}
Jun 18 00:56:57.225628 np0000181712 nova-conductor[114733]: DEBUG cotyledon.oslo_config_glue [-] oslo_limit.endpoint_service_type = None {{(pid=114733) log_opt_values /opt/stack/data/venv/lib/python3.12/site-packages/oslo_config/cfg.py:3253}}
Jun 18 00:56:57.225628 np0000181712 nova-conductor[114733]: DEBUG cotyledon.oslo_config_glue [-] oslo_limit.insecure = False {{(pid=114733) log_opt_values /opt/stack/data/venv/lib/python3.12/site-packages/oslo_config/cfg.py:3253}}
Jun 18 00:56:57.225628 np0000181712 nova-conductor[114733]: DEBUG cotyledon.oslo_config_glue [-] oslo_limit.keyfile = None {{(pid=114733) log_opt_values /opt/stack/data/venv/lib/python3.12/site-packages/oslo_config/cfg.py:3253}}
Jun 18 00:56:57.225628 np0000181712 nova-conductor[114733]: DEBUG cotyledon.oslo_config_glue [-] oslo_limit.max_version = None {{(pid=114733) log_opt_values /opt/stack/data/venv/lib/python3.12/site-packages/oslo_config/cfg.py:3253}}
Jun 18 00:56:57.225824 np0000181712 nova-conductor[114733]: DEBUG cotyledon.oslo_config_glue [-] oslo_limit.min_version = None {{(pid=114733) log_opt_values /opt/stack/data/venv/lib/python3.12/site-packages/oslo_config/cfg.py:3253}}
Jun 18 00:56:57.225824 np0000181712 nova-conductor[114733]: DEBUG cotyledon.oslo_config_glue [-] oslo_limit.region_name = None {{(pid=114733) log_opt_values /opt/stack/data/venv/lib/python3.12/site-packages/oslo_config/cfg.py:3253}}
Jun 18 00:56:57.225824 np0000181712 nova-conductor[114733]: DEBUG cotyledon.oslo_config_glue [-] oslo_limit.retriable_status_codes = None {{(pid=114733) log_opt_values /opt/stack/data/venv/lib/python3.12/site-packages/oslo_config/cfg.py:3253}}
Jun 18 00:56:57.225824 np0000181712 nova-conductor[114733]: DEBUG cotyledon.oslo_config_glue [-] oslo_limit.service_name = None {{(pid=114733) log_opt_values /opt/stack/data/venv/lib/python3.12/site-packages/oslo_config/cfg.py:3253}}
Jun 18 00:56:57.225824 np0000181712 nova-conductor[114733]: DEBUG cotyledon.oslo_config_glue [-] oslo_limit.service_type = None {{(pid=114733) log_opt_values /opt/stack/data/venv/lib/python3.12/site-packages/oslo_config/cfg.py:3253}}
Jun 18 00:56:57.225824 np0000181712 nova-conductor[114733]: DEBUG cotyledon.oslo_config_glue [-] oslo_limit.split_loggers = False {{(pid=114733) log_opt_values /opt/stack/data/venv/lib/python3.12/site-packages/oslo_config/cfg.py:3253}}
Jun 18 00:56:57.225824 np0000181712 nova-conductor[114733]: DEBUG cotyledon.oslo_config_glue [-] oslo_limit.status_code_retries = None {{(pid=114733) log_opt_values /opt/stack/data/venv/lib/python3.12/site-packages/oslo_config/cfg.py:3253}}
Jun 18 00:56:57.225824 np0000181712 nova-conductor[114733]: DEBUG cotyledon.oslo_config_glue [-] oslo_limit.status_code_retry_delay = None {{(pid=114733) log_opt_values /opt/stack/data/venv/lib/python3.12/site-packages/oslo_config/cfg.py:3253}}
Jun 18 00:56:57.225824 np0000181712 nova-conductor[114733]: DEBUG cotyledon.oslo_config_glue [-] oslo_limit.timeout = None {{(pid=114733) log_opt_values /opt/stack/data/venv/lib/python3.12/site-packages/oslo_config/cfg.py:3253}}
Jun 18 00:56:57.226030 np0000181712 nova-conductor[114733]: DEBUG cotyledon.oslo_config_glue [-] oslo_limit.valid_interfaces = None {{(pid=114733) log_opt_values /opt/stack/data/venv/lib/python3.12/site-packages/oslo_config/cfg.py:3253}}
Jun 18 00:56:57.226030 np0000181712 nova-conductor[114733]: DEBUG cotyledon.oslo_config_glue [-] oslo_limit.version = None {{(pid=114733) log_opt_values /opt/stack/data/venv/lib/python3.12/site-packages/oslo_config/cfg.py:3253}}
Jun 18 00:56:57.226030 np0000181712 nova-conductor[114733]: DEBUG cotyledon.oslo_config_glue [-] oslo_reports.file_event_handler = None {{(pid=114733) log_opt_values /opt/stack/data/venv/lib/python3.12/site-packages/oslo_config/cfg.py:3253}}
Jun 18 00:56:57.226030 np0000181712 nova-conductor[114733]: DEBUG cotyledon.oslo_config_glue [-] oslo_reports.file_event_handler_interval = 1 {{(pid=114733) log_opt_values /opt/stack/data/venv/lib/python3.12/site-packages/oslo_config/cfg.py:3253}}
Jun 18 00:56:57.226030 np0000181712 nova-conductor[114733]: DEBUG cotyledon.oslo_config_glue [-] oslo_reports.log_dir = None {{(pid=114733) log_opt_values /opt/stack/data/venv/lib/python3.12/site-packages/oslo_config/cfg.py:3253}}
Jun 18 00:56:57.226030 np0000181712 nova-conductor[114733]: DEBUG cotyledon.oslo_config_glue [-] ******************************************************************************** {{(pid=114733) log_opt_values /opt/stack/data/venv/lib/python3.12/site-packages/oslo_config/cfg.py:3260}}
Jun 18 00:56:57.226030 np0000181712 nova-conductor[114733]: DEBUG cotyledon._service_worker [-] Run service ServiceWrapper(3) [114733] {{(pid=114733) wait_forever /opt/stack/data/venv/lib/python3.12/site-packages/cotyledon/_service_worker.py:218}}
Jun 18 00:56:57.226030 np0000181712 nova-conductor[114733]: INFO nova.service [-] Starting conductor node (version 33.1.0)
Jun 18 00:56:57.226269 np0000181712 nova-conductor[114706]: DEBUG oslo_db.sqlalchemy.engines [None req-845cdf34-2b4f-46f7-8494-c99daca0d051 None None] MySQL server mode set to STRICT_TRANS_TABLES,STRICT_ALL_TABLES,NO_ZERO_IN_DATE,NO_ZERO_DATE,ERROR_FOR_DIVISION_BY_ZERO,TRADITIONAL,NO_ENGINE_SUBSTITUTION {{(pid=114706) _check_effective_sql_mode /opt/stack/data/venv/lib/python3.12/site-packages/oslo_db/sqlalchemy/engines.py:325}}
Jun 18 00:56:57.226299 np0000181712 nova-conductor[114733]: INFO dbcounter [None req-b7dab86a-f4ed-4591-bbd5-3e37f6c45fea None None] Registered counter for database nova_cell0
Jun 18 00:56:57.229850 np0000181712 nova-conductor[114706]: DEBUG dbcounter [-] [114706] Writer thread running {{(pid=114706) stat_writer /opt/stack/data/venv/lib/python3.12/site-packages/dbcounter.py:102}}
Jun 18 00:56:57.249004 np0000181712 nova-conductor[114706]: DEBUG nova.service [None req-845cdf34-2b4f-46f7-8494-c99daca0d051 None None] Creating RPC server for service: nova-conductor on topic: conductor {{(pid=114706) start /opt/stack/nova/nova/service.py:196}}
Jun 18 00:56:57.252398 np0000181712 nova-conductor[114717]: DEBUG oslo_db.sqlalchemy.engines [None req-3281b7d7-9c67-4148-9dd9-414a09923584 None None] MySQL server mode set to STRICT_TRANS_TABLES,STRICT_ALL_TABLES,NO_ZERO_IN_DATE,NO_ZERO_DATE,ERROR_FOR_DIVISION_BY_ZERO,TRADITIONAL,NO_ENGINE_SUBSTITUTION {{(pid=114717) _check_effective_sql_mode /opt/stack/data/venv/lib/python3.12/site-packages/oslo_db/sqlalchemy/engines.py:325}}
Jun 18 00:56:57.256831 np0000181712 nova-conductor[114728]: DEBUG oslo_db.sqlalchemy.engines [None req-ec53af16-2044-4f21-8299-6d65cccd6dc0 None None] MySQL server mode set to STRICT_TRANS_TABLES,STRICT_ALL_TABLES,NO_ZERO_IN_DATE,NO_ZERO_DATE,ERROR_FOR_DIVISION_BY_ZERO,TRADITIONAL,NO_ENGINE_SUBSTITUTION {{(pid=114728) _check_effective_sql_mode /opt/stack/data/venv/lib/python3.12/site-packages/oslo_db/sqlalchemy/engines.py:325}}
Jun 18 00:56:57.269557 np0000181712 nova-conductor[114728]: DEBUG dbcounter [-] [114728] Writer thread running {{(pid=114728) stat_writer /opt/stack/data/venv/lib/python3.12/site-packages/dbcounter.py:102}}
Jun 18 00:56:57.269772 np0000181712 nova-conductor[114717]: DEBUG dbcounter [-] [114717] Writer thread running {{(pid=114717) stat_writer /opt/stack/data/venv/lib/python3.12/site-packages/dbcounter.py:102}}
Jun 18 00:56:57.272001 np0000181712 nova-conductor[114728]: DEBUG nova.service [None req-ec53af16-2044-4f21-8299-6d65cccd6dc0 None None] Creating RPC server for service: nova-conductor on topic: conductor {{(pid=114728) start /opt/stack/nova/nova/service.py:196}}
Jun 18 00:56:57.273792 np0000181712 nova-conductor[114717]: DEBUG nova.service [None req-3281b7d7-9c67-4148-9dd9-414a09923584 None None] Creating RPC server for service: nova-conductor on topic: conductor {{(pid=114717) start /opt/stack/nova/nova/service.py:196}}
Jun 18 00:56:57.280230 np0000181712 nova-conductor[114706]: DEBUG nova.service [None req-845cdf34-2b4f-46f7-8494-c99daca0d051 None None] Join ServiceGroup membership for this service conductor {{(pid=114706) start /opt/stack/nova/nova/service.py:222}}
Jun 18 00:56:57.280431 np0000181712 nova-conductor[114706]: DEBUG nova.servicegroup.drivers.db [None req-845cdf34-2b4f-46f7-8494-c99daca0d051 None None] DB_Driver: join new ServiceGroup member np0000181712 to the conductor group, service = {{(pid=114706) join /opt/stack/nova/nova/servicegroup/drivers/db.py:44}}
Jun 18 00:56:57.287252 np0000181712 nova-conductor[114733]: DEBUG oslo_db.sqlalchemy.engines [None req-b7dab86a-f4ed-4591-bbd5-3e37f6c45fea None None] MySQL server mode set to STRICT_TRANS_TABLES,STRICT_ALL_TABLES,NO_ZERO_IN_DATE,NO_ZERO_DATE,ERROR_FOR_DIVISION_BY_ZERO,TRADITIONAL,NO_ENGINE_SUBSTITUTION {{(pid=114733) _check_effective_sql_mode /opt/stack/data/venv/lib/python3.12/site-packages/oslo_db/sqlalchemy/engines.py:325}}
Jun 18 00:56:57.290341 np0000181712 nova-conductor[114728]: DEBUG nova.service [None req-ec53af16-2044-4f21-8299-6d65cccd6dc0 None None] Join ServiceGroup membership for this service conductor {{(pid=114728) start /opt/stack/nova/nova/service.py:222}}
Jun 18 00:56:57.290791 np0000181712 nova-conductor[114728]: DEBUG nova.servicegroup.drivers.db [None req-ec53af16-2044-4f21-8299-6d65cccd6dc0 None None] DB_Driver: join new ServiceGroup member np0000181712 to the conductor group, service = {{(pid=114728) join /opt/stack/nova/nova/servicegroup/drivers/db.py:44}}
Jun 18 00:56:57.296581 np0000181712 nova-conductor[114717]: DEBUG nova.service [None req-3281b7d7-9c67-4148-9dd9-414a09923584 None None] Join ServiceGroup membership for this service conductor {{(pid=114717) start /opt/stack/nova/nova/service.py:222}}
Jun 18 00:56:57.296891 np0000181712 nova-conductor[114717]: DEBUG nova.servicegroup.drivers.db [None req-3281b7d7-9c67-4148-9dd9-414a09923584 None None] DB_Driver: join new ServiceGroup member np0000181712 to the conductor group, service = {{(pid=114717) join /opt/stack/nova/nova/servicegroup/drivers/db.py:44}}
Jun 18 00:56:57.306889 np0000181712 nova-conductor[114733]: DEBUG dbcounter [-] [114733] Writer thread running {{(pid=114733) stat_writer /opt/stack/data/venv/lib/python3.12/site-packages/dbcounter.py:102}}
Jun 18 00:56:57.313654 np0000181712 nova-conductor[114733]: DEBUG nova.service [None req-b7dab86a-f4ed-4591-bbd5-3e37f6c45fea None None] Creating RPC server for service: nova-conductor on topic: conductor {{(pid=114733) start /opt/stack/nova/nova/service.py:196}}
Jun 18 00:56:57.336988 np0000181712 nova-conductor[114733]: DEBUG nova.service [None req-b7dab86a-f4ed-4591-bbd5-3e37f6c45fea None None] Join ServiceGroup membership for this service conductor {{(pid=114733) start /opt/stack/nova/nova/service.py:222}}
Jun 18 00:56:57.337585 np0000181712 nova-conductor[114733]: DEBUG nova.servicegroup.drivers.db [None req-b7dab86a-f4ed-4591-bbd5-3e37f6c45fea None None] DB_Driver: join new ServiceGroup member np0000181712 to the conductor group, service = {{(pid=114733) join /opt/stack/nova/nova/servicegroup/drivers/db.py:44}}
Jun 18 00:57:02.299477 np0000181712 nova-conductor[114706]: DEBUG oslo.service.backend._threading.loopingcall [-] Fixed interval looping call 'nova.servicegroup.drivers.db.DbDriver._report_state' sleeping for 119.98 seconds {{(pid=114706) _run_loop /opt/stack/data/venv/lib/python3.12/site-packages/oslo_service/backend/_threading/loopingcall.py:125}}
Jun 18 00:57:02.306250 np0000181712 nova-conductor[114728]: DEBUG oslo.service.backend._threading.loopingcall [-] Fixed interval looping call 'nova.servicegroup.drivers.db.DbDriver._report_state' sleeping for 119.99 seconds {{(pid=114728) _run_loop /opt/stack/data/venv/lib/python3.12/site-packages/oslo_service/backend/_threading/loopingcall.py:125}}
Jun 18 00:57:02.313309 np0000181712 nova-conductor[114717]: DEBUG oslo.service.backend._threading.loopingcall [-] Fixed interval looping call 'nova.servicegroup.drivers.db.DbDriver._report_state' sleeping for 119.99 seconds {{(pid=114717) _run_loop /opt/stack/data/venv/lib/python3.12/site-packages/oslo_service/backend/_threading/loopingcall.py:125}}
Jun 18 00:57:02.352214 np0000181712 nova-conductor[114733]: DEBUG oslo.service.backend._threading.loopingcall [-] Fixed interval looping call 'nova.servicegroup.drivers.db.DbDriver._report_state' sleeping for 119.99 seconds {{(pid=114733) _run_loop /opt/stack/data/venv/lib/python3.12/site-packages/oslo_service/backend/_threading/loopingcall.py:125}}
Jun 18 00:57:05.813630 np0000181712 nova-conductor[113927]: DEBUG dbcounter [-] [113927] Writing DB stats nova_api:SELECT=1 {{(pid=113927) stat_writer /opt/stack/data/venv/lib/python3.12/site-packages/dbcounter.py:115}}
Jun 18 00:57:05.947590 np0000181712 nova-conductor[113927]: DEBUG dbcounter [-] [113927] Writing DB stats nova_cell1:SELECT=1 {{(pid=113927) stat_writer /opt/stack/data/venv/lib/python3.12/site-packages/dbcounter.py:115}}
Jun 18 00:57:05.954177 np0000181712 nova-conductor[113927]: DEBUG dbcounter [-] [113927] Writing DB stats nova_cell0:SELECT=1 {{(pid=113927) stat_writer /opt/stack/data/venv/lib/python3.12/site-packages/dbcounter.py:115}}
Jun 18 00:57:10.294967 np0000181712 nova-conductor[114728]: DEBUG oslo.service.backend._threading.loopingcall [None req-1ab86943-89fc-49fc-990d-40c9a68c2421 None None] Dynamic interval looping call 'nova.service.Service.periodic_tasks' sleeping for 60.00 seconds {{(pid=114728) _run_loop /opt/stack/data/venv/lib/python3.12/site-packages/oslo_service/backend/_threading/loopingcall.py:125}}
Jun 18 00:57:12.289828 np0000181712 nova-conductor[114706]: DEBUG dbcounter [-] [114706] Writing DB stats nova_cell0:SELECT=4,nova_cell0:INSERT=1,nova_cell0:UPDATE=1 {{(pid=114706) stat_writer /opt/stack/data/venv/lib/python3.12/site-packages/dbcounter.py:115}}
Jun 18 00:57:12.302940 np0000181712 nova-conductor[114728]: DEBUG dbcounter [-] [114728] Writing DB stats nova_cell0:SELECT=3 {{(pid=114728) stat_writer /opt/stack/data/venv/lib/python3.12/site-packages/dbcounter.py:115}}
Jun 18 00:57:12.310608 np0000181712 nova-conductor[114717]: DEBUG dbcounter [-] [114717] Writing DB stats nova_cell0:SELECT=3 {{(pid=114717) stat_writer /opt/stack/data/venv/lib/python3.12/site-packages/dbcounter.py:115}}
Jun 18 00:57:12.349424 np0000181712 nova-conductor[114733]: DEBUG dbcounter [-] [114733] Writing DB stats nova_cell0:SELECT=3 {{(pid=114733) stat_writer /opt/stack/data/venv/lib/python3.12/site-packages/dbcounter.py:115}}
Jun 18 00:57:45.283729 np0000181712 nova-conductor[114706]: DEBUG oslo.service.backend._threading.loopingcall [None req-7c62cab1-60ab-49cc-a95f-ca5d350512f4 None None] Dynamic interval looping call 'nova.service.Service.periodic_tasks' sleeping for 60.00 seconds {{(pid=114706) _run_loop /opt/stack/data/venv/lib/python3.12/site-packages/oslo_service/backend/_threading/loopingcall.py:125}}
Jun 18 00:57:50.340790 np0000181712 nova-conductor[114733]: DEBUG oslo.service.backend._threading.loopingcall [None req-83e192c0-1bd1-469e-9638-ba00ce069dde None None] Dynamic interval looping call 'nova.service.Service.periodic_tasks' sleeping for 60.00 seconds {{(pid=114733) _run_loop /opt/stack/data/venv/lib/python3.12/site-packages/oslo_service/backend/_threading/loopingcall.py:125}}
Jun 18 00:57:54.300676 np0000181712 nova-conductor[114717]: DEBUG oslo.service.backend._threading.loopingcall [None req-259c8375-2978-429c-8a75-8e2cfdec2c3f None None] Dynamic interval looping call 'nova.service.Service.periodic_tasks' sleeping for 60.00 seconds {{(pid=114717) _run_loop /opt/stack/data/venv/lib/python3.12/site-packages/oslo_service/backend/_threading/loopingcall.py:125}}
Jun 18 00:58:10.295924 np0000181712 nova-conductor[114728]: DEBUG oslo.service.backend._threading.loopingcall [None req-1ab86943-89fc-49fc-990d-40c9a68c2421 None None] Dynamic interval looping call 'nova.service.Service.periodic_tasks' sleeping for 60.00 seconds {{(pid=114728) _run_loop /opt/stack/data/venv/lib/python3.12/site-packages/oslo_service/backend/_threading/loopingcall.py:125}}
Jun 18 00:58:45.284559 np0000181712 nova-conductor[114706]: DEBUG oslo.service.backend._threading.loopingcall [None req-7c62cab1-60ab-49cc-a95f-ca5d350512f4 None None] Dynamic interval looping call 'nova.service.Service.periodic_tasks' sleeping for 60.00 seconds {{(pid=114706) _run_loop /opt/stack/data/venv/lib/python3.12/site-packages/oslo_service/backend/_threading/loopingcall.py:125}}
Jun 18 00:58:50.341872 np0000181712 nova-conductor[114733]: DEBUG oslo.service.backend._threading.loopingcall [None req-83e192c0-1bd1-469e-9638-ba00ce069dde None None] Dynamic interval looping call 'nova.service.Service.periodic_tasks' sleeping for 60.00 seconds {{(pid=114733) _run_loop /opt/stack/data/venv/lib/python3.12/site-packages/oslo_service/backend/_threading/loopingcall.py:125}}
Jun 18 00:58:54.301971 np0000181712 nova-conductor[114717]: DEBUG oslo.service.backend._threading.loopingcall [None req-259c8375-2978-429c-8a75-8e2cfdec2c3f None None] Dynamic interval looping call 'nova.service.Service.periodic_tasks' sleeping for 60.00 seconds {{(pid=114717) _run_loop /opt/stack/data/venv/lib/python3.12/site-packages/oslo_service/backend/_threading/loopingcall.py:125}}
Jun 18 00:59:02.292782 np0000181712 nova-conductor[114706]: DEBUG oslo.service.backend._threading.loopingcall [-] Fixed interval looping call 'nova.servicegroup.drivers.db.DbDriver._report_state' sleeping for 119.99 seconds {{(pid=114706) _run_loop /opt/stack/data/venv/lib/python3.12/site-packages/oslo_service/backend/_threading/loopingcall.py:125}}
Jun 18 00:59:02.300995 np0000181712 nova-conductor[114728]: DEBUG oslo.service.backend._threading.loopingcall [-] Fixed interval looping call 'nova.servicegroup.drivers.db.DbDriver._report_state' sleeping for 120.00 seconds {{(pid=114728) _run_loop /opt/stack/data/venv/lib/python3.12/site-packages/oslo_service/backend/_threading/loopingcall.py:125}}
Jun 18 00:59:02.307766 np0000181712 nova-conductor[114717]: DEBUG oslo.service.backend._threading.loopingcall [-] Fixed interval looping call 'nova.servicegroup.drivers.db.DbDriver._report_state' sleeping for 120.00 seconds {{(pid=114717) _run_loop /opt/stack/data/venv/lib/python3.12/site-packages/oslo_service/backend/_threading/loopingcall.py:125}}
Jun 18 00:59:02.350321 np0000181712 nova-conductor[114733]: DEBUG oslo.service.backend._threading.loopingcall [-] Fixed interval looping call 'nova.servicegroup.drivers.db.DbDriver._report_state' sleeping for 119.99 seconds {{(pid=114733) _run_loop /opt/stack/data/venv/lib/python3.12/site-packages/oslo_service/backend/_threading/loopingcall.py:125}}
Jun 18 00:59:10.297866 np0000181712 nova-conductor[114728]: DEBUG oslo.service.backend._threading.loopingcall [None req-1ab86943-89fc-49fc-990d-40c9a68c2421 None None] Dynamic interval looping call 'nova.service.Service.periodic_tasks' sleeping for 60.00 seconds {{(pid=114728) _run_loop /opt/stack/data/venv/lib/python3.12/site-packages/oslo_service/backend/_threading/loopingcall.py:125}}
Jun 18 00:59:12.284435 np0000181712 nova-conductor[114706]: DEBUG dbcounter [-] [114706] Writing DB stats nova_cell0:SELECT=1,nova_cell0:UPDATE=1 {{(pid=114706) stat_writer /opt/stack/data/venv/lib/python3.12/site-packages/dbcounter.py:115}}
Jun 18 00:59:12.299391 np0000181712 nova-conductor[114728]: DEBUG dbcounter [-] [114728] Writing DB stats nova_cell0:SELECT=1 {{(pid=114728) stat_writer /opt/stack/data/venv/lib/python3.12/site-packages/dbcounter.py:115}}
Jun 18 00:59:12.305744 np0000181712 nova-conductor[114717]: DEBUG dbcounter [-] [114717] Writing DB stats nova_cell0:SELECT=1 {{(pid=114717) stat_writer /opt/stack/data/venv/lib/python3.12/site-packages/dbcounter.py:115}}
Jun 18 00:59:12.345221 np0000181712 nova-conductor[114733]: DEBUG dbcounter [-] [114733] Writing DB stats nova_cell0:SELECT=1 {{(pid=114733) stat_writer /opt/stack/data/venv/lib/python3.12/site-packages/dbcounter.py:115}}
Jun 18 00:59:45.285389 np0000181712 nova-conductor[114706]: DEBUG oslo.service.backend._threading.loopingcall [None req-7c62cab1-60ab-49cc-a95f-ca5d350512f4 None None] Dynamic interval looping call 'nova.service.Service.periodic_tasks' sleeping for 60.00 seconds {{(pid=114706) _run_loop /opt/stack/data/venv/lib/python3.12/site-packages/oslo_service/backend/_threading/loopingcall.py:125}}
Jun 18 00:59:50.342676 np0000181712 nova-conductor[114733]: DEBUG oslo.service.backend._threading.loopingcall [None req-83e192c0-1bd1-469e-9638-ba00ce069dde None None] Dynamic interval looping call 'nova.service.Service.periodic_tasks' sleeping for 60.00 seconds {{(pid=114733) _run_loop /opt/stack/data/venv/lib/python3.12/site-packages/oslo_service/backend/_threading/loopingcall.py:125}}
Jun 18 00:59:54.302645 np0000181712 nova-conductor[114717]: DEBUG oslo.service.backend._threading.loopingcall [None req-259c8375-2978-429c-8a75-8e2cfdec2c3f None None] Dynamic interval looping call 'nova.service.Service.periodic_tasks' sleeping for 60.00 seconds {{(pid=114717) _run_loop /opt/stack/data/venv/lib/python3.12/site-packages/oslo_service/backend/_threading/loopingcall.py:125}}
Jun 18 01:00:10.298741 np0000181712 nova-conductor[114728]: DEBUG oslo.service.backend._threading.loopingcall [None req-1ab86943-89fc-49fc-990d-40c9a68c2421 None None] Dynamic interval looping call 'nova.service.Service.periodic_tasks' sleeping for 60.00 seconds {{(pid=114728) _run_loop /opt/stack/data/venv/lib/python3.12/site-packages/oslo_service/backend/_threading/loopingcall.py:125}}
Jun 18 01:00:45.288536 np0000181712 nova-conductor[114706]: DEBUG oslo.service.backend._threading.loopingcall [None req-7c62cab1-60ab-49cc-a95f-ca5d350512f4 None None] Dynamic interval looping call 'nova.service.Service.periodic_tasks' sleeping for 60.00 seconds {{(pid=114706) _run_loop /opt/stack/data/venv/lib/python3.12/site-packages/oslo_service/backend/_threading/loopingcall.py:125}}
Jun 18 01:00:50.343518 np0000181712 nova-conductor[114733]: DEBUG oslo.service.backend._threading.loopingcall [None req-83e192c0-1bd1-469e-9638-ba00ce069dde None None] Dynamic interval looping call 'nova.service.Service.periodic_tasks' sleeping for 60.00 seconds {{(pid=114733) _run_loop /opt/stack/data/venv/lib/python3.12/site-packages/oslo_service/backend/_threading/loopingcall.py:125}}
Jun 18 01:00:51.994572 np0000181712 nova-conductor[114706]: INFO nova.utils [None req-e72208a6-1f10-4e8a-92fb-5f7c6d5d2d1e demo demo] The cell worker thread pool ForkProcess-1.cell_worker is initialized
Jun 18 01:00:51.994876 np0000181712 nova-conductor[114706]: DEBUG oslo_concurrency.lockutils [None req-e72208a6-1f10-4e8a-92fb-5f7c6d5d2d1e demo demo] Acquiring lock "48610bfc-fb9e-4578-bcda-80702735372c" by "nova.context.set_target_cell..get_or_set_cached_cell_and_set_connections" {{(pid=114706) inner /opt/stack/data/venv/lib/python3.12/site-packages/oslo_concurrency/lockutils.py:511}}
Jun 18 01:00:51.995057 np0000181712 nova-conductor[114706]: DEBUG oslo_concurrency.lockutils [None req-e72208a6-1f10-4e8a-92fb-5f7c6d5d2d1e demo demo] Lock "48610bfc-fb9e-4578-bcda-80702735372c" acquired by "nova.context.set_target_cell..get_or_set_cached_cell_and_set_connections" :: waited 0.000s {{(pid=114706) inner /opt/stack/data/venv/lib/python3.12/site-packages/oslo_concurrency/lockutils.py:524}}
Jun 18 01:00:51.996575 np0000181712 nova-conductor[114706]: DEBUG oslo_concurrency.lockutils [None req-e72208a6-1f10-4e8a-92fb-5f7c6d5d2d1e demo demo] Lock "48610bfc-fb9e-4578-bcda-80702735372c" "released" by "nova.context.set_target_cell..get_or_set_cached_cell_and_set_connections" :: held 0.001s {{(pid=114706) inner /opt/stack/data/venv/lib/python3.12/site-packages/oslo_concurrency/lockutils.py:543}}
Jun 18 01:00:52.003966 np0000181712 nova-conductor[114706]: INFO dbcounter [None req-e72208a6-1f10-4e8a-92fb-5f7c6d5d2d1e demo demo] Registered counter for database nova_cell1
Jun 18 01:00:52.045887 np0000181712 nova-conductor[114706]: DEBUG oslo_db.sqlalchemy.engines [None req-e72208a6-1f10-4e8a-92fb-5f7c6d5d2d1e demo demo] MySQL server mode set to STRICT_TRANS_TABLES,STRICT_ALL_TABLES,NO_ZERO_IN_DATE,NO_ZERO_DATE,ERROR_FOR_DIVISION_BY_ZERO,TRADITIONAL,NO_ENGINE_SUBSTITUTION {{(pid=114706) _check_effective_sql_mode /opt/stack/data/venv/lib/python3.12/site-packages/oslo_db/sqlalchemy/engines.py:325}}
Jun 18 01:00:52.052533 np0000181712 nova-conductor[114706]: DEBUG oslo_db.sqlalchemy.engines [None req-e72208a6-1f10-4e8a-92fb-5f7c6d5d2d1e demo demo] Parent process 113927 forked (114706) with an open database connection, which is being discarded and recreated. {{(pid=114706) checkout /opt/stack/data/venv/lib/python3.12/site-packages/oslo_db/sqlalchemy/engines.py:402}}
Jun 18 01:00:52.098044 np0000181712 nova-conductor[114706]: DEBUG dbcounter [-] [114706] Writer thread running {{(pid=114706) stat_writer /opt/stack/data/venv/lib/python3.12/site-packages/dbcounter.py:102}}
